93.232.29.72 - - [15/Sep/2013:00:56:51 +0200] "HEAD / HTTP/1.1" 200 - "-" "LWP::Simple/6.00 libwww-perl/6.04"
93.232.29.72 - - [15/Sep/2013:00:56:51 +0200] "GET / HTTP/1.1" 200 2366 "-" "LWP::Simple/6.00 libwww-perl/6.04"
93.232.29.72 - - [15/Sep/2013:00:56:52 +0200] "GET / HTTP/1.1" 200 2366 "" "suma spider"
141.8.147.12 - - [15/Sep/2013:01:55:08 +0200] "GET /04Karteaaa.html HTTP/1.1" 200 2077 "-" "Mozilla/5.0 (compatible; YandexBot/3.0; +http://yandex.com/bots)"
66.249.78.36 - - [15/Sep/2013:02:11:11 +0200] "GET /08.html HTTP/1.1" 304 - "-" "Mozilla/5.0 (compatible; Googlebot/2.1; +http://www.google.com/bot.html)"
65.55.215.245 - - [15/Sep/2013:02:23:05 +0200] "GET /09.html HTTP/1.1" 200 2086 "-" "Mozilla/4.0 (compatible; MSIE 7.0; Windows NT 5.2; SLCC1; .NET CLR 1.1.4325; .NET CLR 2.0.50727; .NET CLR 3.0.30729; .NET CLR 3.5.30707)"
65.55.215.245 - - [15/Sep/2013:02:23:05 +0200] "GET /AC_RunActiveContent.js HTTP/1.1" 200 8029 "http://www.dialyse-pforzheim.de/09.html" "Mozilla/4.0 (compatible; MSIE 7.0; Windows NT 5.2; SLCC1; .NET CLR 1.1.4325; .NET CLR 2.0.50727; .NET CLR 3.0.30729; .NET CLR 3.5.30707)"
65.55.215.245 - - [15/Sep/2013:02:23:07 +0200] "GET /09.swf HTTP/1.1" 200 23096 "http://www.dialyse-pforzheim.de/09.html" "Mozilla/4.0 (compatible; MSIE 7.0; Windows NT 5.2; SLCC1; .NET CLR 1.1.4325; .NET CLR 2.0.50727; .NET CLR 3.0.30729; .NET CLR 3.5.30707)"
141.8.147.12 - - [15/Sep/2013:02:28:11 +0200] "GET /04Karteddd.swf HTTP/1.1" 200 33790 "-" "Mozilla/5.0 (compatible; YandexBot/3.0; +http://yandex.com/bots)"
85.17.225.245 - - [15/Sep/2013:02:29:49 +0200] "GET / HTTP/1.1" 200 2366 "-" "Mozilla/5.0 (compatible; Dataprovider Site Explorer; http://www.dataprovider.com/)"
85.17.225.245 - - [15/Sep/2013:02:29:51 +0200] "GET / HTTP/1.1" 200 2366 "-" "Mozilla/5.0 (Linux; U; Android 1.6; en-us; xpndr_ihome Build/DRD35) AppleWebKit/528.5+ (KHTML, like Gecko) Version/3.1.2 Mobile Safari/525.20.1"
85.17.225.245 - - [15/Sep/2013:02:29:51 +0200] "GET /robots.txt HTTP/1.1" 404 1256 "-" "Mozilla/5.0 (compatible; Dataprovider Site Explorer; http://www.dataprovider.com/)"
85.17.225.245 - - [15/Sep/2013:02:29:52 +0200] "GET /sitemap.xml HTTP/1.1" 404 1256 "-" "Mozilla/5.0 (compatible; Dataprovider Site Explorer; http://www.dataprovider.com/)"
85.17.225.245 - - [15/Sep/2013:02:29:52 +0200] "GET / HTTP/1.1" 200 2366 "-" "Mozilla/5.0 (compatible; Dataprovider Site Explorer; http://www.dataprovider.com/)"
141.8.147.12 - - [15/Sep/2013:03:06:01 +0200] "GET /04Karteccc.html HTTP/1.1" 200 2077 "-" "Mozilla/5.0 (compatible; YandexBot/3.0; +http://yandex.com/bots)"
141.8.147.12 - - [15/Sep/2013:03:12:58 +0200] "GET /04Karteccc.swf HTTP/1.1" 200 32338 "-" "Mozilla/5.0 (compatible; YandexBot/3.0; +http://yandex.com/bots)"
178.255.215.69 - - [15/Sep/2013:03:17:03 +0200] "GET /robots.txt HTTP/1.1" 404 1256 "-" "Mozilla/5.0 (compatible; Exabot/3.0; +http://www.exabot.com/go/robot)"
178.255.215.69 - - [15/Sep/2013:03:17:03 +0200] "GET / HTTP/1.1" 304 - "-" "Mozilla/5.0 (compatible; Exabot/3.0; +http://www.exabot.com/go/robot)"
91.207.9.226 - - [15/Sep/2013:03:51:27 +0200] "GET / HTTP/1.1" 200 2366 "http://www.conclav.ru/" "Mozilla/4.0 (compatible; MSIE 6.0; Windows NT 5.0)"
91.207.9.226 - - [15/Sep/2013:03:51:27 +0200] "GET / HTTP/1.1" 200 2366 "http://www.conclav.ru/" "Mozilla/4.0 (compatible; MSIE 6.0; Windows NT 5.0)"
91.207.9.226 - - [15/Sep/2013:03:51:32 +0200] "GET / HTTP/1.1" 200 2366 "http://www.conclav.ru/" "Mozilla/4.0 (compatible; MSIE 6.0; Windows NT 5.0)"
141.8.147.12 - - [15/Sep/2013:05:13:34 +0200] "GET /robots.txt HTTP/1.1" 404 1256 "-" "Mozilla/5.0 (compatible; YandexBot/3.0; +http://yandex.com/bots)"
141.8.147.12 - - [15/Sep/2013:05:13:36 +0200] "GET /00start.swf HTTP/1.1" 200 8575 "-" "Mozilla/5.0 (compatible; YandexBot/3.0; +http://yandex.com/bots)"
141.8.147.12 - - [15/Sep/2013:05:14:07 +0200] "GET /09a.swf HTTP/1.1" 200 20604 "-" "Mozilla/5.0 (compatible; YandexBot/3.0; +http://yandex.com/bots)"
85.25.134.59 - - [15/Sep/2013:05:59:54 +0200] "GET /robots.txt HTTP/1.1" 404 1256 "http://dialyse-ca.macinroy.com/dialyse-calw.de" "MacInroy Privacy Auditors. See dialyse-calw.de's privacy violation report: http://dialyse-calw.de.macinroy.com/dialyse-calw.de"
85.25.134.59 - - [15/Sep/2013:05:59:54 +0200] "GET / HTTP/1.1" 200 2366 "http://dialyse-ca.macinroy.com/dialyse-calw.de" "MacInroy Privacy Auditors. See dialyse-calw.de's privacy violation report: http://dialyse-calw.de.macinroy.com/dialyse-calw.de"
66.249.78.235 - - [15/Sep/2013:06:20:28 +0200] "GET /robots.txt HTTP/1.1" 404 1256 "-" "Mozilla/5.0 (compatible; Googlebot/2.1; +http://www.google.com/bot.html)"
66.249.75.214 - - [15/Sep/2013:06:20:28 +0200] "GET /04Karteccc.swf HTTP/1.1" 200 32338 "-" "DoCoMo/2.0 N905i(c100;TB;W24H16) (compatible; Googlebot-Mobile/2.1; +http://www.google.com/bot.html)"
85.25.137.24 - - [15/Sep/2013:07:20:07 +0200] "GET /robots.txt HTTP/1.1" 404 1256 "http://dialyse-pf.macinroy.com/dialyse-pforzheim.de" "MacInroy Privacy Auditors. See dialyse-pforzheim.de's privacy violation report: http://dialyse-pforzheim.de.macinroy.com/dialyse-pforzheim.de"
85.25.137.24 - - [15/Sep/2013:07:20:07 +0200] "GET / HTTP/1.1" 200 2366 "http://dialyse-pf.macinroy.com/dialyse-pforzheim.de" "MacInroy Privacy Auditors. See dialyse-pforzheim.de's privacy violation report: http://dialyse-pforzheim.de.macinroy.com/dialyse-pforzheim.de"
66.249.78.235 - - [15/Sep/2013:07:41:58 +0200] "GET / HTTP/1.1" 200 2366 "-" "Mozilla/5.0 (iPhone; U; CPU iPhone OS 4_1 like Mac OS X; en-us) AppleWebKit/532.9 (KHTML, like Gecko) Version/4.0.5 Mobile/8B117 Safari/6531.22.7 (compatible; Googlebot-Mobile/2.1; +http://www.google.com/bot.html)"
66.249.78.36 - - [15/Sep/2013:08:00:38 +0200] "GET / HTTP/1.1" 200 2366 "-" "Mozilla/5.0 (iPhone; U; CPU iPhone OS 4_1 like Mac OS X; en-us) AppleWebKit/532.9 (KHTML, like Gecko) Version/4.0.5 Mobile/8B117 Safari/6531.22.7 (compatible; Googlebot-Mobile/2.1; +http://www.google.com/bot.html)"
141.8.147.12 - - [15/Sep/2013:08:30:19 +0200] "GET /04Karteddd.html HTTP/1.1" 200 2077 "-" "Mozilla/5.0 (compatible; YandexBot/3.0; +http://yandex.com/bots)"
89.200.172.145 - - [15/Sep/2013:09:02:09 +0200] "HEAD / HTTP/1.1" 200 - "-" "-"
92.249.127.111 - - [15/Sep/2013:09:41:56 +0200] "GET / HTTP/1.1" 200 2366 "http://www.bravica.im/ru/" "Mozilla/5.0 (compatible; news bot /2.1)"
92.249.127.111 - - [15/Sep/2013:09:41:57 +0200] "GET / HTTP/1.1" 200 2366 "http://www.bravica.im/ru/" "Mozilla/5.0 (compatible; news bot /2.1)"
92.249.127.111 - - [15/Sep/2013:09:41:57 +0200] "GET / HTTP/1.1" 200 2366 "http://www.bravica.im/ru/" "Mozilla/5.0 (compatible; news bot /2.1)"
66.249.78.187 - - [15/Sep/2013:10:11:17 +0200] "GET /robots.txt HTTP/1.1" 404 1256 "-" "Mozilla/5.0 (compatible; Googlebot/2.1; +http://www.google.com/bot.html)"
66.249.78.187 - - [15/Sep/2013:10:11:17 +0200] "GET / HTTP/1.1" 200 2366 "-" "Mozilla/5.0 (compatible; Googlebot/2.1; +http://www.google.com/bot.html)"
8.28.16.254 - - [15/Sep/2013:11:07:35 +0200] "GET /08.html HTTP/1.1" 304 - "-" "Mozilla/4.0 (compatible;)"
217.228.48.132 - - [15/Sep/2013:11:13:37 +0200] "GET / HTTP/1.1" 200 2366 "https://www.google.de/" "Mozilla/5.0 (Windows NT 5.1) AppleWebKit/537.36 (KHTML, like Gecko) Chrome/29.0.1547.66 Safari/537.36"
217.228.48.132 - - [15/Sep/2013:11:13:43 +0200] "GET /00start.swf HTTP/1.1" 200 8575 "http://www.dialyse-calw.de/" "Mozilla/5.0 (Windows NT 5.1) AppleWebKit/537.36 (KHTML, like Gecko) Chrome/29.0.1547.66 Safari/537.36"
217.228.48.132 - - [15/Sep/2013:11:13:44 +0200] "GET /favicon.ico HTTP/1.1" 404 1256 "-" "Mozilla/5.0 (Windows NT 5.1) AppleWebKit/537.36 (KHTML, like Gecko) Chrome/29.0.1547.66 Safari/537.36"
217.228.48.132 - - [15/Sep/2013:11:13:47 +0200] "GET /00themen00.html HTTP/1.1" 200 2254 "http://www.dialyse-calw.de/" "Mozilla/5.0 (Windows NT 5.1) AppleWebKit/537.36 (KHTML, like Gecko) Chrome/29.0.1547.66 Safari/537.36"
217.228.48.132 - - [15/Sep/2013:11:13:47 +0200] "GET /AC_RunActiveContent.js HTTP/1.1" 200 8029 "http://www.dialyse-calw.de/00themen00.html" "Mozilla/5.0 (Windows NT 5.1) AppleWebKit/537.36 (KHTML, like Gecko) Chrome/29.0.1547.66 Safari/537.36"
217.228.48.132 - - [15/Sep/2013:11:13:48 +0200] "GET /00themen00.swf HTTP/1.1" 200 136579 "http://www.dialyse-calw.de/00themen00.html" "Mozilla/5.0 (Windows NT 5.1) AppleWebKit/537.36 (KHTML, like Gecko) Chrome/29.0.1547.66 Safari/537.36"
217.228.48.132 - - [15/Sep/2013:11:13:52 +0200] "GET /01.html HTTP/1.1" 200 1982 "http://www.dialyse-calw.de/00themen00.html" "Mozilla/5.0 (Windows NT 5.1) AppleWebKit/537.36 (KHTML, like Gecko) Chrome/29.0.1547.66 Safari/537.36"
217.228.48.132 - - [15/Sep/2013:11:13:52 +0200] "GET /01.swf HTTP/1.1" 200 19349 "http://www.dialyse-calw.de/01.html" "Mozilla/5.0 (Windows NT 5.1) AppleWebKit/537.36 (KHTML, like Gecko) Chrome/29.0.1547.66 Safari/537.36"
217.228.48.132 - - [15/Sep/2013:11:14:01 +0200] "GET /02.html HTTP/1.1" 200 1982 "http://www.dialyse-calw.de/00themen00.html" "Mozilla/5.0 (Windows NT 5.1) AppleWebKit/537.36 (KHTML, like Gecko) Chrome/29.0.1547.66 Safari/537.36"
217.228.48.132 - - [15/Sep/2013:11:14:01 +0200] "GET /02.swf HTTP/1.1" 200 22781 "http://www.dialyse-calw.de/02.html" "Mozilla/5.0 (Windows NT 5.1) AppleWebKit/537.36 (KHTML, like Gecko) Chrome/29.0.1547.66 Safari/537.36"
217.228.48.132 - - [15/Sep/2013:11:14:46 +0200] "GET /03.html HTTP/1.1" 200 1982 "http://www.dialyse-calw.de/00themen00.html" "Mozilla/5.0 (Windows NT 5.1) AppleWebKit/537.36 (KHTML, like Gecko) Chrome/29.0.1547.66 Safari/537.36"
217.228.48.132 - - [15/Sep/2013:11:14:46 +0200] "GET /03.swf HTTP/1.1" 200 74505 "http://www.dialyse-calw.de/03.html" "Mozilla/5.0 (Windows NT 5.1) AppleWebKit/537.36 (KHTML, like Gecko) Chrome/29.0.1547.66 Safari/537.36"
217.228.48.132 - - [15/Sep/2013:11:15:36 +0200] "GET /03a.html HTTP/1.1" 200 1991 "http://www.dialyse-calw.de/00themen00.html" "Mozilla/5.0 (Windows NT 5.1) AppleWebKit/537.36 (KHTML, like Gecko) Chrome/29.0.1547.66 Safari/537.36"
217.228.48.132 - - [15/Sep/2013:11:15:36 +0200] "GET /03a.swf HTTP/1.1" 200 94997 "http://www.dialyse-calw.de/03a.html" "Mozilla/5.0 (Windows NT 5.1) AppleWebKit/537.36 (KHTML, like Gecko) Chrome/29.0.1547.66 Safari/537.36"
217.228.48.132 - - [15/Sep/2013:11:15:59 +0200] "GET /04.html HTTP/1.1" 200 2106 "http://www.dialyse-calw.de/00themen00.html" "Mozilla/5.0 (Windows NT 5.1) AppleWebKit/537.36 (KHTML, like Gecko) Chrome/29.0.1547.66 Safari/537.36"
217.228.48.132 - - [15/Sep/2013:11:15:59 +0200] "GET /04.swf HTTP/1.1" 200 62769 "http://www.dialyse-calw.de/04.html" "Mozilla/5.0 (Windows NT 5.1) AppleWebKit/537.36 (KHTML, like Gecko) Chrome/29.0.1547.66 Safari/537.36"
217.228.48.132 - - [15/Sep/2013:11:16:19 +0200] "GET /05.html HTTP/1.1" 200 1982 "http://www.dialyse-calw.de/00themen00.html" "Mozilla/5.0 (Windows NT 5.1) AppleWebKit/537.36 (KHTML, like Gecko) Chrome/29.0.1547.66 Safari/537.36"
217.228.48.132 - - [15/Sep/2013:11:16:19 +0200] "GET /05.swf HTTP/1.1" 200 58083 "http://www.dialyse-calw.de/05.html" "Mozilla/5.0 (Windows NT 5.1) AppleWebKit/537.36 (KHTML, like Gecko) Chrome/29.0.1547.66 Safari/537.36"
217.228.48.132 - - [15/Sep/2013:11:16:32 +0200] "GET /06.html HTTP/1.1" 200 2278 "http://www.dialyse-calw.de/00themen00.html" "Mozilla/5.0 (Windows NT 5.1) AppleWebKit/537.36 (KHTML, like Gecko) Chrome/29.0.1547.66 Safari/537.36"
217.228.48.132 - - [15/Sep/2013:11:16:32 +0200] "GET /06.swf HTTP/1.1" 200 20731 "http://www.dialyse-calw.de/06.html" "Mozilla/5.0 (Windows NT 5.1) AppleWebKit/537.36 (KHTML, like Gecko) Chrome/29.0.1547.66 Safari/537.36"
217.228.48.132 - - [15/Sep/2013:11:16:48 +0200] "GET /07.html HTTP/1.1" 200 2319 "http://www.dialyse-calw.de/00themen00.html" "Mozilla/5.0 (Windows NT 5.1) AppleWebKit/537.36 (KHTML, like Gecko) Chrome/29.0.1547.66 Safari/537.36"
217.228.48.132 - - [15/Sep/2013:11:16:48 +0200] "GET /07.swf HTTP/1.1" 200 20730 "http://www.dialyse-calw.de/07.html" "Mozilla/5.0 (Windows NT 5.1) AppleWebKit/537.36 (KHTML, like Gecko) Chrome/29.0.1547.66 Safari/537.36"
217.228.48.132 - - [15/Sep/2013:11:17:00 +0200] "GET /09.html HTTP/1.1" 200 2086 "http://www.dialyse-calw.de/00themen00.html" "Mozilla/5.0 (Windows NT 5.1) AppleWebKit/537.36 (KHTML, like Gecko) Chrome/29.0.1547.66 Safari/537.36"
217.228.48.132 - - [15/Sep/2013:11:17:01 +0200] "GET /09.swf HTTP/1.1" 200 23096 "http://www.dialyse-calw.de/09.html" "Mozilla/5.0 (Windows NT 5.1) AppleWebKit/537.36 (KHTML, like Gecko) Chrome/29.0.1547.66 Safari/537.36"
66.249.75.214 - - [15/Sep/2013:11:34:04 +0200] "GET / HTTP/1.1" 200 2366 "-" "DoCoMo/2.0 N905i(c100;TB;W24H16) (compatible; Googlebot-Mobile/2.1; +http://www.google.com/bot.html)"
157.55.32.190 - - [15/Sep/2013:12:15:17 +0200] "GET /robots.txt HTTP/1.1" 404 1256 "-" "Mozilla/5.0 (compatible; bingbot/2.0; +http://www.bing.com/bingbot.htm)"
157.55.32.190 - - [15/Sep/2013:12:17:12 +0200] "GET /02.swf HTTP/1.1" 200 22781 "-" "Mozilla/5.0 (compatible; bingbot/2.0; +http://www.bing.com/bingbot.htm)"
141.8.147.12 - - [15/Sep/2013:13:02:31 +0200] "GET /05.html HTTP/1.1" 200 1982 "-" "Mozilla/5.0 (compatible; YandexBot/3.0; +http://yandex.com/bots)"
193.106.136.49 - - [15/Sep/2013:13:14:46 +0200] "GET / HTTP/1.1" 200 2366 "http://www.studia-silk.ru/" "Mozilla/4.0 (compatible; MSIE 6.0; Windows NT 5.1; FREE; .NET CLR 1.1.4322)"
193.106.136.49 - - [15/Sep/2013:13:14:46 +0200] "GET / HTTP/1.1" 200 2366 "http://www.studia-silk.ru/" "Mozilla/4.0 (compatible; MSIE 6.0; Windows NT 5.1; FREE; .NET CLR 1.1.4322)"
193.106.136.49 - - [15/Sep/2013:13:14:46 +0200] "GET / HTTP/1.1" 200 2366 "http://www.studia-silk.ru/" "Mozilla/4.0 (compatible; MSIE 6.0; Windows NT 5.1; FREE; .NET CLR 1.1.4322)"
79.255.70.217 - - [15/Sep/2013:15:12:43 +0200] "GET / HTTP/1.1" 200 2366 "http://www.google.de/url?sa=t&rct=j&q=&esrc=s&source=web&cd=1&ved=0CDEQFjAA&url=http%3A%2F%2Fwww.dialyse-calw.de%2F&ei=6bE1UonmDMKI4gSV6oHICw&usg=AFQjCNECMxQiO0NOt3ERqW1uzT1RIToCeg&bvm=bv.52164340,d.bGE" "Mozilla/5.0 (Windows NT 6.1; rv:23.0) Gecko/20100101 Firefox/23.0"
79.255.70.217 - - [15/Sep/2013:15:12:43 +0200] "GET /00start.swf HTTP/1.1" 200 8575 "http://www.dialyse-calw.de/" "Mozilla/5.0 (Windows NT 6.1; rv:23.0) Gecko/20100101 Firefox/23.0"
79.255.70.217 - - [15/Sep/2013:15:12:43 +0200] "GET /favicon.ico HTTP/1.1" 404 1256 "-" "Mozilla/5.0 (Windows NT 6.1; rv:23.0) Gecko/20100101 Firefox/23.0"
79.255.70.217 - - [15/Sep/2013:15:12:43 +0200] "GET /favicon.ico HTTP/1.1" 404 1256 "-" "Mozilla/5.0 (Windows NT 6.1; rv:23.0) Gecko/20100101 Firefox/23.0"
79.255.70.217 - - [15/Sep/2013:15:12:46 +0200] "GET /00themen00.html HTTP/1.1" 200 2254 "http://www.dialyse-calw.de/" "Mozilla/5.0 (Windows NT 6.1; rv:23.0) Gecko/20100101 Firefox/23.0"
79.255.70.217 - - [15/Sep/2013:15:12:46 +0200] "GET /AC_RunActiveContent.js HTTP/1.1" 200 8029 "http://www.dialyse-calw.de/00themen00.html" "Mozilla/5.0 (Windows NT 6.1; rv:23.0) Gecko/20100101 Firefox/23.0"
79.255.70.217 - - [15/Sep/2013:15:12:46 +0200] "GET /00themen00.swf HTTP/1.1" 200 136579 "http://www.dialyse-calw.de/00themen00.html" "Mozilla/5.0 (Windows NT 6.1; rv:23.0) Gecko/20100101 Firefox/23.0"
79.255.70.217 - - [15/Sep/2013:15:12:53 +0200] "GET /07.html HTTP/1.1" 200 2319 "http://www.dialyse-calw.de/00themen00.html" "Mozilla/5.0 (Windows NT 6.1; rv:23.0) Gecko/20100101 Firefox/23.0"
79.255.70.217 - - [15/Sep/2013:15:12:53 +0200] "GET /07.swf HTTP/1.1" 200 20730 "http://www.dialyse-calw.de/07.html" "Mozilla/5.0 (Windows NT 6.1; rv:23.0) Gecko/20100101 Firefox/23.0"
79.255.70.217 - - [15/Sep/2013:15:13:05 +0200] "GET /09.html HTTP/1.1" 200 2086 "http://www.dialyse-calw.de/00themen00.html" "Mozilla/5.0 (Windows NT 6.1; rv:23.0) Gecko/20100101 Firefox/23.0"
79.255.70.217 - - [15/Sep/2013:15:13:06 +0200] "GET /09.swf HTTP/1.1" 200 23096 "http://www.dialyse-calw.de/09.html" "Mozilla/5.0 (Windows NT 6.1; rv:23.0) Gecko/20100101 Firefox/23.0"
79.255.70.217 - - [15/Sep/2013:15:13:23 +0200] "GET /09a.html HTTP/1.1" 200 2059 "http://www.dialyse-calw.de/09.html" "Mozilla/5.0 (Windows NT 6.1; rv:23.0) Gecko/20100101 Firefox/23.0"
79.255.70.217 - - [15/Sep/2013:15:13:23 +0200] "GET /09a.swf HTTP/1.1" 200 20604 "http://www.dialyse-calw.de/09a.html" "Mozilla/5.0 (Windows NT 6.1; rv:23.0) Gecko/20100101 Firefox/23.0"
157.56.93.96 - - [15/Sep/2013:15:35:53 +0200] "GET /robots.txt HTTP/1.1" 404 1256 "-" "Mozilla/5.0 (compatible; bingbot/2.0; +http://www.bing.com/bingbot.htm)"
85.25.134.59 - - [15/Sep/2013:16:00:55 +0200] "GET /robots.txt HTTP/1.1" 404 1256 "http://dialyse-ca.macinroy.com/dialyse-calw.de" "MacInroy Privacy Auditors. See dialyse-calw.de's privacy violation report: http://dialyse-calw.de.macinroy.com/dialyse-calw.de"
85.25.134.59 - - [15/Sep/2013:16:00:55 +0200] "GET / HTTP/1.1" 200 2366 "http://dialyse-ca.macinroy.com/dialyse-calw.de" "MacInroy Privacy Auditors. See dialyse-calw.de's privacy violation report: http://dialyse-calw.de.macinroy.com/dialyse-calw.de"
199.19.249.196 - - [15/Sep/2013:16:12:43 +0200] "GET / HTTP/1.1" 200 2366 "-" "Mozilla/4.0 (compatible; MSIE 7.0; Windows NT 5.1; InfoPath.1; .NET CLR 2.0.50727; .NET CLR 1.1.4322; MS-RTC LM 8; .NET CLR 3.0.4506.2152; .NET CLR 3.5.30729)"
199.19.249.196 - - [15/Sep/2013:16:12:49 +0200] "GET /00themen00.html HTTP/1.1" 200 2254 "-" "Mozilla/4.0 (compatible; MSIE 7.0; Windows NT 5.1; InfoPath.1; .NET CLR 2.0.50727; .NET CLR 1.1.4322; MS-RTC LM 8; .NET CLR 3.0.4506.2152; .NET CLR 3.5.30729)"
81.7.13.161 - - [15/Sep/2013:16:17:57 +0200] "GET /09a.swf HTTP/1.1" 200 20604 "-" "Mozilla/5.0 (X11; Linux i686; rv:6.0) Gecko/20100101 Firefox/6.0"
46.105.114.127 - - [15/Sep/2013:16:17:57 +0200] "GET /09.swf HTTP/1.1" 200 23096 "-" "Mozilla/5.0 (X11; Linux i686; rv:6.0) Gecko/20100101 Firefox/6.0"
46.105.114.127 - - [15/Sep/2013:16:17:57 +0200] "GET /03.swf HTTP/1.1" 200 74505 "-" "Mozilla/5.0 (X11; Linux i686; rv:6.0) Gecko/20100101 Firefox/6.0"
157.56.93.96 - - [15/Sep/2013:16:26:09 +0200] "GET / HTTP/1.1" 304 - "-" "Mozilla/5.0 (compatible; bingbot/2.0; +http://www.bing.com/bingbot.htm)"
66.249.78.187 - - [15/Sep/2013:16:55:54 +0200] "GET /04Karteddd.html HTTP/1.1" 200 2077 "-" "Mozilla/5.0 (iPhone; U; CPU iPhone OS 4_1 like Mac OS X; en-us) AppleWebKit/532.9 (KHTML, like Gecko) Version/4.0.5 Mobile/8B117 Safari/6531.22.7 (compatible; Googlebot-Mobile/2.1; +http://www.google.com/bot.html)"
85.25.134.59 - - [15/Sep/2013:17:21:54 +0200] "GET /robots.txt HTTP/1.1" 404 1256 "http://dialyse-ca.macinroy.com/dialyse-calw.de" "MacInroy Privacy Auditors. See dialyse-calw.de's privacy violation report: http://dialyse-calw.de.macinroy.com/dialyse-calw.de"
85.25.134.59 - - [15/Sep/2013:17:21:54 +0200] "GET / HTTP/1.1" 200 2366 "http://dialyse-ca.macinroy.com/dialyse-calw.de" "MacInroy Privacy Auditors. See dialyse-calw.de's privacy violation report: http://dialyse-calw.de.macinroy.com/dialyse-calw.de"
66.249.78.187 - - [15/Sep/2013:19:17:51 +0200] "GET / HTTP/1.1" 200 2366 "-" "Mozilla/5.0 (iPhone; U; CPU iPhone OS 4_1 like Mac OS X; en-us) AppleWebKit/532.9 (KHTML, like Gecko) Version/4.0.5 Mobile/8B117 Safari/6531.22.7 (compatible; Googlebot-Mobile/2.1; +http://www.google.com/bot.html)"
66.249.78.36 - - [15/Sep/2013:19:44:05 +0200] "GET /robots.txt HTTP/1.1" 404 1256 "-" "Mozilla/5.0 (compatible; Googlebot/2.1; +http://www.google.com/bot.html)"
66.249.78.36 - - [15/Sep/2013:19:44:05 +0200] "GET /08.html HTTP/1.1" 304 - "-" "Mozilla/5.0 (iPhone; U; CPU iPhone OS 4_1 like Mac OS X; en-us) AppleWebKit/532.9 (KHTML, like Gecko) Version/4.0.5 Mobile/8B117 Safari/6531.22.7 (compatible; Googlebot-Mobile/2.1; +http://www.google.com/bot.html)"
217.238.90.188 - - [15/Sep/2013:22:45:01 +0200] "GET / HTTP/1.1" 200 2366 "http://www.google.de/url?sa=t&rct=j&q=dialysezentrum%20prozheim&source=web&cd=1&ved=0CDIQFjAA&url=http%3A%2F%2Fwww.dialyse-calw.de%2F&ei=4xs2Uun1KuXd4QS5moGwCQ&usg=AFQjCNECMxQiO0NOt3ERqW1uzT1RIToCeg&bvm=bv.52164340,d.bGE" "Mozilla/5.0 (Windows NT 5.1; rv:23.0) Gecko/20100101 Firefox/23.0"
217.238.90.188 - - [15/Sep/2013:22:45:21 +0200] "GET /00start.swf HTTP/1.1" 200 8575 "http://www.dialyse-calw.de/" "Mozilla/5.0 (Windows NT 5.1; rv:23.0) Gecko/20100101 Firefox/23.0"
217.238.90.188 - - [15/Sep/2013:22:45:22 +0200] "GET /favicon.ico HTTP/1.1" 404 1256 "-" "Mozilla/5.0 (Windows NT 5.1; rv:23.0) Gecko/20100101 Firefox/23.0"
217.238.90.188 - - [15/Sep/2013:22:45:25 +0200] "GET /00themen00.html HTTP/1.1" 200 2254 "http://www.dialyse-calw.de/" "Mozilla/5.0 (Windows NT 5.1; rv:23.0) Gecko/20100101 Firefox/23.0"
217.238.90.188 - - [15/Sep/2013:22:45:25 +0200] "GET /AC_RunActiveContent.js HTTP/1.1" 200 8029 "http://www.dialyse-calw.de/00themen00.html" "Mozilla/5.0 (Windows NT 5.1; rv:23.0) Gecko/20100101 Firefox/23.0"
217.238.90.188 - - [15/Sep/2013:22:45:29 +0200] "GET /00themen00.swf HTTP/1.1" 200 136579 "http://www.dialyse-calw.de/00themen00.html" "Mozilla/5.0 (Windows NT 5.1; rv:23.0) Gecko/20100101 Firefox/23.0"
217.238.90.188 - - [15/Sep/2013:22:45:37 +0200] "GET /04.html HTTP/1.1" 200 2106 "http://www.dialyse-calw.de/00themen00.html" "Mozilla/5.0 (Windows NT 5.1; rv:23.0) Gecko/20100101 Firefox/23.0"
217.238.90.188 - - [15/Sep/2013:22:45:40 +0200] "GET /04.swf HTTP/1.1" 200 62769 "http://www.dialyse-calw.de/04.html" "Mozilla/5.0 (Windows NT 5.1; rv:23.0) Gecko/20100101 Firefox/23.0"
217.238.90.188 - - [15/Sep/2013:22:45:47 +0200] "GET /04Kartebbb.html HTTP/1.1" 200 2077 "http://www.dialyse-calw.de/04.html" "Mozilla/5.0 (Windows NT 5.1; rv:23.0) Gecko/20100101 Firefox/23.0"
217.238.90.188 - - [15/Sep/2013:22:45:50 +0200] "GET /04Kartebbb.swf HTTP/1.1" 200 32635 "http://www.dialyse-calw.de/04Kartebbb.html" "Mozilla/5.0 (Windows NT 5.1; rv:23.0) Gecko/20100101 Firefox/23.0"
217.238.90.188 - - [15/Sep/2013:22:46:14 +0200] "GET /03.html HTTP/1.1" 200 1982 "http://www.dialyse-calw.de/00themen00.html" "Mozilla/5.0 (Windows NT 5.1; rv:23.0) Gecko/20100101 Firefox/23.0"
217.238.90.188 - - [15/Sep/2013:22:46:17 +0200] "GET /03.swf HTTP/1.1" 200 74505 "http://www.dialyse-calw.de/03.html" "Mozilla/5.0 (Windows NT 5.1; rv:23.0) Gecko/20100101 Firefox/23.0"
217.238.90.188 - - [15/Sep/2013:22:47:04 +0200] "GET /03a.html HTTP/1.1" 200 1991 "http://www.dialyse-calw.de/00themen00.html" "Mozilla/5.0 (Windows NT 5.1; rv:23.0) Gecko/20100101 Firefox/23.0"
217.238.90.188 - - [15/Sep/2013:22:47:10 +0200] "GET /03a.swf HTTP/1.1" 200 94997 "http://www.dialyse-calw.de/03a.html" "Mozilla/5.0 (Windows NT 5.1; rv:23.0) Gecko/20100101 Firefox/23.0"
217.238.90.188 - - [15/Sep/2013:22:47:41 +0200] "GET /02.html HTTP/1.1" 200 1982 "http://www.dialyse-calw.de/00themen00.html" "Mozilla/5.0 (Windows NT 5.1; rv:23.0) Gecko/20100101 Firefox/23.0"
217.238.90.188 - - [15/Sep/2013:22:47:44 +0200] "GET /02.swf HTTP/1.1" 200 22781 "http://www.dialyse-calw.de/02.html" "Mozilla/5.0 (Windows NT 5.1; rv:23.0) Gecko/20100101 Firefox/23.0"
217.238.90.188 - - [15/Sep/2013:22:50:01 +0200] "GET /06.html HTTP/1.1" 200 2278 "http://www.dialyse-calw.de/00themen00.html" "Mozilla/5.0 (Windows NT 5.1; rv:23.0) Gecko/20100101 Firefox/23.0"
217.238.90.188 - - [15/Sep/2013:22:50:05 +0200] "GET /06.swf HTTP/1.1" 200 20731 "http://www.dialyse-calw.de/06.html" "Mozilla/5.0 (Windows NT 5.1; rv:23.0) Gecko/20100101 Firefox/23.0"
66.249.78.36 - - [15/Sep/2013:22:51:26 +0200] "GET / HTTP/1.1" 200 2366 "-" "Mozilla/5.0 (compatible; Googlebot/2.1; +http://www.google.com/bot.html)"
157.55.32.80 - - [15/Sep/2013:23:35:09 +0200] "GET /robots.txt HTTP/1.1" 404 1256 "-" "Mozilla/5.0 (compatible; bingbot/2.0; +http://www.bing.com/bingbot.htm)"
157.55.32.80 - - [15/Sep/2013:23:35:33 +0200] "GET / HTTP/1.1" 304 - "-" "Mozilla/5.0 (compatible; bingbot/2.0; +http://www.bing.com/bingbot.htm)"
66.249.78.187 - - [15/Sep/2013:23:55:26 +0200] "GET /robots.txt HTTP/1.1" 404 1256 "-" "Mozilla/5.0 (compatible; Googlebot/2.1; +http://www.google.com/bot.html)"
46.4.27.145 - - [16/Sep/2013:01:00:11 +0200] "GET / HTTP/1.1" 200 2366 "http://www.webwiki.de/www.dialyse-calw.de" "Mozilla/5.0 (Windows NT 6.1; WOW64; rv:18.0) Gecko/20100101 Firefox/18.0"
46.4.27.145 - - [16/Sep/2013:01:00:15 +0200] "GET / HTTP/1.1" 200 2366 "http://www.webwiki.de/www.dialyse-nagold.de" "Mozilla/5.0 (Windows NT 6.1; WOW64; rv:18.0) Gecko/20100101 Firefox/18.0"
46.4.27.145 - - [16/Sep/2013:01:00:15 +0200] "GET / HTTP/1.1" 200 2366 "http://www.webwiki.de/www.dialyse-pforzheim.de" "Mozilla/5.0 (Windows NT 6.1; WOW64; rv:18.0) Gecko/20100101 Firefox/18.0"
195.226.24.18 - - [16/Sep/2013:02:23:35 +0200] "GET / HTTP/1.1" 200 2366 "-" "Apache-HttpClient/4.2.2 (java 1.5)"
178.137.5.76 - - [16/Sep/2013:02:28:48 +0200] "GET / HTTP/1.1" 200 2366 "http://web-uroki.ru/" "Mozilla/4.0 (compatible; MSIE 6.0; Windows NT 5.1; en) Opera 8.00"
178.137.5.76 - - [16/Sep/2013:02:28:48 +0200] "GET / HTTP/1.1" 200 2366 "http://web-uroki.ru/" "Mozilla/4.0 (compatible; MSIE 6.0; Windows NT 5.1; en) Opera 8.00"
178.137.5.76 - - [16/Sep/2013:02:28:48 +0200] "GET / HTTP/1.1" 200 2366 "http://web-uroki.ru/" "Mozilla/4.0 (compatible; MSIE 6.0; Windows NT 5.1; en) Opera 8.00"
141.8.147.12 - - [16/Sep/2013:02:35:36 +0200] "GET /robots.txt HTTP/1.1" 404 1256 "-" "Mozilla/5.0 (compatible; YandexBot/3.0; +http://yandex.com/bots)"
5.9.88.202 - - [16/Sep/2013:02:48:50 +0200] "GET / HTTP/1.0" 200 2366 "-" "Mozilla/5.0"
66.249.78.187 - - [16/Sep/2013:02:51:47 +0200] "GET /04Karteccc.swf HTTP/1.1" 200 32338 "-" "Mozilla/5.0 (iPhone; U; CPU iPhone OS 4_1 like Mac OS X; en-us) AppleWebKit/532.9 (KHTML, like Gecko) Version/4.0.5 Mobile/8B117 Safari/6531.22.7 (compatible; Googlebot-Mobile/2.1; +http://www.google.com/bot.html)"
5.9.88.202 - - [16/Sep/2013:02:57:59 +0200] "GET / HTTP/1.0" 200 2366 "-" "Mozilla/5.0"
66.249.78.187 - - [16/Sep/2013:02:58:31 +0200] "GET /04Karteccc.swf HTTP/1.1" 200 32338 "-" "Mozilla/5.0 (compatible; Googlebot/2.1; +http://www.google.com/bot.html)"
5.9.88.202 - - [16/Sep/2013:02:59:30 +0200] "GET / HTTP/1.0" 200 2366 "-" "Mozilla/5.0"
5.9.88.202 - - [16/Sep/2013:02:59:34 +0200] "GET / HTTP/1.0" 200 2366 "-" "Mozilla/5.0"
66.249.78.235 - - [16/Sep/2013:04:35:30 +0200] "GET /robots.txt HTTP/1.1" 404 1256 "-" "Mozilla/5.0 (compatible; Googlebot/2.1; +http://www.google.com/bot.html)"
66.249.78.235 - - [16/Sep/2013:04:35:31 +0200] "GET /03.html HTTP/1.1" 200 1982 "-" "Mozilla/5.0 (compatible; Googlebot/2.1; +http://www.google.com/bot.html)"
149.172.167.66 - - [16/Sep/2013:05:12:12 +0200] "GET / HTTP/1.1" 200 2366 "http://www3.dasoertliche.de/?form_name=detail&lastFormName=&id=&recuid=&niceid=Nephrologisches-Centrum-Pforzheim-Wilferdinger-Str&dss=1" "Mozilla/5.0 (Windows NT 6.1; WOW64; rv:23.0) Gecko/20100101 Firefox/23.0"
149.172.167.66 - - [16/Sep/2013:05:12:12 +0200] "GET /00start.swf HTTP/1.1" 200 8575 "http://www.dialyse-pforzheim.de/" "Mozilla/5.0 (Windows NT 6.1; WOW64; rv:23.0) Gecko/20100101 Firefox/23.0"
149.172.167.66 - - [16/Sep/2013:05:12:12 +0200] "GET /favicon.ico HTTP/1.1" 404 1256 "-" "Mozilla/5.0 (Windows NT 6.1; WOW64; rv:23.0) Gecko/20100101 Firefox/23.0"
149.172.167.66 - - [16/Sep/2013:05:12:12 +0200] "GET /favicon.ico HTTP/1.1" 404 1256 "-" "Mozilla/5.0 (Windows NT 6.1; WOW64; rv:23.0) Gecko/20100101 Firefox/23.0"
149.172.167.66 - - [16/Sep/2013:05:12:15 +0200] "GET /00themen00.html HTTP/1.1" 200 2254 "http://www.dialyse-pforzheim.de/" "Mozilla/5.0 (Windows NT 6.1; WOW64; rv:23.0) Gecko/20100101 Firefox/23.0"
149.172.167.66 - - [16/Sep/2013:05:12:15 +0200] "GET /AC_RunActiveContent.js HTTP/1.1" 200 8029 "http://www.dialyse-pforzheim.de/00themen00.html" "Mozilla/5.0 (Windows NT 6.1; WOW64; rv:23.0) Gecko/20100101 Firefox/23.0"
149.172.167.66 - - [16/Sep/2013:05:12:15 +0200] "GET /00themen00.swf HTTP/1.1" 200 136579 "http://www.dialyse-pforzheim.de/00themen00.html" "Mozilla/5.0 (Windows NT 6.1; WOW64; rv:23.0) Gecko/20100101 Firefox/23.0"
149.172.167.66 - - [16/Sep/2013:05:12:17 +0200] "GET /01.html HTTP/1.1" 200 1982 "http://www.dialyse-pforzheim.de/00themen00.html" "Mozilla/5.0 (Windows NT 6.1; WOW64; rv:23.0) Gecko/20100101 Firefox/23.0"
149.172.167.66 - - [16/Sep/2013:05:12:17 +0200] "GET /01.swf HTTP/1.1" 200 19349 "http://www.dialyse-pforzheim.de/01.html" "Mozilla/5.0 (Windows NT 6.1; WOW64; rv:23.0) Gecko/20100101 Firefox/23.0"
149.172.167.66 - - [16/Sep/2013:05:13:06 +0200] "GET /02.html HTTP/1.1" 200 1982 "http://www.dialyse-pforzheim.de/00themen00.html" "Mozilla/5.0 (Windows NT 6.1; WOW64; rv:23.0) Gecko/20100101 Firefox/23.0"
149.172.167.66 - - [16/Sep/2013:05:13:06 +0200] "GET /02.swf HTTP/1.1" 200 22781 "http://www.dialyse-pforzheim.de/02.html" "Mozilla/5.0 (Windows NT 6.1; WOW64; rv:23.0) Gecko/20100101 Firefox/23.0"
141.8.147.12 - - [16/Sep/2013:05:14:55 +0200] "GET /robots.txt HTTP/1.1" 404 1256 "-" "Mozilla/5.0 (compatible; YandexBot/3.0; +http://yandex.com/bots)"
149.172.167.66 - - [16/Sep/2013:05:18:47 +0200] "GET /03.html HTTP/1.1" 200 1982 "http://www.dialyse-pforzheim.de/00themen00.html" "Mozilla/5.0 (Windows NT 6.1; WOW64; rv:23.0) Gecko/20100101 Firefox/23.0"
149.172.167.66 - - [16/Sep/2013:05:18:47 +0200] "GET /03.swf HTTP/1.1" 200 74505 "http://www.dialyse-pforzheim.de/03.html" "Mozilla/5.0 (Windows NT 6.1; WOW64; rv:23.0) Gecko/20100101 Firefox/23.0"
149.172.167.66 - - [16/Sep/2013:05:22:07 +0200] "GET /03a.html HTTP/1.1" 200 1991 "http://www.dialyse-pforzheim.de/00themen00.html" "Mozilla/5.0 (Windows NT 6.1; WOW64; rv:23.0) Gecko/20100101 Firefox/23.0"
149.172.167.66 - - [16/Sep/2013:05:22:07 +0200] "GET /03a.swf HTTP/1.1" 200 94997 "http://www.dialyse-pforzheim.de/03a.html" "Mozilla/5.0 (Windows NT 6.1; WOW64; rv:23.0) Gecko/20100101 Firefox/23.0"
149.172.167.66 - - [16/Sep/2013:05:22:34 +0200] "GET /04.html HTTP/1.1" 200 2106 "http://www.dialyse-pforzheim.de/00themen00.html" "Mozilla/5.0 (Windows NT 6.1; WOW64; rv:23.0) Gecko/20100101 Firefox/23.0"
149.172.167.66 - - [16/Sep/2013:05:22:34 +0200] "GET /04.swf HTTP/1.1" 200 62769 "http://www.dialyse-pforzheim.de/04.html" "Mozilla/5.0 (Windows NT 6.1; WOW64; rv:23.0) Gecko/20100101 Firefox/23.0"
149.172.167.66 - - [16/Sep/2013:05:22:53 +0200] "GET /05.html HTTP/1.1" 200 1982 "http://www.dialyse-pforzheim.de/00themen00.html" "Mozilla/5.0 (Windows NT 6.1; WOW64; rv:23.0) Gecko/20100101 Firefox/23.0"
149.172.167.66 - - [16/Sep/2013:05:22:53 +0200] "GET /05.swf HTTP/1.1" 200 58083 "http://www.dialyse-pforzheim.de/05.html" "Mozilla/5.0 (Windows NT 6.1; WOW64; rv:23.0) Gecko/20100101 Firefox/23.0"
149.172.167.66 - - [16/Sep/2013:05:23:22 +0200] "GET /06.html HTTP/1.1" 200 2278 "http://www.dialyse-pforzheim.de/00themen00.html" "Mozilla/5.0 (Windows NT 6.1; WOW64; rv:23.0) Gecko/20100101 Firefox/23.0"
149.172.167.66 - - [16/Sep/2013:05:23:22 +0200] "GET /06.swf HTTP/1.1" 200 20731 "http://www.dialyse-pforzheim.de/06.html" "Mozilla/5.0 (Windows NT 6.1; WOW64; rv:23.0) Gecko/20100101 Firefox/23.0"
149.172.167.66 - - [16/Sep/2013:05:23:37 +0200] "GET /07.html HTTP/1.1" 200 2319 "http://www.dialyse-pforzheim.de/00themen00.html" "Mozilla/5.0 (Windows NT 6.1; WOW64; rv:23.0) Gecko/20100101 Firefox/23.0"
149.172.167.66 - - [16/Sep/2013:05:23:37 +0200] "GET /07.swf HTTP/1.1" 200 20730 "http://www.dialyse-pforzheim.de/07.html" "Mozilla/5.0 (Windows NT 6.1; WOW64; rv:23.0) Gecko/20100101 Firefox/23.0"
149.172.167.66 - - [16/Sep/2013:05:23:53 +0200] "GET /08.html HTTP/1.1" 200 2005 "http://www.dialyse-pforzheim.de/00themen00.html" "Mozilla/5.0 (Windows NT 6.1; WOW64; rv:23.0) Gecko/20100101 Firefox/23.0"
149.172.167.66 - - [16/Sep/2013:05:23:53 +0200] "GET /08.swf HTTP/1.1" 200 20405 "http://www.dialyse-pforzheim.de/08.html" "Mozilla/5.0 (Windows NT 6.1; WOW64; rv:23.0) Gecko/20100101 Firefox/23.0"
149.172.167.66 - - [16/Sep/2013:05:24:03 +0200] "GET /09.html HTTP/1.1" 200 2086 "http://www.dialyse-pforzheim.de/00themen00.html" "Mozilla/5.0 (Windows NT 6.1; WOW64; rv:23.0) Gecko/20100101 Firefox/23.0"
149.172.167.66 - - [16/Sep/2013:05:24:03 +0200] "GET /09.swf HTTP/1.1" 200 23096 "http://www.dialyse-pforzheim.de/09.html" "Mozilla/5.0 (Windows NT 6.1; WOW64; rv:23.0) Gecko/20100101 Firefox/23.0"
149.172.167.66 - - [16/Sep/2013:05:24:17 +0200] "GET /09a.html HTTP/1.1" 200 2059 "http://www.dialyse-pforzheim.de/09.html" "Mozilla/5.0 (Windows NT 6.1; WOW64; rv:23.0) Gecko/20100101 Firefox/23.0"
149.172.167.66 - - [16/Sep/2013:05:24:17 +0200] "GET /09a.swf HTTP/1.1" 200 20604 "http://www.dialyse-pforzheim.de/09a.html" "Mozilla/5.0 (Windows NT 6.1; WOW64; rv:23.0) Gecko/20100101 Firefox/23.0"
66.249.78.36 - - [16/Sep/2013:05:25:50 +0200] "GET /08.swf HTTP/1.1" 200 20405 "-" "Googlebot-Video/1.0"
141.8.147.12 - - [16/Sep/2013:06:08:23 +0200] "GET /07.html HTTP/1.1" 200 2319 "-" "Mozilla/5.0 (compatible; YandexBot/3.0; +http://yandex.com/bots)"
207.172.209.16 - - [16/Sep/2013:06:23:32 +0200] "GET / HTTP/1.1" 200 2366 "-" "Mozilla/5.0 (Windows NT 6.1; WOW64; rv:12.0) Gecko/20100101 Firefox/12.0"
91.207.9.226 - - [16/Sep/2013:06:37:28 +0200] "GET / HTTP/1.1" 200 2366 "http://zebradudka.com/" "Mozilla/4.0 (compatible; MSIE 5.5; Windows NT 4.0; .NET CLR 1.0.2914)"
91.207.9.226 - - [16/Sep/2013:06:37:38 +0200] "GET / HTTP/1.1" 200 2366 "http://zebradudka.com/" "Mozilla/4.0 (compatible; MSIE 5.5; Windows NT 4.0; .NET CLR 1.0.2914)"
91.207.9.226 - - [16/Sep/2013:06:37:39 +0200] "GET / HTTP/1.1" 200 2366 "http://zebradudka.com/" "Mozilla/4.0 (compatible; MSIE 5.5; Windows NT 4.0; .NET CLR 1.0.2914)"
141.8.147.12 - - [16/Sep/2013:07:21:16 +0200] "GET /00themen00.swf HTTP/1.1" 200 136579 "-" "Mozilla/5.0 (compatible; YandexBot/3.0; +http://yandex.com/bots)"
66.249.78.235 - - [16/Sep/2013:07:58:51 +0200] "GET /04Kartebbb.html HTTP/1.1" 200 2077 "-" "SAMSUNG-SGH-E250/1.0 Profile/MIDP-2.0 Configuration/CLDC-1.1 UP.Browser/6.2.3.3.c.1.101 (GUI) MMP/2.0 (compatible; Googlebot-Mobile/2.1; +http://www.google.com/bot.html)"
93.219.189.58 - - [16/Sep/2013:08:09:17 +0200] "GET / HTTP/1.1" 200 2366 "-" "Mozilla/5.0 (Windows; U; Windows NT 6.0; de; rv:1.9.2.3) Gecko/20100401 Firefox/3.6.3 ( .NET CLR 3.5.30729)"
178.137.88.120 - - [16/Sep/2013:08:29:23 +0200] "GET / HTTP/1.1" 200 2366 "http://adr2.ru/" "Mozilla/4.7 (compatible; OffByOne; Windows 2000) Webster Pro V3.4"
178.137.88.120 - - [16/Sep/2013:08:29:23 +0200] "GET / HTTP/1.1" 200 2366 "http://adr2.ru/" "Mozilla/4.7 (compatible; OffByOne; Windows 2000) Webster Pro V3.4"
178.137.88.120 - - [16/Sep/2013:08:29:24 +0200] "GET / HTTP/1.1" 200 2366 "http://game-steam.com/" "Mozilla/4.7 (compatible; OffByOne; Windows 2000) Webster Pro V3.4"
178.137.88.120 - - [16/Sep/2013:08:29:25 +0200] "GET / HTTP/1.1" 200 2366 "http://adr2.ru/" "Mozilla/4.7 (compatible; OffByOne; Windows 2000) Webster Pro V3.4"
178.137.88.120 - - [16/Sep/2013:08:29:25 +0200] "GET / HTTP/1.1" 200 2366 "http://game-steam.com/" "Mozilla/4.7 (compatible; OffByOne; Windows 2000) Webster Pro V3.4"
178.137.88.120 - - [16/Sep/2013:08:29:27 +0200] "GET / HTTP/1.1" 200 2366 "http://game-steam.com/" "Mozilla/4.7 (compatible; OffByOne; Windows 2000) Webster Pro V3.4"
141.8.147.12 - - [16/Sep/2013:08:39:25 +0200] "GET /03a.html HTTP/1.1" 200 1991 "-" "Mozilla/5.0 (compatible; YandexBot/3.0; +http://yandex.com/bots)"
207.241.226.239 - - [16/Sep/2013:08:57:09 +0200] "GET /robots.txt HTTP/1.1" 404 1256 "-" "ia_archiver(OS-Wayback)"
149.172.167.66 - - [16/Sep/2013:09:07:34 +0200] "GET /favicon.ico HTTP/1.1" 404 1256 "-" "Mozilla/5.0 (Windows NT 6.1; WOW64; rv:23.0) Gecko/20100101 Firefox/23.0"
149.172.167.66 - - [16/Sep/2013:09:07:34 +0200] "GET /favicon.ico HTTP/1.1" 404 1256 "-" "Mozilla/5.0 (Windows NT 6.1; WOW64; rv:23.0) Gecko/20100101 Firefox/23.0"
149.172.167.66 - - [16/Sep/2013:09:07:34 +0200] "GET /favicon.ico HTTP/1.1" 404 1256 "-" "Mozilla/5.0 (Windows NT 6.1; WOW64; rv:23.0) Gecko/20100101 Firefox/23.0"
89.200.172.145 - - [16/Sep/2013:09:09:13 +0200] "HEAD / HTTP/1.1" 200 - "-" "-"
141.8.147.12 - - [16/Sep/2013:09:23:05 +0200] "GET /08.html HTTP/1.1" 200 2005 "-" "Mozilla/5.0 (compatible; YandexBot/3.0; +http://yandex.com/bots)"
109.42.3.17 - - [16/Sep/2013:09:28:14 +0200] "GET / HTTP/1.1" 200 2366 "https://www.google.de/" "Mozilla/5.0 (iPhone; CPU iPhone OS 6_1_3 like Mac OS X) AppleWebKit/536.26 (KHTML, like Gecko) Version/6.0 Mobile/10B329 Safari/8536.25"
109.42.3.17 - - [16/Sep/2013:09:29:02 +0200] "GET / HTTP/1.1" 304 - "https://www.google.de/" "Mozilla/5.0 (iPhone; CPU iPhone OS 6_1_3 like Mac OS X) AppleWebKit/536.26 (KHTML, like Gecko) Version/6.0 Mobile/10B329 Safari/8536.25"
80.187.108.77 - - [16/Sep/2013:09:33:42 +0200] "GET / HTTP/1.1" 200 2366 "https://www.google.de/" "Mozilla/5.0 (iPhone; CPU iPhone OS 6_1_3 like Mac OS X) AppleWebKit/536.26 (KHTML, like Gecko) Version/6.0 Mobile/10B329 Safari/8536.25"
178.137.92.229 - - [16/Sep/2013:10:21:55 +0200] "GET / HTTP/1.1" 200 2366 "http://www.bravica.tw/ru/" "Mozilla/4.7 (compatible; OffByOne; Windows 2000) Webster Pro V3.4"
178.137.92.229 - - [16/Sep/2013:10:21:55 +0200] "GET / HTTP/1.1" 200 2366 "http://narkozavisimosti-lechenie.ru/" "Mozilla/4.7 (compatible; OffByOne; Windows 2000) Webster Pro V3.4"
178.137.92.229 - - [16/Sep/2013:10:21:55 +0200] "GET / HTTP/1.1" 200 2366 "http://www.bravica.tw/ru/" "Mozilla/4.7 (compatible; OffByOne; Windows 2000) Webster Pro V3.4"
178.137.92.229 - - [16/Sep/2013:10:21:56 +0200] "GET / HTTP/1.1" 200 2366 "http://narkozavisimosti-lechenie.ru/" "Mozilla/4.7 (compatible; OffByOne; Windows 2000) Webster Pro V3.4"
178.137.92.229 - - [16/Sep/2013:10:21:56 +0200] "GET / HTTP/1.1" 200 2366 "http://www.bravica.tw/ru/" "Mozilla/4.7 (compatible; OffByOne; Windows 2000) Webster Pro V3.4"
178.137.92.229 - - [16/Sep/2013:10:21:56 +0200] "GET / HTTP/1.1" 200 2366 "http://narkozavisimosti-lechenie.ru/" "Mozilla/4.7 (compatible; OffByOne; Windows 2000) Webster Pro V3.4"
188.138.109.147 - - [16/Sep/2013:10:40:46 +0200] "GET / HTTP/1.0" 200 2366 "-" "Lynx/2.8.8dev.5 libwww-FM/2.14 SSL-MM/1.4.1 GNUTLS/2.8.6"
141.8.147.12 - - [16/Sep/2013:10:44:01 +0200] "GET / HTTP/1.1" 200 2366 "-" "Mozilla/5.0 (compatible; YandexBot/3.0; +http://yandex.com/bots)"
141.8.147.12 - - [16/Sep/2013:10:44:02 +0200] "GET /02.html HTTP/1.1" 200 1982 "-" "Mozilla/5.0 (compatible; YandexBot/3.0; +http://yandex.com/bots)"
141.8.147.12 - - [16/Sep/2013:10:44:05 +0200] "GET /00start.swf HTTP/1.1" 200 8575 "-" "Mozilla/5.0 (compatible; YandexBot/3.0; +http://yandex.com/bots)"
188.138.109.147 - - [16/Sep/2013:10:50:08 +0200] "GET / HTTP/1.0" 200 2366 "-" "Lynx/2.8.8dev.5 libwww-FM/2.14 SSL-MM/1.4.1 GNUTLS/2.8.6"
188.138.109.147 - - [16/Sep/2013:10:52:06 +0200] "GET / HTTP/1.0" 200 2366 "-" "Lynx/2.8.8dev.5 libwww-FM/2.14 SSL-MM/1.4.1 GNUTLS/2.8.6"
188.138.109.147 - - [16/Sep/2013:10:52:06 +0200] "GET / HTTP/1.0" 200 2366 "-" "Lynx/2.8.8dev.5 libwww-FM/2.14 SSL-MM/1.4.1 GNUTLS/2.8.6"
66.249.78.36 - - [16/Sep/2013:11:18:41 +0200] "GET /robots.txt HTTP/1.1" 404 1256 "-" "Mozilla/5.0 (compatible; Googlebot/2.1; +http://www.google.com/bot.html)"
66.249.75.58 - - [16/Sep/2013:11:18:41 +0200] "GET / HTTP/1.1" 200 2366 "-" "DoCoMo/2.0 N905i(c100;TB;W24H16) (compatible; Googlebot-Mobile/2.1; +http://www.google.com/bot.html)"
178.137.88.120 - - [16/Sep/2013:11:22:35 +0200] "GET / HTTP/1.1" 200 2366 "http://telety.ru/" "Mozilla/4.7 (compatible; OffByOne; Windows 2000) Webster Pro V3.4"
178.137.88.120 - - [16/Sep/2013:11:22:35 +0200] "GET / HTTP/1.1" 200 2366 "http://telety.ru/" "Mozilla/4.7 (compatible; OffByOne; Windows 2000) Webster Pro V3.4"
178.137.88.120 - - [16/Sep/2013:11:22:36 +0200] "GET / HTTP/1.1" 200 2366 "http://telety.ru/" "Mozilla/4.7 (compatible; OffByOne; Windows 2000) Webster Pro V3.4"
217.248.181.59 - - [16/Sep/2013:11:41:13 +0200] "GET / HTTP/1.1" 200 2366 "http://www.google.de/url?sa=t&rct=j&q=&esrc=s&source=web&cd=1&ved=0CDQQFjAA&url=http%3A%2F%2Fwww.dialyse-calw.de%2F&ei=w9E2UpHRHMGjhgefj4HYCw&usg=AFQjCNECMxQiO0NOt3ERqW1uzT1RIToCeg&bvm=bv.52164340,d.ZG4" "Mozilla/5.0 (Windows NT 6.1; WOW64; rv:23.0) Gecko/20100101 Firefox/23.0"
217.248.181.59 - - [16/Sep/2013:11:41:14 +0200] "GET /00start.swf HTTP/1.1" 200 8575 "http://www.dialyse-calw.de/" "Mozilla/5.0 (Windows NT 6.1; WOW64; rv:23.0) Gecko/20100101 Firefox/23.0"
217.248.181.59 - - [16/Sep/2013:11:41:15 +0200] "GET /favicon.ico HTTP/1.1" 404 1256 "-" "Mozilla/5.0 (Windows NT 6.1; WOW64; rv:23.0) Gecko/20100101 Firefox/23.0"
217.248.181.59 - - [16/Sep/2013:11:41:15 +0200] "GET /favicon.ico HTTP/1.1" 404 1256 "-" "Mozilla/5.0 (Windows NT 6.1; WOW64; rv:23.0) Gecko/20100101 Firefox/23.0"
217.248.181.59 - - [16/Sep/2013:11:41:23 +0200] "GET /00themen00.html HTTP/1.1" 200 2254 "http://www.dialyse-calw.de/" "Mozilla/5.0 (Windows NT 6.1; WOW64; rv:23.0) Gecko/20100101 Firefox/23.0"
217.248.181.59 - - [16/Sep/2013:11:41:23 +0200] "GET /AC_RunActiveContent.js HTTP/1.1" 200 8029 "http://www.dialyse-calw.de/00themen00.html" "Mozilla/5.0 (Windows NT 6.1; WOW64; rv:23.0) Gecko/20100101 Firefox/23.0"
217.248.181.59 - - [16/Sep/2013:11:41:23 +0200] "GET /00themen00.swf HTTP/1.1" 200 136579 "http://www.dialyse-calw.de/00themen00.html" "Mozilla/5.0 (Windows NT 6.1; WOW64; rv:23.0) Gecko/20100101 Firefox/23.0"
217.248.181.59 - - [16/Sep/2013:11:41:30 +0200] "GET /08.html HTTP/1.1" 200 2005 "http://www.dialyse-calw.de/00themen00.html" "Mozilla/5.0 (Windows NT 6.1; WOW64; rv:23.0) Gecko/20100101 Firefox/23.0"
217.248.181.59 - - [16/Sep/2013:11:41:30 +0200] "GET /08.swf HTTP/1.1" 200 20405 "http://www.dialyse-calw.de/08.html" "Mozilla/5.0 (Windows NT 6.1; WOW64; rv:23.0) Gecko/20100101 Firefox/23.0"
141.8.147.12 - - [16/Sep/2013:11:56:29 +0200] "GET /01.html HTTP/1.1" 200 1982 "-" "Mozilla/5.0 (compatible; YandexBot/3.0; +http://yandex.com/bots)"
141.8.147.12 - - [16/Sep/2013:13:09:35 +0200] "GET /09.swf HTTP/1.1" 200 23096 "-" "Mozilla/5.0 (compatible; YandexBot/3.0; +http://yandex.com/bots)"
141.8.147.12 - - [16/Sep/2013:14:11:12 +0200] "GET /06.swf HTTP/1.1" 200 20731 "-" "Mozilla/5.0 (compatible; YandexBot/3.0; +http://yandex.com/bots)"
141.8.147.12 - - [16/Sep/2013:14:33:07 +0200] "GET /07.swf HTTP/1.1" 200 20730 "-" "Mozilla/5.0 (compatible; YandexBot/3.0; +http://yandex.com/bots)"
78.42.248.95 - - [16/Sep/2013:14:34:48 +0200] "GET / HTTP/1.1" 200 2366 "-" "Mozilla/5.0 (iPad; CPU OS 6_1_3 like Mac OS X) AppleWebKit/536.26 (KHTML, like Gecko) Version/6.0 Mobile/10B329 Safari/8536.25"
91.207.9.226 - - [16/Sep/2013:15:13:55 +0200] "GET / HTTP/1.1" 200 2366 "http://alfa-medosmotr.ru/" "Mozilla/4.0 (compatible; MSIE 5.5; Windows NT 4.0)"
91.207.9.226 - - [16/Sep/2013:15:13:55 +0200] "GET / HTTP/1.1" 200 2366 "http://alfa-medosmotr.ru/" "Mozilla/4.0 (compatible; MSIE 5.5; Windows NT 4.0)"
91.207.9.226 - - [16/Sep/2013:15:13:55 +0200] "GET / HTTP/1.1" 200 2366 "http://alfa-medosmotr.ru/" "Mozilla/4.0 (compatible; MSIE 5.5; Windows NT 4.0)"
91.207.4.206 - - [16/Sep/2013:15:17:02 +0200] "GET / HTTP/1.1" 200 2366 "http://joomstudio.com.ua/" "Mozilla/4.0 (compatible; MSIE 5.0; Windows NT; DigExt)"
91.207.4.206 - - [16/Sep/2013:15:17:02 +0200] "GET / HTTP/1.1" 200 2366 "http://joomstudio.com.ua/" "Mozilla/4.0 (compatible; MSIE 5.0; Windows NT; DigExt)"
91.207.4.206 - - [16/Sep/2013:15:17:03 +0200] "GET / HTTP/1.1" 200 2366 "http://joomstudio.com.ua/" "Mozilla/4.0 (compatible; MSIE 5.0; Windows NT; DigExt)"
66.249.78.187 - - [16/Sep/2013:15:22:54 +0200] "GET /robots.txt HTTP/1.1" 404 1256 "-" "Mozilla/5.0 (compatible; Googlebot/2.1; +http://www.google.com/bot.html)"
66.249.78.187 - - [16/Sep/2013:15:22:54 +0200] "GET /07.html HTTP/1.1" 200 2319 "-" "Mozilla/5.0 (iPhone; U; CPU iPhone OS 4_1 like Mac OS X; en-us) AppleWebKit/532.9 (KHTML, like Gecko) Version/4.0.5 Mobile/8B117 Safari/6531.22.7 (compatible; Googlebot-Mobile/2.1; +http://www.google.com/bot.html)"
157.55.35.78 - - [16/Sep/2013:16:16:43 +0200] "GET /robots.txt HTTP/1.1" 404 1256 "-" "Mozilla/5.0 (compatible; bingbot/2.0; +http://www.bing.com/bingbot.htm)"
157.56.93.150 - - [16/Sep/2013:16:17:09 +0200] "GET /06.html HTTP/1.1" 200 2278 "-" "Mozilla/5.0 (compatible; bingbot/2.0; +http://www.bing.com/bingbot.htm)"
157.55.35.78 - - [16/Sep/2013:16:17:30 +0200] "GET /06.swf HTTP/1.1" 200 20731 "-" "Mozilla/5.0 (compatible; bingbot/2.0; +http://www.bing.com/bingbot.htm)"
157.55.32.108 - - [16/Sep/2013:17:12:11 +0200] "GET /robots.txt HTTP/1.1" 404 1256 "-" "Mozilla/5.0 (compatible; bingbot/2.0; +http://www.bing.com/bingbot.htm)"
157.55.32.108 - - [16/Sep/2013:17:14:09 +0200] "GET /04Karteccc.html HTTP/1.1" 200 2077 "-" "Mozilla/5.0 (compatible; bingbot/2.0; +http://www.bing.com/bingbot.htm)"
199.30.24.188 - - [16/Sep/2013:17:14:22 +0200] "GET /AC_RunActiveContent.js HTTP/1.1" 200 8029 "http://www.dialyse-pforzheim.de/04Karteccc.html" "Mozilla/5.0 (Windows NT 6.1; WOW64) AppleWebKit/534+ (KHTML, like Gecko) BingPreview/1.0b"
199.30.24.188 - - [16/Sep/2013:17:14:23 +0200] "GET /04Karteccc.swf HTTP/1.1" 200 32338 "http://www.dialyse-pforzheim.de/04Karteccc.swf" "Mozilla/5.0 (Windows NT 6.1; WOW64) AppleWebKit/534+ (KHTML, like Gecko) BingPreview/1.0b"
157.55.34.28 - - [16/Sep/2013:17:15:09 +0200] "GET /AC_RunActiveContent.js HTTP/1.1" 200 8029 "-" "Mozilla/5.0 (compatible; bingbot/2.0; +http://www.bing.com/bingbot.htm)"
37.139.52.23 - - [16/Sep/2013:17:29:24 +0200] "GET / HTTP/1.1" 200 2366 "http://rusiabiznes.biz/" "Opera/9.00 (Windows NT 4.0; U; en)"
37.139.52.23 - - [16/Sep/2013:17:29:24 +0200] "GET / HTTP/1.1" 200 2366 "http://rusiabiznes.biz/" "Opera/9.00 (Windows NT 4.0; U; en)"
178.137.92.229 - - [16/Sep/2013:17:29:57 +0200] "GET / HTTP/1.1" 200 2366 "http://narkologicheskaya-bolnica.ru/" "Mozilla/4.7 (compatible; OffByOne; Windows 2000) Webster Pro V3.4"
178.137.92.229 - - [16/Sep/2013:17:29:57 +0200] "GET / HTTP/1.1" 200 2366 "http://narkologicheskaya-bolnica.ru/" "Mozilla/4.7 (compatible; OffByOne; Windows 2000) Webster Pro V3.4"
178.137.92.229 - - [16/Sep/2013:17:29:58 +0200] "GET / HTTP/1.1" 200 2366 "http://narkologicheskaya-bolnica.ru/" "Mozilla/4.7 (compatible; OffByOne; Windows 2000) Webster Pro V3.4"
141.8.147.12 - - [16/Sep/2013:17:35:54 +0200] "GET /robots.txt HTTP/1.1" 404 1256 "-" "Mozilla/5.0 (compatible; YandexBot/3.0; +http://yandex.com/bots)"
157.56.92.161 - - [16/Sep/2013:18:08:46 +0200] "GET /robots.txt HTTP/1.1" 404 1256 "-" "Mozilla/5.0 (compatible; bingbot/2.0; +http://www.bing.com/bingbot.htm)"
157.56.92.161 - - [16/Sep/2013:18:10:17 +0200] "GET /kontakt.htm HTTP/1.1" 404 1256 "-" "Mozilla/5.0 (compatible; bingbot/2.0; +http://www.bing.com/bingbot.htm)"
88.66.41.244 - - [16/Sep/2013:18:39:19 +0200] "GET / HTTP/1.1" 200 2366 "http://www.siloah.de/cms/siloah-st.-trudpert/kooperationen/nephrologisches-centrum_1291.html" "Mozilla/5.0 (Windows NT 6.2; WOW64; rv:23.0) Gecko/20100101 Firefox/23.0"
88.66.41.244 - - [16/Sep/2013:18:39:20 +0200] "GET /00start.swf HTTP/1.1" 200 8575 "http://www.dialyse-calw.de/" "Mozilla/5.0 (Windows NT 6.2; WOW64; rv:23.0) Gecko/20100101 Firefox/23.0"
88.66.41.244 - - [16/Sep/2013:18:39:21 +0200] "GET /favicon.ico HTTP/1.1" 404 1256 "-" "Mozilla/5.0 (Windows NT 6.2; WOW64; rv:23.0) Gecko/20100101 Firefox/23.0"
88.66.41.244 - - [16/Sep/2013:18:39:21 +0200] "GET /favicon.ico HTTP/1.1" 404 1256 "-" "Mozilla/5.0 (Windows NT 6.2; WOW64; rv:23.0) Gecko/20100101 Firefox/23.0"
88.66.41.244 - - [16/Sep/2013:18:39:24 +0200] "GET /00themen00.html HTTP/1.1" 200 2254 "http://www.dialyse-calw.de/" "Mozilla/5.0 (Windows NT 6.2; WOW64; rv:23.0) Gecko/20100101 Firefox/23.0"
88.66.41.244 - - [16/Sep/2013:18:39:24 +0200] "GET /AC_RunActiveContent.js HTTP/1.1" 200 8029 "http://www.dialyse-calw.de/00themen00.html" "Mozilla/5.0 (Windows NT 6.2; WOW64; rv:23.0) Gecko/20100101 Firefox/23.0"
88.66.41.244 - - [16/Sep/2013:18:39:25 +0200] "GET /00themen00.swf HTTP/1.1" 200 136579 "http://www.dialyse-calw.de/00themen00.html" "Mozilla/5.0 (Windows NT 6.2; WOW64; rv:23.0) Gecko/20100101 Firefox/23.0"
88.66.41.244 - - [16/Sep/2013:18:39:29 +0200] "GET /03.html HTTP/1.1" 200 1982 "http://www.dialyse-calw.de/00themen00.html" "Mozilla/5.0 (Windows NT 6.2; WOW64; rv:23.0) Gecko/20100101 Firefox/23.0"
88.66.41.244 - - [16/Sep/2013:18:39:30 +0200] "GET /03.swf HTTP/1.1" 200 74505 "http://www.dialyse-calw.de/03.html" "Mozilla/5.0 (Windows NT 6.2; WOW64; rv:23.0) Gecko/20100101 Firefox/23.0"
88.66.41.244 - - [16/Sep/2013:18:40:00 +0200] "GET /03a.html HTTP/1.1" 200 1991 "http://www.dialyse-calw.de/00themen00.html" "Mozilla/5.0 (Windows NT 6.2; WOW64; rv:23.0) Gecko/20100101 Firefox/23.0"
88.66.41.244 - - [16/Sep/2013:18:40:01 +0200] "GET /03a.swf HTTP/1.1" 200 94997 "http://www.dialyse-calw.de/03a.html" "Mozilla/5.0 (Windows NT 6.2; WOW64; rv:23.0) Gecko/20100101 Firefox/23.0"
88.66.41.244 - - [16/Sep/2013:18:40:22 +0200] "GET /01.html HTTP/1.1" 200 1982 "http://www.dialyse-calw.de/00themen00.html" "Mozilla/5.0 (Windows NT 6.2; WOW64; rv:23.0) Gecko/20100101 Firefox/23.0"
88.66.41.244 - - [16/Sep/2013:18:40:22 +0200] "GET /01.swf HTTP/1.1" 200 19349 "http://www.dialyse-calw.de/01.html" "Mozilla/5.0 (Windows NT 6.2; WOW64; rv:23.0) Gecko/20100101 Firefox/23.0"
88.66.41.244 - - [16/Sep/2013:18:40:28 +0200] "GET /02.html HTTP/1.1" 200 1982 "http://www.dialyse-calw.de/00themen00.html" "Mozilla/5.0 (Windows NT 6.2; WOW64; rv:23.0) Gecko/20100101 Firefox/23.0"
88.66.41.244 - - [16/Sep/2013:18:40:28 +0200] "GET /02.swf HTTP/1.1" 200 22781 "http://www.dialyse-calw.de/02.html" "Mozilla/5.0 (Windows NT 6.2; WOW64; rv:23.0) Gecko/20100101 Firefox/23.0"
88.66.41.244 - - [16/Sep/2013:18:40:36 +0200] "GET /06.html HTTP/1.1" 200 2278 "http://www.dialyse-calw.de/00themen00.html" "Mozilla/5.0 (Windows NT 6.2; WOW64; rv:23.0) Gecko/20100101 Firefox/23.0"
88.66.41.244 - - [16/Sep/2013:18:40:37 +0200] "GET /06.swf HTTP/1.1" 200 20731 "http://www.dialyse-calw.de/06.html" "Mozilla/5.0 (Windows NT 6.2; WOW64; rv:23.0) Gecko/20100101 Firefox/23.0"
88.66.41.244 - - [16/Sep/2013:18:40:43 +0200] "GET /07.html HTTP/1.1" 200 2319 "http://www.dialyse-calw.de/00themen00.html" "Mozilla/5.0 (Windows NT 6.2; WOW64; rv:23.0) Gecko/20100101 Firefox/23.0"
88.66.41.244 - - [16/Sep/2013:18:40:43 +0200] "GET /07.swf HTTP/1.1" 200 20730 "http://www.dialyse-calw.de/07.html" "Mozilla/5.0 (Windows NT 6.2; WOW64; rv:23.0) Gecko/20100101 Firefox/23.0"
