178.13.30.145 - - [07/Sep/2013:10:15:08 +0200] "GET /01.swf HTTP/1.1" 200 19349 "http://www.dialyse-calw.de/01.html" "Mozilla/5.0 (Windows NT 6.1; WOW64) AppleWebKit/537.36 (KHTML, like Gecko) Chrome/29.0.1547.66 Safari/537.36"
178.13.30.145 - - [07/Sep/2013:10:15:19 +0200] "GET /03a.html HTTP/1.1" 200 1991 "http://www.dialyse-calw.de/00themen00.html" "Mozilla/5.0 (Windows NT 6.1; WOW64) AppleWebKit/537.36 (KHTML, like Gecko) Chrome/29.0.1547.66 Safari/537.36"
178.13.30.145 - - [07/Sep/2013:10:15:19 +0200] "GET /03a.swf HTTP/1.1" 200 94997 "http://www.dialyse-calw.de/03a.html" "Mozilla/5.0 (Windows NT 6.1; WOW64) AppleWebKit/537.36 (KHTML, like Gecko) Chrome/29.0.1547.66 Safari/537.36"
178.13.30.145 - - [07/Sep/2013:10:15:33 +0200] "GET /03.html HTTP/1.1" 200 1982 "http://www.dialyse-calw.de/00themen00.html" "Mozilla/5.0 (Windows NT 6.1; WOW64) AppleWebKit/537.36 (KHTML, like Gecko) Chrome/29.0.1547.66 Safari/537.36"
178.13.30.145 - - [07/Sep/2013:10:15:33 +0200] "GET /03.swf HTTP/1.1" 200 74505 "http://www.dialyse-calw.de/03.html" "Mozilla/5.0 (Windows NT 6.1; WOW64) AppleWebKit/537.36 (KHTML, like Gecko) Chrome/29.0.1547.66 Safari/537.36"
178.13.30.145 - - [07/Sep/2013:10:15:58 +0200] "GET /04.html HTTP/1.1" 200 2106 "http://www.dialyse-calw.de/00themen00.html" "Mozilla/5.0 (Windows NT 6.1; WOW64) AppleWebKit/537.36 (KHTML, like Gecko) Chrome/29.0.1547.66 Safari/537.36"
178.13.30.145 - - [07/Sep/2013:10:15:58 +0200] "GET /04.swf HTTP/1.1" 200 62769 "http://www.dialyse-calw.de/04.html" "Mozilla/5.0 (Windows NT 6.1; WOW64) AppleWebKit/537.36 (KHTML, like Gecko) Chrome/29.0.1547.66 Safari/537.36"
178.13.30.145 - - [07/Sep/2013:10:16:25 +0200] "GET /05.html HTTP/1.1" 200 1982 "http://www.dialyse-calw.de/00themen00.html" "Mozilla/5.0 (Windows NT 6.1; WOW64) AppleWebKit/537.36 (KHTML, like Gecko) Chrome/29.0.1547.66 Safari/537.36"
178.13.30.145 - - [07/Sep/2013:10:16:25 +0200] "GET /05.swf HTTP/1.1" 200 58083 "http://www.dialyse-calw.de/05.html" "Mozilla/5.0 (Windows NT 6.1; WOW64) AppleWebKit/537.36 (KHTML, like Gecko) Chrome/29.0.1547.66 Safari/537.36"
178.13.30.145 - - [07/Sep/2013:10:16:41 +0200] "GET /08.html HTTP/1.1" 200 2005 "http://www.dialyse-calw.de/00themen00.html" "Mozilla/5.0 (Windows NT 6.1; WOW64) AppleWebKit/537.36 (KHTML, like Gecko) Chrome/29.0.1547.66 Safari/537.36"
178.13.30.145 - - [07/Sep/2013:10:16:42 +0200] "GET /08.swf HTTP/1.1" 200 20405 "http://www.dialyse-calw.de/08.html" "Mozilla/5.0 (Windows NT 6.1; WOW64) AppleWebKit/537.36 (KHTML, like Gecko) Chrome/29.0.1547.66 Safari/537.36"
178.13.30.145 - - [07/Sep/2013:10:17:12 +0200] "GET /09.html HTTP/1.1" 200 2086 "http://www.dialyse-calw.de/00themen00.html" "Mozilla/5.0 (Windows NT 6.1; WOW64) AppleWebKit/537.36 (KHTML, like Gecko) Chrome/29.0.1547.66 Safari/537.36"
178.13.30.145 - - [07/Sep/2013:10:17:12 +0200] "GET /09.swf HTTP/1.1" 200 23096 "http://www.dialyse-calw.de/09.html" "Mozilla/5.0 (Windows NT 6.1; WOW64) AppleWebKit/537.36 (KHTML, like Gecko) Chrome/29.0.1547.66 Safari/537.36"
79.255.79.223 - - [07/Sep/2013:10:17:48 +0200] "GET /09.html HTTP/1.1" 200 2086 "http://www.dialyse-calw.de/00themen00.html" "Mozilla/5.0 (Windows NT 5.1; rv:23.0) Gecko/20100101 Firefox/23.0"
79.255.79.223 - - [07/Sep/2013:10:17:48 +0200] "GET /09.swf HTTP/1.1" 200 23096 "http://www.dialyse-calw.de/09.html" "Mozilla/5.0 (Windows NT 5.1; rv:23.0) Gecko/20100101 Firefox/23.0"
79.255.79.223 - - [07/Sep/2013:10:18:19 +0200] "GET /03a.html HTTP/1.1" 200 1991 "http://www.dialyse-calw.de/00themen00.html" "Mozilla/5.0 (Windows NT 5.1; rv:23.0) Gecko/20100101 Firefox/23.0"
79.255.79.223 - - [07/Sep/2013:10:18:20 +0200] "GET /03a.swf HTTP/1.1" 200 94997 "http://www.dialyse-calw.de/03a.html" "Mozilla/5.0 (Windows NT 5.1; rv:23.0) Gecko/20100101 Firefox/23.0"
79.255.79.223 - - [07/Sep/2013:10:19:58 +0200] "GET /06.html HTTP/1.1" 200 2278 "http://www.dialyse-calw.de/00themen00.html" "Mozilla/5.0 (Windows NT 5.1; rv:23.0) Gecko/20100101 Firefox/23.0"
79.255.79.223 - - [07/Sep/2013:10:19:59 +0200] "GET /06.swf HTTP/1.1" 200 20731 "http://www.dialyse-calw.de/06.html" "Mozilla/5.0 (Windows NT 5.1; rv:23.0) Gecko/20100101 Firefox/23.0"
178.13.30.145 - - [07/Sep/2013:10:20:29 +0200] "GET /07.html HTTP/1.1" 200 2319 "http://www.dialyse-calw.de/00themen00.html" "Mozilla/5.0 (Windows NT 6.1; WOW64) AppleWebKit/537.36 (KHTML, like Gecko) Chrome/29.0.1547.66 Safari/537.36"
178.13.30.145 - - [07/Sep/2013:10:20:29 +0200] "GET /07.swf HTTP/1.1" 200 20730 "http://www.dialyse-calw.de/07.html" "Mozilla/5.0 (Windows NT 6.1; WOW64) AppleWebKit/537.36 (KHTML, like Gecko) Chrome/29.0.1547.66 Safari/537.36"
178.13.30.145 - - [07/Sep/2013:10:21:34 +0200] "GET /index.html HTTP/1.1" 200 2366 "http://www.dialyse-calw.de/00themen00.html" "Mozilla/5.0 (Windows NT 6.1; WOW64) AppleWebKit/537.36 (KHTML, like Gecko) Chrome/29.0.1547.66 Safari/537.36"
178.13.30.145 - - [07/Sep/2013:10:22:02 +0200] "GET /02.html HTTP/1.1" 200 1982 "http://www.dialyse-calw.de/00themen00.html" "Mozilla/5.0 (Windows NT 6.1; WOW64) AppleWebKit/537.36 (KHTML, like Gecko) Chrome/29.0.1547.66 Safari/537.36"
178.13.30.145 - - [07/Sep/2013:10:22:03 +0200] "GET /02.swf HTTP/1.1" 200 22781 "http://www.dialyse-calw.de/02.html" "Mozilla/5.0 (Windows NT 6.1; WOW64) AppleWebKit/537.36 (KHTML, like Gecko) Chrome/29.0.1547.66 Safari/537.36"
66.249.78.36 - - [07/Sep/2013:10:28:14 +0200] "GET /robots.txt HTTP/1.1" 404 1256 "-" "Mozilla/5.0 (compatible; Googlebot/2.1; +http://www.google.com/bot.html)"
66.249.78.36 - - [07/Sep/2013:10:28:14 +0200] "GET / HTTP/1.1" 200 2366 "-" "Mozilla/5.0 (iPhone; U; CPU iPhone OS 4_1 like Mac OS X; en-us) AppleWebKit/532.9 (KHTML, like Gecko) Version/4.0.5 Mobile/8B117 Safari/6531.22.7 (compatible; Googlebot-Mobile/2.1; +http://www.google.com/bot.html)"
93.232.27.53 - - [07/Sep/2013:10:28:43 +0200] "HEAD / HTTP/1.1" 200 - "-" "LWP::Simple/6.00 libwww-perl/6.04"
93.232.27.53 - - [07/Sep/2013:10:28:43 +0200] "GET / HTTP/1.1" 200 2366 "-" "LWP::Simple/6.00 libwww-perl/6.04"
93.232.27.53 - - [07/Sep/2013:10:28:43 +0200] "GET / HTTP/1.1" 200 2366 "" "suma spider"
91.207.4.206 - - [07/Sep/2013:12:03:44 +0200] "GET / HTTP/1.1" 200 2366 "http://www.bravica.com/ru/" "Mozilla/4.0 (compatible; MSIE 6.0; Windows 98; Win 9x 4.90; Creative)"
91.207.4.206 - - [07/Sep/2013:12:03:45 +0200] "GET / HTTP/1.1" 200 2366 "http://www.bravica.com/ru/" "Mozilla/4.0 (compatible; MSIE 6.0; Windows 98; Win 9x 4.90; Creative)"
91.207.4.206 - - [07/Sep/2013:12:03:45 +0200] "GET / HTTP/1.1" 200 2366 "http://www.bravica.com/ru/" "Mozilla/4.0 (compatible; MSIE 6.0; Windows 98; Win 9x 4.90; Creative)"
217.230.154.223 - - [07/Sep/2013:12:12:19 +0200] "GET / HTTP/1.1" 200 2366 "http://www.bigfinder.de/online-11.html" "Mozilla/5.0 (Windows; U; Windows NT 6.0; en-US) AppleWebKit/533.4 (KHTML, like Gecko) Chrome/5.0.375.126 Safari/533.4"
37.115.112.43 - - [07/Sep/2013:13:27:48 +0200] "GET / HTTP/1.1" 200 2366 "http://web-uroki.ru/" "Mozilla/4.0 (compatible; MSIE 6.0; Windows NT 5.1; en) Opera 8.00"
37.115.112.43 - - [07/Sep/2013:13:27:48 +0200] "GET / HTTP/1.1" 200 2366 "http://web-uroki.ru/" "Mozilla/4.0 (compatible; MSIE 6.0; Windows NT 5.1; en) Opera 8.00"
37.115.112.43 - - [07/Sep/2013:13:27:49 +0200] "GET / HTTP/1.1" 200 2366 "http://web-uroki.ru/" "Mozilla/4.0 (compatible; MSIE 6.0; Windows NT 5.1; en) Opera 8.00"
8.28.16.254 - - [07/Sep/2013:13:47:24 +0200] "GET /08.html HTTP/1.1" 304 - "-" "Mozilla/4.0 (compatible;)"
81.169.188.167 - - [07/Sep/2013:13:57:20 +0200] "GET / HTTP/1.1" 200 2366 "-" "Mozilla/5.0 (compatible; MSIE 9.0; Windows NT 6.1; de) Opera 11.51"
81.169.188.167 - - [07/Sep/2013:13:59:11 +0200] "GET / HTTP/1.1" 200 2366 "-" "Mozilla/5.0 (compatible; MSIE 9.0; Windows NT 6.1; de) Opera 11.51"
81.169.188.167 - - [07/Sep/2013:13:59:55 +0200] "GET / HTTP/1.1" 200 2366 "-" "Mozilla/5.0 (compatible; MSIE 9.0; Windows NT 6.1; de) Opera 11.51"
81.169.188.167 - - [07/Sep/2013:14:01:31 +0200] "GET / HTTP/1.1" 200 2366 "-" "Mozilla/5.0 (compatible; MSIE 9.0; Windows NT 6.1; de) Opera 11.51"
66.249.78.187 - - [07/Sep/2013:14:35:35 +0200] "GET /robots.txt HTTP/1.1" 404 1256 "-" "Mozilla/5.0 (compatible; Googlebot/2.1; +http://www.google.com/bot.html)"
66.249.78.187 - - [07/Sep/2013:14:35:35 +0200] "GET /00start.swf HTTP/1.1" 200 8575 "-" "Mozilla/5.0 (iPhone; U; CPU iPhone OS 4_1 like Mac OS X; en-us) AppleWebKit/532.9 (KHTML, like Gecko) Version/4.0.5 Mobile/8B117 Safari/6531.22.7 (compatible; Googlebot-Mobile/2.1; +http://www.google.com/bot.html)"
66.249.78.36 - - [07/Sep/2013:14:48:03 +0200] "GET /robots.txt HTTP/1.1" 404 1256 "-" "Mozilla/5.0 (compatible; Googlebot/2.1; +http://www.google.com/bot.html)"
66.249.78.36 - - [07/Sep/2013:14:48:03 +0200] "GET /00start.swf HTTP/1.1" 200 8575 "-" "Mozilla/5.0 (compatible; Googlebot/2.1; +http://www.google.com/bot.html)"
195.242.218.133 - - [07/Sep/2013:15:46:19 +0200] "GET / HTTP/1.1" 200 2366 "http://gribnoybiz.ru/" "Mozilla/4.0 (compatible; MSIE 6.0; Windows NT 5.1; FREE; .NET CLR 1.1.4322)"
195.242.218.133 - - [07/Sep/2013:15:46:19 +0200] "GET / HTTP/1.1" 200 2366 "http://gribnoybiz.ru/" "Mozilla/4.0 (compatible; MSIE 6.0; Windows NT 5.1; FREE; .NET CLR 1.1.4322)"
195.242.218.133 - - [07/Sep/2013:15:46:21 +0200] "GET / HTTP/1.1" 200 2366 "http://gribnoybiz.ru/" "Mozilla/4.0 (compatible; MSIE 6.0; Windows NT 5.1; FREE; .NET CLR 1.1.4322)"
66.249.78.187 - - [07/Sep/2013:16:06:53 +0200] "GET /06.html HTTP/1.1" 304 - "-" "SAMSUNG-SGH-E250/1.0 Profile/MIDP-2.0 Configuration/CLDC-1.1 UP.Browser/6.2.3.3.c.1.101 (GUI) MMP/2.0 (compatible; Googlebot-Mobile/2.1; +http://www.google.com/bot.html)"
157.55.32.189 - - [07/Sep/2013:17:06:31 +0200] "GET /robots.txt HTTP/1.1" 404 1256 "-" "Mozilla/5.0 (compatible; bingbot/2.0; +http://www.bing.com/bingbot.htm)"
157.55.32.189 - - [07/Sep/2013:17:06:56 +0200] "GET / HTTP/1.1" 200 2366 "-" "Mozilla/5.0 (compatible; bingbot/2.0; +http://www.bing.com/bingbot.htm)"
92.150.45.70 - - [07/Sep/2013:17:23:59 +0200] "GET / HTTP/1.1" 200 2366 "http://www.rhoen-klinikum-ag.com/rka/cms/pfk_2/deu/66265.html" "Mozilla/5.0 (iPad; CPU OS 6_1_3 like Mac OS X) AppleWebKit/536.26 (KHTML, like Gecko) Version/6.0 Mobile/10B329 Safari/8536.25"
66.249.75.27 - - [07/Sep/2013:18:38:45 +0200] "GET /06.html HTTP/1.1" 304 - "-" "DoCoMo/2.0 N905i(c100;TB;W24H16) (compatible; Googlebot-Mobile/2.1; +http://www.google.com/bot.html)"
91.207.9.226 - - [07/Sep/2013:19:29:08 +0200] "GET / HTTP/1.1" 200 2366 "http://dojki-porno.com/" "Mozilla/4.0 (compatible; MSIE 6.0; Windows NT 5.1; .NET CLR 1.1.4322)"
91.207.9.226 - - [07/Sep/2013:19:29:09 +0200] "GET / HTTP/1.1" 200 2366 "http://dojki-porno.com/" "Mozilla/4.0 (compatible; MSIE 6.0; Windows NT 5.1; .NET CLR 1.1.4322)"
91.207.9.226 - - [07/Sep/2013:19:29:09 +0200] "GET / HTTP/1.1" 200 2366 "http://dojki-porno.com/" "Mozilla/4.0 (compatible; MSIE 6.0; Windows NT 5.1; .NET CLR 1.1.4322)"
37.49.126.8 - - [07/Sep/2013:20:22:32 +0200] "GET / HTTP/1.1" 200 2366 "-" "Mozilla/5.0 (Windows NT 6.2; WOW64; rv:23.0) Gecko/20100101 Firefox/23.0"
37.49.126.8 - - [07/Sep/2013:20:22:32 +0200] "GET /00start.swf HTTP/1.1" 200 8575 "http://www.dialyse-calw.de/" "Mozilla/5.0 (Windows NT 6.2; WOW64; rv:23.0) Gecko/20100101 Firefox/23.0"
37.49.126.8 - - [07/Sep/2013:20:22:33 +0200] "GET /favicon.ico HTTP/1.1" 404 1256 "-" "Mozilla/5.0 (Windows NT 6.2; WOW64; rv:23.0) Gecko/20100101 Firefox/23.0"
37.49.126.8 - - [07/Sep/2013:20:22:33 +0200] "GET /favicon.ico HTTP/1.1" 404 1256 "-" "Mozilla/5.0 (Windows NT 6.2; WOW64; rv:23.0) Gecko/20100101 Firefox/23.0"
37.49.126.8 - - [07/Sep/2013:20:22:42 +0200] "GET /00themen00.html HTTP/1.1" 200 2254 "http://www.dialyse-calw.de/" "Mozilla/5.0 (Windows NT 6.2; WOW64; rv:23.0) Gecko/20100101 Firefox/23.0"
37.49.126.8 - - [07/Sep/2013:20:22:42 +0200] "GET /AC_RunActiveContent.js HTTP/1.1" 200 8029 "http://www.dialyse-calw.de/00themen00.html" "Mozilla/5.0 (Windows NT 6.2; WOW64; rv:23.0) Gecko/20100101 Firefox/23.0"
37.49.126.8 - - [07/Sep/2013:20:22:42 +0200] "GET /00themen00.swf HTTP/1.1" 200 136579 "http://www.dialyse-calw.de/00themen00.html" "Mozilla/5.0 (Windows NT 6.2; WOW64; rv:23.0) Gecko/20100101 Firefox/23.0"
37.49.126.8 - - [07/Sep/2013:20:22:46 +0200] "GET /04.html HTTP/1.1" 200 2106 "http://www.dialyse-calw.de/00themen00.html" "Mozilla/5.0 (Windows NT 6.2; WOW64; rv:23.0) Gecko/20100101 Firefox/23.0"
37.49.126.8 - - [07/Sep/2013:20:22:46 +0200] "GET /04.swf HTTP/1.1" 200 62769 "http://www.dialyse-calw.de/04.html" "Mozilla/5.0 (Windows NT 6.2; WOW64; rv:23.0) Gecko/20100101 Firefox/23.0"
37.49.126.8 - - [07/Sep/2013:20:22:50 +0200] "GET /04Karteccc.html HTTP/1.1" 200 2077 "http://www.dialyse-calw.de/04.html" "Mozilla/5.0 (Windows NT 6.2; WOW64; rv:23.0) Gecko/20100101 Firefox/23.0"
37.49.126.8 - - [07/Sep/2013:20:22:50 +0200] "GET /04Karteccc.swf HTTP/1.1" 200 32338 "http://www.dialyse-calw.de/04Karteccc.html" "Mozilla/5.0 (Windows NT 6.2; WOW64; rv:23.0) Gecko/20100101 Firefox/23.0"
66.249.78.36 - - [07/Sep/2013:21:07:03 +0200] "GET / HTTP/1.1" 200 2366 "-" "Mozilla/5.0 (compatible; Googlebot/2.1; +http://www.google.com/bot.html)"
93.232.27.53 - - [07/Sep/2013:21:22:40 +0200] "HEAD / HTTP/1.1" 200 - "-" "LWP::Simple/6.00 libwww-perl/6.04"
93.232.27.53 - - [07/Sep/2013:21:22:40 +0200] "GET / HTTP/1.1" 200 2366 "-" "LWP::Simple/6.00 libwww-perl/6.04"
93.232.27.53 - - [07/Sep/2013:21:22:40 +0200] "GET / HTTP/1.1" 200 2366 "" "suma spider"
157.55.34.98 - - [07/Sep/2013:21:24:41 +0200] "GET /robots.txt HTTP/1.1" 404 1256 "-" "Mozilla/5.0 (compatible; bingbot/2.0; +http://www.bing.com/bingbot.htm)"
157.55.34.98 - - [07/Sep/2013:21:25:18 +0200] "GET / HTTP/1.1" 304 - "-" "Mozilla/5.0 (compatible; bingbot/2.0; +http://www.bing.com/bingbot.htm)"
157.55.33.23 - - [07/Sep/2013:21:31:26 +0200] "GET /robots.txt HTTP/1.1" 404 1256 "-" "Mozilla/5.0 (compatible; bingbot/2.0; +http://www.bing.com/bingbot.htm)"
157.55.33.23 - - [07/Sep/2013:21:31:59 +0200] "GET /05.html HTTP/1.1" 200 1982 "-" "Mozilla/5.0 (compatible; bingbot/2.0; +http://www.bing.com/bingbot.htm)"
157.55.33.23 - - [07/Sep/2013:21:32:06 +0200] "GET /05.swf HTTP/1.1" 200 58083 "-" "Mozilla/5.0 (compatible; bingbot/2.0; +http://www.bing.com/bingbot.htm)"
157.55.32.147 - - [07/Sep/2013:21:33:36 +0200] "GET /robots.txt HTTP/1.1" 404 1256 "-" "Mozilla/5.0 (compatible; bingbot/2.0; +http://www.bing.com/bingbot.htm)"
157.55.32.147 - - [07/Sep/2013:21:34:59 +0200] "GET / HTTP/1.1" 200 2366 "-" "Mozilla/5.0 (compatible; bingbot/2.0; +http://www.bing.com/bingbot.htm)"
66.249.78.187 - - [07/Sep/2013:21:39:32 +0200] "GET / HTTP/1.1" 200 2366 "-" "Mozilla/5.0 (iPhone; U; CPU iPhone OS 4_1 like Mac OS X; en-us) AppleWebKit/532.9 (KHTML, like Gecko) Version/4.0.5 Mobile/8B117 Safari/6531.22.7 (compatible; Googlebot-Mobile/2.1; +http://www.google.com/bot.html)"
66.249.78.36 - - [07/Sep/2013:21:46:02 +0200] "GET / HTTP/1.1" 200 2366 "-" "Mozilla/5.0 (iPhone; U; CPU iPhone OS 4_1 like Mac OS X; en-us) AppleWebKit/532.9 (KHTML, like Gecko) Version/4.0.5 Mobile/8B117 Safari/6531.22.7 (compatible; Googlebot-Mobile/2.1; +http://www.google.com/bot.html)"
66.249.78.187 - - [07/Sep/2013:23:01:29 +0200] "GET /06.html HTTP/1.1" 304 - "-" "Mozilla/5.0 (iPhone; U; CPU iPhone OS 4_1 like Mac OS X; en-us) AppleWebKit/532.9 (KHTML, like Gecko) Version/4.0.5 Mobile/8B117 Safari/6531.22.7 (compatible; Googlebot-Mobile/2.1; +http://www.google.com/bot.html)"
157.55.34.98 - - [07/Sep/2013:23:17:10 +0200] "GET /robots.txt HTTP/1.1" 404 1256 "-" "Mozilla/5.0 (compatible; bingbot/2.0; +http://www.bing.com/bingbot.htm)"
157.55.34.98 - - [07/Sep/2013:23:19:00 +0200] "GET / HTTP/1.1" 200 2366 "-" "Mozilla/5.0 (compatible; bingbot/2.0; +http://www.bing.com/bingbot.htm)"
109.120.157.179 - - [07/Sep/2013:23:59:40 +0200] "GET / HTTP/1.1" 200 2366 "http://vse-kupim.ru/" "Mozilla/5.0 (compatible; Add Catalog/2.1;)"
109.120.157.179 - - [07/Sep/2013:23:59:40 +0200] "GET / HTTP/1.1" 200 2366 "http://vse-kupim.ru/" "Mozilla/5.0 (compatible; Add Catalog/2.1;)"
38.99.82.224 - - [08/Sep/2013:00:30:16 +0200] "GET /robots.txt HTTP/1.0" 404 1256 "-" "Mozilla/4.0 (compatible; MSIE 7.0b; Windows NT 6.0)"
38.99.82.224 - - [08/Sep/2013:00:30:23 +0200] "GET / HTTP/1.0" 200 2366 "-" "Mozilla/4.0 (compatible; MSIE 7.0b; Windows NT 6.0)"
65.55.24.216 - - [08/Sep/2013:01:28:41 +0200] "GET /robots.txt HTTP/1.1" 404 1256 "-" "Mozilla/5.0 (compatible; bingbot/2.0; +http://www.bing.com/bingbot.htm)"
65.55.24.216 - - [08/Sep/2013:01:31:50 +0200] "GET / HTTP/1.1" 200 2366 "-" "Mozilla/5.0 (compatible; bingbot/2.0; +http://www.bing.com/bingbot.htm)"
91.207.9.226 - - [08/Sep/2013:01:57:54 +0200] "GET / HTTP/1.1" 200 2366 "http://www.triados.ru/" "Mozilla/4.0 (compatible; MSIE 6.0; Windows NT 5.1; FREE; .NET CLR 1.1.4322)"
91.207.9.226 - - [08/Sep/2013:01:57:54 +0200] "GET / HTTP/1.1" 200 2366 "http://www.triados.ru/" "Mozilla/4.0 (compatible; MSIE 6.0; Windows NT 5.1; FREE; .NET CLR 1.1.4322)"
91.207.9.226 - - [08/Sep/2013:01:57:55 +0200] "GET / HTTP/1.1" 200 2366 "http://www.triados.ru/" "Mozilla/4.0 (compatible; MSIE 6.0; Windows NT 5.1; FREE; .NET CLR 1.1.4322)"
144.76.42.76 - - [08/Sep/2013:02:44:37 +0200] "GET / HTTP/1.1" 200 2366 "-" "Mozilla/5.0 (Macintosh; Intel Mac OS X 10_8_2) AppleWebKit/537.17 (KHTML, like Gecko) Chrome/24.0.1312.52 Safari/537.17"
217.230.154.223 - - [08/Sep/2013:03:13:48 +0200] "GET / HTTP/1.1" 200 2366 "http://www.bigfinder.de/online-11.html" "Mozilla/4.0 (compatible; MSIE 8.0; Windows NT 6.1; Trident/4.0; SLCC2; .NET CLR 2.0.50727; .NET CLR 3.5.30729; .NET CLR 3.0.30729; Media Center PC 6.0)"
217.230.179.250 - - [08/Sep/2013:03:39:12 +0200] "GET / HTTP/1.1" 200 2366 "http://www.bigfinder.de/online-11.html" "Mozilla/4.0 (compatible; MSIE 8.0; Windows NT 6.0; Trident/4.0; GTB0.0; SLCC1; .NET CLR 2.0.50727; Media Center PC 5.0; .NET CLR 3.5.30729; .NET CLR 3.0.30729; .NET4.0C)"
67.213.90.28 - - [08/Sep/2013:05:20:27 +0200] "GET /robots.txt HTTP/1.1" 404 1256 "-" "Mozilla/4.0 (compatible; MSIE 5.01; Windows NT)"
67.213.90.28 - - [08/Sep/2013:05:20:34 +0200] "GET / HTTP/1.1" 200 2366 "-" "Mozilla/4.0 (compatible; MSIE 5.01; Windows NT)"
87.160.100.188 - - [08/Sep/2013:06:49:03 +0200] "HEAD / HTTP/1.1" 200 - "-" "LWP::Simple/6.00 libwww-perl/6.04"
87.160.100.188 - - [08/Sep/2013:06:49:03 +0200] "GET / HTTP/1.1" 200 2366 "-" "LWP::Simple/6.00 libwww-perl/6.04"
87.160.100.188 - - [08/Sep/2013:06:49:04 +0200] "GET / HTTP/1.1" 200 2366 "" "suma spider"
87.160.100.188 - - [08/Sep/2013:07:52:12 +0200] "HEAD / HTTP/1.1" 200 - "-" "LWP::Simple/6.00 libwww-perl/6.04"
87.160.100.188 - - [08/Sep/2013:07:52:13 +0200] "GET / HTTP/1.1" 200 2366 "-" "LWP::Simple/6.00 libwww-perl/6.04"
87.160.100.188 - - [08/Sep/2013:07:52:15 +0200] "GET / HTTP/1.1" 200 2366 "" "suma spider"
89.200.172.145 - - [08/Sep/2013:08:16:17 +0200] "HEAD / HTTP/1.1" 200 - "-" "-"
78.51.229.146 - - [08/Sep/2013:08:18:40 +0200] "GET / HTTP/1.1" 200 2366 "-" "findlinks/2.6 (+http://wortschatz.uni-leipzig.de/findlinks/)"
217.230.179.250 - - [08/Sep/2013:08:27:31 +0200] "GET / HTTP/1.1" 200 2366 "http://www.bigfinder.de/online-11.html" "Mozilla/4.0 (compatible; MSIE 8.0; Windows NT 5.1; Trident/4.0; FBSMTWB; ATC/1.0; .NET CLR 1.1.4322; ATC/1.0; .NET CLR 2.0.50727; .NET CLR 3.0.4506.2152; .NET CLR 3.5.30729)"
157.55.32.225 - - [08/Sep/2013:08:54:06 +0200] "GET /robots.txt HTTP/1.1" 404 1256 "-" "Mozilla/5.0 (compatible; bingbot/2.0; +http://www.bing.com/bingbot.htm)"
157.55.32.225 - - [08/Sep/2013:08:57:27 +0200] "GET /04Karteaaa.html HTTP/1.1" 200 2077 "-" "Mozilla/5.0 (compatible; bingbot/2.0; +http://www.bing.com/bingbot.htm)"
157.55.32.225 - - [08/Sep/2013:08:57:31 +0200] "GET /04Karteaaa.swf HTTP/1.1" 200 18538 "-" "Mozilla/5.0 (compatible; bingbot/2.0; +http://www.bing.com/bingbot.htm)"
5.10.83.36 - - [08/Sep/2013:09:02:02 +0200] "GET /robots.txt HTTP/1.1" 404 1256 "-" "Mozilla/5.0 (compatible; AhrefsBot/5.0; +http://ahrefs.com/robot/)"
5.10.83.36 - - [08/Sep/2013:09:02:04 +0200] "GET /robots.txt HTTP/1.1" 404 1256 "-" "Mozilla/5.0 (compatible; AhrefsBot/5.0; +http://ahrefs.com/robot/)"
5.10.83.36 - - [08/Sep/2013:09:02:04 +0200] "GET /robots.txt HTTP/1.1" 404 1256 "-" "Mozilla/5.0 (compatible; AhrefsBot/5.0; +http://ahrefs.com/robot/)"
62.153.134.74 - - [08/Sep/2013:09:23:43 +0200] "GET / HTTP/1.0" 200 2366 "http://www.google.de/url?sa=t&rct=j&q=&esrc=s&frm=1&source=web&cd=3&ved=0CDoQFjAC&url=http%3A%2F%2Fwww.dialyse-calw.de%2F&ei=7SQsUpr7OYSThQen_oAo&usg=AFQjCNECMxQiO0NOt3ERqW1uzT1RIToCeg" "Mozilla/4.0 (compatible; MSIE 8.0; Windows NT 5.1; Trident/4.0; .NET CLR 1.1.4322; .NET CLR 2.0.50727; .NET CLR 3.0.4506.2152; .NET CLR 3.5.30729; OfficeLiveConnector.1.5; OfficeLivePatch.1.3)"
62.153.134.74 - - [08/Sep/2013:09:23:43 +0200] "GET /00start.swf HTTP/1.0" 200 8575 "-" "contype"
62.153.134.74 - - [08/Sep/2013:09:23:44 +0200] "GET /favicon.ico HTTP/1.0" 404 1256 "-" "Mozilla/4.0 (compatible; MSIE 8.0; Windows NT 5.1; Trident/4.0; .NET CLR 1.1.4322; .NET CLR 2.0.50727; .NET CLR 3.0.4506.2152; .NET CLR 3.5.30729; OfficeLiveConnector.1.5; OfficeLivePatch.1.3)"
62.153.134.74 - - [08/Sep/2013:09:25:41 +0200] "GET /00themen00.html HTTP/1.0" 200 2254 "http://www.dialyse-calw.de/00start.swf" "Mozilla/4.0 (compatible; MSIE 8.0; Windows NT 5.1; Trident/4.0; .NET CLR 1.1.4322; .NET CLR 2.0.50727; .NET CLR 3.0.4506.2152; .NET CLR 3.5.30729; OfficeLiveConnector.1.5; OfficeLivePatch.1.3)"
62.153.134.74 - - [08/Sep/2013:09:25:41 +0200] "GET /AC_RunActiveContent.js HTTP/1.0" 200 8029 "http://www.dialyse-calw.de/00start.swf" "Mozilla/4.0 (compatible; MSIE 8.0; Windows NT 5.1; Trident/4.0; .NET CLR 1.1.4322; .NET CLR 2.0.50727; .NET CLR 3.0.4506.2152; .NET CLR 3.5.30729; OfficeLiveConnector.1.5; OfficeLivePatch.1.3)"
62.153.134.74 - - [08/Sep/2013:09:25:41 +0200] "GET /00themen00.swf HTTP/1.0" 200 136579 "http://www.dialyse-calw.de/00themen00.html" "Mozilla/4.0 (compatible; MSIE 8.0; Windows NT 5.1; Trident/4.0; .NET CLR 1.1.4322; .NET CLR 2.0.50727; .NET CLR 3.0.4506.2152; .NET CLR 3.5.30729; OfficeLiveConnector.1.5; OfficeLivePatch.1.3)"
62.153.134.74 - - [08/Sep/2013:09:25:45 +0200] "GET /03.html HTTP/1.0" 200 1982 "http://www.dialyse-calw.de/00themen00.swf" "Mozilla/4.0 (compatible; MSIE 8.0; Windows NT 5.1; Trident/4.0; .NET CLR 1.1.4322; .NET CLR 2.0.50727; .NET CLR 3.0.4506.2152; .NET CLR 3.5.30729; OfficeLiveConnector.1.5; OfficeLivePatch.1.3)"
62.153.134.74 - - [08/Sep/2013:09:25:45 +0200] "GET /03.swf HTTP/1.0" 200 74505 "http://www.dialyse-calw.de/03.html" "Mozilla/4.0 (compatible; MSIE 8.0; Windows NT 5.1; Trident/4.0; .NET CLR 1.1.4322; .NET CLR 2.0.50727; .NET CLR 3.0.4506.2152; .NET CLR 3.5.30729; OfficeLiveConnector.1.5; OfficeLivePatch.1.3)"
66.249.78.36 - - [08/Sep/2013:09:49:07 +0200] "GET /robots.txt HTTP/1.1" 404 1256 "-" "Mozilla/5.0 (compatible; Googlebot/2.1; +http://www.google.com/bot.html)"
141.8.147.12 - - [08/Sep/2013:09:55:33 +0200] "GET /robots.txt HTTP/1.1" 404 1256 "-" "Mozilla/5.0 (compatible; YandexBot/3.0; +http://yandex.com/bots)"
87.160.100.188 - - [08/Sep/2013:10:51:24 +0200] "HEAD / HTTP/1.1" 200 - "-" "LWP::Simple/6.00 libwww-perl/6.04"
87.160.100.188 - - [08/Sep/2013:10:51:25 +0200] "GET / HTTP/1.1" 200 2366 "-" "LWP::Simple/6.00 libwww-perl/6.04"
87.160.100.188 - - [08/Sep/2013:10:51:25 +0200] "GET / HTTP/1.1" 200 2366 "" "suma spider"
141.8.147.12 - - [08/Sep/2013:11:06:33 +0200] "GET / HTTP/1.1" 200 2366 "-" "Mozilla/5.0 (compatible; YandexBot/3.0; +http://yandex.com/bots)"
141.8.147.12 - - [08/Sep/2013:11:06:38 +0200] "GET /00start.swf HTTP/1.1" 200 8575 "-" "Mozilla/5.0 (compatible; YandexBot/3.0; +http://yandex.com/bots)"
199.192.207.146 - - [08/Sep/2013:12:28:16 +0200] "GET /robots.txt HTTP/1.0" 404 1256 "-" "Mozilla/5.0 (compatible; MJ12bot/v1.4.4; http://www.majestic12.co.uk/bot.php?+)"
199.192.207.146 - - [08/Sep/2013:12:28:18 +0200] "GET /index.html HTTP/1.0" 200 2366 "-" "Mozilla/5.0 (compatible; MJ12bot/v1.4.4; http://www.majestic12.co.uk/bot.php?+)"
66.249.78.187 - - [08/Sep/2013:12:46:42 +0200] "GET /robots.txt HTTP/1.1" 404 1256 "-" "Mozilla/5.0 (compatible; Googlebot/2.1; +http://www.google.com/bot.html)"
66.249.78.187 - - [08/Sep/2013:12:46:42 +0200] "GET /00themen00.html HTTP/1.1" 304 - "-" "Mozilla/5.0 (iPhone; U; CPU iPhone OS 4_1 like Mac OS X; en-us) AppleWebKit/532.9 (KHTML, like Gecko) Version/4.0.5 Mobile/8B117 Safari/6531.22.7 (compatible; Googlebot-Mobile/2.1; +http://www.google.com/bot.html)"
66.249.78.187 - - [08/Sep/2013:13:22:35 +0200] "GET /00themen00.html HTTP/1.1" 304 - "-" "Mozilla/5.0 (iPhone; U; CPU iPhone OS 4_1 like Mac OS X; en-us) AppleWebKit/532.9 (KHTML, like Gecko) Version/4.0.5 Mobile/8B117 Safari/6531.22.7 (compatible; Googlebot-Mobile/2.1; +http://www.google.com/bot.html)"
87.160.100.188 - - [08/Sep/2013:14:03:35 +0200] "HEAD / HTTP/1.1" 200 - "-" "LWP::Simple/6.00 libwww-perl/6.04"
87.160.100.188 - - [08/Sep/2013:14:03:35 +0200] "GET / HTTP/1.1" 200 2366 "-" "LWP::Simple/6.00 libwww-perl/6.04"
87.160.100.188 - - [08/Sep/2013:14:03:35 +0200] "GET / HTTP/1.1" 200 2366 "" "suma spider"
109.192.163.47 - - [08/Sep/2013:14:40:08 +0200] "GET / HTTP/1.1" 200 2366 "http://pforzheim.cylex.de/firma-home/dr--med--michael-frank-5135857.html" "Mozilla/5.0 (Windows NT 6.1; WOW64; rv:23.0) Gecko/20100101 Firefox/23.0"
109.192.163.47 - - [08/Sep/2013:14:40:08 +0200] "GET /00start.swf HTTP/1.1" 200 8575 "http://www.dialyse-pforzheim.de/" "Mozilla/5.0 (Windows NT 6.1; WOW64; rv:23.0) Gecko/20100101 Firefox/23.0"
109.192.163.47 - - [08/Sep/2013:14:40:08 +0200] "GET /favicon.ico HTTP/1.1" 404 1256 "-" "Mozilla/5.0 (Windows NT 6.1; WOW64; rv:23.0) Gecko/20100101 Firefox/23.0"
109.192.163.47 - - [08/Sep/2013:14:40:08 +0200] "GET /favicon.ico HTTP/1.1" 404 1256 "-" "Mozilla/5.0 (Windows NT 6.1; WOW64; rv:23.0) Gecko/20100101 Firefox/23.0"
109.192.163.47 - - [08/Sep/2013:14:40:12 +0200] "GET /00themen00.html HTTP/1.1" 200 2254 "http://www.dialyse-pforzheim.de/" "Mozilla/5.0 (Windows NT 6.1; WOW64; rv:23.0) Gecko/20100101 Firefox/23.0"
109.192.163.47 - - [08/Sep/2013:14:40:12 +0200] "GET /AC_RunActiveContent.js HTTP/1.1" 200 8029 "http://www.dialyse-pforzheim.de/00themen00.html" "Mozilla/5.0 (Windows NT 6.1; WOW64; rv:23.0) Gecko/20100101 Firefox/23.0"
109.192.163.47 - - [08/Sep/2013:14:40:12 +0200] "GET /00themen00.swf HTTP/1.1" 200 136579 "http://www.dialyse-pforzheim.de/00themen00.html" "Mozilla/5.0 (Windows NT 6.1; WOW64; rv:23.0) Gecko/20100101 Firefox/23.0"
109.192.163.47 - - [08/Sep/2013:14:40:14 +0200] "GET /03.html HTTP/1.1" 200 1982 "http://www.dialyse-pforzheim.de/00themen00.html" "Mozilla/5.0 (Windows NT 6.1; WOW64; rv:23.0) Gecko/20100101 Firefox/23.0"
109.192.163.47 - - [08/Sep/2013:14:40:14 +0200] "GET /03.swf HTTP/1.1" 200 74505 "http://www.dialyse-pforzheim.de/03.html" "Mozilla/5.0 (Windows NT 6.1; WOW64; rv:23.0) Gecko/20100101 Firefox/23.0"
178.1.145.103 - - [08/Sep/2013:16:03:31 +0200] "GET / HTTP/1.1" 200 2366 "http://www.google.de/url?sa=t&rct=j&q=&esrc=s&source=web&cd=1&ved=0CDEQFjAA&url=http%3A%2F%2Fwww.dialyse-calw.de%2F&ei=SoMsUoywO4nIswa4p4GQDg&usg=AFQjCNECMxQiO0NOt3ERqW1uzT1RIToCeg&sig2=EeQ5T9lR0pPecyuLaoYezA&bvm=bv.51773540,d.Yms" "Mozilla/5.0 (Windows NT 6.2; WOW64; rv:23.0) Gecko/20100101 Firefox/23.0"
178.1.145.103 - - [08/Sep/2013:16:03:31 +0200] "GET /00start.swf HTTP/1.1" 200 8575 "http://www.dialyse-calw.de/" "Mozilla/5.0 (Windows NT 6.2; WOW64; rv:23.0) Gecko/20100101 Firefox/23.0"
178.1.145.103 - - [08/Sep/2013:16:03:32 +0200] "GET /favicon.ico HTTP/1.1" 404 1256 "-" "Mozilla/5.0 (Windows NT 6.2; WOW64; rv:23.0) Gecko/20100101 Firefox/23.0"
66.249.78.235 - - [08/Sep/2013:16:05:57 +0200] "GET /robots.txt HTTP/1.1" 404 1256 "-" "Mozilla/5.0 (compatible; Googlebot/2.1; +http://www.google.com/bot.html)"
66.249.78.235 - - [08/Sep/2013:16:05:57 +0200] "GET /09a.swf HTTP/1.1" 200 20604 "-" "Mozilla/5.0 (iPhone; U; CPU iPhone OS 4_1 like Mac OS X; en-us) AppleWebKit/532.9 (KHTML, like Gecko) Version/4.0.5 Mobile/8B117 Safari/6531.22.7 (compatible; Googlebot-Mobile/2.1; +http://www.google.com/bot.html)"
46.118.126.194 - - [08/Sep/2013:16:18:32 +0200] "GET / HTTP/1.1" 200 2366 "http://game-steam.com/" "Mozilla/4.0 (compatible; MSIE 6.0; Windows NT 5.1; SV1)"
46.118.126.194 - - [08/Sep/2013:16:18:32 +0200] "GET / HTTP/1.1" 200 2366 "http://adr2.ru/" "Mozilla/4.7 (compatible; OffByOne; Windows 2000) Webster Pro V3.4"
46.118.126.194 - - [08/Sep/2013:16:18:32 +0200] "GET / HTTP/1.1" 200 2366 "http://game-steam.com/" "Mozilla/4.0 (compatible; MSIE 6.0; Windows NT 5.1; SV1)"
46.118.126.194 - - [08/Sep/2013:16:18:33 +0200] "GET / HTTP/1.1" 200 2366 "http://adr2.ru/" "Mozilla/4.7 (compatible; OffByOne; Windows 2000) Webster Pro V3.4"
46.118.126.194 - - [08/Sep/2013:16:18:33 +0200] "GET / HTTP/1.1" 200 2366 "http://game-steam.com/" "Mozilla/4.0 (compatible; MSIE 6.0; Windows NT 5.1; SV1)"
46.118.126.194 - - [08/Sep/2013:16:18:34 +0200] "GET / HTTP/1.1" 200 2366 "http://adr2.ru/" "Mozilla/4.7 (compatible; OffByOne; Windows 2000) Webster Pro V3.4"
46.119.118.152 - - [08/Sep/2013:16:26:00 +0200] "GET / HTTP/1.1" 200 2366 "http://narkozavisimosti-lechenie.ru/" "Mozilla/4.7 (compatible; OffByOne; Windows 2000) Webster Pro V3.4"
46.119.118.152 - - [08/Sep/2013:16:26:00 +0200] "GET / HTTP/1.1" 200 2366 "http://www.bravica.tw/ru/" "Mozilla/4.7 (compatible; OffByOne; Windows 2000) Webster Pro V3.4"
46.119.118.152 - - [08/Sep/2013:16:26:00 +0200] "GET / HTTP/1.1" 200 2366 "http://narkozavisimosti-lechenie.ru/" "Mozilla/4.7 (compatible; OffByOne; Windows 2000) Webster Pro V3.4"
46.119.118.152 - - [08/Sep/2013:16:26:00 +0200] "GET / HTTP/1.1" 200 2366 "http://www.bravica.tw/ru/" "Mozilla/4.7 (compatible; OffByOne; Windows 2000) Webster Pro V3.4"
46.119.118.152 - - [08/Sep/2013:16:26:00 +0200] "GET / HTTP/1.1" 200 2366 "http://narkozavisimosti-lechenie.ru/" "Mozilla/4.7 (compatible; OffByOne; Windows 2000) Webster Pro V3.4"
46.119.118.152 - - [08/Sep/2013:16:26:00 +0200] "GET / HTTP/1.1" 200 2366 "http://www.bravica.tw/ru/" "Mozilla/4.7 (compatible; OffByOne; Windows 2000) Webster Pro V3.4"
199.19.249.196 - - [08/Sep/2013:17:26:47 +0200] "GET /00themen00.html HTTP/1.1" 200 2254 "-" "Mozilla/4.0 (compatible; MSIE 7.0; Windows NT 5.1; InfoPath.1; .NET CLR 2.0.50727; .NET CLR 1.1.4322; MS-RTC LM 8; .NET CLR 3.0.4506.2152; .NET CLR 3.5.30729)"
91.224.226.196 - - [08/Sep/2013:17:26:47 +0200] "GET /00themen00.html HTTP/1.1" 304 - "-" "Mozilla/4.0 (compatible;)"
64.246.165.170 - - [08/Sep/2013:17:34:59 +0200] "GET /robots.txt HTTP/1.0" 404 1256 "-" "Mozilla/5.0 (Windows; U; Windows NT 5.1; en; rv:1.9.0.13) Gecko/2009073022 Firefox/3.5.2 (.NET CLR 3.5.30729) SurveyBot/2.3 (DomainTools)"
64.246.165.170 - - [08/Sep/2013:17:34:59 +0200] "GET / HTTP/1.1" 200 2366 "http://whois.domaintools.com/dialyse-nagold.de" "Mozilla/5.0 (Windows; U; Windows NT 5.1; en; rv:1.9.0.13) Gecko/2009073022 Firefox/3.5.2 (.NET CLR 3.5.30729) SurveyBot/2.3 (DomainTools)"
64.246.165.170 - - [08/Sep/2013:17:41:57 +0200] "GET /robots.txt HTTP/1.0" 404 1256 "-" "Mozilla/5.0 (Windows; U; Windows NT 5.1; en; rv:1.9.0.13) Gecko/2009073022 Firefox/3.5.2 (.NET CLR 3.5.30729) SurveyBot/2.3 (DomainTools)"
64.246.165.170 - - [08/Sep/2013:17:41:58 +0200] "GET / HTTP/1.1" 200 2366 "http://whois.domaintools.com/dialyse-calw.de" "Mozilla/5.0 (Windows; U; Windows NT 5.1; en; rv:1.9.0.13) Gecko/2009073022 Firefox/3.5.2 (.NET CLR 3.5.30729) SurveyBot/2.3 (DomainTools)"
216.145.5.42 - - [08/Sep/2013:17:42:18 +0200] "GET /robots.txt HTTP/1.0" 404 1256 "-" "Mozilla/5.0 (Windows; U; Windows NT 5.1; en; rv:1.9.0.13) Gecko/2009073022 Firefox/3.5.2 (.NET CLR 3.5.30729) SurveyBot/2.3 (DomainTools)"
216.145.5.42 - - [08/Sep/2013:17:42:18 +0200] "GET / HTTP/1.1" 200 2366 "http://whois.domaintools.com/dialyse-pforzheim-klinikum.de" "Mozilla/5.0 (Windows; U; Windows NT 5.1; en; rv:1.9.0.13) Gecko/2009073022 Firefox/3.5.2 (.NET CLR 3.5.30729) SurveyBot/2.3 (DomainTools)"
91.20.36.22 - - [08/Sep/2013:18:05:20 +0200] "GET / HTTP/1.1" 200 2366 "http://www.nierenzentrum-heidelberg.com/index.php?id=234&L=" "Mozilla/5.0 (compatible; MSIE 10.0; Windows NT 6.1; Trident/6.0; MAMD)"
91.20.36.22 - - [08/Sep/2013:18:05:20 +0200] "HEAD /00start.swf HTTP/1.1" 200 - "-" "contype"
91.20.36.22 - - [08/Sep/2013:18:05:20 +0200] "GET /favicon.ico HTTP/1.1" 404 1256 "-" "Mozilla/5.0 (compatible; MSIE 10.0; Windows NT 6.1; Trident/6.0; MAMD)"
216.145.11.94 - - [08/Sep/2013:18:16:18 +0200] "GET /robots.txt HTTP/1.0" 404 1256 "-" "Mozilla/5.0 (Windows; U; Windows NT 5.1; en; rv:1.9.0.13) Gecko/2009073022 Firefox/3.5.2 (.NET CLR 3.5.30729) SurveyBot/2.3 (DomainTools)"
216.145.11.94 - - [08/Sep/2013:18:16:18 +0200] "GET / HTTP/1.1" 200 2366 "http://whois.domaintools.com/dialyse-pforzheim.de" "Mozilla/5.0 (Windows; U; Windows NT 5.1; en; rv:1.9.0.13) Gecko/2009073022 Firefox/3.5.2 (.NET CLR 3.5.30729) SurveyBot/2.3 (DomainTools)"
66.249.78.187 - - [08/Sep/2013:18:21:46 +0200] "GET /00start.swf HTTP/1.1" 200 8575 "-" "SAMSUNG-SGH-E250/1.0 Profile/MIDP-2.0 Configuration/CLDC-1.1 UP.Browser/6.2.3.3.c.1.101 (GUI) MMP/2.0 (compatible; Googlebot-Mobile/2.1; +http://www.google.com/bot.html)"
66.249.75.27 - - [08/Sep/2013:20:11:59 +0200] "GET /00start.swf HTTP/1.1" 200 8575 "-" "DoCoMo/2.0 N905i(c100;TB;W24H16) (compatible; Googlebot-Mobile/2.1; +http://www.google.com/bot.html)"
91.224.226.196 - - [08/Sep/2013:21:07:06 +0200] "GET /00start.swf HTTP/1.1" 304 - "-" "Mozilla/4.0 (compatible;)"
46.118.126.194 - - [08/Sep/2013:21:48:20 +0200] "GET / HTTP/1.1" 200 2366 "http://telety.ru/" "Mozilla/4.7 (compatible; OffByOne; Windows 2000) Webster Pro V3.4"
46.118.126.194 - - [08/Sep/2013:21:48:20 +0200] "GET / HTTP/1.1" 200 2366 "http://telety.ru/" "Mozilla/4.7 (compatible; OffByOne; Windows 2000) Webster Pro V3.4"
46.118.126.194 - - [08/Sep/2013:21:48:20 +0200] "GET / HTTP/1.1" 200 2366 "http://telety.ru/" "Mozilla/4.7 (compatible; OffByOne; Windows 2000) Webster Pro V3.4"
81.0.199.226 - - [08/Sep/2013:22:08:55 +0200] "GET / HTTP/1.0" 200 2366 "-" "Mozilla/5.0 (Windows NT 6.1) AppleWebKit/536.3 (KHTML, like Gecko) Chrome/19.0.1061.1 Safari/536.3"
217.230.179.250 - - [08/Sep/2013:22:46:25 +0200] "GET / HTTP/1.1" 200 2366 "http://www.bigfinder.de/online-11.html" "Mozilla/5.0 (Windows; U; Windows NT 6.0; en-US) AppleWebKit/533.4 (KHTML, like Gecko) Chrome/5.0.375.126 Safari/533.4"
141.8.147.12 - - [08/Sep/2013:23:57:35 +0200] "GET /robots.txt HTTP/1.1" 404 1256 "-" "Mozilla/5.0 (compatible; YandexBot/3.0; +http://yandex.com/bots)"
141.8.147.12 - - [09/Sep/2013:01:54:46 +0200] "GET /04Kartebbb.swf HTTP/1.1" 200 32635 "-" "Mozilla/5.0 (compatible; YandexBot/3.0; +http://yandex.com/bots)"
91.224.226.196 - - [09/Sep/2013:02:53:33 +0200] "GET /AC_RunActiveContent.js HTTP/1.1" 304 - "-" "Mozilla/4.0 (compatible;)"
199.19.249.196 - - [09/Sep/2013:03:03:31 +0200] "GET / HTTP/1.1" 200 2366 "-" "Mozilla/4.0 (compatible; MSIE 7.0; Windows NT 5.1; InfoPath.1; .NET CLR 2.0.50727; .NET CLR 1.1.4322; MS-RTC LM 8; .NET CLR 3.0.4506.2152; .NET CLR 3.5.30729)"
91.224.226.196 - - [09/Sep/2013:03:03:31 +0200] "GET / HTTP/1.1" 304 - "-" "Mozilla/4.0 (compatible;)"
178.137.92.229 - - [09/Sep/2013:03:21:23 +0200] "GET / HTTP/1.1" 200 2366 "http://cleaning-uborka.ru/" "Mozilla/4.0 (compatible; MSIE 6.0; Windows NT 5.1; TheFreeDictionary.com; .NET CLR 1.1.4322; .NET CLR 1.0.3705; .NET CLR 2.0.50727)"
178.137.92.229 - - [09/Sep/2013:03:21:24 +0200] "GET / HTTP/1.1" 200 2366 "http://cleaning-uborka.ru/" "Mozilla/4.0 (compatible; MSIE 6.0; Windows NT 5.1; TheFreeDictionary.com; .NET CLR 1.1.4322; .NET CLR 1.0.3705; .NET CLR 2.0.50727)"
178.137.92.229 - - [09/Sep/2013:03:21:24 +0200] "GET / HTTP/1.1" 200 2366 "http://cleaning-uborka.ru/" "Mozilla/4.0 (compatible; MSIE 6.0; Windows NT 5.1; TheFreeDictionary.com; .NET CLR 1.1.4322; .NET CLR 1.0.3705; .NET CLR 2.0.50727)"
66.249.78.235 - - [09/Sep/2013:03:34:26 +0200] "GET /robots.txt HTTP/1.1" 404 1256 "-" "Mozilla/5.0 (compatible; Googlebot/2.1; +http://www.google.com/bot.html)"
66.249.78.235 - - [09/Sep/2013:03:34:26 +0200] "GET /04.html HTTP/1.1" 200 2106 "-" "SAMSUNG-SGH-E250/1.0 Profile/MIDP-2.0 Configuration/CLDC-1.1 UP.Browser/6.2.3.3.c.1.101 (GUI) MMP/2.0 (compatible; Googlebot-Mobile/2.1; +http://www.google.com/bot.html)"
141.8.147.12 - - [09/Sep/2013:03:34:37 +0200] "GET /robots.txt HTTP/1.1" 404 1256 "-" "Mozilla/5.0 (compatible; YandexBot/3.0; +http://yandex.com/bots)"
141.8.147.12 - - [09/Sep/2013:03:52:59 +0200] "GET /04.swf HTTP/1.1" 200 62769 "-" "Mozilla/5.0 (compatible; YandexBot/3.0; +http://yandex.com/bots)"
66.249.78.235 - - [09/Sep/2013:03:59:15 +0200] "GET /04.swf HTTP/1.1" 200 62769 "-" "Mozilla/5.0 (compatible; Googlebot/2.1; +http://www.google.com/bot.html)"
66.249.75.214 - - [09/Sep/2013:05:25:28 +0200] "GET /04.html HTTP/1.1" 200 2106 "-" "DoCoMo/2.0 N905i(c100;TB;W24H16) (compatible; Googlebot-Mobile/2.1; +http://www.google.com/bot.html)"
5.10.83.61 - - [09/Sep/2013:05:27:49 +0200] "GET / HTTP/1.1" 200 2366 "-" "Mozilla/5.0 (compatible; AhrefsBot/5.0; +http://ahrefs.com/robot/)"
141.8.147.12 - - [09/Sep/2013:05:46:56 +0200] "GET /04Karteccc.swf HTTP/1.1" 200 32338 "-" "Mozilla/5.0 (compatible; YandexBot/3.0; +http://yandex.com/bots)"
91.207.9.226 - - [09/Sep/2013:05:59:42 +0200] "GET / HTTP/1.1" 200 2366 "http://wmcbank.com/" "Mozilla/4.0 (compatible; MSIE 5.5; Windows 98)"
91.207.9.226 - - [09/Sep/2013:05:59:42 +0200] "GET / HTTP/1.1" 200 2366 "http://wmcbank.com/" "Mozilla/4.0 (compatible; MSIE 5.5; Windows 98)"
91.207.9.226 - - [09/Sep/2013:05:59:43 +0200] "GET / HTTP/1.1" 200 2366 "http://wmcbank.com/" "Mozilla/4.0 (compatible; MSIE 5.5; Windows 98)"
5.10.83.48 - - [09/Sep/2013:06:37:44 +0200] "GET / HTTP/1.1" 200 2366 "-" "Mozilla/5.0 (compatible; AhrefsBot/5.0; +http://ahrefs.com/robot/)"
91.207.4.206 - - [09/Sep/2013:07:09:19 +0200] "GET / HTTP/1.1" 200 2366 "http://ave.biz.ua/" "Mozilla/4.0 (compatible; MSIE 5.5; Windows NT 5.0; T312461)"
91.207.4.206 - - [09/Sep/2013:07:09:20 +0200] "GET / HTTP/1.1" 200 2366 "http://ave.biz.ua/" "Mozilla/4.0 (compatible; MSIE 5.5; Windows NT 5.0; T312461)"
91.207.4.206 - - [09/Sep/2013:07:09:20 +0200] "GET / HTTP/1.1" 200 2366 "http://ave.biz.ua/" "Mozilla/4.0 (compatible; MSIE 5.5; Windows NT 5.0; T312461)"
141.8.147.12 - - [09/Sep/2013:07:27:01 +0200] "GET /03.swf HTTP/1.1" 200 74505 "-" "Mozilla/5.0 (compatible; YandexBot/3.0; +http://yandex.com/bots)"
141.8.147.12 - - [09/Sep/2013:07:43:26 +0200] "GET /04Karteddd.swf HTTP/1.1" 200 33790 "-" "Mozilla/5.0 (compatible; YandexBot/3.0; +http://yandex.com/bots)"
157.55.33.253 - - [09/Sep/2013:07:46:44 +0200] "GET /robots.txt HTTP/1.1" 404 1256 "-" "Mozilla/5.0 (compatible; bingbot/2.0; +http://www.bing.com/bingbot.htm)"
157.55.35.105 - - [09/Sep/2013:07:47:25 +0200] "GET /04Kartebbb.swf HTTP/1.1" 200 32635 "-" "Mozilla/5.0 (compatible; bingbot/2.0; +http://www.bing.com/bingbot.htm)"
157.55.33.253 - - [09/Sep/2013:07:48:06 +0200] "GET /04Kartebbb.html HTTP/1.1" 200 2077 "-" "Mozilla/5.0 (compatible; bingbot/2.0; +http://www.bing.com/bingbot.htm)"
89.200.172.145 - - [09/Sep/2013:08:23:18 +0200] "HEAD / HTTP/1.1" 200 - "-" "-"
84.171.135.151 - - [09/Sep/2013:08:38:59 +0200] "GET / HTTP/1.1" 200 2366 "http://www.google.de/url?sa=t&rct=j&q=&esrc=s&source=web&cd=1&ved=0CDEQFjAA&url=http%3A%2F%2Fwww.dialyse-calw.de%2F&ei=d2wtUtSWKrOM4gSJ0ID4AQ&usg=AFQjCNECMxQiO0NOt3ERqW1uzT1RIToCeg&bvm=bv.51773540,d.bGE" "Mozilla/5.0 (Windows NT 6.0; rv:20.0) Gecko/20100101 Firefox/20.0"
84.171.135.151 - - [09/Sep/2013:08:39:00 +0200] "GET /00start.swf HTTP/1.1" 200 8575 "http://www.dialyse-calw.de/" "Mozilla/5.0 (Windows NT 6.0; rv:20.0) Gecko/20100101 Firefox/20.0"
84.171.135.151 - - [09/Sep/2013:08:39:00 +0200] "GET /favicon.ico HTTP/1.1" 404 1256 "-" "Mozilla/5.0 (Windows NT 6.0; rv:20.0) Gecko/20100101 Firefox/20.0"
178.15.147.210 - - [09/Sep/2013:08:39:33 +0200] "GET / HTTP/1.1" 200 2366 "http://www.bing.com/search?q=nephrologisches+Zentrum+pforzheim&src=IE-SearchBox&FORM=IE8SRC" "Mozilla/4.0 (compatible; MSIE 8.0; Windows NT 6.1; WOW64; Trident/4.0; SLCC2; .NET CLR 2.0.50727; .NET CLR 3.5.30729; .NET CLR 3.0.30729; .NET4.0C; .NET4.0E)"
178.15.147.210 - - [09/Sep/2013:08:39:33 +0200] "GET /00start.swf HTTP/1.1" 200 8575 "-" "contype"
178.15.147.210 - - [09/Sep/2013:08:39:33 +0200] "GET /00start.swf HTTP/1.1" 200 8575 "http://www.dialyse-pforzheim.de/" "Mozilla/4.0 (compatible; MSIE 8.0; Windows NT 6.1; WOW64; Trident/4.0; SLCC2; .NET CLR 2.0.50727; .NET CLR 3.5.30729; .NET CLR 3.0.30729; .NET4.0C; .NET4.0E)"
178.15.147.210 - - [09/Sep/2013:08:39:35 +0200] "GET /favicon.ico HTTP/1.1" 404 1256 "-" "Mozilla/4.0 (compatible; MSIE 8.0; Windows NT 6.1; WOW64; Trident/4.0; SLCC2; .NET CLR 2.0.50727; .NET CLR 3.5.30729; .NET CLR 3.0.30729; .NET4.0C; .NET4.0E)"
178.15.147.210 - - [09/Sep/2013:09:04:07 +0200] "GET / HTTP/1.1" 200 2366 "http://www.bing.com/search?q=dr.+wiedemann+calw+nephrologie&src=IE-SearchBox&FORM=IE8SRC" "Mozilla/4.0 (compatible; MSIE 8.0; Windows NT 6.1; WOW64; Trident/4.0; SLCC2; .NET CLR 2.0.50727; .NET CLR 3.5.30729; .NET CLR 3.0.30729; .NET4.0C; .NET4.0E)"
178.15.147.210 - - [09/Sep/2013:09:04:07 +0200] "GET /00start.swf HTTP/1.1" 200 8575 "-" "contype"
178.15.147.210 - - [09/Sep/2013:09:04:07 +0200] "GET /00start.swf HTTP/1.1" 200 8575 "http://www.dialyse-calw.de/" "Mozilla/4.0 (compatible; MSIE 8.0; Windows NT 6.1; WOW64; Trident/4.0; SLCC2; .NET CLR 2.0.50727; .NET CLR 3.5.30729; .NET CLR 3.0.30729; .NET4.0C; .NET4.0E)"
178.15.147.210 - - [09/Sep/2013:09:04:08 +0200] "GET /favicon.ico HTTP/1.1" 404 1256 "-" "Mozilla/4.0 (compatible; MSIE 8.0; Windows NT 6.1; WOW64; Trident/4.0; SLCC2; .NET CLR 2.0.50727; .NET CLR 3.5.30729; .NET CLR 3.0.30729; .NET4.0C; .NET4.0E)"
178.15.147.210 - - [09/Sep/2013:09:05:05 +0200] "GET /00start.swf HTTP/1.1" 200 8575 "-" "contype"
178.15.147.210 - - [09/Sep/2013:09:05:05 +0200] "GET /00start.swf HTTP/1.1" 200 8575 "http://www.dialyse-pforzheim.de/" "Mozilla/4.0 (compatible; MSIE 8.0; Windows NT 6.1; WOW64; Trident/4.0; SLCC2; .NET CLR 2.0.50727; .NET CLR 3.5.30729; .NET CLR 3.0.30729; .NET4.0C; .NET4.0E)"
178.15.147.210 - - [09/Sep/2013:09:05:05 +0200] "GET /favicon.ico HTTP/1.1" 404 1256 "-" "Mozilla/4.0 (compatible; MSIE 8.0; Windows NT 6.1; WOW64; Trident/4.0; SLCC2; .NET CLR 2.0.50727; .NET CLR 3.5.30729; .NET CLR 3.0.30729; .NET4.0C; .NET4.0E)"
88.68.245.67 - - [09/Sep/2013:09:14:54 +0200] "GET / HTTP/1.1" 200 2366 "http://www.google.de/url?sa=t&rct=j&q=&esrc=s&frm=1&source=web&cd=1&ved=0CD0QFjAA&url=http%3A%2F%2Fwww.dialyse-calw.de%2F&ei=_3QtUuryEsnWtAb6vICYDg&usg=AFQjCNECMxQiO0NOt3ERqW1uzT1RIToCeg&bvm=bv.51773540,d.Yms" "Mozilla/5.0 (compatible; MSIE 10.0; Windows NT 6.1; WOW64; Trident/6.0)"
88.68.245.67 - - [09/Sep/2013:09:14:55 +0200] "HEAD /00start.swf HTTP/1.1" 200 - "-" "contype"
88.68.245.67 - - [09/Sep/2013:09:14:55 +0200] "GET /00start.swf HTTP/1.1" 200 8575 "http://www.dialyse-calw.de/" "Mozilla/5.0 (compatible; MSIE 10.0; Windows NT 6.1; WOW64; Trident/6.0)"
88.68.245.67 - - [09/Sep/2013:09:14:56 +0200] "GET /00themen00.html HTTP/1.1" 200 2254 "http://www.dialyse-calw.de/00start.swf" "Mozilla/5.0 (compatible; MSIE 10.0; Windows NT 6.1; WOW64; Trident/6.0)"
88.68.245.67 - - [09/Sep/2013:09:14:56 +0200] "GET /AC_RunActiveContent.js HTTP/1.1" 200 8029 "http://www.dialyse-calw.de/00start.swf" "Mozilla/5.0 (compatible; MSIE 10.0; Windows NT 6.1; WOW64; Trident/6.0)"
88.68.245.67 - - [09/Sep/2013:09:14:57 +0200] "GET /00themen00.swf HTTP/1.1" 200 136579 "http://www.dialyse-calw.de/00themen00.html" "Mozilla/5.0 (compatible; MSIE 10.0; Windows NT 6.1; WOW64; Trident/6.0)"
88.68.245.67 - - [09/Sep/2013:09:15:03 +0200] "GET /03a.html HTTP/1.1" 200 1991 "http://www.dialyse-calw.de/00themen00.swf" "Mozilla/5.0 (compatible; MSIE 10.0; Windows NT 6.1; WOW64; Trident/6.0)"
88.68.245.67 - - [09/Sep/2013:09:15:03 +0200] "GET /03a.swf HTTP/1.1" 200 94997 "http://www.dialyse-calw.de/03a.html" "Mozilla/5.0 (compatible; MSIE 10.0; Windows NT 6.1; WOW64; Trident/6.0)"
88.68.245.67 - - [09/Sep/2013:09:15:20 +0200] "GET /03.html HTTP/1.1" 200 1982 "http://www.dialyse-calw.de/00themen00.swf" "Mozilla/5.0 (compatible; MSIE 10.0; Windows NT 6.1; WOW64; Trident/6.0)"
88.68.245.67 - - [09/Sep/2013:09:15:20 +0200] "GET /03.swf HTTP/1.1" 200 74505 "http://www.dialyse-calw.de/03.html" "Mozilla/5.0 (compatible; MSIE 10.0; Windows NT 6.1; WOW64; Trident/6.0)"
88.68.245.67 - - [09/Sep/2013:09:15:36 +0200] "HEAD /00start.swf HTTP/1.1" 200 - "-" "contype"
79.200.117.85 - - [09/Sep/2013:09:20:43 +0200] "GET / HTTP/1.1" 200 2366 "http://www.google.de/url?sa=t&rct=j&q=swetlana%20otto%20pforzheim&source=web&cd=1&ved=0CC8QFjAA&url=http%3A%2F%2Fwww.dialyse-calw.de%2F&ei=OXYtUuqmCKq04ATeuYHoAg&usg=AFQjCNECMxQiO0NOt3ERqW1uzT1RIToCeg" "Mozilla/5.0 (Windows NT 6.1; WOW64; rv:23.0) Gecko/20100101 Firefox/23.0"
79.200.117.85 - - [09/Sep/2013:09:20:44 +0200] "GET /00start.swf HTTP/1.1" 200 8575 "http://www.dialyse-calw.de/" "Mozilla/5.0 (Windows NT 6.1; WOW64; rv:23.0) Gecko/20100101 Firefox/23.0"
79.200.117.85 - - [09/Sep/2013:09:20:47 +0200] "GET /favicon.ico HTTP/1.1" 404 1256 "-" "Mozilla/5.0 (Windows NT 6.1; WOW64; rv:23.0) Gecko/20100101 Firefox/23.0"
93.232.38.100 - - [09/Sep/2013:09:35:20 +0200] "HEAD / HTTP/1.1" 200 - "-" "LWP::Simple/6.00 libwww-perl/6.04"
93.232.38.100 - - [09/Sep/2013:09:35:20 +0200] "GET / HTTP/1.1" 200 2366 "-" "LWP::Simple/6.00 libwww-perl/6.04"
93.232.38.100 - - [09/Sep/2013:09:35:21 +0200] "GET / HTTP/1.1" 200 2366 "" "suma spider"
141.8.147.12 - - [09/Sep/2013:09:45:41 +0200] "GET /03a.swf HTTP/1.1" 200 94997 "-" "Mozilla/5.0 (compatible; YandexBot/3.0; +http://yandex.com/bots)"
95.114.162.27 - - [09/Sep/2013:09:48:17 +0200] "GET / HTTP/1.1" 200 2366 "http://www.google.de/search?gl=de&biw=360&bih=390&site=webhp&ei=onwtUvmRM4rWtAb4mYHwBg&q=nagold+urologie&oq=nagold+uro&gs_l=mobile-gws-serp.1.0.0j0i22i30l4.3475.11769.0.13806.26.23.0.3.3.2.286.2743.3j15j2.20.0....0...1c.1.26.mobile-gws-serp..6.20.2552.B-mKo9gHId8" "Mozilla/5.0 (Linux; U; Android 4.2.2; de-de; HTC_One_mini/1.20.161.1 Build/JDQ39) AppleWebKit/534.30 (KHTML, like Gecko) Version/4.0 Mobile Safari/534.30"
66.249.78.187 - - [09/Sep/2013:09:58:21 +0200] "GET /robots.txt HTTP/1.1" 404 1256 "-" "Mozilla/5.0 (compatible; Googlebot/2.1; +http://www.google.com/bot.html)"
66.249.78.187 - - [09/Sep/2013:09:58:21 +0200] "GET / HTTP/1.1" 200 2366 "-" "Mozilla/5.0 (iPhone; U; CPU iPhone OS 4_1 like Mac OS X; en-us) AppleWebKit/532.9 (KHTML, like Gecko) Version/4.0.5 Mobile/8B117 Safari/6531.22.7 (compatible; Googlebot-Mobile/2.1; +http://www.google.com/bot.html)"
91.45.166.47 - - [09/Sep/2013:10:14:21 +0200] "GET /favicon.ico HTTP/1.1" 404 1256 "-" "Mozilla/5.0 (Windows NT 6.1; WOW64; rv:23.0) Gecko/20100101 Firefox/23.0"
91.45.166.47 - - [09/Sep/2013:10:14:22 +0200] "GET /favicon.ico HTTP/1.1" 404 1256 "-" "Mozilla/5.0 (Windows NT 6.1; WOW64; rv:23.0) Gecko/20100101 Firefox/23.0"
91.45.166.47 - - [09/Sep/2013:10:20:41 +0200] "GET /05.html HTTP/1.1" 200 1982 "http://www.dialyse-pforzheim.de/00themen00.html" "Mozilla/5.0 (Windows NT 6.1; WOW64; rv:23.0) Gecko/20100101 Firefox/23.0"
91.45.166.47 - - [09/Sep/2013:10:20:41 +0200] "GET /05.swf HTTP/1.1" 200 58083 "http://www.dialyse-pforzheim.de/05.html" "Mozilla/5.0 (Windows NT 6.1; WOW64; rv:23.0) Gecko/20100101 Firefox/23.0"
91.45.166.47 - - [09/Sep/2013:10:20:57 +0200] "GET /06.html HTTP/1.1" 200 2278 "http://www.dialyse-pforzheim.de/00themen00.html" "Mozilla/5.0 (Windows NT 6.1; WOW64; rv:23.0) Gecko/20100101 Firefox/23.0"
91.45.166.47 - - [09/Sep/2013:10:20:57 +0200] "GET /06.swf HTTP/1.1" 200 20731 "http://www.dialyse-pforzheim.de/06.html" "Mozilla/5.0 (Windows NT 6.1; WOW64; rv:23.0) Gecko/20100101 Firefox/23.0"
91.45.166.47 - - [09/Sep/2013:10:21:17 +0200] "GET /07.html HTTP/1.1" 200 2319 "http://www.dialyse-pforzheim.de/00themen00.html" "Mozilla/5.0 (Windows NT 6.1; WOW64; rv:23.0) Gecko/20100101 Firefox/23.0"
91.45.166.47 - - [09/Sep/2013:10:21:17 +0200] "GET /07.swf HTTP/1.1" 200 20730 "http://www.dialyse-pforzheim.de/07.html" "Mozilla/5.0 (Windows NT 6.1; WOW64; rv:23.0) Gecko/20100101 Firefox/23.0"
66.249.78.36 - - [09/Sep/2013:10:32:55 +0200] "GET /robots.txt HTTP/1.1" 404 1256 "-" "Mozilla/5.0 (compatible; Googlebot/2.1; +http://www.google.com/bot.html)"
66.249.78.36 - - [09/Sep/2013:10:32:55 +0200] "GET / HTTP/1.1" 200 2366 "-" "Mozilla/5.0 (iPhone; U; CPU iPhone OS 4_1 like Mac OS X; en-us) AppleWebKit/532.9 (KHTML, like Gecko) Version/4.0.5 Mobile/8B117 Safari/6531.22.7 (compatible; Googlebot-Mobile/2.1; +http://www.google.com/bot.html)"
91.45.166.47 - - [09/Sep/2013:11:01:58 +0200] "GET /favicon.ico HTTP/1.1" 404 1256 "-" "Mozilla/5.0 (Windows NT 6.1; WOW64; rv:23.0) Gecko/20100101 Firefox/23.0"
91.45.166.47 - - [09/Sep/2013:11:25:20 +0200] "GET /favicon.ico HTTP/1.1" 404 1256 "-" "Mozilla/5.0 (Windows NT 6.1; WOW64; rv:23.0) Gecko/20100101 Firefox/23.0"
91.45.166.47 - - [09/Sep/2013:11:25:21 +0200] "GET /favicon.ico HTTP/1.1" 404 1256 "-" "Mozilla/5.0 (Windows NT 6.1; WOW64; rv:23.0) Gecko/20100101 Firefox/23.0"
178.13.30.145 - - [09/Sep/2013:11:32:10 +0200] "GET /favicon.ico HTTP/1.1" 404 1256 "-" "Mozilla/5.0 (Windows NT 6.1; WOW64) AppleWebKit/537.36 (KHTML, like Gecko) Chrome/29.0.1547.66 Safari/537.36"
93.232.38.100 - - [09/Sep/2013:11:41:16 +0200] "HEAD / HTTP/1.1" 200 - "-" "LWP::Simple/6.00 libwww-perl/6.04"
93.232.38.100 - - [09/Sep/2013:11:41:16 +0200] "GET / HTTP/1.1" 200 2366 "-" "LWP::Simple/6.00 libwww-perl/6.04"
93.232.38.100 - - [09/Sep/2013:11:41:16 +0200] "GET / HTTP/1.1" 200 2366 "" "suma spider"
91.45.166.47 - - [09/Sep/2013:12:07:24 +0200] "GET /04Kartebbb.html HTTP/1.1" 200 2077 "http://www.dialyse-pforzheim.de/04.html" "Mozilla/5.0 (Windows NT 6.1; WOW64; rv:23.0) Gecko/20100101 Firefox/23.0"
91.45.166.47 - - [09/Sep/2013:12:07:25 +0200] "GET /04Kartebbb.swf HTTP/1.1" 200 32635 "http://www.dialyse-pforzheim.de/04Kartebbb.html" "Mozilla/5.0 (Windows NT 6.1; WOW64; rv:23.0) Gecko/20100101 Firefox/23.0"
