72.46.136.178 - - [01/Feb/2015:00:22:09 +0100] "GET / HTTP/1.1" 200 876 "-" "Mozilla/4.0 (compatible; MSIE 6.0; Windows NT 5.1; SV1; Mozilla/4.0 (compatible; MSIE 6.0; Windows NT 5.1; SV1) ; .NET CLR 2.0.50727 ; .NET CLR 4.0.30319)"
93.186.202.241 - - [01/Feb/2015:04:15:59 +0100] "GET / HTTP/1.1" 200 876 "-" "Mozilla/5.0 (compatible; MSIE 10.0; Windows NT 6.1; Trident/5.0)"
192.99.107.100 - - [01/Feb/2015:12:35:06 +0100] "GET /robots.txt HTTP/1.1" 404 1256 "-" "Mozilla/5.0 (compatible; meanpathbot/1.0; +http://www.meanpath.com/meanpathbot.html)"
192.99.107.100 - - [01/Feb/2015:12:35:08 +0100] "GET / HTTP/1.1" 200 876 "-" "Mozilla/5.0 (compatible; meanpathbot/1.0; +http://www.meanpath.com/meanpathbot.html)"
66.249.78.141 - - [03/Feb/2015:03:01:37 +0100] "GET /robots.txt HTTP/1.1" 404 1256 "-" "Mozilla/5.0 (compatible; Googlebot/2.1; +http://www.google.com/bot.html)"
66.249.78.134 - - [03/Feb/2015:03:01:37 +0100] "GET / HTTP/1.1" 200 876 "-" "Mozilla/5.0 (iPhone; CPU iPhone OS 6_0 like Mac OS X) AppleWebKit/536.26 (KHTML, like Gecko) Version/6.0 Mobile/10A5376e Safari/8536.25 (compatible; Googlebot/2.1; +http://www.google.com/bot.html)"
162.243.110.109 - - [03/Feb/2015:05:34:49 +0100] "GET /robots.txt HTTP/1.1" 404 1256 "-" "Mozilla/5.0 (compatible; spbot/4.4.2; +http://OpenLinkProfiler.org/bot )"
162.243.110.109 - - [03/Feb/2015:05:34:54 +0100] "GET / HTTP/1.1" 200 876 "-" "Mozilla/5.0 (compatible; spbot/4.4.2; +http://OpenLinkProfiler.org/bot )"
157.55.39.109 - - [03/Feb/2015:08:26:55 +0100] "GET /robots.txt HTTP/1.1" 404 1256 "-" "Mozilla/5.0 (compatible; bingbot/2.0; +http://www.bing.com/bingbot.htm)"
157.55.39.109 - - [03/Feb/2015:08:27:03 +0100] "GET / HTTP/1.1" 200 876 "-" "Mozilla/5.0 (compatible; bingbot/2.0; +http://www.bing.com/bingbot.htm)"
72.46.136.178 - - [03/Feb/2015:14:41:54 +0100] "GET / HTTP/1.1" 200 876 "-" "Mozilla/4.0 (compatible; MSIE 6.0; Windows NT 5.1; SV1)"
182.118.22.234 - - [04/Feb/2015:01:09:27 +0100] "GET /robots.txt HTTP/1.1" 404 1256 "http://www.die-sehnsucht.com/robots.txt" "Mozilla/5.0 (compatible; MSIE 9.0; Windows NT 6.1; Trident/5.0); 360Spider(compatible; HaosouSpider; http://www.haosou.com/help/help_3_2.html)"
66.249.64.45 - - [04/Feb/2015:03:15:02 +0100] "GET /robots.txt HTTP/1.1" 404 1256 "-" "Mozilla/5.0 (compatible; Googlebot/2.1; +http://www.google.com/bot.html)"
66.249.78.134 - - [04/Feb/2015:03:15:02 +0100] "GET / HTTP/1.1" 200 876 "-" "Mozilla/5.0 (iPhone; CPU iPhone OS 6_0 like Mac OS X) AppleWebKit/536.26 (KHTML, like Gecko) Version/6.0 Mobile/10A5376e Safari/8536.25 (compatible; Googlebot/2.1; +http://www.google.com/bot.html)"
188.165.15.127 - - [04/Feb/2015:16:18:31 +0100] "GET /robots.txt HTTP/1.1" 404 1256 "-" "Mozilla/5.0 (compatible; AhrefsBot/5.0; +http://ahrefs.com/robot/)"
101.226.169.229 - - [05/Feb/2015:02:11:44 +0100] "GET /robots.txt HTTP/1.1" 404 1256 "http://www.die-sehnsucht.com/robots.txt" "Mozilla/5.0 (Windows NT 6.1) AppleWebKit/537.1 (KHTML, like Gecko) Chrome/21.0.1180.89 Safari/537.1; 360Spider(compatible; HaosouSpider; http://www.haosou.com/help/help_3_2.html)"
157.55.39.109 - - [05/Feb/2015:13:33:57 +0100] "GET / HTTP/1.1" 200 876 "-" "Mozilla/5.0 (compatible; bingbot/2.0; +http://www.bing.com/bingbot.htm)"
162.243.246.130 - - [05/Feb/2015:19:57:56 +0100] "GET / HTTP/1.0" 200 876 "-" "Mozilla/5.0 (compatible; NetcraftSurveyAgent/1.0; +info@netcraft.com)"
162.243.246.130 - - [05/Feb/2015:19:57:59 +0100] "GET /frameset/left.htm HTTP/1.0" 200 244 "-" "Mozilla/5.0 (compatible; NetcraftSurveyAgent/1.0; +info@netcraft.com)"
162.243.246.130 - - [05/Feb/2015:19:58:02 +0100] "GET /frameset/top.htm HTTP/1.0" 200 244 "-" "Mozilla/5.0 (compatible; NetcraftSurveyAgent/1.0; +info@netcraft.com)"
162.243.246.130 - - [05/Feb/2015:19:58:05 +0100] "GET /neue_seite_1.htm HTTP/1.0" 200 405 "-" "Mozilla/5.0 (compatible; NetcraftSurveyAgent/1.0; +info@netcraft.com)"
162.243.246.130 - - [05/Feb/2015:19:58:08 +0100] "GET /frameset/bottom.htm HTTP/1.0" 200 244 "-" "Mozilla/5.0 (compatible; NetcraftSurveyAgent/1.0; +info@netcraft.com)"
162.243.246.130 - - [05/Feb/2015:19:58:11 +0100] "GET /frameset/right.htm HTTP/1.0" 200 244 "-" "Mozilla/5.0 (compatible; NetcraftSurveyAgent/1.0; +info@netcraft.com)"
192.99.107.64 - - [06/Feb/2015:06:11:56 +0100] "GET /robots.txt HTTP/1.1" 404 1256 "-" "Mozilla/5.0 (compatible; meanpathbot/1.0; +http://www.meanpath.com/meanpathbot.html)"
192.99.107.64 - - [06/Feb/2015:06:11:57 +0100] "GET / HTTP/1.1" 200 876 "-" "Mozilla/5.0 (compatible; meanpathbot/1.0; +http://www.meanpath.com/meanpathbot.html)"
78.46.100.216 - - [06/Feb/2015:08:31:12 +0100] "GET / HTTP/1.1" 200 876 "-" ""
108.59.8.80 - - [06/Feb/2015:19:33:23 +0100] "GET /robots.txt HTTP/1.0" 404 1256 "-" "Mozilla/5.0 (compatible; MJ12bot/v1.4.5; http://www.majestic12.co.uk/bot.php?+)"
108.59.8.80 - - [06/Feb/2015:19:33:24 +0100] "GET / HTTP/1.0" 200 876 "-" "Mozilla/5.0 (compatible; MJ12bot/v1.4.5; http://www.majestic12.co.uk/bot.php?+)"
66.249.78.148 - - [07/Feb/2015:02:22:09 +0100] "GET /robots.txt HTTP/1.1" 404 1256 "-" "Mozilla/5.0 (compatible; Googlebot/2.1; +http://www.google.com/bot.html)"
66.249.64.45 - - [07/Feb/2015:02:22:09 +0100] "GET / HTTP/1.1" 200 876 "-" "Mozilla/5.0 (compatible; Googlebot/2.1; +http://www.google.com/bot.html)"
176.9.50.42 - - [07/Feb/2015:02:46:16 +0100] "GET / HTTP/1.1" 200 876 "-" "Mozilla/2.0 (compatible; crw)"
66.249.78.148 - - [07/Feb/2015:07:06:27 +0100] "GET /frameset/bottom.htm HTTP/1.1" 200 244 "-" "Mozilla/5.0 (compatible; Googlebot/2.1; +http://www.google.com/bot.html)"
144.76.185.173 - - [07/Feb/2015:07:50:05 +0100] "GET / HTTP/1.1" 200 876 "-" "Mozilla/5.0 (Windows NT 5.1; rv:21.0) Gecko/20130331 Firefox/21.0"
66.249.78.134 - - [07/Feb/2015:12:48:10 +0100] "GET /frameset/top.htm HTTP/1.1" 200 244 "-" "Mozilla/5.0 (compatible; Googlebot/2.1; +http://www.google.com/bot.html)"
173.208.177.59 - - [08/Feb/2015:05:47:44 +0100] "HEAD /wp-login.php HTTP/1.1" 404 - "-" "-"
148.251.75.46 - - [08/Feb/2015:22:34:50 +0100] "GET / HTTP/1.1" 200 876 "-" "Mozilla/5.0 (Windows NT 6.1; rv:12.0) Gecko/ 20120405 Firefox/14.0.1"
173.208.177.59 - - [09/Feb/2015:12:03:26 +0100] "HEAD /include/fckeditor/editor/ HTTP/1.1" 404 - "-" "-"
173.208.177.59 - - [09/Feb/2015:12:03:26 +0100] "HEAD /manage/fckeditor/editor/ HTTP/1.1" 404 - "-" "-"
173.208.177.59 - - [09/Feb/2015:12:03:26 +0100] "HEAD /js/fckeditor/editor/ HTTP/1.1" 404 - "-" "-"
173.208.177.59 - - [09/Feb/2015:12:03:26 +0100] "HEAD /fckeditor/editor/ HTTP/1.1" 404 - "-" "-"
173.208.177.59 - - [09/Feb/2015:12:03:26 +0100] "HEAD /admin/fckeditor/editor/ HTTP/1.1" 404 - "-" "-"
223.27.22.81 - - [10/Feb/2015:15:26:00 +0100] "GET /wp-login.php HTTP/1.1" 404 1256 "-" "Mozilla/5.0 (compatible; MSIE 10.0; Windows NT 6.1; WOW64; Trident/6.0)"
223.27.22.81 - - [10/Feb/2015:15:26:00 +0100] "GET /wp/wp-login.php HTTP/1.1" 404 1256 "-" "Mozilla/5.0 (compatible; MSIE 10.0; Windows NT 6.1; WOW64; Trident/6.0)"
223.27.22.81 - - [10/Feb/2015:15:26:00 +0100] "GET /wordpress/wp-login.php HTTP/1.1" 404 1256 "-" "Mozilla/5.0 (compatible; MSIE 10.0; Windows NT 6.1; WOW64; Trident/6.0)"
223.27.22.81 - - [10/Feb/2015:15:26:01 +0100] "GET /test/wp-login.php HTTP/1.1" 404 1256 "-" "Mozilla/5.0 (compatible; MSIE 10.0; Windows NT 6.1; WOW64; Trident/6.0)"
223.27.22.81 - - [10/Feb/2015:15:26:01 +0100] "GET /site/wp-login.php HTTP/1.1" 404 1256 "-" "Mozilla/5.0 (compatible; MSIE 10.0; Windows NT 6.1; WOW64; Trident/6.0)"
223.27.22.81 - - [10/Feb/2015:15:26:02 +0100] "GET /old/wp-login.php HTTP/1.1" 404 1256 "-" "Mozilla/5.0 (compatible; MSIE 10.0; Windows NT 6.1; WOW64; Trident/6.0)"
223.27.22.81 - - [10/Feb/2015:15:26:02 +0100] "GET /shop/wp-login.php HTTP/1.1" 404 1256 "-" "Mozilla/5.0 (compatible; MSIE 10.0; Windows NT 6.1; WOW64; Trident/6.0)"
223.27.22.81 - - [10/Feb/2015:15:26:02 +0100] "GET /store/wp-login.php HTTP/1.1" 404 1256 "-" "Mozilla/5.0 (compatible; MSIE 10.0; Windows NT 6.1; WOW64; Trident/6.0)"
223.27.22.81 - - [10/Feb/2015:15:26:03 +0100] "GET /blog/wp-login.php HTTP/1.1" 404 1256 "-" "Mozilla/5.0 (compatible; MSIE 10.0; Windows NT 6.1; WOW64; Trident/6.0)"
223.27.22.81 - - [10/Feb/2015:15:26:03 +0100] "GET /blogs/wp-login.php HTTP/1.1" 404 1256 "-" "Mozilla/5.0 (compatible; MSIE 10.0; Windows NT 6.1; WOW64; Trident/6.0)"
223.27.22.81 - - [10/Feb/2015:15:26:03 +0100] "GET /forum/wp-login.php HTTP/1.1" 404 1256 "-" "Mozilla/5.0 (compatible; MSIE 10.0; Windows NT 6.1; WOW64; Trident/6.0)"
104.131.193.94 - - [11/Feb/2015:02:46:33 +0100] "GET / HTTP/1.0" 200 876 "-" "Mozilla/5.0 (compatible; NetcraftSurveyAgent/1.0; +info@netcraft.com)"
104.131.193.94 - - [11/Feb/2015:02:46:37 +0100] "GET /frameset/left.htm HTTP/1.0" 200 244 "-" "Mozilla/5.0 (compatible; NetcraftSurveyAgent/1.0; +info@netcraft.com)"
104.131.193.94 - - [11/Feb/2015:02:46:41 +0100] "GET /frameset/top.htm HTTP/1.0" 200 244 "-" "Mozilla/5.0 (compatible; NetcraftSurveyAgent/1.0; +info@netcraft.com)"
104.131.193.94 - - [11/Feb/2015:02:46:45 +0100] "GET /neue_seite_1.htm HTTP/1.0" 200 405 "-" "Mozilla/5.0 (compatible; NetcraftSurveyAgent/1.0; +info@netcraft.com)"
104.131.193.94 - - [11/Feb/2015:02:46:48 +0100] "GET /frameset/bottom.htm HTTP/1.0" 200 244 "-" "Mozilla/5.0 (compatible; NetcraftSurveyAgent/1.0; +info@netcraft.com)"
104.131.193.94 - - [11/Feb/2015:02:46:52 +0100] "GET /frameset/right.htm HTTP/1.0" 200 244 "-" "Mozilla/5.0 (compatible; NetcraftSurveyAgent/1.0; +info@netcraft.com)"
64.246.165.160 - - [11/Feb/2015:04:51:11 +0100] "GET /robots.txt HTTP/1.0" 404 1256 "-" "Mozilla/5.0 (Windows; U; Windows NT 5.1; en; rv:1.9.0.13) Gecko/2009073022 Firefox/3.5.2 (.NET CLR 3.5.30729) SurveyBot/2.3 (DomainTools)"
64.246.165.160 - - [11/Feb/2015:04:51:11 +0100] "GET / HTTP/1.1" 200 876 "http://whois.domaintools.com/die-sehnsucht.com" "Mozilla/5.0 (Windows; U; Windows NT 5.1; en; rv:1.9.0.13) Gecko/2009073022 Firefox/3.5.2 (.NET CLR 3.5.30729) SurveyBot/2.3 (DomainTools)"
58.20.54.248 - - [11/Feb/2015:05:26:21 +0100] "GET / HTTP/1.1" 200 876 "-" "Mozilla/5.0 (Windows NT 6.1; WOW64; rv:31.0) Gecko/20100101 Firefox/31.0"
148.251.75.46 - - [11/Feb/2015:07:08:22 +0100] "GET / HTTP/1.1" 200 876 "-" "Mozilla/5.0 (Windows NT 6.1; rv:21.0) Gecko/20130328 Firefox/21.0"
54.171.186.27 - - [11/Feb/2015:22:57:49 +0100] "GET / HTTP/1.1" 200 876 "-" "Mozilla/5.0 (Windows NT 6.1; Win64; x64; rv:14.0) Gecko/20120405 Firefox/14.0a1"
54.171.186.27 - - [11/Feb/2015:22:57:49 +0100] "GET /frameset/left.htm HTTP/1.1" 200 244 "-" "Mozilla/4.0 (compatible; MSIE 8.0; Windows NT 5.1; Trident/4.0; FunWebProducts; GTB6.4)"
54.171.186.27 - - [11/Feb/2015:22:57:49 +0100] "GET /frameset/top.htm HTTP/1.1" 200 244 "-" "Mozilla/5.0 (Windows NT 6.0) AppleWebKit/536.5 (KHTML, like Gecko) Chrome/19.0.1084.36 Safari/536.5"
54.171.186.27 - - [11/Feb/2015:22:57:49 +0100] "GET /neue_seite_1.htm HTTP/1.1" 200 405 "-" "Mozilla/5.0 (compatible; MSIE 9.0; Windows NT 6.1; Trident/5.0; yie8)"
54.171.186.27 - - [11/Feb/2015:22:57:49 +0100] "GET /frameset/bottom.htm HTTP/1.1" 200 244 "-" "Mozilla/4.0 (compatible; MSIE 8.0; Windows NT 5.2; Trident/4.0; .NET CLR 1.1.4322; .NET CLR 2.0.50727; .NET CLR 3.0.04506.30)"
54.171.186.27 - - [11/Feb/2015:22:57:49 +0100] "GET /frameset/right.htm HTTP/1.1" 200 244 "-" "Mozilla/5.0 (Windows NT 5.1; rv:15.0) Gecko/20100101 Firefox/13.0.1"
157.55.39.109 - - [12/Feb/2015:02:57:06 +0100] "GET /robots.txt HTTP/1.1" 404 1256 "-" "Mozilla/5.0 (compatible; bingbot/2.0; +http://www.bing.com/bingbot.htm)"
157.55.39.109 - - [12/Feb/2015:02:57:07 +0100] "GET / HTTP/1.1" 200 876 "-" "Mozilla/5.0 (compatible; bingbot/2.0; +http://www.bing.com/bingbot.htm)"
157.55.39.109 - - [12/Feb/2015:02:57:07 +0100] "GET /neue_seite_1.htm HTTP/1.1" 200 405 "-" "Mozilla/5.0 (compatible; bingbot/2.0; +http://www.bing.com/bingbot.htm)"
54.183.153.209 - - [12/Feb/2015:06:50:11 +0100] "GET / HTTP/1.1" 200 876 "-" "Mozilla/5.0 (compatible; Owler/0.4; +; )"
54.183.153.209 - - [12/Feb/2015:06:50:11 +0100] "GET /frameset/left.htm HTTP/1.1" 200 244 "-" "Mozilla/5.0 (compatible; Owler/0.4; +; )"
69.58.178.58 - - [12/Feb/2015:16:57:33 +0100] "GET /robots.txt HTTP/1.1" 404 1256 "-" "Mozilla/5.0 (X11; Ubuntu; Linux i686; rv:14.0; ips-agent) Gecko/20100101 Firefox/14.0.1"
69.58.178.58 - - [12/Feb/2015:16:57:35 +0100] "GET / HTTP/1.1" 200 876 "-" "Mozilla/5.0 (X11; Ubuntu; Linux i686; rv:14.0; ips-agent) Gecko/20100101 Firefox/14.0.1"
69.58.178.58 - - [12/Feb/2015:16:57:41 +0100] "GET / HTTP/1.1" 200 876 "-" "BlackBerry9000/4.6.0.167 Profile/MIDP-2.0 Configuration/CLDC-1.1 VendorID/102 ips-agent"
69.58.178.58 - - [12/Feb/2015:16:57:42 +0100] "GET /frameset/left.htm HTTP/1.1" 200 244 "-" "Mozilla/5.0 (X11; Ubuntu; Linux i686; rv:14.0; ips-agent) Gecko/20100101 Firefox/14.0.1"
69.58.178.58 - - [12/Feb/2015:16:57:43 +0100] "GET /frameset/top.htm HTTP/1.1" 200 244 "-" "Mozilla/5.0 (X11; Ubuntu; Linux i686; rv:14.0; ips-agent) Gecko/20100101 Firefox/14.0.1"
69.58.178.58 - - [12/Feb/2015:16:57:44 +0100] "GET /neue_seite_1.htm HTTP/1.1" 200 405 "-" "Mozilla/5.0 (X11; Ubuntu; Linux i686; rv:14.0; ips-agent) Gecko/20100101 Firefox/14.0.1"
69.58.178.58 - - [12/Feb/2015:16:57:46 +0100] "GET /frameset/bottom.htm HTTP/1.1" 200 244 "-" "Mozilla/5.0 (X11; Ubuntu; Linux i686; rv:14.0; ips-agent) Gecko/20100101 Firefox/14.0.1"
69.58.178.58 - - [12/Feb/2015:16:57:47 +0100] "GET /frameset/right.htm HTTP/1.1" 200 244 "-" "Mozilla/5.0 (X11; Ubuntu; Linux i686; rv:14.0; ips-agent) Gecko/20100101 Firefox/14.0.1"
72.46.136.178 - - [12/Feb/2015:20:09:15 +0100] "GET / HTTP/1.1" 200 876 "-" "Mozilla/4.0 (compatible; MSIE 6.0; Windows NT 5.1; SV1; Mozilla/4.0 (compatible; MSIE 6.0; Windows NT 5.1; SV1) )"
5.39.85.81 - - [13/Feb/2015:00:58:12 +0100] "GET /robots.txt HTTP/1.0" 404 1256 "-" ""
5.39.85.81 - - [13/Feb/2015:00:58:12 +0100] "GET / HTTP/1.1" 206 876 "-" "Mozilla/5.0 (X11; Linux x86_64) AppleWebKit/534.24 (KHTML, like Gecko) Chrome/11.0.696.3 Safari/534.24"
66.249.78.148 - - [13/Feb/2015:12:30:56 +0100] "GET /robots.txt HTTP/1.1" 404 1256 "-" "Mozilla/5.0 (compatible; Googlebot/2.1; +http://www.google.com/bot.html)"
66.249.78.141 - - [13/Feb/2015:12:30:57 +0100] "GET / HTTP/1.1" 200 876 "-" "Mozilla/5.0 (iPhone; CPU iPhone OS 6_0 like Mac OS X) AppleWebKit/536.26 (KHTML, like Gecko) Version/6.0 Mobile/10A5376e Safari/8536.25 (compatible; Googlebot/2.1; +http://www.google.com/bot.html)"
207.46.13.123 - - [13/Feb/2015:20:18:45 +0100] "GET /frameset/bottom.htm HTTP/1.1" 304 - "-" "Mozilla/5.0 (compatible; bingbot/2.0; +http://www.bing.com/bingbot.htm)"
66.249.78.134 - - [14/Feb/2015:08:59:32 +0100] "GET /robots.txt HTTP/1.1" 404 1256 "-" "Mozilla/5.0 (compatible; Googlebot/2.1; +http://www.google.com/bot.html)"
66.249.78.134 - - [14/Feb/2015:08:59:32 +0100] "GET /frameset/top.htm HTTP/1.1" 200 244 "-" "Mozilla/5.0 (compatible; Googlebot/2.1; +http://www.google.com/bot.html)"
144.76.201.69 - - [14/Feb/2015:16:45:45 +0100] "GET /images/sehnsucht%252520start-mit%252520schrift.gif HTTP/1.1" 404 1256 "-" "Mozilla/5.0 (Macintosh; Intel Mac OS X 10_8_3) AppleWebKit/537.36 (KHTML, like Gecko) Chrome/27.0.1453.93 Safari/537.36"
144.76.201.69 - - [14/Feb/2015:16:45:45 +0100] "GET / HTTP/1.1" 200 876 "-" "Mozilla/5.0 (compatible; Windows; U; Windows NT 6.2; WOW64; en-US; rv:12.0) Gecko/20120403211507 Firefox/12.0"
46.4.113.114 - - [14/Feb/2015:18:38:07 +0100] "GET / HTTP/1.1" 200 876 "-" "Mozilla/2.0 (compatible; crw)"
66.249.78.148 - - [14/Feb/2015:19:14:22 +0100] "GET / HTTP/1.1" 200 876 "-" "Mozilla/5.0 (iPhone; CPU iPhone OS 6_0 like Mac OS X) AppleWebKit/536.26 (KHTML, like Gecko) Version/6.0 Mobile/10A5376e Safari/8536.25 (compatible; Googlebot/2.1; +http://www.google.com/bot.html)"
66.249.78.141 - - [14/Feb/2015:19:21:00 +0100] "GET /frameset/bottom.htm HTTP/1.1" 200 244 "-" "Mozilla/5.0 (compatible; Googlebot/2.1; +http://www.google.com/bot.html)"
66.249.78.148 - - [14/Feb/2015:19:21:07 +0100] "GET /frameset/top.htm HTTP/1.1" 200 244 "-" "Mozilla/5.0 (compatible; Googlebot/2.1; +http://www.google.com/bot.html)"
66.249.78.134 - - [14/Feb/2015:19:21:15 +0100] "GET /frameset/left.htm HTTP/1.1" 200 244 "-" "Mozilla/5.0 (compatible; Googlebot/2.1; +http://www.google.com/bot.html)"
188.165.15.208 - - [14/Feb/2015:21:42:46 +0100] "GET /robots.txt HTTP/1.1" 404 1256 "-" "Mozilla/5.0 (compatible; AhrefsBot/5.0; +http://ahrefs.com/robot/)"
66.249.64.46 - - [16/Feb/2015:02:16:52 +0100] "GET /robots.txt HTTP/1.1" 404 1256 "-" "Mozilla/5.0 (compatible; Googlebot/2.1; +http://www.google.com/bot.html)"
66.249.78.134 - - [16/Feb/2015:02:16:53 +0100] "GET / HTTP/1.1" 200 876 "-" "Mozilla/5.0 (iPhone; CPU iPhone OS 6_0 like Mac OS X) AppleWebKit/536.26 (KHTML, like Gecko) Version/6.0 Mobile/10A5376e Safari/8536.25 (compatible; Googlebot/2.1; +http://www.google.com/bot.html)"
157.55.39.109 - - [16/Feb/2015:02:25:17 +0100] "GET /robots.txt HTTP/1.1" 404 1256 "-" "Mozilla/5.0 (compatible; bingbot/2.0; +http://www.bing.com/bingbot.htm)"
157.55.39.109 - - [16/Feb/2015:02:25:21 +0100] "GET /neue_seite_1.htm HTTP/1.1" 304 - "-" "Mozilla/5.0 (compatible; bingbot/2.0; +http://www.bing.com/bingbot.htm)"
66.249.78.148 - - [16/Feb/2015:05:00:32 +0100] "GET / HTTP/1.1" 200 876 "-" "Mozilla/5.0 (compatible; Googlebot/2.1; +http://www.google.com/bot.html)"
188.165.15.204 - - [16/Feb/2015:15:12:08 +0100] "GET /robots.txt HTTP/1.1" 404 1256 "-" "Mozilla/5.0 (compatible; AhrefsBot/5.0; +http://ahrefs.com/robot/)"
66.249.78.134 - - [17/Feb/2015:00:50:44 +0100] "GET /robots.txt HTTP/1.1" 404 1256 "-" "Mozilla/5.0 (compatible; Googlebot/2.1; +http://www.google.com/bot.html)"
66.249.78.148 - - [17/Feb/2015:00:50:45 +0100] "GET /neue_seite_1.htm HTTP/1.1" 200 405 "-" "Mozilla/5.0 (compatible; Googlebot/2.1; +http://www.google.com/bot.html)"
66.249.78.134 - - [17/Feb/2015:03:21:54 +0100] "GET /frameset/top.htm HTTP/1.1" 200 244 "-" "Mozilla/5.0 (compatible; Googlebot/2.1; +http://www.google.com/bot.html)"
93.186.202.241 - - [17/Feb/2015:04:51:18 +0100] "GET / HTTP/1.1" 200 876 "-" "Mozilla/5.0 (X11; Ubuntu; Linux i686; rv:14.0) Gecko/20100101 Firefox/14.0.1"
66.249.78.148 - - [17/Feb/2015:07:07:02 +0100] "GET /frameset/left.htm HTTP/1.1" 200 244 "-" "Mozilla/5.0 (compatible; Googlebot/2.1; +http://www.google.com/bot.html)"
192.99.107.190 - - [17/Feb/2015:07:42:48 +0100] "GET /robots.txt HTTP/1.1" 404 1256 "-" "Mozilla/5.0 (compatible; meanpathbot/1.0; +http://www.meanpath.com/meanpathbot.html)"
192.99.107.190 - - [17/Feb/2015:07:42:48 +0100] "GET / HTTP/1.1" 200 876 "-" "Mozilla/5.0 (compatible; meanpathbot/1.0; +http://www.meanpath.com/meanpathbot.html)"
66.249.78.134 - - [17/Feb/2015:13:19:28 +0100] "GET /robots.txt HTTP/1.1" 404 1256 "-" "Mozilla/5.0 (compatible; Googlebot/2.1; +http://www.google.com/bot.html)"
66.249.78.148 - - [17/Feb/2015:13:19:28 +0100] "GET / HTTP/1.1" 200 876 "-" "Mozilla/5.0 (iPhone; CPU iPhone OS 6_0 like Mac OS X) AppleWebKit/536.26 (KHTML, like Gecko) Version/6.0 Mobile/10A5376e Safari/8536.25 (compatible; Googlebot/2.1; +http://www.google.com/bot.html)"
66.249.78.134 - - [17/Feb/2015:13:25:29 +0100] "GET /frameset/right.htm HTTP/1.1" 200 244 "-" "Mozilla/5.0 (compatible; Googlebot/2.1; +http://www.google.com/bot.html)"
66.249.78.134 - - [17/Feb/2015:14:44:23 +0100] "GET /frameset/bottom.htm HTTP/1.1" 200 244 "-" "Mozilla/5.0 (compatible; Googlebot/2.1; +http://www.google.com/bot.html)"
141.8.147.12 - - [18/Feb/2015:07:14:31 +0100] "GET /robots.txt HTTP/1.1" 404 1256 "-" "Mozilla/5.0 (compatible; YandexBot/3.0; +http://yandex.com/bots)"
192.99.107.28 - - [18/Feb/2015:10:46:27 +0100] "GET /robots.txt HTTP/1.1" 404 1256 "-" "Mozilla/5.0 (compatible; meanpathbot/1.0; +http://www.meanpath.com/meanpathbot.html)"
192.99.107.28 - - [18/Feb/2015:10:46:27 +0100] "GET / HTTP/1.1" 200 876 "-" "Mozilla/5.0 (compatible; meanpathbot/1.0; +http://www.meanpath.com/meanpathbot.html)"
141.8.147.12 - - [18/Feb/2015:13:45:18 +0100] "GET /images/sehnsucht%20start-mit%20schrift.gif HTTP/1.1" 304 - "-" "Mozilla/5.0 (compatible; YandexBot/3.0; +http://yandex.com/bots)"
157.55.39.109 - - [18/Feb/2015:22:43:12 +0100] "GET /robots.txt HTTP/1.1" 404 1256 "-" "Mozilla/5.0 (compatible; bingbot/2.0; +http://www.bing.com/bingbot.htm)"
157.55.39.109 - - [18/Feb/2015:22:43:36 +0100] "GET / HTTP/1.1" 200 876 "-" "Mozilla/5.0 (compatible; bingbot/2.0; +http://www.bing.com/bingbot.htm)"
192.99.107.226 - - [19/Feb/2015:08:45:32 +0100] "GET /robots.txt HTTP/1.1" 404 1256 "-" "Mozilla/5.0 (compatible; meanpathbot/1.0; +http://www.meanpath.com/meanpathbot.html)"
192.99.107.226 - - [19/Feb/2015:08:45:32 +0100] "GET / HTTP/1.1" 200 876 "-" "Mozilla/5.0 (compatible; meanpathbot/1.0; +http://www.meanpath.com/meanpathbot.html)"
38.100.21.64 - - [19/Feb/2015:22:50:51 +0100] "GET / HTTP/1.1" 200 876 "-" "Mozilla/4.0 (compatible; MSIE 7.0; Windows NT 5.2)"
38.100.21.64 - - [19/Feb/2015:22:50:51 +0100] "GET /frameset/left.htm HTTP/1.1" 200 244 "-" "Mozilla/4.0 (compatible; MSIE 7.0; Windows NT 5.2)"
38.100.21.64 - - [19/Feb/2015:22:50:52 +0100] "GET /frameset/bottom.htm HTTP/1.1" 200 244 "-" "Mozilla/4.0 (compatible; MSIE 7.0; Windows NT 5.2)"
38.100.21.64 - - [19/Feb/2015:22:50:53 +0100] "GET /neue_seite_1.htm HTTP/1.1" 200 405 "-" "Mozilla/4.0 (compatible; MSIE 7.0; Windows NT 5.2)"
38.100.21.64 - - [19/Feb/2015:22:50:54 +0100] "GET /frameset/top.htm HTTP/1.1" 200 244 "-" "Mozilla/4.0 (compatible; MSIE 7.0; Windows NT 5.2)"
38.100.21.64 - - [19/Feb/2015:22:50:54 +0100] "GET /frameset/right.htm HTTP/1.1" 200 244 "-" "Mozilla/4.0 (compatible; MSIE 7.0; Windows NT 5.2)"
173.208.177.59 - - [20/Feb/2015:06:26:56 +0100] "HEAD /js/fckeditor/editor/ HTTP/1.1" 404 - "-" "-"
173.208.177.59 - - [20/Feb/2015:06:26:56 +0100] "HEAD /admin/fckeditor/editor/ HTTP/1.1" 404 - "-" "-"
173.208.177.59 - - [20/Feb/2015:06:27:00 +0100] "HEAD /include/fckeditor/editor/ HTTP/1.1" 404 - "-" "-"
82.80.249.170 - - [20/Feb/2015:07:38:46 +0100] "GET / HTTP/1.1" 200 876 "-" "Mozilla/5.0 (compatible)"
82.80.249.170 - - [20/Feb/2015:07:38:59 +0100] "GET /frameset/left.htm HTTP/1.1" 200 244 "http://www.die-sehnsucht.com/" "Mozilla/5.0 (Macintosh; Intel Mac OS X 10_9_0) AppleWebKit/537.36 (KHTML, like Gecko) Chrome/31.0.1650.63 Safari/537.36"
82.80.249.170 - - [20/Feb/2015:07:39:00 +0100] "GET /frameset/top.htm HTTP/1.1" 200 244 "http://www.die-sehnsucht.com/" "Mozilla/5.0 (Windows NT 6.1; WOW64; rv:25.0) Gecko/20100101 Firefox/25.0"
82.80.249.170 - - [20/Feb/2015:07:39:00 +0100] "GET /frameset/bottom.htm HTTP/1.1" 200 244 "http://www.die-sehnsucht.com/" "Mozilla/5.0 (Macintosh; Intel Mac OS X 10_6_8) AppleWebKit/537.36 (KHTML, like Gecko) Chrome/31.0.1650.63 Safari/537.36"
82.80.249.170 - - [20/Feb/2015:07:39:01 +0100] "GET /neue_seite_1.htm HTTP/1.1" 200 405 "http://www.die-sehnsucht.com/" "Mozilla/5.0 (Windows NT 6.1; WOW64; rv:25.0) Gecko/20100101 Firefox/25.0"
82.80.249.170 - - [20/Feb/2015:07:39:01 +0100] "GET /frameset/right.htm HTTP/1.1" 200 244 "http://www.die-sehnsucht.com/" "Mozilla/5.0 (Windows NT 6.0; WOW64) AppleWebKit/534.30 (KHTML, like Gecko) Chrome/12.0.742.91 Safari/534.30"
192.114.71.13 - - [20/Feb/2015:07:39:29 +0100] "GET /images/sehnsucht%20start-mit%20schrift.gif HTTP/1.1" 200 167462 "-" "Mozilla/5.0 (Windows NT 5.1) AppleWebKit/537.36 (KHTML, like Gecko) Chrome/31.0.1650.63 Safari/537.36"
107.170.55.242 - - [20/Feb/2015:10:36:23 +0100] "GET /robots.txt HTTP/1.1" 404 1256 "-" "Mozilla/5.0 (compatible; spbot/4.4.2; +http://OpenLinkProfiler.org/bot )"
107.170.55.242 - - [20/Feb/2015:10:36:29 +0100] "GET / HTTP/1.1" 200 876 "-" "Mozilla/5.0 (compatible; spbot/4.4.2; +http://OpenLinkProfiler.org/bot )"
62.212.73.211 - - [20/Feb/2015:13:44:21 +0100] "GET /robots.txt HTTP/1.0" 404 1256 "-" "Mozilla/5.0 (compatible; MJ12bot/v1.4.5; http://www.majestic12.co.uk/bot.php?+)"
62.212.73.211 - - [20/Feb/2015:13:44:23 +0100] "GET / HTTP/1.0" 200 876 "-" "Mozilla/5.0 (compatible; MJ12bot/v1.4.5; http://www.majestic12.co.uk/bot.php?+)"
188.75.140.3 - - [20/Feb/2015:21:13:42 +0100] "GET /index.php HTTP/1.1" 404 1256 "-" "Mozilla/4.0 (compatible; MSIE 6.0; MSIE 5.5; Windows NT 5.1) Opera 7.01 [en]"
188.75.140.3 - - [20/Feb/2015:21:13:42 +0100] "GET /shop/index.php HTTP/1.1" 404 1256 "-" "Mozilla/4.0 (compatible; MSIE 6.0; MSIE 5.5; Windows NT 5.1) Opera 7.01 [en]"
188.75.140.3 - - [20/Feb/2015:21:13:42 +0100] "GET /store/index.php HTTP/1.1" 404 1256 "-" "Mozilla/4.0 (compatible; MSIE 6.0; MSIE 5.5; Windows NT 5.1) Opera 7.01 [en]"
188.75.140.3 - - [20/Feb/2015:21:13:42 +0100] "GET /online/index.php HTTP/1.1" 404 1256 "-" "Mozilla/4.0 (compatible; MSIE 6.0; MSIE 5.5; Windows NT 5.1) Opera 7.01 [en]"
66.249.78.141 - - [21/Feb/2015:10:48:12 +0100] "GET /robots.txt HTTP/1.1" 404 1256 "-" "Mozilla/5.0 (compatible; Googlebot/2.1; +http://www.google.com/bot.html)"
66.249.78.148 - - [21/Feb/2015:10:48:13 +0100] "GET /frameset/top.htm HTTP/1.1" 200 244 "-" "Mozilla/5.0 (compatible; Googlebot/2.1; +http://www.google.com/bot.html)"
207.46.13.40 - - [21/Feb/2015:15:04:46 +0100] "GET /robots.txt HTTP/1.1" 404 1256 "-" "Mozilla/5.0 (compatible; bingbot/2.0; +http://www.bing.com/bingbot.htm)"
207.46.13.40 - - [21/Feb/2015:15:04:49 +0100] "GET /frameset/right.htm HTTP/1.1" 304 - "-" "Mozilla/5.0 (compatible; bingbot/2.0; +http://www.bing.com/bingbot.htm)"
188.165.15.108 - - [22/Feb/2015:15:25:52 +0100] "GET /robots.txt HTTP/1.1" 404 1256 "-" "Mozilla/5.0 (compatible; AhrefsBot/5.0; +http://ahrefs.com/robot/)"
167.114.162.106 - - [23/Feb/2015:12:11:57 +0100] "GET / HTTP/1.1" 200 876 "-" "Mozilla/5.0 (Macintosh; Intel Mac OS X 10_10_2) AppleWebKit/537.36 (KHTML, like Gecko) Chrome/40.0.2214.111 Safari/537.36"
207.46.13.116 - - [23/Feb/2015:23:14:02 +0100] "GET /robots.txt HTTP/1.1" 404 1256 "-" "Mozilla/5.0 (compatible; bingbot/2.0; +http://www.bing.com/bingbot.htm)"
207.46.13.116 - - [23/Feb/2015:23:14:08 +0100] "GET /frameset/top.htm HTTP/1.1" 304 - "-" "Mozilla/5.0 (compatible; bingbot/2.0; +http://www.bing.com/bingbot.htm)"
64.246.178.34 - - [24/Feb/2015:02:28:55 +0100] "GET /robots.txt HTTP/1.0" 404 1256 "-" "Mozilla/5.0 (Windows; U; Windows NT 5.1; en; rv:1.9.0.13) Gecko/2009073022 Firefox/3.5.2 (.NET CLR 3.5.30729) SurveyBot/2.3 (DomainTools)"
64.246.178.34 - - [24/Feb/2015:02:28:56 +0100] "GET / HTTP/1.1" 200 876 "http://whois.domaintools.com/die-sehnsucht.com" "Mozilla/5.0 (Windows; U; Windows NT 5.1; en; rv:1.9.0.13) Gecko/2009073022 Firefox/3.5.2 (.NET CLR 3.5.30729) SurveyBot/2.3 (DomainTools)"
148.251.69.136 - - [24/Feb/2015:10:03:05 +0100] "GET / HTTP/1.1" 200 876 "-" "Mozilla/5.0 (Windows NT 6.1; rv:12.0) Gecko/ 20120405 Firefox/14.0.1"
66.249.73.201 - - [24/Feb/2015:17:37:08 +0100] "GET /robots.txt HTTP/1.1" 404 1256 "-" "Mozilla/5.0 (compatible; Googlebot/2.1; +http://www.google.com/bot.html)"
66.249.73.201 - - [24/Feb/2015:17:37:08 +0100] "GET / HTTP/1.1" 200 876 "-" "Mozilla/5.0 (compatible; Googlebot/2.1; +http://www.google.com/bot.html)"
66.249.73.201 - - [24/Feb/2015:17:42:13 +0100] "GET /frameset/right.htm HTTP/1.1" 200 244 "-" "Mozilla/5.0 (compatible; Googlebot/2.1; +http://www.google.com/bot.html)"
104.130.192.107 - - [25/Feb/2015:01:22:37 +0100] "GET / HTTP/1.1" 200 876 "-" "Mozilla/5.0"
66.249.73.193 - - [25/Feb/2015:09:52:04 +0100] "GET /robots.txt HTTP/1.1" 404 1256 "-" "Mozilla/5.0 (compatible; Googlebot/2.1; +http://www.google.com/bot.html)"
66.249.73.185 - - [25/Feb/2015:09:52:04 +0100] "GET / HTTP/1.1" 200 876 "-" "Mozilla/5.0 (iPhone; CPU iPhone OS 6_0 like Mac OS X) AppleWebKit/536.26 (KHTML, like Gecko) Version/6.0 Mobile/10A5376e Safari/8536.25 (compatible; Googlebot/2.1; +http://www.google.com/bot.html)"
66.249.73.201 - - [25/Feb/2015:16:52:08 +0100] "GET /frameset/top.htm HTTP/1.1" 200 244 "-" "Mozilla/5.0 (compatible; Googlebot/2.1; +http://www.google.com/bot.html)"
141.8.147.12 - - [25/Feb/2015:20:34:21 +0100] "GET /robots.txt HTTP/1.1" 404 1256 "-" "Mozilla/5.0 (compatible; YandexBot/3.0; +http://yandex.com/bots)"
141.8.147.12 - - [25/Feb/2015:22:03:05 +0100] "GET /favicon.ico HTTP/1.1" 404 1256 "-" "Mozilla/5.0 (compatible; YandexBot/3.0; +http://yandex.com/bots)"
144.76.185.173 - - [26/Feb/2015:03:34:32 +0100] "GET / HTTP/1.1" 200 876 "-" "Mozilla/5.0 (Macintosh; Intel Mac OS X 10_8_2) AppleWebKit/536.26.17 (KHTML, like Gecko) Version/6.0.2 Safari/536.26.17"
144.76.185.173 - - [26/Feb/2015:03:34:32 +0100] "GET /images/sehnsucht%252520start-mit%252520schrift.gif HTTP/1.1" 404 1256 "-" "Mozilla/5.0 (compatible; MSIE 10.0; Windows NT 6.1; WOW64; Trident/6.0)"
66.249.75.114 - - [26/Feb/2015:10:26:58 +0100] "GET /robots.txt HTTP/1.1" 404 1256 "-" "Mozilla/5.0 (compatible; Googlebot/2.1; +http://www.google.com/bot.html)"
66.249.75.146 - - [26/Feb/2015:10:26:59 +0100] "GET / HTTP/1.1" 200 876 "-" "Mozilla/5.0 (iPhone; CPU iPhone OS 6_0 like Mac OS X) AppleWebKit/536.26 (KHTML, like Gecko) Version/6.0 Mobile/10A5376e Safari/8536.25 (compatible; Googlebot/2.1; +http://www.google.com/bot.html)"
144.76.185.173 - - [26/Feb/2015:12:47:24 +0100] "GET / HTTP/1.1" 200 876 "-" "Mozilla/5.0 (X11; U; Linux i686; en-US; rv:1.9.1.16) Gecko/20120421 Gecko Firefox/11.0"
144.76.185.173 - - [26/Feb/2015:12:47:24 +0100] "GET /images/sehnsucht%252520start-mit%252520schrift.gif HTTP/1.1" 404 1256 "-" "Mozilla/5.0 (Windows NT 5.1; rv:11.0) Gecko Firefox/11.0"
148.251.75.46 - - [26/Feb/2015:12:47:38 +0100] "GET / HTTP/1.1" 200 876 "-" "Mozilla/5.0 (Windows NT 6.1; rv:6.0) Gecko/20100101 Firefox/19.0"
148.251.75.46 - - [26/Feb/2015:12:47:38 +0100] "GET /images/sehnsucht%252520start-mit%252520schrift.gif HTTP/1.1" 404 1256 "-" "Mozilla/5.0 (Windows NT 6.1; WOW64; rv:11.0) Gecko Firefox/11.0"
37.187.56.47 - - [26/Feb/2015:14:33:47 +0100] "GET /robots.txt HTTP/1.0" 404 1256 "-" ""
37.187.56.47 - - [26/Feb/2015:14:33:47 +0100] "GET / HTTP/1.1" 206 876 "-" "Mozilla/5.0 (X11; U; Linux amd64; rv:5.0) Gecko/20100101 Firefox/5.0 (Debian)"
66.249.78.141 - - [27/Feb/2015:08:16:22 +0100] "GET /robots.txt HTTP/1.1" 404 1256 "-" "Mozilla/5.0 (compatible; Googlebot/2.1; +http://www.google.com/bot.html)"
66.249.78.141 - - [27/Feb/2015:08:16:22 +0100] "GET / HTTP/1.1" 200 876 "-" "Mozilla/5.0 (iPhone; CPU iPhone OS 6_0 like Mac OS X) AppleWebKit/536.26 (KHTML, like Gecko) Version/6.0 Mobile/10A5376e Safari/8536.25 (compatible; Googlebot/2.1; +http://www.google.com/bot.html)"
74.52.245.146 - - [27/Feb/2015:12:48:35 +0100] "GET / HTTP/1.0" 200 876 "-" "Mozilla/5.0 (X11; U; Linux i686; en-US; rv:1.7.5) Gecko/20041107 Firefox/1.0"
74.52.245.146 - - [27/Feb/2015:12:48:35 +0100] "GET /frameset/left.htm HTTP/1.0" 200 244 "-" "Mozilla/5.0 (X11; U; Linux i686; en-US; rv:1.7.5) Gecko/20041107 Firefox/1.0"
74.52.245.146 - - [27/Feb/2015:12:48:36 +0100] "GET /frameset/top.htm HTTP/1.0" 200 244 "-" "Mozilla/5.0 (X11; U; Linux i686; en-US; rv:1.7.5) Gecko/20041107 Firefox/1.0"
74.52.245.146 - - [27/Feb/2015:12:48:36 +0100] "GET /neue_seite_1.htm HTTP/1.0" 200 405 "-" "Mozilla/5.0 (X11; U; Linux i686; en-US; rv:1.7.5) Gecko/20041107 Firefox/1.0"
74.52.245.146 - - [27/Feb/2015:12:48:36 +0100] "GET /frameset/bottom.htm HTTP/1.0" 200 244 "-" "Mozilla/5.0 (X11; U; Linux i686; en-US; rv:1.7.5) Gecko/20041107 Firefox/1.0"
74.52.245.146 - - [27/Feb/2015:12:48:36 +0100] "GET /frameset/right.htm HTTP/1.0" 200 244 "-" "Mozilla/5.0 (X11; U; Linux i686; en-US; rv:1.7.5) Gecko/20041107 Firefox/1.0"
54.152.166.46 - - [27/Feb/2015:14:27:43 +0100] "GET / HTTP/1.1" 200 876 "-" "Mozilla/5.0 (Macintosh; Intel Mac OS X 10_7_5) AppleWebKit/537.36 (KHTML, like Gecko) Chrome/35.0.1916.114 Safari/537.36"
188.165.15.105 - - [27/Feb/2015:16:51:26 +0100] "GET /robots.txt HTTP/1.1" 404 1256 "-" "Mozilla/5.0 (compatible; AhrefsBot/5.0; +http://ahrefs.com/robot/)"
72.46.136.178 - - [27/Feb/2015:19:04:01 +0100] "GET / HTTP/1.1" 200 876 "-" "Mozilla/4.0 (compatible; MSIE 6.0; Windows NT 5.1)"
66.249.78.148 - - [28/Feb/2015:08:58:52 +0100] "GET /robots.txt HTTP/1.1" 404 1256 "-" "Mozilla/5.0 (compatible; Googlebot/2.1; +http://www.google.com/bot.html)"
66.249.64.42 - - [28/Feb/2015:08:58:53 +0100] "GET /frameset/top.htm HTTP/1.1" 200 244 "-" "Mozilla/5.0 (compatible; Googlebot/2.1; +http://www.google.com/bot.html)"
66.249.78.134 - - [28/Feb/2015:23:54:44 +0100] "GET /robots.txt HTTP/1.1" 404 1256 "-" "Mozilla/5.0 (compatible; Googlebot/2.1; +http://www.google.com/bot.html)"
66.249.78.148 - - [28/Feb/2015:23:54:44 +0100] "GET / HTTP/1.1" 200 876 "-" "Mozilla/5.0 (iPhone; CPU iPhone OS 6_0 like Mac OS X) AppleWebKit/536.26 (KHTML, like Gecko) Version/6.0 Mobile/10A5376e Safari/8536.25 (compatible; Googlebot/2.1; +http://www.google.com/bot.html)"