101.226.169.234 - - [01/Apr/2013:01:28:04 +0200] "GET / HTTP/1.1" 200 876 "http://www.die-sehnsucht.com/" "Mozilla/4.0 (compatible; MSIE 8.0; Windows NT 6.1; Trident/4.0; SLCC2; .NET CLR 2.0.50727; .NET CLR 3.5.30729; .NET CLR 3.0.30729; Media Center PC 6.0; MDDR; .NET4.0C; .NET4.0E; .NET CLR 1.1.4322; Tablet PC 2.0); 360Spider"
182.118.32.112 - - [01/Apr/2013:01:28:13 +0200] "GET / HTTP/1.1" 200 876 "-" "Mozilla/5.0 (Windows NT 6.1) AppleWebKit/535.19 (KHTML, like Gecko) Chrome/18.0.1025.168 Safari/535.19"
182.118.32.112 - - [01/Apr/2013:01:28:13 +0200] "GET /frameset/left.htm HTTP/1.1" 200 244 "http://www.die-sehnsucht.com/" "Mozilla/5.0 (Windows NT 6.1) AppleWebKit/535.19 (KHTML, like Gecko) Chrome/18.0.1025.168 Safari/535.19"
182.118.32.112 - - [01/Apr/2013:01:28:13 +0200] "GET /frameset/top.htm HTTP/1.1" 200 244 "http://www.die-sehnsucht.com/" "Mozilla/5.0 (Windows NT 6.1) AppleWebKit/535.19 (KHTML, like Gecko) Chrome/18.0.1025.168 Safari/535.19"
182.118.32.112 - - [01/Apr/2013:01:28:14 +0200] "GET /neue_seite_1.htm HTTP/1.1" 200 405 "http://www.die-sehnsucht.com/" "Mozilla/5.0 (Windows NT 6.1) AppleWebKit/535.19 (KHTML, like Gecko) Chrome/18.0.1025.168 Safari/535.19"
182.118.32.112 - - [01/Apr/2013:01:28:14 +0200] "GET /frameset/right.htm HTTP/1.1" 200 244 "http://www.die-sehnsucht.com/" "Mozilla/5.0 (Windows NT 6.1) AppleWebKit/535.19 (KHTML, like Gecko) Chrome/18.0.1025.168 Safari/535.19"
182.118.32.112 - - [01/Apr/2013:01:28:14 +0200] "GET /frameset/bottom.htm HTTP/1.1" 200 244 "http://www.die-sehnsucht.com/" "Mozilla/5.0 (Windows NT 6.1) AppleWebKit/535.19 (KHTML, like Gecko) Chrome/18.0.1025.168 Safari/535.19"
173.199.115.51 - - [01/Apr/2013:01:37:41 +0200] "GET /robots.txt HTTP/1.1" 404 1256 "-" "Mozilla/5.0 (compatible; AhrefsBot/4.0; +http://ahrefs.com/robot/)"
123.125.71.86 - - [01/Apr/2013:07:03:33 +0200] "GET /robots.txt HTTP/1.1" 404 1256 "-" "Mozilla/5.0 (Windows NT 5.1; rv:6.0.2) Gecko/20100101 Firefox/6.0.2"
66.249.76.77 - - [01/Apr/2013:11:02:39 +0200] "GET /robots.txt HTTP/1.1" 404 1256 "-" "Mozilla/5.0 (compatible; Googlebot/2.1; +http://www.google.com/bot.html)"
66.249.76.77 - - [01/Apr/2013:11:02:39 +0200] "GET / HTTP/1.1" 200 876 "-" "DoCoMo/2.0 N905i(c100;TB;W24H16) (compatible; Googlebot-Mobile/2.1; +http://www.google.com/bot.html)"
123.125.71.74 - - [01/Apr/2013:13:43:46 +0200] "GET / HTTP/1.1" 200 876 "-" "Mozilla/5.0 (compatible; Baiduspider/2.0; +http://www.baidu.com/search/spider.html)"
123.125.71.82 - - [01/Apr/2013:13:43:50 +0200] "GET /frameset/left.htm HTTP/1.1" 200 244 "-" "Mozilla/5.0 (compatible; Baiduspider/2.0; +http://www.baidu.com/search/spider.html)"
123.125.71.87 - - [01/Apr/2013:13:43:51 +0200] "GET /frameset/top.htm HTTP/1.1" 200 244 "-" "Mozilla/5.0 (compatible; Baiduspider/2.0; +http://www.baidu.com/search/spider.html)"
123.125.71.87 - - [01/Apr/2013:13:43:52 +0200] "GET /neue_seite_1.htm HTTP/1.1" 200 405 "-" "Mozilla/5.0 (compatible; Baiduspider/2.0; +http://www.baidu.com/search/spider.html)"
123.125.71.114 - - [01/Apr/2013:13:43:53 +0200] "GET /frameset/bottom.htm HTTP/1.1" 200 244 "-" "Mozilla/5.0 (compatible; Baiduspider/2.0; +http://www.baidu.com/search/spider.html)"
123.125.71.50 - - [01/Apr/2013:20:46:17 +0200] "GET / HTTP/1.1" 200 876 "-" "Mozilla/5.0 (compatible; Baiduspider/2.0; +http://www.baidu.com/search/spider.html)"
220.181.108.87 - - [01/Apr/2013:20:47:16 +0200] "GET / HTTP/1.1" 200 876 "-" "Mozilla/5.0 (compatible; Baiduspider/2.0; +http://www.baidu.com/search/spider.html)"
157.55.32.84 - - [01/Apr/2013:21:57:30 +0200] "GET /robots.txt HTTP/1.1" 404 1256 "-" "Mozilla/5.0 (compatible; bingbot/2.0; +http://www.bing.com/bingbot.htm)"
157.55.32.84 - - [01/Apr/2013:21:58:48 +0200] "GET /frameset/top.htm HTTP/1.1" 304 - "-" "Mozilla/5.0 (compatible; bingbot/2.0; +http://www.bing.com/bingbot.htm)"
123.125.71.20 - - [02/Apr/2013:01:45:47 +0200] "GET / HTTP/1.1" 200 876 "-" "Mozilla/5.0 (compatible; Baiduspider/2.0; +http://www.baidu.com/search/spider.html)"
220.181.108.120 - - [02/Apr/2013:01:46:45 +0200] "GET / HTTP/1.1" 200 876 "-" "Mozilla/5.0 (compatible; Baiduspider/2.0; +http://www.baidu.com/search/spider.html)"
173.199.116.35 - - [02/Apr/2013:08:22:39 +0200] "GET /frameset/top.htm HTTP/1.1" 200 244 "-" "Mozilla/5.0 (compatible; AhrefsBot/4.0; +http://ahrefs.com/robot/)"
69.58.178.57 - - [02/Apr/2013:08:56:41 +0200] "GET /robots.txt HTTP/1.1" 404 1256 "-" "Mozilla/5.0 (X11; Ubuntu; Linux i686; rv:14.0; ips-agent) Gecko/20100101 Firefox/14.0.1"
69.58.178.57 - - [02/Apr/2013:08:56:42 +0200] "GET / HTTP/1.1" 200 876 "-" "Mozilla/5.0 (X11; Ubuntu; Linux i686; rv:14.0; ips-agent) Gecko/20100101 Firefox/14.0.1"
69.58.178.57 - - [02/Apr/2013:08:56:43 +0200] "GET / HTTP/1.1" 200 876 "-" "BlackBerry9000/4.6.0.167 Profile/MIDP-2.0 Configuration/CLDC-1.1 VendorID/102 ips-agent"
69.58.178.57 - - [02/Apr/2013:08:56:44 +0200] "GET /frameset/left.htm HTTP/1.1" 200 244 "-" "Mozilla/5.0 (X11; Ubuntu; Linux i686; rv:14.0; ips-agent) Gecko/20100101 Firefox/14.0.1"
69.58.178.57 - - [02/Apr/2013:08:56:45 +0200] "GET /frameset/top.htm HTTP/1.1" 200 244 "-" "Mozilla/5.0 (X11; Ubuntu; Linux i686; rv:14.0; ips-agent) Gecko/20100101 Firefox/14.0.1"
69.58.178.57 - - [02/Apr/2013:08:56:46 +0200] "GET /neue_seite_1.htm HTTP/1.1" 200 405 "-" "Mozilla/5.0 (X11; Ubuntu; Linux i686; rv:14.0; ips-agent) Gecko/20100101 Firefox/14.0.1"
69.58.178.57 - - [02/Apr/2013:08:56:47 +0200] "GET /frameset/bottom.htm HTTP/1.1" 200 244 "-" "Mozilla/5.0 (X11; Ubuntu; Linux i686; rv:14.0; ips-agent) Gecko/20100101 Firefox/14.0.1"
69.58.178.57 - - [02/Apr/2013:08:56:49 +0200] "GET /frameset/right.htm HTTP/1.1" 200 244 "-" "Mozilla/5.0 (X11; Ubuntu; Linux i686; rv:14.0; ips-agent) Gecko/20100101 Firefox/14.0.1"
123.125.71.30 - - [02/Apr/2013:10:40:57 +0200] "GET / HTTP/1.1" 200 876 "-" "Mozilla/5.0 (compatible; Baiduspider/2.0; +http://www.baidu.com/search/spider.html)"
220.181.108.101 - - [02/Apr/2013:10:41:48 +0200] "GET / HTTP/1.1" 200 876 "-" "Mozilla/5.0 (compatible; Baiduspider/2.0; +http://www.baidu.com/search/spider.html)"
220.181.108.159 - - [02/Apr/2013:11:40:11 +0200] "GET / HTTP/1.1" 200 876 "-" "Mozilla/5.0 (compatible; Baiduspider/2.0; +http://www.baidu.com/search/spider.html)"
220.181.108.153 - - [02/Apr/2013:11:40:11 +0200] "GET /frameset/left.htm HTTP/1.1" 200 244 "-" "Mozilla/5.0 (compatible; Baiduspider/2.0; +http://www.baidu.com/search/spider.html)"
220.181.108.165 - - [02/Apr/2013:11:40:12 +0200] "GET /frameset/top.htm HTTP/1.1" 200 244 "-" "Mozilla/5.0 (compatible; Baiduspider/2.0; +http://www.baidu.com/search/spider.html)"
220.181.108.159 - - [02/Apr/2013:11:40:13 +0200] "GET /neue_seite_1.htm HTTP/1.1" 200 405 "-" "Mozilla/5.0 (compatible; Baiduspider/2.0; +http://www.baidu.com/search/spider.html)"
220.181.108.149 - - [02/Apr/2013:11:40:14 +0200] "GET /frameset/bottom.htm HTTP/1.1" 200 244 "-" "Mozilla/5.0 (compatible; Baiduspider/2.0; +http://www.baidu.com/search/spider.html)"
123.125.71.19 - - [02/Apr/2013:13:44:25 +0200] "GET /robots.txt HTTP/1.1" 404 1256 "-" "Mozilla/5.0 (Windows NT 5.1; rv:6.0.2) Gecko/20100101 Firefox/6.0.2"
123.125.71.46 - - [02/Apr/2013:16:45:05 +0200] "GET / HTTP/1.1" 200 876 "-" "Mozilla/5.0 (compatible; Baiduspider/2.0; +http://www.baidu.com/search/spider.html)"
220.181.108.91 - - [02/Apr/2013:16:46:05 +0200] "GET / HTTP/1.1" 200 876 "-" "Mozilla/5.0 (compatible; Baiduspider/2.0; +http://www.baidu.com/search/spider.html)"
141.8.147.12 - - [03/Apr/2013:00:22:08 +0200] "GET /robots.txt HTTP/1.1" 404 1256 "-" "Mozilla/5.0 (compatible; YandexBot/3.0; +http://yandex.com/bots)"
141.8.147.12 - - [03/Apr/2013:05:23:52 +0200] "GET / HTTP/1.1" 200 876 "-" "Mozilla/5.0 (compatible; YandexBot/3.0; +http://yandex.com/bots)"
141.8.147.12 - - [03/Apr/2013:05:24:02 +0200] "GET /frameset/right.htm HTTP/1.1" 200 244 "-" "Mozilla/5.0 (compatible; YandexBot/3.0; +http://yandex.com/bots)"
141.8.147.12 - - [03/Apr/2013:05:24:04 +0200] "GET /neue_seite_1.htm HTTP/1.1" 200 405 "-" "Mozilla/5.0 (compatible; YandexBot/3.0; +http://yandex.com/bots)"
141.8.147.12 - - [03/Apr/2013:05:24:06 +0200] "GET /frameset/left.htm HTTP/1.1" 200 244 "-" "Mozilla/5.0 (compatible; YandexBot/3.0; +http://yandex.com/bots)"
141.8.147.12 - - [03/Apr/2013:05:24:08 +0200] "GET /frameset/bottom.htm HTTP/1.1" 200 244 "-" "Mozilla/5.0 (compatible; YandexBot/3.0; +http://yandex.com/bots)"
141.8.147.12 - - [03/Apr/2013:05:24:10 +0200] "GET /frameset/top.htm HTTP/1.1" 200 244 "-" "Mozilla/5.0 (compatible; YandexBot/3.0; +http://yandex.com/bots)"
123.125.71.26 - - [03/Apr/2013:05:39:49 +0200] "GET / HTTP/1.1" 200 876 "-" "Mozilla/5.0 (compatible; Baiduspider/2.0; +http://www.baidu.com/search/spider.html)"
220.181.108.87 - - [03/Apr/2013:05:40:41 +0200] "GET / HTTP/1.1" 200 876 "-" "Mozilla/5.0 (compatible; Baiduspider/2.0; +http://www.baidu.com/search/spider.html)"
176.9.148.197 - - [03/Apr/2013:07:36:15 +0200] "GET /robots.txt HTTP/1.1" 404 1256 "-" "Mozilla/5.0 (compatible; SISTRIX Crawler; http://crawler.sistrix.net/)"
176.9.148.197 - - [03/Apr/2013:07:36:15 +0200] "GET / HTTP/1.1" 200 876 "-" "Mozilla/5.0 (compatible; SISTRIX Crawler; http://crawler.sistrix.net/)"
81.159.165.19 - - [03/Apr/2013:08:23:58 +0200] "GET /robots.txt HTTP/1.0" 404 1256 "-" "Mozilla/5.0 (compatible; MJ12bot/v1.4.3; http://www.majestic12.co.uk/bot.php?+)"
81.159.165.19 - - [03/Apr/2013:08:23:59 +0200] "GET / HTTP/1.0" 200 876 "-" "Mozilla/5.0 (compatible; MJ12bot/v1.4.3; http://www.majestic12.co.uk/bot.php?+)"
123.125.71.26 - - [03/Apr/2013:12:40:42 +0200] "GET / HTTP/1.1" 200 876 "-" "Mozilla/5.0 (compatible; Baiduspider/2.0; +http://www.baidu.com/search/spider.html)"
220.181.108.103 - - [03/Apr/2013:12:41:35 +0200] "GET / HTTP/1.1" 200 876 "-" "Mozilla/5.0 (compatible; Baiduspider/2.0; +http://www.baidu.com/search/spider.html)"
123.125.71.60 - - [03/Apr/2013:13:05:41 +0200] "GET /robots.txt HTTP/1.1" 404 1256 "-" "Mozilla/5.0 (Windows NT 5.1; rv:6.0.2) Gecko/20100101 Firefox/6.0.2"
123.125.71.58 - - [03/Apr/2013:13:42:11 +0200] "GET / HTTP/1.1" 200 876 "-" "Mozilla/5.0 (compatible; Baiduspider/2.0; +http://www.baidu.com/search/spider.html)"
220.181.108.84 - - [03/Apr/2013:13:43:05 +0200] "GET / HTTP/1.1" 200 876 "-" "Mozilla/5.0 (compatible; Baiduspider/2.0; +http://www.baidu.com/search/spider.html)"
173.199.116.35 - - [03/Apr/2013:14:42:24 +0200] "GET /frameset/left.htm HTTP/1.1" 200 244 "-" "Mozilla/5.0 (compatible; AhrefsBot/4.0; +http://ahrefs.com/robot/)"
141.8.147.12 - - [03/Apr/2013:22:32:59 +0200] "GET /robots.txt HTTP/1.1" 404 1256 "-" "Mozilla/5.0 (compatible; YandexBot/3.0; +http://yandex.com/bots)"
141.8.147.12 - - [03/Apr/2013:22:33:02 +0200] "GET / HTTP/1.1" 200 876 "-" "Mozilla/5.0 (compatible; YandexBot/3.0; MirrorDetector; +http://yandex.com/bots)"
141.8.147.12 - - [03/Apr/2013:22:34:03 +0200] "GET /frameset/top.htm HTTP/1.1" 200 244 "-" "Mozilla/5.0 (compatible; YandexBot/3.0; +http://yandex.com/bots)"
141.8.147.12 - - [03/Apr/2013:22:34:06 +0200] "GET / HTTP/1.1" 200 876 "-" "Mozilla/5.0 (compatible; YandexBot/3.0; MirrorDetector; +http://yandex.com/bots)"
141.8.147.12 - - [03/Apr/2013:22:34:08 +0200] "GET /frameset/bottom.htm HTTP/1.1" 200 244 "-" "Mozilla/5.0 (compatible; YandexBot/3.0; +http://yandex.com/bots)"
141.8.147.12 - - [03/Apr/2013:22:34:10 +0200] "GET /frameset/right.htm HTTP/1.1" 200 244 "-" "Mozilla/5.0 (compatible; YandexBot/3.0; +http://yandex.com/bots)"
141.8.147.12 - - [03/Apr/2013:22:34:12 +0200] "GET /neue_seite_1.htm HTTP/1.1" 200 405 "-" "Mozilla/5.0 (compatible; YandexBot/3.0; +http://yandex.com/bots)"
141.8.147.12 - - [03/Apr/2013:22:34:14 +0200] "GET /frameset/left.htm HTTP/1.1" 200 244 "-" "Mozilla/5.0 (compatible; YandexBot/3.0; +http://yandex.com/bots)"
184.22.211.146 - - [03/Apr/2013:22:52:01 +0200] "GET / HTTP/1.1" 200 876 "-" "Mozilla/5.0 (X11; Linux i686; rv:6.0) Gecko/20100101 Firefox/6.0"
123.125.71.56 - - [04/Apr/2013:01:38:08 +0200] "GET / HTTP/1.1" 200 876 "-" "Mozilla/5.0 (compatible; Baiduspider/2.0; +http://www.baidu.com/search/spider.html)"
220.181.108.107 - - [04/Apr/2013:01:38:58 +0200] "GET / HTTP/1.1" 200 876 "-" "Mozilla/5.0 (compatible; Baiduspider/2.0; +http://www.baidu.com/search/spider.html)"
66.249.76.77 - - [04/Apr/2013:04:40:40 +0200] "GET /robots.txt HTTP/1.1" 404 1256 "-" "Mozilla/5.0 (compatible; Googlebot/2.1; +http://www.google.com/bot.html)"
66.249.76.77 - - [04/Apr/2013:04:40:40 +0200] "GET / HTTP/1.1" 200 876 "-" "Mozilla/5.0 (iPhone; U; CPU iPhone OS 4_1 like Mac OS X; en-us) AppleWebKit/532.9 (KHTML, like Gecko) Version/4.0.5 Mobile/8B117 Safari/6531.22.7 (compatible; Googlebot-Mobile/2.1; +http://www.google.com/bot.html)"
123.125.71.25 - - [04/Apr/2013:09:38:01 +0200] "GET / HTTP/1.1" 200 876 "-" "Mozilla/5.0 (compatible; Baiduspider/2.0; +http://www.baidu.com/search/spider.html)"
220.181.108.92 - - [04/Apr/2013:09:38:49 +0200] "GET / HTTP/1.1" 200 876 "-" "Mozilla/5.0 (compatible; Baiduspider/2.0; +http://www.baidu.com/search/spider.html)"
157.56.93.226 - - [04/Apr/2013:10:47:48 +0200] "GET /robots.txt HTTP/1.1" 404 1256 "-" "Mozilla/5.0 (compatible; bingbot/2.0; +http://www.bing.com/bingbot.htm)"
157.56.93.226 - - [04/Apr/2013:10:50:21 +0200] "GET / HTTP/1.1" 200 876 "-" "Mozilla/5.0 (compatible; bingbot/2.0; +http://www.bing.com/bingbot.htm)"
157.55.32.94 - - [04/Apr/2013:10:50:23 +0200] "GET /neue_seite_1.htm HTTP/1.1" 200 405 "-" "Mozilla/5.0 (compatible; bingbot/2.0; +http://www.bing.com/bingbot.htm)"
141.8.147.12 - - [04/Apr/2013:11:22:10 +0200] "GET /robots.txt HTTP/1.1" 404 1256 "-" "Mozilla/5.0 (compatible; YandexBot/3.0; +http://yandex.com/bots)"
141.8.147.12 - - [04/Apr/2013:11:22:12 +0200] "GET /images/sehnsucht%20start-mit%20schrift.gif HTTP/1.1" 200 167462 "-" "Mozilla/5.0 (compatible; YandexImages/3.0; +http://yandex.com/bots)"
123.125.71.57 - - [04/Apr/2013:12:41:14 +0200] "GET / HTTP/1.1" 200 876 "-" "Mozilla/5.0 (compatible; Baiduspider/2.0; +http://www.baidu.com/search/spider.html)"
220.181.108.82 - - [04/Apr/2013:12:42:07 +0200] "GET / HTTP/1.1" 200 876 "-" "Mozilla/5.0 (compatible; Baiduspider/2.0; +http://www.baidu.com/search/spider.html)"
37.140.141.34 - - [04/Apr/2013:16:47:53 +0200] "GET /robots.txt HTTP/1.1" 404 1256 "-" "Mozilla/5.0 (compatible; YandexImages/3.0; +http://yandex.com/bots)"
123.125.71.79 - - [04/Apr/2013:19:28:16 +0200] "GET /robots.txt HTTP/1.1" 404 1256 "-" "Mozilla/5.0 (Windows NT 5.1; rv:6.0.2) Gecko/20100101 Firefox/6.0.2"
123.125.71.53 - - [04/Apr/2013:19:44:18 +0200] "GET / HTTP/1.1" 200 876 "-" "Mozilla/5.0 (compatible; Baiduspider/2.0; +http://www.baidu.com/search/spider.html)"
220.181.108.77 - - [04/Apr/2013:19:45:10 +0200] "GET / HTTP/1.1" 200 876 "-" "Mozilla/5.0 (compatible; Baiduspider/2.0; +http://www.baidu.com/search/spider.html)"
123.125.71.32 - - [04/Apr/2013:22:38:36 +0200] "GET / HTTP/1.1" 200 876 "-" "Mozilla/5.0 (compatible; Baiduspider/2.0; +http://www.baidu.com/search/spider.html)"
220.181.108.83 - - [04/Apr/2013:22:39:24 +0200] "GET / HTTP/1.1" 200 876 "-" "Mozilla/5.0 (compatible; Baiduspider/2.0; +http://www.baidu.com/search/spider.html)"
123.125.71.52 - - [04/Apr/2013:23:39:06 +0200] "GET / HTTP/1.1" 200 876 "-" "Mozilla/5.0 (compatible; Baiduspider/2.0; +http://www.baidu.com/search/spider.html)"
220.181.108.85 - - [04/Apr/2013:23:39:57 +0200] "GET / HTTP/1.1" 200 876 "-" "Mozilla/5.0 (compatible; Baiduspider/2.0; +http://www.baidu.com/search/spider.html)"
123.125.71.54 - - [05/Apr/2013:03:44:21 +0200] "GET / HTTP/1.1" 200 876 "-" "Mozilla/5.0 (compatible; Baiduspider/2.0; +http://www.baidu.com/search/spider.html)"
220.181.108.78 - - [05/Apr/2013:03:45:13 +0200] "GET / HTTP/1.1" 200 876 "-" "Mozilla/5.0 (compatible; Baiduspider/2.0; +http://www.baidu.com/search/spider.html)"
37.140.141.34 - - [05/Apr/2013:04:22:14 +0200] "GET /images/sehnsucht%20start-mit%20schrift.gif HTTP/1.1" 200 167462 "-" "Mozilla/5.0 (compatible; YandexImages/3.0; +http://yandex.com/bots)"
66.249.76.77 - - [05/Apr/2013:04:32:30 +0200] "GET /robots.txt HTTP/1.1" 404 1256 "-" "Mozilla/5.0 (compatible; Googlebot/2.1; +http://www.google.com/bot.html)"
66.249.76.77 - - [05/Apr/2013:04:32:30 +0200] "GET / HTTP/1.1" 200 876 "-" "Mozilla/5.0 (compatible; Googlebot/2.1; +http://www.google.com/bot.html)"
141.8.147.12 - - [05/Apr/2013:12:30:35 +0200] "GET /robots.txt HTTP/1.1" 404 1256 "-" "Mozilla/5.0 (compatible; YandexBot/3.0; +http://yandex.com/bots)"
64.246.165.140 - - [05/Apr/2013:17:00:38 +0200] "GET /robots.txt HTTP/1.0" 404 1256 "-" "Mozilla/5.0 (Windows; U; Windows NT 5.1; en; rv:1.9.0.13) Gecko/2009073022 Firefox/3.5.2 (.NET CLR 3.5.30729) SurveyBot/2.3 (DomainTools)"
64.246.165.140 - - [05/Apr/2013:17:00:39 +0200] "GET / HTTP/1.1" 200 876 "http://whois.domaintools.com/die-sehnsucht.com" "Mozilla/5.0 (Windows; U; Windows NT 5.1; en; rv:1.9.0.13) Gecko/2009073022 Firefox/3.5.2 (.NET CLR 3.5.30729) SurveyBot/2.3 (DomainTools)"
141.8.147.12 - - [05/Apr/2013:20:46:29 +0200] "GET / HTTP/1.1" 200 876 "-" "Mozilla/5.0 (compatible; YandexBot/3.0; +http://yandex.com/bots)"
141.8.147.12 - - [05/Apr/2013:20:49:52 +0200] "GET /frameset/right.htm HTTP/1.1" 200 244 "-" "Mozilla/5.0 (compatible; YandexBot/3.0; +http://yandex.com/bots)"
141.8.147.12 - - [05/Apr/2013:20:49:56 +0200] "GET /frameset/left.htm HTTP/1.1" 200 244 "-" "Mozilla/5.0 (compatible; YandexBot/3.0; +http://yandex.com/bots)"
141.8.147.12 - - [05/Apr/2013:20:49:58 +0200] "GET /frameset/top.htm HTTP/1.1" 200 244 "-" "Mozilla/5.0 (compatible; YandexBot/3.0; +http://yandex.com/bots)"
141.8.147.12 - - [05/Apr/2013:20:50:00 +0200] "GET /neue_seite_1.htm HTTP/1.1" 200 405 "-" "Mozilla/5.0 (compatible; YandexBot/3.0; +http://yandex.com/bots)"
141.8.147.12 - - [05/Apr/2013:20:50:02 +0200] "GET /frameset/bottom.htm HTTP/1.1" 200 244 "-" "Mozilla/5.0 (compatible; YandexBot/3.0; +http://yandex.com/bots)"
46.105.114.127 - - [06/Apr/2013:03:49:52 +0200] "GET / HTTP/1.1" 200 876 "-" "Mozilla/5.0 (X11; Linux i686; rv:6.0) Gecko/20100101 Firefox/6.0"
157.55.32.84 - - [06/Apr/2013:15:57:13 +0200] "GET /robots.txt HTTP/1.1" 404 1256 "-" "Mozilla/5.0 (compatible; bingbot/2.0; +http://www.bing.com/bingbot.htm)"
157.55.35.87 - - [06/Apr/2013:15:58:59 +0200] "GET /frameset/bottom.htm HTTP/1.1" 200 244 "-" "Mozilla/5.0 (compatible; bingbot/2.0; +http://www.bing.com/bingbot.htm)"
157.55.32.84 - - [06/Apr/2013:16:00:00 +0200] "GET /frameset/top.htm HTTP/1.1" 200 244 "-" "Mozilla/5.0 (compatible; bingbot/2.0; +http://www.bing.com/bingbot.htm)"
66.249.78.212 - - [07/Apr/2013:06:12:02 +0200] "GET /robots.txt HTTP/1.1" 404 1256 "-" "Mozilla/5.0 (compatible; Googlebot/2.1; +http://www.google.com/bot.html)"
66.249.78.212 - - [07/Apr/2013:06:12:02 +0200] "GET / HTTP/1.1" 200 876 "-" "Mozilla/5.0 (iPhone; U; CPU iPhone OS 4_1 like Mac OS X; en-us) AppleWebKit/532.9 (KHTML, like Gecko) Version/4.0.5 Mobile/8B117 Safari/6531.22.7 (compatible; Googlebot-Mobile/2.1; +http://www.google.com/bot.html)"
173.199.120.163 - - [07/Apr/2013:13:12:37 +0200] "GET / HTTP/1.1" 200 876 "-" "Mozilla/5.0 (compatible; AhrefsBot/4.0; +http://ahrefs.com/robot/)"
173.199.120.163 - - [07/Apr/2013:18:26:06 +0200] "GET /frameset/top.htm HTTP/1.1" 200 244 "-" "Mozilla/5.0 (compatible; AhrefsBot/4.0; +http://ahrefs.com/robot/)"
173.199.115.51 - - [08/Apr/2013:07:04:35 +0200] "GET /robots.txt HTTP/1.1" 404 1256 "-" "Mozilla/5.0 (compatible; AhrefsBot/4.0; +http://ahrefs.com/robot/)"
173.199.120.163 - - [08/Apr/2013:07:51:48 +0200] "GET /neue_seite_1.htm HTTP/1.1" 200 405 "-" "Mozilla/5.0 (compatible; AhrefsBot/4.0; +http://ahrefs.com/robot/)"
157.55.32.84 - - [08/Apr/2013:17:05:38 +0200] "GET /robots.txt HTTP/1.1" 404 1256 "-" "Mozilla/5.0 (compatible; bingbot/2.0; +http://www.bing.com/bingbot.htm)"
157.55.32.84 - - [08/Apr/2013:17:07:38 +0200] "GET /frameset/top.htm HTTP/1.1" 200 244 "-" "Mozilla/5.0 (compatible; bingbot/2.0; +http://www.bing.com/bingbot.htm)"
157.55.35.87 - - [08/Apr/2013:17:57:16 +0200] "GET /robots.txt HTTP/1.1" 404 1256 "-" "Mozilla/5.0 (compatible; bingbot/2.0; +http://www.bing.com/bingbot.htm)"
157.55.35.87 - - [08/Apr/2013:17:59:39 +0200] "GET /frameset/bottom.htm HTTP/1.1" 200 244 "-" "Mozilla/5.0 (compatible; bingbot/2.0; +http://www.bing.com/bingbot.htm)"
141.8.147.12 - - [09/Apr/2013:01:39:27 +0200] "GET /robots.txt HTTP/1.1" 404 1256 "-" "Mozilla/5.0 (compatible; YandexBot/3.0; +http://yandex.com/bots)"
141.8.147.12 - - [09/Apr/2013:05:48:56 +0200] "GET /frameset/top.htm HTTP/1.1" 304 - "-" "Mozilla/5.0 (compatible; YandexBot/3.0; +http://yandex.com/bots)"
66.249.78.212 - - [09/Apr/2013:09:26:32 +0200] "GET /robots.txt HTTP/1.1" 404 1256 "-" "Mozilla/5.0 (compatible; Googlebot/2.1; +http://www.google.com/bot.html)"
66.249.78.212 - - [09/Apr/2013:09:26:32 +0200] "GET / HTTP/1.1" 200 876 "-" "Mozilla/5.0 (iPhone; U; CPU iPhone OS 4_1 like Mac OS X; en-us) AppleWebKit/532.9 (KHTML, like Gecko) Version/4.0.5 Mobile/8B117 Safari/6531.22.7 (compatible; Googlebot-Mobile/2.1; +http://www.google.com/bot.html)"
141.8.147.12 - - [09/Apr/2013:11:12:32 +0200] "GET / HTTP/1.1" 200 876 "-" "Mozilla/5.0 (compatible; YandexBot/3.0; +http://yandex.com/bots)"
141.8.147.12 - - [09/Apr/2013:11:12:54 +0200] "GET /neue_seite_1.htm HTTP/1.1" 304 - "-" "Mozilla/5.0 (compatible; YandexBot/3.0; +http://yandex.com/bots)"
141.8.147.12 - - [09/Apr/2013:11:12:57 +0200] "GET /frameset/left.htm HTTP/1.1" 200 244 "-" "Mozilla/5.0 (compatible; YandexBot/3.0; +http://yandex.com/bots)"
141.8.147.12 - - [09/Apr/2013:11:12:59 +0200] "GET /frameset/bottom.htm HTTP/1.1" 200 244 "-" "Mozilla/5.0 (compatible; YandexBot/3.0; +http://yandex.com/bots)"
141.8.147.12 - - [09/Apr/2013:11:13:01 +0200] "GET /frameset/right.htm HTTP/1.1" 200 244 "-" "Mozilla/5.0 (compatible; YandexBot/3.0; +http://yandex.com/bots)"
141.8.147.12 - - [09/Apr/2013:11:13:03 +0200] "GET /frameset/top.htm HTTP/1.1" 200 244 "-" "Mozilla/5.0 (compatible; YandexBot/3.0; +http://yandex.com/bots)"
141.8.147.12 - - [09/Apr/2013:11:13:05 +0200] "GET /neue_seite_1.htm HTTP/1.1" 200 405 "-" "Mozilla/5.0 (compatible; YandexBot/3.0; +http://yandex.com/bots)"
81.7.13.161 - - [09/Apr/2013:17:38:49 +0200] "GET / HTTP/1.1" 200 876 "-" "Mozilla/5.0 (X11; Linux i686; rv:6.0) Gecko/20100101 Firefox/6.0"
173.208.180.234 - - [10/Apr/2013:08:46:09 +0200] "GET /robots.txt HTTP/1.0" 404 1256 "-" "Mozilla/5.0 (compatible; MJ12bot/v1.4.3; http://www.majestic12.co.uk/bot.php?+)"
173.208.180.234 - - [10/Apr/2013:08:46:11 +0200] "GET / HTTP/1.0" 200 876 "-" "Mozilla/5.0 (compatible; MJ12bot/v1.4.3; http://www.majestic12.co.uk/bot.php?+)"
5.9.112.66 - - [10/Apr/2013:10:08:29 +0200] "GET /robots.txt HTTP/1.1" 404 1256 "-" "Mozilla/5.0 (compatible; SISTRIX Crawler; http://crawler.sistrix.net/)"
5.9.112.66 - - [10/Apr/2013:10:08:30 +0200] "GET / HTTP/1.1" 200 876 "-" "Mozilla/5.0 (compatible; SISTRIX Crawler; http://crawler.sistrix.net/)"
50.19.42.198 - - [10/Apr/2013:16:24:14 +0200] "GET / HTTP/1.0" 200 876 "-" "Mozilla/5.0 (compatible; NetcraftSurveyAgent/1.0; +info@netcraft.com)"
50.19.42.198 - - [10/Apr/2013:16:24:35 +0200] "GET /frameset/left.htm HTTP/1.0" 200 244 "-" "Mozilla/5.0 (compatible; NetcraftSurveyAgent/1.0; +info@netcraft.com)"
50.19.42.198 - - [10/Apr/2013:16:24:59 +0200] "GET /frameset/top.htm HTTP/1.0" 200 244 "-" "Mozilla/5.0 (compatible; NetcraftSurveyAgent/1.0; +info@netcraft.com)"
50.19.42.198 - - [10/Apr/2013:16:25:20 +0200] "GET /neue_seite_1.htm HTTP/1.0" 200 405 "-" "Mozilla/5.0 (compatible; NetcraftSurveyAgent/1.0; +info@netcraft.com)"
50.19.42.198 - - [10/Apr/2013:16:25:43 +0200] "GET /frameset/bottom.htm HTTP/1.0" 200 244 "-" "Mozilla/5.0 (compatible; NetcraftSurveyAgent/1.0; +info@netcraft.com)"
50.19.42.198 - - [10/Apr/2013:16:26:04 +0200] "GET /frameset/right.htm HTTP/1.0" 200 244 "-" "Mozilla/5.0 (compatible; NetcraftSurveyAgent/1.0; +info@netcraft.com)"
66.249.76.77 - - [11/Apr/2013:06:35:32 +0200] "GET /robots.txt HTTP/1.1" 404 1256 "-" "Mozilla/5.0 (compatible; Googlebot/2.1; +http://www.google.com/bot.html)"
66.249.76.77 - - [11/Apr/2013:06:35:32 +0200] "GET / HTTP/1.1" 200 876 "-" "DoCoMo/2.0 N905i(c100;TB;W24H16) (compatible; Googlebot-Mobile/2.1; +http://www.google.com/bot.html)"
66.249.78.212 - - [11/Apr/2013:13:06:59 +0200] "GET /robots.txt HTTP/1.1" 404 1256 "-" "Mozilla/5.0 (compatible; Googlebot/2.1; +http://www.google.com/bot.html)"
66.249.75.77 - - [11/Apr/2013:13:06:59 +0200] "GET / HTTP/1.1" 200 876 "-" "Mozilla/5.0 (iPhone; U; CPU iPhone OS 4_1 like Mac OS X; en-us) AppleWebKit/532.9 (KHTML, like Gecko) Version/4.0.5 Mobile/8B117 Safari/6531.22.7 (compatible; Googlebot-Mobile/2.1; +http://www.google.com/bot.html)"
123.125.71.115 - - [11/Apr/2013:21:08:11 +0200] "GET /robots.txt HTTP/1.1" 404 1256 "-" "Mozilla/5.0 (Windows NT 5.1; rv:6.0.2) Gecko/20100101 Firefox/6.0.2"
66.249.78.212 - - [12/Apr/2013:03:10:35 +0200] "GET /robots.txt HTTP/1.1" 404 1256 "-" "Mozilla/5.0 (compatible; Googlebot/2.1; +http://www.google.com/bot.html)"
66.249.78.212 - - [12/Apr/2013:03:10:35 +0200] "GET /frameset/bottom.htm HTTP/1.1" 200 244 "-" "Mozilla/5.0 (compatible; Googlebot/2.1; +http://www.google.com/bot.html)"
141.8.147.12 - - [12/Apr/2013:13:19:22 +0200] "GET /robots.txt HTTP/1.1" 404 1256 "-" "Mozilla/5.0 (compatible; YandexBot/3.0; +http://yandex.com/bots)"
157.55.33.19 - - [12/Apr/2013:14:22:26 +0200] "GET /robots.txt HTTP/1.1" 404 1256 "-" "Mozilla/5.0 (compatible; bingbot/2.0; +http://www.bing.com/bingbot.htm)"
157.55.33.19 - - [12/Apr/2013:14:24:09 +0200] "GET / HTTP/1.1" 200 876 "-" "Mozilla/5.0 (compatible; bingbot/2.0; +http://www.bing.com/bingbot.htm)"
157.55.33.14 - - [12/Apr/2013:14:36:36 +0200] "GET /frameset/left.htm HTTP/1.1" 200 244 "-" "Mozilla/5.0 (compatible; bingbot/2.0; +http://www.bing.com/bingbot.htm)"
141.8.147.12 - - [12/Apr/2013:14:48:29 +0200] "GET / HTTP/1.1" 200 876 "-" "Mozilla/5.0 (compatible; YandexBot/3.0; +http://yandex.com/bots)"
141.8.147.12 - - [12/Apr/2013:14:49:16 +0200] "GET /frameset/right.htm HTTP/1.1" 200 244 "-" "Mozilla/5.0 (compatible; YandexBot/3.0; +http://yandex.com/bots)"
141.8.147.12 - - [12/Apr/2013:14:49:18 +0200] "GET /frameset/left.htm HTTP/1.1" 200 244 "-" "Mozilla/5.0 (compatible; YandexBot/3.0; +http://yandex.com/bots)"
141.8.147.12 - - [12/Apr/2013:14:49:20 +0200] "GET /neue_seite_1.htm HTTP/1.1" 200 405 "-" "Mozilla/5.0 (compatible; YandexBot/3.0; +http://yandex.com/bots)"
141.8.147.12 - - [12/Apr/2013:14:49:22 +0200] "GET /frameset/top.htm HTTP/1.1" 200 244 "-" "Mozilla/5.0 (compatible; YandexBot/3.0; +http://yandex.com/bots)"
141.8.147.12 - - [12/Apr/2013:14:49:25 +0200] "GET /frameset/bottom.htm HTTP/1.1" 200 244 "-" "Mozilla/5.0 (compatible; YandexBot/3.0; +http://yandex.com/bots)"
173.199.116.75 - - [13/Apr/2013:00:09:49 +0200] "GET /frameset/right.htm HTTP/1.1" 200 244 "-" "Mozilla/5.0 (compatible; AhrefsBot/4.0; +http://ahrefs.com/robot/)"
157.55.32.94 - - [13/Apr/2013:02:58:28 +0200] "GET /robots.txt HTTP/1.1" 404 1256 "-" "Mozilla/5.0 (compatible; bingbot/2.0; +http://www.bing.com/bingbot.htm)"
157.55.32.94 - - [13/Apr/2013:02:59:47 +0200] "GET /neue_seite_1.htm HTTP/1.1" 200 405 "-" "Mozilla/5.0 (compatible; bingbot/2.0; +http://www.bing.com/bingbot.htm)"
157.55.33.19 - - [13/Apr/2013:03:00:17 +0200] "GET / HTTP/1.1" 200 876 "-" "Mozilla/5.0 (compatible; bingbot/2.0; +http://www.bing.com/bingbot.htm)"
66.249.75.77 - - [13/Apr/2013:10:22:58 +0200] "GET /robots.txt HTTP/1.1" 404 1256 "-" "Mozilla/5.0 (compatible; Googlebot/2.1; +http://www.google.com/bot.html)"
66.249.75.77 - - [13/Apr/2013:10:22:58 +0200] "GET / HTTP/1.1" 200 876 "-" "Mozilla/5.0 (iPhone; U; CPU iPhone OS 4_1 like Mac OS X; en-us) AppleWebKit/532.9 (KHTML, like Gecko) Version/4.0.5 Mobile/8B117 Safari/6531.22.7 (compatible; Googlebot-Mobile/2.1; +http://www.google.com/bot.html)"
188.165.230.147 - - [13/Apr/2013:12:34:58 +0200] "GET /robots.txt HTTP/1.1" 404 1256 "http://www.finddotcom.com/" "Mozilla/4.0 (compatible; MSIE 7.0; Windows NT 5.1; Mozilla/4.0 (compatible; MSIE 6.0; Windows NT 5.1; SV1) ; .NET CLR 2.0.50727; .NET CLR 3.0.4506.2152; .NET CLR 3.5.30729)"
188.165.230.147 - - [13/Apr/2013:12:34:58 +0200] "GET / HTTP/1.1" 200 876 "http://www.finddotcom.com/" "Mozilla/4.0 (compatible; MSIE 7.0; Windows NT 5.1; Mozilla/4.0 (compatible; MSIE 6.0; Windows NT 5.1; SV1) ; .NET CLR 2.0.50727; .NET CLR 3.0.4506.2152; .NET CLR 3.5.30729)"
123.125.71.48 - - [13/Apr/2013:21:31:47 +0200] "GET /robots.txt HTTP/1.1" 404 1256 "-" "Mozilla/5.0 (Windows NT 5.1; rv:6.0.2) Gecko/20100101 Firefox/6.0.2"
157.56.93.40 - - [14/Apr/2013:02:51:18 +0200] "GET /robots.txt HTTP/1.1" 404 1256 "-" "Mozilla/5.0 (compatible; bingbot/2.0; +http://www.bing.com/bingbot.htm)"
157.56.93.40 - - [14/Apr/2013:02:53:05 +0200] "GET /frameset/top.htm HTTP/1.1" 200 244 "-" "Mozilla/5.0 (compatible; bingbot/2.0; +http://www.bing.com/bingbot.htm)"
141.8.147.12 - - [14/Apr/2013:03:19:50 +0200] "GET /robots.txt HTTP/1.1" 404 1256 "-" "Mozilla/5.0 (compatible; YandexBot/3.0; +http://yandex.com/bots)"
173.199.116.75 - - [14/Apr/2013:06:25:16 +0200] "GET /frameset/top.htm HTTP/1.1" 200 244 "-" "Mozilla/5.0 (compatible; AhrefsBot/4.0; +http://ahrefs.com/robot/)"
141.8.147.12 - - [14/Apr/2013:12:22:09 +0200] "GET / HTTP/1.1" 200 876 "-" "Mozilla/5.0 (compatible; YandexBot/3.0; +http://yandex.com/bots)"
141.8.147.12 - - [14/Apr/2013:12:22:51 +0200] "GET /neue_seite_1.htm HTTP/1.1" 200 405 "-" "Mozilla/5.0 (compatible; YandexBot/3.0; +http://yandex.com/bots)"
141.8.147.12 - - [14/Apr/2013:12:22:53 +0200] "GET /frameset/right.htm HTTP/1.1" 200 244 "-" "Mozilla/5.0 (compatible; YandexBot/3.0; +http://yandex.com/bots)"
141.8.147.12 - - [14/Apr/2013:12:22:55 +0200] "GET /frameset/left.htm HTTP/1.1" 200 244 "-" "Mozilla/5.0 (compatible; YandexBot/3.0; +http://yandex.com/bots)"
141.8.147.12 - - [14/Apr/2013:12:22:57 +0200] "GET /frameset/bottom.htm HTTP/1.1" 200 244 "-" "Mozilla/5.0 (compatible; YandexBot/3.0; +http://yandex.com/bots)"
141.8.147.12 - - [14/Apr/2013:12:22:59 +0200] "GET /frameset/top.htm HTTP/1.1" 200 244 "-" "Mozilla/5.0 (compatible; YandexBot/3.0; +http://yandex.com/bots)"
123.125.71.38 - - [14/Apr/2013:16:36:26 +0200] "GET /robots.txt HTTP/1.1" 404 1256 "-" "Mozilla/5.0 (Windows NT 5.1; rv:6.0.2) Gecko/20100101 Firefox/6.0.2"
66.249.75.77 - - [15/Apr/2013:05:16:11 +0200] "GET /robots.txt HTTP/1.1" 404 1256 "-" "Mozilla/5.0 (compatible; Googlebot/2.1; +http://www.google.com/bot.html)"
66.249.75.77 - - [15/Apr/2013:05:16:11 +0200] "GET / HTTP/1.1" 200 876 "-" "Mozilla/5.0 (iPhone; U; CPU iPhone OS 4_1 like Mac OS X; en-us) AppleWebKit/532.9 (KHTML, like Gecko) Version/4.0.5 Mobile/8B117 Safari/6531.22.7 (compatible; Googlebot-Mobile/2.1; +http://www.google.com/bot.html)"
157.55.32.94 - - [15/Apr/2013:05:26:12 +0200] "GET /robots.txt HTTP/1.1" 404 1256 "-" "Mozilla/5.0 (compatible; bingbot/2.0; +http://www.bing.com/bingbot.htm)"
157.55.32.94 - - [15/Apr/2013:05:27:45 +0200] "GET /neue_seite_1.htm HTTP/1.1" 200 405 "-" "Mozilla/5.0 (compatible; bingbot/2.0; +http://www.bing.com/bingbot.htm)"
66.249.73.56 - - [15/Apr/2013:14:17:35 +0200] "GET /robots.txt HTTP/1.1" 404 1256 "-" "Mozilla/5.0 (compatible; Googlebot/2.1; +http://www.google.com/bot.html)"
66.249.73.56 - - [15/Apr/2013:14:17:35 +0200] "GET / HTTP/1.1" 200 876 "-" "Mozilla/5.0 (compatible; Googlebot/2.1; +http://www.google.com/bot.html)"
157.55.35.87 - - [15/Apr/2013:19:39:45 +0200] "GET /robots.txt HTTP/1.1" 404 1256 "-" "Mozilla/5.0 (compatible; bingbot/2.0; +http://www.bing.com/bingbot.htm)"
157.55.35.87 - - [15/Apr/2013:19:41:27 +0200] "GET /frameset/bottom.htm HTTP/1.1" 200 244 "-" "Mozilla/5.0 (compatible; bingbot/2.0; +http://www.bing.com/bingbot.htm)"
38.100.21.65 - - [15/Apr/2013:23:34:31 +0200] "GET / HTTP/1.1" 200 876 "-" "Mozilla/4.0 (compatible; MSIE 7.0; Windows NT 5.2)"
38.100.21.65 - - [15/Apr/2013:23:34:31 +0200] "GET /frameset/right.htm HTTP/1.1" 200 244 "-" "Mozilla/4.0 (compatible; MSIE 7.0; Windows NT 5.2)"
38.100.21.65 - - [15/Apr/2013:23:34:31 +0200] "GET /frameset/bottom.htm HTTP/1.1" 200 244 "-" "Mozilla/4.0 (compatible; MSIE 7.0; Windows NT 5.2)"
38.100.21.65 - - [15/Apr/2013:23:34:31 +0200] "GET /frameset/left.htm HTTP/1.1" 200 244 "-" "Mozilla/4.0 (compatible; MSIE 7.0; Windows NT 5.2)"
38.100.21.65 - - [15/Apr/2013:23:34:32 +0200] "GET /frameset/top.htm HTTP/1.1" 200 244 "-" "Mozilla/4.0 (compatible; MSIE 7.0; Windows NT 5.2)"
38.100.21.65 - - [15/Apr/2013:23:34:32 +0200] "GET /neue_seite_1.htm HTTP/1.1" 200 405 "-" "Mozilla/4.0 (compatible; MSIE 7.0; Windows NT 5.2)"
178.33.178.14 - - [16/Apr/2013:10:35:02 +0200] "GET / HTTP/1.1" 200 876 "-" "Mozilla/5.0 (X11; U; FreeBSD amd64; en-us) AppleWebKit/531.2+ (KHTML, like Gecko) Safari/531.2+ Epiphany/2.30.0"
64.246.161.42 - - [16/Apr/2013:23:20:18 +0200] "GET /robots.txt HTTP/1.0" 404 1256 "-" "Mozilla/5.0 (Windows; U; Windows NT 5.1; en; rv:1.9.0.13) Gecko/2009073022 Firefox/3.5.2 (.NET CLR 3.5.30729) SurveyBot/2.3 (DomainTools)"
64.246.161.42 - - [16/Apr/2013:23:20:18 +0200] "GET / HTTP/1.1" 200 876 "http://whois.domaintools.com/die-sehnsucht.com" "Mozilla/5.0 (Windows; U; Windows NT 5.1; en; rv:1.9.0.13) Gecko/2009073022 Firefox/3.5.2 (.NET CLR 3.5.30729) SurveyBot/2.3 (DomainTools)"
66.249.75.77 - - [17/Apr/2013:07:01:14 +0200] "GET /robots.txt HTTP/1.1" 404 1256 "-" "Mozilla/5.0 (compatible; Googlebot/2.1; +http://www.google.com/bot.html)"
66.249.75.77 - - [17/Apr/2013:07:01:14 +0200] "GET / HTTP/1.1" 200 876 "-" "Mozilla/5.0 (iPhone; U; CPU iPhone OS 4_1 like Mac OS X; en-us) AppleWebKit/532.9 (KHTML, like Gecko) Version/4.0.5 Mobile/8B117 Safari/6531.22.7 (compatible; Googlebot-Mobile/2.1; +http://www.google.com/bot.html)"
204.12.208.234 - - [17/Apr/2013:09:15:35 +0200] "GET /robots.txt HTTP/1.0" 404 1256 "-" "Mozilla/5.0 (compatible; MJ12bot/v1.4.3; http://www.majestic12.co.uk/bot.php?+)"
204.12.208.234 - - [17/Apr/2013:09:15:37 +0200] "GET / HTTP/1.0" 200 876 "-" "Mozilla/5.0 (compatible; MJ12bot/v1.4.3; http://www.majestic12.co.uk/bot.php?+)"
141.8.147.12 - - [17/Apr/2013:19:23:40 +0200] "GET /robots.txt HTTP/1.1" 404 1256 "-" "Mozilla/5.0 (compatible; YandexBot/3.0; +http://yandex.com/bots)"
141.8.147.12 - - [18/Apr/2013:03:10:15 +0200] "GET / HTTP/1.1" 200 876 "-" "Mozilla/5.0 (compatible; YandexBot/3.0; +http://yandex.com/bots)"
141.8.147.12 - - [18/Apr/2013:03:11:14 +0200] "GET /frameset/left.htm HTTP/1.1" 200 244 "-" "Mozilla/5.0 (compatible; YandexBot/3.0; +http://yandex.com/bots)"
141.8.147.12 - - [18/Apr/2013:03:11:16 +0200] "GET /frameset/top.htm HTTP/1.1" 200 244 "-" "Mozilla/5.0 (compatible; YandexBot/3.0; +http://yandex.com/bots)"
141.8.147.12 - - [18/Apr/2013:03:11:19 +0200] "GET /frameset/right.htm HTTP/1.1" 200 244 "-" "Mozilla/5.0 (compatible; YandexBot/3.0; +http://yandex.com/bots)"
141.8.147.12 - - [18/Apr/2013:03:11:21 +0200] "GET /neue_seite_1.htm HTTP/1.1" 200 405 "-" "Mozilla/5.0 (compatible; YandexBot/3.0; +http://yandex.com/bots)"
141.8.147.12 - - [18/Apr/2013:03:11:23 +0200] "GET /frameset/bottom.htm HTTP/1.1" 200 244 "-" "Mozilla/5.0 (compatible; YandexBot/3.0; +http://yandex.com/bots)"
157.55.33.44 - - [18/Apr/2013:06:09:01 +0200] "GET /robots.txt HTTP/1.1" 404 1256 "-" "Mozilla/5.0 (compatible; bingbot/2.0; +http://www.bing.com/bingbot.htm)"
157.55.32.94 - - [18/Apr/2013:06:10:25 +0200] "GET /neue_seite_1.htm HTTP/1.1" 200 405 "-" "Mozilla/5.0 (compatible; bingbot/2.0; +http://www.bing.com/bingbot.htm)"
157.55.33.44 - - [18/Apr/2013:06:10:27 +0200] "GET / HTTP/1.1" 200 876 "-" "Mozilla/5.0 (compatible; bingbot/2.0; +http://www.bing.com/bingbot.htm)"
173.199.120.43 - - [18/Apr/2013:06:13:01 +0200] "GET /frameset/top.htm HTTP/1.1" 200 244 "-" "Mozilla/5.0 (compatible; AhrefsBot/4.0; +http://ahrefs.com/robot/)"
168.61.4.199 - - [18/Apr/2013:10:25:47 +0200] "GET / HTTP/1.1" 200 876 "-" "Python-urllib/2.7"
168.61.4.199 - - [18/Apr/2013:10:25:47 +0200] "GET / HTTP/1.1" 200 876 "-" "Python-urllib/2.7"
168.61.4.199 - - [18/Apr/2013:10:25:48 +0200] "GET / HTTP/1.1" 200 876 "-" "Python-urllib/2.7"
157.56.93.40 - - [18/Apr/2013:15:53:34 +0200] "GET /robots.txt HTTP/1.1" 404 1256 "-" "Mozilla/5.0 (compatible; bingbot/2.0; +http://www.bing.com/bingbot.htm)"
157.56.93.40 - - [18/Apr/2013:15:55:13 +0200] "GET /frameset/top.htm HTTP/1.1" 200 244 "-" "Mozilla/5.0 (compatible; bingbot/2.0; +http://www.bing.com/bingbot.htm)"
173.236.21.106 - - [18/Apr/2013:19:16:51 +0200] "GET /robots.txt HTTP/1.0" 404 1256 "-" "Mozilla/5.0 (compatible; MJ12bot/v1.4.3; http://www.majestic12.co.uk/bot.php?+)"
173.236.21.106 - - [18/Apr/2013:19:16:52 +0200] "GET /frameset/bottom.htm HTTP/1.0" 200 244 "-" "Mozilla/5.0 (compatible; MJ12bot/v1.4.3; http://www.majestic12.co.uk/bot.php?+)"
173.236.21.106 - - [18/Apr/2013:19:16:54 +0200] "GET /frameset/left.htm HTTP/1.0" 200 244 "-" "Mozilla/5.0 (compatible; MJ12bot/v1.4.3; http://www.majestic12.co.uk/bot.php?+)"
173.236.21.106 - - [18/Apr/2013:19:16:56 +0200] "GET /frameset/right.htm HTTP/1.0" 200 244 "-" "Mozilla/5.0 (compatible; MJ12bot/v1.4.3; http://www.majestic12.co.uk/bot.php?+)"
173.236.21.106 - - [18/Apr/2013:19:16:57 +0200] "GET /frameset/top.htm HTTP/1.0" 200 244 "-" "Mozilla/5.0 (compatible; MJ12bot/v1.4.3; http://www.majestic12.co.uk/bot.php?+)"
173.236.21.106 - - [18/Apr/2013:19:16:59 +0200] "GET /neue_seite_1.htm HTTP/1.0" 200 405 "-" "Mozilla/5.0 (compatible; MJ12bot/v1.4.3; http://www.majestic12.co.uk/bot.php?+)"
157.56.93.40 - - [19/Apr/2013:02:56:15 +0200] "GET /robots.txt HTTP/1.1" 404 1256 "-" "Mozilla/5.0 (compatible; bingbot/2.0; +http://www.bing.com/bingbot.htm)"
157.56.93.40 - - [19/Apr/2013:02:57:59 +0200] "GET /frameset/top.htm HTTP/1.1" 304 - "-" "Mozilla/5.0 (compatible; bingbot/2.0; +http://www.bing.com/bingbot.htm)"
66.249.76.77 - - [19/Apr/2013:08:25:53 +0200] "GET /robots.txt HTTP/1.1" 404 1256 "-" "Mozilla/5.0 (compatible; Googlebot/2.1; +http://www.google.com/bot.html)"
66.249.76.77 - - [19/Apr/2013:08:25:53 +0200] "GET / HTTP/1.1" 200 876 "-" "Mozilla/5.0 (iPhone; U; CPU iPhone OS 4_1 like Mac OS X; en-us) AppleWebKit/532.9 (KHTML, like Gecko) Version/4.0.5 Mobile/8B117 Safari/6531.22.7 (compatible; Googlebot-Mobile/2.1; +http://www.google.com/bot.html)"
157.55.35.46 - - [20/Apr/2013:03:29:19 +0200] "GET /robots.txt HTTP/1.1" 404 1256 "-" "Mozilla/5.0 (compatible; bingbot/2.0; +http://www.bing.com/bingbot.htm)"
157.55.35.46 - - [20/Apr/2013:03:31:18 +0200] "GET /frameset/bottom.htm HTTP/1.1" 200 244 "-" "Mozilla/5.0 (compatible; bingbot/2.0; +http://www.bing.com/bingbot.htm)"
176.9.51.211 - - [20/Apr/2013:23:03:22 +0200] "GET /robots.txt HTTP/1.1" 404 1256 "-" "Mozilla/5.0 (compatible; SISTRIX Crawler; http://crawler.sistrix.net/)"
176.9.51.211 - - [20/Apr/2013:23:03:22 +0200] "GET / HTTP/1.1" 200 876 "-" "Mozilla/5.0 (compatible; SISTRIX Crawler; http://crawler.sistrix.net/)"
176.9.51.211 - - [20/Apr/2013:23:03:23 +0200] "GET /frameset/left.htm HTTP/1.1" 200 244 "-" "Mozilla/5.0 (compatible; SISTRIX Crawler; http://crawler.sistrix.net/)"
176.9.51.211 - - [20/Apr/2013:23:03:23 +0200] "GET /frameset/top.htm HTTP/1.1" 200 244 "-" "Mozilla/5.0 (compatible; SISTRIX Crawler; http://crawler.sistrix.net/)"
176.9.51.211 - - [20/Apr/2013:23:03:23 +0200] "GET /neue_seite_1.htm HTTP/1.1" 200 405 "-" "Mozilla/5.0 (compatible; SISTRIX Crawler; http://crawler.sistrix.net/)"
176.9.51.211 - - [20/Apr/2013:23:03:23 +0200] "GET /frameset/bottom.htm HTTP/1.1" 200 244 "-" "Mozilla/5.0 (compatible; SISTRIX Crawler; http://crawler.sistrix.net/)"
176.9.51.211 - - [20/Apr/2013:23:03:24 +0200] "GET /frameset/right.htm HTTP/1.1" 200 244 "-" "Mozilla/5.0 (compatible; SISTRIX Crawler; http://crawler.sistrix.net/)"
66.249.78.212 - - [21/Apr/2013:04:26:35 +0200] "GET /robots.txt HTTP/1.1" 404 1256 "-" "Mozilla/5.0 (compatible; Googlebot/2.1; +http://www.google.com/bot.html)"
66.249.78.212 - - [21/Apr/2013:04:26:35 +0200] "GET / HTTP/1.1" 200 876 "-" "Mozilla/5.0 (iPhone; U; CPU iPhone OS 4_1 like Mac OS X; en-us) AppleWebKit/532.9 (KHTML, like Gecko) Version/4.0.5 Mobile/8B117 Safari/6531.22.7 (compatible; Googlebot-Mobile/2.1; +http://www.google.com/bot.html)"
5.9.112.67 - - [21/Apr/2013:04:38:09 +0200] "GET /robots.txt HTTP/1.1" 404 1256 "-" "Mozilla/5.0 (compatible; SISTRIX Crawler; http://crawler.sistrix.net/)"
5.9.112.67 - - [21/Apr/2013:04:38:09 +0200] "GET / HTTP/1.1" 200 876 "-" "Mozilla/5.0 (compatible; SISTRIX Crawler; http://crawler.sistrix.net/)"
66.249.75.77 - - [21/Apr/2013:07:13:13 +0200] "GET / HTTP/1.1" 200 876 "-" "DoCoMo/2.0 N905i(c100;TB;W24H16) (compatible; Googlebot-Mobile/2.1; +http://www.google.com/bot.html)"
66.249.78.212 - - [22/Apr/2013:00:18:17 +0200] "GET /robots.txt HTTP/1.1" 404 1256 "-" "Mozilla/5.0 (compatible; Googlebot/2.1; +http://www.google.com/bot.html)"
66.249.76.77 - - [22/Apr/2013:00:18:17 +0200] "GET /frameset/bottom.htm HTTP/1.1" 200 244 "-" "DoCoMo/2.0 N905i(c100;TB;W24H16) (compatible; Googlebot-Mobile/2.1; +http://www.google.com/bot.html)"
208.167.230.43 - - [22/Apr/2013:00:54:04 +0200] "GET /frameset/right.htm HTTP/1.1" 200 244 "-" "Mozilla/5.0 (compatible; AhrefsBot/4.0; +http://ahrefs.com/robot/)"
66.249.78.212 - - [23/Apr/2013:04:22:04 +0200] "GET /robots.txt HTTP/1.1" 404 1256 "-" "Mozilla/5.0 (compatible; Googlebot/2.1; +http://www.google.com/bot.html)"
66.249.78.212 - - [23/Apr/2013:04:22:04 +0200] "GET / HTTP/1.1" 200 876 "-" "Mozilla/5.0 (iPhone; U; CPU iPhone OS 4_1 like Mac OS X; en-us) AppleWebKit/532.9 (KHTML, like Gecko) Version/4.0.5 Mobile/8B117 Safari/6531.22.7 (compatible; Googlebot-Mobile/2.1; +http://www.google.com/bot.html)"
157.55.33.44 - - [23/Apr/2013:05:38:57 +0200] "GET /robots.txt HTTP/1.1" 404 1256 "-" "Mozilla/5.0 (compatible; bingbot/2.0; +http://www.bing.com/bingbot.htm)"
157.55.33.44 - - [23/Apr/2013:05:41:11 +0200] "GET / HTTP/1.1" 200 876 "-" "Mozilla/5.0 (compatible; bingbot/2.0; +http://www.bing.com/bingbot.htm)"
157.56.93.224 - - [23/Apr/2013:05:41:48 +0200] "GET /neue_seite_1.htm HTTP/1.1" 200 405 "-" "Mozilla/5.0 (compatible; bingbot/2.0; +http://www.bing.com/bingbot.htm)"
131.253.38.103 - - [23/Apr/2013:08:51:15 +0200] "GET /robots.txt HTTP/1.1" 404 1256 "-" "msnbot-media/1.1 (+http://search.msn.com/msnbot.htm)"
131.253.38.103 - - [23/Apr/2013:08:51:16 +0200] "GET /images/sehnsucht%20start-mit%20schrift.gif HTTP/1.1" 200 167462 "-" "msnbot-media/1.1 (+http://search.msn.com/msnbot.htm)"
66.249.78.212 - - [23/Apr/2013:16:43:21 +0200] "GET /robots.txt HTTP/1.1" 404 1256 "-" "Mozilla/5.0 (compatible; Googlebot/2.1; +http://www.google.com/bot.html)"
66.249.75.77 - - [23/Apr/2013:16:43:21 +0200] "GET /frameset/bottom.htm HTTP/1.1" 200 244 "-" "DoCoMo/2.0 N905i(c100;TB;W24H16) (compatible; Googlebot-Mobile/2.1; +http://www.google.com/bot.html)"
199.30.228.132 - - [23/Apr/2013:17:23:54 +0200] "GET / HTTP/1.1" 200 876 "-" "Mozilla/4.0 (compatible; MSIE 7.0; Windows NT 5.1; Trident/4.0)"
199.30.228.132 - - [23/Apr/2013:17:23:55 +0200] "GET /frameset/left.htm HTTP/1.1" 200 244 "http://www.die-sehnsucht.com/" "Mozilla/4.0 (compatible; MSIE 7.0; Windows NT 5.1; Trident/4.0)"
199.30.228.132 - - [23/Apr/2013:17:23:55 +0200] "GET /frameset/top.htm HTTP/1.1" 200 244 "http://www.die-sehnsucht.com/" "Mozilla/4.0 (compatible; MSIE 7.0; Windows NT 5.1; Trident/4.0)"
199.30.228.132 - - [23/Apr/2013:17:23:55 +0200] "GET /neue_seite_1.htm HTTP/1.1" 200 405 "http://www.die-sehnsucht.com/" "Mozilla/4.0 (compatible; MSIE 7.0; Windows NT 5.1; Trident/4.0)"
199.30.228.132 - - [23/Apr/2013:17:23:56 +0200] "GET /frameset/bottom.htm HTTP/1.1" 200 244 "http://www.die-sehnsucht.com/" "Mozilla/4.0 (compatible; MSIE 7.0; Windows NT 5.1; Trident/4.0)"
199.30.228.132 - - [23/Apr/2013:17:23:56 +0200] "GET /frameset/right.htm HTTP/1.1" 200 244 "http://www.die-sehnsucht.com/" "Mozilla/4.0 (compatible; MSIE 7.0; Windows NT 5.1; Trident/4.0)"
199.30.228.132 - - [23/Apr/2013:17:23:58 +0200] "GET /images/sehnsucht%20start-mit%20schrift.gif HTTP/1.1" 200 167462 "http://www.die-sehnsucht.com/neue_seite_1.htm" "Mozilla/4.0 (compatible; MSIE 7.0; Windows NT 5.1; Trident/4.0)"
141.8.147.12 - - [23/Apr/2013:18:32:37 +0200] "GET /robots.txt HTTP/1.1" 404 1256 "-" "Mozilla/5.0 (compatible; YandexBot/3.0; +http://yandex.com/bots)"
141.8.147.12 - - [23/Apr/2013:23:25:14 +0200] "GET / HTTP/1.1" 200 876 "-" "Mozilla/5.0 (compatible; YandexBot/3.0; +http://yandex.com/bots)"
141.8.147.12 - - [23/Apr/2013:23:26:23 +0200] "GET /frameset/left.htm HTTP/1.1" 200 244 "-" "Mozilla/5.0 (compatible; YandexBot/3.0; +http://yandex.com/bots)"
141.8.147.12 - - [23/Apr/2013:23:26:25 +0200] "GET /frameset/right.htm HTTP/1.1" 200 244 "-" "Mozilla/5.0 (compatible; YandexBot/3.0; +http://yandex.com/bots)"
141.8.147.12 - - [23/Apr/2013:23:26:27 +0200] "GET /neue_seite_1.htm HTTP/1.1" 200 405 "-" "Mozilla/5.0 (compatible; YandexBot/3.0; +http://yandex.com/bots)"
141.8.147.12 - - [23/Apr/2013:23:26:29 +0200] "GET /frameset/bottom.htm HTTP/1.1" 200 244 "-" "Mozilla/5.0 (compatible; YandexBot/3.0; +http://yandex.com/bots)"
141.8.147.12 - - [23/Apr/2013:23:26:31 +0200] "GET /frameset/top.htm HTTP/1.1" 200 244 "-" "Mozilla/5.0 (compatible; YandexBot/3.0; +http://yandex.com/bots)"
5.9.112.179 - - [24/Apr/2013:09:20:46 +0200] "GET /robots.txt HTTP/1.1" 404 1256 "-" "Mozilla/5.0 (compatible; SISTRIX Crawler; http://crawler.sistrix.net/)"
5.9.112.179 - - [24/Apr/2013:09:20:46 +0200] "GET / HTTP/1.1" 200 876 "-" "Mozilla/5.0 (compatible; SISTRIX Crawler; http://crawler.sistrix.net/)"
176.9.16.210 - - [24/Apr/2013:09:50:47 +0200] "GET /robots.txt HTTP/1.0" 404 1256 "-" "Mozilla/5.0 (compatible; MJ12bot/v1.4.3; http://www.majestic12.co.uk/bot.php?+)"
176.9.16.210 - - [24/Apr/2013:09:50:49 +0200] "GET / HTTP/1.0" 200 876 "-" "Mozilla/5.0 (compatible; MJ12bot/v1.4.3; http://www.majestic12.co.uk/bot.php?+)"
46.105.250.44 - - [25/Apr/2013:08:00:47 +0200] "GET / HTTP/1.0" 200 876 "-" "Mozilla/5.0 (compatible; awcheckBot; +http://awcheck.com/en/about)"
173.199.119.147 - - [25/Apr/2013:17:47:01 +0200] "GET / HTTP/1.1" 200 876 "-" "Mozilla/5.0 (compatible; AhrefsBot/4.0; +http://ahrefs.com/robot/)"
66.249.78.212 - - [25/Apr/2013:19:36:54 +0200] "GET /robots.txt HTTP/1.1" 404 1256 "-" "Mozilla/5.0 (compatible; Googlebot/2.1; +http://www.google.com/bot.html)"
66.249.76.77 - - [25/Apr/2013:19:36:54 +0200] "GET / HTTP/1.1" 200 876 "-" "Mozilla/5.0 (iPhone; U; CPU iPhone OS 4_1 like Mac OS X; en-us) AppleWebKit/532.9 (KHTML, like Gecko) Version/4.0.5 Mobile/8B117 Safari/6531.22.7 (compatible; Googlebot-Mobile/2.1; +http://www.google.com/bot.html)"
66.249.78.212 - - [26/Apr/2013:01:17:42 +0200] "GET /frameset/right.htm HTTP/1.1" 200 244 "-" "Mozilla/5.0 (compatible; Googlebot/2.1; +http://www.google.com/bot.html)"
173.199.119.147 - - [26/Apr/2013:01:42:59 +0200] "GET /frameset/right.htm HTTP/1.1" 200 244 "-" "Mozilla/5.0 (compatible; AhrefsBot/4.0; +http://ahrefs.com/robot/)"
188.165.230.147 - - [26/Apr/2013:06:00:35 +0200] "GET /robots.txt HTTP/1.1" 404 1256 "http://www.finddotcom.com/" "Mozilla/4.0 (compatible; MSIE 7.0; Windows NT 5.1; Mozilla/4.0 (compatible; MSIE 6.0; Windows NT 5.1; SV1) ; .NET CLR 2.0.50727; .NET CLR 3.0.4506.2152; .NET CLR 3.5.30729)"
188.165.230.147 - - [26/Apr/2013:06:00:35 +0200] "GET / HTTP/1.1" 200 876 "http://www.finddotcom.com/" "Mozilla/4.0 (compatible; MSIE 7.0; Windows NT 5.1; Mozilla/4.0 (compatible; MSIE 6.0; Windows NT 5.1; SV1) ; .NET CLR 2.0.50727; .NET CLR 3.0.4506.2152; .NET CLR 3.5.30729)"
66.249.78.212 - - [26/Apr/2013:06:10:27 +0200] "GET / HTTP/1.1" 200 876 "-" "Mozilla/5.0 (compatible; Googlebot/2.1; +http://www.google.com/bot.html)"
66.249.78.212 - - [26/Apr/2013:06:25:47 +0200] "GET /neue_seite_1.htm HTTP/1.1" 200 405 "-" "Mozilla/5.0 (compatible; Googlebot/2.1; +http://www.google.com/bot.html)"
173.199.119.147 - - [26/Apr/2013:18:27:17 +0200] "GET /neue_seite_1.htm HTTP/1.1" 200 405 "-" "Mozilla/5.0 (compatible; AhrefsBot/4.0; +http://ahrefs.com/robot/)"
184.72.93.180 - - [26/Apr/2013:21:53:39 +0200] "GET / HTTP/1.1" 200 876 "-" "Mozilla/5.0 (Windows; U; Windows NT 5.1; en-US; rv:1.7.8) Gecko/20050511 Firefox/1.0.4"
66.249.78.212 - - [27/Apr/2013:03:49:09 +0200] "GET /robots.txt HTTP/1.1" 404 1256 "-" "Mozilla/5.0 (compatible; Googlebot/2.1; +http://www.google.com/bot.html)"
66.249.78.212 - - [27/Apr/2013:03:49:09 +0200] "GET / HTTP/1.1" 200 876 "-" "Mozilla/5.0 (iPhone; U; CPU iPhone OS 4_1 like Mac OS X; en-us) AppleWebKit/532.9 (KHTML, like Gecko) Version/4.0.5 Mobile/8B117 Safari/6531.22.7 (compatible; Googlebot-Mobile/2.1; +http://www.google.com/bot.html)"
173.199.119.147 - - [27/Apr/2013:07:36:02 +0200] "GET /frameset/top.htm HTTP/1.1" 200 244 "-" "Mozilla/5.0 (compatible; AhrefsBot/4.0; +http://ahrefs.com/robot/)"
157.56.93.224 - - [27/Apr/2013:13:36:23 +0200] "GET /robots.txt HTTP/1.1" 404 1256 "-" "Mozilla/5.0 (compatible; bingbot/2.0; +http://www.bing.com/bingbot.htm)"
157.56.93.224 - - [27/Apr/2013:13:38:07 +0200] "GET /neue_seite_1.htm HTTP/1.1" 200 405 "-" "Mozilla/5.0 (compatible; bingbot/2.0; +http://www.bing.com/bingbot.htm)"
157.55.33.44 - - [27/Apr/2013:13:38:36 +0200] "GET / HTTP/1.1" 200 876 "-" "Mozilla/5.0 (compatible; bingbot/2.0; +http://www.bing.com/bingbot.htm)"
157.56.93.50 - - [28/Apr/2013:02:51:13 +0200] "GET /robots.txt HTTP/1.1" 404 1256 "-" "Mozilla/5.0 (compatible; bingbot/2.0; +http://www.bing.com/bingbot.htm)"
157.56.93.50 - - [28/Apr/2013:02:53:16 +0200] "GET /frameset/bottom.htm HTTP/1.1" 304 - "-" "Mozilla/5.0 (compatible; bingbot/2.0; +http://www.bing.com/bingbot.htm)"
64.246.187.42 - - [28/Apr/2013:23:11:05 +0200] "GET /robots.txt HTTP/1.0" 404 1256 "-" "Mozilla/5.0 (Windows; U; Windows NT 5.1; en; rv:1.9.0.13) Gecko/2009073022 Firefox/3.5.2 (.NET CLR 3.5.30729) SurveyBot/2.3 (DomainTools)"
64.246.187.42 - - [28/Apr/2013:23:11:05 +0200] "GET / HTTP/1.1" 200 876 "http://whois.domaintools.com/die-sehnsucht.com" "Mozilla/5.0 (Windows; U; Windows NT 5.1; en; rv:1.9.0.13) Gecko/2009073022 Firefox/3.5.2 (.NET CLR 3.5.30729) SurveyBot/2.3 (DomainTools)"
66.249.78.212 - - [29/Apr/2013:08:19:24 +0200] "GET /robots.txt HTTP/1.1" 404 1256 "-" "Mozilla/5.0 (compatible; Googlebot/2.1; +http://www.google.com/bot.html)"
