212.123.255.150 - - [19/Jul/2018:14:18:28 +0200] "GET /picture/back.gif HTTP/1.1" 404 1256 "http://www.frisoer-guergen.de/" "Mozilla/5.0 (Windows NT 6.3; WOW64; Trident/7.0; rv:11.0) like Gecko"
212.123.255.150 - - [19/Jul/2018:14:18:29 +0200] "GET /favicon.ico HTTP/1.1" 404 1256 "-" "Mozilla/5.0 (Windows NT 6.3; Win64; x64; Trident/7.0; Touch; rv:11.0) like Gecko"
212.123.255.150 - - [19/Jul/2018:14:20:28 +0200] "GET /picture/back.gif HTTP/1.1" 404 1256 "http://www.frisoer-guergen.de/" "Mozilla/5.0 (Windows NT 6.3; WOW64; Trident/7.0; rv:11.0) like Gecko"
212.123.255.150 - - [19/Jul/2018:14:20:28 +0200] "GET /picture/back.gif HTTP/1.1" 404 1256 "http://www.frisoer-guergen.de/" "Mozilla/5.0 (Windows NT 6.3; WOW64; Trident/7.0; rv:11.0) like Gecko"
212.123.255.150 - - [19/Jul/2018:14:20:28 +0200] "GET /browserconfig.xml HTTP/1.1" 404 1256 "-" "Mozilla/5.0 (Windows NT 6.3; Win64; x64; Trident/7.0; Touch; rv:11.0) like Gecko"
66.249.75.128 - - [19/Jul/2018:16:35:59 +0200] "GET / HTTP/1.1" 200 1225 "-" "Mozilla/5.0 (Linux; Android 6.0.1; Nexus 5X Build/MMB29P) AppleWebKit/537.36 (KHTML, like Gecko) Chrome/41.0.2272.96 Mobile Safari/537.36 (compatible; Googlebot/2.1; +http://www.google.com/bot.html)"
52.53.201.78 - - [19/Jul/2018:17:14:12 +0200] "GET / HTTP/1.1" 200 1225 "-" "Mozilla/5.0 (Macintosh; Intel Mac OS X 10_12_6) AppleWebKit/537.36 (KHTML, like Gecko) Chrome/61.0.3163.100 Safari/537.36"
66.249.75.128 - - [19/Jul/2018:19:49:25 +0200] "GET /robots.txt HTTP/1.1" 404 1256 "-" "Mozilla/5.0 (compatible; Googlebot/2.1; +http://www.google.com/bot.html)"
66.249.75.130 - - [19/Jul/2018:19:49:25 +0200] "GET / HTTP/1.1" 200 1225 "-" "Mozilla/5.0 (compatible; Googlebot/2.1; +http://www.google.com/bot.html)"
66.249.75.128 - - [19/Jul/2018:21:18:09 +0200] "GET / HTTP/1.1" 200 1225 "-" "Mozilla/5.0 (Linux; Android 6.0.1; Nexus 5X Build/MMB29P) AppleWebKit/537.36 (KHTML, like Gecko) Chrome/41.0.2272.96 Mobile Safari/537.36 (compatible; Googlebot/2.1; +http://www.google.com/bot.html)"
54.36.150.106 - - [19/Jul/2018:21:25:18 +0200] "GET /robots.txt HTTP/1.1" 404 1256 "-" "Mozilla/5.0 (compatible; AhrefsBot/5.2; +http://ahrefs.com/robot/)"
54.36.148.250 - - [19/Jul/2018:21:25:19 +0200] "GET / HTTP/1.1" 200 1225 "-" "Mozilla/5.0 (compatible; AhrefsBot/5.2; +http://ahrefs.com/robot/)"
77.14.108.236 - - [19/Jul/2018:22:24:03 +0200] "GET / HTTP/1.1" 200 1225 "https://www.google.com/" "Mozilla/5.0 (Windows NT 6.1; Win64; x64) AppleWebKit/537.36 (KHTML, like Gecko) Chrome/67.0.3396.99 Safari/537.36"
77.14.108.236 - - [19/Jul/2018:22:24:03 +0200] "GET /picture/frisoer-logo.jpg HTTP/1.1" 200 108839 "http://www.frisoer-guergen.de/" "Mozilla/5.0 (Windows NT 6.1; Win64; x64) AppleWebKit/537.36 (KHTML, like Gecko) Chrome/67.0.3396.99 Safari/537.36"
178.68.221.19 - - [19/Jul/2018:23:21:48 +0200] "GET / HTTP/1.1" 200 1225 "https://www.google.ru/" "Mozilla/5.0 (Windows NT 10.0; Win64; x64) AppleWebKit/537.36 (KHTML, like Gecko) Chrome/67.0.3396.99 Safari/537.36"
178.68.221.19 - - [19/Jul/2018:23:21:48 +0200] "GET /picture/back.gif HTTP/1.1" 404 1256 "http://www.frisoer-guergen.de/" "Mozilla/5.0 (Windows NT 10.0; Win64; x64) AppleWebKit/537.36 (KHTML, like Gecko) Chrome/67.0.3396.99 Safari/537.36"
178.68.221.19 - - [19/Jul/2018:23:21:48 +0200] "GET /picture/frisoer-logo.jpg HTTP/1.1" 200 108839 "http://www.frisoer-guergen.de/" "Mozilla/5.0 (Windows NT 10.0; Win64; x64) AppleWebKit/537.36 (KHTML, like Gecko) Chrome/67.0.3396.99 Safari/537.36"
178.68.221.19 - - [19/Jul/2018:23:21:49 +0200] "GET /favicon.ico HTTP/1.1" 404 1256 "http://www.frisoer-guergen.de/" "Mozilla/5.0 (Windows NT 10.0; Win64; x64) AppleWebKit/537.36 (KHTML, like Gecko) Chrome/67.0.3396.99 Safari/537.36"
46.118.112.85 - - [19/Jul/2018:23:59:27 +0200] "GET / HTTP/1.1" 200 1225 "-" "Mozilla/5.0 (Windows NT 10.0; Win64; x64) AppleWebKit/537.36 (KHTML, like Gecko) Chrome/63.0.3239.132 Safari/537.36"
46.118.112.85 - - [19/Jul/2018:23:59:27 +0200] "POST /connectors/system/phpthumb.php HTTP/1.1" 404 1256 "-" "Mozilla/5.0 (Windows NT 10.0; Win64; x64) AppleWebKit/537.36 (KHTML, like Gecko) Chrome/63.0.3239.132 Safari/537.36"
46.118.112.85 - - [19/Jul/2018:23:59:27 +0200] "GET /dbs.php HTTP/1.1" 404 1256 "-" "Mozilla/5.0 (Windows NT 10.0; Win64; x64) AppleWebKit/537.36 (KHTML, like Gecko) Chrome/63.0.3239.132 Safari/537.36"
157.55.39.213 - - [20/Jul/2018:06:23:37 +0200] "GET / HTTP/1.1" 200 1225 "-" "Mozilla/5.0 (iPhone; CPU iPhone OS 7_0 like Mac OS X) AppleWebKit/537.51.1 (KHTML, like Gecko) Version/7.0 Mobile/11A465 Safari/9537.53 (compatible; bingbot/2.0; +http://www.bing.com/bingbot.htm)"
66.249.75.130 - - [20/Jul/2018:06:58:51 +0200] "GET / HTTP/1.1" 200 1225 "-" "Mozilla/5.0 (Linux; Android 6.0.1; Nexus 5X Build/MMB29P) AppleWebKit/537.36 (KHTML, like Gecko) Chrome/41.0.2272.96 Mobile Safari/537.36 (compatible; Googlebot/2.1; +http://www.google.com/bot.html)"
40.77.190.101 - - [20/Jul/2018:07:23:06 +0200] "GET /picture/back.gif HTTP/1.1" 404 1256 "http://www.frisoer-guergen.de/" "Mozilla/5.0 (iPhone; CPU iPhone OS 7_0 like Mac OS X) AppleWebKit/537.51.1 (KHTML, like Gecko) Version/7.0 Mobile/11A465 Safari/9537.53 BingPreview/1.0b"
40.77.190.101 - - [20/Jul/2018:07:23:06 +0200] "GET /picture/frisoer-logo.jpg HTTP/1.1" 200 108839 "http://www.frisoer-guergen.de/" "Mozilla/5.0 (iPhone; CPU iPhone OS 7_0 like Mac OS X) AppleWebKit/537.51.1 (KHTML, like Gecko) Version/7.0 Mobile/11A465 Safari/9537.53 BingPreview/1.0b"
157.55.39.148 - - [20/Jul/2018:07:23:21 +0200] "GET /robots.txt HTTP/1.1" 404 1256 "-" "Mozilla/5.0 (compatible; bingbot/2.0; +http://www.bing.com/bingbot.htm)"
94.223.106.9 - - [20/Jul/2018:09:58:50 +0200] "GET / HTTP/1.1" 200 1225 "https://www.google.de/" "Mozilla/5.0 (iPhone; CPU iPhone OS 11_4 like Mac OS X) AppleWebKit/605.1.15 (KHTML, like Gecko) Version/11.0 Mobile/15E148 Safari/604.1"
94.223.106.9 - - [20/Jul/2018:09:58:50 +0200] "GET /picture/back.gif HTTP/1.1" 404 1256 "http://www.frisoer-guergen.de/" "Mozilla/5.0 (iPhone; CPU iPhone OS 11_4 like Mac OS X) AppleWebKit/605.1.15 (KHTML, like Gecko) Version/11.0 Mobile/15E148 Safari/604.1"
94.223.106.9 - - [20/Jul/2018:09:58:50 +0200] "GET /picture/frisoer-logo.jpg HTTP/1.1" 200 108839 "http://www.frisoer-guergen.de/" "Mozilla/5.0 (iPhone; CPU iPhone OS 11_4 like Mac OS X) AppleWebKit/605.1.15 (KHTML, like Gecko) Version/11.0 Mobile/15E148 Safari/604.1"
180.76.15.14 - - [20/Jul/2018:10:36:31 +0200] "GET / HTTP/1.1" 200 1225 "-" "Mozilla/5.0 (compatible; Baiduspider/2.0; +http://www.baidu.com/search/spider.html)"
66.249.75.132 - - [20/Jul/2018:10:42:14 +0200] "GET /robots.txt HTTP/1.1" 404 1256 "-" "Mozilla/5.0 (compatible; Googlebot/2.1; +http://www.google.com/bot.html)"
66.249.75.128 - - [20/Jul/2018:10:42:14 +0200] "GET / HTTP/1.1" 200 1225 "-" "Mozilla/5.0 (Linux; Android 6.0.1; Nexus 5X Build/MMB29P) AppleWebKit/537.36 (KHTML, like Gecko) Chrome/41.0.2272.96 Mobile Safari/537.36 (compatible; Googlebot/2.1; +http://www.google.com/bot.html)"
2.204.236.48 - - [20/Jul/2018:11:21:30 +0200] "GET / HTTP/1.1" 200 1225 "https://www.google.de/" "Mozilla/5.0 (Linux; Android 5.0.1; GT-I9515 Build/LRX22C) AppleWebKit/537.36 (KHTML, like Gecko) Chrome/67.0.3396.87 Mobile Safari/537.36"
2.204.236.48 - - [20/Jul/2018:11:21:31 +0200] "GET /picture/back.gif HTTP/1.1" 404 1256 "http://www.frisoer-guergen.de/" "Mozilla/5.0 (Linux; Android 5.0.1; GT-I9515 Build/LRX22C) AppleWebKit/537.36 (KHTML, like Gecko) Chrome/67.0.3396.87 Mobile Safari/537.36"
2.204.236.48 - - [20/Jul/2018:11:21:31 +0200] "GET /picture/frisoer-logo.jpg HTTP/1.1" 200 108839 "http://www.frisoer-guergen.de/" "Mozilla/5.0 (Linux; Android 5.0.1; GT-I9515 Build/LRX22C) AppleWebKit/537.36 (KHTML, like Gecko) Chrome/67.0.3396.87 Mobile Safari/537.36"
2.204.236.48 - - [20/Jul/2018:11:21:31 +0200] "GET /favicon.ico HTTP/1.1" 404 1256 "http://www.frisoer-guergen.de/" "Mozilla/5.0 (Linux; Android 5.0.1; GT-I9515 Build/LRX22C) AppleWebKit/537.36 (KHTML, like Gecko) Chrome/67.0.3396.87 Mobile Safari/537.36"
66.249.75.132 - - [20/Jul/2018:14:42:15 +0200] "GET / HTTP/1.1" 200 1225 "-" "Mozilla/5.0 (Linux; Android 6.0.1; Nexus 5X Build/MMB29P) AppleWebKit/537.36 (KHTML, like Gecko) Chrome/41.0.2272.96 Mobile Safari/537.36 (compatible; Googlebot/2.1; +http://www.google.com/bot.html)"
188.102.44.83 - - [20/Jul/2018:15:08:13 +0200] "GET / HTTP/1.1" 200 1225 "-" "Mozilla/5.0 (Android 8.0.0; Mobile; rv:61.0) Gecko/61.0 Firefox/61.0"
188.102.44.83 - - [20/Jul/2018:15:08:13 +0200] "GET /picture/back.gif HTTP/1.1" 404 1256 "http://www.frisoer-guergen.de/" "Mozilla/5.0 (Android 8.0.0; Mobile; rv:61.0) Gecko/61.0 Firefox/61.0"
188.102.44.83 - - [20/Jul/2018:15:08:13 +0200] "GET /picture/frisoer-logo.jpg HTTP/1.1" 200 108839 "http://www.frisoer-guergen.de/" "Mozilla/5.0 (Android 8.0.0; Mobile; rv:61.0) Gecko/61.0 Firefox/61.0"
188.102.44.83 - - [20/Jul/2018:15:08:13 +0200] "GET /favicon.ico HTTP/1.1" 404 1256 "-" "Mozilla/5.0 (Android 8.0.0; Mobile; rv:61.0) Gecko/61.0 Firefox/61.0"
188.102.44.83 - - [20/Jul/2018:15:08:35 +0200] "GET /picture/back.gif HTTP/1.1" 404 1256 "http://www.frisoer-guergen.de/" "Mozilla/5.0 (Android 8.0.0; Mobile; rv:61.0) Gecko/61.0 Firefox/61.0"
66.249.75.132 - - [20/Jul/2018:16:01:07 +0200] "GET / HTTP/1.1" 200 1225 "-" "Mozilla/5.0 (Linux; Android 6.0.1; Nexus 5X Build/MMB29P) AppleWebKit/537.36 (KHTML, like Gecko) Chrome/41.0.2272.96 Mobile Safari/537.36 (compatible; Googlebot/2.1; +http://www.google.com/bot.html)"
213.30.249.100 - - [20/Jul/2018:16:30:28 +0200] "GET / HTTP/1.1" 200 1225 "-" "Scrapy/1.5.0 (+https://scrapy.org)"
213.30.249.100 - - [20/Jul/2018:16:35:46 +0200] "GET / HTTP/1.1" 200 1225 "-" "Scrapy/1.5.0 (+https://scrapy.org)"
213.30.249.100 - - [20/Jul/2018:16:40:47 +0200] "GET / HTTP/1.1" 200 1225 "-" "Scrapy/1.5.0 (+https://scrapy.org)"
213.30.249.100 - - [20/Jul/2018:16:44:09 +0200] "GET / HTTP/1.1" 200 1225 "-" "Scrapy/1.5.0 (+https://scrapy.org)"
213.30.249.100 - - [20/Jul/2018:16:49:31 +0200] "GET / HTTP/1.1" 200 1225 "-" "Scrapy/1.5.0 (+https://scrapy.org)"
213.30.249.100 - - [20/Jul/2018:16:52:20 +0200] "GET / HTTP/1.1" 200 1225 "-" "Scrapy/1.5.0 (+https://scrapy.org)"
213.30.249.100 - - [20/Jul/2018:17:04:34 +0200] "GET / HTTP/1.1" 200 1225 "-" "Scrapy/1.5.0 (+https://scrapy.org)"
213.30.249.100 - - [20/Jul/2018:17:10:53 +0200] "GET / HTTP/1.1" 200 1225 "-" "Scrapy/1.5.0 (+https://scrapy.org)"
213.30.249.100 - - [20/Jul/2018:17:14:17 +0200] "GET / HTTP/1.1" 200 1225 "-" "Scrapy/1.5.0 (+https://scrapy.org)"
213.30.249.100 - - [20/Jul/2018:17:17:28 +0200] "GET / HTTP/1.1" 200 1225 "-" "Scrapy/1.5.0 (+https://scrapy.org)"
213.30.249.100 - - [20/Jul/2018:17:28:06 +0200] "GET / HTTP/1.1" 200 1225 "-" "Scrapy/1.5.0 (+https://scrapy.org)"
213.30.249.100 - - [20/Jul/2018:17:30:54 +0200] "GET / HTTP/1.1" 200 1225 "-" "Scrapy/1.5.0 (+https://scrapy.org)"
79.236.152.127 - - [20/Jul/2018:17:33:03 +0200] "GET / HTTP/1.1" 200 1225 "https://www.google.de/" "Mozilla/5.0 (Linux; Android 8.0.0; G3221 Build/48.1.A.2.21) AppleWebKit/537.36 (KHTML, like Gecko) Chrome/67.0.3396.87 Mobile Safari/537.36"
79.236.152.127 - - [20/Jul/2018:17:33:03 +0200] "GET /picture/back.gif HTTP/1.1" 404 1256 "http://www.frisoer-guergen.de/" "Mozilla/5.0 (Linux; Android 8.0.0; G3221 Build/48.1.A.2.21) AppleWebKit/537.36 (KHTML, like Gecko) Chrome/67.0.3396.87 Mobile Safari/537.36"
79.236.152.127 - - [20/Jul/2018:17:33:03 +0200] "GET /picture/frisoer-logo.jpg HTTP/1.1" 200 108839 "http://www.frisoer-guergen.de/" "Mozilla/5.0 (Linux; Android 8.0.0; G3221 Build/48.1.A.2.21) AppleWebKit/537.36 (KHTML, like Gecko) Chrome/67.0.3396.87 Mobile Safari/537.36"
79.236.152.127 - - [20/Jul/2018:17:33:03 +0200] "GET /favicon.ico HTTP/1.1" 404 1256 "http://www.frisoer-guergen.de/" "Mozilla/5.0 (Linux; Android 8.0.0; G3221 Build/48.1.A.2.21) AppleWebKit/537.36 (KHTML, like Gecko) Chrome/67.0.3396.87 Mobile Safari/537.36"
213.30.249.100 - - [20/Jul/2018:17:33:54 +0200] "GET / HTTP/1.1" 200 1225 "-" "Scrapy/1.5.0 (+https://scrapy.org)"
79.236.152.127 - - [20/Jul/2018:17:34:38 +0200] "GET /picture/back.gif HTTP/1.1" 404 1256 "http://www.frisoer-guergen.de/" "Mozilla/5.0 (Linux; Android 8.0.0; G3221 Build/48.1.A.2.21) AppleWebKit/537.36 (KHTML, like Gecko) Chrome/67.0.3396.87 Mobile Safari/537.36"
213.30.249.100 - - [20/Jul/2018:17:36:30 +0200] "GET / HTTP/1.1" 200 1225 "-" "Scrapy/1.5.0 (+https://scrapy.org)"
213.30.249.100 - - [20/Jul/2018:17:41:16 +0200] "GET / HTTP/1.1" 200 1225 "-" "Scrapy/1.5.0 (+https://scrapy.org)"
213.30.249.100 - - [20/Jul/2018:17:54:41 +0200] "GET / HTTP/1.1" 200 1225 "-" "Scrapy/1.5.0 (+https://scrapy.org)"
213.30.249.100 - - [20/Jul/2018:17:56:53 +0200] "GET / HTTP/1.1" 200 1225 "-" "Scrapy/1.5.0 (+https://scrapy.org)"
213.30.249.100 - - [20/Jul/2018:18:08:52 +0200] "GET / HTTP/1.1" 200 1225 "-" "Scrapy/1.5.0 (+https://scrapy.org)"
213.30.249.100 - - [20/Jul/2018:18:13:45 +0200] "GET / HTTP/1.1" 200 1225 "-" "Scrapy/1.5.0 (+https://scrapy.org)"
213.30.249.100 - - [20/Jul/2018:18:19:45 +0200] "GET / HTTP/1.1" 200 1225 "-" "Scrapy/1.5.0 (+https://scrapy.org)"
213.30.249.100 - - [20/Jul/2018:18:23:09 +0200] "GET / HTTP/1.1" 200 1225 "-" "Scrapy/1.5.0 (+https://scrapy.org)"
213.30.249.100 - - [20/Jul/2018:18:25:55 +0200] "GET / HTTP/1.1" 200 1225 "-" "Scrapy/1.5.0 (+https://scrapy.org)"
180.76.15.159 - - [21/Jul/2018:10:05:27 +0200] "GET / HTTP/1.1" 200 1225 "-" "Mozilla/5.0 (compatible; Baiduspider/2.0; +http://www.baidu.com/search/spider.html)"
66.249.75.132 - - [21/Jul/2018:10:48:32 +0200] "GET /robots.txt HTTP/1.1" 404 1256 "-" "Mozilla/5.0 (compatible; Googlebot/2.1; +http://www.google.com/bot.html)"
66.249.75.130 - - [21/Jul/2018:10:48:33 +0200] "GET / HTTP/1.1" 200 1225 "-" "Mozilla/5.0 (Linux; Android 6.0.1; Nexus 5X Build/MMB29P) AppleWebKit/537.36 (KHTML, like Gecko) Chrome/41.0.2272.96 Mobile Safari/537.36 (compatible; Googlebot/2.1; +http://www.google.com/bot.html)"
89.204.137.69 - - [21/Jul/2018:15:04:59 +0200] "GET / HTTP/1.1" 200 1225 "-" "Mozilla/5.0 (Linux; Android 7.0; SM-T819 Build/NRD90M) AppleWebKit/537.36 (KHTML, like Gecko) Chrome/67.0.3396.87 Safari/537.36"
89.204.137.69 - - [21/Jul/2018:15:04:59 +0200] "GET /picture/back.gif HTTP/1.1" 404 1256 "http://www.frisoer-guergen.de/" "Mozilla/5.0 (Linux; Android 7.0; SM-T819 Build/NRD90M) AppleWebKit/537.36 (KHTML, like Gecko) Chrome/67.0.3396.87 Safari/537.36"
89.204.137.69 - - [21/Jul/2018:15:04:59 +0200] "GET /picture/frisoer-logo.jpg HTTP/1.1" 200 108839 "http://www.frisoer-guergen.de/" "Mozilla/5.0 (Linux; Android 7.0; SM-T819 Build/NRD90M) AppleWebKit/537.36 (KHTML, like Gecko) Chrome/67.0.3396.87 Safari/537.36"
89.204.137.69 - - [21/Jul/2018:15:04:59 +0200] "GET /favicon.ico HTTP/1.1" 404 1256 "http://www.frisoer-guergen.de/" "Mozilla/5.0 (Linux; Android 7.0; SM-T819 Build/NRD90M) AppleWebKit/537.36 (KHTML, like Gecko) Chrome/67.0.3396.87 Safari/537.36"
66.249.75.128 - - [21/Jul/2018:21:46:52 +0200] "GET / HTTP/1.1" 200 1225 "-" "Mozilla/5.0 (Linux; Android 6.0.1; Nexus 5X Build/MMB29P) AppleWebKit/537.36 (KHTML, like Gecko) Chrome/41.0.2272.96 Mobile Safari/537.36 (compatible; Googlebot/2.1; +http://www.google.com/bot.html)"
216.145.17.190 - - [21/Jul/2018:22:11:33 +0200] "GET /robots.txt HTTP/1.0" 404 1256 "-" "Mozilla/5.0 (Macintosh; Intel Mac OS X 10.10; rv:59.0) Gecko/20100101 Firefox/59.0"
216.145.17.190 - - [21/Jul/2018:22:11:33 +0200] "GET / HTTP/1.1" 200 1225 "-" "Mozilla/5.0 (Macintosh; Intel Mac OS X 10.10; rv:59.0) Gecko/20100101 Firefox/59.0"
52.53.201.78 - - [21/Jul/2018:23:00:35 +0200] "GET / HTTP/1.1" 200 1225 "-" "Mozilla/5.0 (Macintosh; Intel Mac OS X 10_12_6) AppleWebKit/537.36 (KHTML, like Gecko) Chrome/61.0.3163.100 Safari/537.36"
93.243.117.212 - - [22/Jul/2018:07:59:52 +0200] "GET /picture/frisoer-logo.jpg HTTP/1.1" 200 108839 "http://www.frisoer-guergen.de/" "Mozilla/5.0 (Macintosh; Intel Mac OS X 10_13_6) AppleWebKit/605.1.15 (KHTML, like Gecko) Version/11.1.2 Safari/605.1.15"
207.46.13.197 - - [22/Jul/2018:10:32:02 +0200] "GET /robots.txt HTTP/1.1" 404 1256 "-" "Mozilla/5.0 (compatible; bingbot/2.0; +http://www.bing.com/bingbot.htm)"
157.55.39.213 - - [22/Jul/2018:10:32:08 +0200] "GET / HTTP/1.1" 200 1225 "-" "Mozilla/5.0 (iPhone; CPU iPhone OS 7_0 like Mac OS X) AppleWebKit/537.51.1 (KHTML, like Gecko) Version/7.0 Mobile/11A465 Safari/9537.53 (compatible; bingbot/2.0; +http://www.bing.com/bingbot.htm)"
40.77.190.31 - - [22/Jul/2018:10:32:10 +0200] "GET /picture/frisoer-logo.jpg HTTP/1.1" 200 108839 "-" "Mozilla/5.0 (iPhone; CPU iPhone OS 7_0 like Mac OS X) AppleWebKit/537.51.1 (KHTML, like Gecko) Version/7.0 Mobile/11A465 Safari/9537.53 BingPreview/1.0b"
40.77.189.150 - - [22/Jul/2018:10:32:12 +0200] "GET /picture/back.gif HTTP/1.1" 404 1256 "-" "Mozilla/5.0 (iPhone; CPU iPhone OS 7_0 like Mac OS X) AppleWebKit/537.51.1 (KHTML, like Gecko) Version/7.0 Mobile/11A465 Safari/9537.53 BingPreview/1.0b"
40.77.167.61 - - [22/Jul/2018:10:32:13 +0200] "GET /robots.txt HTTP/1.1" 404 1256 "-" "Mozilla/5.0 (compatible; bingbot/2.0; +http://www.bing.com/bingbot.htm)"
40.77.167.61 - - [22/Jul/2018:10:32:13 +0200] "GET /robots.txt HTTP/1.1" 404 1256 "-" "Mozilla/5.0 (compatible; bingbot/2.0; +http://www.bing.com/bingbot.htm)"
66.249.75.132 - - [22/Jul/2018:17:24:08 +0200] "GET /robots.txt HTTP/1.1" 404 1256 "-" "Mozilla/5.0 (compatible; Googlebot/2.1; +http://www.google.com/bot.html)"
66.249.75.130 - - [22/Jul/2018:17:24:09 +0200] "GET / HTTP/1.1" 200 1225 "-" "Mozilla/5.0 (Linux; Android 6.0.1; Nexus 5X Build/MMB29P) AppleWebKit/537.36 (KHTML, like Gecko) Chrome/41.0.2272.96 Mobile Safari/537.36 (compatible; Googlebot/2.1; +http://www.google.com/bot.html)"
180.76.15.145 - - [23/Jul/2018:04:04:57 +0200] "GET / HTTP/1.1" 200 1225 "-" "Mozilla/5.0 (compatible; Baiduspider/2.0; +http://www.baidu.com/search/spider.html)"
66.249.75.130 - - [23/Jul/2018:06:25:40 +0200] "GET /robots.txt HTTP/1.1" 404 1256 "-" "Mozilla/5.0 (compatible; Googlebot/2.1; +http://www.google.com/bot.html)"
66.249.75.130 - - [23/Jul/2018:06:25:40 +0200] "GET / HTTP/1.1" 200 1225 "-" "Mozilla/5.0 (compatible; Googlebot/2.1; +http://www.google.com/bot.html)"
66.249.75.128 - - [23/Jul/2018:08:25:14 +0200] "GET /picture/frisoer-logo.jpg HTTP/1.1" 304 - "-" "Googlebot-Image/1.0"
213.30.249.100 - - [23/Jul/2018:10:27:28 +0200] "GET / HTTP/1.1" 200 1225 "-" "Scrapy/1.5.0 (+https://scrapy.org)"
213.30.249.100 - - [23/Jul/2018:10:37:50 +0200] "GET / HTTP/1.1" 200 1225 "-" "Scrapy/1.5.0 (+https://scrapy.org)"
213.30.249.100 - - [23/Jul/2018:10:48:44 +0200] "GET / HTTP/1.1" 200 1225 "-" "Scrapy/1.5.0 (+https://scrapy.org)"
66.249.75.128 - - [23/Jul/2018:11:16:35 +0200] "GET / HTTP/1.1" 200 1225 "-" "Mozilla/5.0 (compatible; Googlebot/2.1; +http://www.google.com/bot.html)"
84.139.118.29 - - [23/Jul/2018:15:19:28 +0200] "GET / HTTP/1.1" 200 1225 "https://www.google.de/" "Mozilla/5.0 (iPhone; CPU iPhone OS 11_4_1 like Mac OS X) AppleWebKit/605.1.15 (KHTML, like Gecko) Version/11.0 Mobile/15E148 Safari/604.1"
84.139.118.29 - - [23/Jul/2018:15:19:28 +0200] "GET /picture/back.gif HTTP/1.1" 404 1256 "http://www.frisoer-guergen.de/" "Mozilla/5.0 (iPhone; CPU iPhone OS 11_4_1 like Mac OS X) AppleWebKit/605.1.15 (KHTML, like Gecko) Version/11.0 Mobile/15E148 Safari/604.1"
84.139.118.29 - - [23/Jul/2018:15:19:28 +0200] "GET /picture/frisoer-logo.jpg HTTP/1.1" 200 108839 "http://www.frisoer-guergen.de/" "Mozilla/5.0 (iPhone; CPU iPhone OS 11_4_1 like Mac OS X) AppleWebKit/605.1.15 (KHTML, like Gecko) Version/11.0 Mobile/15E148 Safari/604.1"
213.144.233.243 - - [23/Jul/2018:16:46:05 +0200] "GET / HTTP/1.0" 200 1225 "-" "Mozilla/5.0 (Android 5.0.2; en-us) AppleWebKit/537.36 (KHTML, like Gecko) Version/4.0 Mobile Safari/534.1"
46.44.180.228 - - [23/Jul/2018:16:46:07 +0200] "GET / HTTP/1.0" 200 1225 "-" "Mozilla/5.0 (Android 5.0.2; en-us) AppleWebKit/537.36 (KHTML, like Gecko) Version/4.0 Mobile Safari/534.1"
37.0.86.54 - - [23/Jul/2018:16:46:07 +0200] "GET /picture/frisoer-logo.jpg HTTP/1.0" 200 108839 "http://www.frisoer-guergen.de/" "Mozilla/5.0 (Android 5.0.2; en-us) AppleWebKit/537.36 (KHTML, like Gecko) Version/4.0 Mobile Safari/534.1"
141.8.141.131 - - [23/Jul/2018:17:22:14 +0200] "GET /robots.txt HTTP/1.1" 404 1256 "-" "Mozilla/5.0 (compatible; YandexBot/3.0; +http://yandex.com/bots)"
141.8.141.131 - - [23/Jul/2018:17:22:18 +0200] "GET / HTTP/1.1" 200 1225 "-" "Mozilla/5.0 (compatible; YandexBot/3.0; +http://yandex.com/bots)"
109.41.0.6 - - [23/Jul/2018:17:39:14 +0200] "GET / HTTP/1.1" 200 1225 "-" "Mozilla/5.0 (iPhone; CPU iPhone OS 11_3 like Mac OS X) AppleWebKit/605.1.15 (KHTML, like Gecko) Version/11.0 Mobile/15E148 Safari/604.1"
109.41.0.6 - - [23/Jul/2018:17:39:14 +0200] "GET /picture/back.gif HTTP/1.1" 404 1256 "http://www.frisoer-guergen.de/" "Mozilla/5.0 (iPhone; CPU iPhone OS 11_3 like Mac OS X) AppleWebKit/605.1.15 (KHTML, like Gecko) Version/11.0 Mobile/15E148 Safari/604.1"
109.41.0.6 - - [23/Jul/2018:17:39:14 +0200] "GET /picture/frisoer-logo.jpg HTTP/1.1" 200 108839 "http://www.frisoer-guergen.de/" "Mozilla/5.0 (iPhone; CPU iPhone OS 11_3 like Mac OS X) AppleWebKit/605.1.15 (KHTML, like Gecko) Version/11.0 Mobile/15E148 Safari/604.1"
109.41.0.6 - - [23/Jul/2018:17:39:15 +0200] "GET /picture/back.gif HTTP/1.1" 404 1256 "http://www.frisoer-guergen.de/" "Mozilla/5.0 (iPhone; CPU iPhone OS 11_3 like Mac OS X) AppleWebKit/605.1.15 (KHTML, like Gecko) Version/11.0 Mobile/15E148 Safari/604.1"
157.55.39.213 - - [23/Jul/2018:19:39:17 +0200] "GET / HTTP/1.1" 200 1225 "-" "Mozilla/5.0 (compatible; bingbot/2.0; +http://www.bing.com/bingbot.htm)"
40.77.189.202 - - [23/Jul/2018:19:39:21 +0200] "GET /picture/back.gif HTTP/1.1" 404 1256 "http://www.frisoer-guergen.de/" "Mozilla/5.0 (Windows NT 6.1; WOW64) AppleWebKit/534+ (KHTML, like Gecko) BingPreview/1.0b"
40.77.189.202 - - [23/Jul/2018:19:39:21 +0200] "GET /picture/frisoer-logo.jpg HTTP/1.1" 200 108839 "http://www.frisoer-guergen.de/" "Mozilla/5.0 (Windows NT 6.1; WOW64) AppleWebKit/534+ (KHTML, like Gecko) BingPreview/1.0b"
40.77.167.61 - - [23/Jul/2018:19:39:25 +0200] "GET /robots.txt HTTP/1.1" 404 1256 "-" "Mozilla/5.0 (compatible; bingbot/2.0; +http://www.bing.com/bingbot.htm)"
66.249.75.82 - - [23/Jul/2018:23:18:39 +0200] "GET /robots.txt HTTP/1.1" 404 1256 "-" "Mozilla/5.0 (compatible; Googlebot/2.1; +http://www.google.com/bot.html)"
66.249.75.80 - - [23/Jul/2018:23:18:39 +0200] "GET /favicon.ico HTTP/1.1" 404 1256 "-" "Googlebot-Image/1.0"
66.249.75.84 - - [24/Jul/2018:01:43:40 +0200] "GET /favicon.ico HTTP/1.1" 404 1256 "-" "Googlebot-Image/1.0"
52.53.201.78 - - [24/Jul/2018:06:37:59 +0200] "GET / HTTP/1.1" 200 1225 "-" "Mozilla/5.0 (Macintosh; Intel Mac OS X 10_12_6) AppleWebKit/537.36 (KHTML, like Gecko) Chrome/61.0.3163.100 Safari/537.36"
2.204.233.69 - - [24/Jul/2018:10:04:38 +0200] "GET / HTTP/1.1" 200 1225 "http://www.google.com/" "Mozilla/5.0 (Linux; Android 7.0; SM-T585 Build/NRD90M) AppleWebKit/537.36 (KHTML, like Gecko) Chrome/67.0.3396.87 Safari/537.36"
2.204.233.69 - - [24/Jul/2018:10:04:38 +0200] "GET /picture/back.gif HTTP/1.1" 404 1256 "http://www.frisoer-guergen.de/" "Mozilla/5.0 (Linux; Android 7.0; SM-T585 Build/NRD90M) AppleWebKit/537.36 (KHTML, like Gecko) Chrome/67.0.3396.87 Safari/537.36"
2.204.233.69 - - [24/Jul/2018:10:04:38 +0200] "GET /picture/frisoer-logo.jpg HTTP/1.1" 200 108839 "http://www.frisoer-guergen.de/" "Mozilla/5.0 (Linux; Android 7.0; SM-T585 Build/NRD90M) AppleWebKit/537.36 (KHTML, like Gecko) Chrome/67.0.3396.87 Safari/537.36"
2.204.233.69 - - [24/Jul/2018:10:04:38 +0200] "GET /favicon.ico HTTP/1.1" 404 1256 "http://www.frisoer-guergen.de/" "Mozilla/5.0 (Linux; Android 7.0; SM-T585 Build/NRD90M) AppleWebKit/537.36 (KHTML, like Gecko) Chrome/67.0.3396.87 Safari/537.36"
87.142.124.41 - - [24/Jul/2018:10:16:22 +0200] "GET / HTTP/1.1" 200 1225 "android-app://com.google.android.googlequicksearchbox" "Mozilla/5.0 (Linux; Android 7.0; WAS-LX1A Build/HUAWEIWAS-LX1A) AppleWebKit/537.36 (KHTML, like Gecko) Chrome/67.0.3396.87 Mobile Safari/537.36"
87.142.124.41 - - [24/Jul/2018:10:16:22 +0200] "GET /picture/back.gif HTTP/1.1" 404 1256 "http://www.frisoer-guergen.de/" "Mozilla/5.0 (Linux; Android 7.0; WAS-LX1A Build/HUAWEIWAS-LX1A) AppleWebKit/537.36 (KHTML, like Gecko) Chrome/67.0.3396.87 Mobile Safari/537.36"
87.142.124.41 - - [24/Jul/2018:10:16:22 +0200] "GET /picture/frisoer-logo.jpg HTTP/1.1" 200 108839 "http://www.frisoer-guergen.de/" "Mozilla/5.0 (Linux; Android 7.0; WAS-LX1A Build/HUAWEIWAS-LX1A) AppleWebKit/537.36 (KHTML, like Gecko) Chrome/67.0.3396.87 Mobile Safari/537.36"
87.142.124.41 - - [24/Jul/2018:10:16:22 +0200] "GET /favicon.ico HTTP/1.1" 404 1256 "http://www.frisoer-guergen.de/" "Mozilla/5.0 (Linux; Android 7.0; WAS-LX1A Build/HUAWEIWAS-LX1A) AppleWebKit/537.36 (KHTML, like Gecko) Chrome/67.0.3396.87 Mobile Safari/537.36"
66.249.75.84 - - [24/Jul/2018:10:44:27 +0200] "GET / HTTP/1.1" 200 1225 "-" "Mozilla/5.0 (compatible; Googlebot/2.1; +http://www.google.com/bot.html)"
207.89.86.47 - - [24/Jul/2018:10:48:25 +0200] "GET / HTTP/1.1" 200 1225 "https://www.google.de/" "Mozilla/5.0 (Windows NT 10.0; Win64; x64) AppleWebKit/537.36 (KHTML, like Gecko) Chrome/67.0.3396.99 Safari/537.36"
207.89.86.47 - - [24/Jul/2018:10:48:25 +0200] "GET /picture/frisoer-logo.jpg HTTP/1.1" 200 108839 "http://www.frisoer-guergen.de/" "Mozilla/5.0 (Windows NT 10.0; Win64; x64) AppleWebKit/537.36 (KHTML, like Gecko) Chrome/67.0.3396.99 Safari/537.36"
207.89.86.47 - - [24/Jul/2018:10:48:25 +0200] "GET /picture/back.gif HTTP/1.1" 404 1256 "http://www.frisoer-guergen.de/" "Mozilla/5.0 (Windows NT 10.0; Win64; x64) AppleWebKit/537.36 (KHTML, like Gecko) Chrome/67.0.3396.99 Safari/537.36"
207.89.86.47 - - [24/Jul/2018:10:48:25 +0200] "GET /favicon.ico HTTP/1.1" 404 1256 "http://www.frisoer-guergen.de/" "Mozilla/5.0 (Windows NT 10.0; Win64; x64) AppleWebKit/537.36 (KHTML, like Gecko) Chrome/67.0.3396.99 Safari/537.36"
66.249.75.82 - - [24/Jul/2018:11:50:14 +0200] "GET /robots.txt HTTP/1.1" 404 1256 "-" "Mozilla/5.0 (compatible; Googlebot/2.1; +http://www.google.com/bot.html)"
54.208.102.37 - - [24/Jul/2018:12:15:56 +0200] "GET / HTTP/1.1" 200 1225 "http://www.frisoer-guergen.de/" "Mozilla/5.0 (compatible; DuckDuckGo-Favicons-Bot/1.0; +http://duckduckgo.com)"
54.208.102.37 - - [24/Jul/2018:12:15:56 +0200] "GET /favicon.ico HTTP/1.1" 404 1256 "http://www.frisoer-guergen.de/favicon.ico" "Mozilla/5.0 (compatible; DuckDuckGo-Favicons-Bot/1.0; +http://duckduckgo.com)"
107.21.1.8 - - [24/Jul/2018:12:26:26 +0200] "GET / HTTP/1.1" 200 1225 "http://www.frisoer-guergen.de/" "Mozilla/5.0 (compatible; DuckDuckGo-Favicons-Bot/1.0; +http://duckduckgo.com)"
107.21.1.8 - - [24/Jul/2018:12:26:26 +0200] "GET /favicon.ico HTTP/1.1" 404 1256 "http://www.frisoer-guergen.de/favicon.ico" "Mozilla/5.0 (compatible; DuckDuckGo-Favicons-Bot/1.0; +http://duckduckgo.com)"
157.55.39.1 - - [24/Jul/2018:12:29:00 +0200] "GET /robots.txt HTTP/1.1" 404 1256 "-" "Mozilla/5.0 (compatible; bingbot/2.0; +http://www.bing.com/bingbot.htm)"
157.55.39.247 - - [24/Jul/2018:12:29:04 +0200] "GET / HTTP/1.1" 200 1225 "-" "Mozilla/5.0 (iPhone; CPU iPhone OS 7_0 like Mac OS X) AppleWebKit/537.51.1 (KHTML, like Gecko) Version/7.0 Mobile/11A465 Safari/9537.53 (compatible; bingbot/2.0; +http://www.bing.com/bingbot.htm)"
40.77.190.63 - - [24/Jul/2018:12:29:05 +0200] "GET /picture/frisoer-logo.jpg HTTP/1.1" 200 108839 "-" "Mozilla/5.0 (iPhone; CPU iPhone OS 7_0 like Mac OS X) AppleWebKit/537.51.1 (KHTML, like Gecko) Version/7.0 Mobile/11A465 Safari/9537.53 BingPreview/1.0b"
40.77.189.164 - - [24/Jul/2018:12:29:06 +0200] "GET /picture/back.gif HTTP/1.1" 404 1256 "-" "Mozilla/5.0 (iPhone; CPU iPhone OS 7_0 like Mac OS X) AppleWebKit/537.51.1 (KHTML, like Gecko) Version/7.0 Mobile/11A465 Safari/9537.53 BingPreview/1.0b"
195.226.166.70 - - [24/Jul/2018:12:37:06 +0200] "GET / HTTP/1.1" 200 1225 "https://www.google.de/" "Mozilla/5.0 (Windows NT 10.0; Win64; x64) AppleWebKit/537.36 (KHTML, like Gecko) Chrome/62.0.3202.94 Safari/537.36"
195.226.166.70 - - [24/Jul/2018:12:37:06 +0200] "GET /picture/back.gif HTTP/1.1" 404 1256 "http://www.frisoer-guergen.de/" "Mozilla/5.0 (Windows NT 10.0; Win64; x64) AppleWebKit/537.36 (KHTML, like Gecko) Chrome/62.0.3202.94 Safari/537.36"
195.226.166.70 - - [24/Jul/2018:12:37:06 +0200] "GET /picture/frisoer-logo.jpg HTTP/1.1" 200 108839 "http://www.frisoer-guergen.de/" "Mozilla/5.0 (Windows NT 10.0; Win64; x64) AppleWebKit/537.36 (KHTML, like Gecko) Chrome/62.0.3202.94 Safari/537.36"
195.226.166.70 - - [24/Jul/2018:12:37:06 +0200] "GET /favicon.ico HTTP/1.1" 404 1256 "http://www.frisoer-guergen.de/" "Mozilla/5.0 (Windows NT 10.0; Win64; x64) AppleWebKit/537.36 (KHTML, like Gecko) Chrome/62.0.3202.94 Safari/537.36"
66.249.75.82 - - [24/Jul/2018:12:50:11 +0200] "GET / HTTP/1.1" 200 1225 "-" "Mozilla/5.0 (Linux; Android 6.0.1; Nexus 5X Build/MMB29P) AppleWebKit/537.36 (KHTML, like Gecko) Chrome/41.0.2272.96 Mobile Safari/537.36 (compatible; Googlebot/2.1; +http://www.google.com/bot.html)"
180.76.15.146 - - [24/Jul/2018:16:16:37 +0200] "GET / HTTP/1.1" 200 1225 "-" "Mozilla/5.0 (compatible; Baiduspider/2.0; +http://www.baidu.com/search/spider.html)"
66.249.75.80 - - [24/Jul/2018:20:18:58 +0200] "GET /favicon.ico HTTP/1.1" 404 1256 "-" "Googlebot-Image/1.0"
66.249.75.80 - - [24/Jul/2018:21:22:02 +0200] "GET /favicon.ico HTTP/1.1" 404 1256 "-" "Googlebot-Image/1.0"
91.55.69.188 - - [24/Jul/2018:21:25:25 +0200] "GET / HTTP/1.1" 200 1225 "https://www.google.de/" "Mozilla/5.0 (iPhone; CPU iPhone OS 11_4_1 like Mac OS X) AppleWebKit/605.1.15 (KHTML, like Gecko) Version/11.0 Mobile/15E148 Safari/604.1"
91.55.69.188 - - [24/Jul/2018:21:25:25 +0200] "GET /picture/frisoer-logo.jpg HTTP/1.1" 200 108839 "http://www.frisoer-guergen.de/" "Mozilla/5.0 (iPhone; CPU iPhone OS 11_4_1 like Mac OS X) AppleWebKit/605.1.15 (KHTML, like Gecko) Version/11.0 Mobile/15E148 Safari/604.1"
66.249.83.132 - - [24/Jul/2018:23:37:47 +0200] "GET / HTTP/1.1" 200 1225 "https://www.google.com/" "Mozilla/5.0 (Linux; Android 4.2.1; en-us; Nexus 5 Build/JOP40D) AppleWebKit/535.19 (KHTML, like Gecko; googleweblight) Chrome/38.0.1025.166 Mobile Safari/535.19"
66.249.83.130 - - [24/Jul/2018:23:37:47 +0200] "GET /picture/back.gif HTTP/1.1" 404 1256 "http://www.frisoer-guergen.de/" "Mozilla/5.0 (Linux; Android 4.2.1; en-us; Nexus 5 Build/JOP40D) AppleWebKit/535.19 (KHTML, like Gecko; googleweblight) Chrome/38.0.1025.166 Mobile Safari/535.19"
66.249.83.130 - - [24/Jul/2018:23:37:47 +0200] "GET /picture/frisoer-logo.jpg HTTP/1.1" 200 108839 "http://www.frisoer-guergen.de/" "Mozilla/5.0 (Linux; Android 4.2.1; en-us; Nexus 5 Build/JOP40D) AppleWebKit/535.19 (KHTML, like Gecko; googleweblight) Chrome/38.0.1025.166 Mobile Safari/535.19"
144.76.162.206 - - [25/Jul/2018:03:57:17 +0200] "GET / HTTP/1.1" 200 1225 "-" "Mozilla/5.0 (Windows NT 6.1; WOW64) AppleWebKit/537.36 (KHTML, like Gecko) Chrome/63.0.3239.132 Safari/537.36"
66.249.75.80 - - [25/Jul/2018:11:03:49 +0200] "GET /robots.txt HTTP/1.1" 404 1256 "-" "Mozilla/5.0 (compatible; Googlebot/2.1; +http://www.google.com/bot.html)"
66.249.75.84 - - [25/Jul/2018:11:03:49 +0200] "GET / HTTP/1.1" 200 1225 "-" "Mozilla/5.0 (Linux; Android 6.0.1; Nexus 5X Build/MMB29P) AppleWebKit/537.36 (KHTML, like Gecko) Chrome/41.0.2272.96 Mobile Safari/537.36 (compatible; Googlebot/2.1; +http://www.google.com/bot.html)"
180.76.15.138 - - [25/Jul/2018:12:13:49 +0200] "GET /robots.txt HTTP/1.1" 404 1256 "-" "Mozilla/5.0 (Windows NT 5.1; rv:6.0.2) Gecko/20100101 Firefox/6.0.2"
180.76.15.18 - - [25/Jul/2018:12:13:49 +0200] "GET /robots.txt HTTP/1.1" 404 1256 "-" "Mozilla/5.0 (Windows NT 5.1; rv:6.0.2) Gecko/20100101 Firefox/6.0.2"
180.76.15.158 - - [25/Jul/2018:12:17:07 +0200] "GET / HTTP/1.1" 200 1225 "-" "Mozilla/5.0 (compatible; Baiduspider/2.0; +http://www.baidu.com/search/spider.html)"
84.143.246.81 - - [25/Jul/2018:13:56:20 +0200] "GET / HTTP/1.1" 200 1225 "https://www.google.de/" "Mozilla/5.0 (Windows NT 10.0; Win64; x64) AppleWebKit/537.36 (KHTML, like Gecko) Chrome/64.0.3282.140 Safari/537.36 Edge/17.17134"
84.143.246.81 - - [25/Jul/2018:13:56:20 +0200] "GET /picture/back.gif HTTP/1.1" 404 1256 "http://www.frisoer-guergen.de/" "Mozilla/5.0 (Windows NT 10.0; Win64; x64) AppleWebKit/537.36 (KHTML, like Gecko) Chrome/64.0.3282.140 Safari/537.36 Edge/17.17134"
84.143.246.81 - - [25/Jul/2018:13:56:20 +0200] "GET /picture/frisoer-logo.jpg HTTP/1.1" 200 108839 "http://www.frisoer-guergen.de/" "Mozilla/5.0 (Windows NT 10.0; Win64; x64) AppleWebKit/537.36 (KHTML, like Gecko) Chrome/64.0.3282.140 Safari/537.36 Edge/17.17134"
62.214.190.34 - - [25/Jul/2018:14:11:23 +0200] "GET / HTTP/1.1" 200 1225 "https://www.google.com/" "Mozilla/5.0 (Windows NT 6.1; WOW64; rv:61.0) Gecko/20100101 Firefox/61.0"
62.214.190.34 - - [25/Jul/2018:14:11:23 +0200] "GET /picture/back.gif HTTP/1.1" 404 1256 "http://www.frisoer-guergen.de/" "Mozilla/5.0 (Windows NT 6.1; WOW64; rv:61.0) Gecko/20100101 Firefox/61.0"
62.214.190.34 - - [25/Jul/2018:14:11:23 +0200] "GET /picture/frisoer-logo.jpg HTTP/1.1" 200 108839 "http://www.frisoer-guergen.de/" "Mozilla/5.0 (Windows NT 6.1; WOW64; rv:61.0) Gecko/20100101 Firefox/61.0"
62.214.190.34 - - [25/Jul/2018:14:11:23 +0200] "GET /favicon.ico HTTP/1.1" 404 1256 "-" "Mozilla/5.0 (Windows NT 6.1; WOW64; rv:61.0) Gecko/20100101 Firefox/61.0"
62.214.190.34 - - [25/Jul/2018:14:12:51 +0200] "GET /picture/back.gif HTTP/1.1" 404 1256 "http://www.frisoer-guergen.de/" "Mozilla/5.0 (Windows NT 6.1; WOW64; rv:61.0) Gecko/20100101 Firefox/61.0"
62.214.190.34 - - [25/Jul/2018:14:12:51 +0200] "GET /favicon.ico HTTP/1.1" 404 1256 "-" "Mozilla/5.0 (Windows NT 6.1; WOW64; rv:61.0) Gecko/20100101 Firefox/61.0"
54.208.102.37 - - [25/Jul/2018:15:49:23 +0200] "GET / HTTP/1.1" 200 1225 "http://www.frisoer-guergen.de/" "Mozilla/5.0 (compatible; DuckDuckGo-Favicons-Bot/1.0; +http://duckduckgo.com)"
54.208.102.37 - - [25/Jul/2018:15:49:23 +0200] "GET /favicon.ico HTTP/1.1" 404 1256 "http://www.frisoer-guergen.de/favicon.ico" "Mozilla/5.0 (compatible; DuckDuckGo-Favicons-Bot/1.0; +http://duckduckgo.com)"
66.249.75.82 - - [25/Jul/2018:16:38:25 +0200] "GET / HTTP/1.1" 200 1225 "-" "Mozilla/5.0 (compatible; Googlebot/2.1; +http://www.google.com/bot.html)"
80.187.114.15 - - [25/Jul/2018:17:12:56 +0200] "GET / HTTP/1.1" 200 1225 "http://www.google.com/" "Mozilla/5.0 (Linux; Android 6.0; ALE-L21 Build/HuaweiALE-L21) AppleWebKit/537.36 (KHTML, like Gecko) Chrome/67.0.3396.87 Mobile Safari/537.36"
80.187.114.15 - - [25/Jul/2018:17:12:56 +0200] "GET /picture/back.gif HTTP/1.1" 404 1256 "http://www.frisoer-guergen.de/" "Mozilla/5.0 (Linux; Android 6.0; ALE-L21 Build/HuaweiALE-L21) AppleWebKit/537.36 (KHTML, like Gecko) Chrome/67.0.3396.87 Mobile Safari/537.36"
80.187.114.15 - - [25/Jul/2018:17:12:56 +0200] "GET /picture/frisoer-logo.jpg HTTP/1.1" 200 108839 "http://www.frisoer-guergen.de/" "Mozilla/5.0 (Linux; Android 6.0; ALE-L21 Build/HuaweiALE-L21) AppleWebKit/537.36 (KHTML, like Gecko) Chrome/67.0.3396.87 Mobile Safari/537.36"
80.187.114.15 - - [25/Jul/2018:17:12:57 +0200] "GET /favicon.ico HTTP/1.1" 404 1256 "http://www.frisoer-guergen.de/" "Mozilla/5.0 (Linux; Android 6.0; ALE-L21 Build/HuaweiALE-L21) AppleWebKit/537.36 (KHTML, like Gecko) Chrome/67.0.3396.87 Mobile Safari/537.36"
62.226.170.37 - - [25/Jul/2018:18:21:19 +0200] "GET / HTTP/1.1" 200 1225 "https://www.google.de/" "Mozilla/5.0 (iPhone; CPU iPhone OS 11_4 like Mac OS X) AppleWebKit/605.1.15 (KHTML, like Gecko) Version/11.0 Mobile/15E148 Safari/604.1"
62.226.170.37 - - [25/Jul/2018:18:21:19 +0200] "GET /picture/back.gif HTTP/1.1" 404 1256 "http://www.frisoer-guergen.de/" "Mozilla/5.0 (iPhone; CPU iPhone OS 11_4 like Mac OS X) AppleWebKit/605.1.15 (KHTML, like Gecko) Version/11.0 Mobile/15E148 Safari/604.1"
62.226.170.37 - - [25/Jul/2018:18:21:19 +0200] "GET /picture/frisoer-logo.jpg HTTP/1.1" 200 108839 "http://www.frisoer-guergen.de/" "Mozilla/5.0 (iPhone; CPU iPhone OS 11_4 like Mac OS X) AppleWebKit/605.1.15 (KHTML, like Gecko) Version/11.0 Mobile/15E148 Safari/604.1"
62.226.170.37 - - [25/Jul/2018:18:31:39 +0200] "GET / HTTP/1.1" 200 1225 "-" "Mozilla/5.0 (iPad; CPU OS 11_4_1 like Mac OS X) AppleWebKit/605.1.15 (KHTML, like Gecko) Version/11.0 Mobile/15E148 Safari/604.1"
62.226.170.37 - - [25/Jul/2018:18:31:39 +0200] "GET /picture/back.gif HTTP/1.1" 404 1256 "http://www.frisoer-guergen.de/" "Mozilla/5.0 (iPad; CPU OS 11_4_1 like Mac OS X) AppleWebKit/605.1.15 (KHTML, like Gecko) Version/11.0 Mobile/15E148 Safari/604.1"
62.226.170.37 - - [25/Jul/2018:18:31:39 +0200] "GET /picture/frisoer-logo.jpg HTTP/1.1" 200 108839 "http://www.frisoer-guergen.de/" "Mozilla/5.0 (iPad; CPU OS 11_4_1 like Mac OS X) AppleWebKit/605.1.15 (KHTML, like Gecko) Version/11.0 Mobile/15E148 Safari/604.1"
75.101.180.120 - - [25/Jul/2018:19:43:23 +0200] "GET / HTTP/1.1" 200 1225 "-" "User-Agent: Mozilla/5.0 (Macintosh; Intel Mac OS X 10_13_5) AppleWebKit/537.36 (KHTML, like Gecko) Chrome/67.0.3396.99 Safari/537.36"
109.41.0.165 - - [25/Jul/2018:21:18:15 +0200] "GET / HTTP/1.1" 200 1225 "https://www.google.com/" "Mozilla/5.0 (Windows NT 6.1; Win64; x64; rv:61.0) Gecko/20100101 Firefox/61.0"
109.41.0.165 - - [25/Jul/2018:21:18:15 +0200] "GET /picture/back.gif HTTP/1.1" 404 1256 "http://www.frisoer-guergen.de/" "Mozilla/5.0 (Windows NT 6.1; Win64; x64; rv:61.0) Gecko/20100101 Firefox/61.0"
109.41.0.165 - - [25/Jul/2018:21:18:15 +0200] "GET /picture/frisoer-logo.jpg HTTP/1.1" 200 108839 "http://www.frisoer-guergen.de/" "Mozilla/5.0 (Windows NT 6.1; Win64; x64; rv:61.0) Gecko/20100101 Firefox/61.0"
109.41.0.165 - - [25/Jul/2018:21:18:15 +0200] "GET /picture/back.gif HTTP/1.1" 404 1256 "http://www.frisoer-guergen.de/" "Mozilla/5.0 (Windows NT 6.1; Win64; x64; rv:61.0) Gecko/20100101 Firefox/61.0"
109.41.0.165 - - [25/Jul/2018:21:18:15 +0200] "GET /favicon.ico HTTP/1.1" 404 1256 "-" "Mozilla/5.0 (Windows NT 6.1; Win64; x64; rv:61.0) Gecko/20100101 Firefox/61.0"
77.64.145.158 - - [25/Jul/2018:22:18:13 +0200] "GET / HTTP/1.1" 200 1225 "https://www.google.de/" "Mozilla/5.0 (iPhone; CPU iPhone OS 11_4_1 like Mac OS X) AppleWebKit/605.1.15 (KHTML, like Gecko) Version/11.0 Mobile/15E148 Safari/604.1"
77.64.145.158 - - [25/Jul/2018:22:18:13 +0200] "GET /picture/back.gif HTTP/1.1" 404 1256 "http://www.frisoer-guergen.de/" "Mozilla/5.0 (iPhone; CPU iPhone OS 11_4_1 like Mac OS X) AppleWebKit/605.1.15 (KHTML, like Gecko) Version/11.0 Mobile/15E148 Safari/604.1"
77.64.145.158 - - [25/Jul/2018:22:18:13 +0200] "GET /picture/frisoer-logo.jpg HTTP/1.1" 200 108839 "http://www.frisoer-guergen.de/" "Mozilla/5.0 (iPhone; CPU iPhone OS 11_4_1 like Mac OS X) AppleWebKit/605.1.15 (KHTML, like Gecko) Version/11.0 Mobile/15E148 Safari/604.1"
40.77.167.149 - - [26/Jul/2018:10:11:16 +0200] "GET / HTTP/1.1" 200 1225 "-" "Mozilla/5.0 (iPhone; CPU iPhone OS 7_0 like Mac OS X) AppleWebKit/537.51.1 (KHTML, like Gecko) Version/7.0 Mobile/11A465 Safari/9537.53 (compatible; bingbot/2.0; +http://www.bing.com/bingbot.htm)"
40.77.178.53 - - [26/Jul/2018:10:11:18 +0200] "GET /picture/frisoer-logo.jpg HTTP/1.1" 200 108839 "-" "Mozilla/5.0 (iPhone; CPU iPhone OS 7_0 like Mac OS X) AppleWebKit/537.51.1 (KHTML, like Gecko) Version/7.0 Mobile/11A465 Safari/9537.53 BingPreview/1.0b"
40.77.179.239 - - [26/Jul/2018:10:11:19 +0200] "GET /picture/back.gif HTTP/1.1" 404 1256 "-" "Mozilla/5.0 (iPhone; CPU iPhone OS 7_0 like Mac OS X) AppleWebKit/537.51.1 (KHTML, like Gecko) Version/7.0 Mobile/11A465 Safari/9537.53 BingPreview/1.0b"
40.77.167.148 - - [26/Jul/2018:10:11:22 +0200] "GET /robots.txt HTTP/1.1" 404 1256 "-" "Mozilla/5.0 (compatible; bingbot/2.0; +http://www.bing.com/bingbot.htm)"
40.77.167.148 - - [26/Jul/2018:10:11:22 +0200] "GET /robots.txt HTTP/1.1" 404 1256 "-" "Mozilla/5.0 (compatible; bingbot/2.0; +http://www.bing.com/bingbot.htm)"
80.187.105.9 - - [26/Jul/2018:11:54:26 +0200] "GET / HTTP/1.1" 200 1225 "https://www.google.de/" "Mozilla/5.0 (iPhone; CPU iPhone OS 11_4 like Mac OS X) AppleWebKit/605.1.15 (KHTML, like Gecko) Version/11.0 Mobile/15E148 Safari/604.1"
80.187.105.9 - - [26/Jul/2018:11:54:26 +0200] "GET /picture/back.gif HTTP/1.1" 404 1256 "http://www.frisoer-guergen.de/" "Mozilla/5.0 (iPhone; CPU iPhone OS 11_4 like Mac OS X) AppleWebKit/605.1.15 (KHTML, like Gecko) Version/11.0 Mobile/15E148 Safari/604.1"
80.187.105.9 - - [26/Jul/2018:11:54:26 +0200] "GET /picture/frisoer-logo.jpg HTTP/1.1" 200 108839 "http://www.frisoer-guergen.de/" "Mozilla/5.0 (iPhone; CPU iPhone OS 11_4 like Mac OS X) AppleWebKit/605.1.15 (KHTML, like Gecko) Version/11.0 Mobile/15E148 Safari/604.1"
94.130.9.185 - - [26/Jul/2018:15:11:43 +0200] "GET /robots.txt HTTP/1.1" 404 1256 "-" "Mozilla/5.0 (compatible; BLEXBot/1.0; +http://webmeup-crawler.com/)"
52.53.201.78 - - [26/Jul/2018:15:28:19 +0200] "GET / HTTP/1.1" 200 1225 "-" "Mozilla/5.0 (Macintosh; Intel Mac OS X 10_12_6) AppleWebKit/537.36 (KHTML, like Gecko) Chrome/61.0.3163.100 Safari/537.36"
91.55.72.205 - - [26/Jul/2018:19:01:20 +0200] "GET / HTTP/1.1" 200 1225 "https://www.google.de/" "Mozilla/5.0 (iPhone; CPU iPhone OS 11_4 like Mac OS X) AppleWebKit/605.1.15 (KHTML, like Gecko) Version/11.0 Mobile/15E148 Safari/604.1"
91.55.72.205 - - [26/Jul/2018:19:01:20 +0200] "GET /picture/back.gif HTTP/1.1" 404 1256 "http://www.frisoer-guergen.de/" "Mozilla/5.0 (iPhone; CPU iPhone OS 11_4 like Mac OS X) AppleWebKit/605.1.15 (KHTML, like Gecko) Version/11.0 Mobile/15E148 Safari/604.1"
91.55.72.205 - - [26/Jul/2018:19:01:20 +0200] "GET /picture/frisoer-logo.jpg HTTP/1.1" 200 108839 "http://www.frisoer-guergen.de/" "Mozilla/5.0 (iPhone; CPU iPhone OS 11_4 like Mac OS X) AppleWebKit/605.1.15 (KHTML, like Gecko) Version/11.0 Mobile/15E148 Safari/604.1"
66.249.75.80 - - [26/Jul/2018:21:44:51 +0200] "GET /robots.txt HTTP/1.1" 404 1256 "-" "Mozilla/5.0 (compatible; Googlebot/2.1; +http://www.google.com/bot.html)"
66.249.75.80 - - [26/Jul/2018:21:44:51 +0200] "GET / HTTP/1.1" 200 1225 "-" "Mozilla/5.0 (Linux; Android 6.0.1; Nexus 5X Build/MMB29P) AppleWebKit/537.36 (KHTML, like Gecko) Chrome/41.0.2272.96 Mobile Safari/537.36 (compatible; Googlebot/2.1; +http://www.google.com/bot.html)"
94.130.9.185 - - [27/Jul/2018:01:18:06 +0200] "GET /robots.txt HTTP/1.1" 404 1256 "-" "Mozilla/5.0 (compatible; BLEXBot/1.0; +http://webmeup-crawler.com/)"
94.130.9.185 - - [27/Jul/2018:01:18:10 +0200] "GET /sitemap.xml HTTP/1.1" 404 1256 "-" "Mozilla/5.0 (compatible; BLEXBot/1.0; +http://webmeup-crawler.com/)"
217.182.166.33 - - [27/Jul/2018:05:08:46 +0200] "GET //wp-login.php HTTP/1.1" 404 1256 "-" "Mozilla/5.0 (X11; U; Linux i686; pt-BR; rv:1.9.0.15) Gecko/2009102815 Ubuntu/9.04 (jaunty) Firefox/3.0.15"
217.182.166.33 - - [27/Jul/2018:05:08:46 +0200] "GET /blog//wp-login.php HTTP/1.1" 404 1256 "-" "Mozilla/5.0 (X11; U; Linux i686; pt-BR; rv:1.9.0.15) Gecko/2009102815 Ubuntu/9.04 (jaunty) Firefox/3.0.15"
217.182.166.33 - - [27/Jul/2018:05:08:46 +0200] "GET /wordpress//wp-login.php HTTP/1.1" 404 1256 "-" "Mozilla/5.0 (X11; U; Linux i686; pt-BR; rv:1.9.0.15) Gecko/2009102815 Ubuntu/9.04 (jaunty) Firefox/3.0.15"
217.182.166.33 - - [27/Jul/2018:05:08:46 +0200] "GET /wp//wp-login.php HTTP/1.1" 404 1256 "-" "Mozilla/5.0 (X11; U; Linux i686; pt-BR; rv:1.9.0.15) Gecko/2009102815 Ubuntu/9.04 (jaunty) Firefox/3.0.15"
66.249.75.82 - - [27/Jul/2018:05:27:59 +0200] "GET /favicon.ico HTTP/1.1" 404 1256 "-" "Googlebot-Image/1.0"
180.76.15.33 - - [27/Jul/2018:05:34:21 +0200] "GET / HTTP/1.1" 200 1225 "-" "Mozilla/5.0 (compatible; Baiduspider/2.0; +http://www.baidu.com/search/spider.html)"
66.249.75.80 - - [27/Jul/2018:08:59:32 +0200] "GET /favicon.ico HTTP/1.1" 404 1256 "-" "Googlebot-Image/1.0"
66.249.75.84 - - [27/Jul/2018:09:48:05 +0200] "GET /favicon.ico HTTP/1.1" 404 1256 "-" "Googlebot-Image/1.0"
66.249.75.80 - - [27/Jul/2018:09:48:05 +0200] "GET /robots.txt HTTP/1.1" 404 1256 "-" "Mozilla/5.0 (compatible; Googlebot/2.1; +http://www.google.com/bot.html)"
46.18.62.65 - - [27/Jul/2018:12:04:12 +0200] "GET / HTTP/1.1" 200 1225 "https://www.google.de/" "Mozilla/5.0 (Windows NT 10.0; Win64; x64) AppleWebKit/537.36 (KHTML, like Gecko) Chrome/67.0.3396.79 Safari/537.36"
46.18.62.65 - - [27/Jul/2018:12:04:13 +0200] "GET /picture/frisoer-logo.jpg HTTP/1.1" 200 108839 "http://www.frisoer-guergen.de/" "Mozilla/5.0 (Windows NT 10.0; Win64; x64) AppleWebKit/537.36 (KHTML, like Gecko) Chrome/67.0.3396.79 Safari/537.36"
46.18.62.65 - - [27/Jul/2018:12:04:35 +0200] "GET /picture/back.gif HTTP/1.1" 404 1256 "http://www.frisoer-guergen.de/" "Mozilla/5.0 (Windows NT 10.0; Win64; x64) AppleWebKit/537.36 (KHTML, like Gecko) Chrome/67.0.3396.79 Safari/537.36"
46.18.62.65 - - [27/Jul/2018:12:04:35 +0200] "GET /favicon.ico HTTP/1.1" 404 1256 "http://www.frisoer-guergen.de/" "Mozilla/5.0 (Windows NT 10.0; Win64; x64) AppleWebKit/537.36 (KHTML, like Gecko) Chrome/67.0.3396.79 Safari/537.36"
95.90.244.28 - - [27/Jul/2018:13:27:50 +0200] "GET / HTTP/1.1" 200 1225 "https://www.google.de/" "Mozilla/5.0 (iPhone; CPU iPhone OS 11_4_1 like Mac OS X) AppleWebKit/605.1.15 (KHTML, like Gecko) Version/11.0 Mobile/15E148 Safari/604.1"
95.90.244.28 - - [27/Jul/2018:13:27:50 +0200] "GET /picture/back.gif HTTP/1.1" 404 1256 "http://www.frisoer-guergen.de/" "Mozilla/5.0 (iPhone; CPU iPhone OS 11_4_1 like Mac OS X) AppleWebKit/605.1.15 (KHTML, like Gecko) Version/11.0 Mobile/15E148 Safari/604.1"
95.90.244.28 - - [27/Jul/2018:13:27:50 +0200] "GET /picture/frisoer-logo.jpg HTTP/1.1" 200 108839 "http://www.frisoer-guergen.de/" "Mozilla/5.0 (iPhone; CPU iPhone OS 11_4_1 like Mac OS X) AppleWebKit/605.1.15 (KHTML, like Gecko) Version/11.0 Mobile/15E148 Safari/604.1"
91.55.68.31 - - [27/Jul/2018:16:55:21 +0200] "GET / HTTP/1.1" 200 1225 "https://www.google.de/" "Mozilla/5.0 (iPhone; CPU iPhone OS 11_4_1 like Mac OS X) AppleWebKit/605.1.15 (KHTML, like Gecko) Version/11.0 Mobile/15E148 Safari/604.1"
91.55.68.31 - - [27/Jul/2018:16:55:21 +0200] "GET /picture/back.gif HTTP/1.1" 404 1256 "http://www.frisoer-guergen.de/" "Mozilla/5.0 (iPhone; CPU iPhone OS 11_4_1 like Mac OS X) AppleWebKit/605.1.15 (KHTML, like Gecko) Version/11.0 Mobile/15E148 Safari/604.1"
91.55.68.31 - - [27/Jul/2018:16:55:21 +0200] "GET /picture/frisoer-logo.jpg HTTP/1.1" 200 108839 "http://www.frisoer-guergen.de/" "Mozilla/5.0 (iPhone; CPU iPhone OS 11_4_1 like Mac OS X) AppleWebKit/605.1.15 (KHTML, like Gecko) Version/11.0 Mobile/15E148 Safari/604.1"
37.61.238.4 - - [27/Jul/2018:17:19:14 +0200] "GET //wp-login.php HTTP/1.1" 404 1256 "-" "Mozilla/5.0 (X11; U; Linux i686; pt-BR; rv:1.9.0.15) Gecko/2009102815 Ubuntu/9.04 (jaunty) Firefox/3.0.15"
37.61.238.4 - - [27/Jul/2018:17:19:15 +0200] "GET /blog//wp-login.php HTTP/1.1" 404 1256 "-" "Mozilla/5.0 (X11; U; Linux i686; pt-BR; rv:1.9.0.15) Gecko/2009102815 Ubuntu/9.04 (jaunty) Firefox/3.0.15"
37.61.238.4 - - [27/Jul/2018:17:19:15 +0200] "GET /wordpress//wp-login.php HTTP/1.1" 404 1256 "-" "Mozilla/5.0 (X11; U; Linux i686; pt-BR; rv:1.9.0.15) Gecko/2009102815 Ubuntu/9.04 (jaunty) Firefox/3.0.15"
37.61.238.4 - - [27/Jul/2018:17:19:15 +0200] "GET /wp//wp-login.php HTTP/1.1" 404 1256 "-" "Mozilla/5.0 (X11; U; Linux i686; pt-BR; rv:1.9.0.15) Gecko/2009102815 Ubuntu/9.04 (jaunty) Firefox/3.0.15"
95.90.247.228 - - [27/Jul/2018:18:21:04 +0200] "GET / HTTP/1.1" 200 1225 "https://www.google.de/" "Mozilla/5.0 (iPhone; CPU iPhone OS 11_4 like Mac OS X) AppleWebKit/605.1.15 (KHTML, like Gecko) Version/11.0 Mobile/15E148 Safari/604.1"
95.90.247.228 - - [27/Jul/2018:18:21:04 +0200] "GET /picture/back.gif HTTP/1.1" 404 1256 "http://www.frisoer-guergen.de/" "Mozilla/5.0 (iPhone; CPU iPhone OS 11_4 like Mac OS X) AppleWebKit/605.1.15 (KHTML, like Gecko) Version/11.0 Mobile/15E148 Safari/604.1"
95.90.247.228 - - [27/Jul/2018:18:21:04 +0200] "GET /picture/frisoer-logo.jpg HTTP/1.1" 200 108839 "http://www.frisoer-guergen.de/" "Mozilla/5.0 (iPhone; CPU iPhone OS 11_4 like Mac OS X) AppleWebKit/605.1.15 (KHTML, like Gecko) Version/11.0 Mobile/15E148 Safari/604.1"
89.248.107.186 - - [27/Jul/2018:18:21:23 +0200] "GET //wp-login.php HTTP/1.1" 404 1256 "-" "Mozilla/5.0 (X11; U; Linux i686; pt-BR; rv:1.9.0.15) Gecko/2009102815 Ubuntu/9.04 (jaunty) Firefox/3.0.15"
89.248.107.186 - - [27/Jul/2018:18:21:24 +0200] "GET /blog//wp-login.php HTTP/1.1" 404 1256 "-" "Mozilla/5.0 (X11; U; Linux i686; pt-BR; rv:1.9.0.15) Gecko/2009102815 Ubuntu/9.04 (jaunty) Firefox/3.0.15"
89.248.107.186 - - [27/Jul/2018:18:21:24 +0200] "GET /wordpress//wp-login.php HTTP/1.1" 404 1256 "-" "Mozilla/5.0 (X11; U; Linux i686; pt-BR; rv:1.9.0.15) Gecko/2009102815 Ubuntu/9.04 (jaunty) Firefox/3.0.15"
89.248.107.186 - - [27/Jul/2018:18:21:24 +0200] "GET /wp//wp-login.php HTTP/1.1" 404 1256 "-" "Mozilla/5.0 (X11; U; Linux i686; pt-BR; rv:1.9.0.15) Gecko/2009102815 Ubuntu/9.04 (jaunty) Firefox/3.0.15"
180.76.15.17 - - [27/Jul/2018:20:38:28 +0200] "GET / HTTP/1.1" 200 1225 "-" "Mozilla/5.0 (compatible; Baiduspider/2.0; +http://www.baidu.com/search/spider.html)"
193.17.243.1 - - [27/Jul/2018:21:43:18 +0200] "GET / HTTP/1.1" 200 1225 "https://www.google.de/" "Mozilla/5.0 (Windows NT 6.1; WOW64) AppleWebKit/537.36 (KHTML, like Gecko) Chrome/67.0.3396.87 Safari/537.36"
193.17.243.1 - - [27/Jul/2018:21:43:18 +0200] "GET /picture/back.gif HTTP/1.1" 404 1256 "http://www.frisoer-guergen.de/" "Mozilla/5.0 (Windows NT 6.1; WOW64) AppleWebKit/537.36 (KHTML, like Gecko) Chrome/67.0.3396.87 Safari/537.36"
193.17.243.1 - - [27/Jul/2018:21:43:18 +0200] "GET /picture/frisoer-logo.jpg HTTP/1.1" 200 108839 "http://www.frisoer-guergen.de/" "Mozilla/5.0 (Windows NT 6.1; WOW64) AppleWebKit/537.36 (KHTML, like Gecko) Chrome/67.0.3396.87 Safari/537.36"
193.17.243.1 - - [27/Jul/2018:21:43:18 +0200] "GET /favicon.ico HTTP/1.1" 404 1256 "http://www.frisoer-guergen.de/" "Mozilla/5.0 (Windows NT 6.1; WOW64) AppleWebKit/537.36 (KHTML, like Gecko) Chrome/67.0.3396.87 Safari/537.36"
103.28.38.31 - - [28/Jul/2018:02:02:14 +0200] "GET //wp-login.php HTTP/1.1" 404 1256 "-" "Mozilla/5.0 (X11; U; Linux i686; pt-BR; rv:1.9.0.15) Gecko/2009102815 Ubuntu/9.04 (jaunty) Firefox/3.0.15"
