66.249.64.192 - - [01/Jul/2018:06:07:48 +0200] "GET /robots.txt HTTP/1.1" 404 1256 "-" "Mozilla/5.0 (compatible; Googlebot/2.1; +http://www.google.com/bot.html)"
66.249.64.222 - - [01/Jul/2018:06:07:48 +0200] "GET / HTTP/1.1" 200 1225 "-" "Mozilla/5.0 (compatible; Googlebot/2.1; +http://www.google.com/bot.html)"
66.249.64.222 - - [01/Jul/2018:07:05:20 +0200] "GET /favicon.ico HTTP/1.1" 404 1256 "-" "Googlebot-Image/1.0"
66.249.64.222 - - [01/Jul/2018:07:37:48 +0200] "GET / HTTP/1.1" 200 1225 "-" "Mozilla/5.0 (Linux; Android 6.0.1; Nexus 5X Build/MMB29P) AppleWebKit/537.36 (KHTML, like Gecko) Chrome/41.0.2272.96 Mobile Safari/537.36 (compatible; Googlebot/2.1; +http://www.google.com/bot.html)"
66.249.64.220 - - [01/Jul/2018:07:37:53 +0200] "GET /favicon.ico HTTP/1.1" 404 1256 "-" "Googlebot-Image/1.0"
23.101.169.3 - - [01/Jul/2018:10:18:08 +0200] "GET / HTTP/1.1" 200 1225 "-" "Mozilla/5.0 (compatible; MSIE 9.0; Windows NT 6.0; Trident/5.0; Trident/5.0)"
23.101.169.3 - - [01/Jul/2018:10:50:09 +0200] "GET / HTTP/1.1" 200 1225 "-" "Mozilla/5.0 (compatible; MSIE 9.0; Windows NT 6.1; Trident/5.0; Trident/5.0)"
23.101.169.3 - - [01/Jul/2018:11:37:50 +0200] "GET / HTTP/1.1" 200 1225 "-" "Mozilla/5.0 (compatible; MSIE 9.0; Windows NT 6.0; Trident/5.0; Trident/5.0)"
23.101.169.3 - - [01/Jul/2018:12:35:25 +0200] "GET / HTTP/1.1" 200 1225 "-" "Mozilla/5.0 (compatible; MSIE 9.0; Windows NT 6.1; Trident/5.0; Trident/5.0)"
77.0.212.72 - - [01/Jul/2018:15:58:10 +0200] "GET / HTTP/1.1" 200 1225 "https://www.google.de/" "Mozilla/5.0 (Linux; Android 4.4.2; SM-T325 Build/KOT49H) AppleWebKit/537.36 (KHTML, like Gecko) Chrome/67.0.3396.87 Safari/537.36"
77.0.212.72 - - [01/Jul/2018:15:58:10 +0200] "GET /picture/back.gif HTTP/1.1" 404 1256 "http://www.frisoer-guergen.de/" "Mozilla/5.0 (Linux; Android 4.4.2; SM-T325 Build/KOT49H) AppleWebKit/537.36 (KHTML, like Gecko) Chrome/67.0.3396.87 Safari/537.36"
77.0.212.72 - - [01/Jul/2018:15:58:10 +0200] "GET /picture/frisoer-logo.jpg HTTP/1.1" 200 108839 "http://www.frisoer-guergen.de/" "Mozilla/5.0 (Linux; Android 4.4.2; SM-T325 Build/KOT49H) AppleWebKit/537.36 (KHTML, like Gecko) Chrome/67.0.3396.87 Safari/537.36"
77.0.212.72 - - [01/Jul/2018:15:58:10 +0200] "GET /favicon.ico HTTP/1.1" 404 1256 "http://www.frisoer-guergen.de/" "Mozilla/5.0 (Linux; Android 4.4.2; SM-T325 Build/KOT49H) AppleWebKit/537.36 (KHTML, like Gecko) Chrome/67.0.3396.87 Safari/537.36"
66.249.64.222 - - [01/Jul/2018:20:09:48 +0200] "GET /robots.txt HTTP/1.1" 404 1256 "-" "Mozilla/5.0 (compatible; Googlebot/2.1; +http://www.google.com/bot.html)"
66.249.64.220 - - [01/Jul/2018:20:54:48 +0200] "GET / HTTP/1.1" 200 1225 "-" "Mozilla/5.0 (compatible; Googlebot/2.1; +http://www.google.com/bot.html)"
66.249.64.192 - - [01/Jul/2018:23:41:07 +0200] "GET / HTTP/1.1" 200 1225 "-" "Mozilla/5.0 (Linux; Android 6.0.1; Nexus 5X Build/MMB29P) AppleWebKit/537.36 (KHTML, like Gecko) Chrome/41.0.2272.96 Mobile Safari/537.36 (compatible; Googlebot/2.1; +http://www.google.com/bot.html)"
180.76.15.28 - - [02/Jul/2018:03:52:10 +0200] "GET / HTTP/1.1" 200 1225 "-" "Mozilla/5.0 (compatible; Baiduspider/2.0; +http://www.baidu.com/search/spider.html)"
52.53.201.78 - - [02/Jul/2018:03:52:57 +0200] "GET / HTTP/1.1" 200 1225 "-" "Mozilla/5.0 (Macintosh; Intel Mac OS X 10_12_6) AppleWebKit/537.36 (KHTML, like Gecko) Chrome/61.0.3163.100 Safari/537.36"
2.247.249.70 - - [02/Jul/2018:04:27:36 +0200] "GET / HTTP/1.1" 200 1225 "-" "Mozilla/5.0 (Linux; Android 8.0.0; SAMSUNG SM-G965F Build/R16NW) AppleWebKit/537.36 (KHTML, like Gecko) SamsungBrowser/7.2 Chrome/59.0.3071.125 Mobile Safari/537.36"
2.247.249.70 - - [02/Jul/2018:04:27:36 +0200] "GET /picture/back.gif HTTP/1.1" 404 1256 "http://www.frisoer-guergen.de/" "Mozilla/5.0 (Linux; Android 8.0.0; SAMSUNG SM-G965F Build/R16NW) AppleWebKit/537.36 (KHTML, like Gecko) SamsungBrowser/7.2 Chrome/59.0.3071.125 Mobile Safari/537.36"
2.247.249.70 - - [02/Jul/2018:04:27:36 +0200] "GET /picture/frisoer-logo.jpg HTTP/1.1" 200 108839 "http://www.frisoer-guergen.de/" "Mozilla/5.0 (Linux; Android 8.0.0; SAMSUNG SM-G965F Build/R16NW) AppleWebKit/537.36 (KHTML, like Gecko) SamsungBrowser/7.2 Chrome/59.0.3071.125 Mobile Safari/537.36"
2.247.249.70 - - [02/Jul/2018:04:27:37 +0200] "GET /favicon.ico HTTP/1.1" 404 1256 "http://www.frisoer-guergen.de/" "Mozilla/5.0 (Linux; Android 8.0.0; SAMSUNG SM-G965F Build/R16NW) AppleWebKit/537.36 (KHTML, like Gecko) SamsungBrowser/7.2 Chrome/59.0.3071.125 Mobile Safari/537.36"
158.69.148.216 - - [02/Jul/2018:05:24:26 +0200] "GET / HTTP/1.1" 200 1225 "-" "Mozilla/5.0 (Windows NT 10.0; WOW64) AppleWebKit/537.36 (KHTML, like Gecko) Chrome/52.0.2743.116 Safari/537.36"
158.69.148.216 - - [02/Jul/2018:05:24:26 +0200] "GET /picture/back.gif HTTP/1.1" 404 1256 "http://www.frisoer-guergen.de/" "Mozilla/5.0 (Windows NT 10.0; WOW64) AppleWebKit/537.36 (KHTML, like Gecko) Chrome/52.0.2743.116 Safari/537.36"
158.69.148.216 - - [02/Jul/2018:05:24:26 +0200] "GET /picture/frisoer-logo.jpg HTTP/1.1" 200 108839 "http://www.frisoer-guergen.de/" "Mozilla/5.0 (Windows NT 10.0; WOW64) AppleWebKit/537.36 (KHTML, like Gecko) Chrome/52.0.2743.116 Safari/537.36"
66.249.64.220 - - [02/Jul/2018:06:56:24 +0200] "GET / HTTP/1.1" 200 1225 "-" "Mozilla/5.0 (Linux; Android 6.0.1; Nexus 5X Build/MMB29P) AppleWebKit/537.36 (KHTML, like Gecko) Chrome/41.0.2272.96 Mobile Safari/537.36 (compatible; Googlebot/2.1; +http://www.google.com/bot.html)"
66.249.64.192 - - [02/Jul/2018:09:01:37 +0200] "GET /robots.txt HTTP/1.1" 404 1256 "-" "Mozilla/5.0 (compatible; Googlebot/2.1; +http://www.google.com/bot.html)"
66.249.64.192 - - [02/Jul/2018:09:01:37 +0200] "GET / HTTP/1.1" 200 1225 "-" "Mozilla/5.0 (Linux; Android 6.0.1; Nexus 5X Build/MMB29P) AppleWebKit/537.36 (KHTML, like Gecko) Chrome/41.0.2272.96 Mobile Safari/537.36 (compatible; Googlebot/2.1; +http://www.google.com/bot.html)"
141.80.245.18 - - [02/Jul/2018:10:40:15 +0200] "GET / HTTP/1.1" 200 1225 "https://www.google.de/" "Mozilla/5.0 (Macintosh; Intel Mac OS X 10_13_5) AppleWebKit/537.36 (KHTML, like Gecko) Chrome/63.0.3239.84 Safari/537.36"
141.80.245.18 - - [02/Jul/2018:10:40:15 +0200] "GET /picture/frisoer-logo.jpg HTTP/1.1" 200 108839 "http://www.frisoer-guergen.de/" "Mozilla/5.0 (Macintosh; Intel Mac OS X 10_13_5) AppleWebKit/537.36 (KHTML, like Gecko) Chrome/63.0.3239.84 Safari/537.36"
141.80.245.18 - - [02/Jul/2018:10:40:22 +0200] "GET /picture/back.gif HTTP/1.1" 404 1256 "http://www.frisoer-guergen.de/" "Mozilla/5.0 (Macintosh; Intel Mac OS X 10_13_5) AppleWebKit/537.36 (KHTML, like Gecko) Chrome/63.0.3239.84 Safari/537.36"
141.80.245.18 - - [02/Jul/2018:10:40:22 +0200] "GET /favicon.ico HTTP/1.1" 404 1256 "http://www.frisoer-guergen.de/" "Mozilla/5.0 (Macintosh; Intel Mac OS X 10_13_5) AppleWebKit/537.36 (KHTML, like Gecko) Chrome/63.0.3239.84 Safari/537.36"
94.223.118.133 - - [02/Jul/2018:10:42:21 +0200] "GET / HTTP/1.1" 200 1225 "http://www.google.com/" "Mozilla/5.0 (Linux; Android 4.4.2; A-ONEX Build/KOT49H) AppleWebKit/537.36 (KHTML, like Gecko) Version/4.0 Chrome/30.0.0.0 Safari/537.36"
94.223.118.133 - - [02/Jul/2018:10:42:22 +0200] "GET /picture/back.gif HTTP/1.1" 404 1256 "http://www.frisoer-guergen.de/" "Mozilla/5.0 (Linux; Android 4.4.2; A-ONEX Build/KOT49H) AppleWebKit/537.36 (KHTML, like Gecko) Version/4.0 Chrome/30.0.0.0 Safari/537.36"
94.223.118.133 - - [02/Jul/2018:10:42:22 +0200] "GET /picture/frisoer-logo.jpg HTTP/1.1" 200 108839 "http://www.frisoer-guergen.de/" "Mozilla/5.0 (Linux; Android 4.4.2; A-ONEX Build/KOT49H) AppleWebKit/537.36 (KHTML, like Gecko) Version/4.0 Chrome/30.0.0.0 Safari/537.36"
94.223.118.133 - - [02/Jul/2018:10:42:32 +0200] "GET /favicon.ico HTTP/1.1" 404 1256 "-" "Mozilla/5.0 (Linux; Android 4.4.2; A-ONEX Build/KOT49H) AppleWebKit/537.36 (KHTML, like Gecko) Version/4.0 Chrome/30.0.0.0 Safari/537.36"
66.249.64.192 - - [02/Jul/2018:11:06:51 +0200] "GET / HTTP/1.1" 200 1225 "-" "Mozilla/5.0 (Linux; Android 6.0.1; Nexus 5X Build/MMB29P) AppleWebKit/537.36 (KHTML, like Gecko) Chrome/41.0.2272.96 Mobile Safari/537.36 (compatible; Googlebot/2.1; +http://www.google.com/bot.html)"
77.180.212.160 - - [02/Jul/2018:12:02:19 +0200] "GET / HTTP/1.1" 200 1225 "https://www.google.de/" "Mozilla/5.0 (Windows NT 6.1; Win64; x64; rv:61.0) Gecko/20100101 Firefox/61.0"
77.180.212.160 - - [02/Jul/2018:12:02:19 +0200] "GET /picture/back.gif HTTP/1.1" 404 1256 "http://www.frisoer-guergen.de/" "Mozilla/5.0 (Windows NT 6.1; Win64; x64; rv:61.0) Gecko/20100101 Firefox/61.0"
77.180.212.160 - - [02/Jul/2018:12:02:19 +0200] "GET /picture/frisoer-logo.jpg HTTP/1.1" 200 108839 "http://www.frisoer-guergen.de/" "Mozilla/5.0 (Windows NT 6.1; Win64; x64; rv:61.0) Gecko/20100101 Firefox/61.0"
77.180.212.160 - - [02/Jul/2018:12:02:19 +0200] "GET /favicon.ico HTTP/1.1" 404 1256 "-" "Mozilla/5.0 (Windows NT 6.1; Win64; x64; rv:61.0) Gecko/20100101 Firefox/61.0"
77.180.212.160 - - [02/Jul/2018:12:02:19 +0200] "GET /favicon.ico HTTP/1.1" 404 1256 "-" "Mozilla/5.0 (Windows NT 6.1; Win64; x64; rv:61.0) Gecko/20100101 Firefox/61.0"
66.249.64.192 - - [02/Jul/2018:12:40:46 +0200] "GET / HTTP/1.1" 200 1225 "-" "Mozilla/5.0 (Linux; Android 6.0.1; Nexus 5X Build/MMB29P) AppleWebKit/537.36 (KHTML, like Gecko) Chrome/41.0.2272.96 Mobile Safari/537.36 (compatible; Googlebot/2.1; +http://www.google.com/bot.html)"
94.223.118.133 - - [02/Jul/2018:14:06:26 +0200] "GET / HTTP/1.1" 200 1225 "http://www.google.com/" "Mozilla/5.0 (Linux; Android 4.4.2; A-ONEX Build/KOT49H) AppleWebKit/537.36 (KHTML, like Gecko) Version/4.0 Chrome/30.0.0.0 Safari/537.36"
94.223.118.133 - - [02/Jul/2018:14:06:26 +0200] "GET /picture/back.gif HTTP/1.1" 404 1256 "http://www.frisoer-guergen.de/" "Mozilla/5.0 (Linux; Android 4.4.2; A-ONEX Build/KOT49H) AppleWebKit/537.36 (KHTML, like Gecko) Version/4.0 Chrome/30.0.0.0 Safari/537.36"
94.223.118.133 - - [02/Jul/2018:14:06:26 +0200] "GET /picture/frisoer-logo.jpg HTTP/1.1" 200 108839 "http://www.frisoer-guergen.de/" "Mozilla/5.0 (Linux; Android 4.4.2; A-ONEX Build/KOT49H) AppleWebKit/537.36 (KHTML, like Gecko) Version/4.0 Chrome/30.0.0.0 Safari/537.36"
94.223.118.133 - - [02/Jul/2018:14:06:32 +0200] "GET /favicon.ico HTTP/1.1" 404 1256 "-" "Mozilla/5.0 (Linux; Android 4.4.2; A-ONEX Build/KOT49H) AppleWebKit/537.36 (KHTML, like Gecko) Version/4.0 Chrome/30.0.0.0 Safari/537.36"
84.139.125.75 - - [02/Jul/2018:14:23:31 +0200] "GET / HTTP/1.1" 200 1225 "https://www.google.de/" "Mozilla/5.0 (Windows NT 10.0; Win64; x64) AppleWebKit/537.36 (KHTML, like Gecko) Chrome/66.0.3359.170 Safari/537.36 OPR/53.0.2907.99"
84.139.125.75 - - [02/Jul/2018:14:23:31 +0200] "GET /picture/frisoer-logo.jpg HTTP/1.1" 200 108839 "http://www.frisoer-guergen.de/" "Mozilla/5.0 (Windows NT 10.0; Win64; x64) AppleWebKit/537.36 (KHTML, like Gecko) Chrome/66.0.3359.170 Safari/537.36 OPR/53.0.2907.99"
66.249.64.220 - - [02/Jul/2018:15:01:39 +0200] "GET / HTTP/1.1" 200 1225 "-" "Mozilla/5.0 (Linux; Android 6.0.1; Nexus 5X Build/MMB29P) AppleWebKit/537.36 (KHTML, like Gecko) Chrome/41.0.2272.96 Mobile Safari/537.36 (compatible; Googlebot/2.1; +http://www.google.com/bot.html)"
66.249.64.220 - - [02/Jul/2018:16:51:13 +0200] "GET / HTTP/1.1" 200 1225 "-" "Mozilla/5.0 (Linux; Android 6.0.1; Nexus 5X Build/MMB29P) AppleWebKit/537.36 (KHTML, like Gecko) Chrome/41.0.2272.96 Mobile Safari/537.36 (compatible; Googlebot/2.1; +http://www.google.com/bot.html)"
62.152.184.234 - - [02/Jul/2018:17:04:09 +0200] "GET / HTTP/1.1" 200 1225 "http://www.google.de/url?sa=t&rct=j&q=&esrc=s&source=web&cd=12&cad=rja&uact=8&ved=0ahUKEwiosIf21oDcAhVF6KQKHWyVB0gQ_BcIfzAL&url=http%3A%2F%2Fwww.frisoer-guergen.de%2F&usg=AOvVaw0adbS4thYfX-HJRenxeDrL" "Mozilla/5.0 (Windows NT 6.1; WOW64; Trident/7.0; rv:11.0) like Gecko"
62.152.184.234 - - [02/Jul/2018:17:04:09 +0200] "GET /picture/back.gif HTTP/1.1" 404 1256 "http://www.frisoer-guergen.de/" "Mozilla/5.0 (Windows NT 6.1; WOW64; Trident/7.0; rv:11.0) like Gecko"
62.152.184.234 - - [02/Jul/2018:17:04:09 +0200] "GET /picture/back.gif HTTP/1.1" 404 1256 "http://www.frisoer-guergen.de/" "Mozilla/5.0 (Windows NT 6.1; WOW64; Trident/7.0; rv:11.0) like Gecko"
62.152.184.234 - - [02/Jul/2018:17:04:09 +0200] "GET /picture/frisoer-logo.jpg HTTP/1.1" 200 108839 "http://www.frisoer-guergen.de/" "Mozilla/5.0 (Windows NT 6.1; WOW64; Trident/7.0; rv:11.0) like Gecko"
62.152.184.234 - - [02/Jul/2018:17:04:10 +0200] "GET /favicon.ico HTTP/1.1" 404 1256 "-" "Mozilla/5.0 (Windows NT 6.1; Win64; x64; Trident/7.0; rv:11.0) like Gecko"
66.249.64.220 - - [02/Jul/2018:19:12:06 +0200] "GET / HTTP/1.1" 200 1225 "-" "Mozilla/5.0 (Linux; Android 6.0.1; Nexus 5X Build/MMB29P) AppleWebKit/537.36 (KHTML, like Gecko) Chrome/41.0.2272.96 Mobile Safari/537.36 (compatible; Googlebot/2.1; +http://www.google.com/bot.html)"
84.186.122.82 - - [02/Jul/2018:19:33:13 +0200] "GET / HTTP/1.1" 200 1225 "https://www.google.de/" "Mozilla/5.0 (iPad; CPU OS 10_3_3 like Mac OS X) AppleWebKit/603.3.8 (KHTML, like Gecko) Version/10.0 Mobile/14G60 Safari/602.1"
84.186.122.82 - - [02/Jul/2018:19:33:13 +0200] "GET /picture/back.gif HTTP/1.1" 404 1256 "http://www.frisoer-guergen.de/" "Mozilla/5.0 (iPad; CPU OS 10_3_3 like Mac OS X) AppleWebKit/603.3.8 (KHTML, like Gecko) Version/10.0 Mobile/14G60 Safari/602.1"
84.186.122.82 - - [02/Jul/2018:19:33:13 +0200] "GET /picture/frisoer-logo.jpg HTTP/1.1" 200 108839 "http://www.frisoer-guergen.de/" "Mozilla/5.0 (iPad; CPU OS 10_3_3 like Mac OS X) AppleWebKit/603.3.8 (KHTML, like Gecko) Version/10.0 Mobile/14G60 Safari/602.1"
66.249.64.192 - - [02/Jul/2018:22:15:47 +0200] "GET /robots.txt HTTP/1.1" 404 1256 "-" "Mozilla/5.0 (compatible; Googlebot/2.1; +http://www.google.com/bot.html)"
66.249.64.222 - - [02/Jul/2018:22:15:47 +0200] "GET / HTTP/1.1" 200 1225 "-" "Mozilla/5.0 (Linux; Android 6.0.1; Nexus 5X Build/MMB29P) AppleWebKit/537.36 (KHTML, like Gecko) Chrome/41.0.2272.96 Mobile Safari/537.36 (compatible; Googlebot/2.1; +http://www.google.com/bot.html)"
66.249.64.222 - - [03/Jul/2018:01:03:47 +0200] "GET / HTTP/1.1" 200 1225 "-" "Mozilla/5.0 (Linux; Android 6.0.1; Nexus 5X Build/MMB29P) AppleWebKit/537.36 (KHTML, like Gecko) Chrome/41.0.2272.96 Mobile Safari/537.36 (compatible; Googlebot/2.1; +http://www.google.com/bot.html)"
66.249.75.84 - - [03/Jul/2018:04:30:29 +0200] "GET / HTTP/1.1" 200 1225 "-" "Mozilla/5.0 (Linux; Android 6.0.1; Nexus 5X Build/MMB29P) AppleWebKit/537.36 (KHTML, like Gecko) Chrome/41.0.2272.96 Mobile Safari/537.36 (compatible; Googlebot/2.1; +http://www.google.com/bot.html)"
66.249.75.80 - - [03/Jul/2018:06:47:19 +0200] "GET / HTTP/1.1" 200 1225 "-" "Mozilla/5.0 (Linux; Android 6.0.1; Nexus 5X Build/MMB29P) AppleWebKit/537.36 (KHTML, like Gecko) Chrome/41.0.2272.96 Mobile Safari/537.36 (compatible; Googlebot/2.1; +http://www.google.com/bot.html)"
66.249.75.82 - - [03/Jul/2018:09:12:46 +0200] "GET / HTTP/1.1" 200 1225 "-" "Mozilla/5.0 (Linux; Android 6.0.1; Nexus 5X Build/MMB29P) AppleWebKit/537.36 (KHTML, like Gecko) Chrome/41.0.2272.96 Mobile Safari/537.36 (compatible; Googlebot/2.1; +http://www.google.com/bot.html)"
141.8.141.131 - - [03/Jul/2018:11:10:54 +0200] "GET /robots.txt HTTP/1.1" 404 1256 "-" "Mozilla/5.0 (compatible; YandexBot/3.0; +http://yandex.com/bots)"
141.8.141.131 - - [03/Jul/2018:11:10:58 +0200] "GET /favicon.ico HTTP/1.1" 404 1256 "-" "Mozilla/5.0 (compatible; YandexBot/3.0; +http://yandex.com/bots)"
66.249.75.80 - - [03/Jul/2018:11:12:47 +0200] "GET /robots.txt HTTP/1.1" 404 1256 "-" "Mozilla/5.0 (compatible; Googlebot/2.1; +http://www.google.com/bot.html)"
66.249.75.80 - - [03/Jul/2018:11:12:47 +0200] "GET / HTTP/1.1" 200 1225 "-" "Mozilla/5.0 (Linux; Android 6.0.1; Nexus 5X Build/MMB29P) AppleWebKit/537.36 (KHTML, like Gecko) Chrome/41.0.2272.96 Mobile Safari/537.36 (compatible; Googlebot/2.1; +http://www.google.com/bot.html)"
94.222.230.147 - - [03/Jul/2018:11:13:53 +0200] "GET / HTTP/1.1" 200 1225 "https://www.google.de/" "Mozilla/5.0 (Windows NT 10.0; WOW64) AppleWebKit/537.36 (KHTML, like Gecko) Chrome/66.0.3359.170 Safari/537.36 OPR/53.0.2907.99"
94.222.230.147 - - [03/Jul/2018:11:13:53 +0200] "GET /picture/back.gif HTTP/1.1" 404 1256 "http://www.frisoer-guergen.de/" "Mozilla/5.0 (Windows NT 10.0; WOW64) AppleWebKit/537.36 (KHTML, like Gecko) Chrome/66.0.3359.170 Safari/537.36 OPR/53.0.2907.99"
94.222.230.147 - - [03/Jul/2018:11:13:53 +0200] "GET /picture/frisoer-logo.jpg HTTP/1.1" 200 108839 "http://www.frisoer-guergen.de/" "Mozilla/5.0 (Windows NT 10.0; WOW64) AppleWebKit/537.36 (KHTML, like Gecko) Chrome/66.0.3359.170 Safari/537.36 OPR/53.0.2907.99"
94.222.230.147 - - [03/Jul/2018:11:13:53 +0200] "GET /favicon.ico HTTP/1.1" 404 1256 "http://www.frisoer-guergen.de/" "Mozilla/5.0 (Windows NT 10.0; WOW64) AppleWebKit/537.36 (KHTML, like Gecko) Chrome/66.0.3359.170 Safari/537.36 OPR/53.0.2907.99"
66.249.75.84 - - [03/Jul/2018:13:29:45 +0200] "GET / HTTP/1.1" 200 1225 "-" "Mozilla/5.0 (Linux; Android 6.0.1; Nexus 5X Build/MMB29P) AppleWebKit/537.36 (KHTML, like Gecko) Chrome/41.0.2272.96 Mobile Safari/537.36 (compatible; Googlebot/2.1; +http://www.google.com/bot.html)"
87.142.115.9 - - [03/Jul/2018:14:09:10 +0200] "GET /picture/back.gif HTTP/1.1" 404 1256 "http://www.frisoer-guergen.de/" "Mozilla/5.0 (Windows NT 6.1; Win64; x64; rv:60.0) Gecko/20100101 Firefox/60.0"
87.142.115.9 - - [03/Jul/2018:14:10:38 +0200] "GET / HTTP/1.1" 200 1225 "-" "Mozilla/5.0 (Windows NT 6.1; Win64; x64; rv:60.0) Gecko/20100101 Firefox/60.0"
87.142.115.9 - - [03/Jul/2018:14:10:38 +0200] "GET /picture/back.gif HTTP/1.1" 404 1256 "http://www.frisoer-guergen.de/" "Mozilla/5.0 (Windows NT 6.1; Win64; x64; rv:60.0) Gecko/20100101 Firefox/60.0"
87.142.115.9 - - [03/Jul/2018:14:10:38 +0200] "GET /picture/frisoer-logo.jpg HTTP/1.1" 200 108839 "http://www.frisoer-guergen.de/" "Mozilla/5.0 (Windows NT 6.1; Win64; x64; rv:60.0) Gecko/20100101 Firefox/60.0"
87.142.115.9 - - [03/Jul/2018:14:10:38 +0200] "GET /picture/back.gif HTTP/1.1" 404 1256 "http://www.frisoer-guergen.de/" "Mozilla/5.0 (Windows NT 6.1; Win64; x64; rv:60.0) Gecko/20100101 Firefox/60.0"
87.142.115.9 - - [03/Jul/2018:14:09:10 +0200] "GET /picture/frisoer-logo.jpg HTTP/1.1" 200 108839 "http://www.frisoer-guergen.de/" "Mozilla/5.0 (Windows NT 6.1; Win64; x64; rv:60.0) Gecko/20100101 Firefox/60.0"
180.76.15.161 - - [03/Jul/2018:14:42:01 +0200] "GET /robots.txt HTTP/1.1" 404 1256 "-" "Mozilla/5.0 (Windows NT 5.1; rv:6.0.2) Gecko/20100101 Firefox/6.0.2"
180.76.15.157 - - [03/Jul/2018:14:42:01 +0200] "GET /robots.txt HTTP/1.1" 404 1256 "-" "Mozilla/5.0 (Windows NT 5.1; rv:6.0.2) Gecko/20100101 Firefox/6.0.2"
180.76.15.22 - - [03/Jul/2018:14:45:00 +0200] "GET / HTTP/1.1" 200 1225 "-" "Mozilla/5.0 (compatible; Baiduspider/2.0; +http://www.baidu.com/search/spider.html)"
66.249.75.80 - - [03/Jul/2018:16:07:07 +0200] "GET / HTTP/1.1" 200 1225 "-" "Mozilla/5.0 (Linux; Android 6.0.1; Nexus 5X Build/MMB29P) AppleWebKit/537.36 (KHTML, like Gecko) Chrome/41.0.2272.96 Mobile Safari/537.36 (compatible; Googlebot/2.1; +http://www.google.com/bot.html)"
109.41.2.108 - - [03/Jul/2018:17:21:36 +0200] "GET / HTTP/1.1" 200 1225 "https://www.google.de/" "Mozilla/5.0 (iPhone; CPU iPhone OS 11_4 like Mac OS X) AppleWebKit/605.1.15 (KHTML, like Gecko) Version/11.0 Mobile/15E148 Safari/604.1"
109.41.2.108 - - [03/Jul/2018:17:21:36 +0200] "GET /picture/back.gif HTTP/1.1" 404 1256 "http://www.frisoer-guergen.de/" "Mozilla/5.0 (iPhone; CPU iPhone OS 11_4 like Mac OS X) AppleWebKit/605.1.15 (KHTML, like Gecko) Version/11.0 Mobile/15E148 Safari/604.1"
109.41.2.108 - - [03/Jul/2018:17:21:36 +0200] "GET /picture/frisoer-logo.jpg HTTP/1.1" 200 108839 "http://www.frisoer-guergen.de/" "Mozilla/5.0 (iPhone; CPU iPhone OS 11_4 like Mac OS X) AppleWebKit/605.1.15 (KHTML, like Gecko) Version/11.0 Mobile/15E148 Safari/604.1"
66.249.75.84 - - [03/Jul/2018:18:23:30 +0200] "GET / HTTP/1.1" 200 1225 "-" "Mozilla/5.0 (Linux; Android 6.0.1; Nexus 5X Build/MMB29P) AppleWebKit/537.36 (KHTML, like Gecko) Chrome/41.0.2272.96 Mobile Safari/537.36 (compatible; Googlebot/2.1; +http://www.google.com/bot.html)"
66.249.75.82 - - [03/Jul/2018:19:39:05 +0200] "GET / HTTP/1.1" 200 1225 "-" "Mozilla/5.0 (Linux; Android 6.0.1; Nexus 5X Build/MMB29P) AppleWebKit/537.36 (KHTML, like Gecko) Chrome/41.0.2272.96 Mobile Safari/537.36 (compatible; Googlebot/2.1; +http://www.google.com/bot.html)"
54.36.150.106 - - [03/Jul/2018:21:47:08 +0200] "GET /robots.txt HTTP/1.1" 404 1256 "-" "Mozilla/5.0 (compatible; AhrefsBot/5.2; +http://ahrefs.com/robot/)"
54.36.148.248 - - [03/Jul/2018:21:47:09 +0200] "GET / HTTP/1.1" 200 1225 "-" "Mozilla/5.0 (compatible; AhrefsBot/5.2; +http://ahrefs.com/robot/)"
216.145.17.190 - - [03/Jul/2018:22:29:13 +0200] "GET /robots.txt HTTP/1.0" 404 1256 "-" "Mozilla/5.0 (Macintosh; Intel Mac OS X 10.10; rv:59.0) Gecko/20100101 Firefox/59.0"
216.145.17.190 - - [03/Jul/2018:22:29:13 +0200] "GET / HTTP/1.1" 200 1225 "-" "Mozilla/5.0 (Macintosh; Intel Mac OS X 10.10; rv:59.0) Gecko/20100101 Firefox/59.0"
52.53.201.78 - - [04/Jul/2018:03:40:48 +0200] "GET / HTTP/1.1" 200 1225 "-" "Mozilla/5.0 (Macintosh; Intel Mac OS X 10_12_6) AppleWebKit/537.36 (KHTML, like Gecko) Chrome/61.0.3163.100 Safari/537.36"
213.239.210.249 - - [04/Jul/2018:05:31:17 +0200] "GET / HTTP/1.1" 200 1225 "-" "Mozilla/5.0 (Windows; U; Windows NT 6.1; de; rv:1.9.2.12) Gecko/20101026 Firefox/3.6.12"
213.239.210.249 - - [04/Jul/2018:05:31:17 +0200] "GET / HTTP/1.1" 200 1225 "-" "Mozilla/5.0 (Windows; U; Windows NT 6.1; de; rv:1.9.2.12) Gecko/20101026 Firefox/3.6.12"
213.239.210.249 - - [04/Jul/2018:05:31:17 +0200] "GET /robots.txt HTTP/1.1" 404 1256 "-" "Mozilla/5.0 (Windows; U; Windows NT 6.1; de; rv:1.9.2.12) Gecko/20101026 Firefox/3.6.12"
213.239.210.249 - - [04/Jul/2018:05:31:17 +0200] "GET /sitemap.xml HTTP/1.1" 404 1256 "-" "Mozilla/5.0 (Windows; U; Windows NT 6.1; de; rv:1.9.2.12) Gecko/20101026 Firefox/3.6.12"
213.239.210.249 - - [04/Jul/2018:05:31:18 +0200] "GET /sitemap-index.xml HTTP/1.1" 404 1256 "-" "Mozilla/5.0 (Windows; U; Windows NT 6.1; de; rv:1.9.2.12) Gecko/20101026 Firefox/3.6.12"
213.239.210.249 - - [04/Jul/2018:05:31:18 +0200] "GET /sitemaps/sitemap.xml HTTP/1.1" 404 1256 "-" "Mozilla/5.0 (Windows; U; Windows NT 6.1; de; rv:1.9.2.12) Gecko/20101026 Firefox/3.6.12"
159.89.183.206 - - [04/Jul/2018:06:23:51 +0200] "GET / HTTP/1.0" 200 1225 "-" "Mozilla/5.0 (compatible; NetcraftSurveyAgent/1.0; +info@netcraft.com)"
159.89.179.232 - - [04/Jul/2018:07:40:14 +0200] "GET / HTTP/1.0" 200 1225 "-" "Mozilla/5.0 (compatible; NetcraftSurveyAgent/1.0; +info@netcraft.com)"
193.17.232.2 - - [04/Jul/2018:10:34:35 +0200] "GET / HTTP/1.1" 200 1225 "https://www.google.de/" "Mozilla/5.0 (Windows NT 6.1; WOW64) AppleWebKit/537.36 (KHTML, like Gecko) Chrome/67.0.3396.87 Safari/537.36"
193.17.232.2 - - [04/Jul/2018:10:34:35 +0200] "GET /picture/back.gif HTTP/1.1" 404 1256 "http://www.frisoer-guergen.de/" "Mozilla/5.0 (Windows NT 6.1; WOW64) AppleWebKit/537.36 (KHTML, like Gecko) Chrome/67.0.3396.87 Safari/537.36"
193.17.232.2 - - [04/Jul/2018:10:34:35 +0200] "GET /picture/frisoer-logo.jpg HTTP/1.1" 200 108839 "http://www.frisoer-guergen.de/" "Mozilla/5.0 (Windows NT 6.1; WOW64) AppleWebKit/537.36 (KHTML, like Gecko) Chrome/67.0.3396.87 Safari/537.36"
193.17.232.2 - - [04/Jul/2018:10:34:36 +0200] "GET /favicon.ico HTTP/1.1" 404 1256 "http://www.frisoer-guergen.de/" "Mozilla/5.0 (Windows NT 6.1; WOW64) AppleWebKit/537.36 (KHTML, like Gecko) Chrome/67.0.3396.87 Safari/537.36"
207.46.13.199 - - [04/Jul/2018:11:14:08 +0200] "GET /robots.txt HTTP/1.1" 404 1256 "-" "Mozilla/5.0 (compatible; bingbot/2.0; +http://www.bing.com/bingbot.htm)"
207.46.13.28 - - [04/Jul/2018:11:14:12 +0200] "GET / HTTP/1.1" 200 1225 "-" "Mozilla/5.0 (iPhone; CPU iPhone OS 7_0 like Mac OS X) AppleWebKit/537.51.1 (KHTML, like Gecko) Version/7.0 Mobile/11A465 Safari/9537.53 (compatible; bingbot/2.0; +http://www.bing.com/bingbot.htm)"
40.77.179.233 - - [04/Jul/2018:11:14:43 +0200] "GET /picture/back.gif HTTP/1.1" 404 1256 "http://www.frisoer-guergen.de/" "Mozilla/5.0 (iPhone; CPU iPhone OS 7_0 like Mac OS X) AppleWebKit/537.51.1 (KHTML, like Gecko) Version/7.0 Mobile/11A465 Safari/9537.53 BingPreview/1.0b"
40.77.179.233 - - [04/Jul/2018:11:14:43 +0200] "GET /picture/frisoer-logo.jpg HTTP/1.1" 200 108839 "http://www.frisoer-guergen.de/" "Mozilla/5.0 (iPhone; CPU iPhone OS 7_0 like Mac OS X) AppleWebKit/537.51.1 (KHTML, like Gecko) Version/7.0 Mobile/11A465 Safari/9537.53 BingPreview/1.0b"
40.77.167.45 - - [04/Jul/2018:11:14:44 +0200] "GET /robots.txt HTTP/1.1" 404 1256 "-" "Mozilla/5.0 (compatible; bingbot/2.0; +http://www.bing.com/bingbot.htm)"
40.77.167.45 - - [04/Jul/2018:11:14:44 +0200] "GET /robots.txt HTTP/1.1" 404 1256 "-" "Mozilla/5.0 (compatible; bingbot/2.0; +http://www.bing.com/bingbot.htm)"
40.77.167.45 - - [04/Jul/2018:11:14:45 +0200] "GET /robots.txt HTTP/1.1" 404 1256 "-" "Mozilla/5.0 (compatible; bingbot/2.0; +http://www.bing.com/bingbot.htm)"
95.90.243.240 - - [04/Jul/2018:12:10:35 +0200] "GET / HTTP/1.1" 200 1225 "-" "Mozilla/5.0 (Android 6.0.1; Mobile; rv:60.0) Gecko/60.0 Firefox/60.0"
95.90.243.240 - - [04/Jul/2018:12:10:35 +0200] "GET /picture/frisoer-logo.jpg HTTP/1.1" 200 108839 "http://www.frisoer-guergen.de/" "Mozilla/5.0 (Android 6.0.1; Mobile; rv:60.0) Gecko/60.0 Firefox/60.0"
95.90.243.240 - - [04/Jul/2018:12:10:35 +0200] "GET /picture/back.gif HTTP/1.1" 404 1256 "http://www.frisoer-guergen.de/" "Mozilla/5.0 (Android 6.0.1; Mobile; rv:60.0) Gecko/60.0 Firefox/60.0"
95.90.243.240 - - [04/Jul/2018:12:10:36 +0200] "GET /favicon.ico HTTP/1.1" 404 1256 "-" "Mozilla/5.0 (Android 6.0.1; Mobile; rv:60.0.2) Gecko/60.0.2 Firefox/60.0.2"
95.90.243.240 - - [04/Jul/2018:12:11:07 +0200] "GET /picture/back.gif HTTP/1.1" 404 1256 "http://www.frisoer-guergen.de/" "Mozilla/5.0 (Android 6.0.1; Mobile; rv:60.0) Gecko/60.0 Firefox/60.0"
95.90.243.240 - - [04/Jul/2018:12:18:41 +0200] "GET /picture/back.gif HTTP/1.1" 404 1256 "http://www.frisoer-guergen.de/" "Mozilla/5.0 (Android 6.0.1; Mobile; rv:60.0) Gecko/60.0 Firefox/60.0"
95.90.243.240 - - [04/Jul/2018:12:18:42 +0200] "GET /favicon.ico HTTP/1.1" 404 1256 "-" "Mozilla/5.0 (Android 6.0.1; Mobile; rv:60.0.2) Gecko/60.0.2 Firefox/60.0.2"
91.64.85.3 - - [04/Jul/2018:15:55:32 +0200] "GET / HTTP/1.1" 200 1225 "https://www.google.de/" "Mozilla/5.0 (Windows NT 10.0; Win64; x64) AppleWebKit/537.36 (KHTML, like Gecko) Chrome/67.0.3396.99 Safari/537.36"
91.64.85.3 - - [04/Jul/2018:15:55:32 +0200] "GET /picture/frisoer-logo.jpg HTTP/1.1" 200 108839 "http://www.frisoer-guergen.de/" "Mozilla/5.0 (Windows NT 10.0; Win64; x64) AppleWebKit/537.36 (KHTML, like Gecko) Chrome/67.0.3396.99 Safari/537.36"
91.64.85.3 - - [04/Jul/2018:15:55:50 +0200] "GET /picture/back.gif HTTP/1.1" 404 1256 "http://www.frisoer-guergen.de/" "Mozilla/5.0 (Windows NT 10.0; Win64; x64) AppleWebKit/537.36 (KHTML, like Gecko) Chrome/67.0.3396.99 Safari/537.36"
91.64.85.3 - - [04/Jul/2018:15:55:50 +0200] "GET /favicon.ico HTTP/1.1" 404 1256 "http://www.frisoer-guergen.de/" "Mozilla/5.0 (Windows NT 10.0; Win64; x64) AppleWebKit/537.36 (KHTML, like Gecko) Chrome/67.0.3396.99 Safari/537.36"
91.64.85.3 - - [04/Jul/2018:16:00:41 +0200] "GET /picture/back.gif HTTP/1.1" 404 1256 "http://www.frisoer-guergen.de/" "Mozilla/5.0 (Windows NT 10.0; Win64; x64) AppleWebKit/537.36 (KHTML, like Gecko) Chrome/67.0.3396.99 Safari/537.36"
91.64.85.3 - - [04/Jul/2018:16:08:35 +0200] "GET / HTTP/1.1" 200 1225 "https://www.google.de/" "Mozilla/5.0 (iPhone; CPU iPhone OS 11_4 like Mac OS X) AppleWebKit/605.1.15 (KHTML, like Gecko) Version/11.0 Mobile/15E148 Safari/604.1"
91.64.85.3 - - [04/Jul/2018:16:08:35 +0200] "GET /picture/back.gif HTTP/1.1" 404 1256 "http://www.frisoer-guergen.de/" "Mozilla/5.0 (iPhone; CPU iPhone OS 11_4 like Mac OS X) AppleWebKit/605.1.15 (KHTML, like Gecko) Version/11.0 Mobile/15E148 Safari/604.1"
91.64.85.3 - - [04/Jul/2018:16:08:35 +0200] "GET /picture/frisoer-logo.jpg HTTP/1.1" 200 108839 "http://www.frisoer-guergen.de/" "Mozilla/5.0 (iPhone; CPU iPhone OS 11_4 like Mac OS X) AppleWebKit/605.1.15 (KHTML, like Gecko) Version/11.0 Mobile/15E148 Safari/604.1"
207.46.13.28 - - [04/Jul/2018:22:02:48 +0200] "GET / HTTP/1.1" 200 1225 "-" "Mozilla/5.0 (compatible; bingbot/2.0; +http://www.bing.com/bingbot.htm)"
91.55.84.84 - - [04/Jul/2018:22:06:51 +0200] "GET / HTTP/1.1" 200 1225 "https://www.google.de/" "Mozilla/5.0 (iPhone; CPU iPhone OS 11_4 like Mac OS X) AppleWebKit/605.1.15 (KHTML, like Gecko) Version/11.0 Mobile/15E148 Safari/604.1"
91.55.84.84 - - [04/Jul/2018:22:06:51 +0200] "GET /picture/back.gif HTTP/1.1" 404 1256 "http://www.frisoer-guergen.de/" "Mozilla/5.0 (iPhone; CPU iPhone OS 11_4 like Mac OS X) AppleWebKit/605.1.15 (KHTML, like Gecko) Version/11.0 Mobile/15E148 Safari/604.1"
91.55.84.84 - - [04/Jul/2018:22:06:51 +0200] "GET /picture/frisoer-logo.jpg HTTP/1.1" 200 108839 "http://www.frisoer-guergen.de/" "Mozilla/5.0 (iPhone; CPU iPhone OS 11_4 like Mac OS X) AppleWebKit/605.1.15 (KHTML, like Gecko) Version/11.0 Mobile/15E148 Safari/604.1"
87.164.151.12 - - [05/Jul/2018:01:20:22 +0200] "GET / HTTP/1.1" 200 1225 "-" "Mozilla/5.0 (iPhone; CPU iPhone OS 11_2_1 like Mac OS X) AppleWebKit/604.4.7 (KHTML, like Gecko) Version/11.0 Mobile/15C153 Safari/604.1"
87.164.151.12 - - [05/Jul/2018:01:20:23 +0200] "GET /picture/back.gif HTTP/1.1" 404 1256 "http://www.frisoer-guergen.de/" "Mozilla/5.0 (iPhone; CPU iPhone OS 11_2_1 like Mac OS X) AppleWebKit/604.4.7 (KHTML, like Gecko) Version/11.0 Mobile/15C153 Safari/604.1"
87.164.151.12 - - [05/Jul/2018:01:20:23 +0200] "GET /picture/frisoer-logo.jpg HTTP/1.1" 200 108839 "http://www.frisoer-guergen.de/" "Mozilla/5.0 (iPhone; CPU iPhone OS 11_2_1 like Mac OS X) AppleWebKit/604.4.7 (KHTML, like Gecko) Version/11.0 Mobile/15C153 Safari/604.1"
66.249.81.188 - - [05/Jul/2018:02:47:59 +0200] "GET / HTTP/1.1" 200 1225 "-" "Mozilla/5.0 (Linux; Android 8.0.0; ALP-L29 Build/HUAWEIALP-L29S) AppleWebKit/537.36 (KHTML, like Gecko) Chrome/67.0.3396.87 Mobile Safari/537.36"
66.249.81.160 - - [05/Jul/2018:02:47:59 +0200] "GET /picture/back.gif HTTP/1.1" 404 1256 "http://www.frisoer-guergen.de/" "Mozilla/5.0 (Linux; Android 8.0.0; ALP-L29 Build/HUAWEIALP-L29S) AppleWebKit/537.36 (KHTML, like Gecko) Chrome/67.0.3396.87 Mobile Safari/537.36"
66.249.81.160 - - [05/Jul/2018:02:47:59 +0200] "GET /picture/frisoer-logo.jpg HTTP/1.1" 200 108839 "http://www.frisoer-guergen.de/" "Mozilla/5.0 (Linux; Android 8.0.0; ALP-L29 Build/HUAWEIALP-L29S) AppleWebKit/537.36 (KHTML, like Gecko) Chrome/67.0.3396.87 Mobile Safari/537.36"
66.249.81.190 - - [05/Jul/2018:02:47:59 +0200] "GET /favicon.ico HTTP/1.1" 404 1256 "http://www.frisoer-guergen.de/" "Mozilla/5.0 (Linux; Android 8.0.0; ALP-L29 Build/HUAWEIALP-L29S) AppleWebKit/537.36 (KHTML, like Gecko) Chrome/67.0.3396.87 Mobile Safari/537.36"
92.222.233.4 - - [05/Jul/2018:03:36:39 +0200] "GET / HTTP/1.1" 200 1225 "-" "Mozilla/5.0 (Macintosh; Intel Mac OS X 10.12; rv:52.0) Gecko/20100101 Firefox/52.0"
66.249.75.80 - - [05/Jul/2018:04:12:36 +0200] "GET /robots.txt HTTP/1.1" 404 1256 "-" "Mozilla/5.0 (compatible; Googlebot/2.1; +http://www.google.com/bot.html)"
66.249.75.84 - - [05/Jul/2018:04:12:37 +0200] "GET / HTTP/1.1" 200 1225 "-" "Mozilla/5.0 (compatible; Googlebot/2.1; +http://www.google.com/bot.html)"
2.247.248.42 - - [05/Jul/2018:08:47:12 +0200] "GET / HTTP/1.1" 200 1225 "-" "Mozilla/5.0 (Android 7.0; Mobile; rv:59.0) Gecko/59.0 Firefox/59.0"
2.247.248.42 - - [05/Jul/2018:08:47:12 +0200] "GET /picture/back.gif HTTP/1.1" 404 1256 "http://www.frisoer-guergen.de/" "Mozilla/5.0 (Android 7.0; Mobile; rv:59.0) Gecko/59.0 Firefox/59.0"
2.247.248.42 - - [05/Jul/2018:08:47:12 +0200] "GET /picture/frisoer-logo.jpg HTTP/1.1" 200 108839 "http://www.frisoer-guergen.de/" "Mozilla/5.0 (Android 7.0; Mobile; rv:59.0) Gecko/59.0 Firefox/59.0"
2.247.248.42 - - [05/Jul/2018:08:47:13 +0200] "GET /favicon.ico HTTP/1.1" 404 1256 "-" "Mozilla/5.0 (Android 7.0; Mobile; rv:59.0.2) Gecko/59.0.2 Firefox/59.0.2"
2.247.248.42 - - [05/Jul/2018:08:56:53 +0200] "GET /picture/back.gif HTTP/1.1" 404 1256 "http://www.frisoer-guergen.de/" "Mozilla/5.0 (Android 7.0; Mobile; rv:59.0) Gecko/59.0 Firefox/59.0"
2.247.248.42 - - [05/Jul/2018:08:56:53 +0200] "GET /favicon.ico HTTP/1.1" 404 1256 "-" "Mozilla/5.0 (Android 7.0; Mobile; rv:59.0.2) Gecko/59.0.2 Firefox/59.0.2"
66.249.75.80 - - [05/Jul/2018:10:14:12 +0200] "GET / HTTP/1.1" 200 1225 "-" "Mozilla/5.0 (compatible; Googlebot/2.1; +http://www.google.com/bot.html)"
91.192.15.69 - - [05/Jul/2018:10:20:11 +0200] "GET / HTTP/1.1" 200 1225 "https://www.google.de/" "Mozilla/5.0 (Windows NT 6.1; Win64; x64) AppleWebKit/537.36 (KHTML, like Gecko) Chrome/67.0.3396.99 Safari/537.36"
91.192.15.69 - - [05/Jul/2018:10:20:11 +0200] "GET /picture/frisoer-logo.jpg HTTP/1.1" 200 108839 "http://www.frisoer-guergen.de/" "Mozilla/5.0 (Windows NT 6.1; Win64; x64) AppleWebKit/537.36 (KHTML, like Gecko) Chrome/67.0.3396.99 Safari/537.36"
91.192.15.69 - - [05/Jul/2018:10:20:11 +0200] "GET /picture/back.gif HTTP/1.1" 404 1256 "http://www.frisoer-guergen.de/" "Mozilla/5.0 (Windows NT 6.1; Win64; x64) AppleWebKit/537.36 (KHTML, like Gecko) Chrome/67.0.3396.99 Safari/537.36"
91.192.15.69 - - [05/Jul/2018:10:20:11 +0200] "GET /favicon.ico HTTP/1.1" 404 1256 "http://www.frisoer-guergen.de/" "Mozilla/5.0 (Windows NT 6.1; Win64; x64) AppleWebKit/537.36 (KHTML, like Gecko) Chrome/67.0.3396.99 Safari/537.36"
91.192.15.69 - - [05/Jul/2018:10:22:08 +0200] "GET /picture/back.gif HTTP/1.1" 404 1256 "http://www.frisoer-guergen.de/" "Mozilla/5.0 (Windows NT 6.1; Win64; x64) AppleWebKit/537.36 (KHTML, like Gecko) Chrome/67.0.3396.99 Safari/537.36"
66.249.75.84 - - [05/Jul/2018:13:05:20 +0200] "GET / HTTP/1.1" 200 1225 "-" "Mozilla/5.0 (compatible; Googlebot/2.1; +http://www.google.com/bot.html)"
66.249.75.80 - - [05/Jul/2018:15:39:01 +0200] "GET / HTTP/1.1" 200 1225 "-" "Mozilla/5.0 (Linux; Android 6.0.1; Nexus 5X Build/MMB29P) AppleWebKit/537.36 (KHTML, like Gecko) Chrome/41.0.2272.96 Mobile Safari/537.36 (compatible; Googlebot/2.1; +http://www.google.com/bot.html)"
138.201.36.32 - - [05/Jul/2018:16:23:14 +0200] "GET / HTTP/1.1" 200 1225 "-" "Mozilla/5.0 (Windows; U; Windows NT 6.1; de; rv:1.9.2.12) Gecko/20101026 Firefox/3.6.12"
138.201.36.32 - - [05/Jul/2018:16:23:14 +0200] "GET / HTTP/1.1" 200 1225 "-" "Mozilla/5.0 (Windows; U; Windows NT 6.1; de; rv:1.9.2.12) Gecko/20101026 Firefox/3.6.12"
138.201.36.32 - - [05/Jul/2018:16:23:14 +0200] "GET /robots.txt HTTP/1.1" 404 1256 "-" "Mozilla/5.0 (Windows; U; Windows NT 6.1; de; rv:1.9.2.12) Gecko/20101026 Firefox/3.6.12"
138.201.36.32 - - [05/Jul/2018:16:23:14 +0200] "GET /sitemap.xml HTTP/1.1" 404 1256 "-" "Mozilla/5.0 (Windows; U; Windows NT 6.1; de; rv:1.9.2.12) Gecko/20101026 Firefox/3.6.12"
138.201.36.32 - - [05/Jul/2018:16:23:14 +0200] "GET /sitemap-index.xml HTTP/1.1" 404 1256 "-" "Mozilla/5.0 (Windows; U; Windows NT 6.1; de; rv:1.9.2.12) Gecko/20101026 Firefox/3.6.12"
138.201.36.32 - - [05/Jul/2018:16:23:14 +0200] "GET /sitemaps/sitemap.xml HTTP/1.1" 404 1256 "-" "Mozilla/5.0 (Windows; U; Windows NT 6.1; de; rv:1.9.2.12) Gecko/20101026 Firefox/3.6.12"
52.53.201.78 - - [06/Jul/2018:04:34:44 +0200] "GET / HTTP/1.1" 200 1225 "-" "Mozilla/5.0 (Macintosh; Intel Mac OS X 10_12_6) AppleWebKit/537.36 (KHTML, like Gecko) Chrome/61.0.3163.100 Safari/537.36"
180.76.15.17 - - [06/Jul/2018:05:11:40 +0200] "GET / HTTP/1.1" 200 1225 "-" "Mozilla/5.0 (compatible; Baiduspider/2.0; +http://www.baidu.com/search/spider.html)"
91.60.93.163 - - [06/Jul/2018:10:21:51 +0200] "GET / HTTP/1.1" 200 1225 "https://www.google.de/" "Mozilla/5.0 (Linux; Android 8.0.0; SM-G930F Build/R16NW) AppleWebKit/537.36 (KHTML, like Gecko) Chrome/67.0.3396.87 Mobile Safari/537.36"
91.60.93.163 - - [06/Jul/2018:10:21:51 +0200] "GET /picture/back.gif HTTP/1.1" 404 1256 "http://www.frisoer-guergen.de/" "Mozilla/5.0 (Linux; Android 8.0.0; SM-G930F Build/R16NW) AppleWebKit/537.36 (KHTML, like Gecko) Chrome/67.0.3396.87 Mobile Safari/537.36"
91.60.93.163 - - [06/Jul/2018:10:21:51 +0200] "GET /picture/frisoer-logo.jpg HTTP/1.1" 200 108839 "http://www.frisoer-guergen.de/" "Mozilla/5.0 (Linux; Android 8.0.0; SM-G930F Build/R16NW) AppleWebKit/537.36 (KHTML, like Gecko) Chrome/67.0.3396.87 Mobile Safari/537.36"
91.60.93.163 - - [06/Jul/2018:10:21:51 +0200] "GET /favicon.ico HTTP/1.1" 404 1256 "http://www.frisoer-guergen.de/" "Mozilla/5.0 (Linux; Android 8.0.0; SM-G930F Build/R16NW) AppleWebKit/537.36 (KHTML, like Gecko) Chrome/67.0.3396.87 Mobile Safari/537.36"
66.249.75.82 - - [06/Jul/2018:10:28:21 +0200] "GET /robots.txt HTTP/1.1" 404 1256 "-" "Mozilla/5.0 (compatible; Googlebot/2.1; +http://www.google.com/bot.html)"
66.249.75.82 - - [06/Jul/2018:10:28:21 +0200] "GET / HTTP/1.1" 200 1225 "-" "Mozilla/5.0 (compatible; Googlebot/2.1; +http://www.google.com/bot.html)"
66.249.75.84 - - [06/Jul/2018:10:28:22 +0200] "GET / HTTP/1.1" 200 1225 "-" "Mozilla/5.0 (compatible; Googlebot/2.1; +http://www.google.com/bot.html)"
185.109.109.4 - - [06/Jul/2018:11:20:58 +0200] "GET / HTTP/1.1" 200 1225 "http://www.google.de/url?sa=t&rct=j&q=&esrc=s&source=web&cd=2&ved=0ahUKEwj7hO7hkYrcAhWrs1kKHSrRC1wQgU8IQzAB&url=http%3A%2F%2Fwww.frisoer-guergen.de%2F&usg=AOvVaw0adbS4thYfX-HJRenxeDrL" "Mozilla/5.0 (Windows NT 6.1; WOW64; Trident/7.0; rv:11.0) like Gecko"
185.109.109.4 - - [06/Jul/2018:11:20:59 +0200] "GET /picture/back.gif HTTP/1.1" 404 1256 "http://www.frisoer-guergen.de/" "Mozilla/5.0 (Windows NT 6.1; WOW64; Trident/7.0; rv:11.0) like Gecko"
185.109.109.4 - - [06/Jul/2018:11:20:59 +0200] "GET /picture/frisoer-logo.jpg HTTP/1.1" 200 108839 "http://www.frisoer-guergen.de/" "Mozilla/5.0 (Windows NT 6.1; WOW64; Trident/7.0; rv:11.0) like Gecko"
185.109.109.4 - - [06/Jul/2018:11:20:59 +0200] "GET /picture/back.gif HTTP/1.1" 404 1256 "http://www.frisoer-guergen.de/" "Mozilla/5.0 (Windows NT 6.1; WOW64; Trident/7.0; rv:11.0) like Gecko"
185.109.109.4 - - [06/Jul/2018:11:20:59 +0200] "GET /favicon.ico HTTP/1.1" 404 1256 "-" "Mozilla/5.0 (Windows NT 6.1; WOW64; Trident/7.0; rv:11.0) like Gecko"
79.236.155.218 - - [06/Jul/2018:11:32:31 +0200] "GET / HTTP/1.1" 200 1225 "https://www.google.com/" "Mozilla/5.0 (Windows NT 6.1; Win64; x64; rv:61.0) Gecko/20100101 Firefox/61.0"
79.236.155.218 - - [06/Jul/2018:11:32:31 +0200] "GET /picture/back.gif HTTP/1.1" 404 1256 "http://www.frisoer-guergen.de/" "Mozilla/5.0 (Windows NT 6.1; Win64; x64; rv:61.0) Gecko/20100101 Firefox/61.0"
79.236.155.218 - - [06/Jul/2018:11:32:31 +0200] "GET /picture/back.gif HTTP/1.1" 404 1256 "http://www.frisoer-guergen.de/" "Mozilla/5.0 (Windows NT 6.1; Win64; x64; rv:61.0) Gecko/20100101 Firefox/61.0"
79.236.155.218 - - [06/Jul/2018:11:32:31 +0200] "GET /picture/frisoer-logo.jpg HTTP/1.1" 200 108839 "http://www.frisoer-guergen.de/" "Mozilla/5.0 (Windows NT 6.1; Win64; x64; rv:61.0) Gecko/20100101 Firefox/61.0"
79.236.155.218 - - [06/Jul/2018:11:32:32 +0200] "GET /favicon.ico HTTP/1.1" 404 1256 "-" "Mozilla/5.0 (Windows NT 6.1; Win64; x64; rv:61.0) Gecko/20100101 Firefox/61.0"
66.249.75.84 - - [06/Jul/2018:13:05:20 +0200] "GET / HTTP/1.1" 200 1225 "-" "Mozilla/5.0 (Linux; Android 6.0.1; Nexus 5X Build/MMB29P) AppleWebKit/537.36 (KHTML, like Gecko) Chrome/41.0.2272.96 Mobile Safari/537.36 (compatible; Googlebot/2.1; +http://www.google.com/bot.html)"
180.76.15.153 - - [06/Jul/2018:17:57:33 +0200] "GET / HTTP/1.1" 200 1225 "-" "Mozilla/5.0 (compatible; Baiduspider/2.0; +http://www.baidu.com/search/spider.html)"
84.139.127.236 - - [06/Jul/2018:18:26:36 +0200] "GET / HTTP/1.1" 200 1225 "http://www.google.com/" "Mozilla/5.0 (Linux; Android 8.0.0; SM-A520F Build/R16NW) AppleWebKit/537.36 (KHTML, like Gecko) Chrome/67.0.3396.87 Mobile Safari/537.36"
84.139.127.236 - - [06/Jul/2018:18:26:36 +0200] "GET /picture/back.gif HTTP/1.1" 404 1256 "http://www.frisoer-guergen.de/" "Mozilla/5.0 (Linux; Android 8.0.0; SM-A520F Build/R16NW) AppleWebKit/537.36 (KHTML, like Gecko) Chrome/67.0.3396.87 Mobile Safari/537.36"
84.139.127.236 - - [06/Jul/2018:18:26:36 +0200] "GET /picture/frisoer-logo.jpg HTTP/1.1" 200 108839 "http://www.frisoer-guergen.de/" "Mozilla/5.0 (Linux; Android 8.0.0; SM-A520F Build/R16NW) AppleWebKit/537.36 (KHTML, like Gecko) Chrome/67.0.3396.87 Mobile Safari/537.36"
84.139.127.236 - - [06/Jul/2018:18:26:36 +0200] "GET /favicon.ico HTTP/1.1" 404 1256 "http://www.frisoer-guergen.de/" "Mozilla/5.0 (Linux; Android 8.0.0; SM-A520F Build/R16NW) AppleWebKit/537.36 (KHTML, like Gecko) Chrome/67.0.3396.87 Mobile Safari/537.36"
61.154.29.85 - - [06/Jul/2018:21:04:11 +0200] "HEAD /sq52zr.php HTTP/1.1" 404 - "-" "-"
66.249.75.84 - - [06/Jul/2018:22:31:26 +0200] "GET /robots.txt HTTP/1.1" 404 1256 "-" "Mozilla/5.0 (compatible; Googlebot/2.1; +http://www.google.com/bot.html)"
66.249.75.82 - - [06/Jul/2018:22:31:26 +0200] "GET / HTTP/1.1" 200 1225 "-" "Mozilla/5.0 (compatible; Googlebot/2.1; +http://www.google.com/bot.html)"
66.249.75.80 - - [06/Jul/2018:22:59:35 +0200] "GET /favicon.ico HTTP/1.1" 404 1256 "-" "Googlebot-Image/1.0"
37.49.227.159 - - [06/Jul/2018:23:08:38 +0200] "GET / HTTP/1.1" 200 1225 "-" "-"
66.249.75.80 - - [06/Jul/2018:23:52:55 +0200] "GET /favicon.ico HTTP/1.1" 404 1256 "-" "Googlebot-Image/1.0"
66.249.75.80 - - [07/Jul/2018:08:21:57 +0200] "GET / HTTP/1.1" 200 1225 "-" "Mozilla/5.0 (Linux; Android 6.0.1; Nexus 5X Build/MMB29P) AppleWebKit/537.36 (KHTML, like Gecko) Chrome/41.0.2272.96 Mobile Safari/537.36 (compatible; Googlebot/2.1; +http://www.google.com/bot.html)"
194.173.174.106 - - [08/Jul/2018:02:21:21 +0200] "HEAD / HTTP/1.1" 200 - "-" "Mozilla/5.0 (Windows NT 6.3; WOW64) AppleWebKit/537.36 (KHTML, like Gecko) Chrome/43.0.2357.134 Safari/537.36"
54.201.230.58 - - [08/Jul/2018:02:22:17 +0200] "GET / HTTP/1.1" 200 1225 "-" "Mozilla/4.0 (compatible; MSIE 8.0; Windows NT 5.1; Trident/4.0)"
157.55.39.18 - - [08/Jul/2018:08:25:54 +0200] "GET /robots.txt HTTP/1.1" 404 1256 "-" "Mozilla/5.0 (compatible; bingbot/2.0; +http://www.bing.com/bingbot.htm)"
40.77.167.79 - - [08/Jul/2018:08:25:57 +0200] "GET / HTTP/1.1" 200 1225 "-" "Mozilla/5.0 (iPhone; CPU iPhone OS 7_0 like Mac OS X) AppleWebKit/537.51.1 (KHTML, like Gecko) Version/7.0 Mobile/11A465 Safari/9537.53 (compatible; bingbot/2.0; +http://www.bing.com/bingbot.htm)"
40.77.179.145 - - [08/Jul/2018:08:25:58 +0200] "GET /picture/back.gif HTTP/1.1" 404 1256 "http://www.frisoer-guergen.de/" "Mozilla/5.0 (iPhone; CPU iPhone OS 7_0 like Mac OS X) AppleWebKit/537.51.1 (KHTML, like Gecko) Version/7.0 Mobile/11A465 Safari/9537.53 BingPreview/1.0b"
40.77.179.145 - - [08/Jul/2018:08:25:58 +0200] "GET /picture/frisoer-logo.jpg HTTP/1.1" 200 108839 "http://www.frisoer-guergen.de/" "Mozilla/5.0 (iPhone; CPU iPhone OS 7_0 like Mac OS X) AppleWebKit/537.51.1 (KHTML, like Gecko) Version/7.0 Mobile/11A465 Safari/9537.53 BingPreview/1.0b"
207.46.13.85 - - [08/Jul/2018:08:26:04 +0200] "GET /robots.txt HTTP/1.1" 404 1256 "-" "Mozilla/5.0 (compatible; bingbot/2.0; +http://www.bing.com/bingbot.htm)"
77.179.155.188 - - [08/Jul/2018:23:11:38 +0200] "GET / HTTP/1.1" 200 1225 "http://www.google.com/" "Mozilla/5.0 (Linux; Android 8.0.0; VTR-L09 Build/HUAWEIVTR-L09) AppleWebKit/537.36 (KHTML, like Gecko) Chrome/67.0.3396.87 Mobile Safari/537.36"
77.179.155.188 - - [08/Jul/2018:23:11:38 +0200] "GET /picture/back.gif HTTP/1.1" 404 1256 "http://www.frisoer-guergen.de/" "Mozilla/5.0 (Linux; Android 8.0.0; VTR-L09 Build/HUAWEIVTR-L09) AppleWebKit/537.36 (KHTML, like Gecko) Chrome/67.0.3396.87 Mobile Safari/537.36"
77.179.155.188 - - [08/Jul/2018:23:11:38 +0200] "GET /picture/frisoer-logo.jpg HTTP/1.1" 200 108839 "http://www.frisoer-guergen.de/" "Mozilla/5.0 (Linux; Android 8.0.0; VTR-L09 Build/HUAWEIVTR-L09) AppleWebKit/537.36 (KHTML, like Gecko) Chrome/67.0.3396.87 Mobile Safari/537.36"
77.179.155.188 - - [08/Jul/2018:23:11:38 +0200] "GET /favicon.ico HTTP/1.1" 404 1256 "http://www.frisoer-guergen.de/" "Mozilla/5.0 (Linux; Android 8.0.0; VTR-L09 Build/HUAWEIVTR-L09) AppleWebKit/537.36 (KHTML, like Gecko) Chrome/67.0.3396.87 Mobile Safari/537.36"
66.249.75.80 - - [09/Jul/2018:02:39:19 +0200] "GET /robots.txt HTTP/1.1" 404 1256 "-" "Mozilla/5.0 (compatible; Googlebot/2.1; +http://www.google.com/bot.html)"
66.249.75.84 - - [09/Jul/2018:02:39:20 +0200] "GET / HTTP/1.1" 200 1225 "-" "Mozilla/5.0 (compatible; Googlebot/2.1; +http://www.google.com/bot.html)"
87.250.244.7 - - [09/Jul/2018:04:02:43 +0200] "GET /robots.txt HTTP/1.1" 404 1256 "-" "Mozilla/5.0 (compatible; YandexBot/3.0; +http://yandex.com/bots)"
5.255.253.26 - - [09/Jul/2018:04:02:47 +0200] "GET / HTTP/1.1" 200 1225 "-" "Mozilla/5.0 (iPhone; CPU iPhone OS 8_1 like Mac OS X) AppleWebKit/600.1.4 (KHTML, like Gecko) Version/8.0 Mobile/12B411 Safari/600.1.4 (compatible; YandexMobileBot/3.0; +http://yandex.com/bots)"
95.91.242.215 - - [09/Jul/2018:08:50:36 +0200] "GET / HTTP/1.1" 200 1225 "android-app://com.google.android.googlequicksearchbox" "Mozilla/5.0 (Linux; Android 6.0; 5046D Build/MRA58K) AppleWebKit/537.36 (KHTML, like Gecko) Chrome/67.0.3396.87 Mobile Safari/537.36"
95.91.242.215 - - [09/Jul/2018:08:50:36 +0200] "GET /picture/back.gif HTTP/1.1" 404 1256 "http://www.frisoer-guergen.de/" "Mozilla/5.0 (Linux; Android 6.0; 5046D Build/MRA58K) AppleWebKit/537.36 (KHTML, like Gecko) Chrome/67.0.3396.87 Mobile Safari/537.36"
95.91.242.215 - - [09/Jul/2018:08:50:36 +0200] "GET /picture/frisoer-logo.jpg HTTP/1.1" 200 108839 "http://www.frisoer-guergen.de/" "Mozilla/5.0 (Linux; Android 6.0; 5046D Build/MRA58K) AppleWebKit/537.36 (KHTML, like Gecko) Chrome/67.0.3396.87 Mobile Safari/537.36"
95.91.242.215 - - [09/Jul/2018:08:50:37 +0200] "GET /favicon.ico HTTP/1.1" 404 1256 "http://www.frisoer-guergen.de/" "Mozilla/5.0 (Linux; Android 6.0; 5046D Build/MRA58K) AppleWebKit/537.36 (KHTML, like Gecko) Chrome/67.0.3396.87 Mobile Safari/537.36"
95.91.242.215 - - [09/Jul/2018:08:50:41 +0200] "GET / HTTP/1.1" 304 - "android-app://com.google.android.googlequicksearchbox" "Mozilla/5.0 (Linux; Android 6.0; 5046D Build/MRA58K) AppleWebKit/537.36 (KHTML, like Gecko) Chrome/67.0.3396.87 Mobile Safari/537.36"
95.91.242.215 - - [09/Jul/2018:08:50:41 +0200] "GET /picture/back.gif HTTP/1.1" 404 1256 "http://www.frisoer-guergen.de/" "Mozilla/5.0 (Linux; Android 6.0; 5046D Build/MRA58K) AppleWebKit/537.36 (KHTML, like Gecko) Chrome/67.0.3396.87 Mobile Safari/537.36"
109.41.0.6 - - [09/Jul/2018:09:57:12 +0200] "GET / HTTP/1.1" 200 1225 "https://www.google.com/" "Mozilla/5.0 (Linux; Android 7.0; SAMSUNG SM-G920F Build/NRD90M) AppleWebKit/537.36 (KHTML, like Gecko) SamsungBrowser/7.2 Chrome/59.0.3071.125 Mobile Safari/537.36"
109.41.0.6 - - [09/Jul/2018:09:57:12 +0200] "GET /picture/back.gif HTTP/1.1" 404 1256 "http://www.frisoer-guergen.de/" "Mozilla/5.0 (Linux; Android 7.0; SAMSUNG SM-G920F Build/NRD90M) AppleWebKit/537.36 (KHTML, like Gecko) SamsungBrowser/7.2 Chrome/59.0.3071.125 Mobile Safari/537.36"
109.41.0.6 - - [09/Jul/2018:09:57:12 +0200] "GET /picture/back.gif HTTP/1.1" 404 1256 "http://www.frisoer-guergen.de/" "Mozilla/5.0 (Linux; Android 7.0; SAMSUNG SM-G920F Build/NRD90M) AppleWebKit/537.36 (KHTML, like Gecko) SamsungBrowser/7.2 Chrome/59.0.3071.125 Mobile Safari/537.36"
109.41.0.6 - - [09/Jul/2018:09:57:12 +0200] "GET /picture/frisoer-logo.jpg HTTP/1.1" 200 108839 "http://www.frisoer-guergen.de/" "Mozilla/5.0 (Linux; Android 7.0; SAMSUNG SM-G920F Build/NRD90M) AppleWebKit/537.36 (KHTML, like Gecko) SamsungBrowser/7.2 Chrome/59.0.3071.125 Mobile Safari/537.36"
109.41.0.6 - - [09/Jul/2018:09:57:12 +0200] "GET /favicon.ico HTTP/1.1" 404 1256 "http://www.frisoer-guergen.de/" "Mozilla/5.0 (Linux; Android 7.0; SAMSUNG SM-G920F Build/NRD90M) AppleWebKit/537.36 (KHTML, like Gecko) SamsungBrowser/7.2 Chrome/59.0.3071.125 Mobile Safari/537.36"
95.216.157.227 - - [09/Jul/2018:11:58:56 +0200] "GET / HTTP/1.1" 200 1225 "-" "Mozilla/5.0 (compatible; 007ac9 Crawler; http://crawler.007ac9.net/)"
95.216.157.227 - - [09/Jul/2018:11:58:56 +0200] "GET /robots.txt HTTP/1.1" 404 1256 "-" "Mozilla/5.0 (compatible; 007ac9 Crawler; http://crawler.007ac9.net/)"
95.216.157.227 - - [09/Jul/2018:11:58:56 +0200] "GET / HTTP/1.1" 200 1225 "-" "Mozilla/5.0 (compatible; 007ac9 Crawler; http://crawler.007ac9.net/)"
194.25.33.188 - - [09/Jul/2018:13:56:45 +0200] "GET / HTTP/1.1" 200 1225 "http://www.google.de/url?sa=t&rct=j&q=&esrc=s&source=web&cd=2&ved=0ahUKEwiZ0tWG-pHcAhXKF5oKHdX7B3cQgU8IQzAB&url=http%3A%2F%2Fwww.frisoer-guergen.de%2F&usg=AOvVaw0adbS4thYfX-HJRenxeDrL" "Mozilla/5.0 (Windows NT 6.1; WOW64; Trident/7.0; rv:11.0) like Gecko"
194.25.33.188 - - [09/Jul/2018:13:56:45 +0200] "GET /picture/back.gif HTTP/1.1" 404 1256 "http://www.frisoer-guergen.de/" "Mozilla/5.0 (Windows NT 6.1; WOW64; Trident/7.0; rv:11.0) like Gecko"
194.25.33.188 - - [09/Jul/2018:13:56:45 +0200] "GET /picture/back.gif HTTP/1.1" 404 1256 "http://www.frisoer-guergen.de/" "Mozilla/5.0 (Windows NT 6.1; WOW64; Trident/7.0; rv:11.0) like Gecko"
194.25.33.188 - - [09/Jul/2018:13:56:45 +0200] "GET /picture/frisoer-logo.jpg HTTP/1.1" 200 108839 "http://www.frisoer-guergen.de/" "Mozilla/5.0 (Windows NT 6.1; WOW64; Trident/7.0; rv:11.0) like Gecko"
194.25.33.188 - - [09/Jul/2018:13:56:45 +0200] "GET /favicon.ico HTTP/1.1" 404 1256 "-" "Mozilla/5.0 (Windows NT 6.1; WOW64; Trident/7.0; rv:11.0) like Gecko"
141.8.141.131 - - [09/Jul/2018:16:34:57 +0200] "GET /robots.txt HTTP/1.1" 404 1256 "-" "Mozilla/5.0 (compatible; YandexBot/3.0; +http://yandex.com/bots)"
141.8.141.131 - - [09/Jul/2018:16:35:01 +0200] "GET /favicon.ico HTTP/1.1" 404 1256 "-" "Mozilla/5.0 (compatible; YandexBot/3.0; +http://yandex.com/bots)"
95.90.240.231 - - [09/Jul/2018:18:29:17 +0200] "GET / HTTP/1.1" 200 1225 "https://www.google.de/" "Mozilla/5.0 (Macintosh; Intel Mac OS X 10_11_4) AppleWebKit/537.36 (KHTML, like Gecko) Chrome/67.0.3396.87 Safari/537.36"
