95.90.240.231 - - [09/Jul/2018:18:29:17 +0200] "GET /picture/back.gif HTTP/1.1" 404 1256 "http://www.frisoer-guergen.de/" "Mozilla/5.0 (Macintosh; Intel Mac OS X 10_11_4) AppleWebKit/537.36 (KHTML, like Gecko) Chrome/67.0.3396.87 Safari/537.36"
95.90.240.231 - - [09/Jul/2018:18:29:17 +0200] "GET /picture/frisoer-logo.jpg HTTP/1.1" 200 108839 "http://www.frisoer-guergen.de/" "Mozilla/5.0 (Macintosh; Intel Mac OS X 10_11_4) AppleWebKit/537.36 (KHTML, like Gecko) Chrome/67.0.3396.87 Safari/537.36"
95.90.240.231 - - [09/Jul/2018:18:29:17 +0200] "GET /favicon.ico HTTP/1.1" 404 1256 "http://www.frisoer-guergen.de/" "Mozilla/5.0 (Macintosh; Intel Mac OS X 10_11_4) AppleWebKit/537.36 (KHTML, like Gecko) Chrome/67.0.3396.87 Safari/537.36"
95.90.240.231 - - [09/Jul/2018:18:29:32 +0200] "GET /picture/back.gif HTTP/1.1" 404 1256 "http://www.frisoer-guergen.de/" "Mozilla/5.0 (Macintosh; Intel Mac OS X 10_11_4) AppleWebKit/537.36 (KHTML, like Gecko) Chrome/67.0.3396.87 Safari/537.36"
141.8.141.131 - - [09/Jul/2018:23:12:48 +0200] "GET /robots.txt HTTP/1.1" 404 1256 "-" "Mozilla/5.0 (compatible; YandexBot/3.0; +http://yandex.com/bots)"
141.8.141.131 - - [09/Jul/2018:23:12:52 +0200] "GET /favicon.ico HTTP/1.1" 404 1256 "-" "Mozilla/5.0 (compatible; YandexBot/3.0; +http://yandex.com/bots)"
207.46.13.0 - - [10/Jul/2018:01:58:04 +0200] "GET / HTTP/1.1" 200 1225 "-" "Mozilla/5.0 (iPhone; CPU iPhone OS 7_0 like Mac OS X) AppleWebKit/537.51.1 (KHTML, like Gecko) Version/7.0 Mobile/11A465 Safari/9537.53 (compatible; bingbot/2.0; +http://www.bing.com/bingbot.htm)"
40.77.190.128 - - [10/Jul/2018:01:58:05 +0200] "GET /picture/frisoer-logo.jpg HTTP/1.1" 200 108839 "-" "Mozilla/5.0 (iPhone; CPU iPhone OS 7_0 like Mac OS X) AppleWebKit/537.51.1 (KHTML, like Gecko) Version/7.0 Mobile/11A465 Safari/9537.53 BingPreview/1.0b"
40.77.190.220 - - [10/Jul/2018:01:58:06 +0200] "GET /picture/back.gif HTTP/1.1" 404 1256 "-" "Mozilla/5.0 (iPhone; CPU iPhone OS 7_0 like Mac OS X) AppleWebKit/537.51.1 (KHTML, like Gecko) Version/7.0 Mobile/11A465 Safari/9537.53 BingPreview/1.0b"
157.55.39.96 - - [10/Jul/2018:01:58:09 +0200] "GET /robots.txt HTTP/1.1" 404 1256 "-" "Mozilla/5.0 (compatible; bingbot/2.0; +http://www.bing.com/bingbot.htm)"
157.55.39.96 - - [10/Jul/2018:01:58:09 +0200] "GET /robots.txt HTTP/1.1" 404 1256 "-" "Mozilla/5.0 (compatible; bingbot/2.0; +http://www.bing.com/bingbot.htm)"
157.55.39.96 - - [10/Jul/2018:01:58:09 +0200] "GET /robots.txt HTTP/1.1" 404 1256 "-" "Mozilla/5.0 (compatible; bingbot/2.0; +http://www.bing.com/bingbot.htm)"
180.76.15.5 - - [10/Jul/2018:05:07:40 +0200] "GET / HTTP/1.1" 200 1225 "-" "Mozilla/5.0 (compatible; Baiduspider/2.0; +http://www.baidu.com/search/spider.html)"
95.90.241.128 - - [10/Jul/2018:08:44:01 +0200] "GET / HTTP/1.1" 200 1225 "-" "Mozilla/5.0 (iPhone; CPU iPhone OS 11_4 like Mac OS X) AppleWebKit/605.1.15 (KHTML, like Gecko) Version/11.0 Mobile/15E148 Safari/604.1"
95.90.241.128 - - [10/Jul/2018:08:44:02 +0200] "GET /picture/back.gif HTTP/1.1" 404 1256 "http://www.frisoer-guergen.de/" "Mozilla/5.0 (iPhone; CPU iPhone OS 11_4 like Mac OS X) AppleWebKit/605.1.15 (KHTML, like Gecko) Version/11.0 Mobile/15E148 Safari/604.1"
95.90.241.128 - - [10/Jul/2018:08:44:01 +0200] "GET /picture/frisoer-logo.jpg HTTP/1.1" 200 108839 "http://www.frisoer-guergen.de/" "Mozilla/5.0 (iPhone; CPU iPhone OS 11_4 like Mac OS X) AppleWebKit/605.1.15 (KHTML, like Gecko) Version/11.0 Mobile/15E148 Safari/604.1"
141.8.141.134 - - [10/Jul/2018:10:08:55 +0200] "GET /robots.txt HTTP/1.1" 404 1256 "-" "Mozilla/5.0 (compatible; YandexBot/3.0; +http://yandex.com/bots)"
141.8.141.134 - - [10/Jul/2018:10:08:59 +0200] "GET / HTTP/1.1" 200 1225 "-" "Mozilla/5.0 (compatible; YandexBot/3.0; +http://yandex.com/bots)"
87.142.114.98 - - [10/Jul/2018:18:46:19 +0200] "GET / HTTP/1.1" 200 1225 "-" "Mozilla/5.0 (Windows NT 6.1; Win64; x64; rv:60.0) Gecko/20100101 Firefox/60.0"
87.142.114.98 - - [10/Jul/2018:18:46:19 +0200] "GET /picture/back.gif HTTP/1.1" 404 1256 "http://www.frisoer-guergen.de/" "Mozilla/5.0 (Windows NT 6.1; Win64; x64; rv:60.0) Gecko/20100101 Firefox/60.0"
87.142.114.98 - - [10/Jul/2018:18:46:20 +0200] "GET /picture/back.gif HTTP/1.1" 404 1256 "http://www.frisoer-guergen.de/" "Mozilla/5.0 (Windows NT 6.1; Win64; x64; rv:60.0) Gecko/20100101 Firefox/60.0"
87.142.114.98 - - [10/Jul/2018:18:46:19 +0200] "GET /picture/frisoer-logo.jpg HTTP/1.1" 200 108839 "http://www.frisoer-guergen.de/" "Mozilla/5.0 (Windows NT 6.1; Win64; x64; rv:60.0) Gecko/20100101 Firefox/60.0"
188.102.159.224 - - [10/Jul/2018:20:56:36 +0200] "GET / HTTP/1.1" 200 1225 "https://www.google.de/" "Mozilla/5.0 (iPhone; CPU iPhone OS 11_2_2 like Mac OS X) AppleWebKit/604.4.7 (KHTML, like Gecko) Version/11.0 Mobile/15C202 Safari/604.1"
188.102.159.224 - - [10/Jul/2018:20:56:36 +0200] "GET /picture/back.gif HTTP/1.1" 404 1256 "http://www.frisoer-guergen.de/" "Mozilla/5.0 (iPhone; CPU iPhone OS 11_2_2 like Mac OS X) AppleWebKit/604.4.7 (KHTML, like Gecko) Version/11.0 Mobile/15C202 Safari/604.1"
188.102.159.224 - - [10/Jul/2018:20:56:36 +0200] "GET /picture/frisoer-logo.jpg HTTP/1.1" 200 108839 "http://www.frisoer-guergen.de/" "Mozilla/5.0 (iPhone; CPU iPhone OS 11_2_2 like Mac OS X) AppleWebKit/604.4.7 (KHTML, like Gecko) Version/11.0 Mobile/15C202 Safari/604.1"
5.9.145.132 - - [10/Jul/2018:22:22:58 +0200] "GET / HTTP/1.1" 200 1225 "-" "Mozilla/5.0 (X11; Linux x86_64) AppleWebKit/537.36 (KHTML, like Gecko) Chrome/64.0.3282.140 Safari/537.36"
66.249.75.80 - - [11/Jul/2018:03:31:08 +0200] "GET /robots.txt HTTP/1.1" 404 1256 "-" "Mozilla/5.0 (compatible; Googlebot/2.1; +http://www.google.com/bot.html)"
66.249.75.84 - - [11/Jul/2018:03:31:08 +0200] "GET / HTTP/1.1" 200 1225 "-" "Mozilla/5.0 (Linux; Android 6.0.1; Nexus 5X Build/MMB29P) AppleWebKit/537.36 (KHTML, like Gecko) Chrome/41.0.2272.96 Mobile Safari/537.36 (compatible; Googlebot/2.1; +http://www.google.com/bot.html)"
52.53.201.78 - - [11/Jul/2018:05:13:56 +0200] "GET / HTTP/1.1" 200 1225 "-" "Mozilla/5.0 (Macintosh; Intel Mac OS X 10_12_6) AppleWebKit/537.36 (KHTML, like Gecko) Chrome/61.0.3163.100 Safari/537.36"
54.36.150.106 - - [11/Jul/2018:10:10:49 +0200] "GET /robots.txt HTTP/1.1" 404 1256 "-" "Mozilla/5.0 (compatible; AhrefsBot/5.2; +http://ahrefs.com/robot/)"
54.36.149.65 - - [11/Jul/2018:10:10:50 +0200] "GET / HTTP/1.1" 200 1225 "-" "Mozilla/5.0 (compatible; AhrefsBot/5.2; +http://ahrefs.com/robot/)"
82.80.249.214 - - [11/Jul/2018:13:45:51 +0200] "GET / HTTP/1.1" 200 1225 "-" "Mozilla/5.0 (Windows NT 6.3; WOW64; Trident/7.0; Touch; rv:11.0) like Gecko"
82.80.249.156 - - [11/Jul/2018:13:45:58 +0200] "GET / HTTP/1.1" 200 1225 "-" "Mozilla/5.0 (Windows NT 6.3; WOW64; Trident/7.0; Touch; rv:11.0) like Gecko"
90.187.89.145 - - [11/Jul/2018:13:46:39 +0200] "GET / HTTP/1.1" 200 1225 "https://www.google.de/" "Mozilla/5.0 (iPhone; CPU iPhone OS 11_4 like Mac OS X) AppleWebKit/605.1.15 (KHTML, like Gecko) Version/11.0 Mobile/15E148 Safari/604.1"
90.187.89.145 - - [11/Jul/2018:13:46:39 +0200] "GET /picture/back.gif HTTP/1.1" 404 1256 "http://www.frisoer-guergen.de/" "Mozilla/5.0 (iPhone; CPU iPhone OS 11_4 like Mac OS X) AppleWebKit/605.1.15 (KHTML, like Gecko) Version/11.0 Mobile/15E148 Safari/604.1"
90.187.89.145 - - [11/Jul/2018:13:46:39 +0200] "GET /picture/frisoer-logo.jpg HTTP/1.1" 200 108839 "http://www.frisoer-guergen.de/" "Mozilla/5.0 (iPhone; CPU iPhone OS 11_4 like Mac OS X) AppleWebKit/605.1.15 (KHTML, like Gecko) Version/11.0 Mobile/15E148 Safari/604.1"
82.80.230.228 - - [11/Jul/2018:13:52:08 +0200] "GET /picture/back.gif HTTP/1.1" 404 1256 "-" "Mozilla/5.0 (Macintosh; Intel Mac OS X 10_7_5) AppleWebKit/537.71 (KHTML, like Gecko) Version/6.1 Safari/537.71"
82.80.249.143 - - [11/Jul/2018:13:52:08 +0200] "GET /picture/frisoer-logo.jpg HTTP/1.1" 200 108839 "-" "Mozilla/5.0 (X11; Ubuntu; Linux x86_64; rv:25.0) Gecko/20100101 Firefox/25.0"
79.255.176.23 - - [11/Jul/2018:14:31:26 +0200] "GET / HTTP/1.1" 200 1225 "https://www.google.de/" "Mozilla/5.0 (Windows NT 6.1) AppleWebKit/537.36 (KHTML, like Gecko) Chrome/67.0.3396.99 Safari/537.36"
79.255.176.23 - - [11/Jul/2018:14:31:27 +0200] "GET /picture/frisoer-logo.jpg HTTP/1.1" 200 108839 "http://www.frisoer-guergen.de/" "Mozilla/5.0 (Windows NT 6.1) AppleWebKit/537.36 (KHTML, like Gecko) Chrome/67.0.3396.99 Safari/537.36"
37.120.174.39 - - [11/Jul/2018:17:07:17 +0200] "GET /robots.txt HTTP/1.1" 404 1256 "-" "Mozilla/4.0 (compatible; MSIE 6.0; Windows NT 5.1; SV1; .NET CLR 1.1.4322)"
37.120.174.39 - - [11/Jul/2018:17:07:18 +0200] "GET / HTTP/1.1" 200 1225 "-" "Mozilla/4.0 (compatible; MSIE 6.0; Windows NT 5.1; SV1; .NET CLR 1.1.4322)"
66.249.75.82 - - [11/Jul/2018:20:13:04 +0200] "GET /robots.txt HTTP/1.1" 404 1256 "-" "Mozilla/5.0 (compatible; Googlebot/2.1; +http://www.google.com/bot.html)"
66.249.75.82 - - [11/Jul/2018:20:13:04 +0200] "GET / HTTP/1.1" 200 1225 "-" "Mozilla/5.0 (compatible; Googlebot/2.1; +http://www.google.com/bot.html)"
180.76.15.157 - - [12/Jul/2018:03:10:53 +0200] "GET /robots.txt HTTP/1.1" 404 1256 "-" "Mozilla/5.0 (Windows NT 5.1; rv:6.0.2) Gecko/20100101 Firefox/6.0.2"
180.76.15.25 - - [12/Jul/2018:03:10:54 +0200] "GET /robots.txt HTTP/1.1" 404 1256 "-" "Mozilla/5.0 (Windows NT 5.1; rv:6.0.2) Gecko/20100101 Firefox/6.0.2"
180.76.15.138 - - [12/Jul/2018:03:13:59 +0200] "GET / HTTP/1.1" 200 1225 "-" "Mozilla/5.0 (compatible; Baiduspider/2.0; +http://www.baidu.com/search/spider.html)"
212.87.32.182 - - [12/Jul/2018:08:06:03 +0200] "GET / HTTP/1.1" 200 1225 "http://www.google.de/url?sa=t&rct=j&q=&esrc=s&source=web&cd=4&ved=0ahUKEwjIoYKO8ZjcAhUHL1AKHXKlDZwQFghqMAM&url=http%3A%2F%2Fwww.frisoer-guergen.de%2F&usg=AOvVaw0adbS4thYfX-HJRenxeDrL" "Mozilla/5.0 (Windows NT 10.0; WOW64; Trident/7.0; rv:11.0) like Gecko"
212.87.32.182 - - [12/Jul/2018:08:06:03 +0200] "GET /picture/back.gif HTTP/1.1" 404 1256 "http://www.frisoer-guergen.de/" "Mozilla/5.0 (Windows NT 10.0; WOW64; Trident/7.0; rv:11.0) like Gecko"
212.87.32.182 - - [12/Jul/2018:08:06:03 +0200] "GET /picture/back.gif HTTP/1.1" 404 1256 "http://www.frisoer-guergen.de/" "Mozilla/5.0 (Windows NT 10.0; WOW64; Trident/7.0; rv:11.0) like Gecko"
212.87.32.182 - - [12/Jul/2018:08:06:03 +0200] "GET /picture/frisoer-logo.jpg HTTP/1.1" 200 108839 "http://www.frisoer-guergen.de/" "Mozilla/5.0 (Windows NT 10.0; WOW64; Trident/7.0; rv:11.0) like Gecko"
212.87.32.182 - - [12/Jul/2018:08:06:03 +0200] "GET /favicon.ico HTTP/1.1" 404 1256 "-" "Mozilla/5.0 (Windows NT 10.0; Win64; x64; Trident/7.0; rv:11.0) like Gecko"
217.172.186.19 - - [12/Jul/2018:11:15:04 +0200] "GET / HTTP/1.1" 200 1225 "http://www.frisoer-guergen.de/" "Mozilla/5.0 (Windows; U; Windows NT 6.1; en-US) AppleWebKit/533.4 (KHTML, like Gecko) Chrome/5.0.375.125 Safari/533.4"
217.172.186.19 - - [12/Jul/2018:11:15:45 +0200] "GET / HTTP/1.1" 200 1225 "http://www.frisoer-guergen.de/" "Mozilla/5.0 (Windows; U; Windows NT 6.1; en-US) AppleWebKit/533.4 (KHTML, like Gecko) Chrome/5.0.375.125 Safari/533.4"
109.41.3.187 - - [12/Jul/2018:13:09:01 +0200] "GET / HTTP/1.1" 200 1225 "android-app://com.google.android.googlequicksearchbox" "Mozilla/5.0 (Linux; Android 8.0.0; SM-G955F Build/R16NW) AppleWebKit/537.36 (KHTML, like Gecko) Chrome/67.0.3396.87 Mobile Safari/537.36"
109.41.3.187 - - [12/Jul/2018:13:09:02 +0200] "GET /favicon.ico HTTP/1.1" 404 1256 "http://www.frisoer-guergen.de/" "Mozilla/5.0 (Linux; Android 8.0.0; SM-G955F Build/R16NW) AppleWebKit/537.36 (KHTML, like Gecko) Chrome/67.0.3396.87 Mobile Safari/537.36"
109.41.3.187 - - [12/Jul/2018:13:09:24 +0200] "GET / HTTP/1.1" 304 - "android-app://com.google.android.googlequicksearchbox" "Mozilla/5.0 (Linux; Android 8.0.0; SM-G955F Build/R16NW) AppleWebKit/537.36 (KHTML, like Gecko) Chrome/67.0.3396.87 Mobile Safari/537.36"
66.249.75.80 - - [12/Jul/2018:14:13:17 +0200] "GET /robots.txt HTTP/1.1" 404 1256 "-" "Mozilla/5.0 (compatible; Googlebot/2.1; +http://www.google.com/bot.html)"
66.249.75.80 - - [12/Jul/2018:14:13:18 +0200] "GET / HTTP/1.1" 200 1225 "-" "Mozilla/5.0 (compatible; Googlebot/2.1; +http://www.google.com/bot.html)"
66.249.75.84 - - [12/Jul/2018:14:48:08 +0200] "GET / HTTP/1.1" 200 1225 "-" "Mozilla/5.0 (Linux; Android 6.0.1; Nexus 5X Build/MMB29P) AppleWebKit/537.36 (KHTML, like Gecko) Chrome/41.0.2272.96 Mobile Safari/537.36 (compatible; Googlebot/2.1; +http://www.google.com/bot.html)"
66.249.75.80 - - [12/Jul/2018:14:53:09 +0200] "GET /favicon.ico HTTP/1.1" 404 1256 "-" "Googlebot-Image/1.0"
79.252.105.87 - - [12/Jul/2018:16:04:37 +0200] "GET / HTTP/1.1" 200 1225 "http://www.google.de/url?sa=t&rct=j&q=&esrc=s&source=web&cd=5&ved=2ahUKEwi96qD12JncAhVEDywKHQJdBXcQFjAEegQIAhAB&url=http%3A%2F%2Fwww.frisoer-guergen.de%2F&usg=AOvVaw0adbS4thYfX-HJRenxeDrL" "Mozilla/5.0 (Windows NT 10.0; WOW64; Trident/7.0; rv:11.0) like Gecko"
79.252.105.87 - - [12/Jul/2018:16:04:37 +0200] "GET /picture/back.gif HTTP/1.1" 404 1256 "http://www.frisoer-guergen.de/" "Mozilla/5.0 (Windows NT 10.0; WOW64; Trident/7.0; rv:11.0) like Gecko"
79.252.105.87 - - [12/Jul/2018:16:04:37 +0200] "GET /picture/back.gif HTTP/1.1" 404 1256 "http://www.frisoer-guergen.de/" "Mozilla/5.0 (Windows NT 10.0; WOW64; Trident/7.0; rv:11.0) like Gecko"
79.252.105.87 - - [12/Jul/2018:16:04:37 +0200] "GET /picture/frisoer-logo.jpg HTTP/1.1" 200 108839 "http://www.frisoer-guergen.de/" "Mozilla/5.0 (Windows NT 10.0; WOW64; Trident/7.0; rv:11.0) like Gecko"
79.252.105.87 - - [12/Jul/2018:16:04:37 +0200] "GET /favicon.ico HTTP/1.1" 404 1256 "-" "Mozilla/5.0 (Windows NT 10.0; Win64; x64; Trident/7.0; rv:11.0) like Gecko"
109.41.1.234 - - [12/Jul/2018:18:09:12 +0200] "GET / HTTP/1.1" 200 1225 "https://www.google.de/" "Mozilla/5.0 (Linux; Android 6.0.1; SAMSUNG SM-G903F/G903FXXU1BQD1 Build/MMB29K) AppleWebKit/537.36 (KHTML, like Gecko) SamsungBrowser/7.2 Chrome/59.0.3071.125 Mobile Safari/537.36"
109.41.1.234 - - [12/Jul/2018:18:09:12 +0200] "GET /picture/back.gif HTTP/1.1" 404 1256 "http://www.frisoer-guergen.de/" "Mozilla/5.0 (Linux; Android 6.0.1; SAMSUNG SM-G903F/G903FXXU1BQD1 Build/MMB29K) AppleWebKit/537.36 (KHTML, like Gecko) SamsungBrowser/7.2 Chrome/59.0.3071.125 Mobile Safari/537.36"
109.41.1.234 - - [12/Jul/2018:18:09:13 +0200] "GET /picture/back.gif HTTP/1.1" 404 1256 "http://www.frisoer-guergen.de/" "Mozilla/5.0 (Linux; Android 6.0.1; SAMSUNG SM-G903F/G903FXXU1BQD1 Build/MMB29K) AppleWebKit/537.36 (KHTML, like Gecko) SamsungBrowser/7.2 Chrome/59.0.3071.125 Mobile Safari/537.36"
109.41.1.234 - - [12/Jul/2018:18:09:12 +0200] "GET /picture/frisoer-logo.jpg HTTP/1.1" 200 108839 "http://www.frisoer-guergen.de/" "Mozilla/5.0 (Linux; Android 6.0.1; SAMSUNG SM-G903F/G903FXXU1BQD1 Build/MMB29K) AppleWebKit/537.36 (KHTML, like Gecko) SamsungBrowser/7.2 Chrome/59.0.3071.125 Mobile Safari/537.36"
109.41.1.234 - - [12/Jul/2018:18:09:13 +0200] "GET /favicon.ico HTTP/1.1" 404 1256 "http://www.frisoer-guergen.de/" "Mozilla/5.0 (Linux; Android 6.0.1; SAMSUNG SM-G903F/G903FXXU1BQD1 Build/MMB29K) AppleWebKit/537.36 (KHTML, like Gecko) SamsungBrowser/7.2 Chrome/59.0.3071.125 Mobile Safari/537.36"
95.90.247.91 - - [12/Jul/2018:20:06:47 +0200] "GET / HTTP/1.1" 200 1225 "android-app://com.google.android.googlequicksearchbox" "Mozilla/5.0 (Linux; Android 7.0; SM-G920F Build/NRD90M) AppleWebKit/537.36 (KHTML, like Gecko) Chrome/67.0.3396.87 Mobile Safari/537.36"
95.90.247.91 - - [12/Jul/2018:20:06:47 +0200] "GET /picture/back.gif HTTP/1.1" 404 1256 "http://www.frisoer-guergen.de/" "Mozilla/5.0 (Linux; Android 7.0; SM-G920F Build/NRD90M) AppleWebKit/537.36 (KHTML, like Gecko) Chrome/67.0.3396.87 Mobile Safari/537.36"
95.90.247.91 - - [12/Jul/2018:20:06:47 +0200] "GET /picture/frisoer-logo.jpg HTTP/1.1" 200 108839 "http://www.frisoer-guergen.de/" "Mozilla/5.0 (Linux; Android 7.0; SM-G920F Build/NRD90M) AppleWebKit/537.36 (KHTML, like Gecko) Chrome/67.0.3396.87 Mobile Safari/537.36"
95.90.247.91 - - [12/Jul/2018:20:06:47 +0200] "GET /favicon.ico HTTP/1.1" 404 1256 "http://www.frisoer-guergen.de/" "Mozilla/5.0 (Linux; Android 7.0; SM-G920F Build/NRD90M) AppleWebKit/537.36 (KHTML, like Gecko) Chrome/67.0.3396.87 Mobile Safari/537.36"
169.61.157.77 - - [12/Jul/2018:22:35:15 +0200] "GET /user/register/ HTTP/1.1" 404 1256 "-" "Mozilla/5.0 (Windows; U; Windows NT 5.1; de; rv:1.9) Gecko/2008052906 Firefox/3.0"
66.249.75.82 - - [13/Jul/2018:08:11:11 +0200] "GET /robots.txt HTTP/1.1" 404 1256 "-" "Mozilla/5.0 (compatible; Googlebot/2.1; +http://www.google.com/bot.html)"
66.249.75.82 - - [13/Jul/2018:08:11:12 +0200] "GET / HTTP/1.1" 200 1225 "-" "Mozilla/5.0 (Linux; Android 6.0.1; Nexus 5X Build/MMB29P) AppleWebKit/537.36 (KHTML, like Gecko) Chrome/41.0.2272.96 Mobile Safari/537.36 (compatible; Googlebot/2.1; +http://www.google.com/bot.html)"
66.249.75.82 - - [13/Jul/2018:09:24:10 +0200] "GET / HTTP/1.1" 200 1225 "-" "Mozilla/5.0 (Linux; Android 6.0.1; Nexus 5X Build/MMB29P) AppleWebKit/537.36 (KHTML, like Gecko) Chrome/41.0.2272.96 Mobile Safari/537.36 (compatible; Googlebot/2.1; +http://www.google.com/bot.html)"
52.53.201.78 - - [13/Jul/2018:11:01:50 +0200] "GET / HTTP/1.1" 200 1225 "-" "Mozilla/5.0 (Macintosh; Intel Mac OS X 10_12_6) AppleWebKit/537.36 (KHTML, like Gecko) Chrome/61.0.3163.100 Safari/537.36"
66.249.75.84 - - [13/Jul/2018:11:14:10 +0200] "GET / HTTP/1.1" 200 1225 "-" "Mozilla/5.0 (compatible; Googlebot/2.1; +http://www.google.com/bot.html)"
91.9.102.176 - - [13/Jul/2018:11:43:25 +0200] "GET / HTTP/1.1" 200 1225 "https://www.google.com/" "Mozilla/5.0 (Windows NT 6.1; Win64; x64; rv:61.0) Gecko/20100101 Firefox/61.0"
91.9.102.176 - - [13/Jul/2018:11:43:26 +0200] "GET /picture/back.gif HTTP/1.1" 404 1256 "http://www.frisoer-guergen.de/" "Mozilla/5.0 (Windows NT 6.1; Win64; x64; rv:61.0) Gecko/20100101 Firefox/61.0"
91.9.102.176 - - [13/Jul/2018:11:43:26 +0200] "GET /picture/frisoer-logo.jpg HTTP/1.1" 200 108839 "http://www.frisoer-guergen.de/" "Mozilla/5.0 (Windows NT 6.1; Win64; x64; rv:61.0) Gecko/20100101 Firefox/61.0"
91.9.102.176 - - [13/Jul/2018:11:43:26 +0200] "GET /favicon.ico HTTP/1.1" 404 1256 "-" "Mozilla/5.0 (Windows NT 6.1; Win64; x64; rv:61.0) Gecko/20100101 Firefox/61.0"
66.249.75.84 - - [13/Jul/2018:16:34:12 +0200] "GET / HTTP/1.1" 200 1225 "-" "Mozilla/5.0 (Linux; Android 6.0.1; Nexus 5X Build/MMB29P) AppleWebKit/537.36 (KHTML, like Gecko) Chrome/41.0.2272.96 Mobile Safari/537.36 (compatible; Googlebot/2.1; +http://www.google.com/bot.html)"
66.249.75.82 - - [13/Jul/2018:19:24:13 +0200] "GET / HTTP/1.1" 200 1225 "-" "Mozilla/5.0 (compatible; Googlebot/2.1; +http://www.google.com/bot.html)"
66.249.75.84 - - [13/Jul/2018:19:44:13 +0200] "GET / HTTP/1.1" 200 1225 "-" "Mozilla/5.0 (Linux; Android 6.0.1; Nexus 5X Build/MMB29P) AppleWebKit/537.36 (KHTML, like Gecko) Chrome/41.0.2272.96 Mobile Safari/537.36 (compatible; Googlebot/2.1; +http://www.google.com/bot.html)"
66.249.75.82 - - [13/Jul/2018:22:24:14 +0200] "GET /robots.txt HTTP/1.1" 404 1256 "-" "Mozilla/5.0 (compatible; Googlebot/2.1; +http://www.google.com/bot.html)"
66.249.75.80 - - [13/Jul/2018:22:44:14 +0200] "GET / HTTP/1.1" 200 1225 "-" "Mozilla/5.0 (Linux; Android 6.0.1; Nexus 5X Build/MMB29P) AppleWebKit/537.36 (KHTML, like Gecko) Chrome/41.0.2272.96 Mobile Safari/537.36 (compatible; Googlebot/2.1; +http://www.google.com/bot.html)"
66.249.75.132 - - [14/Jul/2018:01:44:15 +0200] "GET / HTTP/1.1" 200 1225 "-" "Mozilla/5.0 (Linux; Android 6.0.1; Nexus 5X Build/MMB29P) AppleWebKit/537.36 (KHTML, like Gecko) Chrome/41.0.2272.96 Mobile Safari/537.36 (compatible; Googlebot/2.1; +http://www.google.com/bot.html)"
66.249.75.128 - - [14/Jul/2018:03:34:15 +0200] "GET / HTTP/1.1" 200 1225 "-" "Mozilla/5.0 (Linux; Android 6.0.1; Nexus 5X Build/MMB29P) AppleWebKit/537.36 (KHTML, like Gecko) Chrome/41.0.2272.96 Mobile Safari/537.36 (compatible; Googlebot/2.1; +http://www.google.com/bot.html)"
66.249.75.128 - - [14/Jul/2018:05:24:16 +0200] "GET / HTTP/1.1" 200 1225 "-" "Mozilla/5.0 (Linux; Android 6.0.1; Nexus 5X Build/MMB29P) AppleWebKit/537.36 (KHTML, like Gecko) Chrome/41.0.2272.96 Mobile Safari/537.36 (compatible; Googlebot/2.1; +http://www.google.com/bot.html)"
66.249.75.132 - - [14/Jul/2018:07:34:17 +0200] "GET / HTTP/1.1" 200 1225 "-" "Mozilla/5.0 (Linux; Android 6.0.1; Nexus 5X Build/MMB29P) AppleWebKit/537.36 (KHTML, like Gecko) Chrome/41.0.2272.96 Mobile Safari/537.36 (compatible; Googlebot/2.1; +http://www.google.com/bot.html)"
66.249.75.132 - - [14/Jul/2018:08:34:17 +0200] "GET / HTTP/1.1" 200 1225 "-" "Mozilla/5.0 (compatible; Googlebot/2.1; +http://www.google.com/bot.html)"
66.249.75.128 - - [14/Jul/2018:09:54:17 +0200] "GET / HTTP/1.1" 200 1225 "-" "Mozilla/5.0 (Linux; Android 6.0.1; Nexus 5X Build/MMB29P) AppleWebKit/537.36 (KHTML, like Gecko) Chrome/41.0.2272.96 Mobile Safari/537.36 (compatible; Googlebot/2.1; +http://www.google.com/bot.html)"
66.249.75.128 - - [14/Jul/2018:10:04:17 +0200] "GET / HTTP/1.1" 200 1225 "-" "Mozilla/5.0 (compatible; Googlebot/2.1; +http://www.google.com/bot.html)"
66.249.75.128 - - [14/Jul/2018:11:14:18 +0200] "GET /robots.txt HTTP/1.1" 404 1256 "-" "Mozilla/5.0 (compatible; Googlebot/2.1; +http://www.google.com/bot.html)"
77.179.17.23 - - [14/Jul/2018:11:47:57 +0200] "GET / HTTP/1.1" 200 1225 "http://www.google.com/" "Mozilla/5.0 (Linux; Android 7.0; WAS-LX1A Build/HUAWEIWAS-LX1A) AppleWebKit/537.36 (KHTML, like Gecko) Chrome/67.0.3396.87 Mobile Safari/537.36"
77.179.17.23 - - [14/Jul/2018:11:47:57 +0200] "GET /picture/back.gif HTTP/1.1" 404 1256 "http://www.frisoer-guergen.de/" "Mozilla/5.0 (Linux; Android 7.0; WAS-LX1A Build/HUAWEIWAS-LX1A) AppleWebKit/537.36 (KHTML, like Gecko) Chrome/67.0.3396.87 Mobile Safari/537.36"
77.179.17.23 - - [14/Jul/2018:11:47:57 +0200] "GET /picture/frisoer-logo.jpg HTTP/1.1" 200 108839 "http://www.frisoer-guergen.de/" "Mozilla/5.0 (Linux; Android 7.0; WAS-LX1A Build/HUAWEIWAS-LX1A) AppleWebKit/537.36 (KHTML, like Gecko) Chrome/67.0.3396.87 Mobile Safari/537.36"
77.179.17.23 - - [14/Jul/2018:11:47:58 +0200] "GET /favicon.ico HTTP/1.1" 404 1256 "http://www.frisoer-guergen.de/" "Mozilla/5.0 (Linux; Android 7.0; WAS-LX1A Build/HUAWEIWAS-LX1A) AppleWebKit/537.36 (KHTML, like Gecko) Chrome/67.0.3396.87 Mobile Safari/537.36"
77.179.17.23 - - [14/Jul/2018:11:48:09 +0200] "GET /picture/back.gif HTTP/1.1" 404 1256 "http://www.frisoer-guergen.de/" "Mozilla/5.0 (Linux; Android 7.0; WAS-LX1A Build/HUAWEIWAS-LX1A) AppleWebKit/537.36 (KHTML, like Gecko) Chrome/67.0.3396.87 Mobile Safari/537.36"
66.249.75.128 - - [14/Jul/2018:12:21:59 +0200] "GET / HTTP/1.1" 200 1225 "-" "Mozilla/5.0 (Linux; Android 6.0.1; Nexus 5X Build/MMB29P) AppleWebKit/537.36 (KHTML, like Gecko) Chrome/41.0.2272.96 Mobile Safari/537.36 (compatible; Googlebot/2.1; +http://www.google.com/bot.html)"
213.248.250.196 - - [14/Jul/2018:15:42:54 +0200] "HEAD / HTTP/1.1" 200 - "-" "http://www.nominet.org.uk/privacypolicy"
213.248.250.196 - - [14/Jul/2018:15:42:55 +0200] "GET /robots.txt HTTP/1.1" 404 1256 "-" "http://www.nominet.org.uk/privacypolicy"
213.248.250.196 - - [14/Jul/2018:15:42:55 +0200] "GET / HTTP/1.1" 200 1225 "-" "http://www.nominet.org.uk/privacypolicy"
141.8.141.131 - - [14/Jul/2018:18:51:19 +0200] "GET /robots.txt HTTP/1.1" 404 1256 "-" "Mozilla/5.0 (compatible; YandexBot/3.0; +http://yandex.com/bots)"
141.8.141.131 - - [14/Jul/2018:18:51:23 +0200] "GET /favicon.ico HTTP/1.1" 404 1256 "-" "Mozilla/5.0 (compatible; YandexBot/3.0; +http://yandex.com/bots)"
66.249.75.132 - - [15/Jul/2018:00:49:29 +0200] "GET /robots.txt HTTP/1.1" 404 1256 "-" "Mozilla/5.0 (compatible; Googlebot/2.1; +http://www.google.com/bot.html)"
66.249.75.132 - - [15/Jul/2018:00:49:29 +0200] "GET / HTTP/1.1" 200 1225 "-" "Mozilla/5.0 (compatible; Googlebot/2.1; +http://www.google.com/bot.html)"
66.249.75.130 - - [15/Jul/2018:02:40:16 +0200] "GET / HTTP/1.1" 200 1225 "-" "Mozilla/5.0 (Linux; Android 6.0.1; Nexus 5X Build/MMB29P) AppleWebKit/537.36 (KHTML, like Gecko) Chrome/41.0.2272.96 Mobile Safari/537.36 (compatible; Googlebot/2.1; +http://www.google.com/bot.html)"
17.58.96.189 - - [15/Jul/2018:03:12:05 +0200] "GET /robots.txt HTTP/1.1" 404 1256 "-" "Mozilla/5.0 (Macintosh; Intel Mac OS X 10_10_1) AppleWebKit/600.2.5 (KHTML, like Gecko) Version/8.0.2 Safari/600.2.5 (Applebot/0.1; +http://www.apple.com/go/applebot)"
17.58.96.189 - - [15/Jul/2018:03:12:05 +0200] "GET / HTTP/1.1" 200 1225 "-" "Mozilla/5.0 (Macintosh; Intel Mac OS X 10_10_1) AppleWebKit/600.2.5 (KHTML, like Gecko) Version/8.0.2 Safari/600.2.5 (Applebot/0.1; +http://www.apple.com/go/applebot)"
66.249.75.128 - - [15/Jul/2018:05:12:35 +0200] "GET / HTTP/1.1" 200 1225 "-" "Mozilla/5.0 (compatible; Googlebot/2.1; +http://www.google.com/bot.html)"
66.249.75.132 - - [15/Jul/2018:06:35:40 +0200] "GET / HTTP/1.1" 200 1225 "-" "Mozilla/5.0 (Linux; Android 6.0.1; Nexus 5X Build/MMB29P) AppleWebKit/537.36 (KHTML, like Gecko) Chrome/41.0.2272.96 Mobile Safari/537.36 (compatible; Googlebot/2.1; +http://www.google.com/bot.html)"
66.249.75.128 - - [15/Jul/2018:09:57:16 +0200] "GET / HTTP/1.1" 200 1225 "-" "Mozilla/5.0 (compatible; Googlebot/2.1; +http://www.google.com/bot.html)"
52.53.201.78 - - [15/Jul/2018:12:24:00 +0200] "GET / HTTP/1.1" 200 1225 "-" "Mozilla/5.0 (Macintosh; Intel Mac OS X 10_12_6) AppleWebKit/537.36 (KHTML, like Gecko) Chrome/61.0.3163.100 Safari/537.36"
66.249.75.128 - - [15/Jul/2018:13:54:31 +0200] "GET /robots.txt HTTP/1.1" 404 1256 "-" "Mozilla/5.0 (compatible; Googlebot/2.1; +http://www.google.com/bot.html)"
218.66.74.243 - - [15/Jul/2018:14:00:16 +0200] "GET /content-post.php HTTP/1.1" 404 1256 "-" "-"
66.249.75.128 - - [15/Jul/2018:14:42:34 +0200] "GET / HTTP/1.1" 200 1225 "-" "Mozilla/5.0 (compatible; Googlebot/2.1; +http://www.google.com/bot.html)"
66.249.75.132 - - [15/Jul/2018:15:37:57 +0200] "GET / HTTP/1.1" 200 1225 "-" "Mozilla/5.0 (Linux; Android 6.0.1; Nexus 5X Build/MMB29P) AppleWebKit/537.36 (KHTML, like Gecko) Chrome/41.0.2272.96 Mobile Safari/537.36 (compatible; Googlebot/2.1; +http://www.google.com/bot.html)"
178.8.175.239 - - [15/Jul/2018:17:44:56 +0200] "GET / HTTP/1.1" 200 1225 "https://www.google.com/" "Mozilla/5.0 (Windows NT 10.0; Win64; x64; rv:61.0) Gecko/20100101 Firefox/61.0"
178.8.175.239 - - [15/Jul/2018:17:44:56 +0200] "GET /picture/back.gif HTTP/1.1" 404 1256 "http://www.frisoer-guergen.de/" "Mozilla/5.0 (Windows NT 10.0; Win64; x64; rv:61.0) Gecko/20100101 Firefox/61.0"
178.8.175.239 - - [15/Jul/2018:17:44:56 +0200] "GET /picture/frisoer-logo.jpg HTTP/1.1" 200 108839 "http://www.frisoer-guergen.de/" "Mozilla/5.0 (Windows NT 10.0; Win64; x64; rv:61.0) Gecko/20100101 Firefox/61.0"
178.8.175.239 - - [15/Jul/2018:17:44:57 +0200] "GET /favicon.ico HTTP/1.1" 404 1256 "-" "Mozilla/5.0 (Windows NT 10.0; Win64; x64; rv:61.0) Gecko/20100101 Firefox/61.0"
77.179.105.208 - - [15/Jul/2018:22:05:26 +0200] "GET / HTTP/1.1" 200 1225 "-" "Mozilla/5.0 (iPad; CPU OS 10_3_3 like Mac OS X) AppleWebKit/603.3.8 (KHTML, like Gecko) Version/10.0 Mobile/14G60 Safari/602.1"
77.179.105.208 - - [15/Jul/2018:22:05:26 +0200] "GET /picture/back.gif HTTP/1.1" 404 1256 "http://www.frisoer-guergen.de/" "Mozilla/5.0 (iPad; CPU OS 10_3_3 like Mac OS X) AppleWebKit/603.3.8 (KHTML, like Gecko) Version/10.0 Mobile/14G60 Safari/602.1"
77.179.105.208 - - [15/Jul/2018:22:05:26 +0200] "GET /picture/frisoer-logo.jpg HTTP/1.1" 200 108839 "http://www.frisoer-guergen.de/" "Mozilla/5.0 (iPad; CPU OS 10_3_3 like Mac OS X) AppleWebKit/603.3.8 (KHTML, like Gecko) Version/10.0 Mobile/14G60 Safari/602.1"
207.46.13.73 - - [15/Jul/2018:22:54:21 +0200] "GET /robots.txt HTTP/1.1" 404 1256 "-" "Mozilla/5.0 (compatible; bingbot/2.0; +http://www.bing.com/bingbot.htm)"
157.55.39.103 - - [15/Jul/2018:22:54:23 +0200] "GET / HTTP/1.1" 200 1225 "-" "Mozilla/5.0 (compatible; bingbot/2.0; +http://www.bing.com/bingbot.htm)"
66.249.75.130 - - [15/Jul/2018:23:28:46 +0200] "GET / HTTP/1.1" 200 1225 "-" "Mozilla/5.0 (compatible; Googlebot/2.1; +http://www.google.com/bot.html)"
66.249.75.132 - - [16/Jul/2018:02:24:48 +0200] "GET /robots.txt HTTP/1.1" 404 1256 "-" "Mozilla/5.0 (compatible; Googlebot/2.1; +http://www.google.com/bot.html)"
66.249.75.128 - - [16/Jul/2018:02:24:48 +0200] "GET / HTTP/1.1" 200 1225 "-" "Mozilla/5.0 (Linux; Android 6.0.1; Nexus 5X Build/MMB29P) AppleWebKit/537.36 (KHTML, like Gecko) Chrome/41.0.2272.96 Mobile Safari/537.36 (compatible; Googlebot/2.1; +http://www.google.com/bot.html)"
180.76.15.14 - - [16/Jul/2018:07:35:36 +0200] "GET / HTTP/1.1" 200 1225 "-" "Mozilla/5.0 (compatible; Baiduspider/2.0; +http://www.baidu.com/search/spider.html)"
157.55.39.103 - - [16/Jul/2018:12:27:43 +0200] "GET / HTTP/1.1" 200 1225 "-" "Mozilla/5.0 (iPhone; CPU iPhone OS 7_0 like Mac OS X) AppleWebKit/537.51.1 (KHTML, like Gecko) Version/7.0 Mobile/11A465 Safari/9537.53 (compatible; bingbot/2.0; +http://www.bing.com/bingbot.htm)"
79.236.146.53 - - [16/Jul/2018:12:45:25 +0200] "GET / HTTP/1.1" 200 1225 "https://www.google.de/" "Mozilla/5.0 (Windows NT 10.0; Win64; x64; rv:61.0) Gecko/20100101 Firefox/61.0"
79.236.146.53 - - [16/Jul/2018:12:45:25 +0200] "GET /picture/back.gif HTTP/1.1" 404 1256 "http://www.frisoer-guergen.de/" "Mozilla/5.0 (Windows NT 10.0; Win64; x64; rv:61.0) Gecko/20100101 Firefox/61.0"
79.236.146.53 - - [16/Jul/2018:12:45:25 +0200] "GET /picture/frisoer-logo.jpg HTTP/1.1" 200 108839 "http://www.frisoer-guergen.de/" "Mozilla/5.0 (Windows NT 10.0; Win64; x64; rv:61.0) Gecko/20100101 Firefox/61.0"
79.236.146.53 - - [16/Jul/2018:12:45:26 +0200] "GET /favicon.ico HTTP/1.1" 404 1256 "-" "Mozilla/5.0 (Windows NT 10.0; Win64; x64; rv:61.0) Gecko/20100101 Firefox/61.0"
40.77.189.254 - - [16/Jul/2018:14:02:57 +0200] "GET /picture/back.gif HTTP/1.1" 404 1256 "http://www.frisoer-guergen.de/" "Mozilla/5.0 (iPhone; CPU iPhone OS 7_0 like Mac OS X) AppleWebKit/537.51.1 (KHTML, like Gecko) Version/7.0 Mobile/11A465 Safari/9537.53 BingPreview/1.0b"
40.77.189.254 - - [16/Jul/2018:14:02:57 +0200] "GET /picture/frisoer-logo.jpg HTTP/1.1" 200 108839 "http://www.frisoer-guergen.de/" "Mozilla/5.0 (iPhone; CPU iPhone OS 7_0 like Mac OS X) AppleWebKit/537.51.1 (KHTML, like Gecko) Version/7.0 Mobile/11A465 Safari/9537.53 BingPreview/1.0b"
40.77.167.94 - - [16/Jul/2018:14:02:59 +0200] "GET /robots.txt HTTP/1.1" 404 1256 "-" "Mozilla/5.0 (compatible; bingbot/2.0; +http://www.bing.com/bingbot.htm)"
80.187.127.138 - - [16/Jul/2018:15:41:24 +0200] "GET / HTTP/1.1" 200 1225 "https://www.google.de/" "Mozilla/5.0 (iPad; CPU OS 11_3 like Mac OS X) AppleWebKit/605.1.15 (KHTML, like Gecko) Version/11.0 Mobile/15E148 Safari/604.1"
80.187.127.138 - - [16/Jul/2018:15:41:24 +0200] "GET /picture/back.gif HTTP/1.1" 404 1256 "http://www.frisoer-guergen.de/" "Mozilla/5.0 (iPad; CPU OS 11_3 like Mac OS X) AppleWebKit/605.1.15 (KHTML, like Gecko) Version/11.0 Mobile/15E148 Safari/604.1"
80.187.127.138 - - [16/Jul/2018:15:41:24 +0200] "GET /picture/frisoer-logo.jpg HTTP/1.1" 200 108839 "http://www.frisoer-guergen.de/" "Mozilla/5.0 (iPad; CPU OS 11_3 like Mac OS X) AppleWebKit/605.1.15 (KHTML, like Gecko) Version/11.0 Mobile/15E148 Safari/604.1"
84.139.127.116 - - [16/Jul/2018:17:27:33 +0200] "GET / HTTP/1.1" 200 1225 "http://www.google.de/search?q=kosmetik+berlin+buch+mandy+&oq=kosmetik+berlin+buch+mandy+&gs_l=mobile-heirloom-serp.12...16354.18062.0.18984.7.7.0.0.0.0.131.790.0j7.7.0....0...1c.1.34.mobile-heirloom-serp..5.2.248.P1i7D6UrJFM" "Mozilla/5.0 (Android 8.0.0; Mobile; rv:61.0) Gecko/61.0 Firefox/61.0"
84.139.127.116 - - [16/Jul/2018:17:27:33 +0200] "GET /picture/back.gif HTTP/1.1" 404 1256 "http://www.frisoer-guergen.de/" "Mozilla/5.0 (Android 8.0.0; Mobile; rv:61.0) Gecko/61.0 Firefox/61.0"
84.139.127.116 - - [16/Jul/2018:17:27:33 +0200] "GET /picture/frisoer-logo.jpg HTTP/1.1" 200 108839 "http://www.frisoer-guergen.de/" "Mozilla/5.0 (Android 8.0.0; Mobile; rv:61.0) Gecko/61.0 Firefox/61.0"
84.139.127.116 - - [16/Jul/2018:17:27:33 +0200] "GET /favicon.ico HTTP/1.1" 404 1256 "-" "Mozilla/5.0 (Android 8.0.0; Mobile; rv:61.0) Gecko/61.0 Firefox/61.0"
54.208.102.37 - - [16/Jul/2018:19:30:06 +0200] "GET / HTTP/1.1" 200 1225 "http://www.frisoer-guergen.de/" "Mozilla/5.0 (compatible; DuckDuckGo-Favicons-Bot/1.0; +http://duckduckgo.com)"
54.208.102.37 - - [16/Jul/2018:19:30:06 +0200] "GET /favicon.ico HTTP/1.1" 404 1256 "http://www.frisoer-guergen.de/favicon.ico" "Mozilla/5.0 (compatible; DuckDuckGo-Favicons-Bot/1.0; +http://duckduckgo.com)"
2.204.233.69 - - [16/Jul/2018:23:34:35 +0200] "GET / HTTP/1.1" 200 1225 "-" "Mozilla/5.0 (Linux; Android 8.0.0; SM-G930F Build/R16NW) AppleWebKit/537.36 (KHTML, like Gecko) Chrome/67.0.3396.87 Mobile Safari/537.36"
2.204.233.69 - - [16/Jul/2018:23:34:35 +0200] "GET /picture/back.gif HTTP/1.1" 404 1256 "http://www.frisoer-guergen.de/" "Mozilla/5.0 (Linux; Android 8.0.0; SM-G930F Build/R16NW) AppleWebKit/537.36 (KHTML, like Gecko) Chrome/67.0.3396.87 Mobile Safari/537.36"
2.204.233.69 - - [16/Jul/2018:23:34:35 +0200] "GET /picture/frisoer-logo.jpg HTTP/1.1" 200 108839 "http://www.frisoer-guergen.de/" "Mozilla/5.0 (Linux; Android 8.0.0; SM-G930F Build/R16NW) AppleWebKit/537.36 (KHTML, like Gecko) Chrome/67.0.3396.87 Mobile Safari/537.36"
2.204.233.69 - - [16/Jul/2018:23:34:35 +0200] "GET /favicon.ico HTTP/1.1" 404 1256 "http://www.frisoer-guergen.de/" "Mozilla/5.0 (Linux; Android 8.0.0; SM-G930F Build/R16NW) AppleWebKit/537.36 (KHTML, like Gecko) Chrome/67.0.3396.87 Mobile Safari/537.36"
66.249.75.128 - - [17/Jul/2018:03:28:58 +0200] "GET /robots.txt HTTP/1.1" 404 1256 "-" "Mozilla/5.0 (compatible; Googlebot/2.1; +http://www.google.com/bot.html)"
66.249.75.128 - - [17/Jul/2018:03:28:59 +0200] "GET /favicon.ico HTTP/1.1" 404 1256 "-" "Googlebot-Image/1.0"
66.249.75.128 - - [17/Jul/2018:06:26:43 +0200] "GET /picture/frisoer-logo.jpg HTTP/1.1" 304 - "-" "Googlebot-Image/1.0"
180.76.15.17 - - [17/Jul/2018:08:41:49 +0200] "GET / HTTP/1.1" 200 1225 "-" "Mozilla/5.0 (compatible; Baiduspider/2.0; +http://www.baidu.com/search/spider.html)"
79.216.79.100 - - [17/Jul/2018:12:51:26 +0200] "GET / HTTP/1.1" 200 1225 "http://www.google.com/" "Mozilla/5.0 (Linux; Android 7.0; SM-G920F Build/NRD90M) AppleWebKit/537.36 (KHTML, like Gecko) Chrome/67.0.3396.87 Mobile Safari/537.36"
79.216.79.100 - - [17/Jul/2018:12:51:26 +0200] "GET /picture/back.gif HTTP/1.1" 404 1256 "http://www.frisoer-guergen.de/" "Mozilla/5.0 (Linux; Android 7.0; SM-G920F Build/NRD90M) AppleWebKit/537.36 (KHTML, like Gecko) Chrome/67.0.3396.87 Mobile Safari/537.36"
79.216.79.100 - - [17/Jul/2018:12:51:26 +0200] "GET /picture/frisoer-logo.jpg HTTP/1.1" 200 108839 "http://www.frisoer-guergen.de/" "Mozilla/5.0 (Linux; Android 7.0; SM-G920F Build/NRD90M) AppleWebKit/537.36 (KHTML, like Gecko) Chrome/67.0.3396.87 Mobile Safari/537.36"
79.216.79.100 - - [17/Jul/2018:12:51:26 +0200] "GET /favicon.ico HTTP/1.1" 404 1256 "http://www.frisoer-guergen.de/" "Mozilla/5.0 (Linux; Android 7.0; SM-G920F Build/NRD90M) AppleWebKit/537.36 (KHTML, like Gecko) Chrome/67.0.3396.87 Mobile Safari/537.36"
52.53.201.78 - - [17/Jul/2018:13:34:10 +0200] "GET / HTTP/1.1" 200 1225 "-" "Mozilla/5.0 (Macintosh; Intel Mac OS X 10_12_6) AppleWebKit/537.36 (KHTML, like Gecko) Chrome/61.0.3163.100 Safari/537.36"
217.89.75.34 - - [17/Jul/2018:15:52:45 +0200] "GET / HTTP/1.1" 200 1225 "http://www.google.de/url?sa=t&rct=j&q=&esrc=s&source=web&cd=1&ved=2ahUKEwjGtbzaoqbcAhUKKlAKHVTwAPEQ_BcwAHoECAEQCA&url=http%3A%2F%2Fwww.frisoer-guergen.de%2F&usg=AOvVaw0adbS4thYfX-HJRenxeDrL" "Mozilla/5.0 (Windows NT 6.1; Trident/7.0; rv:11.0) like Gecko"
217.89.75.34 - - [17/Jul/2018:15:52:45 +0200] "GET /picture/back.gif HTTP/1.1" 404 1256 "http://www.frisoer-guergen.de/" "Mozilla/5.0 (Windows NT 6.1; Trident/7.0; rv:11.0) like Gecko"
217.89.75.34 - - [17/Jul/2018:15:52:45 +0200] "GET /picture/frisoer-logo.jpg HTTP/1.1" 200 108839 "http://www.frisoer-guergen.de/" "Mozilla/5.0 (Windows NT 6.1; Trident/7.0; rv:11.0) like Gecko"
217.89.75.34 - - [17/Jul/2018:15:52:45 +0200] "GET /picture/back.gif HTTP/1.1" 404 1256 "http://www.frisoer-guergen.de/" "Mozilla/5.0 (Windows NT 6.1; Trident/7.0; rv:11.0) like Gecko"
79.213.98.171 - - [17/Jul/2018:16:06:13 +0200] "GET / HTTP/1.1" 200 1225 "https://www.google.de/" "Mozilla/5.0 (iPad; CPU OS 9_3_5 like Mac OS X) AppleWebKit/601.1.46 (KHTML, like Gecko) Version/9.0 Mobile/13G36 Safari/601.1"
79.213.98.171 - - [17/Jul/2018:16:06:13 +0200] "GET /picture/back.gif HTTP/1.1" 404 1256 "http://www.frisoer-guergen.de/" "Mozilla/5.0 (iPad; CPU OS 9_3_5 like Mac OS X) AppleWebKit/601.1.46 (KHTML, like Gecko) Version/9.0 Mobile/13G36 Safari/601.1"
79.213.98.171 - - [17/Jul/2018:16:06:13 +0200] "GET /picture/frisoer-logo.jpg HTTP/1.1" 200 108839 "http://www.frisoer-guergen.de/" "Mozilla/5.0 (iPad; CPU OS 9_3_5 like Mac OS X) AppleWebKit/601.1.46 (KHTML, like Gecko) Version/9.0 Mobile/13G36 Safari/601.1"
167.114.228.206 - - [17/Jul/2018:20:34:01 +0200] "GET / HTTP/1.1" 200 1225 "-" "Mozilla/5.0 (Windows NT 10.0; rv:61.0) Gecko/20100101 Firefox/61.0"
87.164.145.100 - - [17/Jul/2018:22:45:01 +0200] "GET / HTTP/1.1" 200 1225 "-" "Mozilla/5.0 (iPhone; CPU iPhone OS 11_4 like Mac OS X) AppleWebKit/604.1.34 (KHTML, like Gecko) GSA/53.1.203016890 Mobile/15F79 Safari/604.1"
87.164.145.100 - - [17/Jul/2018:22:45:01 +0200] "GET /picture/back.gif HTTP/1.1" 404 1256 "http://www.frisoer-guergen.de/" "Mozilla/5.0 (iPhone; CPU iPhone OS 11_4 like Mac OS X) AppleWebKit/604.1.34 (KHTML, like Gecko) GSA/53.1.203016890 Mobile/15F79 Safari/604.1"
87.164.145.100 - - [17/Jul/2018:22:45:01 +0200] "GET /picture/frisoer-logo.jpg HTTP/1.1" 200 108839 "http://www.frisoer-guergen.de/" "Mozilla/5.0 (iPhone; CPU iPhone OS 11_4 like Mac OS X) AppleWebKit/604.1.34 (KHTML, like Gecko) GSA/53.1.203016890 Mobile/15F79 Safari/604.1"
142.4.218.236 - - [18/Jul/2018:02:55:46 +0200] "GET / HTTP/1.1" 200 1225 "-" "Mozilla/5.0 (compatible; Dataprovider.com;)"
142.4.218.236 - - [18/Jul/2018:02:55:48 +0200] "GET /robots.txt HTTP/1.1" 404 1256 "-" "Mozilla/5.0 (compatible; Dataprovider.com;)"
142.4.218.236 - - [18/Jul/2018:02:55:48 +0200] "GET /sitemap.xml HTTP/1.1" 404 1256 "-" "Mozilla/5.0 (compatible; Dataprovider.com;)"
142.4.218.236 - - [18/Jul/2018:02:55:48 +0200] "GET / HTTP/1.1" 200 1225 "-" "Mozilla/5.0 (compatible; Dataprovider.com;)"
142.4.218.236 - - [18/Jul/2018:02:55:49 +0200] "GET /main.html HTTP/1.1" 404 1256 "-" "Mozilla/5.0 (compatible; Dataprovider.com;)"
142.4.218.236 - - [18/Jul/2018:02:55:51 +0200] "GET /ads.txt HTTP/1.1" 404 1256 "-" "Mozilla/5.0 (compatible; Dataprovider.com;)"
142.4.218.236 - - [18/Jul/2018:02:55:51 +0200] "GET / HTTP/1.1" 200 1225 "-" "Mozilla/5.0 (Linux; Android 5.1.1; SM-G925F Build/LMY47X) AppleWebKit/537.36 (KHTML, like Gecko) Chrome/45.0.2454.94 Mobile Safari/537.36"
157.55.39.33 - - [18/Jul/2018:07:26:22 +0200] "GET /robots.txt HTTP/1.1" 404 1256 "-" "Mozilla/5.0 (compatible; bingbot/2.0; +http://www.bing.com/bingbot.htm)"
157.55.39.213 - - [18/Jul/2018:07:26:26 +0200] "GET / HTTP/1.1" 200 1225 "-" "Mozilla/5.0 (compatible; bingbot/2.0; +http://www.bing.com/bingbot.htm)"
66.249.75.130 - - [18/Jul/2018:10:16:56 +0200] "GET /robots.txt HTTP/1.1" 404 1256 "-" "Mozilla/5.0 (compatible; Googlebot/2.1; +http://www.google.com/bot.html)"
66.249.75.132 - - [18/Jul/2018:10:16:56 +0200] "GET / HTTP/1.1" 200 1225 "-" "Mozilla/5.0 (compatible; Googlebot/2.1; +http://www.google.com/bot.html)"
66.249.75.128 - - [18/Jul/2018:10:20:10 +0200] "GET /favicon.ico HTTP/1.1" 404 1256 "-" "Googlebot-Image/1.0"
66.249.75.132 - - [18/Jul/2018:11:30:02 +0200] "GET / HTTP/1.1" 200 1225 "-" "Mozilla/5.0 (Linux; Android 6.0.1; Nexus 5X Build/MMB29P) AppleWebKit/537.36 (KHTML, like Gecko) Chrome/41.0.2272.96 Mobile Safari/537.36 (compatible; Googlebot/2.1; +http://www.google.com/bot.html)"
66.249.75.132 - - [18/Jul/2018:11:31:49 +0200] "GET /favicon.ico HTTP/1.1" 404 1256 "-" "Googlebot-Image/1.0"
94.130.14.248 - - [18/Jul/2018:11:55:32 +0200] "GET /robots.txt HTTP/1.1" 404 1256 "-" "ImplisenseBot 1.1"
94.130.14.248 - - [18/Jul/2018:11:55:32 +0200] "GET / HTTP/1.1" 200 1225 "-" "ImplisenseBot 1.1"
157.55.39.213 - - [18/Jul/2018:12:14:55 +0200] "GET / HTTP/1.1" 200 1225 "-" "Mozilla/5.0 (iPhone; CPU iPhone OS 7_0 like Mac OS X) AppleWebKit/537.51.1 (KHTML, like Gecko) Version/7.0 Mobile/11A465 Safari/9537.53 (compatible; bingbot/2.0; +http://www.bing.com/bingbot.htm)"
40.77.190.135 - - [18/Jul/2018:12:14:56 +0200] "GET /picture/back.gif HTTP/1.1" 404 1256 "http://www.frisoer-guergen.de/" "Mozilla/5.0 (iPhone; CPU iPhone OS 7_0 like Mac OS X) AppleWebKit/537.51.1 (KHTML, like Gecko) Version/7.0 Mobile/11A465 Safari/9537.53 BingPreview/1.0b"
40.77.190.135 - - [18/Jul/2018:12:14:56 +0200] "GET /picture/frisoer-logo.jpg HTTP/1.1" 200 108839 "http://www.frisoer-guergen.de/" "Mozilla/5.0 (iPhone; CPU iPhone OS 7_0 like Mac OS X) AppleWebKit/537.51.1 (KHTML, like Gecko) Version/7.0 Mobile/11A465 Safari/9537.53 BingPreview/1.0b"
157.55.39.148 - - [18/Jul/2018:12:14:59 +0200] "GET /robots.txt HTTP/1.1" 404 1256 "-" "Mozilla/5.0 (compatible; bingbot/2.0; +http://www.bing.com/bingbot.htm)"
192.108.72.190 - - [18/Jul/2018:14:05:16 +0200] "GET / HTTP/1.1" 200 1225 "https://www.google.de/" "Mozilla/5.0 (Windows NT 10.0; Win64; x64) AppleWebKit/537.36 (KHTML, like Gecko) Chrome/58.0.3029.110 Safari/537.36 Edge/16.16299"
192.108.72.190 - - [18/Jul/2018:14:05:16 +0200] "GET /picture/back.gif HTTP/1.1" 404 1256 "http://www.frisoer-guergen.de/" "Mozilla/5.0 (Windows NT 10.0; Win64; x64) AppleWebKit/537.36 (KHTML, like Gecko) Chrome/58.0.3029.110 Safari/537.36 Edge/16.16299"
192.108.72.190 - - [18/Jul/2018:14:05:16 +0200] "GET /picture/back.gif HTTP/1.1" 404 1256 "http://www.frisoer-guergen.de/" "Mozilla/5.0 (Windows NT 10.0; Win64; x64) AppleWebKit/537.36 (KHTML, like Gecko) Chrome/58.0.3029.110 Safari/537.36 Edge/16.16299"
192.108.72.190 - - [18/Jul/2018:14:05:16 +0200] "GET /favicon.ico HTTP/1.1" 404 1256 "-" "Mozilla/5.0 (Windows NT 10.0; Win64; x64) AppleWebKit/537.36 (KHTML, like Gecko) Chrome/58.0.3029.110 Safari/537.36 Edge/16.16299"
192.108.72.190 - - [18/Jul/2018:14:05:16 +0200] "GET /picture/frisoer-logo.jpg HTTP/1.1" 200 108839 "http://www.frisoer-guergen.de/" "Mozilla/5.0 (Windows NT 10.0; Win64; x64) AppleWebKit/537.36 (KHTML, like Gecko) Chrome/58.0.3029.110 Safari/537.36 Edge/16.16299"
192.108.72.190 - - [18/Jul/2018:14:05:28 +0200] "GET /picture/back.gif HTTP/1.1" 404 1256 "http://www.frisoer-guergen.de/" "Mozilla/5.0 (Windows NT 10.0; Win64; x64) AppleWebKit/537.36 (KHTML, like Gecko) Chrome/58.0.3029.110 Safari/537.36 Edge/16.16299"
192.108.72.190 - - [18/Jul/2018:14:05:28 +0200] "GET /picture/back.gif HTTP/1.1" 404 1256 "http://www.frisoer-guergen.de/" "Mozilla/5.0 (Windows NT 10.0; Win64; x64) AppleWebKit/537.36 (KHTML, like Gecko) Chrome/58.0.3029.110 Safari/537.36 Edge/16.16299"
192.108.72.190 - - [18/Jul/2018:14:05:28 +0200] "GET /favicon.ico HTTP/1.1" 404 1256 "-" "Mozilla/5.0 (Windows NT 10.0; Win64; x64) AppleWebKit/537.36 (KHTML, like Gecko) Chrome/58.0.3029.110 Safari/537.36 Edge/16.16299"
94.134.51.50 - - [18/Jul/2018:16:23:18 +0200] "GET / HTTP/1.1" 200 1225 "https://www.google.com/" "Mozilla/5.0 (Macintosh; Intel Mac OS X 10_13_6) AppleWebKit/605.1.15 (KHTML, like Gecko) Version/11.1.2 Safari/605.1.15"
94.134.51.50 - - [18/Jul/2018:16:23:18 +0200] "GET /picture/back.gif HTTP/1.1" 404 1256 "http://www.frisoer-guergen.de/" "Mozilla/5.0 (Macintosh; Intel Mac OS X 10_13_6) AppleWebKit/605.1.15 (KHTML, like Gecko) Version/11.1.2 Safari/605.1.15"
94.134.51.50 - - [18/Jul/2018:16:23:18 +0200] "GET /picture/frisoer-logo.jpg HTTP/1.1" 200 108839 "http://www.frisoer-guergen.de/" "Mozilla/5.0 (Macintosh; Intel Mac OS X 10_13_6) AppleWebKit/605.1.15 (KHTML, like Gecko) Version/11.1.2 Safari/605.1.15"
94.134.51.50 - - [18/Jul/2018:16:23:18 +0200] "GET /favicon.ico HTTP/1.1" 404 1256 "http://www.frisoer-guergen.de/" "Mozilla/5.0 (Macintosh; Intel Mac OS X 10_13_6) AppleWebKit/605.1.15 (KHTML, like Gecko) Version/11.1.2 Safari/605.1.15"
109.41.2.219 - - [18/Jul/2018:17:35:32 +0200] "GET / HTTP/1.1" 200 1225 "https://www.google.de/" "Mozilla/5.0 (iPhone; CPU iPhone OS 11_4_1 like Mac OS X) AppleWebKit/605.1.15 (KHTML, like Gecko) Version/11.0 Mobile/15E148 Safari/604.1"
109.41.2.219 - - [18/Jul/2018:17:35:32 +0200] "GET /picture/back.gif HTTP/1.1" 404 1256 "http://www.frisoer-guergen.de/" "Mozilla/5.0 (iPhone; CPU iPhone OS 11_4_1 like Mac OS X) AppleWebKit/605.1.15 (KHTML, like Gecko) Version/11.0 Mobile/15E148 Safari/604.1"
109.41.2.219 - - [18/Jul/2018:17:35:32 +0200] "GET /picture/frisoer-logo.jpg HTTP/1.1" 200 108839 "http://www.frisoer-guergen.de/" "Mozilla/5.0 (iPhone; CPU iPhone OS 11_4_1 like Mac OS X) AppleWebKit/605.1.15 (KHTML, like Gecko) Version/11.0 Mobile/15E148 Safari/604.1"
109.41.2.219 - - [18/Jul/2018:17:35:32 +0200] "GET /picture/back.gif HTTP/1.1" 404 1256 "http://www.frisoer-guergen.de/" "Mozilla/5.0 (iPhone; CPU iPhone OS 11_4_1 like Mac OS X) AppleWebKit/605.1.15 (KHTML, like Gecko) Version/11.0 Mobile/15E148 Safari/604.1"
5.9.94.207 - - [18/Jul/2018:20:34:32 +0200] "GET / HTTP/1.1" 200 1225 "-" "Mozilla/5.0 (Macintosh; Intel Mac OS X 10.13; rv:58.0) Gecko/20100101 Firefox/58.0"
66.249.75.130 - - [19/Jul/2018:04:48:36 +0200] "GET /robots.txt HTTP/1.1" 404 1256 "-" "Mozilla/5.0 (compatible; Googlebot/2.1; +http://www.google.com/bot.html)"
66.249.75.132 - - [19/Jul/2018:04:48:37 +0200] "GET / HTTP/1.1" 200 1225 "-" "Mozilla/5.0 (compatible; Googlebot/2.1; +http://www.google.com/bot.html)"
66.249.75.132 - - [19/Jul/2018:05:39:37 +0200] "GET / HTTP/1.1" 200 1225 "-" "Mozilla/5.0 (Linux; Android 6.0.1; Nexus 5X Build/MMB29P) AppleWebKit/537.36 (KHTML, like Gecko) Chrome/41.0.2272.96 Mobile Safari/537.36 (compatible; Googlebot/2.1; +http://www.google.com/bot.html)"
93.243.117.212 - - [19/Jul/2018:07:40:58 +0200] "GET / HTTP/1.1" 200 1225 "-" "Mozilla/5.0 (Macintosh; Intel Mac OS X 10_13_5) AppleWebKit/605.1.15 (KHTML, like Gecko) Version/11.1.1 Safari/605.1.15"
93.243.117.212 - - [19/Jul/2018:07:40:58 +0200] "GET /picture/back.gif HTTP/1.1" 404 1256 "http://www.frisoer-guergen.de/" "Mozilla/5.0 (Macintosh; Intel Mac OS X 10_13_5) AppleWebKit/605.1.15 (KHTML, like Gecko) Version/11.1.1 Safari/605.1.15"
93.243.117.212 - - [19/Jul/2018:07:40:58 +0200] "GET /picture/frisoer-logo.jpg HTTP/1.1" 200 108839 "http://www.frisoer-guergen.de/" "Mozilla/5.0 (Macintosh; Intel Mac OS X 10_13_5) AppleWebKit/605.1.15 (KHTML, like Gecko) Version/11.1.1 Safari/605.1.15"
180.76.15.25 - - [19/Jul/2018:09:23:15 +0200] "GET /robots.txt HTTP/1.1" 404 1256 "-" "Mozilla/5.0 (Windows NT 5.1; rv:6.0.2) Gecko/20100101 Firefox/6.0.2"
180.76.15.5 - - [19/Jul/2018:09:23:16 +0200] "GET /robots.txt HTTP/1.1" 404 1256 "-" "Mozilla/5.0 (Windows NT 5.1; rv:6.0.2) Gecko/20100101 Firefox/6.0.2"
180.76.15.159 - - [19/Jul/2018:09:24:59 +0200] "GET / HTTP/1.1" 200 1225 "-" "Mozilla/5.0 (compatible; Baiduspider/2.0; +http://www.baidu.com/search/spider.html)"
178.12.112.127 - - [19/Jul/2018:13:34:30 +0200] "GET / HTTP/1.1" 200 1225 "-" "Mozilla/5.0 (Windows NT 10.0; WOW64) AppleWebKit/537.36 (KHTML, like Gecko) Chrome/67.0.3396.87 Safari/537.36 OPR/54.0.2952.54"
178.12.112.127 - - [19/Jul/2018:13:34:30 +0200] "GET /picture/back.gif HTTP/1.1" 404 1256 "http://www.frisoer-guergen.de/" "Mozilla/5.0 (Windows NT 10.0; WOW64) AppleWebKit/537.36 (KHTML, like Gecko) Chrome/67.0.3396.87 Safari/537.36 OPR/54.0.2952.54"
178.12.112.127 - - [19/Jul/2018:13:34:30 +0200] "GET /picture/frisoer-logo.jpg HTTP/1.1" 200 108839 "http://www.frisoer-guergen.de/" "Mozilla/5.0 (Windows NT 10.0; WOW64) AppleWebKit/537.36 (KHTML, like Gecko) Chrome/67.0.3396.87 Safari/537.36 OPR/54.0.2952.54"
178.12.112.127 - - [19/Jul/2018:13:34:31 +0200] "GET /favicon.ico HTTP/1.1" 404 1256 "http://www.frisoer-guergen.de/" "Mozilla/5.0 (Windows NT 10.0; WOW64) AppleWebKit/537.36 (KHTML, like Gecko) Chrome/67.0.3396.87 Safari/537.36 OPR/54.0.2952.54"
149.202.191.12 - - [19/Jul/2018:14:13:17 +0200] "GET //wp-login.php HTTP/1.1" 404 1256 "-" "Mozilla/5.0 (X11; U; Linux i686; pt-BR; rv:1.9.0.15) Gecko/2009102815 Ubuntu/9.04 (jaunty) Firefox/3.0.15"
149.202.191.12 - - [19/Jul/2018:14:13:17 +0200] "GET /blog//wp-login.php HTTP/1.1" 404 1256 "-" "Mozilla/5.0 (X11; U; Linux i686; pt-BR; rv:1.9.0.15) Gecko/2009102815 Ubuntu/9.04 (jaunty) Firefox/3.0.15"
149.202.191.12 - - [19/Jul/2018:14:13:17 +0200] "GET /wordpress//wp-login.php HTTP/1.1" 404 1256 "-" "Mozilla/5.0 (X11; U; Linux i686; pt-BR; rv:1.9.0.15) Gecko/2009102815 Ubuntu/9.04 (jaunty) Firefox/3.0.15"
149.202.191.12 - - [19/Jul/2018:14:13:17 +0200] "GET /wp//wp-login.php HTTP/1.1" 404 1256 "-" "Mozilla/5.0 (X11; U; Linux i686; pt-BR; rv:1.9.0.15) Gecko/2009102815 Ubuntu/9.04 (jaunty) Firefox/3.0.15"
212.123.255.150 - - [19/Jul/2018:14:15:49 +0200] "GET / HTTP/1.1" 200 1225 "http://www.google.de/url?sa=t&rct=j&q=&esrc=s&source=web&cd=2&ved=0ahUKEwjcyJTYkKvcAhVLbFAKHWuKB9wQgU8IJzAB&url=http%3A%2F%2Fwww.frisoer-guergen.de%2F&usg=AOvVaw0adbS4thYfX-HJRenxeDrL" "Mozilla/5.0 (Windows NT 6.3; WOW64; Trident/7.0; rv:11.0) like Gecko"
212.123.255.150 - - [19/Jul/2018:14:15:49 +0200] "GET /picture/back.gif HTTP/1.1" 404 1256 "http://www.frisoer-guergen.de/" "Mozilla/5.0 (Windows NT 6.3; WOW64; Trident/7.0; rv:11.0) like Gecko"
212.123.255.150 - - [19/Jul/2018:14:15:49 +0200] "GET /picture/back.gif HTTP/1.1" 404 1256 "http://www.frisoer-guergen.de/" "Mozilla/5.0 (Windows NT 6.3; WOW64; Trident/7.0; rv:11.0) like Gecko"
212.123.255.150 - - [19/Jul/2018:14:15:49 +0200] "GET /picture/frisoer-logo.jpg HTTP/1.1" 200 108839 "http://www.frisoer-guergen.de/" "Mozilla/5.0 (Windows NT 6.3; WOW64; Trident/7.0; rv:11.0) like Gecko"
212.123.255.150 - - [19/Jul/2018:14:15:50 +0200] "GET /favicon.ico HTTP/1.1" 404 1256 "-" "Mozilla/5.0 (Windows NT 6.3; Win64; x64; Trident/7.0; Touch; rv:11.0) like Gecko"
212.123.255.150 - - [19/Jul/2018:14:18:28 +0200] "GET /picture/back.gif HTTP/1.1" 404 1256 "http://www.frisoer-guergen.de/" "Mozilla/5.0 (Windows NT 6.3; WOW64; Trident/7.0; rv:11.0) like Gecko"
