138.197.15.90 - - [01/Nov/2019:02:50:05 +0100] "GET / HTTP/1.0" 301 384 "-" "Mozilla/5.0 (compatible; NetcraftSurveyAgent/1.0; +info@netcraft.com)"
141.8.189.150 - - [01/Nov/2019:03:05:10 +0100] "GET /robots.txt HTTP/1.1" 301 392 "-" "Mozilla/5.0 (compatible; YandexBot/3.0; +http://yandex.com/bots)"
5.255.251.16 - - [01/Nov/2019:03:05:15 +0100] "GET /robots.txt HTTP/1.1" 301 392 "-" "Mozilla/5.0 (compatible; YandexBot/3.0; +http://yandex.com/bots)"
87.250.233.79 - - [01/Nov/2019:03:05:20 +0100] "GET /robots.txt HTTP/1.1" 301 392 "-" "Mozilla/5.0 (compatible; YandexBot/3.0; +http://yandex.com/bots)"
141.8.189.149 - - [01/Nov/2019:03:05:25 +0100] "GET /robots.txt HTTP/1.1" 301 392 "-" "Mozilla/5.0 (compatible; YandexBot/3.0; +http://yandex.com/bots)"
141.8.141.129 - - [01/Nov/2019:03:05:40 +0100] "GET /robots.txt HTTP/1.1" 301 392 "-" "Mozilla/5.0 (compatible; YandexBot/3.0; +http://yandex.com/bots)"
141.8.189.147 - - [01/Nov/2019:03:05:55 +0100] "GET /robots.txt HTTP/1.1" 301 392 "-" "Mozilla/5.0 (compatible; YandexBot/3.0; +http://yandex.com/bots)"
87.250.244.10 - - [01/Nov/2019:03:06:25 +0100] "GET /robots.txt HTTP/1.1" 301 392 "-" "Mozilla/5.0 (compatible; YandexBot/3.0; +http://yandex.com/bots)"
141.8.189.148 - - [01/Nov/2019:03:07:25 +0100] "GET /robots.txt HTTP/1.1" 301 392 "-" "Mozilla/5.0 (compatible; YandexBot/3.0; +http://yandex.com/bots)"
141.8.141.139 - - [01/Nov/2019:03:08:25 +0100] "GET /robots.txt HTTP/1.1" 301 392 "-" "Mozilla/5.0 (compatible; YandexBot/3.0; +http://yandex.com/bots)"
5.255.251.18 - - [01/Nov/2019:03:10:26 +0100] "GET /robots.txt HTTP/1.1" 301 392 "-" "Mozilla/5.0 (compatible; YandexBot/3.0; +http://yandex.com/bots)"
5.255.251.4 - - [01/Nov/2019:03:13:26 +0100] "GET /robots.txt HTTP/1.1" 301 392 "-" "Mozilla/5.0 (compatible; YandexBot/3.0; +http://yandex.com/bots)"
5.255.251.10 - - [01/Nov/2019:03:18:26 +0100] "GET /robots.txt HTTP/1.1" 301 392 "-" "Mozilla/5.0 (compatible; YandexBot/3.0; +http://yandex.com/bots)"
87.250.233.68 - - [01/Nov/2019:03:26:26 +0100] "GET /robots.txt HTTP/1.1" 301 392 "-" "Mozilla/5.0 (compatible; YandexBot/3.0; +http://yandex.com/bots)"
157.245.209.10 - - [01/Nov/2019:05:15:14 +0100] "GET / HTTP/1.0" 301 367 "-" "Mozilla/5.0 (compatible; NetcraftSurveyAgent/1.0; +info@netcraft.com)"
157.55.39.13 - - [01/Nov/2019:05:22:34 +0100] "GET /robots.txt HTTP/1.1" 301 392 "-" "Mozilla/5.0 (compatible; bingbot/2.0; +http://www.bing.com/bingbot.htm)"
157.55.39.13 - - [01/Nov/2019:05:25:46 +0100] "GET /robots.txt HTTP/1.1" 301 392 "-" "Mozilla/5.0 (compatible; bingbot/2.0; +http://www.bing.com/bingbot.htm)"
157.55.39.13 - - [01/Nov/2019:05:34:27 +0100] "GET /robots.txt HTTP/1.1" 301 392 "-" "Mozilla/5.0 (compatible; bingbot/2.0; +http://www.bing.com/bingbot.htm)"
157.55.39.86 - - [01/Nov/2019:05:34:35 +0100] "GET / HTTP/1.1" 301 382 "-" "Mozilla/5.0 (compatible; bingbot/2.0; +http://www.bing.com/bingbot.htm)"
142.93.185.241 - - [01/Nov/2019:06:42:11 +0100] "GET / HTTP/1.0" 301 379 "-" "Mozilla/5.0 (compatible; NetcraftSurveyAgent/1.0; +info@netcraft.com)"
87.250.233.66 - - [01/Nov/2019:09:24:37 +0100] "GET /robots.txt HTTP/1.1" 301 377 "-" "Mozilla/5.0 (compatible; YandexBot/3.0; +http://yandex.com/bots)"
87.250.233.76 - - [01/Nov/2019:09:24:42 +0100] "GET /robots.txt HTTP/1.1" 301 377 "-" "Mozilla/5.0 (compatible; YandexBot/3.0; +http://yandex.com/bots)"
5.255.251.1 - - [01/Nov/2019:09:24:47 +0100] "GET /robots.txt HTTP/1.1" 301 377 "-" "Mozilla/5.0 (compatible; YandexBot/3.0; +http://yandex.com/bots)"
77.88.9.134 - - [01/Nov/2019:09:24:52 +0100] "GET /robots.txt HTTP/1.1" 301 377 "-" "Mozilla/5.0 (compatible; YandexBot/3.0; +http://yandex.com/bots)"
93.158.167.129 - - [01/Nov/2019:09:25:07 +0100] "GET /robots.txt HTTP/1.1" 301 377 "-" "Mozilla/5.0 (compatible; YandexBot/3.0; +http://yandex.com/bots)"
87.250.233.78 - - [01/Nov/2019:09:25:22 +0100] "GET /robots.txt HTTP/1.1" 301 377 "-" "Mozilla/5.0 (compatible; YandexBot/3.0; +http://yandex.com/bots)"
77.88.9.130 - - [01/Nov/2019:09:25:52 +0100] "GET /robots.txt HTTP/1.1" 301 377 "-" "Mozilla/5.0 (compatible; YandexBot/3.0; +http://yandex.com/bots)"
141.8.141.130 - - [01/Nov/2019:09:26:53 +0100] "GET /robots.txt HTTP/1.1" 301 377 "-" "Mozilla/5.0 (compatible; YandexBot/3.0; +http://yandex.com/bots)"
141.8.189.144 - - [01/Nov/2019:09:27:53 +0100] "GET /robots.txt HTTP/1.1" 301 377 "-" "Mozilla/5.0 (compatible; YandexBot/3.0; +http://yandex.com/bots)"
5.255.251.9 - - [01/Nov/2019:09:29:54 +0100] "GET /robots.txt HTTP/1.1" 301 377 "-" "Mozilla/5.0 (compatible; YandexBot/3.0; +http://yandex.com/bots)"
87.250.244.3 - - [01/Nov/2019:09:32:57 +0100] "GET /robots.txt HTTP/1.1" 301 377 "-" "Mozilla/5.0 (compatible; YandexBot/3.0; +http://yandex.com/bots)"
93.158.167.128 - - [01/Nov/2019:09:37:57 +0100] "GET /robots.txt HTTP/1.1" 301 377 "-" "Mozilla/5.0 (compatible; YandexBot/3.0; +http://yandex.com/bots)"
87.250.233.68 - - [01/Nov/2019:09:45:57 +0100] "GET /robots.txt HTTP/1.1" 301 377 "-" "Mozilla/5.0 (compatible; YandexBot/3.0; +http://yandex.com/bots)"
167.71.81.187 - - [01/Nov/2019:09:50:56 +0100] "GET / HTTP/1.0" 301 382 "-" "Mozilla/5.0 (compatible; NetcraftSurveyAgent/1.0; +info@netcraft.com)"
87.250.233.72 - - [01/Nov/2019:09:55:57 +0100] "GET /robots.txt HTTP/1.1" 301 377 "-" "Mozilla/5.0 (compatible; YandexBot/3.0; +http://yandex.com/bots)"
5.45.203.4 - - [01/Nov/2019:10:05:58 +0100] "GET /robots.txt HTTP/1.1" 301 377 "-" "Mozilla/5.0 (compatible; YandexBot/3.0; +http://yandex.com/bots)"
87.250.244.4 - - [01/Nov/2019:10:15:58 +0100] "GET /robots.txt HTTP/1.1" 301 377 "-" "Mozilla/5.0 (compatible; YandexBot/3.0; +http://yandex.com/bots)"
141.8.189.150 - - [01/Nov/2019:10:25:58 +0100] "GET /robots.txt HTTP/1.1" 301 377 "-" "Mozilla/5.0 (compatible; YandexBot/3.0; +http://yandex.com/bots)"
141.8.189.150 - - [01/Nov/2019:10:35:58 +0100] "GET /robots.txt HTTP/1.1" 301 377 "-" "Mozilla/5.0 (compatible; YandexBot/3.0; +http://yandex.com/bots)"
141.8.189.150 - - [01/Nov/2019:10:45:58 +0100] "GET /robots.txt HTTP/1.1" 301 377 "-" "Mozilla/5.0 (compatible; YandexBot/3.0; +http://yandex.com/bots)"
141.8.189.150 - - [01/Nov/2019:10:55:58 +0100] "GET /robots.txt HTTP/1.1" 301 377 "-" "Mozilla/5.0 (compatible; YandexBot/3.0; +http://yandex.com/bots)"
141.8.189.150 - - [01/Nov/2019:11:05:58 +0100] "GET /robots.txt HTTP/1.1" 301 377 "-" "Mozilla/5.0 (compatible; YandexBot/3.0; +http://yandex.com/bots)"
141.8.189.150 - - [01/Nov/2019:11:15:58 +0100] "GET /robots.txt HTTP/1.1" 301 377 "-" "Mozilla/5.0 (compatible; YandexBot/3.0; +http://yandex.com/bots)"
141.8.189.150 - - [02/Nov/2019:08:02:15 +0100] "GET /robots.txt HTTP/1.1" 301 375 "-" "Mozilla/5.0 (compatible; YandexBot/3.0; +http://yandex.com/bots)"
5.255.251.16 - - [02/Nov/2019:08:02:20 +0100] "GET /robots.txt HTTP/1.1" 301 375 "-" "Mozilla/5.0 (compatible; YandexBot/3.0; +http://yandex.com/bots)"
87.250.233.79 - - [02/Nov/2019:08:02:25 +0100] "GET /robots.txt HTTP/1.1" 301 375 "-" "Mozilla/5.0 (compatible; YandexBot/3.0; +http://yandex.com/bots)"
141.8.189.149 - - [02/Nov/2019:08:02:31 +0100] "GET /robots.txt HTTP/1.1" 301 375 "-" "Mozilla/5.0 (compatible; YandexBot/3.0; +http://yandex.com/bots)"
141.8.141.129 - - [02/Nov/2019:08:02:46 +0100] "GET /robots.txt HTTP/1.1" 301 375 "-" "Mozilla/5.0 (compatible; YandexBot/3.0; +http://yandex.com/bots)"
141.8.189.147 - - [02/Nov/2019:08:03:01 +0100] "GET /robots.txt HTTP/1.1" 301 375 "-" "Mozilla/5.0 (compatible; YandexBot/3.0; +http://yandex.com/bots)"
87.250.244.10 - - [02/Nov/2019:08:03:31 +0100] "GET /robots.txt HTTP/1.1" 301 375 "-" "Mozilla/5.0 (compatible; YandexBot/3.0; +http://yandex.com/bots)"
141.8.189.148 - - [02/Nov/2019:08:04:31 +0100] "GET /robots.txt HTTP/1.1" 301 375 "-" "Mozilla/5.0 (compatible; YandexBot/3.0; +http://yandex.com/bots)"
141.8.141.139 - - [02/Nov/2019:08:05:31 +0100] "GET /robots.txt HTTP/1.1" 301 375 "-" "Mozilla/5.0 (compatible; YandexBot/3.0; +http://yandex.com/bots)"
5.255.251.18 - - [02/Nov/2019:08:07:31 +0100] "GET /robots.txt HTTP/1.1" 301 375 "-" "Mozilla/5.0 (compatible; YandexBot/3.0; +http://yandex.com/bots)"
5.255.251.4 - - [02/Nov/2019:08:10:31 +0100] "GET /robots.txt HTTP/1.1" 301 375 "-" "Mozilla/5.0 (compatible; YandexBot/3.0; +http://yandex.com/bots)"
87.250.244.7 - - [02/Nov/2019:08:15:31 +0100] "GET /robots.txt HTTP/1.1" 301 375 "-" "Mozilla/5.0 (compatible; YandexBot/3.0; +http://yandex.com/bots)"
141.8.141.131 - - [02/Nov/2019:08:23:32 +0100] "GET /robots.txt HTTP/1.1" 301 375 "-" "Mozilla/5.0 (compatible; YandexBot/3.0; +http://yandex.com/bots)"
77.88.9.132 - - [02/Nov/2019:08:33:32 +0100] "GET /robots.txt HTTP/1.1" 301 375 "-" "Mozilla/5.0 (compatible; YandexBot/3.0; +http://yandex.com/bots)"
87.250.233.76 - - [02/Nov/2019:08:43:32 +0100] "GET /robots.txt HTTP/1.1" 301 375 "-" "Mozilla/5.0 (compatible; YandexBot/3.0; +http://yandex.com/bots)"
95.216.96.254 - - [02/Nov/2019:08:50:16 +0100] "GET /robots.txt HTTP/1.1" 301 375 "-" "Mozilla/5.0 (compatible; SEOkicks; +https://www.seokicks.de/robot.html)"
95.216.96.254 - - [02/Nov/2019:08:50:18 +0100] "GET / HTTP/1.1" 301 365 "-" "Mozilla/5.0 (compatible; SEOkicks; +https://www.seokicks.de/robot.html)"
5.255.251.16 - - [02/Nov/2019:08:53:32 +0100] "GET /robots.txt HTTP/1.1" 301 375 "-" "Mozilla/5.0 (compatible; YandexBot/3.0; +http://yandex.com/bots)"
141.8.189.150 - - [02/Nov/2019:09:03:32 +0100] "GET /robots.txt HTTP/1.1" 301 375 "-" "Mozilla/5.0 (compatible; YandexBot/3.0; +http://yandex.com/bots)"
141.8.189.150 - - [02/Nov/2019:09:13:32 +0100] "GET /robots.txt HTTP/1.1" 301 375 "-" "Mozilla/5.0 (compatible; YandexBot/3.0; +http://yandex.com/bots)"
141.8.189.150 - - [02/Nov/2019:09:23:32 +0100] "GET /robots.txt HTTP/1.1" 301 375 "-" "Mozilla/5.0 (compatible; YandexBot/3.0; +http://yandex.com/bots)"
141.8.189.150 - - [02/Nov/2019:09:33:32 +0100] "GET /robots.txt HTTP/1.1" 301 375 "-" "Mozilla/5.0 (compatible; YandexBot/3.0; +http://yandex.com/bots)"
141.8.189.150 - - [02/Nov/2019:09:43:32 +0100] "GET /robots.txt HTTP/1.1" 301 375 "-" "Mozilla/5.0 (compatible; YandexBot/3.0; +http://yandex.com/bots)"
141.8.189.150 - - [02/Nov/2019:09:53:33 +0100] "GET /robots.txt HTTP/1.1" 301 375 "-" "Mozilla/5.0 (compatible; YandexBot/3.0; +http://yandex.com/bots)"
141.8.189.150 - - [02/Nov/2019:10:03:33 +0100] "GET /robots.txt HTTP/1.1" 301 375 "-" "Mozilla/5.0 (compatible; YandexBot/3.0; +http://yandex.com/bots)"
141.8.189.150 - - [02/Nov/2019:10:13:34 +0100] "GET /robots.txt HTTP/1.1" 301 375 "-" "Mozilla/5.0 (compatible; YandexBot/3.0; +http://yandex.com/bots)"
141.8.189.150 - - [02/Nov/2019:10:23:34 +0100] "GET /robots.txt HTTP/1.1" 301 375 "-" "Mozilla/5.0 (compatible; YandexBot/3.0; +http://yandex.com/bots)"
141.8.189.150 - - [02/Nov/2019:10:33:34 +0100] "GET /robots.txt HTTP/1.1" 301 375 "-" "Mozilla/5.0 (compatible; YandexBot/3.0; +http://yandex.com/bots)"
162.213.249.171 - - [02/Nov/2019:12:39:33 +0100] "GET /up.php HTTP/1.1" 301 371 "-" "-"
141.8.189.150 - - [02/Nov/2019:14:52:12 +0100] "GET /robots.txt HTTP/1.1" 301 384 "-" "Mozilla/5.0 (compatible; YandexBot/3.0; +http://yandex.com/bots)"
5.255.251.16 - - [02/Nov/2019:14:52:17 +0100] "GET /robots.txt HTTP/1.1" 301 384 "-" "Mozilla/5.0 (compatible; YandexBot/3.0; +http://yandex.com/bots)"
5.255.251.7 - - [02/Nov/2019:14:52:23 +0100] "GET /robots.txt HTTP/1.1" 301 384 "-" "Mozilla/5.0 (compatible; YandexBot/3.0; +http://yandex.com/bots)"
77.88.9.129 - - [02/Nov/2019:14:52:28 +0100] "GET /robots.txt HTTP/1.1" 301 384 "-" "Mozilla/5.0 (compatible; YandexBot/3.0; +http://yandex.com/bots)"
77.88.9.136 - - [02/Nov/2019:14:52:43 +0100] "GET /robots.txt HTTP/1.1" 301 384 "-" "Mozilla/5.0 (compatible; YandexBot/3.0; +http://yandex.com/bots)"
5.45.203.6 - - [02/Nov/2019:14:52:58 +0100] "GET /robots.txt HTTP/1.1" 301 384 "-" "Mozilla/5.0 (compatible; YandexBot/3.0; +http://yandex.com/bots)"
5.255.251.17 - - [02/Nov/2019:14:53:28 +0100] "GET /robots.txt HTTP/1.1" 301 384 "-" "Mozilla/5.0 (compatible; YandexBot/3.0; +http://yandex.com/bots)"
87.250.233.69 - - [02/Nov/2019:14:54:28 +0100] "GET /robots.txt HTTP/1.1" 301 384 "-" "Mozilla/5.0 (compatible; YandexBot/3.0; +http://yandex.com/bots)"
141.8.141.135 - - [02/Nov/2019:14:55:28 +0100] "GET /robots.txt HTTP/1.1" 301 384 "-" "Mozilla/5.0 (compatible; YandexBot/3.0; +http://yandex.com/bots)"
141.8.141.138 - - [02/Nov/2019:14:57:30 +0100] "GET /robots.txt HTTP/1.1" 301 384 "-" "Mozilla/5.0 (compatible; YandexBot/3.0; +http://yandex.com/bots)"
5.255.251.5 - - [02/Nov/2019:15:00:30 +0100] "GET /robots.txt HTTP/1.1" 301 384 "-" "Mozilla/5.0 (compatible; YandexBot/3.0; +http://yandex.com/bots)"
77.88.9.133 - - [02/Nov/2019:15:05:30 +0100] "GET /robots.txt HTTP/1.1" 301 384 "-" "Mozilla/5.0 (compatible; YandexBot/3.0; +http://yandex.com/bots)"
5.255.251.10 - - [02/Nov/2019:15:13:30 +0100] "GET /robots.txt HTTP/1.1" 301 384 "-" "Mozilla/5.0 (compatible; YandexBot/3.0; +http://yandex.com/bots)"
87.250.233.68 - - [02/Nov/2019:15:23:30 +0100] "GET /robots.txt HTTP/1.1" 301 384 "-" "Mozilla/5.0 (compatible; YandexBot/3.0; +http://yandex.com/bots)"
77.88.9.138 - - [02/Nov/2019:15:33:30 +0100] "GET /robots.txt HTTP/1.1" 301 384 "-" "Mozilla/5.0 (compatible; YandexBot/3.0; +http://yandex.com/bots)"
141.8.189.150 - - [02/Nov/2019:15:43:30 +0100] "GET /robots.txt HTTP/1.1" 301 384 "-" "Mozilla/5.0 (compatible; YandexBot/3.0; +http://yandex.com/bots)"
141.8.189.150 - - [02/Nov/2019:15:53:30 +0100] "GET /robots.txt HTTP/1.1" 301 384 "-" "Mozilla/5.0 (compatible; YandexBot/3.0; +http://yandex.com/bots)"
141.8.189.150 - - [02/Nov/2019:16:03:30 +0100] "GET /robots.txt HTTP/1.1" 301 384 "-" "Mozilla/5.0 (compatible; YandexBot/3.0; +http://yandex.com/bots)"
141.8.189.150 - - [02/Nov/2019:16:13:31 +0100] "GET /robots.txt HTTP/1.1" 301 384 "-" "Mozilla/5.0 (compatible; YandexBot/3.0; +http://yandex.com/bots)"
141.8.189.150 - - [02/Nov/2019:16:23:31 +0100] "GET /robots.txt HTTP/1.1" 301 384 "-" "Mozilla/5.0 (compatible; YandexBot/3.0; +http://yandex.com/bots)"
141.8.189.150 - - [02/Nov/2019:16:33:31 +0100] "GET /robots.txt HTTP/1.1" 301 384 "-" "Mozilla/5.0 (compatible; YandexBot/3.0; +http://yandex.com/bots)"
141.8.189.150 - - [02/Nov/2019:16:43:31 +0100] "GET /robots.txt HTTP/1.1" 301 384 "-" "Mozilla/5.0 (compatible; YandexBot/3.0; +http://yandex.com/bots)"
66.249.64.97 - - [02/Nov/2019:16:51:42 +0100] "GET /robots.txt HTTP/1.1" 301 384 "-" "Mozilla/5.0 (compatible; Googlebot/2.1; +http://www.google.com/bot.html)"
66.249.64.126 - - [02/Nov/2019:16:51:42 +0100] "GET / HTTP/1.1" 301 374 "-" "Mozilla/5.0 (Linux; Android 6.0.1; Nexus 5X Build/MMB29P) AppleWebKit/537.36 (KHTML, like Gecko) Chrome/41.0.2272.96 Mobile Safari/537.36 (compatible; Googlebot/2.1; +http://www.google.com/bot.html)"
141.8.189.150 - - [02/Nov/2019:16:53:31 +0100] "GET /robots.txt HTTP/1.1" 301 384 "-" "Mozilla/5.0 (compatible; YandexBot/3.0; +http://yandex.com/bots)"
141.8.189.150 - - [02/Nov/2019:17:03:31 +0100] "GET /robots.txt HTTP/1.1" 301 384 "-" "Mozilla/5.0 (compatible; YandexBot/3.0; +http://yandex.com/bots)"
66.249.64.57 - - [02/Nov/2019:17:11:43 +0100] "GET /robots.txt HTTP/1.1" 301 386 "-" "Mozilla/5.0 (compatible; Googlebot/2.1; +http://www.google.com/bot.html)"
66.249.64.57 - - [02/Nov/2019:17:11:43 +0100] "GET / HTTP/1.1" 301 376 "-" "Mozilla/5.0 (Linux; Android 6.0.1; Nexus 5X Build/MMB29P) AppleWebKit/537.36 (KHTML, like Gecko) Chrome/41.0.2272.96 Mobile Safari/537.36 (compatible; Googlebot/2.1; +http://www.google.com/bot.html)"
141.8.189.150 - - [02/Nov/2019:17:13:31 +0100] "GET /robots.txt HTTP/1.1" 301 384 "-" "Mozilla/5.0 (compatible; YandexBot/3.0; +http://yandex.com/bots)"
66.249.64.138 - - [02/Nov/2019:17:21:44 +0100] "GET /robots.txt HTTP/1.1" 301 377 "-" "Mozilla/5.0 (compatible; Googlebot/2.1; +http://www.google.com/bot.html)"
66.249.64.134 - - [02/Nov/2019:17:21:44 +0100] "GET / HTTP/1.1" 301 367 "-" "Mozilla/5.0 (Linux; Android 6.0.1; Nexus 5X Build/MMB29P) AppleWebKit/537.36 (KHTML, like Gecko) Chrome/41.0.2272.96 Mobile Safari/537.36 (compatible; Googlebot/2.1; +http://www.google.com/bot.html)"
141.8.189.150 - - [02/Nov/2019:17:23:31 +0100] "GET /robots.txt HTTP/1.1" 301 384 "-" "Mozilla/5.0 (compatible; YandexBot/3.0; +http://yandex.com/bots)"
157.55.39.25 - - [02/Nov/2019:20:38:09 +0100] "GET /robots.txt HTTP/1.1" 301 377 "-" "Mozilla/5.0 (compatible; bingbot/2.0; +http://www.bing.com/bingbot.htm)"
157.55.39.25 - - [02/Nov/2019:21:02:57 +0100] "GET /robots.txt HTTP/1.1" 301 377 "-" "Mozilla/5.0 (compatible; bingbot/2.0; +http://www.bing.com/bingbot.htm)"
157.55.39.25 - - [02/Nov/2019:21:10:24 +0100] "GET /robots.txt HTTP/1.1" 301 377 "-" "Mozilla/5.0 (compatible; bingbot/2.0; +http://www.bing.com/bingbot.htm)"
157.55.39.184 - - [02/Nov/2019:21:10:35 +0100] "GET / HTTP/1.1" 301 367 "-" "Mozilla/5.0 (compatible; bingbot/2.0; +http://www.bing.com/bingbot.htm)"
66.249.64.55 - - [03/Nov/2019:02:13:52 +0100] "GET / HTTP/1.1" 301 376 "-" "Mozilla/5.0 (Linux; Android 6.0.1; Nexus 5X Build/MMB29P) AppleWebKit/537.36 (KHTML, like Gecko) Chrome/41.0.2272.96 Mobile Safari/537.36 (compatible; Googlebot/2.1; +http://www.google.com/bot.html)"
66.249.64.136 - - [03/Nov/2019:02:23:53 +0100] "GET / HTTP/1.1" 301 367 "-" "Mozilla/5.0 (Linux; Android 6.0.1; Nexus 5X Build/MMB29P) AppleWebKit/537.36 (KHTML, like Gecko) Chrome/41.0.2272.96 Mobile Safari/537.36 (compatible; Googlebot/2.1; +http://www.google.com/bot.html)"
162.213.249.171 - - [03/Nov/2019:02:49:28 +0100] "GET /upload.php HTTP/1.1" 301 375 "-" "-"
66.249.64.124 - - [03/Nov/2019:03:23:44 +0100] "GET / HTTP/1.1" 301 374 "-" "Mozilla/5.0 (Linux; Android 6.0.1; Nexus 5X Build/MMB29P) AppleWebKit/537.36 (KHTML, like Gecko) Chrome/41.0.2272.96 Mobile Safari/537.36 (compatible; Googlebot/2.1; +http://www.google.com/bot.html)"
136.243.83.42 - - [03/Nov/2019:06:41:49 +0100] "GET /robots.txt HTTP/1.1" 301 375 "-" "Mozilla/5.0 (compatible; MetaJobBot; http://www.metajob.de/crawler)"
136.243.83.42 - - [03/Nov/2019:06:41:49 +0100] "GET / HTTP/1.1" 301 365 "-" "Mozilla/5.0 (compatible; MetaJobBot; http://www.metajob.de/crawler)"
95.216.96.170 - - [03/Nov/2019:09:36:50 +0100] "GET /robots.txt HTTP/1.1" 301 375 "-" "Mozilla/5.0 (compatible; SEOkicks; +https://www.seokicks.de/robot.html)"
95.216.96.170 - - [03/Nov/2019:09:36:52 +0100] "GET / HTTP/1.1" 301 365 "-" "Mozilla/5.0 (compatible; SEOkicks; +https://www.seokicks.de/robot.html)"
66.249.64.138 - - [03/Nov/2019:10:50:29 +0100] "GET /robots.txt HTTP/1.1" 301 377 "-" "Mozilla/5.0 (compatible; Googlebot/2.1; +http://www.google.com/bot.html)"
66.249.64.138 - - [03/Nov/2019:10:50:29 +0100] "GET / HTTP/1.1" 301 367 "-" "Mozilla/5.0 (Linux; Android 6.0.1; Nexus 5X Build/MMB29P) AppleWebKit/537.36 (KHTML, like Gecko) Chrome/41.0.2272.96 Mobile Safari/537.36 (compatible; Googlebot/2.1; +http://www.google.com/bot.html)"
66.249.64.55 - - [03/Nov/2019:11:30:37 +0100] "GET /robots.txt HTTP/1.1" 301 386 "-" "Mozilla/5.0 (compatible; Googlebot/2.1; +http://www.google.com/bot.html)"
66.249.64.55 - - [03/Nov/2019:11:30:37 +0100] "GET / HTTP/1.1" 301 376 "-" "Mozilla/5.0 (Linux; Android 6.0.1; Nexus 5X Build/MMB29P) AppleWebKit/537.36 (KHTML, like Gecko) Chrome/41.0.2272.96 Mobile Safari/537.36 (compatible; Googlebot/2.1; +http://www.google.com/bot.html)"
66.249.64.62 - - [03/Nov/2019:12:22:54 +0100] "GET /robots.txt HTTP/1.1" 301 375 "-" "Mozilla/5.0 (compatible; Googlebot/2.1; +http://www.google.com/bot.html)"
66.249.64.60 - - [03/Nov/2019:12:22:54 +0100] "GET /text/down/ HTTP/1.1" 301 375 "-" "Mozilla/5.0 (Linux; Android 6.0.1; Nexus 5X Build/MMB29P) AppleWebKit/537.36 (KHTML, like Gecko) Chrome/41.0.2272.96 Mobile Safari/537.36 (compatible; Googlebot/2.1; +http://www.google.com/bot.html)"
209.17.96.154 - - [03/Nov/2019:13:11:33 +0100] "GET / HTTP/1.1" 301 365 "-" "Mozilla/5.0 (compatible; Nimbostratus-Bot/v1.3.2; http://cloudsystemnetworks.com)"
66.249.64.97 - - [03/Nov/2019:13:31:14 +0100] "GET /robots.txt HTTP/1.1" 301 384 "-" "Mozilla/5.0 (compatible; Googlebot/2.1; +http://www.google.com/bot.html)"
66.249.64.126 - - [03/Nov/2019:13:31:14 +0100] "GET / HTTP/1.1" 301 374 "-" "Mozilla/5.0 (Linux; Android 6.0.1; Nexus 5X Build/MMB29P) AppleWebKit/537.36 (KHTML, like Gecko) Chrome/41.0.2272.96 Mobile Safari/537.36 (compatible; Googlebot/2.1; +http://www.google.com/bot.html)"
141.8.189.150 - - [03/Nov/2019:15:58:02 +0100] "GET /robots.txt HTTP/1.1" 301 375 "-" "Mozilla/5.0 (compatible; YandexBot/3.0; +http://yandex.com/bots)"
5.255.251.16 - - [03/Nov/2019:15:58:07 +0100] "GET /robots.txt HTTP/1.1" 301 375 "-" "Mozilla/5.0 (compatible; YandexBot/3.0; +http://yandex.com/bots)"
5.255.251.7 - - [03/Nov/2019:15:58:12 +0100] "GET /robots.txt HTTP/1.1" 301 375 "-" "Mozilla/5.0 (compatible; YandexBot/3.0; +http://yandex.com/bots)"
77.88.9.129 - - [03/Nov/2019:15:58:17 +0100] "GET /robots.txt HTTP/1.1" 301 375 "-" "Mozilla/5.0 (compatible; YandexBot/3.0; +http://yandex.com/bots)"
77.88.9.136 - - [03/Nov/2019:15:58:32 +0100] "GET /robots.txt HTTP/1.1" 301 375 "-" "Mozilla/5.0 (compatible; YandexBot/3.0; +http://yandex.com/bots)"
5.45.203.6 - - [03/Nov/2019:15:58:48 +0100] "GET /robots.txt HTTP/1.1" 301 375 "-" "Mozilla/5.0 (compatible; YandexBot/3.0; +http://yandex.com/bots)"
5.255.251.17 - - [03/Nov/2019:15:59:18 +0100] "GET /robots.txt HTTP/1.1" 301 375 "-" "Mozilla/5.0 (compatible; YandexBot/3.0; +http://yandex.com/bots)"
87.250.233.69 - - [03/Nov/2019:16:00:18 +0100] "GET /robots.txt HTTP/1.1" 301 375 "-" "Mozilla/5.0 (compatible; YandexBot/3.0; +http://yandex.com/bots)"
141.8.141.135 - - [03/Nov/2019:16:01:18 +0100] "GET /robots.txt HTTP/1.1" 301 375 "-" "Mozilla/5.0 (compatible; YandexBot/3.0; +http://yandex.com/bots)"
141.8.141.138 - - [03/Nov/2019:16:03:18 +0100] "GET /robots.txt HTTP/1.1" 301 375 "-" "Mozilla/5.0 (compatible; YandexBot/3.0; +http://yandex.com/bots)"
5.255.251.5 - - [03/Nov/2019:16:06:18 +0100] "GET /robots.txt HTTP/1.1" 301 375 "-" "Mozilla/5.0 (compatible; YandexBot/3.0; +http://yandex.com/bots)"
77.88.9.133 - - [03/Nov/2019:16:11:18 +0100] "GET /robots.txt HTTP/1.1" 301 375 "-" "Mozilla/5.0 (compatible; YandexBot/3.0; +http://yandex.com/bots)"
5.255.251.10 - - [03/Nov/2019:16:19:19 +0100] "GET /robots.txt HTTP/1.1" 301 375 "-" "Mozilla/5.0 (compatible; YandexBot/3.0; +http://yandex.com/bots)"
87.250.233.68 - - [03/Nov/2019:16:29:19 +0100] "GET /robots.txt HTTP/1.1" 301 375 "-" "Mozilla/5.0 (compatible; YandexBot/3.0; +http://yandex.com/bots)"
77.88.9.138 - - [03/Nov/2019:16:39:20 +0100] "GET /robots.txt HTTP/1.1" 301 375 "-" "Mozilla/5.0 (compatible; YandexBot/3.0; +http://yandex.com/bots)"
162.213.249.171 - - [03/Nov/2019:16:48:08 +0100] "GET /uploader.php HTTP/1.1" 301 377 "-" "-"
141.8.189.150 - - [03/Nov/2019:16:49:20 +0100] "GET /robots.txt HTTP/1.1" 301 375 "-" "Mozilla/5.0 (compatible; YandexBot/3.0; +http://yandex.com/bots)"
141.8.189.150 - - [03/Nov/2019:16:59:21 +0100] "GET /robots.txt HTTP/1.1" 301 375 "-" "Mozilla/5.0 (compatible; YandexBot/3.0; +http://yandex.com/bots)"
141.8.189.150 - - [03/Nov/2019:17:09:21 +0100] "GET /robots.txt HTTP/1.1" 301 375 "-" "Mozilla/5.0 (compatible; YandexBot/3.0; +http://yandex.com/bots)"
104.225.218.39 - - [03/Nov/2019:17:13:04 +0100] "GET / HTTP/1.1" 301 367 "-" "Mozilla/5.0 (Windows NT 10.0; Win64; x64) AppleWebKit/537.36 (KHTML, like Gecko) Chrome/74.0.3729.131 Safari/537.36"
141.8.189.150 - - [03/Nov/2019:17:19:21 +0100] "GET /robots.txt HTTP/1.1" 301 375 "-" "Mozilla/5.0 (compatible; YandexBot/3.0; +http://yandex.com/bots)"
100.25.177.214 - - [03/Nov/2019:17:22:29 +0100] "GET / HTTP/1.1" 301 374 "-" "Mozilla/5.0 (Windows NT 10.0; Win64; x64) AppleWebKit/537.36 (KHTML, like Gecko) Chrome/74.0.3729.131 Safari/537.36"
141.8.189.150 - - [03/Nov/2019:17:29:21 +0100] "GET /robots.txt HTTP/1.1" 301 375 "-" "Mozilla/5.0 (compatible; YandexBot/3.0; +http://yandex.com/bots)"
141.8.189.150 - - [03/Nov/2019:17:39:21 +0100] "GET /robots.txt HTTP/1.1" 301 375 "-" "Mozilla/5.0 (compatible; YandexBot/3.0; +http://yandex.com/bots)"
141.8.189.150 - - [03/Nov/2019:17:49:22 +0100] "GET /robots.txt HTTP/1.1" 301 375 "-" "Mozilla/5.0 (compatible; YandexBot/3.0; +http://yandex.com/bots)"
141.8.189.150 - - [03/Nov/2019:17:59:24 +0100] "GET /robots.txt HTTP/1.1" 301 375 "-" "Mozilla/5.0 (compatible; YandexBot/3.0; +http://yandex.com/bots)"
141.8.189.150 - - [03/Nov/2019:18:09:24 +0100] "GET /robots.txt HTTP/1.1" 301 375 "-" "Mozilla/5.0 (compatible; YandexBot/3.0; +http://yandex.com/bots)"
141.8.189.150 - - [03/Nov/2019:18:19:24 +0100] "GET /robots.txt HTTP/1.1" 301 375 "-" "Mozilla/5.0 (compatible; YandexBot/3.0; +http://yandex.com/bots)"
91.242.162.44 - - [03/Nov/2019:19:29:35 +0100] "GET /robots.txt HTTP/1.1" 301 375 "-" "Mozilla/5.0 (compatible; Qwantify/2.4w; +https://www.qwant.com/)/2.4w"
91.242.162.44 - - [03/Nov/2019:19:29:35 +0100] "GET /security HTTP/1.1" 301 373 "-" "Mozilla/5.0 (compatible; Qwantify/2.4w; +https://www.qwant.com/)/2.4w"
66.249.64.134 - - [03/Nov/2019:19:53:15 +0100] "GET / HTTP/1.1" 301 367 "-" "Mozilla/5.0 (Linux; Android 6.0.1; Nexus 5X Build/MMB29P) AppleWebKit/537.36 (KHTML, like Gecko) Chrome/41.0.2272.96 Mobile Safari/537.36 (compatible; Googlebot/2.1; +http://www.google.com/bot.html)"
66.249.64.59 - - [03/Nov/2019:20:33:36 +0100] "GET / HTTP/1.1" 301 376 "-" "Mozilla/5.0 (Linux; Android 6.0.1; Nexus 5X Build/MMB29P) AppleWebKit/537.36 (KHTML, like Gecko) Chrome/41.0.2272.96 Mobile Safari/537.36 (compatible; Googlebot/2.1; +http://www.google.com/bot.html)"
66.249.64.97 - - [03/Nov/2019:23:33:48 +0100] "GET / HTTP/1.1" 301 374 "-" "Mozilla/5.0 (Linux; Android 6.0.1; Nexus 5X Build/MMB29P) AppleWebKit/537.36 (KHTML, like Gecko) Chrome/41.0.2272.96 Mobile Safari/537.36 (compatible; Googlebot/2.1; +http://www.google.com/bot.html)"
100.26.243.134 - - [04/Nov/2019:01:11:25 +0100] "GET / HTTP/1.1" 301 365 "-" "Mozilla/5.0 (Windows NT 10.0; Win64; x64) AppleWebKit/537.36 (KHTML, like Gecko) Chrome/74.0.3729.131 Safari/537.36"
66.249.64.138 - - [04/Nov/2019:04:46:13 +0100] "GET /robots.txt HTTP/1.1" 301 377 "-" "Mozilla/5.0 (compatible; Googlebot/2.1; +http://www.google.com/bot.html)"
66.249.64.136 - - [04/Nov/2019:04:46:13 +0100] "GET / HTTP/1.1" 301 367 "-" "Mozilla/5.0 (Linux; Android 6.0.1; Nexus 5X Build/MMB29P) AppleWebKit/537.36 (KHTML, like Gecko) Chrome/41.0.2272.96 Mobile Safari/537.36 (compatible; Googlebot/2.1; +http://www.google.com/bot.html)"
66.249.64.55 - - [04/Nov/2019:04:46:18 +0100] "GET /robots.txt HTTP/1.1" 301 386 "-" "Mozilla/5.0 (compatible; Googlebot/2.1; +http://www.google.com/bot.html)"
66.249.64.59 - - [04/Nov/2019:04:46:20 +0100] "GET / HTTP/1.1" 301 376 "-" "Mozilla/5.0 (Linux; Android 6.0.1; Nexus 5X Build/MMB29P) AppleWebKit/537.36 (KHTML, like Gecko) Chrome/41.0.2272.96 Mobile Safari/537.36 (compatible; Googlebot/2.1; +http://www.google.com/bot.html)"
162.213.249.171 - - [04/Nov/2019:06:51:23 +0100] "GET /uploads.php HTTP/1.1" 301 376 "-" "-"
66.249.64.134 - - [04/Nov/2019:13:55:35 +0100] "GET / HTTP/1.1" 301 367 "-" "Mozilla/5.0 (Linux; Android 6.0.1; Nexus 5X Build/MMB29P) AppleWebKit/537.36 (KHTML, like Gecko) Chrome/41.0.2272.96 Mobile Safari/537.36 (compatible; Googlebot/2.1; +http://www.google.com/bot.html)"
66.249.64.55 - - [04/Nov/2019:14:05:20 +0100] "GET / HTTP/1.1" 301 376 "-" "Mozilla/5.0 (Linux; Android 6.0.1; Nexus 5X Build/MMB29P) AppleWebKit/537.36 (KHTML, like Gecko) Chrome/41.0.2272.96 Mobile Safari/537.36 (compatible; Googlebot/2.1; +http://www.google.com/bot.html)"
66.249.64.124 - - [04/Nov/2019:20:19:28 +0100] "GET /robots.txt HTTP/1.1" 301 384 "-" "Mozilla/5.0 (compatible; Googlebot/2.1; +http://www.google.com/bot.html)"
66.249.64.124 - - [04/Nov/2019:20:19:28 +0100] "GET / HTTP/1.1" 301 374 "-" "Mozilla/5.0 (Linux; Android 6.0.1; Nexus 5X Build/MMB29P) AppleWebKit/537.36 (KHTML, like Gecko) Chrome/41.0.2272.96 Mobile Safari/537.36 (compatible; Googlebot/2.1; +http://www.google.com/bot.html)"
162.213.249.171 - - [04/Nov/2019:21:27:23 +0100] "GET /a.php HTTP/1.1" 301 370 "-" "-"
66.249.64.59 - - [04/Nov/2019:22:50:38 +0100] "GET /robots.txt HTTP/1.1" 301 386 "-" "Mozilla/5.0 (compatible; Googlebot/2.1; +http://www.google.com/bot.html)"
66.249.64.55 - - [04/Nov/2019:22:50:38 +0100] "GET / HTTP/1.1" 301 376 "-" "Mozilla/5.0 (Linux; Android 6.0.1; Nexus 5X Build/MMB29P) AppleWebKit/537.36 (KHTML, like Gecko) Chrome/41.0.2272.96 Mobile Safari/537.36 (compatible; Googlebot/2.1; +http://www.google.com/bot.html)"
66.249.64.134 - - [04/Nov/2019:23:00:38 +0100] "GET /robots.txt HTTP/1.1" 301 377 "-" "Mozilla/5.0 (compatible; Googlebot/2.1; +http://www.google.com/bot.html)"
66.249.64.136 - - [04/Nov/2019:23:00:38 +0100] "GET / HTTP/1.1" 301 367 "-" "Mozilla/5.0 (Linux; Android 6.0.1; Nexus 5X Build/MMB29P) AppleWebKit/537.36 (KHTML, like Gecko) Chrome/41.0.2272.96 Mobile Safari/537.36 (compatible; Googlebot/2.1; +http://www.google.com/bot.html)"
66.249.64.97 - - [05/Nov/2019:07:32:56 +0100] "GET / HTTP/1.1" 301 374 "-" "Mozilla/5.0 (Linux; Android 6.0.1; Nexus 5X Build/MMB29P) AppleWebKit/537.36 (KHTML, like Gecko) Chrome/41.0.2272.96 Mobile Safari/537.36 (compatible; Googlebot/2.1; +http://www.google.com/bot.html)"
66.249.64.59 - - [05/Nov/2019:07:52:43 +0100] "GET / HTTP/1.1" 301 376 "-" "Mozilla/5.0 (Linux; Android 6.0.1; Nexus 5X Build/MMB29P) AppleWebKit/537.36 (KHTML, like Gecko) Chrome/41.0.2272.96 Mobile Safari/537.36 (compatible; Googlebot/2.1; +http://www.google.com/bot.html)"
66.249.64.134 - - [05/Nov/2019:08:03:16 +0100] "GET / HTTP/1.1" 301 367 "-" "Mozilla/5.0 (Linux; Android 6.0.1; Nexus 5X Build/MMB29P) AppleWebKit/537.36 (KHTML, like Gecko) Chrome/41.0.2272.96 Mobile Safari/537.36 (compatible; Googlebot/2.1; +http://www.google.com/bot.html)"
130.180.108.230 - - [05/Nov/2019:13:57:36 +0100] "GET / HTTP/1.1" 301 365 "-" "Mozilla/5.0 (Windows NT 10.0; Win64; x64; rv:70.0) Gecko/20100101 Firefox/70.0"
141.8.189.150 - - [05/Nov/2019:14:27:54 +0100] "GET /robots.txt HTTP/1.1" 301 375 "-" "Mozilla/5.0 (compatible; YandexBot/3.0; +http://yandex.com/bots)"
5.255.251.16 - - [05/Nov/2019:14:27:59 +0100] "GET /robots.txt HTTP/1.1" 301 375 "-" "Mozilla/5.0 (compatible; YandexBot/3.0; +http://yandex.com/bots)"
5.255.251.7 - - [05/Nov/2019:14:28:04 +0100] "GET /robots.txt HTTP/1.1" 301 375 "-" "Mozilla/5.0 (compatible; YandexBot/3.0; +http://yandex.com/bots)"
77.88.9.129 - - [05/Nov/2019:14:28:09 +0100] "GET /robots.txt HTTP/1.1" 301 375 "-" "Mozilla/5.0 (compatible; YandexBot/3.0; +http://yandex.com/bots)"
77.88.9.136 - - [05/Nov/2019:14:28:24 +0100] "GET /robots.txt HTTP/1.1" 301 375 "-" "Mozilla/5.0 (compatible; YandexBot/3.0; +http://yandex.com/bots)"
5.45.203.6 - - [05/Nov/2019:14:28:40 +0100] "GET /robots.txt HTTP/1.1" 301 375 "-" "Mozilla/5.0 (compatible; YandexBot/3.0; +http://yandex.com/bots)"
5.255.251.17 - - [05/Nov/2019:14:29:10 +0100] "GET /robots.txt HTTP/1.1" 301 375 "-" "Mozilla/5.0 (compatible; YandexBot/3.0; +http://yandex.com/bots)"
87.250.233.69 - - [05/Nov/2019:14:30:10 +0100] "GET /robots.txt HTTP/1.1" 301 375 "-" "Mozilla/5.0 (compatible; YandexBot/3.0; +http://yandex.com/bots)"
141.8.141.135 - - [05/Nov/2019:14:31:10 +0100] "GET /robots.txt HTTP/1.1" 301 375 "-" "Mozilla/5.0 (compatible; YandexBot/3.0; +http://yandex.com/bots)"
141.8.141.138 - - [05/Nov/2019:14:33:10 +0100] "GET /robots.txt HTTP/1.1" 301 375 "-" "Mozilla/5.0 (compatible; YandexBot/3.0; +http://yandex.com/bots)"
5.255.251.5 - - [05/Nov/2019:14:36:10 +0100] "GET /robots.txt HTTP/1.1" 301 375 "-" "Mozilla/5.0 (compatible; YandexBot/3.0; +http://yandex.com/bots)"
77.88.9.133 - - [05/Nov/2019:14:41:10 +0100] "GET /robots.txt HTTP/1.1" 301 375 "-" "Mozilla/5.0 (compatible; YandexBot/3.0; +http://yandex.com/bots)"
5.255.251.10 - - [05/Nov/2019:14:49:10 +0100] "GET /robots.txt HTTP/1.1" 301 375 "-" "Mozilla/5.0 (compatible; YandexBot/3.0; +http://yandex.com/bots)"
87.250.233.68 - - [05/Nov/2019:14:59:10 +0100] "GET /robots.txt HTTP/1.1" 301 375 "-" "Mozilla/5.0 (compatible; YandexBot/3.0; +http://yandex.com/bots)"
77.88.9.138 - - [05/Nov/2019:15:09:11 +0100] "GET /robots.txt HTTP/1.1" 301 375 "-" "Mozilla/5.0 (compatible; YandexBot/3.0; +http://yandex.com/bots)"
141.8.189.150 - - [05/Nov/2019:15:19:11 +0100] "GET /robots.txt HTTP/1.1" 301 375 "-" "Mozilla/5.0 (compatible; YandexBot/3.0; +http://yandex.com/bots)"
141.8.189.150 - - [05/Nov/2019:15:29:11 +0100] "GET /robots.txt HTTP/1.1" 301 375 "-" "Mozilla/5.0 (compatible; YandexBot/3.0; +http://yandex.com/bots)"
141.8.189.150 - - [05/Nov/2019:15:39:11 +0100] "GET /robots.txt HTTP/1.1" 301 375 "-" "Mozilla/5.0 (compatible; YandexBot/3.0; +http://yandex.com/bots)"
141.8.189.150 - - [05/Nov/2019:15:49:11 +0100] "GET /robots.txt HTTP/1.1" 301 375 "-" "Mozilla/5.0 (compatible; YandexBot/3.0; +http://yandex.com/bots)"
141.8.189.150 - - [05/Nov/2019:15:59:11 +0100] "GET /robots.txt HTTP/1.1" 301 375 "-" "Mozilla/5.0 (compatible; YandexBot/3.0; +http://yandex.com/bots)"
141.8.189.150 - - [05/Nov/2019:16:09:11 +0100] "GET /robots.txt HTTP/1.1" 301 375 "-" "Mozilla/5.0 (compatible; YandexBot/3.0; +http://yandex.com/bots)"
141.8.189.150 - - [05/Nov/2019:16:19:11 +0100] "GET /robots.txt HTTP/1.1" 301 375 "-" "Mozilla/5.0 (compatible; YandexBot/3.0; +http://yandex.com/bots)"
141.8.189.150 - - [05/Nov/2019:16:29:11 +0100] "GET /robots.txt HTTP/1.1" 301 375 "-" "Mozilla/5.0 (compatible; YandexBot/3.0; +http://yandex.com/bots)"
141.8.189.150 - - [05/Nov/2019:16:39:12 +0100] "GET /robots.txt HTTP/1.1" 301 375 "-" "Mozilla/5.0 (compatible; YandexBot/3.0; +http://yandex.com/bots)"
141.8.189.150 - - [05/Nov/2019:16:49:12 +0100] "GET /robots.txt HTTP/1.1" 301 375 "-" "Mozilla/5.0 (compatible; YandexBot/3.0; +http://yandex.com/bots)"
66.249.64.55 - - [05/Nov/2019:16:54:24 +0100] "GET /robots.txt HTTP/1.1" 301 386 "-" "Mozilla/5.0 (compatible; Googlebot/2.1; +http://www.google.com/bot.html)"
66.249.64.59 - - [05/Nov/2019:16:54:24 +0100] "GET / HTTP/1.1" 301 376 "-" "Mozilla/5.0 (Linux; Android 6.0.1; Nexus 5X Build/MMB29P) AppleWebKit/537.36 (KHTML, like Gecko) Chrome/41.0.2272.96 Mobile Safari/537.36 (compatible; Googlebot/2.1; +http://www.google.com/bot.html)"
141.8.189.150 - - [05/Nov/2019:16:59:12 +0100] "GET /robots.txt HTTP/1.1" 301 375 "-" "Mozilla/5.0 (compatible; YandexBot/3.0; +http://yandex.com/bots)"
66.249.64.138 - - [05/Nov/2019:17:04:26 +0100] "GET /robots.txt HTTP/1.1" 301 377 "-" "Mozilla/5.0 (compatible; Googlebot/2.1; +http://www.google.com/bot.html)"
66.249.64.136 - - [05/Nov/2019:17:04:26 +0100] "GET / HTTP/1.1" 301 367 "-" "Mozilla/5.0 (Linux; Android 6.0.1; Nexus 5X Build/MMB29P) AppleWebKit/537.36 (KHTML, like Gecko) Chrome/41.0.2272.96 Mobile Safari/537.36 (compatible; Googlebot/2.1; +http://www.google.com/bot.html)"
66.249.64.124 - - [05/Nov/2019:18:55:37 +0100] "GET /robots.txt HTTP/1.1" 301 384 "-" "Mozilla/5.0 (compatible; Googlebot/2.1; +http://www.google.com/bot.html)"
66.249.64.97 - - [05/Nov/2019:18:55:38 +0100] "GET / HTTP/1.1" 301 374 "-" "Mozilla/5.0 (Linux; Android 6.0.1; Nexus 5X Build/MMB29P) AppleWebKit/537.36 (KHTML, like Gecko) Chrome/41.0.2272.96 Mobile Safari/537.36 (compatible; Googlebot/2.1; +http://www.google.com/bot.html)"
95.216.96.170 - - [05/Nov/2019:19:56:34 +0100] "GET /robots.txt HTTP/1.1" 301 375 "-" "Mozilla/5.0 (compatible; SEOkicks; +https://www.seokicks.de/robot.html)"
95.216.96.170 - - [05/Nov/2019:19:56:35 +0100] "GET / HTTP/1.1" 301 365 "-" "Mozilla/5.0 (compatible; SEOkicks; +https://www.seokicks.de/robot.html)"
179.43.141.70 - - [06/Nov/2019:00:19:18 +0100] "GET / HTTP/1.1" 301 365 "-" "Java/1.6.0_04"
66.249.64.136 - - [06/Nov/2019:01:58:05 +0100] "GET / HTTP/1.1" 301 367 "-" "Mozilla/5.0 (Linux; Android 6.0.1; Nexus 5X Build/MMB29P) AppleWebKit/537.36 (KHTML, like Gecko) Chrome/41.0.2272.96 Mobile Safari/537.36 (compatible; Googlebot/2.1; +http://www.google.com/bot.html)"
66.249.64.57 - - [06/Nov/2019:02:38:39 +0100] "GET / HTTP/1.1" 301 376 "-" "Mozilla/5.0 (Linux; Android 6.0.1; Nexus 5X Build/MMB29P) AppleWebKit/537.36 (KHTML, like Gecko) Chrome/41.0.2272.96 Mobile Safari/537.36 (compatible; Googlebot/2.1; +http://www.google.com/bot.html)"
157.55.39.31 - - [06/Nov/2019:03:26:29 +0100] "GET /robots.txt HTTP/1.1" 301 394 "-" "Mozilla/5.0 (compatible; bingbot/2.0; +http://www.bing.com/bingbot.htm)"
207.46.13.170 - - [06/Nov/2019:03:26:35 +0100] "GET / HTTP/1.1" 301 384 "-" "Mozilla/5.0 (compatible; bingbot/2.0; +http://www.bing.com/bingbot.htm)"
157.55.39.20 - - [06/Nov/2019:04:05:22 +0100] "GET /robots.txt HTTP/1.1" 301 377 "-" "Mozilla/5.0 (compatible; bingbot/2.0; +http://www.bing.com/bingbot.htm)"
40.77.167.59 - - [06/Nov/2019:04:05:32 +0100] "GET / HTTP/1.1" 301 367 "-" "Mozilla/5.0 (compatible; bingbot/2.0; +http://www.bing.com/bingbot.htm)"
66.249.64.124 - - [06/Nov/2019:04:28:51 +0100] "GET / HTTP/1.1" 301 374 "-" "Mozilla/5.0 (Linux; Android 6.0.1; Nexus 5X Build/MMB29P) AppleWebKit/537.36 (KHTML, like Gecko) Chrome/41.0.2272.96 Mobile Safari/537.36 (compatible; Googlebot/2.1; +http://www.google.com/bot.html)"
195.145.170.192 - - [06/Nov/2019:14:43:31 +0100] "GET / HTTP/1.1" 301 365 "-" "Mozilla/5.0 (Windows NT 10.0; WOW64; Trident/7.0; rv:11.0) like Gecko"
46.229.168.138 - - [06/Nov/2019:16:16:17 +0100] "GET /robots.txt HTTP/1.1" 301 375 "-" "Mozilla/5.0 (compatible; SemrushBot/6~bl; +http://www.semrush.com/bot.html)"
46.229.168.163 - - [06/Nov/2019:16:16:17 +0100] "GET / HTTP/1.1" 301 365 "-" "Mozilla/5.0 (compatible; SemrushBot/6~bl; +http://www.semrush.com/bot.html)"
179.43.141.70 - - [06/Nov/2019:20:53:03 +0100] "GET / HTTP/1.1" 301 365 "-" "Java/1.6.0_04"
85.25.185.103 - - [07/Nov/2019:00:21:38 +0100] "GET /robots.txt HTTP/1.1" 301 375 "-" "Mozilla/5.0 (compatible; adscanner/)/1.0 (http://seocompany.store; spider@seocompany.store)"
85.25.185.103 - - [07/Nov/2019:00:21:38 +0100] "GET /fire HTTP/1.1" 301 369 "-" "Mozilla/5.0 (compatible; adscanner/)/1.0 (http://seocompany.store; spider@seocompany.store)"
85.25.185.103 - - [07/Nov/2019:00:22:35 +0100] "GET /fire HTTP/1.1" 301 369 "-" "Mozilla/5.0 (compatible; adscanner/)/1.0 (http://seocompany.store; spider@seocompany.store)"
85.25.185.103 - - [07/Nov/2019:00:24:25 +0100] "GET /fire HTTP/1.1" 301 369 "-" "Mozilla/5.0 (compatible; adscanner/)/1.0 (http://seocompany.store; spider@seocompany.store)"
85.25.185.103 - - [07/Nov/2019:00:25:40 +0100] "GET /fire HTTP/1.1" 301 369 "-" "Mozilla/5.0 (compatible; adscanner/)/1.0 (http://seocompany.store; spider@seocompany.store)"
85.25.185.103 - - [07/Nov/2019:00:26:48 +0100] "GET /fire HTTP/1.1" 301 369 "-" "Mozilla/5.0 (compatible; adscanner/)/1.0 (http://seocompany.store; spider@seocompany.store)"
85.25.185.103 - - [07/Nov/2019:00:29:22 +0100] "GET /fire HTTP/1.1" 301 369 "-" "Mozilla/5.0 (compatible; adscanner/)/1.0 (http://seocompany.store; spider@seocompany.store)"
207.46.13.142 - - [07/Nov/2019:14:02:48 +0100] "GET /robots.txt HTTP/1.1" 301 375 "-" "Mozilla/5.0 (compatible; bingbot/2.0; +http://www.bing.com/bingbot.htm)"
207.46.13.45 - - [07/Nov/2019:14:02:57 +0100] "GET / HTTP/1.1" 301 365 "-" "Mozilla/5.0 (compatible; bingbot/2.0; +http://www.bing.com/bingbot.htm)"
64.246.178.34 - - [07/Nov/2019:20:03:07 +0100] "GET /robots.txt HTTP/1.0" 301 386 "-" "Mozilla/5.0 (Macintosh; Intel Mac OS X 10.10; rv:59.0) Gecko/20100101 Firefox/59.0"
64.246.178.34 - - [07/Nov/2019:20:03:07 +0100] "GET / HTTP/1.1" 301 376 "-" "Mozilla/5.0 (Macintosh; Intel Mac OS X 10.10; rv:59.0) Gecko/20100101 Firefox/59.0"
74.117.179.72 - - [08/Nov/2019:00:30:36 +0100] "GET / HTTP/1.1" 301 365 "-" "Mozilla/5.0 (Macintosh; Intel Mac OS X 10.6; rv:9.0) Gecko/20100101 Firefox/9.0"
209.17.97.34 - - [08/Nov/2019:04:51:30 +0100] "GET / HTTP/1.1" 301 365 "-" "Mozilla/5.0 (compatible; Nimbostratus-Bot/v1.3.2; http://cloudsystemnetworks.com)"
95.216.96.245 - - [09/Nov/2019:04:17:25 +0100] "GET /robots.txt HTTP/1.1" 301 375 "-" "Mozilla/5.0 (compatible; SEOkicks; +https://www.seokicks.de/robot.html)"
95.216.96.245 - - [09/Nov/2019:04:17:28 +0100] "GET / HTTP/1.1" 301 365 "-" "Mozilla/5.0 (compatible; SEOkicks; +https://www.seokicks.de/robot.html)"
141.8.189.150 - - [09/Nov/2019:09:45:07 +0100] "GET /robots.txt HTTP/1.1" 301 394 "-" "Mozilla/5.0 (compatible; YandexBot/3.0; +http://yandex.com/bots)"
5.255.251.16 - - [09/Nov/2019:09:45:12 +0100] "GET /robots.txt HTTP/1.1" 301 394 "-" "Mozilla/5.0 (compatible; YandexBot/3.0; +http://yandex.com/bots)"
5.255.251.7 - - [09/Nov/2019:09:45:17 +0100] "GET /robots.txt HTTP/1.1" 301 394 "-" "Mozilla/5.0 (compatible; YandexBot/3.0; +http://yandex.com/bots)"
77.88.9.129 - - [09/Nov/2019:09:45:22 +0100] "GET /robots.txt HTTP/1.1" 301 394 "-" "Mozilla/5.0 (compatible; YandexBot/3.0; +http://yandex.com/bots)"
77.88.9.136 - - [09/Nov/2019:09:45:37 +0100] "GET /robots.txt HTTP/1.1" 301 394 "-" "Mozilla/5.0 (compatible; YandexBot/3.0; +http://yandex.com/bots)"
5.45.203.6 - - [09/Nov/2019:09:45:52 +0100] "GET /robots.txt HTTP/1.1" 301 394 "-" "Mozilla/5.0 (compatible; YandexBot/3.0; +http://yandex.com/bots)"
5.45.203.14 - - [09/Nov/2019:09:46:23 +0100] "GET /robots.txt HTTP/1.1" 301 394 "-" "Mozilla/5.0 (compatible; YandexBot/3.0; +http://yandex.com/bots)"
77.88.9.130 - - [09/Nov/2019:09:47:23 +0100] "GET /robots.txt HTTP/1.1" 301 394 "-" "Mozilla/5.0 (compatible; YandexBot/3.0; +http://yandex.com/bots)"
141.8.141.130 - - [09/Nov/2019:09:48:23 +0100] "GET /robots.txt HTTP/1.1" 301 394 "-" "Mozilla/5.0 (compatible; YandexBot/3.0; +http://yandex.com/bots)"
141.8.189.144 - - [09/Nov/2019:09:50:23 +0100] "GET /robots.txt HTTP/1.1" 301 394 "-" "Mozilla/5.0 (compatible; YandexBot/3.0; +http://yandex.com/bots)"
5.255.251.9 - - [09/Nov/2019:09:53:23 +0100] "GET /robots.txt HTTP/1.1" 301 394 "-" "Mozilla/5.0 (compatible; YandexBot/3.0; +http://yandex.com/bots)"
87.250.244.3 - - [09/Nov/2019:09:58:23 +0100] "GET /robots.txt HTTP/1.1" 301 394 "-" "Mozilla/5.0 (compatible; YandexBot/3.0; +http://yandex.com/bots)"
93.158.167.128 - - [09/Nov/2019:10:06:23 +0100] "GET /robots.txt HTTP/1.1" 301 394 "-" "Mozilla/5.0 (compatible; YandexBot/3.0; +http://yandex.com/bots)"
87.250.233.65 - - [09/Nov/2019:10:16:23 +0100] "GET /robots.txt HTTP/1.1" 301 394 "-" "Mozilla/5.0 (compatible; YandexBot/3.0; +http://yandex.com/bots)"
87.250.244.1 - - [09/Nov/2019:10:26:23 +0100] "GET /robots.txt HTTP/1.1" 301 394 "-" "Mozilla/5.0 (compatible; YandexBot/3.0; +http://yandex.com/bots)"
141.8.189.150 - - [09/Nov/2019:10:36:24 +0100] "GET /robots.txt HTTP/1.1" 301 394 "-" "Mozilla/5.0 (compatible; YandexBot/3.0; +http://yandex.com/bots)"
141.8.189.150 - - [09/Nov/2019:16:24:54 +0100] "GET /robots.txt HTTP/1.1" 301 375 "-" "Mozilla/5.0 (compatible; YandexBot/3.0; +http://yandex.com/bots)"
87.250.233.66 - - [09/Nov/2019:16:24:59 +0100] "GET /robots.txt HTTP/1.1" 301 375 "-" "Mozilla/5.0 (compatible; YandexBot/3.0; +http://yandex.com/bots)"
87.250.233.72 - - [09/Nov/2019:16:25:04 +0100] "GET /robots.txt HTTP/1.1" 301 375 "-" "Mozilla/5.0 (compatible; YandexBot/3.0; +http://yandex.com/bots)"
5.255.251.1 - - [09/Nov/2019:16:25:09 +0100] "GET /robots.txt HTTP/1.1" 301 375 "-" "Mozilla/5.0 (compatible; YandexBot/3.0; +http://yandex.com/bots)"
5.45.203.4 - - [09/Nov/2019:16:25:25 +0100] "GET /robots.txt HTTP/1.1" 301 375 "-" "Mozilla/5.0 (compatible; YandexBot/3.0; +http://yandex.com/bots)"
5.255.251.14 - - [09/Nov/2019:16:25:40 +0100] "GET /robots.txt HTTP/1.1" 301 375 "-" "Mozilla/5.0 (compatible; YandexBot/3.0; +http://yandex.com/bots)"
87.250.233.79 - - [09/Nov/2019:16:26:10 +0100] "GET /robots.txt HTTP/1.1" 301 375 "-" "Mozilla/5.0 (compatible; YandexBot/3.0; +http://yandex.com/bots)"
87.250.233.73 - - [09/Nov/2019:16:27:10 +0100] "GET /robots.txt HTTP/1.1" 301 375 "-" "Mozilla/5.0 (compatible; YandexBot/3.0; +http://yandex.com/bots)"
5.45.203.12 - - [09/Nov/2019:16:28:10 +0100] "GET /robots.txt HTTP/1.1" 301 375 "-" "Mozilla/5.0 (compatible; YandexBot/3.0; +http://yandex.com/bots)"
141.8.141.136 - - [09/Nov/2019:16:30:10 +0100] "GET /robots.txt HTTP/1.1" 301 375 "-" "Mozilla/5.0 (compatible; YandexBot/3.0; +http://yandex.com/bots)"
5.45.203.7 - - [09/Nov/2019:16:33:10 +0100] "GET /robots.txt HTTP/1.1" 301 375 "-" "Mozilla/5.0 (compatible; YandexBot/3.0; +http://yandex.com/bots)"
77.88.9.135 - - [09/Nov/2019:16:38:10 +0100] "GET /robots.txt HTTP/1.1" 301 375 "-" "Mozilla/5.0 (compatible; YandexBot/3.0; +http://yandex.com/bots)"
87.250.233.80 - - [09/Nov/2019:16:46:10 +0100] "GET /robots.txt HTTP/1.1" 301 375 "-" "Mozilla/5.0 (compatible; YandexBot/3.0; +http://yandex.com/bots)"
5.45.203.11 - - [09/Nov/2019:16:56:11 +0100] "GET /robots.txt HTTP/1.1" 301 375 "-" "Mozilla/5.0 (compatible; YandexBot/3.0; +http://yandex.com/bots)"
141.8.189.145 - - [09/Nov/2019:17:06:11 +0100] "GET /robots.txt HTTP/1.1" 301 375 "-" "Mozilla/5.0 (compatible; YandexBot/3.0; +http://yandex.com/bots)"
5.255.251.17 - - [09/Nov/2019:17:16:11 +0100] "GET /robots.txt HTTP/1.1" 301 375 "-" "Mozilla/5.0 (compatible; YandexBot/3.0; +http://yandex.com/bots)"
5.255.251.14 - - [09/Nov/2019:17:26:11 +0100] "GET /robots.txt HTTP/1.1" 301 375 "-" "Mozilla/5.0 (compatible; YandexBot/3.0; +http://yandex.com/bots)"
141.8.189.150 - - [09/Nov/2019:17:36:11 +0100] "GET /robots.txt HTTP/1.1" 301 375 "-" "Mozilla/5.0 (compatible; YandexBot/3.0; +http://yandex.com/bots)"
141.8.189.150 - - [09/Nov/2019:17:46:11 +0100] "GET /robots.txt HTTP/1.1" 301 375 "-" "Mozilla/5.0 (compatible; YandexBot/3.0; +http://yandex.com/bots)"
141.8.189.150 - - [09/Nov/2019:17:56:11 +0100] "GET /robots.txt HTTP/1.1" 301 375 "-" "Mozilla/5.0 (compatible; YandexBot/3.0; +http://yandex.com/bots)"
141.8.189.150 - - [09/Nov/2019:18:06:11 +0100] "GET /robots.txt HTTP/1.1" 301 375 "-" "Mozilla/5.0 (compatible; YandexBot/3.0; +http://yandex.com/bots)"
141.8.189.150 - - [09/Nov/2019:18:16:11 +0100] "GET /robots.txt HTTP/1.1" 301 375 "-" "Mozilla/5.0 (compatible; YandexBot/3.0; +http://yandex.com/bots)"
141.8.189.150 - - [09/Nov/2019:18:26:12 +0100] "GET /robots.txt HTTP/1.1" 301 375 "-" "Mozilla/5.0 (compatible; YandexBot/3.0; +http://yandex.com/bots)"
141.8.189.150 - - [09/Nov/2019:18:36:12 +0100] "GET /robots.txt HTTP/1.1" 301 375 "-" "Mozilla/5.0 (compatible; YandexBot/3.0; +http://yandex.com/bots)"
141.8.189.150 - - [09/Nov/2019:18:46:12 +0100] "GET /robots.txt HTTP/1.1" 301 375 "-" "Mozilla/5.0 (compatible; YandexBot/3.0; +http://yandex.com/bots)"
141.8.189.150 - - [09/Nov/2019:18:56:12 +0100] "GET /robots.txt HTTP/1.1" 301 375 "-" "Mozilla/5.0 (compatible; YandexBot/3.0; +http://yandex.com/bots)"
46.229.168.139 - - [09/Nov/2019:21:32:56 +0100] "GET /robots.txt HTTP/1.1" 301 375 "-" "Mozilla/5.0 (compatible; SemrushBot/6~bl; +http://www.semrush.com/bot.html)"
46.229.168.142 - - [09/Nov/2019:21:32:57 +0100] "GET /text/11030600_0000.htm HTTP/1.1" 301 387 "-" "Mozilla/5.0 (compatible; SemrushBot/6~bl; +http://www.semrush.com/bot.html)"
141.8.189.150 - - [09/Nov/2019:23:30:33 +0100] "GET /robots.txt HTTP/1.1" 301 375 "-" "Mozilla/5.0 (compatible; YandexBot/3.0; +http://yandex.com/bots)"
5.255.251.16 - - [09/Nov/2019:23:30:39 +0100] "GET /robots.txt HTTP/1.1" 301 375 "-" "Mozilla/5.0 (compatible; YandexBot/3.0; +http://yandex.com/bots)"
5.255.251.7 - - [09/Nov/2019:23:30:44 +0100] "GET /robots.txt HTTP/1.1" 301 375 "-" "Mozilla/5.0 (compatible; YandexBot/3.0; +http://yandex.com/bots)"
77.88.9.129 - - [09/Nov/2019:23:30:49 +0100] "GET /robots.txt HTTP/1.1" 301 375 "-" "Mozilla/5.0 (compatible; YandexBot/3.0; +http://yandex.com/bots)"
77.88.9.136 - - [09/Nov/2019:23:31:04 +0100] "GET /robots.txt HTTP/1.1" 301 375 "-" "Mozilla/5.0 (compatible; YandexBot/3.0; +http://yandex.com/bots)"
5.45.203.6 - - [09/Nov/2019:23:31:19 +0100] "GET /robots.txt HTTP/1.1" 301 375 "-" "Mozilla/5.0 (compatible; YandexBot/3.0; +http://yandex.com/bots)"
5.45.203.14 - - [09/Nov/2019:23:31:49 +0100] "GET /robots.txt HTTP/1.1" 301 375 "-" "Mozilla/5.0 (compatible; YandexBot/3.0; +http://yandex.com/bots)"
77.88.9.130 - - [09/Nov/2019:23:32:49 +0100] "GET /robots.txt HTTP/1.1" 301 375 "-" "Mozilla/5.0 (compatible; YandexBot/3.0; +http://yandex.com/bots)"
141.8.141.130 - - [09/Nov/2019:23:33:49 +0100] "GET /robots.txt HTTP/1.1" 301 375 "-" "Mozilla/5.0 (compatible; YandexBot/3.0; +http://yandex.com/bots)"
141.8.189.144 - - [09/Nov/2019:23:35:49 +0100] "GET /robots.txt HTTP/1.1" 301 375 "-" "Mozilla/5.0 (compatible; YandexBot/3.0; +http://yandex.com/bots)"
5.255.251.9 - - [09/Nov/2019:23:38:50 +0100] "GET /robots.txt HTTP/1.1" 301 375 "-" "Mozilla/5.0 (compatible; YandexBot/3.0; +http://yandex.com/bots)"
87.250.244.3 - - [09/Nov/2019:23:43:50 +0100] "GET /robots.txt HTTP/1.1" 301 375 "-" "Mozilla/5.0 (compatible; YandexBot/3.0; +http://yandex.com/bots)"
93.158.167.128 - - [09/Nov/2019:23:51:50 +0100] "GET /robots.txt HTTP/1.1" 301 375 "-" "Mozilla/5.0 (compatible; YandexBot/3.0; +http://yandex.com/bots)"
87.250.233.65 - - [10/Nov/2019:00:01:50 +0100] "GET /robots.txt HTTP/1.1" 301 375 "-" "Mozilla/5.0 (compatible; YandexBot/3.0; +http://yandex.com/bots)"
87.250.244.1 - - [10/Nov/2019:00:11:50 +0100] "GET /robots.txt HTTP/1.1" 301 375 "-" "Mozilla/5.0 (compatible; YandexBot/3.0; +http://yandex.com/bots)"
141.8.189.150 - - [10/Nov/2019:00:21:50 +0100] "GET /robots.txt HTTP/1.1" 301 375 "-" "Mozilla/5.0 (compatible; YandexBot/3.0; +http://yandex.com/bots)"
141.8.189.150 - - [10/Nov/2019:00:31:50 +0100] "GET /robots.txt HTTP/1.1" 301 375 "-" "Mozilla/5.0 (compatible; YandexBot/3.0; +http://yandex.com/bots)"
141.8.189.150 - - [10/Nov/2019:00:41:50 +0100] "GET /robots.txt HTTP/1.1" 301 375 "-" "Mozilla/5.0 (compatible; YandexBot/3.0; +http://yandex.com/bots)"
141.8.189.150 - - [10/Nov/2019:00:51:50 +0100] "GET /robots.txt HTTP/1.1" 301 375 "-" "Mozilla/5.0 (compatible; YandexBot/3.0; +http://yandex.com/bots)"
141.8.189.150 - - [10/Nov/2019:01:01:51 +0100] "GET /robots.txt HTTP/1.1" 301 375 "-" "Mozilla/5.0 (compatible; YandexBot/3.0; +http://yandex.com/bots)"
141.8.189.150 - - [10/Nov/2019:01:11:51 +0100] "GET /robots.txt HTTP/1.1" 301 375 "-" "Mozilla/5.0 (compatible; YandexBot/3.0; +http://yandex.com/bots)"
