172.111.129.56 - - [16/Oct/2018:11:53:31 +0200] "GET /images/lh.png HTTP/1.1" 301 378 "-" "Java/1.6.0_04"
172.111.129.56 - - [16/Oct/2018:11:53:32 +0200] "GET /images/powered-by-t.png HTTP/1.1" 301 388 "-" "Java/1.6.0_04"
172.111.129.56 - - [16/Oct/2018:11:53:33 +0200] "GET /images/sep.png HTTP/1.1" 301 379 "-" "Java/1.6.0_04"
172.111.129.56 - - [16/Oct/2018:11:53:33 +0200] "GET /js/jquery.js HTTP/1.1" 301 377 "-" "Java/1.6.0_04"
172.111.129.56 - - [16/Oct/2018:11:53:33 +0200] "GET /images/contact.php HTTP/1.1" 301 383 "-" "Java/1.6.0_04"
172.111.129.56 - - [16/Oct/2018:11:53:34 +0200] "GET /images/faq.php HTTP/1.1" 301 379 "-" "Java/1.6.0_04"
172.111.129.56 - - [16/Oct/2018:11:53:34 +0200] "GET /images/index.php HTTP/1.1" 301 381 "-" "Java/1.6.0_04"
172.111.129.56 - - [16/Oct/2018:11:53:34 +0200] "GET /images/optiuni.php HTTP/1.1" 301 383 "-" "Java/1.6.0_04"
172.111.129.56 - - [16/Oct/2018:11:53:35 +0200] "GET /images/piwik.php HTTP/1.1" 301 381 "-" "Java/1.6.0_04"
172.111.129.56 - - [16/Oct/2018:11:53:35 +0200] "GET /images/termeni.php HTTP/1.1" 301 383 "-" "Java/1.6.0_04"
172.111.129.56 - - [16/Oct/2018:11:53:35 +0200] "GET /js/contact.php HTTP/1.1" 301 379 "-" "Java/1.6.0_04"
172.111.129.56 - - [16/Oct/2018:11:53:36 +0200] "GET /js/faq.php HTTP/1.1" 301 375 "-" "Java/1.6.0_04"
172.111.129.56 - - [16/Oct/2018:11:53:36 +0200] "GET /js/index.php HTTP/1.1" 301 377 "-" "Java/1.6.0_04"
172.111.129.56 - - [16/Oct/2018:11:53:36 +0200] "GET /js/optiuni.php HTTP/1.1" 301 379 "-" "Java/1.6.0_04"
172.111.129.56 - - [16/Oct/2018:11:53:38 +0200] "GET /js/piwik.php HTTP/1.1" 301 377 "-" "Java/1.6.0_04"
172.111.129.56 - - [16/Oct/2018:11:53:38 +0200] "GET /js/termeni.php HTTP/1.1" 301 379 "-" "Java/1.6.0_04"
172.111.129.56 - - [16/Oct/2018:11:53:39 +0200] "GET //www.googletagmanager.com/ns.html?id=GTM-5LVDRM HTTP/1.1" 301 411 "-" "Java/1.6.0_04"
172.111.129.56 - - [16/Oct/2018:11:53:39 +0200] "GET /images/images/T.png HTTP/1.1" 301 384 "-" "Java/1.6.0_04"
172.111.129.56 - - [16/Oct/2018:11:53:39 +0200] "GET /images/images/branding-top.png HTTP/1.1" 301 395 "-" "Java/1.6.0_04"
52.53.201.78 - - [16/Oct/2018:12:04:18 +0200] "GET / HTTP/1.1" 301 384 "-" "Mozilla/5.0 (Macintosh; Intel Mac OS X 10_12_6) AppleWebKit/537.36 (KHTML, like Gecko) Chrome/61.0.3163.100 Safari/537.36"
66.249.75.9 - - [16/Oct/2018:14:54:16 +0200] "GET /robots.txt HTTP/1.1" 301 384 "-" "Mozilla/5.0 (compatible; Googlebot/2.1; +http://www.google.com/bot.html)"
66.249.75.7 - - [16/Oct/2018:14:54:17 +0200] "GET / HTTP/1.1" 301 374 "-" "Mozilla/5.0 (Linux; Android 6.0.1; Nexus 5X Build/MMB29P) AppleWebKit/537.36 (KHTML, like Gecko) Chrome/41.0.2272.96 Mobile Safari/537.36 (compatible; Googlebot/2.1; +http://www.google.com/bot.html)"
138.201.59.34 - - [16/Oct/2018:15:00:04 +0200] "GET /robots.txt HTTP/1.0" 301 375 "-" "Mozilla/5.0 (compatible; SEOkicks; +https://www.seokicks.de/robot.html)"
138.201.59.34 - - [16/Oct/2018:15:00:06 +0200] "GET / HTTP/1.0" 301 365 "-" "Mozilla/5.0 (compatible; SEOkicks; +https://www.seokicks.de/robot.html)"
52.53.201.78 - - [16/Oct/2018:16:05:41 +0200] "GET / HTTP/1.1" 301 374 "-" "Mozilla/5.0 (Macintosh; Intel Mac OS X 10_12_6) AppleWebKit/537.36 (KHTML, like Gecko) Chrome/61.0.3163.100 Safari/537.36"
46.229.168.140 - - [16/Oct/2018:22:41:52 +0200] "GET /robots.txt HTTP/1.1" 301 375 "-" "Mozilla/5.0 (compatible; SemrushBot/2~bl; +http://www.semrush.com/bot.html)"
81.173.112.207 - - [16/Oct/2018:23:08:53 +0200] "GET / HTTP/1.1" 301 367 "-" "Mozilla/5.0 (Macintosh; Intel Mac OS X 10_10_5) AppleWebKit/603.3.8 (KHTML, like Gecko) Version/10.1.2 Safari/603.3.8"
81.173.112.207 - - [16/Oct/2018:23:11:19 +0200] "GET / HTTP/1.1" 301 374 "-" "Mozilla/5.0 (Macintosh; Intel Mac OS X 10_10_5) AppleWebKit/603.3.8 (KHTML, like Gecko) Version/10.1.2 Safari/603.3.8"
157.55.39.33 - - [16/Oct/2018:23:37:09 +0200] "GET /robots.txt HTTP/1.1" 301 394 "-" "Mozilla/5.0 (compatible; bingbot/2.0; +http://www.bing.com/bingbot.htm)"
157.55.39.33 - - [16/Oct/2018:23:39:15 +0200] "GET /robots.txt HTTP/1.1" 301 394 "-" "Mozilla/5.0 (compatible; bingbot/2.0; +http://www.bing.com/bingbot.htm)"
157.55.39.33 - - [16/Oct/2018:23:41:13 +0200] "GET /robots.txt HTTP/1.1" 301 394 "-" "Mozilla/5.0 (compatible; bingbot/2.0; +http://www.bing.com/bingbot.htm)"
207.46.13.41 - - [16/Oct/2018:23:41:16 +0200] "GET / HTTP/1.1" 301 384 "-" "Mozilla/5.0 (compatible; bingbot/2.0; +http://www.bing.com/bingbot.htm)"
66.249.75.7 - - [17/Oct/2018:00:07:47 +0200] "GET / HTTP/1.1" 301 374 "-" "Mozilla/5.0 (compatible; Googlebot/2.1; +http://www.google.com/bot.html)"
52.53.201.78 - - [17/Oct/2018:02:21:30 +0200] "GET / HTTP/1.1" 301 376 "-" "Mozilla/5.0 (Macintosh; Intel Mac OS X 10_12_6) AppleWebKit/537.36 (KHTML, like Gecko) Chrome/61.0.3163.100 Safari/537.36"
37.187.56.66 - - [17/Oct/2018:03:22:40 +0200] "GET /robots.txt HTTP/1.0" 301 375 "-" ""
148.251.232.166 - - [17/Oct/2018:04:14:46 +0200] "GET /robots.txt HTTP/1.1" 301 375 "-" "mindUpBot (datenbutler.de)"
148.251.232.166 - - [17/Oct/2018:04:14:51 +0200] "GET / HTTP/1.1" 301 365 "-" "mindUpBot (datenbutler.de)"
80.241.214.124 - - [17/Oct/2018:04:52:06 +0200] "GET /robots.txt HTTP/1.1" 301 375 "-" "Mozilla/5.0 (compatible; MJ12bot/v1.4.7; http://mj12bot.com/)"
80.241.214.124 - - [17/Oct/2018:04:52:37 +0200] "GET / HTTP/1.0" 301 365 "-" "Mozilla/5.0 (compatible; MJ12bot/v1.4.7; http://mj12bot.com/)"
178.255.215.84 - - [17/Oct/2018:05:21:03 +0200] "GET /robots.txt HTTP/1.1" 301 375 "-" "Mozilla/5.0 (compatible; Exabot/3.0; +http://www.exabot.com/go/robot)"
178.255.215.84 - - [17/Oct/2018:05:21:03 +0200] "GET / HTTP/1.1" 301 365 "-" "Mozilla/5.0 (compatible; Exabot/3.0; +http://www.exabot.com/go/robot)"
81.173.112.207 - - [17/Oct/2018:07:10:32 +0200] "GET / HTTP/1.1" 301 365 "-" "Mozilla/5.0 (Macintosh; Intel Mac OS X 10_10_5) AppleWebKit/603.3.8 (KHTML, like Gecko) Version/10.1.2 Safari/603.3.8"
81.173.112.207 - - [17/Oct/2018:07:26:30 +0200] "GET / HTTP/1.1" 301 379 "-" "Mozilla/5.0 (Macintosh; Intel Mac OS X 10_10_5) AppleWebKit/603.3.8 (KHTML, like Gecko) Version/10.1.2 Safari/603.3.8"
81.173.112.207 - - [17/Oct/2018:08:29:31 +0200] "GET / HTTP/1.1" 301 384 "-" "Mozilla/5.0 (Macintosh; Intel Mac OS X 10_10_5) AppleWebKit/603.3.8 (KHTML, like Gecko) Version/10.1.2 Safari/603.3.8"
81.173.112.207 - - [17/Oct/2018:08:36:35 +0200] "GET / HTTP/1.1" 301 382 "-" "Mozilla/5.0 (Macintosh; Intel Mac OS X 10_10_5) AppleWebKit/603.3.8 (KHTML, like Gecko) Version/10.1.2 Safari/603.3.8"
136.243.89.157 - - [17/Oct/2018:08:50:01 +0200] "GET /robots.txt HTTP/1.1" 301 375 "-" "Mozilla/5.0 (compatible; SEOkicks; +https://www.seokicks.de/robot.html)"
136.243.89.157 - - [17/Oct/2018:08:50:02 +0200] "GET / HTTP/1.1" 301 365 "-" "Mozilla/5.0 (compatible; SEOkicks; +https://www.seokicks.de/robot.html)"
52.53.201.78 - - [17/Oct/2018:15:02:09 +0200] "GET / HTTP/1.1" 301 379 "-" "Mozilla/5.0 (Macintosh; Intel Mac OS X 10_12_6) AppleWebKit/537.36 (KHTML, like Gecko) Chrome/61.0.3163.100 Safari/537.36"
104.192.74.40 - - [17/Oct/2018:17:57:02 +0200] "GET /robots.txt HTTP/1.1" 301 389 "http://www.sicherungs-service.de/robots.txt" "Mozilla/5.0 (Macintosh; Intel Mac OS X 10_12_1) AppleWebKit/537.36 (KHTML, like Gecko) Chrome/58.0.3029.110 Safari/537.36"
104.192.74.40 - - [17/Oct/2018:17:57:02 +0200] "GET / HTTP/1.1" 301 379 "http://www.sicherungs-service.de" "Mozilla/5.0 (Macintosh; Intel Mac OS X 10_12_1) AppleWebKit/537.36 (KHTML, like Gecko) Chrome/58.0.3029.110 Safari/537.36"
66.249.75.7 - - [17/Oct/2018:18:39:19 +0200] "GET /robots.txt HTTP/1.1" 301 384 "-" "Mozilla/5.0 (compatible; Googlebot/2.1; +http://www.google.com/bot.html)"
66.249.75.7 - - [17/Oct/2018:18:39:20 +0200] "GET / HTTP/1.1" 301 374 "-" "Mozilla/5.0 (Linux; Android 6.0.1; Nexus 5X Build/MMB29P) AppleWebKit/537.36 (KHTML, like Gecko) Chrome/41.0.2272.96 Mobile Safari/537.36 (compatible; Googlebot/2.1; +http://www.google.com/bot.html)"
46.229.168.153 - - [17/Oct/2018:19:53:00 +0200] "GET /robots.txt HTTP/1.1" 301 375 "-" "Mozilla/5.0 (compatible; SemrushBot/2~bl; +http://www.semrush.com/bot.html)"
74.117.179.72 - - [18/Oct/2018:01:47:35 +0200] "GET / HTTP/1.1" 301 365 "-" "Mozilla/5.0 (Macintosh; Intel Mac OS X 10.6; rv:9.0) Gecko/20100101 Firefox/9.0"
52.53.201.78 - - [18/Oct/2018:07:26:16 +0200] "GET / HTTP/1.1" 301 382 "-" "Mozilla/5.0 (Macintosh; Intel Mac OS X 10_12_6) AppleWebKit/537.36 (KHTML, like Gecko) Chrome/61.0.3163.100 Safari/537.36"
66.249.75.11 - - [18/Oct/2018:08:46:33 +0200] "GET /robots.txt HTTP/1.1" 301 384 "-" "Mozilla/5.0 (compatible; Googlebot/2.1; +http://www.google.com/bot.html)"
66.249.75.9 - - [18/Oct/2018:08:46:34 +0200] "GET / HTTP/1.1" 301 374 "-" "Mozilla/5.0 (compatible; Googlebot/2.1; +http://www.google.com/bot.html)"
52.53.201.78 - - [18/Oct/2018:10:22:51 +0200] "GET / HTTP/1.1" 301 367 "-" "Mozilla/5.0 (Macintosh; Intel Mac OS X 10_12_6) AppleWebKit/537.36 (KHTML, like Gecko) Chrome/61.0.3163.100 Safari/537.36"
52.53.201.78 - - [18/Oct/2018:15:45:50 +0200] "GET / HTTP/1.1" 301 365 "-" "Mozilla/5.0 (Macintosh; Intel Mac OS X 10_12_6) AppleWebKit/537.36 (KHTML, like Gecko) Chrome/61.0.3163.100 Safari/537.36"
52.53.201.78 - - [18/Oct/2018:16:43:55 +0200] "GET / HTTP/1.1" 301 384 "-" "Mozilla/5.0 (Macintosh; Intel Mac OS X 10_12_6) AppleWebKit/537.36 (KHTML, like Gecko) Chrome/61.0.3163.100 Safari/537.36"
66.249.75.9 - - [18/Oct/2018:17:38:44 +0200] "GET / HTTP/1.1" 301 374 "-" "Mozilla/5.0 (Linux; Android 6.0.1; Nexus 5X Build/MMB29P) AppleWebKit/537.36 (KHTML, like Gecko) Chrome/41.0.2272.96 Mobile Safari/537.36 (compatible; Googlebot/2.1; +http://www.google.com/bot.html)"
5.14.79.122 - - [18/Oct/2018:19:33:26 +0200] "GET / HTTP/1.1" 301 382 "-" "-"
188.138.41.208 - - [18/Oct/2018:20:46:33 +0200] "GET / HTTP/1.1" 301 365 "-" "Mozilla/5.0 (X11; U; Linux Core i7-4980HQ; de; rv:32.0; compatible; JobboerseBot; http://www.jobboerse.com/bot.htm) Gecko/20100101 Firefox/38.0"
188.138.41.208 - - [18/Oct/2018:20:46:35 +0200] "GET /robots.txt HTTP/1.1" 301 375 "-" "Mozilla/5.0 (X11; U; Linux Core i7-4980HQ; de; rv:32.0; compatible; JobboerseBot; http://www.jobboerse.com/bot.htm) Gecko/20100101 Firefox/38.0"
188.138.41.208 - - [18/Oct/2018:20:46:35 +0200] "GET / HTTP/1.1" 301 365 "-" "Mozilla/5.0 (X11; U; Linux Core i7-4980HQ; de; rv:32.0; compatible; JobboerseBot; http://www.jobboerse.com/bot.htm) Gecko/20100101 Firefox/38.0"
188.138.41.208 - - [18/Oct/2018:20:46:35 +0200] "GET / HTTP/1.1" 301 365 "-" "Mozilla/5.0 (X11; U; Linux Core i7-4980HQ; de; rv:32.0; compatible; JobboerseBot; http://www.jobboerse.com/bot.htm) Gecko/20100101 Firefox/38.0"
188.138.41.208 - - [18/Oct/2018:20:46:49 +0200] "GET / HTTP/1.1" 301 365 "-" "Mozilla/5.0 (X11; U; Linux Core i7-4980HQ; de; rv:32.0; compatible; JobboerseBot; http://www.jobboerse.com/bot.htm) Gecko/20100101 Firefox/38.0"
188.138.41.208 - - [18/Oct/2018:20:46:50 +0200] "GET / HTTP/1.1" 301 365 "-" "Mozilla/5.0 (X11; U; Linux Core i7-4980HQ; de; rv:32.0; compatible; JobboerseBot; http://www.jobboerse.com/bot.htm) Gecko/20100101 Firefox/38.0"
52.53.201.78 - - [18/Oct/2018:20:57:13 +0200] "GET / HTTP/1.1" 301 374 "-" "Mozilla/5.0 (Macintosh; Intel Mac OS X 10_12_6) AppleWebKit/537.36 (KHTML, like Gecko) Chrome/61.0.3163.100 Safari/537.36"
216.145.14.142 - - [18/Oct/2018:22:08:09 +0200] "GET /robots.txt HTTP/1.0" 301 386 "-" "Mozilla/5.0 (Macintosh; Intel Mac OS X 10.10; rv:59.0) Gecko/20100101 Firefox/59.0"
216.145.14.142 - - [18/Oct/2018:22:08:10 +0200] "GET / HTTP/1.1" 301 376 "-" "Mozilla/5.0 (Macintosh; Intel Mac OS X 10.10; rv:59.0) Gecko/20100101 Firefox/59.0"
66.249.75.9 - - [19/Oct/2018:02:54:16 +0200] "GET /robots.txt HTTP/1.1" 301 384 "-" "Mozilla/5.0 (compatible; Googlebot/2.1; +http://www.google.com/bot.html)"
66.249.75.11 - - [19/Oct/2018:02:54:17 +0200] "GET / HTTP/1.1" 301 374 "-" "Mozilla/5.0 (compatible; Googlebot/2.1; +http://www.google.com/bot.html)"
92.189.100.189 - - [19/Oct/2018:05:07:16 +0200] "GET / HTTP/1.1" 301 365 "-" "Java/1.6.0_04"
178.62.82.141 - - [19/Oct/2018:06:05:44 +0200] "GET / HTTP/1.1" 301 376 "-" "Mozilla/5.0 (Windows NT 6.0) AppleWebKit/537.36 (KHTML, like Gecko) Chrome/34.0.1847.116 Safari/537.36"
46.229.168.144 - - [19/Oct/2018:06:11:44 +0200] "GET /robots.txt HTTP/1.1" 301 375 "-" "Mozilla/5.0 (compatible; SemrushBot/2~bl; +http://www.semrush.com/bot.html)"
52.53.201.78 - - [19/Oct/2018:07:47:37 +0200] "GET / HTTP/1.1" 301 376 "-" "Mozilla/5.0 (Macintosh; Intel Mac OS X 10_12_6) AppleWebKit/537.36 (KHTML, like Gecko) Chrome/61.0.3163.100 Safari/537.36"
178.154.245.134 - - [19/Oct/2018:13:20:55 +0200] "GET /robots.txt HTTP/1.1" 301 394 "-" "Mozilla/5.0 (compatible; YandexBot/3.0; +http://yandex.com/bots)"
178.154.245.134 - - [19/Oct/2018:13:20:59 +0200] "GET / HTTP/1.1" 301 384 "-" "Mozilla/5.0 (compatible; YandexBot/3.0; +http://yandex.com/bots)"
74.117.179.72 - - [19/Oct/2018:13:59:07 +0200] "GET / HTTP/1.1" 301 365 "-" "Mozilla/5.0 (Macintosh; Intel Mac OS X 10.6; rv:9.0) Gecko/20100101 Firefox/9.0"
138.201.59.34 - - [19/Oct/2018:15:27:43 +0200] "GET /robots.txt HTTP/1.0" 301 375 "-" "Mozilla/5.0 (compatible; SEOkicks; +https://www.seokicks.de/robot.html)"
138.201.59.34 - - [19/Oct/2018:15:27:44 +0200] "GET / HTTP/1.0" 301 365 "-" "Mozilla/5.0 (compatible; SEOkicks; +https://www.seokicks.de/robot.html)"
66.249.75.9 - - [19/Oct/2018:19:58:11 +0200] "GET /robots.txt HTTP/1.1" 301 384 "-" "Mozilla/5.0 (compatible; Googlebot/2.1; +http://www.google.com/bot.html)"
66.249.75.7 - - [19/Oct/2018:19:58:12 +0200] "GET / HTTP/1.1" 301 374 "-" "Mozilla/5.0 (Linux; Android 6.0.1; Nexus 5X Build/MMB29P) AppleWebKit/537.36 (KHTML, like Gecko) Chrome/41.0.2272.96 Mobile Safari/537.36 (compatible; Googlebot/2.1; +http://www.google.com/bot.html)"
46.229.168.145 - - [19/Oct/2018:21:38:46 +0200] "GET /robots.txt HTTP/1.1" 301 375 "-" "Mozilla/5.0 (compatible; SemrushBot/2~bl; +http://www.semrush.com/bot.html)"
52.53.201.78 - - [19/Oct/2018:22:46:46 +0200] "GET / HTTP/1.1" 301 379 "-" "Mozilla/5.0 (Macintosh; Intel Mac OS X 10_12_6) AppleWebKit/537.36 (KHTML, like Gecko) Chrome/61.0.3163.100 Safari/537.36"
66.249.75.7 - - [20/Oct/2018:00:19:45 +0200] "GET / HTTP/1.1" 301 374 "-" "Mozilla/5.0 (compatible; Googlebot/2.1; +http://www.google.com/bot.html)"
188.138.41.208 - - [20/Oct/2018:00:41:13 +0200] "GET / HTTP/1.1" 301 379 "-" "Mozilla/5.0 (X11; U; Linux Core i7-4980HQ; de; rv:32.0; compatible; JobboerseBot; http://www.jobboerse.com/bot.htm) Gecko/20100101 Firefox/38.0"
188.138.41.208 - - [20/Oct/2018:00:41:18 +0200] "GET /robots.txt HTTP/1.1" 301 389 "-" "Mozilla/5.0 (X11; U; Linux Core i7-4980HQ; de; rv:32.0; compatible; JobboerseBot; http://www.jobboerse.com/bot.htm) Gecko/20100101 Firefox/38.0"
188.138.41.208 - - [20/Oct/2018:00:41:18 +0200] "GET / HTTP/1.1" 301 379 "-" "Mozilla/5.0 (X11; U; Linux Core i7-4980HQ; de; rv:32.0; compatible; JobboerseBot; http://www.jobboerse.com/bot.htm) Gecko/20100101 Firefox/38.0"
188.138.41.208 - - [20/Oct/2018:00:41:20 +0200] "GET / HTTP/1.1" 301 379 "-" "Mozilla/5.0 (X11; U; Linux Core i7-4980HQ; de; rv:32.0; compatible; JobboerseBot; http://www.jobboerse.com/bot.htm) Gecko/20100101 Firefox/38.0"
188.138.41.208 - - [20/Oct/2018:00:41:21 +0200] "GET / HTTP/1.1" 301 379 "-" "Mozilla/5.0 (X11; U; Linux Core i7-4980HQ; de; rv:32.0; compatible; JobboerseBot; http://www.jobboerse.com/bot.htm) Gecko/20100101 Firefox/38.0"
188.138.41.208 - - [20/Oct/2018:00:41:23 +0200] "GET / HTTP/1.1" 301 379 "-" "Mozilla/5.0 (X11; U; Linux Core i7-4980HQ; de; rv:32.0; compatible; JobboerseBot; http://www.jobboerse.com/bot.htm) Gecko/20100101 Firefox/38.0"
39.104.151.218 - - [20/Oct/2018:02:09:06 +0200] "GET /assets/fileUpload/server/php/index.php HTTP/1.1" 301 412 "-" "-"
39.104.148.111 - - [20/Oct/2018:02:15:26 +0200] "GET /assets/fileUpload/server/php/index.php HTTP/1.1" 301 417 "-" "-"
47.92.194.164 - - [20/Oct/2018:02:15:48 +0200] "GET /assets/fileUpload/server/php/index.php HTTP/1.1" 301 405 "-" "-"
39.104.141.24 - - [20/Oct/2018:02:22:36 +0200] "GET /assets/fileUpload/server/php/index.php HTTP/1.1" 301 414 "-" "-"
39.104.157.152 - - [20/Oct/2018:02:23:14 +0200] "GET /assets/fileUpload/server/php/index.php HTTP/1.1" 301 403 "-" "-"
47.92.235.155 - - [20/Oct/2018:02:24:11 +0200] "GET /assets/fileUpload/server/php/index.php HTTP/1.1" 301 420 "-" "-"
46.37.82.242 - - [20/Oct/2018:02:26:06 +0200] "GET / HTTP/1.1" 301 365 "-" "Java/1.8.0_172"
39.104.180.187 - - [20/Oct/2018:02:32:06 +0200] "GET /assets/fileUpload/server/php/index.php HTTP/1.1" 301 422 "-" "-"
195.201.161.61 - - [20/Oct/2018:03:17:08 +0200] "GET /robots.txt HTTP/1.1" 301 375 "-" "Mozilla/5.0 (compatible; SEOkicks; +https://www.seokicks.de/robot.html)"
195.201.161.61 - - [20/Oct/2018:03:17:11 +0200] "GET / HTTP/1.1" 301 365 "-" "Mozilla/5.0 (compatible; SEOkicks; +https://www.seokicks.de/robot.html)"
195.201.161.61 - - [20/Oct/2018:03:17:14 +0200] "GET /sitemap.xml HTTP/1.1" 301 376 "-" "Mozilla/5.0 (compatible; SEOkicks; +https://www.seokicks.de/robot.html)"
195.201.161.61 - - [20/Oct/2018:03:17:16 +0200] "GET /text/11030600_0000.htm HTTP/1.1" 301 387 "-" "Mozilla/5.0 (compatible; SEOkicks; +https://www.seokicks.de/robot.html)"
195.201.161.61 - - [20/Oct/2018:03:17:18 +0200] "GET /fire HTTP/1.1" 301 369 "-" "Mozilla/5.0 (compatible; SEOkicks; +https://www.seokicks.de/robot.html)"
52.53.201.78 - - [20/Oct/2018:15:30:48 +0200] "GET / HTTP/1.1" 301 382 "-" "Mozilla/5.0 (Macintosh; Intel Mac OS X 10_12_6) AppleWebKit/537.36 (KHTML, like Gecko) Chrome/61.0.3163.100 Safari/537.36"
66.249.75.11 - - [20/Oct/2018:16:26:26 +0200] "GET /robots.txt HTTP/1.1" 301 394 "-" "Mozilla/5.0 (compatible; Googlebot/2.1; +http://www.google.com/bot.html)"
66.249.75.11 - - [20/Oct/2018:16:26:26 +0200] "GET / HTTP/1.1" 301 384 "-" "Mozilla/5.0 (compatible; Googlebot/2.1; +http://www.google.com/bot.html)"
66.249.75.13 - - [20/Oct/2018:16:46:40 +0200] "GET / HTTP/1.1" 301 384 "-" "Mozilla/5.0 (Linux; Android 6.0.1; Nexus 5X Build/MMB29P) AppleWebKit/537.36 (KHTML, like Gecko) Chrome/41.0.2272.96 Mobile Safari/537.36 (compatible; Googlebot/2.1; +http://www.google.com/bot.html)"
66.249.69.115 - - [20/Oct/2018:17:37:03 +0200] "GET /robots.txt HTTP/1.1" 301 392 "-" "Mozilla/5.0 (compatible; Googlebot/2.1; +http://www.google.com/bot.html)"
66.249.69.115 - - [20/Oct/2018:17:37:03 +0200] "GET / HTTP/1.1" 301 382 "-" "Mozilla/5.0 (compatible; Googlebot/2.1; +http://www.google.com/bot.html)"
66.249.75.16 - - [20/Oct/2018:17:47:01 +0200] "GET /robots.txt HTTP/1.1" 301 375 "-" "Mozilla/5.0 (compatible; Googlebot/2.1; +http://www.google.com/bot.html)"
66.249.75.15 - - [20/Oct/2018:17:47:01 +0200] "GET / HTTP/1.1" 301 365 "-" "Mozilla/5.0 (Linux; Android 6.0.1; Nexus 5X Build/MMB29P) AppleWebKit/537.36 (KHTML, like Gecko) Chrome/41.0.2272.96 Mobile Safari/537.36 (compatible; Googlebot/2.1; +http://www.google.com/bot.html)"
66.249.75.16 - - [20/Oct/2018:17:47:02 +0200] "GET / HTTP/1.1" 301 365 "-" "Mozilla/5.0 (Linux; Android 6.0.1; Nexus 5X Build/MMB29P) AppleWebKit/537.36 (KHTML, like Gecko) Chrome/41.0.2272.96 Mobile Safari/537.36 (compatible; Googlebot/2.1; +http://www.google.com/bot.html)"
52.53.201.78 - - [20/Oct/2018:18:25:17 +0200] "GET / HTTP/1.1" 301 367 "-" "Mozilla/5.0 (Macintosh; Intel Mac OS X 10_12_6) AppleWebKit/537.36 (KHTML, like Gecko) Chrome/61.0.3163.100 Safari/537.36"
66.249.69.120 - - [20/Oct/2018:18:37:24 +0200] "GET /robots.txt HTTP/1.1" 301 377 "-" "Mozilla/5.0 (compatible; Googlebot/2.1; +http://www.google.com/bot.html)"
66.249.69.120 - - [20/Oct/2018:18:37:25 +0200] "GET / HTTP/1.1" 301 367 "-" "Mozilla/5.0 (compatible; Googlebot/2.1; +http://www.google.com/bot.html)"
66.249.75.7 - - [20/Oct/2018:20:28:14 +0200] "GET /robots.txt HTTP/1.1" 301 384 "-" "Mozilla/5.0 (compatible; Googlebot/2.1; +http://www.google.com/bot.html)"
66.249.75.9 - - [20/Oct/2018:20:28:14 +0200] "GET / HTTP/1.1" 301 374 "-" "Mozilla/5.0 (Linux; Android 6.0.1; Nexus 5X Build/MMB29P) AppleWebKit/537.36 (KHTML, like Gecko) Chrome/41.0.2272.96 Mobile Safari/537.36 (compatible; Googlebot/2.1; +http://www.google.com/bot.html)"
66.249.75.7 - - [20/Oct/2018:22:50:10 +0200] "GET / HTTP/1.1" 301 374 "-" "Mozilla/5.0 (compatible; Googlebot/2.1; +http://www.google.com/bot.html)"
52.53.201.78 - - [20/Oct/2018:23:45:22 +0200] "GET / HTTP/1.1" 301 365 "-" "Mozilla/5.0 (Macintosh; Intel Mac OS X 10_12_6) AppleWebKit/537.36 (KHTML, like Gecko) Chrome/61.0.3163.100 Safari/537.36"
52.53.201.78 - - [21/Oct/2018:00:41:00 +0200] "GET / HTTP/1.1" 301 384 "-" "Mozilla/5.0 (Macintosh; Intel Mac OS X 10_12_6) AppleWebKit/537.36 (KHTML, like Gecko) Chrome/61.0.3163.100 Safari/537.36"
138.201.59.34 - - [21/Oct/2018:04:11:31 +0200] "GET /robots.txt HTTP/1.0" 301 375 "-" "Mozilla/5.0 (compatible; SEOkicks; +https://www.seokicks.de/robot.html)"
138.201.59.34 - - [21/Oct/2018:04:11:37 +0200] "GET / HTTP/1.0" 301 365 "-" "Mozilla/5.0 (compatible; SEOkicks; +https://www.seokicks.de/robot.html)"
52.53.201.78 - - [21/Oct/2018:04:46:15 +0200] "GET / HTTP/1.1" 301 374 "-" "Mozilla/5.0 (Macintosh; Intel Mac OS X 10_12_6) AppleWebKit/537.36 (KHTML, like Gecko) Chrome/61.0.3163.100 Safari/537.36"
178.154.245.134 - - [21/Oct/2018:06:10:37 +0200] "GET /robots.txt HTTP/1.1" 301 384 "-" "Mozilla/5.0 (compatible; YandexBot/3.0; +http://yandex.com/bots)"
178.154.245.134 - - [21/Oct/2018:06:10:41 +0200] "GET / HTTP/1.1" 301 374 "-" "Mozilla/5.0 (compatible; YandexBot/3.0; +http://yandex.com/bots)"
66.249.75.11 - - [21/Oct/2018:08:48:49 +0200] "GET /robots.txt HTTP/1.1" 301 384 "-" "Mozilla/5.0 (compatible; Googlebot/2.1; +http://www.google.com/bot.html)"
66.249.75.11 - - [21/Oct/2018:08:48:50 +0200] "GET / HTTP/1.1" 301 374 "-" "Mozilla/5.0 (Linux; Android 6.0.1; Nexus 5X Build/MMB29P) AppleWebKit/537.36 (KHTML, like Gecko) Chrome/41.0.2272.96 Mobile Safari/537.36 (compatible; Googlebot/2.1; +http://www.google.com/bot.html)"
5.9.65.19 - - [21/Oct/2018:10:02:13 +0200] "GET / HTTP/1.1" 301 374 "-" "BacklinkCrawler (http://www.backlinktest.com/crawler.html)"
66.249.69.115 - - [21/Oct/2018:10:39:55 +0200] "GET /robots.txt HTTP/1.1" 301 392 "-" "Mozilla/5.0 (compatible; Googlebot/2.1; +http://www.google.com/bot.html)"
66.249.69.117 - - [21/Oct/2018:10:39:55 +0200] "GET / HTTP/1.1" 301 382 "-" "Mozilla/5.0 (Linux; Android 6.0.1; Nexus 5X Build/MMB29P) AppleWebKit/537.36 (KHTML, like Gecko) Chrome/41.0.2272.96 Mobile Safari/537.36 (compatible; Googlebot/2.1; +http://www.google.com/bot.html)"
66.249.69.153 - - [21/Oct/2018:10:49:51 +0200] "GET /robots.txt HTTP/1.1" 301 386 "-" "Mozilla/5.0 (compatible; Googlebot/2.1; +http://www.google.com/bot.html)"
66.249.69.153 - - [21/Oct/2018:10:49:52 +0200] "GET / HTTP/1.1" 301 376 "-" "Mozilla/5.0 (Linux; Android 6.0.1; Nexus 5X Build/MMB29P) AppleWebKit/537.36 (KHTML, like Gecko) Chrome/41.0.2272.96 Mobile Safari/537.36 (compatible; Googlebot/2.1; +http://www.google.com/bot.html)"
66.249.69.144 - - [21/Oct/2018:12:09:55 +0200] "GET /robots.txt HTTP/1.1" 301 375 "-" "Mozilla/5.0 (compatible; Googlebot/2.1; +http://www.google.com/bot.html)"
66.249.69.144 - - [21/Oct/2018:12:09:55 +0200] "GET / HTTP/1.1" 301 365 "-" "Mozilla/5.0 (compatible; Googlebot/2.1; +http://www.google.com/bot.html)"
157.55.39.45 - - [21/Oct/2018:12:26:14 +0200] "GET /robots.txt HTTP/1.1" 301 386 "-" "Mozilla/5.0 (compatible; bingbot/2.0; +http://www.bing.com/bingbot.htm)"
157.55.39.45 - - [21/Oct/2018:12:27:35 +0200] "GET /robots.txt HTTP/1.1" 301 386 "-" "Mozilla/5.0 (compatible; bingbot/2.0; +http://www.bing.com/bingbot.htm)"
157.55.39.45 - - [21/Oct/2018:12:29:08 +0200] "GET /robots.txt HTTP/1.1" 301 386 "-" "Mozilla/5.0 (compatible; bingbot/2.0; +http://www.bing.com/bingbot.htm)"
157.55.39.97 - - [21/Oct/2018:12:29:21 +0200] "GET / HTTP/1.1" 301 376 "-" "Mozilla/5.0 (compatible; bingbot/2.0; +http://www.bing.com/bingbot.htm)"
66.249.75.7 - - [21/Oct/2018:13:12:09 +0200] "GET / HTTP/1.1" 301 374 "-" "Mozilla/5.0 (compatible; Googlebot/2.1; +http://www.google.com/bot.html)"
66.249.75.13 - - [21/Oct/2018:14:30:15 +0200] "GET /robots.txt HTTP/1.1" 301 394 "-" "Mozilla/5.0 (compatible; Googlebot/2.1; +http://www.google.com/bot.html)"
66.249.75.13 - - [21/Oct/2018:14:30:15 +0200] "GET / HTTP/1.1" 301 384 "-" "Mozilla/5.0 (compatible; Googlebot/2.1; +http://www.google.com/bot.html)"
66.249.75.13 - - [21/Oct/2018:14:40:14 +0200] "GET / HTTP/1.1" 301 384 "-" "Mozilla/5.0 (Linux; Android 6.0.1; Nexus 5X Build/MMB29P) AppleWebKit/537.36 (KHTML, like Gecko) Chrome/41.0.2272.96 Mobile Safari/537.36 (compatible; Googlebot/2.1; +http://www.google.com/bot.html)"
52.53.201.78 - - [21/Oct/2018:15:08:08 +0200] "GET / HTTP/1.1" 301 376 "-" "Mozilla/5.0 (Macintosh; Intel Mac OS X 10_12_6) AppleWebKit/537.36 (KHTML, like Gecko) Chrome/61.0.3163.100 Safari/537.36"
66.249.69.115 - - [21/Oct/2018:15:10:25 +0200] "GET / HTTP/1.1" 301 382 "-" "Mozilla/5.0 (compatible; Googlebot/2.1; +http://www.google.com/bot.html)"
66.249.75.17 - - [21/Oct/2018:15:20:25 +0200] "GET / HTTP/1.1" 301 365 "-" "Mozilla/5.0 (Linux; Android 6.0.1; Nexus 5X Build/MMB29P) AppleWebKit/537.36 (KHTML, like Gecko) Chrome/41.0.2272.96 Mobile Safari/537.36 (compatible; Googlebot/2.1; +http://www.google.com/bot.html)"
66.249.69.118 - - [21/Oct/2018:15:30:35 +0200] "GET /robots.txt HTTP/1.1" 301 377 "-" "Mozilla/5.0 (compatible; Googlebot/2.1; +http://www.google.com/bot.html)"
66.249.69.116 - - [21/Oct/2018:15:30:35 +0200] "GET / HTTP/1.1" 301 367 "-" "Mozilla/5.0 (compatible; Googlebot/2.1; +http://www.google.com/bot.html)"
157.55.39.48 - - [21/Oct/2018:17:24:18 +0200] "GET /robots.txt HTTP/1.1" 301 375 "-" "Mozilla/5.0 (compatible; bingbot/2.0; +http://www.bing.com/bingbot.htm)"
157.55.39.48 - - [21/Oct/2018:17:25:27 +0200] "GET /robots.txt HTTP/1.1" 301 375 "-" "Mozilla/5.0 (compatible; bingbot/2.0; +http://www.bing.com/bingbot.htm)"
157.55.39.48 - - [21/Oct/2018:17:26:33 +0200] "GET /robots.txt HTTP/1.1" 301 375 "-" "Mozilla/5.0 (compatible; bingbot/2.0; +http://www.bing.com/bingbot.htm)"
157.55.39.179 - - [21/Oct/2018:17:26:38 +0200] "GET / HTTP/1.1" 301 365 "-" "Mozilla/5.0 (compatible; bingbot/2.0; +http://www.bing.com/bingbot.htm)"
66.249.69.113 - - [21/Oct/2018:20:51:56 +0200] "GET / HTTP/1.1" 301 382 "-" "Mozilla/5.0 (Linux; Android 6.0.1; Nexus 5X Build/MMB29P) AppleWebKit/537.36 (KHTML, like Gecko) Chrome/41.0.2272.96 Mobile Safari/537.36 (compatible; Googlebot/2.1; +http://www.google.com/bot.html)"
66.249.75.26 - - [21/Oct/2018:21:02:16 +0200] "GET / HTTP/1.1" 301 376 "-" "Mozilla/5.0 (Linux; Android 6.0.1; Nexus 5X Build/MMB29P) AppleWebKit/537.36 (KHTML, like Gecko) Chrome/41.0.2272.96 Mobile Safari/537.36 (compatible; Googlebot/2.1; +http://www.google.com/bot.html)"
66.249.75.15 - - [21/Oct/2018:21:32:36 +0200] "GET / HTTP/1.1" 301 365 "-" "Mozilla/5.0 (compatible; Googlebot/2.1; +http://www.google.com/bot.html)"
159.65.24.22 - - [21/Oct/2018:22:32:50 +0200] "GET / HTTP/1.1" 301 367 "-" "Mozilla/5.0 (Windows NT 6.0) AppleWebKit/537.36 (KHTML, like Gecko) Chrome/34.0.1847.116 Safari/537.36"
66.249.75.13 - - [21/Oct/2018:23:33:42 +0200] "GET / HTTP/1.1" 301 384 "-" "Mozilla/5.0 (compatible; Googlebot/2.1; +http://www.google.com/bot.html)"
66.249.75.15 - - [22/Oct/2018:00:23:52 +0200] "GET / HTTP/1.1" 301 384 "-" "Mozilla/5.0 (Linux; Android 6.0.1; Nexus 5X Build/MMB29P) AppleWebKit/537.36 (KHTML, like Gecko) Chrome/41.0.2272.96 Mobile Safari/537.36 (compatible; Googlebot/2.1; +http://www.google.com/bot.html)"
66.249.69.115 - - [22/Oct/2018:00:43:39 +0200] "GET /robots.txt HTTP/1.1" 301 392 "-" "Mozilla/5.0 (compatible; Googlebot/2.1; +http://www.google.com/bot.html)"
66.249.69.115 - - [22/Oct/2018:00:43:40 +0200] "GET / HTTP/1.1" 301 382 "-" "Mozilla/5.0 (compatible; Googlebot/2.1; +http://www.google.com/bot.html)"
66.249.75.16 - - [22/Oct/2018:00:53:36 +0200] "GET /robots.txt HTTP/1.1" 301 375 "-" "Mozilla/5.0 (compatible; Googlebot/2.1; +http://www.google.com/bot.html)"
66.249.75.16 - - [22/Oct/2018:00:53:37 +0200] "GET / HTTP/1.1" 301 365 "-" "Mozilla/5.0 (Linux; Android 6.0.1; Nexus 5X Build/MMB29P) AppleWebKit/537.36 (KHTML, like Gecko) Chrome/41.0.2272.96 Mobile Safari/537.36 (compatible; Googlebot/2.1; +http://www.google.com/bot.html)"
66.249.69.116 - - [22/Oct/2018:01:03:49 +0200] "GET / HTTP/1.1" 301 367 "-" "Mozilla/5.0 (compatible; Googlebot/2.1; +http://www.google.com/bot.html)"
87.210.17.86 - - [22/Oct/2018:04:21:01 +0200] "GET / HTTP/1.1" 301 365 "-" "Java/1.6.0_04"
107.172.249.109 - - [22/Oct/2018:05:02:57 +0200] "GET / HTTP/1.1" 301 365 "-" "Java/1.8.0_191"
35.205.141.8 - - [22/Oct/2018:05:05:47 +0200] "HEAD / HTTP/1.1" 301 - "-" "-"
52.53.201.78 - - [22/Oct/2018:05:30:13 +0200] "GET / HTTP/1.1" 301 379 "-" "Mozilla/5.0 (Macintosh; Intel Mac OS X 10_12_6) AppleWebKit/537.36 (KHTML, like Gecko) Chrome/61.0.3163.100 Safari/537.36"
178.154.245.134 - - [22/Oct/2018:06:07:23 +0200] "GET /robots.txt HTTP/1.1" 301 392 "-" "Mozilla/5.0 (compatible; YandexBot/3.0; +http://yandex.com/bots)"
178.154.245.134 - - [22/Oct/2018:06:07:27 +0200] "GET / HTTP/1.1" 301 382 "-" "Mozilla/5.0 (compatible; YandexBot/3.0; +http://yandex.com/bots)"
66.249.69.113 - - [22/Oct/2018:06:23:06 +0200] "GET / HTTP/1.1" 301 382 "-" "Mozilla/5.0 (Linux; Android 6.0.1; Nexus 5X Build/MMB29P) AppleWebKit/537.36 (KHTML, like Gecko) Chrome/41.0.2272.96 Mobile Safari/537.36 (compatible; Googlebot/2.1; +http://www.google.com/bot.html)"
66.249.75.27 - - [22/Oct/2018:07:23:06 +0200] "GET /robots.txt HTTP/1.1" 301 386 "-" "Mozilla/5.0 (compatible; Googlebot/2.1; +http://www.google.com/bot.html)"
66.249.75.27 - - [22/Oct/2018:07:23:06 +0200] "GET / HTTP/1.1" 301 376 "-" "Mozilla/5.0 (Linux; Android 6.0.1; Nexus 5X Build/MMB29P) AppleWebKit/537.36 (KHTML, like Gecko) Chrome/41.0.2272.96 Mobile Safari/537.36 (compatible; Googlebot/2.1; +http://www.google.com/bot.html)"
66.249.69.144 - - [22/Oct/2018:10:38:06 +0200] "GET / HTTP/1.1" 301 365 "-" "Mozilla/5.0 (compatible; Googlebot/2.1; +http://www.google.com/bot.html)"
66.249.69.138 - - [22/Oct/2018:10:53:06 +0200] "GET /robots.txt HTTP/1.1" 301 394 "-" "Mozilla/5.0 (compatible; Googlebot/2.1; +http://www.google.com/bot.html)"
66.249.69.142 - - [22/Oct/2018:10:53:06 +0200] "GET / HTTP/1.1" 301 384 "-" "Mozilla/5.0 (compatible; Googlebot/2.1; +http://www.google.com/bot.html)"
82.78.208.104 - - [22/Oct/2018:17:27:34 +0200] "GET / HTTP/1.1" 301 367 "-" "-"
178.255.215.84 - - [22/Oct/2018:20:50:49 +0200] "GET /robots.txt HTTP/1.1" 301 375 "-" "Mozilla/5.0 (compatible; Exabot/3.0; +http://www.exabot.com/go/robot)"
178.255.215.84 - - [22/Oct/2018:20:50:50 +0200] "GET / HTTP/1.1" 301 365 "-" "Mozilla/5.0 (compatible; Exabot/3.0; +http://www.exabot.com/go/robot)"
52.53.201.78 - - [22/Oct/2018:21:45:46 +0200] "GET / HTTP/1.1" 301 382 "-" "Mozilla/5.0 (Macintosh; Intel Mac OS X 10_12_6) AppleWebKit/537.36 (KHTML, like Gecko) Chrome/61.0.3163.100 Safari/537.36"
157.55.39.13 - - [22/Oct/2018:22:17:49 +0200] "GET /robots.txt HTTP/1.1" 301 377 "-" "Mozilla/5.0 (compatible; bingbot/2.0; +http://www.bing.com/bingbot.htm)"
157.55.39.13 - - [22/Oct/2018:22:19:27 +0200] "GET /robots.txt HTTP/1.1" 301 377 "-" "Mozilla/5.0 (compatible; bingbot/2.0; +http://www.bing.com/bingbot.htm)"
157.55.39.13 - - [22/Oct/2018:22:22:04 +0200] "GET /robots.txt HTTP/1.1" 301 377 "-" "Mozilla/5.0 (compatible; bingbot/2.0; +http://www.bing.com/bingbot.htm)"
157.55.39.199 - - [22/Oct/2018:22:22:07 +0200] "GET / HTTP/1.1" 301 367 "-" "Mozilla/5.0 (compatible; bingbot/2.0; +http://www.bing.com/bingbot.htm)"
39.104.141.24 - - [22/Oct/2018:23:59:05 +0200] "HEAD /wp-content/plugins/easyrotator-for-wordpress/indox.php HTTP/1.1" 301 - "-" "-"
47.92.243.9 - - [23/Oct/2018:00:04:47 +0200] "HEAD /wp-content/plugins/easyrotator-for-wordpress/indox.php HTTP/1.1" 301 - "-" "-"
39.104.157.43 - - [23/Oct/2018:00:05:36 +0200] "HEAD /wp-content/plugins/easyrotator-for-wordpress/indox.php HTTP/1.1" 301 - "-" "-"
39.104.148.111 - - [23/Oct/2018:00:11:44 +0200] "HEAD /wp-content/plugins/easyrotator-for-wordpress/indox.php HTTP/1.1" 301 - "-" "-"
39.104.157.43 - - [23/Oct/2018:00:13:12 +0200] "HEAD /wp-content/plugins/easyrotator-for-wordpress/indox.php HTTP/1.1" 301 - "-" "-"
39.104.151.163 - - [23/Oct/2018:00:14:01 +0200] "HEAD /wp-content/plugins/easyrotator-for-wordpress/indox.php HTTP/1.1" 301 - "-" "-"
47.92.194.164 - - [23/Oct/2018:00:17:31 +0200] "HEAD /wp-content/plugins/easyrotator-for-wordpress/indox.php HTTP/1.1" 301 - "-" "-"
52.53.201.78 - - [23/Oct/2018:00:39:55 +0200] "GET / HTTP/1.1" 301 367 "-" "Mozilla/5.0 (Macintosh; Intel Mac OS X 10_12_6) AppleWebKit/537.36 (KHTML, like Gecko) Chrome/61.0.3163.100 Safari/537.36"
39.104.158.249 - - [23/Oct/2018:03:29:17 +0200] "HEAD /wp-content/plugins/easyrotator-for-wordpress/indox.php HTTP/1.1" 301 - "-" "-"
78.46.176.21 - - [23/Oct/2018:04:42:44 +0200] "GET /robots.txt HTTP/1.1" 301 386 "-" "Mozilla/5.0 (compatible; MJ12bot/v1.4.8; http://mj12bot.com/)"
78.46.176.21 - - [23/Oct/2018:04:42:49 +0200] "GET / HTTP/1.0" 301 376 "-" "Mozilla/5.0 (compatible; MJ12bot/v1.4.8; http://mj12bot.com/)"
52.53.201.78 - - [23/Oct/2018:05:53:55 +0200] "GET / HTTP/1.1" 301 365 "-" "Mozilla/5.0 (Macintosh; Intel Mac OS X 10_12_6) AppleWebKit/537.36 (KHTML, like Gecko) Chrome/61.0.3163.100 Safari/537.36"
52.53.201.78 - - [23/Oct/2018:06:51:21 +0200] "GET / HTTP/1.1" 301 384 "-" "Mozilla/5.0 (Macintosh; Intel Mac OS X 10_12_6) AppleWebKit/537.36 (KHTML, like Gecko) Chrome/61.0.3163.100 Safari/537.36"
52.53.201.78 - - [23/Oct/2018:10:43:55 +0200] "GET / HTTP/1.1" 301 374 "-" "Mozilla/5.0 (Macintosh; Intel Mac OS X 10_12_6) AppleWebKit/537.36 (KHTML, like Gecko) Chrome/61.0.3163.100 Safari/537.36"
18.234.218.165 - - [23/Oct/2018:11:26:18 +0200] "GET / HTTP/1.1" 301 365 "-" "Mozilla/5.0 (X11; Ubuntu; Linux x86_64; rv:48.0) Gecko/20100101 Firefox/48.0"
54.175.39.74 - - [23/Oct/2018:11:26:20 +0200] "GET / HTTP/1.1" 301 365 "-" "Mozilla/5.0 (X11; Ubuntu; Linux x86_64; rv:48.0) Gecko/20100101 Firefox/48.0"
136.243.89.157 - - [23/Oct/2018:14:44:22 +0200] "GET /robots.txt HTTP/1.1" 301 375 "-" "Mozilla/5.0 (compatible; SEOkicks; +https://www.seokicks.de/robot.html)"
136.243.89.157 - - [23/Oct/2018:14:44:23 +0200] "GET / HTTP/1.1" 301 365 "-" "Mozilla/5.0 (compatible; SEOkicks; +https://www.seokicks.de/robot.html)"
167.114.252.180 - - [23/Oct/2018:16:43:14 +0200] "GET / HTTP/1.1" 301 379 "-" "Mozilla/5.0 (Windows NT 10.0; rv:61.0) Gecko/20100101 Firefox/61.0"
52.53.201.78 - - [23/Oct/2018:21:12:56 +0200] "GET / HTTP/1.1" 301 376 "-" "Mozilla/5.0 (Macintosh; Intel Mac OS X 10_12_6) AppleWebKit/537.36 (KHTML, like Gecko) Chrome/61.0.3163.100 Safari/537.36"
39.104.180.187 - - [24/Oct/2018:01:28:17 +0200] "POST /happy.php HTTP/1.1" 301 383 "-" "-"
47.92.232.76 - - [24/Oct/2018:01:33:49 +0200] "POST /happy.php HTTP/1.1" 301 388 "-" "-"
39.104.156.69 - - [24/Oct/2018:01:33:59 +0200] "POST /happy.php HTTP/1.1" 301 376 "-" "-"
39.104.148.111 - - [24/Oct/2018:01:42:01 +0200] "POST /happy.php HTTP/1.1" 301 385 "-" "-"
47.92.243.71 - - [24/Oct/2018:01:43:06 +0200] "POST /happy.php HTTP/1.1" 301 391 "-" "-"
47.92.248.5 - - [24/Oct/2018:01:44:13 +0200] "POST /happy.php HTTP/1.1" 301 374 "-" "-"
39.104.141.24 - - [24/Oct/2018:01:47:30 +0200] "POST /happy.php HTTP/1.1" 301 393 "-" "-"
178.63.87.197 - - [24/Oct/2018:04:29:35 +0200] "GET /robots.txt HTTP/1.1" 301 375 "-" "Mozilla/5.0 (compatible; MJ12bot/v1.4.8; http://mj12bot.com/)"
178.63.87.197 - - [24/Oct/2018:04:29:40 +0200] "GET / HTTP/1.0" 301 365 "-" "Mozilla/5.0 (compatible; MJ12bot/v1.4.8; http://mj12bot.com/)"
39.104.139.170 - - [24/Oct/2018:04:44:29 +0200] "POST /happy.php HTTP/1.1" 301 385 "-" "-"
178.62.82.141 - - [24/Oct/2018:05:12:21 +0200] "GET / HTTP/1.1" 301 365 "-" "Mozilla/5.0 (Windows NT 6.0) AppleWebKit/537.36 (KHTML, like Gecko) Chrome/34.0.1847.116 Safari/537.36"
46.229.168.132 - - [24/Oct/2018:09:35:24 +0200] "GET /robots.txt HTTP/1.1" 301 375 "-" "Mozilla/5.0 (compatible; SemrushBot/2~bl; +http://www.semrush.com/bot.html)"
66.249.75.11 - - [24/Oct/2018:10:16:29 +0200] "GET /robots.txt HTTP/1.1" 301 384 "-" "Mozilla/5.0 (compatible; Googlebot/2.1; +http://www.google.com/bot.html)"
66.249.75.11 - - [24/Oct/2018:10:16:30 +0200] "GET / HTTP/1.1" 301 374 "-" "Mozilla/5.0 (Linux; Android 6.0.1; Nexus 5X Build/MMB29P) AppleWebKit/537.36 (KHTML, like Gecko) Chrome/41.0.2272.96 Mobile Safari/537.36 (compatible; Googlebot/2.1; +http://www.google.com/bot.html)"
52.53.201.78 - - [24/Oct/2018:11:52:28 +0200] "GET / HTTP/1.1" 301 379 "-" "Mozilla/5.0 (Macintosh; Intel Mac OS X 10_12_6) AppleWebKit/537.36 (KHTML, like Gecko) Chrome/61.0.3163.100 Safari/537.36"
46.229.168.140 - - [24/Oct/2018:16:35:37 +0200] "GET /robots.txt HTTP/1.1" 301 375 "-" "Mozilla/5.0 (compatible; SemrushBot/2~bl; +http://www.semrush.com/bot.html)"
176.198.13.34 - - [24/Oct/2018:17:37:08 +0200] "GET / HTTP/1.1" 301 365 "-" "Mozilla/5.0 (iPhone; CPU iPhone OS 11_4_1 like Mac OS X) AppleWebKit/605.1.15 (KHTML, like Gecko) Version/11.0 Mobile/15E148 Safari/604.1"
66.249.75.30 - - [24/Oct/2018:17:48:38 +0200] "GET /robots.txt HTTP/1.1" 301 377 "-" "Mozilla/5.0 (compatible; Googlebot/2.1; +http://www.google.com/bot.html)"
66.249.75.31 - - [24/Oct/2018:17:48:39 +0200] "GET / HTTP/1.1" 301 367 "-" "Mozilla/5.0 (Linux; Android 6.0.1; Nexus 5X Build/MMB29P) AppleWebKit/537.36 (KHTML, like Gecko) Chrome/41.0.2272.96 Mobile Safari/537.36 (compatible; Googlebot/2.1; +http://www.google.com/bot.html)"
185.234.217.110 - - [25/Oct/2018:03:35:24 +0200] "GET /backup.sql HTTP/1.1" 301 386 "-" "Mozilla/5.0 (Windows NT 6.3; Win64; x64) AppleWebKit/537.36 (KHTML, like Gecko) Chrome/62.0.3202.94 Safari/537.36"
52.53.201.78 - - [25/Oct/2018:04:30:23 +0200] "GET / HTTP/1.1" 301 382 "-" "Mozilla/5.0 (Macintosh; Intel Mac OS X 10_12_6) AppleWebKit/537.36 (KHTML, like Gecko) Chrome/61.0.3163.100 Safari/537.36"
104.192.74.44 - - [25/Oct/2018:05:20:48 +0200] "GET /robots.txt HTTP/1.1" 301 394 "http://www.siemens-gebaeudetechnik.de/robots.txt" "Mozilla/5.0 (Macintosh; Intel Mac OS X 10_12_1) AppleWebKit/537.36 (KHTML, like Gecko) Chrome/58.0.3029.110 Safari/537.36"
104.192.74.44 - - [25/Oct/2018:05:20:48 +0200] "GET / HTTP/1.1" 301 384 "http://www.siemens-gebaeudetechnik.de" "Mozilla/5.0 (Macintosh; Intel Mac OS X 10_12_1) AppleWebKit/537.36 (KHTML, like Gecko) Chrome/58.0.3029.110 Safari/537.36"
185.234.217.110 - - [25/Oct/2018:06:11:04 +0200] "GET /backup.sql HTTP/1.1" 301 377 "-" "Mozilla/5.0 (Windows NT 6.3; Win64; x64) AppleWebKit/537.36 (KHTML, like Gecko) Chrome/62.0.3202.94 Safari/537.36"
185.234.217.110 - - [25/Oct/2018:06:12:39 +0200] "GET /backup.sql HTTP/1.1" 301 384 "-" "Mozilla/5.0 (Windows NT 6.3; Win64; x64) AppleWebKit/537.36 (KHTML, like Gecko) Chrome/62.0.3202.94 Safari/537.36"
66.249.69.246 - - [25/Oct/2018:07:15:23 +0200] "GET /robots.txt HTTP/1.1" 301 386 "-" "Mozilla/5.0 (compatible; Googlebot/2.1; +http://www.google.com/bot.html)"
66.249.69.246 - - [25/Oct/2018:07:15:23 +0200] "GET / HTTP/1.1" 301 376 "-" "Mozilla/5.0 (compatible; Googlebot/2.1; +http://www.google.com/bot.html)"
52.53.201.78 - - [25/Oct/2018:07:34:06 +0200] "GET / HTTP/1.1" 301 367 "-" "Mozilla/5.0 (Macintosh; Intel Mac OS X 10_12_6) AppleWebKit/537.36 (KHTML, like Gecko) Chrome/61.0.3163.100 Safari/537.36"
195.30.79.75 - - [25/Oct/2018:12:19:34 +0200] "GET / HTTP/1.1" 301 365 "-" "Mozilla/5.0 (Windows NT 6.1; WOW64; Trident/7.0; Lifesize; rv:11.0) like Gecko"
52.53.201.78 - - [25/Oct/2018:12:49:56 +0200] "GET / HTTP/1.1" 301 365 "-" "Mozilla/5.0 (Macintosh; Intel Mac OS X 10_12_6) AppleWebKit/537.36 (KHTML, like Gecko) Chrome/61.0.3163.100 Safari/537.36"
52.53.201.78 - - [25/Oct/2018:13:46:02 +0200] "GET / HTTP/1.1" 301 384 "-" "Mozilla/5.0 (Macintosh; Intel Mac OS X 10_12_6) AppleWebKit/537.36 (KHTML, like Gecko) Chrome/61.0.3163.100 Safari/537.36"
185.234.217.110 - - [25/Oct/2018:15:53:55 +0200] "GET /backup.sql HTTP/1.1" 301 375 "-" "Mozilla/5.0 (Windows NT 6.3; Win64; x64) AppleWebKit/537.36 (KHTML, like Gecko) Chrome/62.0.3202.94 Safari/537.36"
52.53.201.78 - - [25/Oct/2018:17:52:57 +0200] "GET / HTTP/1.1" 301 374 "-" "Mozilla/5.0 (Macintosh; Intel Mac OS X 10_12_6) AppleWebKit/537.36 (KHTML, like Gecko) Chrome/61.0.3163.100 Safari/537.36"
178.255.215.84 - - [25/Oct/2018:21:35:13 +0200] "GET /robots.txt HTTP/1.1" 301 375 "-" "Mozilla/5.0 (compatible; Exabot/3.0; +http://www.exabot.com/go/robot)"
178.255.215.84 - - [25/Oct/2018:21:35:14 +0200] "GET / HTTP/1.1" 301 365 "-" "Mozilla/5.0 (compatible; Exabot/3.0; +http://www.exabot.com/go/robot)"
157.55.39.34 - - [25/Oct/2018:22:22:11 +0200] "GET /robots.txt HTTP/1.1" 301 377 "-" "Mozilla/5.0 (compatible; bingbot/2.0; +http://www.bing.com/bingbot.htm)"
157.55.39.34 - - [25/Oct/2018:22:24:58 +0200] "GET /robots.txt HTTP/1.1" 301 377 "-" "Mozilla/5.0 (compatible; bingbot/2.0; +http://www.bing.com/bingbot.htm)"
157.55.39.34 - - [25/Oct/2018:22:27:36 +0200] "GET /robots.txt HTTP/1.1" 301 377 "-" "Mozilla/5.0 (compatible; bingbot/2.0; +http://www.bing.com/bingbot.htm)"
40.77.167.30 - - [25/Oct/2018:22:27:39 +0200] "GET / HTTP/1.1" 301 367 "-" "Mozilla/5.0 (compatible; bingbot/2.0; +http://www.bing.com/bingbot.htm)"
46.229.168.130 - - [25/Oct/2018:22:32:14 +0200] "GET /robots.txt HTTP/1.1" 301 375 "-" "Mozilla/5.0 (compatible; SemrushBot/2~bl; +http://www.semrush.com/bot.html)"
66.249.75.206 - - [26/Oct/2018:00:12:24 +0200] "GET /robots.txt HTTP/1.1" 301 384 "-" "Mozilla/5.0 (compatible; Googlebot/2.1; +http://www.google.com/bot.html)"
66.249.75.208 - - [26/Oct/2018:00:12:24 +0200] "GET / HTTP/1.1" 301 374 "-" "Mozilla/5.0 (compatible; Googlebot/2.1; +http://www.google.com/bot.html)"
5.39.85.81 - - [26/Oct/2018:02:00:31 +0200] "GET /robots.txt HTTP/1.0" 301 392 "-" ""
46.229.168.132 - - [26/Oct/2018:03:52:04 +0200] "GET /robots.txt HTTP/1.1" 301 375 "-" "Mozilla/5.0 (compatible; SemrushBot/2~bl; +http://www.semrush.com/bot.html)"
52.53.201.78 - - [26/Oct/2018:04:21:24 +0200] "GET / HTTP/1.1" 301 376 "-" "Mozilla/5.0 (Macintosh; Intel Mac OS X 10_12_6) AppleWebKit/537.36 (KHTML, like Gecko) Chrome/61.0.3163.100 Safari/537.36"
66.249.75.208 - - [26/Oct/2018:08:20:57 +0200] "GET / HTTP/1.1" 301 374 "-" "Mozilla/5.0 (Linux; Android 6.0.1; Nexus 5X Build/MMB29P) AppleWebKit/537.36 (KHTML, like Gecko) Chrome/41.0.2272.96 Mobile Safari/537.36 (compatible; Googlebot/2.1; +http://www.google.com/bot.html)"
66.249.75.210 - - [26/Oct/2018:10:01:09 +0200] "GET / HTTP/1.1" 301 374 "-" "Mozilla/5.0 (compatible; Googlebot/2.1; +http://www.google.com/bot.html)"
82.78.208.104 - - [26/Oct/2018:11:34:01 +0200] "GET / HTTP/1.1" 301 379 "-" "-"
138.201.59.34 - - [26/Oct/2018:17:28:58 +0200] "GET /robots.txt HTTP/1.0" 301 375 "-" "Mozilla/5.0 (compatible; SEOkicks; +https://www.seokicks.de/robot.html)"
138.201.59.34 - - [26/Oct/2018:17:29:00 +0200] "GET / HTTP/1.0" 301 365 "-" "Mozilla/5.0 (compatible; SEOkicks; +https://www.seokicks.de/robot.html)"
66.249.75.210 - - [26/Oct/2018:18:03:36 +0200] "GET /robots.txt HTTP/1.1" 301 384 "-" "Mozilla/5.0 (compatible; Googlebot/2.1; +http://www.google.com/bot.html)"
66.249.75.206 - - [26/Oct/2018:18:03:37 +0200] "GET / HTTP/1.1" 301 374 "-" "Mozilla/5.0 (Linux; Android 6.0.1; Nexus 5X Build/MMB29P) AppleWebKit/537.36 (KHTML, like Gecko) Chrome/41.0.2272.96 Mobile Safari/537.36 (compatible; Googlebot/2.1; +http://www.google.com/bot.html)"
144.76.172.177 - - [26/Oct/2018:18:04:06 +0200] "GET /robots.txt HTTP/1.1" 301 394 "http://www.sitedomain.de/" "Sitedomain-Bot(Sitedomain-Bot 1.0, http://www.sitedomain.de/sitedomain-bot/)"
144.76.172.177 - - [26/Oct/2018:18:04:15 +0200] "GET /robots.txt HTTP/1.1" 301 392 "http://www.sitedomain.de/" "Sitedomain-Bot(Sitedomain-Bot 1.0, http://www.sitedomain.de/sitedomain-bot/)"
52.53.201.78 - - [26/Oct/2018:18:57:33 +0200] "GET / HTTP/1.1" 301 379 "-" "Mozilla/5.0 (Macintosh; Intel Mac OS X 10_12_6) AppleWebKit/537.36 (KHTML, like Gecko) Chrome/61.0.3163.100 Safari/537.36"
144.76.172.177 - - [26/Oct/2018:19:20:45 +0200] "GET /robots.txt HTTP/1.1" 301 384 "http://www.sitedomain.de/" "Sitedomain-Bot(Sitedomain-Bot 1.0, http://www.sitedomain.de/sitedomain-bot/)"
66.249.75.206 - - [26/Oct/2018:22:25:16 +0200] "GET / HTTP/1.1" 301 374 "-" "Mozilla/5.0 (compatible; Googlebot/2.1; +http://www.google.com/bot.html)"
66.249.75.210 - - [27/Oct/2018:10:32:02 +0200] "GET /robots.txt HTTP/1.1" 301 384 "-" "Mozilla/5.0 (compatible; Googlebot/2.1; +http://www.google.com/bot.html)"
66.249.75.210 - - [27/Oct/2018:10:32:02 +0200] "GET / HTTP/1.1" 301 374 "-" "Mozilla/5.0 (Linux; Android 6.0.1; Nexus 5X Build/MMB29P) AppleWebKit/537.36 (KHTML, like Gecko) Chrome/41.0.2272.96 Mobile Safari/537.36 (compatible; Googlebot/2.1; +http://www.google.com/bot.html)"
52.53.201.78 - - [27/Oct/2018:11:19:58 +0200] "GET / HTTP/1.1" 301 382 "-" "Mozilla/5.0 (Macintosh; Intel Mac OS X 10_12_6) AppleWebKit/537.36 (KHTML, like Gecko) Chrome/61.0.3163.100 Safari/537.36"
52.53.201.78 - - [27/Oct/2018:14:14:34 +0200] "GET / HTTP/1.1" 301 367 "-" "Mozilla/5.0 (Macintosh; Intel Mac OS X 10_12_6) AppleWebKit/537.36 (KHTML, like Gecko) Chrome/61.0.3163.100 Safari/537.36"
52.53.201.78 - - [27/Oct/2018:19:30:12 +0200] "GET / HTTP/1.1" 301 365 "-" "Mozilla/5.0 (Macintosh; Intel Mac OS X 10_12_6) AppleWebKit/537.36 (KHTML, like Gecko) Chrome/61.0.3163.100 Safari/537.36"
52.53.201.78 - - [27/Oct/2018:20:26:47 +0200] "GET / HTTP/1.1" 301 384 "-" "Mozilla/5.0 (Macintosh; Intel Mac OS X 10_12_6) AppleWebKit/537.36 (KHTML, like Gecko) Chrome/61.0.3163.100 Safari/537.36"
66.249.65.159 - - [27/Oct/2018:21:35:56 +0200] "GET / HTTP/1.1" 301 374 "-" "Mozilla/5.0 (compatible; Googlebot/2.1; +http://www.google.com/bot.html)"
157.55.39.47 - - [27/Oct/2018:23:16:53 +0200] "GET /robots.txt HTTP/1.1" 301 386 "-" "Mozilla/5.0 (compatible; bingbot/2.0; +http://www.bing.com/bingbot.htm)"
157.55.39.47 - - [27/Oct/2018:23:18:46 +0200] "GET /robots.txt HTTP/1.1" 301 386 "-" "Mozilla/5.0 (compatible; bingbot/2.0; +http://www.bing.com/bingbot.htm)"
157.55.39.47 - - [27/Oct/2018:23:21:21 +0200] "GET /robots.txt HTTP/1.1" 301 386 "-" "Mozilla/5.0 (compatible; bingbot/2.0; +http://www.bing.com/bingbot.htm)"
40.77.167.51 - - [27/Oct/2018:23:21:27 +0200] "GET / HTTP/1.1" 301 376 "-" "Mozilla/5.0 (compatible; bingbot/2.0; +http://www.bing.com/bingbot.htm)"
52.53.201.78 - - [28/Oct/2018:00:35:36 +0200] "GET / HTTP/1.1" 301 374 "-" "Mozilla/5.0 (Macintosh; Intel Mac OS X 10_12_6) AppleWebKit/537.36 (KHTML, like Gecko) Chrome/61.0.3163.100 Safari/537.36"
66.249.65.159 - - [28/Oct/2018:00:37:39 +0200] "GET /robots.txt HTTP/1.1" 301 384 "-" "Mozilla/5.0 (compatible; Googlebot/2.1; +http://www.google.com/bot.html)"
66.249.65.157 - - [28/Oct/2018:00:37:39 +0200] "GET / HTTP/1.1" 301 374 "-" "Mozilla/5.0 (Linux; Android 6.0.1; Nexus 5X Build/MMB29P) AppleWebKit/537.36 (KHTML, like Gecko) Chrome/41.0.2272.96 Mobile Safari/537.36 (compatible; Googlebot/2.1; +http://www.google.com/bot.html)"
178.27.85.75 - - [28/Oct/2018:07:17:47 +0100] "GET / HTTP/1.1" 301 365 "-" "Mozilla/5.0 (Windows NT 10.0; WOW64; Trident/7.0; Touch; rv:11.0) like Gecko"
66.249.65.157 - - [28/Oct/2018:09:20:07 +0100] "GET / HTTP/1.1" 301 374 "-" "Mozilla/5.0 (compatible; Googlebot/2.1; +http://www.google.com/bot.html)"
52.53.201.78 - - [28/Oct/2018:10:31:37 +0100] "GET / HTTP/1.1" 301 376 "-" "Mozilla/5.0 (Macintosh; Intel Mac OS X 10_12_6) AppleWebKit/537.36 (KHTML, like Gecko) Chrome/61.0.3163.100 Safari/537.36"
66.249.65.157 - - [28/Oct/2018:14:30:47 +0100] "GET /robots.txt HTTP/1.1" 301 384 "-" "Mozilla/5.0 (compatible; Googlebot/2.1; +http://www.google.com/bot.html)"
66.249.65.157 - - [28/Oct/2018:14:30:48 +0100] "GET / HTTP/1.1" 301 374 "-" "Mozilla/5.0 (Linux; Android 6.0.1; Nexus 5X Build/MMB29P) AppleWebKit/537.36 (KHTML, like Gecko) Chrome/41.0.2272.96 Mobile Safari/537.36 (compatible; Googlebot/2.1; +http://www.google.com/bot.html)"
172.111.129.67 - - [28/Oct/2018:15:28:36 +0100] "GET / HTTP/1.1" 301 365 "-" "Java/1.6.0_04"
172.111.129.67 - - [28/Oct/2018:15:28:36 +0100] "GET /contact.php HTTP/1.1" 301 376 "-" "Java/1.6.0_04"
172.111.129.67 - - [28/Oct/2018:15:28:37 +0100] "GET /faq.php HTTP/1.1" 301 372 "-" "Java/1.6.0_04"
172.111.129.67 - - [28/Oct/2018:15:28:37 +0100] "GET /index.php HTTP/1.1" 301 374 "-" "Java/1.6.0_04"
172.111.129.67 - - [28/Oct/2018:15:28:38 +0100] "GET /optiuni.php HTTP/1.1" 301 376 "-" "Java/1.6.0_04"
172.111.129.67 - - [28/Oct/2018:15:28:38 +0100] "GET /piwik.php HTTP/1.1" 301 374 "-" "Java/1.6.0_04"
172.111.129.67 - - [28/Oct/2018:15:28:38 +0100] "GET /termeni.php HTTP/1.1" 301 376 "-" "Java/1.6.0_04"
172.111.129.67 - - [28/Oct/2018:15:28:39 +0100] "GET /images/T.png HTTP/1.1" 301 377 "-" "Java/1.6.0_04"
172.111.129.67 - - [28/Oct/2018:15:28:39 +0100] "GET /images/branding-top.png HTTP/1.1" 301 388 "-" "Java/1.6.0_04"
172.111.129.67 - - [28/Oct/2018:15:28:39 +0100] "GET /images/google.png HTTP/1.1" 301 382 "-" "Java/1.6.0_04"
172.111.129.67 - - [28/Oct/2018:15:28:40 +0100] "GET /images/identity.png HTTP/1.1" 301 384 "-" "Java/1.6.0_04"
172.111.129.67 - - [28/Oct/2018:15:28:40 +0100] "GET /images/lh.png HTTP/1.1" 301 378 "-" "Java/1.6.0_04"
172.111.129.67 - - [28/Oct/2018:15:28:41 +0100] "GET /images/powered-by-t.png HTTP/1.1" 301 388 "-" "Java/1.6.0_04"
172.111.129.67 - - [28/Oct/2018:15:28:41 +0100] "GET /images/sep.png HTTP/1.1" 301 379 "-" "Java/1.6.0_04"
172.111.129.67 - - [28/Oct/2018:15:28:41 +0100] "GET /js/jquery.js HTTP/1.1" 301 377 "-" "Java/1.6.0_04"
172.111.129.67 - - [28/Oct/2018:15:28:42 +0100] "GET /images/contact.php HTTP/1.1" 301 383 "-" "Java/1.6.0_04"
172.111.129.67 - - [28/Oct/2018:15:28:42 +0100] "GET /images/faq.php HTTP/1.1" 301 379 "-" "Java/1.6.0_04"
172.111.129.67 - - [28/Oct/2018:15:28:42 +0100] "GET /images/index.php HTTP/1.1" 301 381 "-" "Java/1.6.0_04"
172.111.129.67 - - [28/Oct/2018:15:28:43 +0100] "GET /images/optiuni.php HTTP/1.1" 301 383 "-" "Java/1.6.0_04"
172.111.129.67 - - [28/Oct/2018:15:28:43 +0100] "GET /images/piwik.php HTTP/1.1" 301 381 "-" "Java/1.6.0_04"
