78.52.66.108 - - [20/Mar/2013:14:09:44 +0100] "GET /img/corner02.png HTTP/1.1" 200 190 "http://www.reisenweber-berlin.de/" "Mozilla/5.0 (X11; Linux x86_64; rv:10.0.12) Gecko/20100101 Firefox/10.0.12 Iceweasel/10.0.12"
78.52.66.108 - - [20/Mar/2013:14:09:44 +0100] "GET /img/pfeil-grau.gif HTTP/1.1" 200 73 "http://www.reisenweber-berlin.de/" "Mozilla/5.0 (X11; Linux x86_64; rv:10.0.12) Gecko/20100101 Firefox/10.0.12 Iceweasel/10.0.12"
78.52.66.108 - - [20/Mar/2013:14:09:44 +0100] "GET /img/corner04.png HTTP/1.1" 200 203 "http://www.reisenweber-berlin.de/" "Mozilla/5.0 (X11; Linux x86_64; rv:10.0.12) Gecko/20100101 Firefox/10.0.12 Iceweasel/10.0.12"
78.52.66.108 - - [20/Mar/2013:14:09:44 +0100] "GET /img/corner03.png HTTP/1.1" 200 266 "http://www.reisenweber-berlin.de/" "Mozilla/5.0 (X11; Linux x86_64; rv:10.0.12) Gecko/20100101 Firefox/10.0.12 Iceweasel/10.0.12"
78.52.66.108 - - [20/Mar/2013:14:09:44 +0100] "GET /img/tbl_bottom.png HTTP/1.1" 200 168 "http://www.reisenweber-berlin.de/css/style.css" "Mozilla/5.0 (X11; Linux x86_64; rv:10.0.12) Gecko/20100101 Firefox/10.0.12 Iceweasel/10.0.12"
78.52.66.108 - - [20/Mar/2013:14:09:44 +0100] "GET /img/tbl_left.png HTTP/1.1" 200 236 "http://www.reisenweber-berlin.de/css/style.css" "Mozilla/5.0 (X11; Linux x86_64; rv:10.0.12) Gecko/20100101 Firefox/10.0.12 Iceweasel/10.0.12"
78.52.66.108 - - [20/Mar/2013:14:09:44 +0100] "GET /img/hg_tbl.png HTTP/1.1" 200 190 "http://www.reisenweber-berlin.de/" "Mozilla/5.0 (X11; Linux x86_64; rv:10.0.12) Gecko/20100101 Firefox/10.0.12 Iceweasel/10.0.12"
78.52.66.108 - - [20/Mar/2013:14:09:44 +0100] "GET /img/HG_news.png HTTP/1.1" 200 212 "http://www.reisenweber-berlin.de/" "Mozilla/5.0 (X11; Linux x86_64; rv:10.0.12) Gecko/20100101 Firefox/10.0.12 Iceweasel/10.0.12"
78.52.66.108 - - [20/Mar/2013:14:09:44 +0100] "GET /img/tbl_right.png HTTP/1.1" 200 227 "http://www.reisenweber-berlin.de/css/style.css" "Mozilla/5.0 (X11; Linux x86_64; rv:10.0.12) Gecko/20100101 Firefox/10.0.12 Iceweasel/10.0.12"
78.52.66.108 - - [20/Mar/2013:14:09:44 +0100] "GET /img/tbl_down.png HTTP/1.1" 200 197 "http://www.reisenweber-berlin.de/css/style.css" "Mozilla/5.0 (X11; Linux x86_64; rv:10.0.12) Gecko/20100101 Firefox/10.0.12 Iceweasel/10.0.12"
78.52.66.108 - - [20/Mar/2013:14:09:44 +0100] "GET /img/hg.jpg HTTP/1.1" 200 44355 "http://www.reisenweber-berlin.de/css/style.css" "Mozilla/5.0 (X11; Linux x86_64; rv:10.0.12) Gecko/20100101 Firefox/10.0.12 Iceweasel/10.0.12"
78.52.66.108 - - [20/Mar/2013:14:09:44 +0100] "GET /img/img_index.jpg HTTP/1.1" 200 83568 "http://www.reisenweber-berlin.de/" "Mozilla/5.0 (X11; Linux x86_64; rv:10.0.12) Gecko/20100101 Firefox/10.0.12 Iceweasel/10.0.12"
78.52.66.108 - - [20/Mar/2013:14:09:44 +0100] "GET /reisenweber_ani.swf HTTP/1.1" 200 60314 "http://www.reisenweber-berlin.de/" "Mozilla/5.0 (X11; Linux x86_64; rv:10.0.12) Gecko/20100101 Firefox/10.0.12 Iceweasel/10.0.12"
78.52.66.108 - - [20/Mar/2013:14:09:45 +0100] "GET /favicon.ico HTTP/1.1" 404 1256 "-" "Mozilla/5.0 (X11; Linux x86_64; rv:10.0.12) Gecko/20100101 Firefox/10.0.12 Iceweasel/10.0.12"
78.52.66.108 - - [20/Mar/2013:14:09:45 +0100] "GET /favicon.ico HTTP/1.1" 404 1256 "-" "Mozilla/5.0 (X11; Linux x86_64; rv:10.0.12) Gecko/20100101 Firefox/10.0.12 Iceweasel/10.0.12"
78.52.66.108 - - [20/Mar/2013:14:09:45 +0100] "GET /pics/3.jpg HTTP/1.1" 200 149645 "-" "Mozilla/5.0 (X11; Linux x86_64; rv:10.0.12) Gecko/20100101 Firefox/10.0.12 Iceweasel/10.0.12"
78.52.66.108 - - [20/Mar/2013:14:09:52 +0100] "GET /pics/4.jpg HTTP/1.1" 200 165768 "-" "Mozilla/5.0 (X11; Linux x86_64; rv:10.0.12) Gecko/20100101 Firefox/10.0.12 Iceweasel/10.0.12"
78.52.66.108 - - [20/Mar/2013:14:10:00 +0100] "GET /pics/5.jpg HTTP/1.1" 200 134687 "-" "Mozilla/5.0 (X11; Linux x86_64; rv:10.0.12) Gecko/20100101 Firefox/10.0.12 Iceweasel/10.0.12"
78.52.66.108 - - [20/Mar/2013:14:10:07 +0100] "GET /pics/1.jpg HTTP/1.1" 200 104529 "-" "Mozilla/5.0 (X11; Linux x86_64; rv:10.0.12) Gecko/20100101 Firefox/10.0.12 Iceweasel/10.0.12"
78.52.66.108 - - [20/Mar/2013:14:10:15 +0100] "GET /pics/2.jpg HTTP/1.1" 200 107549 "-" "Mozilla/5.0 (X11; Linux x86_64; rv:10.0.12) Gecko/20100101 Firefox/10.0.12 Iceweasel/10.0.12"
94.220.79.52 - - [20/Mar/2013:14:14:14 +0100] "GET / HTTP/1.1" 200 9998 "http://www.meinestadt.de/berlin/lehrstellen/standard?id=14965421" "Opera/9.80 (Windows NT 6.2; WOW64) Presto/2.12.388 Version/12.14"
94.220.79.52 - - [20/Mar/2013:14:14:14 +0100] "GET /css/style.css HTTP/1.1" 200 3765 "http://www.reisenweber-berlin.de/" "Opera/9.80 (Windows NT 6.2; WOW64) Presto/2.12.388 Version/12.14"
78.52.66.108 - - [20/Mar/2013:14:14:14 +0100] "GET /uns.html HTTP/1.1" 200 7796 "http://www.reisenweber-berlin.de/" "Mozilla/5.0 (X11; Linux x86_64; rv:10.0.12) Gecko/20100101 Firefox/10.0.12 Iceweasel/10.0.12"
94.220.79.52 - - [20/Mar/2013:14:14:14 +0100] "GET /Scripts/AC_ActiveX.js HTTP/1.1" 200 2068 "http://www.reisenweber-berlin.de/" "Opera/9.80 (Windows NT 6.2; WOW64) Presto/2.12.388 Version/12.14"
94.220.79.52 - - [20/Mar/2013:14:14:14 +0100] "GET /img/pfeil.gif HTTP/1.1" 200 85 "http://www.reisenweber-berlin.de/" "Opera/9.80 (Windows NT 6.2; WOW64) Presto/2.12.388 Version/12.14"
94.220.79.52 - - [20/Mar/2013:14:14:14 +0100] "GET /img/corner02.png HTTP/1.1" 200 190 "http://www.reisenweber-berlin.de/" "Opera/9.80 (Windows NT 6.2; WOW64) Presto/2.12.388 Version/12.14"
94.220.79.52 - - [20/Mar/2013:14:14:14 +0100] "GET /img/spacer.gif HTTP/1.1" 200 43 "http://www.reisenweber-berlin.de/" "Opera/9.80 (Windows NT 6.2; WOW64) Presto/2.12.388 Version/12.14"
94.220.79.52 - - [20/Mar/2013:14:14:14 +0100] "GET /Scripts/AC_RunActiveContent.js HTTP/1.1" 200 8029 "http://www.reisenweber-berlin.de/" "Opera/9.80 (Windows NT 6.2; WOW64) Presto/2.12.388 Version/12.14"
78.52.66.108 - - [20/Mar/2013:14:14:14 +0100] "GET /css/lightbox.css HTTP/1.1" 200 3470 "http://www.reisenweber-berlin.de/uns.html" "Mozilla/5.0 (X11; Linux x86_64; rv:10.0.12) Gecko/20100101 Firefox/10.0.12 Iceweasel/10.0.12"
94.220.79.52 - - [20/Mar/2013:14:14:14 +0100] "GET /img/corner03.png HTTP/1.1" 200 266 "http://www.reisenweber-berlin.de/" "Opera/9.80 (Windows NT 6.2; WOW64) Presto/2.12.388 Version/12.14"
94.220.79.52 - - [20/Mar/2013:14:14:14 +0100] "GET /img/pfeil-grau.gif HTTP/1.1" 200 73 "http://www.reisenweber-berlin.de/" "Opera/9.80 (Windows NT 6.2; WOW64) Presto/2.12.388 Version/12.14"
78.52.66.108 - - [20/Mar/2013:14:14:14 +0100] "GET /js/scriptaculous.js?load=effects HTTP/1.1" 200 2152 "http://www.reisenweber-berlin.de/uns.html" "Mozilla/5.0 (X11; Linux x86_64; rv:10.0.12) Gecko/20100101 Firefox/10.0.12 Iceweasel/10.0.12"
94.220.79.52 - - [20/Mar/2013:14:14:14 +0100] "GET /img/corner04.png HTTP/1.1" 200 203 "http://www.reisenweber-berlin.de/" "Opera/9.80 (Windows NT 6.2; WOW64) Presto/2.12.388 Version/12.14"
94.220.79.52 - - [20/Mar/2013:14:14:14 +0100] "GET /img/corner04.png HTTP/1.1" 200 203 "http://www.reisenweber-berlin.de/" "Opera/9.80 (Windows NT 6.2; WOW64) Presto/2.12.388 Version/12.14"
78.52.66.108 - - [20/Mar/2013:14:14:14 +0100] "GET /img/damen-01.jpg HTTP/1.1" 200 6064 "http://www.reisenweber-berlin.de/uns.html" "Mozilla/5.0 (X11; Linux x86_64; rv:10.0.12) Gecko/20100101 Firefox/10.0.12 Iceweasel/10.0.12"
94.220.79.52 - - [20/Mar/2013:14:14:14 +0100] "GET /img/corner01.png HTTP/1.1" 200 163 "http://www.reisenweber-berlin.de/" "Opera/9.80 (Windows NT 6.2; WOW64) Presto/2.12.388 Version/12.14"
78.52.66.108 - - [20/Mar/2013:14:14:14 +0100] "GET /img/damen-02.jpg HTTP/1.1" 200 6205 "http://www.reisenweber-berlin.de/uns.html" "Mozilla/5.0 (X11; Linux x86_64; rv:10.0.12) Gecko/20100101 Firefox/10.0.12 Iceweasel/10.0.12"
94.220.79.52 - - [20/Mar/2013:14:14:14 +0100] "GET /img/img_index.jpg HTTP/1.1" 200 83568 "http://www.reisenweber-berlin.de/" "Opera/9.80 (Windows NT 6.2; WOW64) Presto/2.12.388 Version/12.14"
94.220.79.52 - - [20/Mar/2013:14:14:14 +0100] "GET /img/corner01.png HTTP/1.1" 200 163 "http://www.reisenweber-berlin.de/" "Opera/9.80 (Windows NT 6.2; WOW64) Presto/2.12.388 Version/12.14"
78.52.66.108 - - [20/Mar/2013:14:14:14 +0100] "GET /js/prototype.js HTTP/1.1" 200 47603 "http://www.reisenweber-berlin.de/uns.html" "Mozilla/5.0 (X11; Linux x86_64; rv:10.0.12) Gecko/20100101 Firefox/10.0.12 Iceweasel/10.0.12"
94.220.79.52 - - [20/Mar/2013:14:14:14 +0100] "GET /favicon.ico HTTP/1.1" 404 1256 "http://www.reisenweber-berlin.de/" "Opera/9.80 (Windows NT 6.2; WOW64) Presto/2.12.388 Version/12.14"
94.220.79.52 - - [20/Mar/2013:14:14:14 +0100] "GET /img/hg.jpg HTTP/1.1" 200 44355 "http://www.reisenweber-berlin.de/" "Opera/9.80 (Windows NT 6.2; WOW64) Presto/2.12.388 Version/12.14"
94.220.79.52 - - [20/Mar/2013:14:14:14 +0100] "GET /img/tbl_bottom.png HTTP/1.1" 200 168 "http://www.reisenweber-berlin.de/" "Opera/9.80 (Windows NT 6.2; WOW64) Presto/2.12.388 Version/12.14"
94.220.79.52 - - [20/Mar/2013:14:14:14 +0100] "GET /img/HG_news.png HTTP/1.1" 200 212 "http://www.reisenweber-berlin.de/" "Opera/9.80 (Windows NT 6.2; WOW64) Presto/2.12.388 Version/12.14"
78.52.66.108 - - [20/Mar/2013:14:14:14 +0100] "GET /js/lightbox.js HTTP/1.1" 200 23861 "http://www.reisenweber-berlin.de/uns.html" "Mozilla/5.0 (X11; Linux x86_64; rv:10.0.12) Gecko/20100101 Firefox/10.0.12 Iceweasel/10.0.12"
78.52.66.108 - - [20/Mar/2013:14:14:14 +0100] "GET /img/laden.jpg HTTP/1.1" 200 25856 "http://www.reisenweber-berlin.de/uns.html" "Mozilla/5.0 (X11; Linux x86_64; rv:10.0.12) Gecko/20100101 Firefox/10.0.12 Iceweasel/10.0.12"
78.52.66.108 - - [20/Mar/2013:14:14:14 +0100] "GET /js/effects.js HTTP/1.1" 200 31969 "http://www.reisenweber-berlin.de/uns.html" "Mozilla/5.0 (X11; Linux x86_64; rv:10.0.12) Gecko/20100101 Firefox/10.0.12 Iceweasel/10.0.12"
94.220.79.52 - - [20/Mar/2013:14:14:14 +0100] "GET /img/tbl_right.png HTTP/1.1" 200 227 "http://www.reisenweber-berlin.de/" "Opera/9.80 (Windows NT 6.2; WOW64) Presto/2.12.388 Version/12.14"
94.220.79.52 - - [20/Mar/2013:14:14:14 +0100] "GET /img/tbl_right.png HTTP/1.1" 200 227 "http://www.reisenweber-berlin.de/" "Opera/9.80 (Windows NT 6.2; WOW64) Presto/2.12.388 Version/12.14"
94.220.79.52 - - [20/Mar/2013:14:14:14 +0100] "GET /img/tbl_down.png HTTP/1.1" 200 197 "http://www.reisenweber-berlin.de/" "Opera/9.80 (Windows NT 6.2; WOW64) Presto/2.12.388 Version/12.14"
94.220.79.52 - - [20/Mar/2013:14:14:14 +0100] "GET /reisenweber_ani.swf HTTP/1.1" 200 60314 "http://www.reisenweber-berlin.de/" "Opera/9.80 (Windows NT 6.2; WOW64) Presto/2.12.388 Version/12.14"
94.220.79.52 - - [20/Mar/2013:14:14:15 +0100] "GET /img/tbl_down.png HTTP/1.1" 200 197 "http://www.reisenweber-berlin.de/" "Opera/9.80 (Windows NT 6.2; WOW64) Presto/2.12.388 Version/12.14"
94.220.79.52 - - [20/Mar/2013:14:14:15 +0100] "GET /img/tbl_left.png HTTP/1.1" 200 236 "http://www.reisenweber-berlin.de/" "Opera/9.80 (Windows NT 6.2; WOW64) Presto/2.12.388 Version/12.14"
78.52.66.108 - - [20/Mar/2013:14:14:15 +0100] "GET /img/damen-03.jpg HTTP/1.1" 200 30544 "http://www.reisenweber-berlin.de/uns.html" "Mozilla/5.0 (X11; Linux x86_64; rv:10.0.12) Gecko/20100101 Firefox/10.0.12 Iceweasel/10.0.12"
94.220.79.52 - - [20/Mar/2013:14:14:15 +0100] "GET /img/hg_tbl.png HTTP/1.1" 200 190 "http://www.reisenweber-berlin.de/" "Opera/9.80 (Windows NT 6.2; WOW64) Presto/2.12.388 Version/12.14"
78.52.66.108 - - [20/Mar/2013:14:14:15 +0100] "GET /images/loading.gif HTTP/1.1" 200 538 "http://www.reisenweber-berlin.de/uns.html" "Mozilla/5.0 (X11; Linux x86_64; rv:10.0.12) Gecko/20100101 Firefox/10.0.12 Iceweasel/10.0.12"
78.52.66.108 - - [20/Mar/2013:14:14:15 +0100] "GET /images/close.png HTTP/1.1" 200 3137 "http://www.reisenweber-berlin.de/uns.html" "Mozilla/5.0 (X11; Linux x86_64; rv:10.0.12) Gecko/20100101 Firefox/10.0.12 Iceweasel/10.0.12"
94.220.79.52 - - [20/Mar/2013:14:14:16 +0100] "GET /pics/5.jpg HTTP/1.1" 200 134687 "http://www.reisenweber-berlin.de/reisenweber_ani.swf" "Opera/9.80 (Windows NT 6.2; WOW64) Presto/2.12.388 Version/12.14"
78.52.66.108 - - [20/Mar/2013:14:14:20 +0100] "GET /leistungen.html HTTP/1.1" 200 22677 "http://www.reisenweber-berlin.de/uns.html" "Mozilla/5.0 (X11; Linux x86_64; rv:10.0.12) Gecko/20100101 Firefox/10.0.12 Iceweasel/10.0.12"
78.52.66.108 - - [20/Mar/2013:14:14:20 +0100] "GET /js/RunFLASH.js HTTP/1.1" 200 8029 "http://www.reisenweber-berlin.de/leistungen.html" "Mozilla/5.0 (X11; Linux x86_64; rv:10.0.12) Gecko/20100101 Firefox/10.0.12 Iceweasel/10.0.12"
78.52.66.108 - - [20/Mar/2013:14:14:20 +0100] "GET /js/Panel.js HTTP/1.1" 200 13072 "http://www.reisenweber-berlin.de/leistungen.html" "Mozilla/5.0 (X11; Linux x86_64; rv:10.0.12) Gecko/20100101 Firefox/10.0.12 Iceweasel/10.0.12"
78.52.66.108 - - [20/Mar/2013:14:14:20 +0100] "GET /css/Panel.css HTTP/1.1" 200 3497 "http://www.reisenweber-berlin.de/leistungen.html" "Mozilla/5.0 (X11; Linux x86_64; rv:10.0.12) Gecko/20100101 Firefox/10.0.12 Iceweasel/10.0.12"
94.220.79.52 - - [20/Mar/2013:14:14:24 +0100] "GET /pics/1.jpg HTTP/1.1" 200 104529 "http://www.reisenweber-berlin.de/reisenweber_ani.swf" "Opera/9.80 (Windows NT 6.2; WOW64) Presto/2.12.388 Version/12.14"
78.52.66.108 - - [20/Mar/2013:14:14:24 +0100] "GET /aktuelles.html HTTP/1.1" 200 12183 "http://www.reisenweber-berlin.de/leistungen.html" "Mozilla/5.0 (X11; Linux x86_64; rv:10.0.12) Gecko/20100101 Firefox/10.0.12 Iceweasel/10.0.12"
78.52.66.108 - - [20/Mar/2013:14:14:24 +0100] "GET /js/scriptaculous.js?load=effects HTTP/1.1" 304 - "http://www.reisenweber-berlin.de/aktuelles.html" "Mozilla/5.0 (X11; Linux x86_64; rv:10.0.12) Gecko/20100101 Firefox/10.0.12 Iceweasel/10.0.12"
78.52.66.108 - - [20/Mar/2013:14:14:24 +0100] "GET /img/abgrenzung.jpg HTTP/1.1" 200 1815 "http://www.reisenweber-berlin.de/aktuelles.html" "Mozilla/5.0 (X11; Linux x86_64; rv:10.0.12) Gecko/20100101 Firefox/10.0.12 Iceweasel/10.0.12"
78.52.66.108 - - [20/Mar/2013:14:14:24 +0100] "GET /img/aktuell-01_sw.png HTTP/1.1" 200 9846 "http://www.reisenweber-berlin.de/aktuelles.html" "Mozilla/5.0 (X11; Linux x86_64; rv:10.0.12) Gecko/20100101 Firefox/10.0.12 Iceweasel/10.0.12"
78.52.66.108 - - [20/Mar/2013:14:14:24 +0100] "GET /img/aktuell-02_sw.png HTTP/1.1" 200 12293 "http://www.reisenweber-berlin.de/aktuelles.html" "Mozilla/5.0 (X11; Linux x86_64; rv:10.0.12) Gecko/20100101 Firefox/10.0.12 Iceweasel/10.0.12"
78.52.66.108 - - [20/Mar/2013:14:14:24 +0100] "GET /img/aktuell-03_sw.png HTTP/1.1" 200 12073 "http://www.reisenweber-berlin.de/aktuelles.html" "Mozilla/5.0 (X11; Linux x86_64; rv:10.0.12) Gecko/20100101 Firefox/10.0.12 Iceweasel/10.0.12"
78.52.66.108 - - [20/Mar/2013:14:14:24 +0100] "GET /img/aktuell-04_sw.png HTTP/1.1" 200 10095 "http://www.reisenweber-berlin.de/aktuelles.html" "Mozilla/5.0 (X11; Linux x86_64; rv:10.0.12) Gecko/20100101 Firefox/10.0.12 Iceweasel/10.0.12"
78.52.66.108 - - [20/Mar/2013:14:14:24 +0100] "GET /img/aktuell-05_sw.png HTTP/1.1" 200 11701 "http://www.reisenweber-berlin.de/aktuelles.html" "Mozilla/5.0 (X11; Linux x86_64; rv:10.0.12) Gecko/20100101 Firefox/10.0.12 Iceweasel/10.0.12"
78.52.66.108 - - [20/Mar/2013:14:14:24 +0100] "GET /img/aktuell-06_sw.png HTTP/1.1" 200 10698 "http://www.reisenweber-berlin.de/aktuelles.html" "Mozilla/5.0 (X11; Linux x86_64; rv:10.0.12) Gecko/20100101 Firefox/10.0.12 Iceweasel/10.0.12"
78.52.66.108 - - [20/Mar/2013:14:14:24 +0100] "GET /img/aktuell-07_sw.png HTTP/1.1" 200 10511 "http://www.reisenweber-berlin.de/aktuelles.html" "Mozilla/5.0 (X11; Linux x86_64; rv:10.0.12) Gecko/20100101 Firefox/10.0.12 Iceweasel/10.0.12"
78.52.66.108 - - [20/Mar/2013:14:14:24 +0100] "GET /img/Aufsteller.png HTTP/1.1" 200 141482 "http://www.reisenweber-berlin.de/aktuelles.html" "Mozilla/5.0 (X11; Linux x86_64; rv:10.0.12) Gecko/20100101 Firefox/10.0.12 Iceweasel/10.0.12"
78.52.66.108 - - [20/Mar/2013:14:14:27 +0100] "GET /index.html HTTP/1.1" 200 9998 "http://www.reisenweber-berlin.de/aktuelles.html" "Mozilla/5.0 (X11; Linux x86_64; rv:10.0.12) Gecko/20100101 Firefox/10.0.12 Iceweasel/10.0.12"
94.220.79.52 - - [20/Mar/2013:14:14:28 +0100] "GET /uns.html HTTP/1.1" 200 7796 "http://www.reisenweber-berlin.de/" "Opera/9.80 (Windows NT 6.2; WOW64) Presto/2.12.388 Version/12.14"
94.220.79.52 - - [20/Mar/2013:14:14:28 +0100] "GET /css/lightbox.css HTTP/1.1" 200 3470 "http://www.reisenweber-berlin.de/uns.html" "Opera/9.80 (Windows NT 6.2; WOW64) Presto/2.12.388 Version/12.14"
94.220.79.52 - - [20/Mar/2013:14:14:28 +0100] "GET /js/lightbox.js HTTP/1.1" 200 23861 "http://www.reisenweber-berlin.de/uns.html" "Opera/9.80 (Windows NT 6.2; WOW64) Presto/2.12.388 Version/12.14"
94.220.79.52 - - [20/Mar/2013:14:14:29 +0100] "GET /js/scriptaculous.js?load=effects HTTP/1.1" 200 2152 "http://www.reisenweber-berlin.de/uns.html" "Opera/9.80 (Windows NT 6.2; WOW64) Presto/2.12.388 Version/12.14"
94.220.79.52 - - [20/Mar/2013:14:14:29 +0100] "GET /img/damen-03.jpg HTTP/1.1" 200 30544 "http://www.reisenweber-berlin.de/uns.html" "Opera/9.80 (Windows NT 6.2; WOW64) Presto/2.12.388 Version/12.14"
94.220.79.52 - - [20/Mar/2013:14:14:29 +0100] "GET /img/damen-01.jpg HTTP/1.1" 200 6064 "http://www.reisenweber-berlin.de/uns.html" "Opera/9.80 (Windows NT 6.2; WOW64) Presto/2.12.388 Version/12.14"
94.220.79.52 - - [20/Mar/2013:14:14:29 +0100] "GET /img/laden.jpg HTTP/1.1" 200 25856 "http://www.reisenweber-berlin.de/uns.html" "Opera/9.80 (Windows NT 6.2; WOW64) Presto/2.12.388 Version/12.14"
94.220.79.52 - - [20/Mar/2013:14:14:29 +0100] "GET /img/damen-02.jpg HTTP/1.1" 200 6205 "http://www.reisenweber-berlin.de/uns.html" "Opera/9.80 (Windows NT 6.2; WOW64) Presto/2.12.388 Version/12.14"
94.220.79.52 - - [20/Mar/2013:14:14:29 +0100] "GET /js/prototype.js HTTP/1.1" 200 47603 "http://www.reisenweber-berlin.de/uns.html" "Opera/9.80 (Windows NT 6.2; WOW64) Presto/2.12.388 Version/12.14"
94.220.79.52 - - [20/Mar/2013:14:14:29 +0100] "GET /img/damen-02.jpg HTTP/1.1" 200 6205 "http://www.reisenweber-berlin.de/uns.html" "Opera/9.80 (Windows NT 6.2; WOW64) Presto/2.12.388 Version/12.14"
94.220.79.52 - - [20/Mar/2013:14:14:29 +0100] "GET /js/effects.js HTTP/1.1" 200 31969 "http://www.reisenweber-berlin.de/uns.html" "Opera/9.80 (Windows NT 6.2; WOW64) Presto/2.12.388 Version/12.14"
94.220.79.52 - - [20/Mar/2013:14:14:29 +0100] "GET /images/loading.gif HTTP/1.1" 200 538 "http://www.reisenweber-berlin.de/uns.html" "Opera/9.80 (Windows NT 6.2; WOW64) Presto/2.12.388 Version/12.14"
94.220.79.52 - - [20/Mar/2013:14:14:29 +0100] "GET /images/close.png HTTP/1.1" 200 3137 "http://www.reisenweber-berlin.de/uns.html" "Opera/9.80 (Windows NT 6.2; WOW64) Presto/2.12.388 Version/12.14"
94.220.79.52 - - [20/Mar/2013:14:14:33 +0100] "GET /img/damen-01-GR.jpg HTTP/1.1" 200 73479 "http://www.reisenweber-berlin.de/uns.html" "Opera/9.80 (Windows NT 6.2; WOW64) Presto/2.12.388 Version/12.14"
94.220.79.52 - - [20/Mar/2013:14:14:33 +0100] "GET /img/damen-02-GR.jpg HTTP/1.1" 200 78475 "http://www.reisenweber-berlin.de/uns.html" "Opera/9.80 (Windows NT 6.2; WOW64) Presto/2.12.388 Version/12.14"
94.220.79.52 - - [20/Mar/2013:14:14:36 +0100] "GET /images/blank.gif HTTP/1.1" 404 1256 "http://www.reisenweber-berlin.de/uns.html" "Opera/9.80 (Windows NT 6.2; WOW64) Presto/2.12.388 Version/12.14"
94.220.79.52 - - [20/Mar/2013:14:14:38 +0100] "GET /images/next.gif HTTP/1.1" 200 231 "http://www.reisenweber-berlin.de/uns.html" "Opera/9.80 (Windows NT 6.2; WOW64) Presto/2.12.388 Version/12.14"
94.220.79.52 - - [20/Mar/2013:14:14:41 +0100] "GET /img/damen-03-GR.jpg HTTP/1.1" 200 89397 "http://www.reisenweber-berlin.de/uns.html" "Opera/9.80 (Windows NT 6.2; WOW64) Presto/2.12.388 Version/12.14"
94.220.79.52 - - [20/Mar/2013:14:14:58 +0100] "GET /philosophie.html HTTP/1.1" 200 8403 "http://www.reisenweber-berlin.de/uns.html" "Opera/9.80 (Windows NT 6.2; WOW64) Presto/2.12.388 Version/12.14"
94.220.79.52 - - [20/Mar/2013:14:14:58 +0100] "GET /img/philosophie.png HTTP/1.1" 200 168751 "http://www.reisenweber-berlin.de/philosophie.html" "Opera/9.80 (Windows NT 6.2; WOW64) Presto/2.12.388 Version/12.14"
94.220.79.52 - - [20/Mar/2013:14:15:03 +0100] "GET /aktuelles.html HTTP/1.1" 200 12183 "http://www.reisenweber-berlin.de/philosophie.html" "Opera/9.80 (Windows NT 6.2; WOW64) Presto/2.12.388 Version/12.14"
94.220.79.52 - - [20/Mar/2013:14:15:03 +0100] "GET /img/abgrenzung.jpg HTTP/1.1" 200 1815 "http://www.reisenweber-berlin.de/aktuelles.html" "Opera/9.80 (Windows NT 6.2; WOW64) Presto/2.12.388 Version/12.14"
94.220.79.52 - - [20/Mar/2013:14:15:03 +0100] "GET /img/aktuell-01_sw.png HTTP/1.1" 200 9846 "http://www.reisenweber-berlin.de/aktuelles.html" "Opera/9.80 (Windows NT 6.2; WOW64) Presto/2.12.388 Version/12.14"
94.220.79.52 - - [20/Mar/2013:14:15:03 +0100] "GET /img/aktuell-02_sw.png HTTP/1.1" 200 12293 "http://www.reisenweber-berlin.de/aktuelles.html" "Opera/9.80 (Windows NT 6.2; WOW64) Presto/2.12.388 Version/12.14"
94.220.79.52 - - [20/Mar/2013:14:15:03 +0100] "GET /img/aktuell-05_sw.png HTTP/1.1" 200 11701 "http://www.reisenweber-berlin.de/aktuelles.html" "Opera/9.80 (Windows NT 6.2; WOW64) Presto/2.12.388 Version/12.14"
94.220.79.52 - - [20/Mar/2013:14:15:03 +0100] "GET /img/aktuell-07_sw.png HTTP/1.1" 200 10511 "http://www.reisenweber-berlin.de/aktuelles.html" "Opera/9.80 (Windows NT 6.2; WOW64) Presto/2.12.388 Version/12.14"
94.220.79.52 - - [20/Mar/2013:14:15:03 +0100] "GET /img/aktuell-06_sw.png HTTP/1.1" 200 10698 "http://www.reisenweber-berlin.de/aktuelles.html" "Opera/9.80 (Windows NT 6.2; WOW64) Presto/2.12.388 Version/12.14"
94.220.79.52 - - [20/Mar/2013:14:15:03 +0100] "GET /img/Aufsteller.png HTTP/1.1" 200 141482 "http://www.reisenweber-berlin.de/aktuelles.html" "Opera/9.80 (Windows NT 6.2; WOW64) Presto/2.12.388 Version/12.14"
94.220.79.52 - - [20/Mar/2013:14:15:03 +0100] "GET /img/aktuell-04_sw.png HTTP/1.1" 200 10095 "http://www.reisenweber-berlin.de/aktuelles.html" "Opera/9.80 (Windows NT 6.2; WOW64) Presto/2.12.388 Version/12.14"
94.220.79.52 - - [20/Mar/2013:14:15:04 +0100] "GET /img/aktuell-04_sw.png HTTP/1.1" 200 10095 "http://www.reisenweber-berlin.de/aktuelles.html" "Opera/9.80 (Windows NT 6.2; WOW64) Presto/2.12.388 Version/12.14"
94.220.79.52 - - [20/Mar/2013:14:15:04 +0100] "GET /img/aktuell-07_sw.png HTTP/1.1" 200 10511 "http://www.reisenweber-berlin.de/aktuelles.html" "Opera/9.80 (Windows NT 6.2; WOW64) Presto/2.12.388 Version/12.14"
94.220.79.52 - - [20/Mar/2013:14:15:04 +0100] "GET /img/aktuell-03_sw.png HTTP/1.1" 200 12073 "http://www.reisenweber-berlin.de/aktuelles.html" "Opera/9.80 (Windows NT 6.2; WOW64) Presto/2.12.388 Version/12.14"
94.220.79.52 - - [20/Mar/2013:14:15:12 +0100] "GET /leistungen.html HTTP/1.1" 200 22677 "http://www.reisenweber-berlin.de/aktuelles.html" "Opera/9.80 (Windows NT 6.2; WOW64) Presto/2.12.388 Version/12.14"
94.220.79.52 - - [20/Mar/2013:14:15:12 +0100] "GET /js/Panel.js HTTP/1.1" 200 13072 "http://www.reisenweber-berlin.de/leistungen.html" "Opera/9.80 (Windows NT 6.2; WOW64) Presto/2.12.388 Version/12.14"
94.220.79.52 - - [20/Mar/2013:14:15:12 +0100] "GET /css/Panel.css HTTP/1.1" 200 3497 "http://www.reisenweber-berlin.de/leistungen.html" "Opera/9.80 (Windows NT 6.2; WOW64) Presto/2.12.388 Version/12.14"
94.220.79.52 - - [20/Mar/2013:14:15:13 +0100] "GET /js/RunFLASH.js HTTP/1.1" 200 8029 "http://www.reisenweber-berlin.de/leistungen.html" "Opera/9.80 (Windows NT 6.2; WOW64) Presto/2.12.388 Version/12.14"
94.220.79.52 - - [20/Mar/2013:14:15:13 +0100] "GET /pics/3.jpg HTTP/1.1" 200 149645 "http://www.reisenweber-berlin.de/reisenweber_ani.swf" "Opera/9.80 (Windows NT 6.2; WOW64) Presto/2.12.388 Version/12.14"
94.220.79.52 - - [20/Mar/2013:14:15:21 +0100] "GET /pics/4.jpg HTTP/1.1" 200 165768 "http://www.reisenweber-berlin.de/reisenweber_ani.swf" "Opera/9.80 (Windows NT 6.2; WOW64) Presto/2.12.388 Version/12.14"
78.52.66.108 - - [20/Mar/2013:14:15:39 +0100] "GET /js/scriptaculous.js?load=effects HTTP/1.1" 304 - "http://www.reisenweber-berlin.de/aktuelles.html" "Mozilla/5.0 (X11; Linux x86_64; rv:10.0.12) Gecko/20100101 Firefox/10.0.12 Iceweasel/10.0.12"
94.220.79.52 - - [20/Mar/2013:14:19:58 +0100] "GET /pics/2.jpg HTTP/1.1" 200 107549 "http://www.reisenweber-berlin.de/reisenweber_ani.swf" "Opera/9.80 (Windows NT 6.2; WOW64) Presto/2.12.388 Version/12.14"
84.44.221.164 - - [20/Mar/2013:15:40:26 +0100] "GET / HTTP/1.1" 200 9998 "http://www.friseur-fragen.de/modelle/board13-friseure-suchen-modelle/board15-friseur-sucht-model-plz-1/100-dringend-modelle-gesucht/" "Mozilla/5.0 (Windows NT 6.1; rv:15.0) Gecko/20100101 Firefox/15.0.1"
84.44.221.164 - - [20/Mar/2013:15:40:26 +0100] "GET /css/style.css HTTP/1.1" 200 3765 "http://www.reisenweber-berlin.de/" "Mozilla/5.0 (Windows NT 6.1; rv:15.0) Gecko/20100101 Firefox/15.0.1"
84.44.221.164 - - [20/Mar/2013:15:40:26 +0100] "GET /Scripts/AC_RunActiveContent.js HTTP/1.1" 200 8029 "http://www.reisenweber-berlin.de/" "Mozilla/5.0 (Windows NT 6.1; rv:15.0) Gecko/20100101 Firefox/15.0.1"
84.44.221.164 - - [20/Mar/2013:15:40:26 +0100] "GET /Scripts/AC_ActiveX.js HTTP/1.1" 200 2068 "http://www.reisenweber-berlin.de/" "Mozilla/5.0 (Windows NT 6.1; rv:15.0) Gecko/20100101 Firefox/15.0.1"
84.44.221.164 - - [20/Mar/2013:15:40:26 +0100] "GET /img/spacer.gif HTTP/1.1" 200 43 "http://www.reisenweber-berlin.de/" "Mozilla/5.0 (Windows NT 6.1; rv:15.0) Gecko/20100101 Firefox/15.0.1"
84.44.221.164 - - [20/Mar/2013:15:40:26 +0100] "GET /img/pfeil.gif HTTP/1.1" 200 85 "http://www.reisenweber-berlin.de/" "Mozilla/5.0 (Windows NT 6.1; rv:15.0) Gecko/20100101 Firefox/15.0.1"
84.44.221.164 - - [20/Mar/2013:15:40:26 +0100] "GET /img/corner01.png HTTP/1.1" 200 163 "http://www.reisenweber-berlin.de/" "Mozilla/5.0 (Windows NT 6.1; rv:15.0) Gecko/20100101 Firefox/15.0.1"
84.44.221.164 - - [20/Mar/2013:15:40:26 +0100] "GET /img/corner02.png HTTP/1.1" 200 190 "http://www.reisenweber-berlin.de/" "Mozilla/5.0 (Windows NT 6.1; rv:15.0) Gecko/20100101 Firefox/15.0.1"
84.44.221.164 - - [20/Mar/2013:15:40:26 +0100] "GET /img/pfeil-grau.gif HTTP/1.1" 200 73 "http://www.reisenweber-berlin.de/" "Mozilla/5.0 (Windows NT 6.1; rv:15.0) Gecko/20100101 Firefox/15.0.1"
84.44.221.164 - - [20/Mar/2013:15:40:26 +0100] "GET /img/corner04.png HTTP/1.1" 200 203 "http://www.reisenweber-berlin.de/" "Mozilla/5.0 (Windows NT 6.1; rv:15.0) Gecko/20100101 Firefox/15.0.1"
84.44.221.164 - - [20/Mar/2013:15:40:26 +0100] "GET /img/corner03.png HTTP/1.1" 200 266 "http://www.reisenweber-berlin.de/" "Mozilla/5.0 (Windows NT 6.1; rv:15.0) Gecko/20100101 Firefox/15.0.1"
84.44.221.164 - - [20/Mar/2013:15:40:26 +0100] "GET /img/tbl_bottom.png HTTP/1.1" 200 168 "http://www.reisenweber-berlin.de/css/style.css" "Mozilla/5.0 (Windows NT 6.1; rv:15.0) Gecko/20100101 Firefox/15.0.1"
84.44.221.164 - - [20/Mar/2013:15:40:26 +0100] "GET /img/hg_tbl.png HTTP/1.1" 200 190 "http://www.reisenweber-berlin.de/" "Mozilla/5.0 (Windows NT 6.1; rv:15.0) Gecko/20100101 Firefox/15.0.1"
84.44.221.164 - - [20/Mar/2013:15:40:26 +0100] "GET /img/tbl_left.png HTTP/1.1" 200 236 "http://www.reisenweber-berlin.de/css/style.css" "Mozilla/5.0 (Windows NT 6.1; rv:15.0) Gecko/20100101 Firefox/15.0.1"
84.44.221.164 - - [20/Mar/2013:15:40:26 +0100] "GET /img/HG_news.png HTTP/1.1" 200 212 "http://www.reisenweber-berlin.de/" "Mozilla/5.0 (Windows NT 6.1; rv:15.0) Gecko/20100101 Firefox/15.0.1"
84.44.221.164 - - [20/Mar/2013:15:40:26 +0100] "GET /img/tbl_down.png HTTP/1.1" 200 197 "http://www.reisenweber-berlin.de/css/style.css" "Mozilla/5.0 (Windows NT 6.1; rv:15.0) Gecko/20100101 Firefox/15.0.1"
84.44.221.164 - - [20/Mar/2013:15:40:26 +0100] "GET /img/tbl_right.png HTTP/1.1" 200 227 "http://www.reisenweber-berlin.de/css/style.css" "Mozilla/5.0 (Windows NT 6.1; rv:15.0) Gecko/20100101 Firefox/15.0.1"
84.44.221.164 - - [20/Mar/2013:15:40:26 +0100] "GET /img/img_index.jpg HTTP/1.1" 200 83568 "http://www.reisenweber-berlin.de/" "Mozilla/5.0 (Windows NT 6.1; rv:15.0) Gecko/20100101 Firefox/15.0.1"
84.44.221.164 - - [20/Mar/2013:15:40:26 +0100] "GET /img/hg.jpg HTTP/1.1" 200 44355 "http://www.reisenweber-berlin.de/css/style.css" "Mozilla/5.0 (Windows NT 6.1; rv:15.0) Gecko/20100101 Firefox/15.0.1"
84.44.221.164 - - [20/Mar/2013:15:40:26 +0100] "GET /reisenweber_ani.swf HTTP/1.1" 200 60314 "http://www.reisenweber-berlin.de/" "Mozilla/5.0 (Windows NT 6.1; rv:15.0) Gecko/20100101 Firefox/15.0.1"
84.44.221.164 - - [20/Mar/2013:15:40:26 +0100] "GET /favicon.ico HTTP/1.1" 404 1256 "-" "Mozilla/5.0 (Windows NT 6.1; rv:15.0) Gecko/20100101 Firefox/15.0.1"
94.220.79.52 - - [20/Mar/2013:19:16:04 +0100] "GET /pics/1.jpg HTTP/1.1" 304 - "http://www.reisenweber-berlin.de/reisenweber_ani.swf" "Opera/9.80 (Windows NT 6.2; WOW64) Presto/2.12.388 Version/12.14"
94.220.79.52 - - [20/Mar/2013:19:19:55 +0100] "GET /pics/3.jpg HTTP/1.1" 304 - "http://www.reisenweber-berlin.de/reisenweber_ani.swf" "Opera/9.80 (Windows NT 6.2; WOW64) Presto/2.12.388 Version/12.14"
94.220.79.52 - - [20/Mar/2013:19:21:50 +0100] "GET /pics/4.jpg HTTP/1.1" 304 - "http://www.reisenweber-berlin.de/reisenweber_ani.swf" "Opera/9.80 (Windows NT 6.2; WOW64) Presto/2.12.388 Version/12.14"
94.220.79.52 - - [20/Mar/2013:19:23:45 +0100] "GET /pics/5.jpg HTTP/1.1" 304 - "http://www.reisenweber-berlin.de/reisenweber_ani.swf" "Opera/9.80 (Windows NT 6.2; WOW64) Presto/2.12.388 Version/12.14"
94.220.79.52 - - [20/Mar/2013:19:27:35 +0100] "GET /pics/2.jpg HTTP/1.1" 304 - "http://www.reisenweber-berlin.de/reisenweber_ani.swf" "Opera/9.80 (Windows NT 6.2; WOW64) Presto/2.12.388 Version/12.14"
182.118.22.223 - - [20/Mar/2013:20:20:10 +0100] "GET /robots.txt HTTP/1.1" 404 1256 "http://www.reisenweber-berlin.de/robots.txt" "Mozilla/5.0 (Windows; U; Windows NT 5.1; zh-CN; rv:1.8.0.11) Firefox/1.5.0.11; 360Spider"
66.249.76.25 - - [20/Mar/2013:21:26:04 +0100] "GET /robots.txt HTTP/1.1" 404 1256 "-" "Mozilla/5.0 (compatible; Googlebot/2.1; +http://www.google.com/bot.html)"
66.249.76.25 - - [20/Mar/2013:21:26:04 +0100] "GET /kontakt.html HTTP/1.1" 304 - "-" "Mozilla/5.0 (iPhone; U; CPU iPhone OS 4_1 like Mac OS X; en-us) AppleWebKit/532.9 (KHTML, like Gecko) Version/4.0.5 Mobile/8B117 Safari/6531.22.7 (compatible; Googlebot-Mobile/2.1; +http://www.google.com/bot.html)"
46.4.100.231 - - [20/Mar/2013:22:06:20 +0100] "GET /robots.txt HTTP/1.1" 404 1256 "-" "BacklinkCrawler (http://www.backlinktest.com/crawler.html)"
46.4.100.231 - - [20/Mar/2013:22:06:20 +0100] "GET /sitemap.xml HTTP/1.1" 404 1256 "-" "BacklinkCrawler (http://www.backlinktest.com/crawler.html)"
46.4.100.231 - - [20/Mar/2013:22:06:22 +0100] "GET / HTTP/1.1" 200 9998 "-" "BacklinkCrawler (http://www.backlinktest.com/crawler.html)"
46.4.100.231 - - [20/Mar/2013:22:06:24 +0100] "GET /produkte.html HTTP/1.1" 200 8194 "-" "BacklinkCrawler (http://www.backlinktest.com/crawler.html)"
46.4.100.231 - - [20/Mar/2013:22:06:26 +0100] "GET /kontakt.html HTTP/1.1" 200 13297 "-" "BacklinkCrawler (http://www.backlinktest.com/crawler.html)"
46.4.100.231 - - [20/Mar/2013:22:06:28 +0100] "GET /aktuelles.html HTTP/1.1" 200 12183 "-" "BacklinkCrawler (http://www.backlinktest.com/crawler.html)"
46.4.100.231 - - [20/Mar/2013:22:06:30 +0100] "GET /leistungen.html HTTP/1.1" 200 22677 "-" "BacklinkCrawler (http://www.backlinktest.com/crawler.html)"
46.4.100.231 - - [20/Mar/2013:22:06:32 +0100] "GET /uns.html HTTP/1.1" 200 7796 "-" "BacklinkCrawler (http://www.backlinktest.com/crawler.html)"
46.4.100.231 - - [20/Mar/2013:22:06:34 +0100] "GET /links.html HTTP/1.1" 200 8166 "-" "BacklinkCrawler (http://www.backlinktest.com/crawler.html)"
46.4.100.231 - - [20/Mar/2013:22:06:37 +0100] "GET /index.html HTTP/1.1" 200 9998 "-" "BacklinkCrawler (http://www.backlinktest.com/crawler.html)"
46.4.100.231 - - [20/Mar/2013:22:06:38 +0100] "GET /philosophie.html HTTP/1.1" 200 8403 "-" "BacklinkCrawler (http://www.backlinktest.com/crawler.html)"
46.4.100.231 - - [20/Mar/2013:22:06:40 +0100] "GET /haare.html HTTP/1.1" 200 19256 "-" "BacklinkCrawler (http://www.backlinktest.com/crawler.html)"
46.4.100.231 - - [20/Mar/2013:22:06:47 +0100] "GET /kosmetik.html HTTP/1.1" 200 11714 "-" "BacklinkCrawler (http://www.backlinktest.com/crawler.html)"
66.249.76.25 - - [20/Mar/2013:23:27:56 +0100] "GET /index.html HTTP/1.1" 200 9998 "-" "SAMSUNG-SGH-E250/1.0 Profile/MIDP-2.0 Configuration/CLDC-1.1 UP.Browser/6.2.3.3.c.1.101 (GUI) MMP/2.0 (compatible; Googlebot-Mobile/2.1; +http://www.google.com/bot.html)"
5.9.6.231 - - [20/Mar/2013:23:52:34 +0100] "GET / HTTP/1.1" 200 9998 "-" "Mozilla/5.0 (Windows NT 6.1; rv:8.0) Gecko/20100101 Firefox/8.0"
5.9.6.231 - - [20/Mar/2013:23:52:35 +0100] "GET / HTTP/1.1" 200 9998 "-" "Mozilla/5.0 (iPhone; U; CPU iPhone OS 3_0 like Mac OS X; en-us) AppleWebKit/528.18 (KHTML, like Gecko) Version/4.0 Mobile/7A341 Safari/528.16"
5.9.6.231 - - [20/Mar/2013:23:52:36 +0100] "GET / HTTP/1.1" 200 9998 "-" "Mozilla/5.0 (Windows NT 6.1; rv:8.0) Gecko/20100101 Firefox/8.0"
182.118.22.221 - - [21/Mar/2013:00:06:15 +0100] "GET /robots.txt HTTP/1.1" 404 1256 "http://www.reisenweber-berlin.de/robots.txt" "Mozilla/5.0 (Windows; U; Windows NT 5.1; zh-CN; rv:1.8.0.11) Firefox/1.5.0.11; 360Spider"
66.249.76.25 - - [21/Mar/2013:00:47:16 +0100] "GET /index.html HTTP/1.1" 200 9998 "-" "DoCoMo/2.0 N905i(c100;TB;W24H16) (compatible; Googlebot-Mobile/2.1; +http://www.google.com/bot.html)"
66.249.76.25 - - [21/Mar/2013:03:26:17 +0100] "GET /uns.html HTTP/1.1" 304 - "-" "Mozilla/5.0 (iPhone; U; CPU iPhone OS 4_1 like Mac OS X; en-us) AppleWebKit/532.9 (KHTML, like Gecko) Version/4.0.5 Mobile/8B117 Safari/6531.22.7 (compatible; Googlebot-Mobile/2.1; +http://www.google.com/bot.html)"
65.55.24.244 - - [21/Mar/2013:04:34:41 +0100] "GET /robots.txt HTTP/1.1" 404 1256 "-" "Mozilla/5.0 (compatible; bingbot/2.0; +http://www.bing.com/bingbot.htm)"
65.55.24.244 - - [21/Mar/2013:04:36:34 +0100] "GET /kontakt.html HTTP/1.1" 200 13297 "-" "Mozilla/5.0 (compatible; bingbot/2.0; +http://www.bing.com/bingbot.htm)"
157.56.93.209 - - [21/Mar/2013:04:37:33 +0100] "GET /kosmetik.html HTTP/1.1" 200 11714 "-" "Mozilla/5.0 (compatible; bingbot/2.0; +http://www.bing.com/bingbot.htm)"
157.56.93.207 - - [21/Mar/2013:05:00:02 +0100] "GET /philosophie.html HTTP/1.1" 200 8403 "-" "Mozilla/5.0 (compatible; bingbot/2.0; +http://www.bing.com/bingbot.htm)"
157.55.33.84 - - [21/Mar/2013:05:08:30 +0100] "GET / HTTP/1.1" 200 9998 "-" "Mozilla/5.0 (compatible; bingbot/2.0; +http://www.bing.com/bingbot.htm)"
157.55.33.84 - - [21/Mar/2013:05:08:30 +0100] "GET /links.html HTTP/1.1" 200 8166 "-" "Mozilla/5.0 (compatible; bingbot/2.0; +http://www.bing.com/bingbot.htm)"
157.56.93.222 - - [21/Mar/2013:05:10:31 +0100] "GET /leistungen.html HTTP/1.1" 200 22677 "-" "Mozilla/5.0 (compatible; bingbot/2.0; +http://www.bing.com/bingbot.htm)"
64.125.222.50 - - [21/Mar/2013:06:40:40 +0100] "GET /robots.txt HTTP/1.1" 404 1256 "-" "Mozilla/5.0 (compatible; 008/0.83; http://www.80legs.com/webcrawler.html;) Gecko/2008032620"
66.249.76.25 - - [21/Mar/2013:06:45:37 +0100] "GET / HTTP/1.1" 200 9998 "-" "SAMSUNG-SGH-E250/1.0 Profile/MIDP-2.0 Configuration/CLDC-1.1 UP.Browser/6.2.3.3.c.1.101 (GUI) MMP/2.0 (compatible; Googlebot-Mobile/2.1; +http://www.google.com/bot.html)"
91.188.174.54 - - [21/Mar/2013:07:06:13 +0100] "GET / HTTP/1.1" 200 9998 "-" "Mozilla/5.0 (compatible; 008/0.85; http://www.80legs.com/webcrawler.html) Gecko/2008032620"
91.226.166.91 - - [21/Mar/2013:07:29:37 +0100] "GET / HTTP/1.1" 200 9998 "-" "Mozilla/5.0 (compatible; 008/0.85; http://www.80legs.com/webcrawler.html) Gecko/2008032620"
150.70.97.114 - - [21/Mar/2013:07:30:58 +0100] "GET / HTTP/1.1" 200 9998 "-" "Mozilla/4.0 (compatible; MSIE 8.0; Windows NT 5.1; Trident/4.0)"
150.70.64.209 - - [21/Mar/2013:07:31:52 +0100] "GET / HTTP/1.0" 200 9998 "-" "Mozilla/4.0 (compatible; MSIE 6.0; Windows NT 5.1)"
66.249.76.25 - - [21/Mar/2013:08:16:44 +0100] "GET / HTTP/1.1" 200 9998 "-" "DoCoMo/2.0 N905i(c100;TB;W24H16) (compatible; Googlebot-Mobile/2.1; +http://www.google.com/bot.html)"
5.9.73.202 - - [21/Mar/2013:08:34:51 +0100] "GET /robots.txt HTTP/1.1" 404 1256 "-" "Mozilla/5.0 (compatible; Infohelfer/1.3.3; +http://www.infohelfer.de/crawler.php)"
5.9.73.202 - - [21/Mar/2013:08:34:51 +0100] "GET / HTTP/1.1" 200 9998 "-" "Mozilla/5.0 (compatible; Infohelfer/1.3.3; +http://www.infohelfer.de/crawler.php)"
141.8.147.12 - - [21/Mar/2013:08:44:46 +0100] "GET /robots.txt HTTP/1.1" 404 1256 "-" "Mozilla/5.0 (compatible; YandexBot/3.0; +http://yandex.com/bots)"
82.113.121.178 - - [21/Mar/2013:09:01:01 +0100] "GET / HTTP/1.1" 200 9998 "-" "Mozilla/5.0 (iPhone; CPU iPhone OS 6_1_3 like Mac OS X) AppleWebKit/536.26 (KHTML, like Gecko) Version/6.0 Mobile/10B329 Safari/8536.25"
82.113.121.178 - - [21/Mar/2013:09:01:02 +0100] "GET /css/style.css HTTP/1.1" 200 3765 "http://www.reisenweber-berlin.de/" "Mozilla/5.0 (iPhone; CPU iPhone OS 6_1_3 like Mac OS X) AppleWebKit/536.26 (KHTML, like Gecko) Version/6.0 Mobile/10B329 Safari/8536.25"
82.113.121.178 - - [21/Mar/2013:09:01:02 +0100] "GET /Scripts/AC_RunActiveContent.js HTTP/1.1" 200 8029 "http://www.reisenweber-berlin.de/" "Mozilla/5.0 (iPhone; CPU iPhone OS 6_1_3 like Mac OS X) AppleWebKit/536.26 (KHTML, like Gecko) Version/6.0 Mobile/10B329 Safari/8536.25"
82.113.121.178 - - [21/Mar/2013:09:01:02 +0100] "GET /Scripts/AC_ActiveX.js HTTP/1.1" 200 2068 "http://www.reisenweber-berlin.de/" "Mozilla/5.0 (iPhone; CPU iPhone OS 6_1_3 like Mac OS X) AppleWebKit/536.26 (KHTML, like Gecko) Version/6.0 Mobile/10B329 Safari/8536.25"
82.113.121.178 - - [21/Mar/2013:09:01:03 +0100] "GET /img/pfeil.gif HTTP/1.1" 200 85 "http://www.reisenweber-berlin.de/" "Mozilla/5.0 (iPhone; CPU iPhone OS 6_1_3 like Mac OS X) AppleWebKit/536.26 (KHTML, like Gecko) Version/6.0 Mobile/10B329 Safari/8536.25"
82.113.121.178 - - [21/Mar/2013:09:01:03 +0100] "GET /img/spacer.gif HTTP/1.1" 200 43 "http://www.reisenweber-berlin.de/" "Mozilla/5.0 (iPhone; CPU iPhone OS 6_1_3 like Mac OS X) AppleWebKit/536.26 (KHTML, like Gecko) Version/6.0 Mobile/10B329 Safari/8536.25"
82.113.121.178 - - [21/Mar/2013:09:01:03 +0100] "GET /img/pfeil-grau.gif HTTP/1.1" 200 73 "http://www.reisenweber-berlin.de/" "Mozilla/5.0 (iPhone; CPU iPhone OS 6_1_3 like Mac OS X) AppleWebKit/536.26 (KHTML, like Gecko) Version/6.0 Mobile/10B329 Safari/8536.25"
82.113.121.178 - - [21/Mar/2013:09:01:03 +0100] "GET /img/hg.jpg HTTP/1.1" 200 44355 "http://www.reisenweber-berlin.de/" "Mozilla/5.0 (iPhone; CPU iPhone OS 6_1_3 like Mac OS X) AppleWebKit/536.26 (KHTML, like Gecko) Version/6.0 Mobile/10B329 Safari/8536.25"
82.113.121.178 - - [21/Mar/2013:09:01:03 +0100] "GET /img/corner01.png HTTP/1.1" 200 163 "http://www.reisenweber-berlin.de/" "Mozilla/5.0 (iPhone; CPU iPhone OS 6_1_3 like Mac OS X) AppleWebKit/536.26 (KHTML, like Gecko) Version/6.0 Mobile/10B329 Safari/8536.25"
82.113.121.178 - - [21/Mar/2013:09:01:03 +0100] "GET /img/corner02.png HTTP/1.1" 200 190 "http://www.reisenweber-berlin.de/" "Mozilla/5.0 (iPhone; CPU iPhone OS 6_1_3 like Mac OS X) AppleWebKit/536.26 (KHTML, like Gecko) Version/6.0 Mobile/10B329 Safari/8536.25"
82.113.121.178 - - [21/Mar/2013:09:01:03 +0100] "GET /img/corner04.png HTTP/1.1" 200 203 "http://www.reisenweber-berlin.de/" "Mozilla/5.0 (iPhone; CPU iPhone OS 6_1_3 like Mac OS X) AppleWebKit/536.26 (KHTML, like Gecko) Version/6.0 Mobile/10B329 Safari/8536.25"
82.113.121.178 - - [21/Mar/2013:09:01:03 +0100] "GET /img/tbl_bottom.png HTTP/1.1" 200 168 "http://www.reisenweber-berlin.de/" "Mozilla/5.0 (iPhone; CPU iPhone OS 6_1_3 like Mac OS X) AppleWebKit/536.26 (KHTML, like Gecko) Version/6.0 Mobile/10B329 Safari/8536.25"
82.113.121.178 - - [21/Mar/2013:09:01:03 +0100] "GET /img/tbl_left.png HTTP/1.1" 200 236 "http://www.reisenweber-berlin.de/" "Mozilla/5.0 (iPhone; CPU iPhone OS 6_1_3 like Mac OS X) AppleWebKit/536.26 (KHTML, like Gecko) Version/6.0 Mobile/10B329 Safari/8536.25"
82.113.121.178 - - [21/Mar/2013:09:01:03 +0100] "GET /img/hg_tbl.png HTTP/1.1" 200 190 "http://www.reisenweber-berlin.de/" "Mozilla/5.0 (iPhone; CPU iPhone OS 6_1_3 like Mac OS X) AppleWebKit/536.26 (KHTML, like Gecko) Version/6.0 Mobile/10B329 Safari/8536.25"
82.113.121.178 - - [21/Mar/2013:09:01:03 +0100] "GET /img/corner03.png HTTP/1.1" 200 266 "http://www.reisenweber-berlin.de/" "Mozilla/5.0 (iPhone; CPU iPhone OS 6_1_3 like Mac OS X) AppleWebKit/536.26 (KHTML, like Gecko) Version/6.0 Mobile/10B329 Safari/8536.25"
82.113.121.178 - - [21/Mar/2013:09:01:03 +0100] "GET /img/HG_news.png HTTP/1.1" 200 212 "http://www.reisenweber-berlin.de/" "Mozilla/5.0 (iPhone; CPU iPhone OS 6_1_3 like Mac OS X) AppleWebKit/536.26 (KHTML, like Gecko) Version/6.0 Mobile/10B329 Safari/8536.25"
82.113.121.178 - - [21/Mar/2013:09:01:03 +0100] "GET /img/tbl_right.png HTTP/1.1" 200 227 "http://www.reisenweber-berlin.de/" "Mozilla/5.0 (iPhone; CPU iPhone OS 6_1_3 like Mac OS X) AppleWebKit/536.26 (KHTML, like Gecko) Version/6.0 Mobile/10B329 Safari/8536.25"
82.113.121.178 - - [21/Mar/2013:09:01:03 +0100] "GET /img/img_index.jpg HTTP/1.1" 200 83568 "http://www.reisenweber-berlin.de/" "Mozilla/5.0 (iPhone; CPU iPhone OS 6_1_3 like Mac OS X) AppleWebKit/536.26 (KHTML, like Gecko) Version/6.0 Mobile/10B329 Safari/8536.25"
82.113.121.178 - - [21/Mar/2013:09:01:08 +0100] "GET /img/tbl_down.png HTTP/1.1" 200 197 "http://www.reisenweber-berlin.de/" "Mozilla/5.0 (iPhone; CPU iPhone OS 6_1_3 like Mac OS X) AppleWebKit/536.26 (KHTML, like Gecko) Version/6.0 Mobile/10B329 Safari/8536.25"
82.113.121.178 - - [21/Mar/2013:09:11:58 +0100] "GET /aktuelles.html HTTP/1.1" 200 12183 "http://www.reisenweber-berlin.de/" "Mozilla/5.0 (iPhone; CPU iPhone OS 6_1_3 like Mac OS X) AppleWebKit/536.26 (KHTML, like Gecko) Version/6.0 Mobile/10B329 Safari/8536.25"
82.113.121.178 - - [21/Mar/2013:09:12:00 +0100] "GET /css/lightbox.css HTTP/1.1" 200 3470 "http://www.reisenweber-berlin.de/aktuelles.html" "Mozilla/5.0 (iPhone; CPU iPhone OS 6_1_3 like Mac OS X) AppleWebKit/536.26 (KHTML, like Gecko) Version/6.0 Mobile/10B329 Safari/8536.25"
82.113.121.178 - - [21/Mar/2013:09:12:00 +0100] "GET /js/prototype.js HTTP/1.1" 200 47603 "http://www.reisenweber-berlin.de/aktuelles.html" "Mozilla/5.0 (iPhone; CPU iPhone OS 6_1_3 like Mac OS X) AppleWebKit/536.26 (KHTML, like Gecko) Version/6.0 Mobile/10B329 Safari/8536.25"
82.113.121.178 - - [21/Mar/2013:09:12:00 +0100] "GET /js/scriptaculous.js?load=effects HTTP/1.1" 200 2152 "http://www.reisenweber-berlin.de/aktuelles.html" "Mozilla/5.0 (iPhone; CPU iPhone OS 6_1_3 like Mac OS X) AppleWebKit/536.26 (KHTML, like Gecko) Version/6.0 Mobile/10B329 Safari/8536.25"
82.113.121.178 - - [21/Mar/2013:09:12:00 +0100] "GET /js/lightbox.js HTTP/1.1" 200 23861 "http://www.reisenweber-berlin.de/aktuelles.html" "Mozilla/5.0 (iPhone; CPU iPhone OS 6_1_3 like Mac OS X) AppleWebKit/536.26 (KHTML, like Gecko) Version/6.0 Mobile/10B329 Safari/8536.25"
82.113.121.178 - - [21/Mar/2013:09:12:01 +0100] "GET /img/aktuell-01_sw.png HTTP/1.1" 200 9846 "http://www.reisenweber-berlin.de/aktuelles.html" "Mozilla/5.0 (iPhone; CPU iPhone OS 6_1_3 like Mac OS X) AppleWebKit/536.26 (KHTML, like Gecko) Version/6.0 Mobile/10B329 Safari/8536.25"
82.113.121.178 - - [21/Mar/2013:09:12:01 +0100] "GET /img/abgrenzung.jpg HTTP/1.1" 200 1815 "http://www.reisenweber-berlin.de/aktuelles.html" "Mozilla/5.0 (iPhone; CPU iPhone OS 6_1_3 like Mac OS X) AppleWebKit/536.26 (KHTML, like Gecko) Version/6.0 Mobile/10B329 Safari/8536.25"
82.113.121.178 - - [21/Mar/2013:09:12:01 +0100] "GET /img/aktuell-04_sw.png HTTP/1.1" 200 10095 "http://www.reisenweber-berlin.de/aktuelles.html" "Mozilla/5.0 (iPhone; CPU iPhone OS 6_1_3 like Mac OS X) AppleWebKit/536.26 (KHTML, like Gecko) Version/6.0 Mobile/10B329 Safari/8536.25"
82.113.121.178 - - [21/Mar/2013:09:12:01 +0100] "GET /img/aktuell-05_sw.png HTTP/1.1" 200 11701 "http://www.reisenweber-berlin.de/aktuelles.html" "Mozilla/5.0 (iPhone; CPU iPhone OS 6_1_3 like Mac OS X) AppleWebKit/536.26 (KHTML, like Gecko) Version/6.0 Mobile/10B329 Safari/8536.25"
82.113.121.178 - - [21/Mar/2013:09:12:01 +0100] "GET /img/aktuell-02_sw.png HTTP/1.1" 200 12293 "http://www.reisenweber-berlin.de/aktuelles.html" "Mozilla/5.0 (iPhone; CPU iPhone OS 6_1_3 like Mac OS X) AppleWebKit/536.26 (KHTML, like Gecko) Version/6.0 Mobile/10B329 Safari/8536.25"
82.113.121.178 - - [21/Mar/2013:09:12:01 +0100] "GET /img/aktuell-03_sw.png HTTP/1.1" 200 12073 "http://www.reisenweber-berlin.de/aktuelles.html" "Mozilla/5.0 (iPhone; CPU iPhone OS 6_1_3 like Mac OS X) AppleWebKit/536.26 (KHTML, like Gecko) Version/6.0 Mobile/10B329 Safari/8536.25"
82.113.121.178 - - [21/Mar/2013:09:12:01 +0100] "GET /js/effects.js HTTP/1.1" 200 31969 "http://www.reisenweber-berlin.de/aktuelles.html" "Mozilla/5.0 (iPhone; CPU iPhone OS 6_1_3 like Mac OS X) AppleWebKit/536.26 (KHTML, like Gecko) Version/6.0 Mobile/10B329 Safari/8536.25"
82.113.121.178 - - [21/Mar/2013:09:12:01 +0100] "GET /img/aktuell-06_sw.png HTTP/1.1" 200 10698 "http://www.reisenweber-berlin.de/aktuelles.html" "Mozilla/5.0 (iPhone; CPU iPhone OS 6_1_3 like Mac OS X) AppleWebKit/536.26 (KHTML, like Gecko) Version/6.0 Mobile/10B329 Safari/8536.25"
82.113.121.178 - - [21/Mar/2013:09:12:01 +0100] "GET /img/aktuell-07_sw.png HTTP/1.1" 200 10511 "http://www.reisenweber-berlin.de/aktuelles.html" "Mozilla/5.0 (iPhone; CPU iPhone OS 6_1_3 like Mac OS X) AppleWebKit/536.26 (KHTML, like Gecko) Version/6.0 Mobile/10B329 Safari/8536.25"
82.113.121.178 - - [21/Mar/2013:09:12:01 +0100] "GET /img/Aufsteller.png HTTP/1.1" 200 141482 "http://www.reisenweber-berlin.de/aktuelles.html" "Mozilla/5.0 (iPhone; CPU iPhone OS 6_1_3 like Mac OS X) AppleWebKit/536.26 (KHTML, like Gecko) Version/6.0 Mobile/10B329 Safari/8536.25"
82.113.121.178 - - [21/Mar/2013:09:12:02 +0100] "GET /images/loading.gif HTTP/1.1" 200 538 "http://www.reisenweber-berlin.de/aktuelles.html" "Mozilla/5.0 (iPhone; CPU iPhone OS 6_1_3 like Mac OS X) AppleWebKit/536.26 (KHTML, like Gecko) Version/6.0 Mobile/10B329 Safari/8536.25"
82.113.121.178 - - [21/Mar/2013:09:12:02 +0100] "GET /images/close.png HTTP/1.1" 200 3137 "http://www.reisenweber-berlin.de/aktuelles.html" "Mozilla/5.0 (iPhone; CPU iPhone OS 6_1_3 like Mac OS X) AppleWebKit/536.26 (KHTML, like Gecko) Version/6.0 Mobile/10B329 Safari/8536.25"
82.113.121.178 - - [21/Mar/2013:09:12:56 +0100] "GET /links.html HTTP/1.1" 200 8166 "http://www.reisenweber-berlin.de/aktuelles.html" "Mozilla/5.0 (iPhone; CPU iPhone OS 6_1_3 like Mac OS X) AppleWebKit/536.26 (KHTML, like Gecko) Version/6.0 Mobile/10B329 Safari/8536.25"
82.113.121.178 - - [21/Mar/2013:09:12:56 +0100] "GET /links.html HTTP/1.1" 200 8166 "http://www.reisenweber-berlin.de/aktuelles.html" "Mozilla/5.0 (iPhone; CPU iPhone OS 6_1_3 like Mac OS X) AppleWebKit/536.26 (KHTML, like Gecko) Version/6.0 Mobile/10B329 Safari/8536.25"
82.113.121.178 - - [21/Mar/2013:09:13:21 +0100] "GET /kontakt.html HTTP/1.1" 200 13297 "http://www.reisenweber-berlin.de/links.html" "Mozilla/5.0 (iPhone; CPU iPhone OS 6_1_3 like Mac OS X) AppleWebKit/536.26 (KHTML, like Gecko) Version/6.0 Mobile/10B329 Safari/8536.25"
82.113.121.178 - - [21/Mar/2013:09:13:21 +0100] "GET /js/Panel.js HTTP/1.1" 200 13072 "http://www.reisenweber-berlin.de/kontakt.html" "Mozilla/5.0 (iPhone; CPU iPhone OS 6_1_3 like Mac OS X) AppleWebKit/536.26 (KHTML, like Gecko) Version/6.0 Mobile/10B329 Safari/8536.25"
82.113.121.178 - - [21/Mar/2013:09:13:21 +0100] "GET /css/Panel.css HTTP/1.1" 200 3497 "http://www.reisenweber-berlin.de/kontakt.html" "Mozilla/5.0 (iPhone; CPU iPhone OS 6_1_3 like Mac OS X) AppleWebKit/536.26 (KHTML, like Gecko) Version/6.0 Mobile/10B329 Safari/8536.25"
82.113.121.178 - - [21/Mar/2013:09:13:24 +0100] "GET /img/hg_tbl.jpg HTTP/1.1" 200 352 "http://www.reisenweber-berlin.de/kontakt.html" "Mozilla/5.0 (iPhone; CPU iPhone OS 6_1_3 like Mac OS X) AppleWebKit/536.26 (KHTML, like Gecko) Version/6.0 Mobile/10B329 Safari/8536.25"
66.249.76.25 - - [21/Mar/2013:10:15:00 +0100] "GET /robots.txt HTTP/1.1" 404 1256 "-" "Mozilla/5.0 (compatible; Googlebot/2.1; +http://www.google.com/bot.html)"
66.249.76.25 - - [21/Mar/2013:10:15:01 +0100] "GET /aktuelles.html HTTP/1.1" 200 12183 "-" "Mozilla/5.0 (iPhone; U; CPU iPhone OS 4_1 like Mac OS X; en-us) AppleWebKit/532.9 (KHTML, like Gecko) Version/4.0.5 Mobile/8B117 Safari/6531.22.7 (compatible; Googlebot-Mobile/2.1; +http://www.google.com/bot.html)"
66.249.76.25 - - [21/Mar/2013:10:30:14 +0100] "GET /img/aktuell-04_sw.png HTTP/1.1" 200 10095 "-" "Mozilla/5.0 (compatible; Googlebot/2.1; +http://www.google.com/bot.html)"
66.249.76.25 - - [21/Mar/2013:10:30:15 +0100] "GET /img/aktuell-05_sw.png HTTP/1.1" 200 11701 "-" "Mozilla/5.0 (compatible; Googlebot/2.1; +http://www.google.com/bot.html)"
66.249.76.25 - - [21/Mar/2013:10:30:15 +0100] "GET /img/aktuell-02_sw.png HTTP/1.1" 200 12293 "-" "Mozilla/5.0 (compatible; Googlebot/2.1; +http://www.google.com/bot.html)"
66.249.76.25 - - [21/Mar/2013:10:30:16 +0100] "GET /img/abgrenzung.jpg HTTP/1.1" 200 1815 "-" "Mozilla/5.0 (compatible; Googlebot/2.1; +http://www.google.com/bot.html)"
66.249.76.25 - - [21/Mar/2013:10:30:16 +0100] "GET /img/aktuell-03_sw.png HTTP/1.1" 200 12073 "-" "Mozilla/5.0 (compatible; Googlebot/2.1; +http://www.google.com/bot.html)"
66.249.76.25 - - [21/Mar/2013:10:30:16 +0100] "GET /img/aktuell-01_sw.png HTTP/1.1" 200 9846 "-" "Mozilla/5.0 (compatible; Googlebot/2.1; +http://www.google.com/bot.html)"
66.249.76.25 - - [21/Mar/2013:10:30:17 +0100] "GET /img/aktuell-07_sw.png HTTP/1.1" 200 10511 "-" "Mozilla/5.0 (compatible; Googlebot/2.1; +http://www.google.com/bot.html)"
66.249.76.25 - - [21/Mar/2013:10:30:17 +0100] "GET /img/aktuell-06_sw.png HTTP/1.1" 200 10698 "-" "Mozilla/5.0 (compatible; Googlebot/2.1; +http://www.google.com/bot.html)"
66.249.76.25 - - [21/Mar/2013:10:30:18 +0100] "GET /img/Aufsteller.png HTTP/1.1" 200 141482 "-" "Mozilla/5.0 (compatible; Googlebot/2.1; +http://www.google.com/bot.html)"
66.249.76.25 - - [21/Mar/2013:10:30:18 +0100] "GET /css/lightbox.css HTTP/1.1" 200 3470 "-" "Mozilla/5.0 (compatible; Googlebot/2.1; +http://www.google.com/bot.html)"
66.249.76.25 - - [21/Mar/2013:10:30:19 +0100] "GET /css/style.css HTTP/1.1" 200 3765 "-" "Mozilla/5.0 (compatible; Googlebot/2.1; +http://www.google.com/bot.html)"
