141.8.147.12 - - [01/Nov/2013:09:56:34 +0100] "GET /robots.txt HTTP/1.1" 404 1256 "-" "Mozilla/5.0 (compatible; YandexBot/3.0; +http://yandex.com/bots)"
141.8.147.12 - - [01/Nov/2013:13:30:40 +0100] "GET / HTTP/1.1" 200 4983 "-" "Mozilla/5.0 (compatible; YandexBot/3.0; +http://yandex.com/bots)"
49.156.159.40 - - [02/Nov/2013:00:07:36 +0100] "GET / HTTP/1.0" 200 4983 "-" "Lynx/2.8.8dev.16 libwww-FM/2.14 SSL-MM/1.4.1 OpenSSL/1.0.1"
157.56.93.72 - - [02/Nov/2013:03:54:04 +0100] "GET /robots.txt HTTP/1.1" 404 1256 "-" "Mozilla/5.0 (compatible; bingbot/2.0; +http://www.bing.com/bingbot.htm)"
157.56.93.72 - - [02/Nov/2013:04:26:53 +0100] "GET /seiten/sitemap.html HTTP/1.1" 404 1256 "-" "Mozilla/5.0 (compatible; bingbot/2.0; +http://www.bing.com/bingbot.htm)"
157.55.35.50 - - [02/Nov/2013:05:24:42 +0100] "GET / HTTP/1.1" 200 4983 "-" "Mozilla/5.0 (compatible; bingbot/2.0; +http://www.bing.com/bingbot.htm)"
157.55.35.50 - - [02/Nov/2013:05:24:42 +0100] "GET /index.html HTTP/1.1" 200 4983 "-" "Mozilla/5.0 (compatible; bingbot/2.0; +http://www.bing.com/bingbot.htm)"
157.55.35.50 - - [02/Nov/2013:05:24:43 +0100] "GET /seiten/kontakt.php HTTP/1.1" 404 1256 "-" "Mozilla/5.0 (compatible; bingbot/2.0; +http://www.bing.com/bingbot.htm)"
157.55.33.45 - - [02/Nov/2013:06:01:04 +0100] "GET /seiten/projekte.html HTTP/1.1" 404 1256 "-" "Mozilla/5.0 (compatible; bingbot/2.0; +http://www.bing.com/bingbot.htm)"
141.8.147.12 - - [02/Nov/2013:16:16:35 +0100] "GET /robots.txt HTTP/1.1" 404 1256 "-" "Mozilla/5.0 (compatible; YandexBot/3.0; +http://yandex.com/bots)"
141.8.147.12 - - [02/Nov/2013:20:49:14 +0100] "GET / HTTP/1.1" 200 4983 "-" "Mozilla/5.0 (compatible; YandexBot/3.0; +http://yandex.com/bots)"
141.8.147.12 - - [03/Nov/2013:07:20:04 +0100] "GET /robots.txt HTTP/1.1" 404 1256 "-" "Mozilla/5.0 (compatible; YandexBot/3.0; +http://yandex.com/bots)"
141.8.147.12 - - [03/Nov/2013:07:20:06 +0100] "GET /content/index.php?lang=1 HTTP/1.1" 404 1256 "-" "Mozilla/5.0 (compatible; YandexBot/3.0; +http://yandex.com/bots)"
141.8.147.12 - - [03/Nov/2013:07:20:08 +0100] "GET /content/index.php?lang=3 HTTP/1.1" 404 1256 "-" "Mozilla/5.0 (compatible; YandexBot/3.0; +http://yandex.com/bots)"
141.8.147.12 - - [03/Nov/2013:07:20:10 +0100] "GET /content/index.php?lang=2 HTTP/1.1" 404 1256 "-" "Mozilla/5.0 (compatible; YandexBot/3.0; +http://yandex.com/bots)"
141.8.147.12 - - [03/Nov/2013:15:54:54 +0100] "GET / HTTP/1.1" 200 4983 "-" "Mozilla/5.0 (compatible; YandexBot/3.0; +http://yandex.com/bots)"
176.9.233.141 - - [04/Nov/2013:13:28:41 +0100] "GET / HTTP/1.1" 200 4983 "-" "Mozilla/5.0 (compatible; MSIE 9.0; Windows NT 6.1; Trident/5.0)"
141.8.147.12 - - [04/Nov/2013:17:14:37 +0100] "GET /robots.txt HTTP/1.1" 404 1256 "-" "Mozilla/5.0 (compatible; YandexBot/3.0; +http://yandex.com/bots)"
141.8.147.12 - - [05/Nov/2013:01:58:20 +0100] "GET / HTTP/1.1" 200 4983 "-" "Mozilla/5.0 (compatible; YandexBot/3.0; +http://yandex.com/bots)"
141.8.147.12 - - [05/Nov/2013:10:19:43 +0100] "GET /robots.txt HTTP/1.1" 404 1256 "-" "Mozilla/5.0 (compatible; YandexBot/3.0; +http://yandex.com/bots)"
141.8.147.12 - - [05/Nov/2013:10:19:45 +0100] "GET / HTTP/1.1" 200 4983 "-" "Mozilla/5.0 (compatible; YandexBot/3.0; +http://yandex.com/bots)"
157.55.36.50 - - [05/Nov/2013:20:10:06 +0100] "GET /robots.txt HTTP/1.1" 404 1256 "-" "Mozilla/5.0 (compatible; bingbot/2.0; +http://www.bing.com/bingbot.htm)"
157.55.36.50 - - [05/Nov/2013:20:42:17 +0100] "GET /index.html HTTP/1.1" 200 4983 "-" "Mozilla/5.0 (compatible; bingbot/2.0; +http://www.bing.com/bingbot.htm)"
141.8.147.12 - - [06/Nov/2013:05:59:24 +0100] "GET /robots.txt HTTP/1.1" 404 1256 "-" "Mozilla/5.0 (compatible; YandexBot/3.0; +http://yandex.com/bots)"
141.8.147.12 - - [06/Nov/2013:10:13:02 +0100] "GET / HTTP/1.1" 200 4983 "-" "Mozilla/5.0 (compatible; YandexBot/3.0; +http://yandex.com/bots)"
81.169.188.167 - - [06/Nov/2013:12:25:56 +0100] "GET / HTTP/1.1" 200 4983 "-" "Mozilla/5.0 (Windows NT 5.1; rv:14.0) Gecko/20120405 Firefox/14.0a1"
81.169.188.167 - - [06/Nov/2013:12:25:58 +0100] "GET / HTTP/1.1" 200 4983 "-" "Mozilla/5.0 (Macintosh; Intel Mac OS X 10_8_2) AppleWebKit/537.11 (KHTML, like Gecko) Chrome/23.0.1271.6 Safari/537.11"
81.169.188.167 - - [06/Nov/2013:12:26:00 +0100] "GET /seiten/impressum.html HTTP/1.1" 404 1256 "-" "Mozilla/5.0 (Windows NT 6.1; WOW64; rv:15.0) Gecko/20120427 Firefox/15.0a1"
81.169.188.167 - - [06/Nov/2013:12:26:01 +0100] "GET /seiten/kontakt.php HTTP/1.1" 404 1256 "-" "Opera/9.80 (X11; Linux i686; U; de) Presto/2.2.15 Version/10.00"
81.169.188.167 - - [06/Nov/2013:12:26:03 +0100] "GET /seiten/firma.html HTTP/1.1" 404 1256 "-" "Opera/9.80 (X11; Linux i686; U; de) Presto/2.2.15 Version/10.00"
81.169.188.167 - - [06/Nov/2013:12:26:09 +0100] "GET /seiten/agb.html HTTP/1.1" 404 1256 "-" "Mozilla/5.0 (Windows NT 6.0) AppleWebKit/536.5 (KHTML, like Gecko) Chrome/19.0.1084.36 Safari/536.5"
81.169.188.167 - - [06/Nov/2013:12:26:15 +0100] "GET /seiten/leistungen.html HTTP/1.1" 404 1256 "-" "Mozilla/5.0 (Windows NT 6.1; rv:15.0) Gecko/20120716 Firefox/15.0a2"
38.100.21.65 - - [06/Nov/2013:13:44:42 +0100] "GET / HTTP/1.1" 200 4983 "-" "Mozilla/4.0 (compatible; MSIE 7.0; Windows NT 5.2)"
38.100.21.65 - - [06/Nov/2013:13:44:42 +0100] "GET /seiten/impressum.html HTTP/1.1" 404 1256 "-" "Mozilla/4.0 (compatible; MSIE 7.0; Windows NT 5.2)"
38.100.21.65 - - [06/Nov/2013:13:44:42 +0100] "GET /seiten/kontakt.php HTTP/1.1" 404 1256 "-" "Mozilla/4.0 (compatible; MSIE 7.0; Windows NT 5.2)"
38.100.21.65 - - [06/Nov/2013:13:44:43 +0100] "GET /seiten/firma.html HTTP/1.1" 404 1256 "-" "Mozilla/4.0 (compatible; MSIE 7.0; Windows NT 5.2)"
38.100.21.65 - - [06/Nov/2013:13:44:43 +0100] "GET /seiten/leistungen.html HTTP/1.1" 404 1256 "-" "Mozilla/4.0 (compatible; MSIE 7.0; Windows NT 5.2)"
38.100.21.65 - - [06/Nov/2013:13:44:43 +0100] "GET /css/style.css HTTP/1.1" 404 1256 "-" "Mozilla/4.0 (compatible; MSIE 7.0; Windows NT 5.2)"
38.100.21.65 - - [06/Nov/2013:13:44:43 +0100] "GET /seiten/projekte.html HTTP/1.1" 404 1256 "-" "Mozilla/4.0 (compatible; MSIE 7.0; Windows NT 5.2)"
38.100.21.65 - - [06/Nov/2013:13:44:43 +0100] "GET /index.html HTTP/1.1" 200 4983 "-" "Mozilla/4.0 (compatible; MSIE 7.0; Windows NT 5.2)"
38.100.21.65 - - [06/Nov/2013:13:44:43 +0100] "GET /seiten/sitemap.html HTTP/1.1" 404 1256 "-" "Mozilla/4.0 (compatible; MSIE 7.0; Windows NT 5.2)"
38.100.21.65 - - [06/Nov/2013:13:44:43 +0100] "GET /seiten/agb.html HTTP/1.1" 404 1256 "-" "Mozilla/4.0 (compatible; MSIE 7.0; Windows NT 5.2)"
38.100.21.65 - - [06/Nov/2013:13:44:44 +0100] "GET /li_gre.html HTTP/1.1" 200 1973 "-" "Mozilla/4.0 (compatible; MSIE 7.0; Windows NT 5.2)"
144.76.71.146 - - [06/Nov/2013:13:45:49 +0100] "GET /robots.txt HTTP/1.1" 404 1256 "-" "Mozilla/5.0 (compatible; SISTRIX Crawler; http://crawler.sistrix.net/)"
144.76.71.146 - - [06/Nov/2013:13:45:49 +0100] "GET / HTTP/1.1" 206 4983 "-" "Mozilla/5.0 (compatible; SISTRIX Crawler; http://crawler.sistrix.net/)"
141.8.147.12 - - [06/Nov/2013:23:42:06 +0100] "GET /robots.txt HTTP/1.1" 404 1256 "-" "Mozilla/5.0 (compatible; YandexBot/3.0; +http://yandex.com/bots)"
157.55.32.110 - - [07/Nov/2013:02:17:54 +0100] "GET /robots.txt HTTP/1.1" 404 1256 "-" "Mozilla/5.0 (compatible; bingbot/2.0; +http://www.bing.com/bingbot.htm)"
157.55.32.110 - - [07/Nov/2013:02:41:25 +0100] "GET / HTTP/1.1" 200 4983 "-" "Mozilla/5.0 (compatible; bingbot/2.0; +http://www.bing.com/bingbot.htm)"
141.8.147.12 - - [07/Nov/2013:17:37:06 +0100] "GET /robots.txt HTTP/1.1" 404 1256 "-" "Mozilla/5.0 (compatible; YandexBot/3.0; +http://yandex.com/bots)"
141.8.147.12 - - [08/Nov/2013:00:42:00 +0100] "GET / HTTP/1.1" 200 4983 "-" "Mozilla/5.0 (compatible; YandexBot/3.0; +http://yandex.com/bots)"
141.8.147.12 - - [08/Nov/2013:03:43:50 +0100] "GET /content/index.php?lang=3 HTTP/1.1" 404 1256 "-" "Mozilla/5.0 (compatible; YandexBot/3.0; +http://yandex.com/bots)"
141.8.147.12 - - [08/Nov/2013:03:43:52 +0100] "GET /content/index.php?lang=2 HTTP/1.1" 404 1256 "-" "Mozilla/5.0 (compatible; YandexBot/3.0; +http://yandex.com/bots)"
141.8.147.12 - - [08/Nov/2013:03:43:54 +0100] "GET /content/index.php?lang=1 HTTP/1.1" 404 1256 "-" "Mozilla/5.0 (compatible; YandexBot/3.0; +http://yandex.com/bots)"
198.27.66.35 - - [08/Nov/2013:06:00:38 +0100] "GET /robots.txt HTTP/1.1" 404 1256 "-" "Mozilla/5.0 (compatible; meanpathbot/1.0; +http://www.meanpath.com/meanpathbot.html)"
198.27.66.35 - - [08/Nov/2013:06:00:38 +0100] "GET / HTTP/1.1" 200 4983 "-" "Mozilla/5.0 (compatible; meanpathbot/1.0; +http://www.meanpath.com/meanpathbot.html)"
198.27.66.35 - - [08/Nov/2013:06:00:39 +0100] "GET /apple-touch-icon.png HTTP/1.1" 404 1256 "-" "Mozilla/5.0 (compatible; meanpathbot/1.0; +http://www.meanpath.com/meanpathbot.html)"
198.27.66.35 - - [08/Nov/2013:06:00:39 +0100] "GET /img/favicon.ico HTTP/1.1" 404 1256 "-" "Mozilla/5.0 (compatible; meanpathbot/1.0; +http://www.meanpath.com/meanpathbot.html)"
64.246.165.160 - - [08/Nov/2013:08:17:47 +0100] "GET /robots.txt HTTP/1.0" 404 1256 "-" "Mozilla/5.0 (Windows; U; Windows NT 5.1; en; rv:1.9.0.13) Gecko/2009073022 Firefox/3.5.2 (.NET CLR 3.5.30729) SurveyBot/2.3 (DomainTools)"
64.246.165.160 - - [08/Nov/2013:08:17:47 +0100] "GET / HTTP/1.1" 200 4983 "http://whois.domaintools.com/familie-wilde.com" "Mozilla/5.0 (Windows; U; Windows NT 5.1; en; rv:1.9.0.13) Gecko/2009073022 Firefox/3.5.2 (.NET CLR 3.5.30729) SurveyBot/2.3 (DomainTools)"
66.249.78.44 - - [08/Nov/2013:18:19:18 +0100] "GET /robots.txt HTTP/1.1" 404 1256 "-" "Mozilla/5.0 (compatible; Googlebot/2.1; +http://www.google.com/bot.html)"
66.249.78.44 - - [08/Nov/2013:18:19:18 +0100] "GET / HTTP/1.1" 200 4983 "-" "Mozilla/5.0 (compatible; Googlebot/2.1; +http://www.google.com/bot.html)"
157.56.92.151 - - [10/Nov/2013:03:19:01 +0100] "GET /robots.txt HTTP/1.1" 404 1256 "-" "Mozilla/5.0 (compatible; bingbot/2.0; +http://www.bing.com/bingbot.htm)"
157.56.92.151 - - [10/Nov/2013:03:25:36 +0100] "GET / HTTP/1.1" 200 4983 "-" "Mozilla/5.0 (compatible; bingbot/2.0; +http://www.bing.com/bingbot.htm)"
141.8.147.12 - - [10/Nov/2013:18:12:46 +0100] "GET /robots.txt HTTP/1.1" 404 1256 "-" "Mozilla/5.0 (compatible; YandexBot/3.0; +http://yandex.com/bots)"
141.8.147.12 - - [10/Nov/2013:18:44:38 +0100] "GET / HTTP/1.1" 200 4983 "-" "Mozilla/5.0 (compatible; YandexBot/3.0; +http://yandex.com/bots)"
204.236.221.56 - - [10/Nov/2013:21:37:04 +0100] "GET / HTTP/1.0" 200 4983 "-" "Mozilla/5.0 (compatible; NetcraftSurveyAgent/1.0; +info@netcraft.com)"
157.55.33.146 - - [11/Nov/2013:10:05:41 +0100] "GET /robots.txt HTTP/1.1" 404 1256 "-" "Mozilla/5.0 (compatible; bingbot/2.0; +http://www.bing.com/bingbot.htm)"
157.55.33.146 - - [11/Nov/2013:10:07:19 +0100] "GET / HTTP/1.1" 200 4983 "-" "Mozilla/5.0 (compatible; bingbot/2.0; +http://www.bing.com/bingbot.htm)"
141.8.147.12 - - [12/Nov/2013:11:45:33 +0100] "GET /robots.txt HTTP/1.1" 404 1256 "-" "Mozilla/5.0 (compatible; YandexBot/3.0; +http://yandex.com/bots)"
141.8.147.12 - - [12/Nov/2013:11:45:40 +0100] "GET / HTTP/1.1" 200 4983 "-" "Mozilla/5.0 (compatible; YandexBot/3.0; +http://yandex.com/bots)"
141.8.147.12 - - [12/Nov/2013:14:37:07 +0100] "GET / HTTP/1.1" 200 4983 "-" "Mozilla/5.0 (compatible; YandexBot/3.0; +http://yandex.com/bots)"
141.8.147.12 - - [13/Nov/2013:05:42:21 +0100] "GET /robots.txt HTTP/1.1" 404 1256 "-" "Mozilla/5.0 (compatible; YandexBot/3.0; +http://yandex.com/bots)"
141.8.147.12 - - [13/Nov/2013:05:42:23 +0100] "GET /content/index.php?lang=1 HTTP/1.1" 404 1256 "-" "Mozilla/5.0 (compatible; YandexBot/3.0; +http://yandex.com/bots)"
141.8.147.12 - - [13/Nov/2013:05:42:25 +0100] "GET /content/index.php?lang=2 HTTP/1.1" 404 1256 "-" "Mozilla/5.0 (compatible; YandexBot/3.0; +http://yandex.com/bots)"
141.8.147.12 - - [13/Nov/2013:05:42:27 +0100] "GET /content/index.php?lang=3 HTTP/1.1" 404 1256 "-" "Mozilla/5.0 (compatible; YandexBot/3.0; +http://yandex.com/bots)"
54.212.115.224 - - [13/Nov/2013:22:25:52 +0100] "GET / HTTP/1.1" 200 4983 "http://www.forexunion.net" "Mozilla/5.0 (Windows NT 6.1; Win64; x64; rv:25.0) Gecko/20100101 Firefox/25.0"
141.8.147.12 - - [14/Nov/2013:01:19:00 +0100] "GET /robots.txt HTTP/1.1" 404 1256 "-" "Mozilla/5.0 (compatible; YandexBot/3.0; +http://yandex.com/bots)"
80.86.88.173 - - [14/Nov/2013:02:20:58 +0100] "GET / HTTP/1.1" 200 4983 "-" "Mozilla/4.0 (compatible; MSIE 6.0; Windows 98; Win 9x4.90)"
141.8.147.12 - - [14/Nov/2013:03:03:34 +0100] "GET / HTTP/1.1" 200 4983 "-" "Mozilla/5.0 (compatible; YandexBot/3.0; +http://yandex.com/bots)"
141.8.147.12 - - [14/Nov/2013:21:43:41 +0100] "GET /robots.txt HTTP/1.1" 404 1256 "-" "Mozilla/5.0 (compatible; YandexBot/3.0; +http://yandex.com/bots)"
141.8.147.12 - - [15/Nov/2013:04:39:20 +0100] "GET / HTTP/1.1" 200 4983 "-" "Mozilla/5.0 (compatible; YandexBot/3.0; +http://yandex.com/bots)"
96.227.124.38 - - [15/Nov/2013:04:39:25 +0100] "GET / HTTP/1.1" 200 4983 "-" "Mozilla/4.0 (compatible; MSIE 6.0; Windows NT 5.1; SV1; .NET CLR 1.1.4322)"
141.8.147.12 - - [15/Nov/2013:08:33:38 +0100] "GET /robots.txt HTTP/1.1" 404 1256 "-" "Mozilla/5.0 (compatible; YandexBot/3.0; +http://yandex.com/bots)"
141.8.147.12 - - [15/Nov/2013:08:33:41 +0100] "GET / HTTP/1.1" 200 4983 "-" "Mozilla/5.0 (compatible; YandexBot/3.0; +http://yandex.com/bots)"
69.58.178.56 - - [15/Nov/2013:13:04:05 +0100] "GET /robots.txt HTTP/1.1" 404 1256 "-" "Mozilla/5.0 (X11; Ubuntu; Linux i686; rv:14.0; ips-agent) Gecko/20100101 Firefox/14.0.1"
69.58.178.56 - - [15/Nov/2013:13:04:06 +0100] "GET / HTTP/1.1" 200 4983 "-" "Mozilla/5.0 (X11; Ubuntu; Linux i686; rv:14.0; ips-agent) Gecko/20100101 Firefox/14.0.1"
69.58.178.56 - - [15/Nov/2013:13:04:07 +0100] "GET / HTTP/1.1" 200 4983 "-" "BlackBerry9000/4.6.0.167 Profile/MIDP-2.0 Configuration/CLDC-1.1 VendorID/102 ips-agent"
69.58.178.56 - - [15/Nov/2013:13:04:08 +0100] "GET /index.html HTTP/1.1" 200 4983 "-" "Mozilla/5.0 (X11; Ubuntu; Linux i686; rv:14.0; ips-agent) Gecko/20100101 Firefox/14.0.1"
69.58.178.56 - - [15/Nov/2013:13:04:10 +0100] "GET /seiten/firma.html HTTP/1.1" 404 1256 "-" "Mozilla/5.0 (X11; Ubuntu; Linux i686; rv:14.0; ips-agent) Gecko/20100101 Firefox/14.0.1"
69.58.178.56 - - [15/Nov/2013:13:04:11 +0100] "GET /seiten/projekte.html HTTP/1.1" 404 1256 "-" "Mozilla/5.0 (X11; Ubuntu; Linux i686; rv:14.0; ips-agent) Gecko/20100101 Firefox/14.0.1"
69.58.178.56 - - [15/Nov/2013:13:04:12 +0100] "GET /seiten/leistungen.html HTTP/1.1" 404 1256 "-" "Mozilla/5.0 (X11; Ubuntu; Linux i686; rv:14.0; ips-agent) Gecko/20100101 Firefox/14.0.1"
69.58.178.56 - - [15/Nov/2013:13:04:13 +0100] "GET /seiten/kontakt.php HTTP/1.1" 404 1256 "-" "Mozilla/5.0 (X11; Ubuntu; Linux i686; rv:14.0; ips-agent) Gecko/20100101 Firefox/14.0.1"
69.58.178.56 - - [15/Nov/2013:13:04:14 +0100] "GET /li_gre.html HTTP/1.1" 200 1973 "-" "Mozilla/5.0 (X11; Ubuntu; Linux i686; rv:14.0; ips-agent) Gecko/20100101 Firefox/14.0.1"
69.58.178.56 - - [15/Nov/2013:13:04:15 +0100] "GET /seiten/impressum.html HTTP/1.1" 404 1256 "-" "Mozilla/5.0 (X11; Ubuntu; Linux i686; rv:14.0; ips-agent) Gecko/20100101 Firefox/14.0.1"
69.58.178.56 - - [15/Nov/2013:13:04:16 +0100] "GET /seiten/agb.html HTTP/1.1" 404 1256 "-" "Mozilla/5.0 (X11; Ubuntu; Linux i686; rv:14.0; ips-agent) Gecko/20100101 Firefox/14.0.1"
69.58.178.56 - - [15/Nov/2013:13:04:17 +0100] "GET /seiten/sitemap.html HTTP/1.1" 404 1256 "-" "Mozilla/5.0 (X11; Ubuntu; Linux i686; rv:14.0; ips-agent) Gecko/20100101 Firefox/14.0.1"
141.8.147.12 - - [16/Nov/2013:02:52:43 +0100] "GET /robots.txt HTTP/1.1" 404 1256 "-" "Mozilla/5.0 (compatible; YandexBot/3.0; +http://yandex.com/bots)"
141.8.147.12 - - [16/Nov/2013:06:30:43 +0100] "GET /li_gre.html HTTP/1.1" 200 1973 "-" "Mozilla/5.0 (compatible; YandexBot/3.0; +http://yandex.com/bots)"
162.243.86.57 - - [17/Nov/2013:09:07:58 +0100] "GET /robots.txt HTTP/1.1" 404 1256 "-" "Mozilla/5.0 (compatible; spbot/4.0.1; +http://www.seoprofiler.com/bot )"
162.243.86.57 - - [17/Nov/2013:09:08:03 +0100] "GET / HTTP/1.1" 200 4983 "-" "Mozilla/5.0 (compatible; spbot/4.0.1; +http://www.seoprofiler.com/bot )"
162.243.86.57 - - [17/Nov/2013:09:08:04 +0100] "GET /index.html HTTP/1.1" 200 4983 "http://www.familie-wilde.com/" "Mozilla/5.0 (compatible; spbot/4.0.1; +http://www.seoprofiler.com/bot )"
162.243.86.57 - - [17/Nov/2013:09:08:08 +0100] "GET /li_gre.html HTTP/1.1" 200 1973 "http://www.familie-wilde.com/" "Mozilla/5.0 (compatible; spbot/4.0.1; +http://www.seoprofiler.com/bot )"
162.243.86.57 - - [17/Nov/2013:09:08:13 +0100] "GET /seiten/agb.html HTTP/1.1" 404 1256 "http://www.familie-wilde.com/" "Mozilla/5.0 (compatible; spbot/4.0.1; +http://www.seoprofiler.com/bot )"
162.243.86.57 - - [17/Nov/2013:09:08:18 +0100] "GET /seiten/firma.html HTTP/1.1" 404 1256 "http://www.familie-wilde.com/" "Mozilla/5.0 (compatible; spbot/4.0.1; +http://www.seoprofiler.com/bot )"
162.243.86.57 - - [17/Nov/2013:09:08:23 +0100] "GET /seiten/kontakt.php HTTP/1.1" 404 1256 "http://www.familie-wilde.com/" "Mozilla/5.0 (compatible; spbot/4.0.1; +http://www.seoprofiler.com/bot )"
162.243.86.57 - - [17/Nov/2013:09:08:28 +0100] "GET /seiten/sitemap.html HTTP/1.1" 404 1256 "http://www.familie-wilde.com/" "Mozilla/5.0 (compatible; spbot/4.0.1; +http://www.seoprofiler.com/bot )"
162.243.86.57 - - [17/Nov/2013:09:08:32 +0100] "GET /seiten/projekte.html HTTP/1.1" 404 1256 "http://www.familie-wilde.com/" "Mozilla/5.0 (compatible; spbot/4.0.1; +http://www.seoprofiler.com/bot )"
162.243.86.57 - - [17/Nov/2013:09:08:38 +0100] "GET /seiten/impressum.html HTTP/1.1" 404 1256 "http://www.familie-wilde.com/" "Mozilla/5.0 (compatible; spbot/4.0.1; +http://www.seoprofiler.com/bot )"
162.243.86.57 - - [17/Nov/2013:09:08:43 +0100] "GET /seiten/leistungen.html HTTP/1.1" 404 1256 "http://www.familie-wilde.com/" "Mozilla/5.0 (compatible; spbot/4.0.1; +http://www.seoprofiler.com/bot )"
141.8.147.12 - - [17/Nov/2013:21:34:30 +0100] "GET /robots.txt HTTP/1.1" 404 1256 "-" "Mozilla/5.0 (compatible; YandexBot/3.0; +http://yandex.com/bots)"
141.8.147.12 - - [18/Nov/2013:00:10:51 +0100] "GET / HTTP/1.1" 200 4983 "-" "Mozilla/5.0 (compatible; YandexBot/3.0; +http://yandex.com/bots)"
141.8.147.12 - - [18/Nov/2013:03:43:23 +0100] "GET /content/index.php?lang=3 HTTP/1.1" 404 1256 "-" "Mozilla/5.0 (compatible; YandexBot/3.0; +http://yandex.com/bots)"
141.8.147.12 - - [18/Nov/2013:03:43:26 +0100] "GET /content/index.php?lang=1 HTTP/1.1" 404 1256 "-" "Mozilla/5.0 (compatible; YandexBot/3.0; +http://yandex.com/bots)"
141.8.147.12 - - [18/Nov/2013:03:43:28 +0100] "GET /content/index.php?lang=2 HTTP/1.1" 404 1256 "-" "Mozilla/5.0 (compatible; YandexBot/3.0; +http://yandex.com/bots)"
157.55.33.14 - - [18/Nov/2013:08:02:56 +0100] "GET /robots.txt HTTP/1.1" 404 1256 "-" "Mozilla/5.0 (compatible; bingbot/2.0; +http://www.bing.com/bingbot.htm)"
157.55.33.14 - - [18/Nov/2013:08:03:49 +0100] "GET /li_gre.html HTTP/1.1" 304 - "-" "Mozilla/5.0 (compatible; bingbot/2.0; +http://www.bing.com/bingbot.htm)"
141.8.147.12 - - [18/Nov/2013:22:16:10 +0100] "GET /robots.txt HTTP/1.1" 404 1256 "-" "Mozilla/5.0 (compatible; YandexBot/3.0; +http://yandex.com/bots)"
141.8.147.12 - - [19/Nov/2013:16:14:26 +0100] "GET /robots.txt HTTP/1.1" 404 1256 "-" "Mozilla/5.0 (compatible; YandexBot/3.0; +http://yandex.com/bots)"
66.249.78.44 - - [19/Nov/2013:16:21:57 +0100] "GET /robots.txt HTTP/1.1" 404 1256 "-" "Mozilla/5.0 (compatible; Googlebot/2.1; +http://www.google.com/bot.html)"
66.249.78.44 - - [19/Nov/2013:16:22:00 +0100] "GET / HTTP/1.1" 200 4983 "-" "Mozilla/5.0 (compatible; Googlebot/2.1; +http://www.google.com/bot.html)"
141.8.147.12 - - [19/Nov/2013:16:23:59 +0100] "GET / HTTP/1.1" 200 4983 "-" "Mozilla/5.0 (compatible; YandexBot/3.0; +http://yandex.com/bots)"
141.8.147.12 - - [20/Nov/2013:03:22:19 +0100] "GET / HTTP/1.1" 200 4983 "-" "Mozilla/5.0 (compatible; YandexBot/3.0; +http://yandex.com/bots)"
88.198.40.163 - - [20/Nov/2013:08:05:49 +0100] "GET /robots.txt HTTP/1.1" 404 1256 "-" "Mozilla/5.0 (compatible; SISTRIX Crawler; http://crawler.sistrix.net/)"
88.198.40.163 - - [20/Nov/2013:08:05:49 +0100] "GET / HTTP/1.1" 206 4983 "-" "Mozilla/5.0 (compatible; SISTRIX Crawler; http://crawler.sistrix.net/)"
141.8.147.12 - - [20/Nov/2013:10:41:55 +0100] "GET /robots.txt HTTP/1.1" 404 1256 "-" "Mozilla/5.0 (compatible; YandexBot/3.0; +http://yandex.com/bots)"
141.8.147.12 - - [21/Nov/2013:06:39:25 +0100] "GET /robots.txt HTTP/1.1" 404 1256 "-" "Mozilla/5.0 (compatible; YandexBot/3.0; +http://yandex.com/bots)"
141.8.147.12 - - [21/Nov/2013:06:39:28 +0100] "GET / HTTP/1.1" 200 4983 "-" "Mozilla/5.0 (compatible; YandexBot/3.0; +http://yandex.com/bots)"
64.246.165.160 - - [21/Nov/2013:07:44:50 +0100] "GET /robots.txt HTTP/1.0" 404 1256 "-" "Mozilla/5.0 (Windows; U; Windows NT 5.1; en; rv:1.9.0.13) Gecko/2009073022 Firefox/3.5.2 (.NET CLR 3.5.30729) SurveyBot/2.3 (DomainTools)"
64.246.165.160 - - [21/Nov/2013:07:44:51 +0100] "GET / HTTP/1.1" 200 4983 "http://whois.domaintools.com/familie-wilde.com" "Mozilla/5.0 (Windows; U; Windows NT 5.1; en; rv:1.9.0.13) Gecko/2009073022 Firefox/3.5.2 (.NET CLR 3.5.30729) SurveyBot/2.3 (DomainTools)"
117.27.143.168 - - [22/Nov/2013:23:18:02 +0100] "GET / HTTP/1.1" 200 4983 "-" "crawler4j (http://code.google.com/p/crawler4j/)"
5.9.113.9 - - [22/Nov/2013:23:59:43 +0100] "GET /robots.txt HTTP/1.1" 404 1256 "-" "Apache-HttpClient/4.3 (java 1.5)"
5.9.113.9 - - [22/Nov/2013:23:59:43 +0100] "GET / HTTP/1.1" 200 4983 "-" "Apache-HttpClient/4.3 (java 1.5)"
141.8.147.12 - - [23/Nov/2013:01:47:46 +0100] "GET /robots.txt HTTP/1.1" 404 1256 "-" "Mozilla/5.0 (compatible; YandexBot/3.0; +http://yandex.com/bots)"
141.8.147.12 - - [23/Nov/2013:01:47:49 +0100] "GET /content/index.php?lang=3 HTTP/1.1" 404 1256 "-" "Mozilla/5.0 (compatible; YandexBot/3.0; +http://yandex.com/bots)"
141.8.147.12 - - [23/Nov/2013:01:47:51 +0100] "GET /content/index.php?lang=2 HTTP/1.1" 404 1256 "-" "Mozilla/5.0 (compatible; YandexBot/3.0; +http://yandex.com/bots)"
141.8.147.12 - - [23/Nov/2013:01:47:53 +0100] "GET /content/index.php?lang=1 HTTP/1.1" 404 1256 "-" "Mozilla/5.0 (compatible; YandexBot/3.0; +http://yandex.com/bots)"
5.9.113.20 - - [23/Nov/2013:19:05:13 +0100] "GET /robots.txt HTTP/1.1" 404 1256 "-" "Apache-HttpClient/4.3 (java 1.5)"
5.9.113.20 - - [23/Nov/2013:19:05:13 +0100] "GET / HTTP/1.1" 200 4983 "-" "Apache-HttpClient/4.3 (java 1.5)"
141.8.147.12 - - [23/Nov/2013:19:35:55 +0100] "GET /robots.txt HTTP/1.1" 404 1256 "-" "Mozilla/5.0 (compatible; YandexBot/3.0; +http://yandex.com/bots)"
141.8.147.12 - - [24/Nov/2013:00:17:00 +0100] "GET / HTTP/1.1" 200 4983 "-" "Mozilla/5.0 (compatible; YandexBot/3.0; +http://yandex.com/bots)"
157.55.32.56 - - [24/Nov/2013:06:03:07 +0100] "GET /robots.txt HTTP/1.1" 404 1256 "-" "Mozilla/5.0 (compatible; bingbot/2.0; +http://www.bing.com/bingbot.htm)"
157.55.32.52 - - [24/Nov/2013:06:04:28 +0100] "GET / HTTP/1.1" 200 4983 "-" "Mozilla/5.0 (compatible; bingbot/2.0; +http://www.bing.com/bingbot.htm)"
157.55.32.52 - - [24/Nov/2013:06:04:29 +0100] "GET /index.html HTTP/1.1" 200 4983 "-" "Mozilla/5.0 (compatible; bingbot/2.0; +http://www.bing.com/bingbot.htm)"
157.55.32.56 - - [24/Nov/2013:06:08:59 +0100] "GET /li_gre.html HTTP/1.1" 200 1973 "-" "Mozilla/5.0 (compatible; bingbot/2.0; +http://www.bing.com/bingbot.htm)"
5.9.113.3 - - [24/Nov/2013:08:00:45 +0100] "GET /robots.txt HTTP/1.1" 404 1256 "-" "Apache-HttpClient/4.3 (java 1.5)"
5.9.113.3 - - [24/Nov/2013:08:00:45 +0100] "GET / HTTP/1.1" 200 4983 "-" "Apache-HttpClient/4.3 (java 1.5)"
5.9.113.9 - - [24/Nov/2013:17:34:44 +0100] "GET /robots.txt HTTP/1.1" 404 1256 "-" "Apache-HttpClient/4.3 (java 1.5)"
5.9.113.9 - - [24/Nov/2013:17:34:44 +0100] "GET / HTTP/1.1" 200 4983 "-" "Apache-HttpClient/4.3 (java 1.5)"
162.243.110.50 - - [25/Nov/2013:03:25:57 +0100] "GET /robots.txt HTTP/1.1" 404 1256 "-" "Mozilla/5.0 (compatible; spbot/4.0.2; +http://www.seoprofiler.com/bot )"
162.243.110.50 - - [25/Nov/2013:03:26:02 +0100] "GET / HTTP/1.1" 200 4983 "-" "Mozilla/5.0 (compatible; spbot/4.0.2; +http://www.seoprofiler.com/bot )"
162.243.110.50 - - [25/Nov/2013:03:26:04 +0100] "GET /index.html HTTP/1.1" 200 4983 "http://www.familie-wilde.com/" "Mozilla/5.0 (compatible; spbot/4.0.2; +http://www.seoprofiler.com/bot )"
162.243.110.50 - - [25/Nov/2013:03:26:07 +0100] "GET /li_gre.html HTTP/1.1" 200 1973 "http://www.familie-wilde.com/" "Mozilla/5.0 (compatible; spbot/4.0.2; +http://www.seoprofiler.com/bot )"
162.243.110.50 - - [25/Nov/2013:03:26:12 +0100] "GET /seiten/agb.html HTTP/1.1" 404 1256 "http://www.familie-wilde.com/" "Mozilla/5.0 (compatible; spbot/4.0.2; +http://www.seoprofiler.com/bot )"
162.243.110.50 - - [25/Nov/2013:03:26:17 +0100] "GET /seiten/firma.html HTTP/1.1" 404 1256 "http://www.familie-wilde.com/" "Mozilla/5.0 (compatible; spbot/4.0.2; +http://www.seoprofiler.com/bot )"
162.243.110.50 - - [25/Nov/2013:03:26:22 +0100] "GET /seiten/kontakt.php HTTP/1.1" 404 1256 "http://www.familie-wilde.com/" "Mozilla/5.0 (compatible; spbot/4.0.2; +http://www.seoprofiler.com/bot )"
162.243.110.50 - - [25/Nov/2013:03:26:27 +0100] "GET /seiten/sitemap.html HTTP/1.1" 404 1256 "http://www.familie-wilde.com/" "Mozilla/5.0 (compatible; spbot/4.0.2; +http://www.seoprofiler.com/bot )"
162.243.110.50 - - [25/Nov/2013:03:26:32 +0100] "GET /seiten/projekte.html HTTP/1.1" 404 1256 "http://www.familie-wilde.com/" "Mozilla/5.0 (compatible; spbot/4.0.2; +http://www.seoprofiler.com/bot )"
162.243.110.50 - - [25/Nov/2013:03:26:36 +0100] "GET /seiten/impressum.html HTTP/1.1" 404 1256 "http://www.familie-wilde.com/" "Mozilla/5.0 (compatible; spbot/4.0.2; +http://www.seoprofiler.com/bot )"
162.243.110.50 - - [25/Nov/2013:03:26:42 +0100] "GET /seiten/leistungen.html HTTP/1.1" 404 1256 "http://www.familie-wilde.com/" "Mozilla/5.0 (compatible; spbot/4.0.2; +http://www.seoprofiler.com/bot )"
141.8.147.12 - - [25/Nov/2013:03:44:02 +0100] "GET /robots.txt HTTP/1.1" 404 1256 "-" "Mozilla/5.0 (compatible; YandexBot/3.0; +http://yandex.com/bots)"
141.8.147.12 - - [25/Nov/2013:03:44:04 +0100] "GET / HTTP/1.1" 200 4983 "-" "Mozilla/5.0 (compatible; YandexBot/3.0; +http://yandex.com/bots)"
141.8.147.12 - - [26/Nov/2013:03:28:26 +0100] "GET /robots.txt HTTP/1.1" 404 1256 "-" "Mozilla/5.0 (compatible; YandexBot/3.0; +http://yandex.com/bots)"
141.8.147.12 - - [26/Nov/2013:06:24:06 +0100] "GET / HTTP/1.1" 200 4983 "-" "Mozilla/5.0 (compatible; YandexBot/3.0; +http://yandex.com/bots)"
141.8.147.12 - - [26/Nov/2013:22:03:31 +0100] "GET /robots.txt HTTP/1.1" 404 1256 "-" "Mozilla/5.0 (compatible; YandexBot/3.0; +http://yandex.com/bots)"
141.8.147.12 - - [27/Nov/2013:03:44:50 +0100] "GET / HTTP/1.1" 200 4983 "-" "Mozilla/5.0 (compatible; YandexBot/3.0; +http://yandex.com/bots)"
141.8.147.12 - - [27/Nov/2013:15:56:00 +0100] "GET /robots.txt HTTP/1.1" 404 1256 "-" "Mozilla/5.0 (compatible; YandexBot/3.0; +http://yandex.com/bots)"
141.8.147.12 - - [27/Nov/2013:20:46:37 +0100] "GET /content/index.php?lang=2 HTTP/1.1" 404 1256 "-" "Mozilla/5.0 (compatible; YandexBot/3.0; +http://yandex.com/bots)"
141.8.147.12 - - [27/Nov/2013:20:46:40 +0100] "GET /content/index.php?lang=3 HTTP/1.1" 404 1256 "-" "Mozilla/5.0 (compatible; YandexBot/3.0; +http://yandex.com/bots)"
141.8.147.12 - - [27/Nov/2013:20:46:42 +0100] "GET /content/index.php?lang=1 HTTP/1.1" 404 1256 "-" "Mozilla/5.0 (compatible; YandexBot/3.0; +http://yandex.com/bots)"
182.64.155.175 - - [28/Nov/2013:05:50:08 +0100] "GET / HTTP/1.1" 200 4983 "-" "-"
157.56.92.141 - - [28/Nov/2013:06:55:07 +0100] "GET /robots.txt HTTP/1.1" 404 1256 "-" "Mozilla/5.0 (compatible; bingbot/2.0; +http://www.bing.com/bingbot.htm)"
157.56.92.141 - - [28/Nov/2013:06:56:12 +0100] "GET / HTTP/1.1" 200 4983 "-" "Mozilla/5.0 (compatible; bingbot/2.0; +http://www.bing.com/bingbot.htm)"
141.8.147.12 - - [28/Nov/2013:10:32:26 +0100] "GET /robots.txt HTTP/1.1" 404 1256 "-" "Mozilla/5.0 (compatible; YandexBot/3.0; +http://yandex.com/bots)"
141.8.147.12 - - [28/Nov/2013:12:35:39 +0100] "GET / HTTP/1.1" 200 4983 "-" "Mozilla/5.0 (compatible; YandexBot/3.0; +http://yandex.com/bots)"
141.8.147.12 - - [30/Nov/2013:04:40:45 +0100] "GET /robots.txt HTTP/1.1" 404 1256 "-" "Mozilla/5.0 (compatible; YandexBot/3.0; +http://yandex.com/bots)"
141.8.147.12 - - [30/Nov/2013:04:40:47 +0100] "GET / HTTP/1.1" 200 4983 "-" "Mozilla/5.0 (compatible; YandexBot/3.0; +http://yandex.com/bots)"
66.249.73.73 - - [30/Nov/2013:09:28:55 +0100] "GET /robots.txt HTTP/1.1" 404 1256 "-" "Mozilla/5.0 (compatible; Googlebot/2.1; +http://www.google.com/bot.html)"
66.249.73.73 - - [30/Nov/2013:09:28:55 +0100] "GET / HTTP/1.1" 200 4983 "-" "Mozilla/5.0 (compatible; Googlebot/2.1; +http://www.google.com/bot.html)"
141.8.147.12 - - [30/Nov/2013:18:01:13 +0100] "GET /robots.txt HTTP/1.1" 404 1256 "-" "Mozilla/5.0 (compatible; YandexBot/3.0; +http://yandex.com/bots)"
5.9.113.19 - - [30/Nov/2013:20:04:46 +0100] "GET /robots.txt HTTP/1.1" 404 1256 "-" "Apache-HttpClient/4.3 (java 1.5)"
5.9.113.19 - - [30/Nov/2013:20:04:46 +0100] "GET / HTTP/1.1" 200 4983 "-" "Apache-HttpClient/4.3 (java 1.5)"