157.55.39.160 - - [01/Aug/2016:07:02:12 +0200] "GET / HTTP/1.1" 200 1255 "-" "Mozilla/5.0 (compatible; bingbot/2.0; +http://www.bing.com/bingbot.htm)"
151.80.31.170 - - [01/Aug/2016:11:11:03 +0200] "GET /robots.txt HTTP/1.1" 404 1256 "-" "Mozilla/5.0 (compatible; AhrefsBot/5.1; +http://ahrefs.com/robot/)"
157.55.39.210 - - [01/Aug/2016:18:42:37 +0200] "GET / HTTP/1.1" 200 1255 "-" "Mozilla/5.0 (compatible; bingbot/2.0; +http://www.bing.com/bingbot.htm)"
52.29.27.244 - - [01/Aug/2016:23:24:32 +0200] "GET /robots.txt HTTP/1.1" 404 1256 "-" "Mozilla/5.0 (compatible; Cliqzbot/1.0 +http://cliqz.com/company/cliqzbot)"
52.29.27.244 - - [01/Aug/2016:23:24:33 +0200] "GET / HTTP/1.1" 200 1255 "-" "Mozilla/5.0 (compatible; Cliqzbot/1.0 +http://cliqz.com/company/cliqzbot)"
207.46.13.42 - - [02/Aug/2016:06:37:35 +0200] "GET /robots.txt HTTP/1.1" 404 1256 "-" "Mozilla/5.0 (compatible; bingbot/2.0; +http://www.bing.com/bingbot.htm)"
207.46.13.42 - - [02/Aug/2016:06:37:41 +0200] "GET / HTTP/1.1" 200 1255 "-" "Mozilla/5.0 (compatible; bingbot/2.0; +http://www.bing.com/bingbot.htm)"
5.255.251.7 - - [02/Aug/2016:14:28:46 +0200] "GET /robots.txt HTTP/1.1" 404 1256 "-" "Mozilla/5.0 (compatible; YandexBot/3.0; +http://yandex.com/bots)"
66.249.76.51 - - [02/Aug/2016:17:53:22 +0200] "GET /robots.txt HTTP/1.1" 404 1256 "-" "Mozilla/5.0 (compatible; Googlebot/2.1; +http://www.google.com/bot.html)"
66.249.76.51 - - [02/Aug/2016:17:53:22 +0200] "GET / HTTP/1.1" 200 1255 "-" "Mozilla/5.0 (Linux; Android 6.0.1; Nexus 5X Build/MMB29P) AppleWebKit/537.36 (KHTML, like Gecko) Chrome/41.0.2272.96 Mobile Safari/537.36 (compatible; Googlebot/2.1; +http://www.google.com/bot.html)"
207.46.13.42 - - [02/Aug/2016:18:37:30 +0200] "GET / HTTP/1.1" 200 1255 "-" "Mozilla/5.0 (compatible; bingbot/2.0; +http://www.bing.com/bingbot.htm)"
62.210.148.87 - - [03/Aug/2016:05:08:34 +0200] "HEAD /assetmanager/assetmanager.aspx HTTP/1.1" 404 - "-" "-"
62.210.148.87 - - [03/Aug/2016:05:08:34 +0200] "HEAD /admin/editor/default_Image.aspx HTTP/1.1" 404 - "-" "-"
62.210.148.87 - - [03/Aug/2016:05:08:34 +0200] "HEAD /SiteEngineManager/components/Editor/assetmanager/assetmanager.asp HTTP/1.1" 404 - "-" "-"
62.210.148.87 - - [03/Aug/2016:05:08:34 +0200] "HEAD /edit/default_image.aspx HTTP/1.1" 404 - "-" "-"
62.210.148.87 - - [03/Aug/2016:05:08:34 +0200] "HEAD /admin/edit/default_image.aspx HTTP/1.1" 404 - "-" "-"
62.210.148.87 - - [03/Aug/2016:05:08:34 +0200] "HEAD /admin/default_image.asp HTTP/1.1" 404 - "-" "-"
62.210.148.87 - - [03/Aug/2016:05:08:34 +0200] "HEAD /admin/edit/default_image.asp HTTP/1.1" 404 - "-" "-"
62.210.148.87 - - [03/Aug/2016:05:08:34 +0200] "HEAD /edit/default_image.asp HTTP/1.1" 404 - "-" "-"
62.210.148.87 - - [03/Aug/2016:05:08:34 +0200] "HEAD /admin/default_image.aspx HTTP/1.1" 404 - "-" "-"
62.210.148.87 - - [03/Aug/2016:05:08:34 +0200] "HEAD /admin/editor/default_Image.asp HTTP/1.1" 404 - "-" "-"
62.210.148.87 - - [03/Aug/2016:05:08:34 +0200] "HEAD /assetmanager/assetmanager.asp HTTP/1.1" 404 - "-" "-"
62.210.148.87 - - [03/Aug/2016:05:08:34 +0200] "HEAD /admin/assetmanager/assetmanager.aspx HTTP/1.1" 404 - "-" "-"
62.210.148.87 - - [03/Aug/2016:05:08:34 +0200] "HEAD /admin/assetmanager/assetmanager.asp HTTP/1.1" 404 - "-" "-"
62.210.148.87 - - [03/Aug/2016:05:08:34 +0200] "HEAD /SiteEngineManager/components/Editor/assetmanager/assetmanager.php HTTP/1.1" 404 - "-" "-"
62.210.148.87 - - [03/Aug/2016:05:08:34 +0200] "HEAD /SiteEngineManager/components/Editor/assetmanager/assetmanager.aspx HTTP/1.1" 404 - "-" "-"
62.210.148.87 - - [03/Aug/2016:05:08:34 +0200] "HEAD /admin/SiteEngineManager/components/Editor/assetmanager/assetmanager.asp HTTP/1.1" 404 - "-" "-"
62.210.148.87 - - [03/Aug/2016:05:08:34 +0200] "HEAD /admin/SiteEngineManager/components/Editor/assetmanager/assetmanager.aspx HTTP/1.1" 404 - "-" "-"
62.210.148.87 - - [03/Aug/2016:05:08:34 +0200] "HEAD /Editor/assetmanager/assetmanager.asp HTTP/1.1" 404 - "-" "-"
62.210.148.87 - - [03/Aug/2016:05:08:34 +0200] "HEAD /Editor/assetmanager/assetmanager.aspx HTTP/1.1" 404 - "-" "-"
62.210.148.87 - - [03/Aug/2016:05:08:34 +0200] "HEAD /admin/Editor/assetmanager/assetmanager.asp HTTP/1.1" 404 - "-" "-"
62.210.148.87 - - [03/Aug/2016:05:08:34 +0200] "HEAD /admin/Editor/assetmanager/assetmanager.aspx HTTP/1.1" 404 - "-" "-"
62.210.148.87 - - [03/Aug/2016:05:08:34 +0200] "HEAD /administrator/SiteEngineManager/components/Editor/assetmanager/assetmanager.asp HTTP/1.1" 404 - "-" "-"
62.210.148.87 - - [03/Aug/2016:05:08:34 +0200] "HEAD /administrator/Editor/assetmanager/assetmanager.asp HTTP/1.1" 404 - "-" "-"
62.210.148.87 - - [03/Aug/2016:05:08:34 +0200] "HEAD /cms/asp/assetmanager/assetmanager.asp HTTP/1.1" 404 - "-" "-"
62.210.148.87 - - [03/Aug/2016:05:08:34 +0200] "HEAD /demo/assetmanager/assetmanager.asp HTTP/1.1" 404 - "-" "-"
62.210.148.87 - - [03/Aug/2016:05:08:34 +0200] "HEAD /moz/assetmanager/assetmanager.asp HTTP/1.1" 404 - "-" "-"
62.210.148.87 - - [03/Aug/2016:05:08:37 +0200] "HEAD /include/assetmanager/assetmanager.asp HTTP/1.1" 404 - "-" "-"
62.210.148.87 - - [03/Aug/2016:05:08:37 +0200] "HEAD /ofrzeditor/assetmanager/assetmanager.asp HTTP/1.1" 404 - "-" "-"
62.210.148.87 - - [03/Aug/2016:05:08:37 +0200] "HEAD /control/assetmanager/assetmanager.asp HTTP/1.1" 404 - "-" "-"
62.210.148.87 - - [03/Aug/2016:05:08:37 +0200] "HEAD /scripts/assetmanager/assetmanager.asp HTTP/1.1" 404 - "-" "-"
62.210.148.87 - - [03/Aug/2016:05:08:37 +0200] "HEAD /siteAdmin/assetmanager/assetmanager.asp HTTP/1.1" 404 - "-" "-"
62.210.148.87 - - [03/Aug/2016:05:08:37 +0200] "HEAD /cpanel/assetmanager/assetmanager.asp HTTP/1.1" 404 - "-" "-"
62.210.148.87 - - [03/Aug/2016:05:08:37 +0200] "HEAD /admin/common/assetmanager/assetmanager.asp HTTP/1.1" 404 - "-" "-"
62.210.148.87 - - [03/Aug/2016:05:08:37 +0200] "HEAD /cms/admin/asp/assetmanager/assetmanager.asp HTTP/1.1" 404 - "-" "-"
62.210.148.87 - - [03/Aug/2016:05:08:37 +0200] "HEAD /shared/editor/assetmanager/assetmanager.asp HTTP/1.1" 404 - "-" "-"
62.210.148.87 - - [03/Aug/2016:05:08:37 +0200] "HEAD /InnovEditor/assetmanager/assetmanager.asp HTTP/1.1" 404 - "-" "-"
62.210.148.87 - - [03/Aug/2016:05:08:37 +0200] "HEAD /Control/editor/assetmanager/assetmanager.asp HTTP/1.1" 404 - "-" "-"
62.210.148.87 - - [03/Aug/2016:05:08:43 +0200] "HEAD /admin/assetmanager/default.asp HTTP/1.1" 404 - "-" "-"
62.210.148.87 - - [03/Aug/2016:05:08:43 +0200] "HEAD /admin/scripts/assetmanager/assetmanager.asp HTTP/1.1" 404 - "-" "-"
62.210.148.87 - - [03/Aug/2016:05:08:43 +0200] "HEAD /cp/assetmanager/assetmanager.asp HTTP/1.1" 404 - "-" "-"
62.210.148.87 - - [03/Aug/2016:05:08:43 +0200] "HEAD /common/assetmanager/assetmanager.asp HTTP/1.1" 404 - "-" "-"
62.210.148.87 - - [03/Aug/2016:05:08:43 +0200] "HEAD /admin/common/scripts/assetmanager/assetmanager.asp HTTP/1.1" 404 - "-" "-"
62.210.148.87 - - [03/Aug/2016:05:08:43 +0200] "HEAD /admin/EditorScripts/assetmanager/assetmanager.asp HTTP/1.1" 404 - "-" "-"
62.210.148.87 - - [03/Aug/2016:05:08:43 +0200] "HEAD /scripts/moz/assetmanager/assetmanager.asp HTTP/1.1" 404 - "-" "-"
157.55.39.3 - - [03/Aug/2016:06:33:08 +0200] "GET / HTTP/1.1" 200 1255 "-" "Mozilla/5.0 (compatible; bingbot/2.0; +http://www.bing.com/bingbot.htm)"
54.234.95.145 - - [03/Aug/2016:13:25:55 +0200] "GET / HTTP/1.1" 200 1255 "-" "roboto"
157.55.39.3 - - [03/Aug/2016:18:40:29 +0200] "GET /robots.txt HTTP/1.1" 404 1256 "-" "Mozilla/5.0 (compatible; bingbot/2.0; +http://www.bing.com/bingbot.htm)"
157.55.39.3 - - [03/Aug/2016:18:49:27 +0200] "GET / HTTP/1.1" 200 1255 "-" "Mozilla/5.0 (compatible; bingbot/2.0; +http://www.bing.com/bingbot.htm)"
157.55.39.3 - - [03/Aug/2016:21:34:54 +0200] "GET /robots.txt HTTP/1.1" 404 1256 "-" "Mozilla/5.0 (compatible; bingbot/2.0; +http://www.bing.com/bingbot.htm)"
157.55.39.3 - - [04/Aug/2016:02:59:07 +0200] "GET / HTTP/1.1" 200 1255 "-" "Mozilla/5.0 (compatible; bingbot/2.0; +http://www.bing.com/bingbot.htm)"
40.77.167.42 - - [04/Aug/2016:09:28:08 +0200] "GET /robots.txt HTTP/1.1" 404 1256 "-" "Mozilla/5.0 (compatible; bingbot/2.0; +http://www.bing.com/bingbot.htm)"
151.80.31.170 - - [04/Aug/2016:09:31:41 +0200] "GET /robots.txt HTTP/1.1" 404 1256 "-" "Mozilla/5.0 (compatible; AhrefsBot/5.1; +http://ahrefs.com/robot/)"
164.132.161.32 - - [04/Aug/2016:09:31:42 +0200] "GET / HTTP/1.1" 200 1255 "-" "Mozilla/5.0 (compatible; AhrefsBot/5.1; +http://ahrefs.com/robot/)"
40.77.167.42 - - [04/Aug/2016:14:02:50 +0200] "GET / HTTP/1.1" 200 1255 "-" "Mozilla/5.0 (compatible; bingbot/2.0; +http://www.bing.com/bingbot.htm)"
213.64.199.184 - - [04/Aug/2016:20:51:31 +0200] "GET / HTTP/1.1" 200 1255 "-" "Mozilla/5.0 (Windows NT 5.1; rv:26.0) Gecko/20100101 Firefox/26.0"
213.64.199.184 - - [04/Aug/2016:20:51:31 +0200] "GET /favicon.ico HTTP/1.1" 404 1256 "-" "Mozilla/5.0 (Windows NT 5.1; rv:26.0) Gecko/20100101 Firefox/26.0"
213.64.199.184 - - [04/Aug/2016:20:51:31 +0200] "GET /favicon.ico HTTP/1.1" 404 1256 "-" "Mozilla/5.0 (Windows NT 5.1; rv:26.0) Gecko/20100101 Firefox/26.0"
157.55.39.41 - - [04/Aug/2016:21:16:40 +0200] "GET /robots.txt HTTP/1.1" 404 1256 "-" "Mozilla/5.0 (compatible; bingbot/2.0; +http://www.bing.com/bingbot.htm)"
66.249.79.180 - - [04/Aug/2016:22:16:23 +0200] "GET /robots.txt HTTP/1.1" 404 1256 "-" "Mozilla/5.0 (compatible; Googlebot/2.1; +http://www.google.com/bot.html)"
66.249.79.177 - - [04/Aug/2016:22:16:23 +0200] "GET / HTTP/1.1" 200 1255 "-" "Mozilla/5.0 (compatible; Googlebot/2.1; +http://www.google.com/bot.html)"
157.55.39.41 - - [04/Aug/2016:22:38:07 +0200] "GET / HTTP/1.1" 200 1255 "-" "Mozilla/5.0 (compatible; bingbot/2.0; +http://www.bing.com/bingbot.htm)"
66.249.79.177 - - [05/Aug/2016:00:20:43 +0200] "GET / HTTP/1.1" 200 1255 "-" "Mozilla/5.0 (compatible; Googlebot/2.1; +http://www.google.com/bot.html)"
157.55.39.41 - - [05/Aug/2016:09:17:35 +0200] "GET / HTTP/1.1" 200 1255 "-" "Mozilla/5.0 (compatible; bingbot/2.0; +http://www.bing.com/bingbot.htm)"
66.249.79.180 - - [05/Aug/2016:14:23:29 +0200] "GET /robots.txt HTTP/1.1" 404 1256 "-" "Mozilla/5.0 (compatible; Googlebot/2.1; +http://www.google.com/bot.html)"
66.249.79.177 - - [05/Aug/2016:14:23:30 +0200] "GET / HTTP/1.1" 200 1255 "-" "Mozilla/5.0 (compatible; Googlebot/2.1; +http://www.google.com/bot.html)"
66.249.79.174 - - [05/Aug/2016:15:43:39 +0200] "GET / HTTP/1.1" 200 1255 "-" "Mozilla/5.0 (compatible; Googlebot/2.1; +http://www.google.com/bot.html)"
207.46.13.83 - - [05/Aug/2016:21:10:10 +0200] "GET / HTTP/1.1" 200 1255 "-" "Mozilla/5.0 (compatible; bingbot/2.0; +http://www.bing.com/bingbot.htm)"
40.77.167.27 - - [06/Aug/2016:08:50:40 +0200] "GET / HTTP/1.1" 200 1255 "-" "Mozilla/5.0 (compatible; bingbot/2.0; +http://www.bing.com/bingbot.htm)"
66.249.76.51 - - [07/Aug/2016:13:37:39 +0200] "GET /robots.txt HTTP/1.1" 404 1256 "-" "Mozilla/5.0 (compatible; Googlebot/2.1; +http://www.google.com/bot.html)"
66.249.76.52 - - [07/Aug/2016:13:37:39 +0200] "GET / HTTP/1.1" 200 1255 "-" "Mozilla/5.0 (compatible; Googlebot/2.1; +http://www.google.com/bot.html)"
40.77.167.27 - - [07/Aug/2016:20:55:50 +0200] "GET /robots.txt HTTP/1.1" 404 1256 "-" "Mozilla/5.0 (compatible; bingbot/2.0; +http://www.bing.com/bingbot.htm)"
40.77.167.27 - - [07/Aug/2016:20:55:56 +0200] "GET / HTTP/1.1" 200 1255 "-" "Mozilla/5.0 (compatible; bingbot/2.0; +http://www.bing.com/bingbot.htm)"
66.249.76.53 - - [07/Aug/2016:23:40:31 +0200] "GET / HTTP/1.1" 200 1255 "-" "Mozilla/5.0 (compatible; Googlebot/2.1; +http://www.google.com/bot.html)"
66.249.76.112 - - [08/Aug/2016:03:53:51 +0200] "GET /robots.txt HTTP/1.1" 404 1256 "-" "Mozilla/5.0 (compatible; Googlebot/2.1; +http://www.google.com/bot.html)"
66.249.76.110 - - [08/Aug/2016:03:53:52 +0200] "GET / HTTP/1.1" 200 1255 "-" "Mozilla/5.0 (compatible; Googlebot/2.1; +http://www.google.com/bot.html)"
40.77.167.27 - - [08/Aug/2016:08:18:15 +0200] "GET / HTTP/1.1" 200 1255 "-" "Mozilla/5.0 (compatible; bingbot/2.0; +http://www.bing.com/bingbot.htm)"
40.77.167.27 - - [08/Aug/2016:20:35:10 +0200] "GET / HTTP/1.1" 200 1255 "-" "Mozilla/5.0 (compatible; bingbot/2.0; +http://www.bing.com/bingbot.htm)"
207.46.13.121 - - [09/Aug/2016:04:43:10 +0200] "GET /robots.txt HTTP/1.1" 404 1256 "-" "Mozilla/5.0 (compatible; bingbot/2.0; +http://www.bing.com/bingbot.htm)"
207.46.13.121 - - [09/Aug/2016:04:45:20 +0200] "GET /log/?D=D HTTP/1.1" 404 1256 "-" "Mozilla/5.0 (compatible; bingbot/2.0; +http://www.bing.com/bingbot.htm)"
40.77.167.27 - - [09/Aug/2016:08:05:24 +0200] "GET / HTTP/1.1" 200 1255 "-" "Mozilla/5.0 (compatible; bingbot/2.0; +http://www.bing.com/bingbot.htm)"
66.249.66.156 - - [09/Aug/2016:08:34:31 +0200] "GET /robots.txt HTTP/1.1" 404 1256 "-" "Mozilla/5.0 (compatible; Googlebot/2.1; +http://www.google.com/bot.html)"
66.249.66.156 - - [09/Aug/2016:08:34:31 +0200] "GET / HTTP/1.1" 200 1255 "-" "Mozilla/5.0 (Linux; Android 6.0.1; Nexus 5X Build/MMB29P) AppleWebKit/537.36 (KHTML, like Gecko) Chrome/41.0.2272.96 Mobile Safari/537.36 (compatible; Googlebot/2.1; +http://www.google.com/bot.html)"
104.131.63.172 - - [10/Aug/2016:02:19:21 +0200] "GET / HTTP/1.0" 200 1255 "-" "Mozilla/5.0 (compatible; NetcraftSurveyAgent/1.0; +info@netcraft.com)"
157.55.39.172 - - [10/Aug/2016:03:13:11 +0200] "GET /log/?S=D HTTP/1.1" 404 1256 "-" "Mozilla/5.0 (compatible; bingbot/2.0; +http://www.bing.com/bingbot.htm)"
40.77.167.27 - - [10/Aug/2016:07:54:13 +0200] "GET /robots.txt HTTP/1.1" 404 1256 "-" "Mozilla/5.0 (compatible; bingbot/2.0; +http://www.bing.com/bingbot.htm)"
40.77.167.27 - - [10/Aug/2016:07:54:33 +0200] "GET / HTTP/1.1" 200 1255 "-" "Mozilla/5.0 (compatible; bingbot/2.0; +http://www.bing.com/bingbot.htm)"
66.249.65.156 - - [10/Aug/2016:09:27:01 +0200] "GET /robots.txt HTTP/1.1" 404 1256 "-" "Mozilla/5.0 (compatible; Googlebot/2.1; +http://www.google.com/bot.html)"
66.249.65.160 - - [10/Aug/2016:09:27:01 +0200] "GET / HTTP/1.1" 200 1255 "-" "Mozilla/5.0 (Linux; Android 6.0.1; Nexus 5X Build/MMB29P) AppleWebKit/537.36 (KHTML, like Gecko) Chrome/41.0.2272.96 Mobile Safari/537.36 (compatible; Googlebot/2.1; +http://www.google.com/bot.html)"
104.236.108.147 - - [10/Aug/2016:10:28:10 +0200] "GET / HTTP/1.0" 200 1255 "-" "Mozilla/5.0 (compatible; NetcraftSurveyAgent/1.0; +info@netcraft.com)"
40.77.167.21 - - [10/Aug/2016:18:50:09 +0200] "GET /log/?S=A HTTP/1.1" 404 1256 "-" "Mozilla/5.0 (compatible; bingbot/2.0; +http://www.bing.com/bingbot.htm)"
157.55.39.67 - - [10/Aug/2016:19:24:01 +0200] "GET / HTTP/1.1" 200 1255 "-" "Mozilla/5.0 (compatible; bingbot/2.0; +http://www.bing.com/bingbot.htm)"
66.249.69.49 - - [10/Aug/2016:21:50:48 +0200] "GET /robots.txt HTTP/1.1" 404 1256 "-" "Mozilla/5.0 (compatible; Googlebot/2.1; +http://www.google.com/bot.html)"
66.249.69.49 - - [10/Aug/2016:21:50:48 +0200] "GET / HTTP/1.1" 200 1255 "-" "Mozilla/5.0 (compatible; Googlebot/2.1; +http://www.google.com/bot.html)"
66.249.69.49 - - [11/Aug/2016:00:59:18 +0200] "GET / HTTP/1.1" 200 1255 "-" "Mozilla/5.0 (compatible; Googlebot/2.1; +http://www.google.com/bot.html)"
157.55.39.67 - - [11/Aug/2016:02:26:47 +0200] "GET / HTTP/1.1" 200 1255 "-" "Mozilla/5.0 (compatible; bingbot/2.0; +http://www.bing.com/bingbot.htm)"
157.55.39.67 - - [11/Aug/2016:13:51:53 +0200] "GET / HTTP/1.1" 200 1255 "-" "Mozilla/5.0 (compatible; bingbot/2.0; +http://www.bing.com/bingbot.htm)"
157.55.39.67 - - [12/Aug/2016:02:26:53 +0200] "GET / HTTP/1.1" 200 1255 "-" "Mozilla/5.0 (compatible; bingbot/2.0; +http://www.bing.com/bingbot.htm)"
157.55.39.67 - - [12/Aug/2016:13:59:20 +0200] "GET / HTTP/1.1" 200 1255 "-" "Mozilla/5.0 (compatible; bingbot/2.0; +http://www.bing.com/bingbot.htm)"
157.55.39.67 - - [13/Aug/2016:02:18:59 +0200] "GET /robots.txt HTTP/1.1" 404 1256 "-" "Mozilla/5.0 (compatible; bingbot/2.0; +http://www.bing.com/bingbot.htm)"
157.55.39.67 - - [13/Aug/2016:02:20:10 +0200] "GET / HTTP/1.1" 200 1255 "-" "Mozilla/5.0 (compatible; bingbot/2.0; +http://www.bing.com/bingbot.htm)"
66.249.78.180 - - [13/Aug/2016:02:48:48 +0200] "GET /robots.txt HTTP/1.1" 404 1256 "-" "Mozilla/5.0 (compatible; Googlebot/2.1; +http://www.google.com/bot.html)"
66.249.78.180 - - [13/Aug/2016:02:48:49 +0200] "GET / HTTP/1.1" 200 1255 "-" "Mozilla/5.0 (compatible; Googlebot/2.1; +http://www.google.com/bot.html)"
66.249.78.180 - - [13/Aug/2016:04:21:26 +0200] "GET /log/access.log HTTP/1.1" 404 1256 "-" "Mozilla/5.0 (compatible; Googlebot/2.1; +http://www.google.com/bot.html)"
157.55.39.67 - - [13/Aug/2016:07:27:22 +0200] "GET / HTTP/1.1" 200 1255 "-" "Mozilla/5.0 (compatible; bingbot/2.0; +http://www.bing.com/bingbot.htm)"
66.249.78.187 - - [13/Aug/2016:07:49:36 +0200] "GET / HTTP/1.1" 200 1255 "-" "Mozilla/5.0 (compatible; Googlebot/2.1; +http://www.google.com/bot.html)"
62.210.152.84 - - [13/Aug/2016:10:04:51 +0200] "HEAD /manage/fckeditor/editor/ HTTP/1.1" 404 - "-" "-"
62.210.152.84 - - [13/Aug/2016:10:04:51 +0200] "HEAD /scripts/fckeditor/editor/ HTTP/1.1" 404 - "-" "-"
62.210.152.84 - - [13/Aug/2016:10:04:51 +0200] "HEAD /includes/fckeditor/editor/ HTTP/1.1" 404 - "-" "-"
62.210.152.84 - - [13/Aug/2016:10:04:51 +0200] "HEAD /include/fckeditor/editor/ HTTP/1.1" 404 - "-" "-"
62.210.152.84 - - [13/Aug/2016:10:04:51 +0200] "HEAD /system/fckeditor/editor/ HTTP/1.1" 404 - "-" "-"
62.210.152.84 - - [13/Aug/2016:10:04:51 +0200] "HEAD /inc/fckeditor/editor/ HTTP/1.1" 404 - "-" "-"
62.210.152.84 - - [13/Aug/2016:10:04:51 +0200] "HEAD /editor/fckeditor/editor/ HTTP/1.1" 404 - "-" "-"
62.210.152.84 - - [13/Aug/2016:10:04:51 +0200] "HEAD /ckeditor/editor/ HTTP/1.1" 404 - "-" "-"
62.210.152.84 - - [13/Aug/2016:10:04:51 +0200] "HEAD /editor/editor/ HTTP/1.1" 404 - "-" "-"
62.210.152.84 - - [13/Aug/2016:10:04:51 +0200] "HEAD /admin/fckeditor/editor/ HTTP/1.1" 404 - "-" "-"
62.210.152.84 - - [13/Aug/2016:10:04:51 +0200] "HEAD /editorold/editor/ HTTP/1.1" 404 - "-" "-"
62.210.152.84 - - [13/Aug/2016:10:04:51 +0200] "HEAD /fck/editor/ HTTP/1.1" 404 - "-" "-"
62.210.152.84 - - [13/Aug/2016:10:04:51 +0200] "HEAD /editor1/editor/ HTTP/1.1" 404 - "-" "-"
62.210.152.84 - - [13/Aug/2016:10:04:52 +0200] "HEAD /common/fckeditor/editor/ HTTP/1.1" 404 - "-" "-"
62.210.152.84 - - [13/Aug/2016:10:04:52 +0200] "HEAD /sysadmin/fckeditor/editor/ HTTP/1.1" 404 - "-" "-"
62.210.152.84 - - [13/Aug/2016:10:04:52 +0200] "HEAD /fckeditor/editor/ HTTP/1.1" 404 - "-" "-"
62.210.152.84 - - [13/Aug/2016:10:04:52 +0200] "HEAD /js/fckeditor/editor/ HTTP/1.1" 404 - "-" "-"
5.255.251.7 - - [13/Aug/2016:17:07:37 +0200] "GET /robots.txt HTTP/1.1" 404 1256 "-" "Mozilla/5.0 (compatible; YandexBot/3.0; +http://yandex.com/bots)"
157.55.39.127 - - [13/Aug/2016:19:09:29 +0200] "GET /robots.txt HTTP/1.1" 404 1256 "-" "Mozilla/5.0 (compatible; bingbot/2.0; +http://www.bing.com/bingbot.htm)"
157.55.39.127 - - [13/Aug/2016:19:13:43 +0200] "GET / HTTP/1.1" 200 1255 "-" "Mozilla/5.0 (compatible; bingbot/2.0; +http://www.bing.com/bingbot.htm)"
66.249.78.187 - - [13/Aug/2016:21:27:02 +0200] "GET /robots.txt HTTP/1.1" 404 1256 "-" "Mozilla/5.0 (compatible; Googlebot/2.1; +http://www.google.com/bot.html)"
66.249.78.180 - - [13/Aug/2016:21:27:02 +0200] "GET / HTTP/1.1" 200 1255 "-" "Mozilla/5.0 (Linux; Android 6.0.1; Nexus 5X Build/MMB29P) AppleWebKit/537.36 (KHTML, like Gecko) Chrome/41.0.2272.96 Mobile Safari/537.36 (compatible; Googlebot/2.1; +http://www.google.com/bot.html)"
66.249.78.180 - - [13/Aug/2016:21:39:05 +0200] "GET / HTTP/1.1" 200 1255 "-" "Mozilla/5.0 (compatible; Googlebot/2.1; +http://www.google.com/bot.html)"
66.249.78.194 - - [13/Aug/2016:21:39:06 +0200] "GET / HTTP/1.1" 200 1255 "-" "Mozilla/5.0 (compatible; Googlebot/2.1; +http://www.google.com/bot.html)"
64.246.165.190 - - [13/Aug/2016:22:51:47 +0200] "GET /robots.txt HTTP/1.0" 404 1256 "-" "Mozilla/5.0 (Windows; U; Windows NT 5.1; en; rv:1.9.0.13) Gecko/2009073022 Firefox/3.5.2 (.NET CLR 3.5.30729) SurveyBot/2.3 (DomainTools)"
64.246.165.190 - - [13/Aug/2016:22:51:47 +0200] "GET / HTTP/1.1" 200 1255 "http://whois.domaintools.com/ich-habe-ein-problem.de" "Mozilla/5.0 (Windows; U; Windows NT 5.1; en; rv:1.9.0.13) Gecko/2009073022 Firefox/3.5.2 (.NET CLR 3.5.30729) SurveyBot/2.3 (DomainTools)"
66.249.78.180 - - [13/Aug/2016:23:16:54 +0200] "GET / HTTP/1.1" 200 1255 "-" "Mozilla/5.0 (compatible; Googlebot/2.1; +http://www.google.com/bot.html)"
66.249.78.194 - - [14/Aug/2016:02:46:53 +0200] "GET / HTTP/1.1" 200 1255 "-" "Mozilla/5.0 (compatible; Googlebot/2.1; +http://www.google.com/bot.html)"
157.55.39.127 - - [14/Aug/2016:07:21:06 +0200] "GET / HTTP/1.1" 200 1255 "-" "Mozilla/5.0 (compatible; bingbot/2.0; +http://www.bing.com/bingbot.htm)"
66.249.76.53 - - [14/Aug/2016:14:35:14 +0200] "GET /robots.txt HTTP/1.1" 404 1256 "-" "Mozilla/5.0 (compatible; Googlebot/2.1; +http://www.google.com/bot.html)"
66.249.76.52 - - [14/Aug/2016:14:35:14 +0200] "GET / HTTP/1.1" 200 1255 "-" "Mozilla/5.0 (compatible; Googlebot/2.1; +http://www.google.com/bot.html)"
157.55.39.127 - - [14/Aug/2016:18:54:32 +0200] "GET / HTTP/1.1" 200 1255 "-" "Mozilla/5.0 (compatible; bingbot/2.0; +http://www.bing.com/bingbot.htm)"
66.249.78.180 - - [15/Aug/2016:02:01:33 +0200] "GET / HTTP/1.1" 200 1255 "-" "Mozilla/5.0 (compatible; Googlebot/2.1; +http://www.google.com/bot.html)"
157.55.39.127 - - [15/Aug/2016:07:10:27 +0200] "GET / HTTP/1.1" 200 1255 "-" "Mozilla/5.0 (compatible; bingbot/2.0; +http://www.bing.com/bingbot.htm)"
66.249.78.180 - - [15/Aug/2016:11:43:23 +0200] "GET /robots.txt HTTP/1.1" 404 1256 "-" "Mozilla/5.0 (compatible; Googlebot/2.1; +http://www.google.com/bot.html)"
66.249.78.194 - - [15/Aug/2016:11:43:24 +0200] "GET / HTTP/1.1" 200 1255 "-" "Mozilla/5.0 (compatible; Googlebot/2.1; +http://www.google.com/bot.html)"
157.55.39.127 - - [15/Aug/2016:11:57:32 +0200] "GET /robots.txt HTTP/1.1" 404 1256 "-" "Mozilla/5.0 (compatible; bingbot/2.0; +http://www.bing.com/bingbot.htm)"
157.55.39.127 - - [15/Aug/2016:11:57:38 +0200] "GET / HTTP/1.1" 200 1255 "-" "Mozilla/5.0 (compatible; bingbot/2.0; +http://www.bing.com/bingbot.htm)"
66.249.78.180 - - [15/Aug/2016:16:18:34 +0200] "GET / HTTP/1.1" 200 1255 "-" "Mozilla/5.0 (compatible; Googlebot/2.1; +http://www.google.com/bot.html)"
151.80.31.170 - - [15/Aug/2016:17:16:35 +0200] "GET /robots.txt HTTP/1.1" 404 1256 "-" "Mozilla/5.0 (compatible; AhrefsBot/5.1; +http://ahrefs.com/robot/)"
164.132.161.26 - - [15/Aug/2016:17:16:36 +0200] "GET / HTTP/1.1" 200 1255 "-" "Mozilla/5.0 (compatible; AhrefsBot/5.1; +http://ahrefs.com/robot/)"
5.255.251.7 - - [15/Aug/2016:18:36:55 +0200] "GET /robots.txt HTTP/1.1" 404 1256 "-" "Mozilla/5.0 (compatible; YandexBot/3.0; +http://yandex.com/bots)"
66.249.78.187 - - [15/Aug/2016:21:56:58 +0200] "GET / HTTP/1.1" 200 1255 "-" "Mozilla/5.0 (compatible; Googlebot/2.1; +http://www.google.com/bot.html)"
157.55.39.127 - - [15/Aug/2016:23:33:09 +0200] "GET / HTTP/1.1" 200 1255 "-" "Mozilla/5.0 (compatible; bingbot/2.0; +http://www.bing.com/bingbot.htm)"
157.55.39.127 - - [16/Aug/2016:10:56:31 +0200] "GET / HTTP/1.1" 200 1255 "-" "Mozilla/5.0 (compatible; bingbot/2.0; +http://www.bing.com/bingbot.htm)"
66.249.78.187 - - [16/Aug/2016:19:31:13 +0200] "GET /robots.txt HTTP/1.1" 404 1256 "-" "Mozilla/5.0 (compatible; Googlebot/2.1; +http://www.google.com/bot.html)"
66.249.78.187 - - [16/Aug/2016:19:31:13 +0200] "GET / HTTP/1.1" 200 1255 "-" "Mozilla/5.0 (Linux; Android 6.0.1; Nexus 5X Build/MMB29P) AppleWebKit/537.36 (KHTML, like Gecko) Chrome/41.0.2272.96 Mobile Safari/537.36 (compatible; Googlebot/2.1; +http://www.google.com/bot.html)"
157.55.39.127 - - [16/Aug/2016:23:15:17 +0200] "GET / HTTP/1.1" 200 1255 "-" "Mozilla/5.0 (compatible; bingbot/2.0; +http://www.bing.com/bingbot.htm)"
157.55.39.127 - - [17/Aug/2016:10:40:34 +0200] "GET / HTTP/1.1" 200 1255 "-" "Mozilla/5.0 (compatible; bingbot/2.0; +http://www.bing.com/bingbot.htm)"
157.55.39.127 - - [17/Aug/2016:19:40:11 +0200] "GET / HTTP/1.1" 200 1255 "-" "Mozilla/5.0 (compatible; bingbot/2.0; +http://www.bing.com/bingbot.htm)"
157.55.39.127 - - [18/Aug/2016:08:17:48 +0200] "GET /robots.txt HTTP/1.1" 404 1256 "-" "Mozilla/5.0 (compatible; bingbot/2.0; +http://www.bing.com/bingbot.htm)"
157.55.39.127 - - [18/Aug/2016:08:17:50 +0200] "GET / HTTP/1.1" 200 1255 "-" "Mozilla/5.0 (compatible; bingbot/2.0; +http://www.bing.com/bingbot.htm)"
195.154.199.103 - - [18/Aug/2016:09:03:52 +0200] "GET / HTTP/1.0" 200 1255 "-" "Mozilla/5.0 (Windows NT 6.1) AppleWebKit/537.36 (KHTML, like Gecko) Chrome/41.0.2228.0 Safari/537.36"
195.154.199.103 - - [18/Aug/2016:09:03:52 +0200] "GET / HTTP/1.0" 200 1255 "-" "Mozilla/5.0 (Windows NT 6.1) AppleWebKit/537.36 (KHTML, like Gecko) Chrome/41.0.2228.0 Safari/537.36"
157.55.39.127 - - [18/Aug/2016:20:22:01 +0200] "GET / HTTP/1.1" 200 1255 "-" "Mozilla/5.0 (compatible; bingbot/2.0; +http://www.bing.com/bingbot.htm)"
66.249.76.52 - - [19/Aug/2016:16:22:23 +0200] "GET /robots.txt HTTP/1.1" 404 1256 "-" "Mozilla/5.0 (compatible; Googlebot/2.1; +http://www.google.com/bot.html)"
66.249.76.52 - - [19/Aug/2016:16:22:23 +0200] "GET / HTTP/1.1" 200 1255 "-" "Mozilla/5.0 (Linux; Android 6.0.1; Nexus 5X Build/MMB29P) AppleWebKit/537.36 (KHTML, like Gecko) Chrome/41.0.2272.96 Mobile Safari/537.36 (compatible; Googlebot/2.1; +http://www.google.com/bot.html)"
157.55.39.127 - - [19/Aug/2016:20:03:16 +0200] "GET / HTTP/1.1" 200 1255 "-" "Mozilla/5.0 (compatible; bingbot/2.0; +http://www.bing.com/bingbot.htm)"
157.55.39.127 - - [20/Aug/2016:01:01:13 +0200] "GET / HTTP/1.1" 200 1255 "-" "Mozilla/5.0 (compatible; bingbot/2.0; +http://www.bing.com/bingbot.htm)"
157.55.39.127 - - [20/Aug/2016:12:53:59 +0200] "GET /robots.txt HTTP/1.1" 404 1256 "-" "Mozilla/5.0 (compatible; bingbot/2.0; +http://www.bing.com/bingbot.htm)"
157.55.39.127 - - [20/Aug/2016:12:54:11 +0200] "GET / HTTP/1.1" 200 1255 "-" "Mozilla/5.0 (compatible; bingbot/2.0; +http://www.bing.com/bingbot.htm)"
54.197.94.158 - - [20/Aug/2016:14:17:24 +0200] "GET / HTTP/1.1" 200 1255 "-" "roboto"
157.55.39.127 - - [21/Aug/2016:01:00:05 +0200] "GET / HTTP/1.1" 200 1255 "-" "Mozilla/5.0 (compatible; bingbot/2.0; +http://www.bing.com/bingbot.htm)"
157.55.39.127 - - [21/Aug/2016:12:47:02 +0200] "GET / HTTP/1.1" 200 1255 "-" "Mozilla/5.0 (compatible; bingbot/2.0; +http://www.bing.com/bingbot.htm)"
157.55.39.18 - - [22/Aug/2016:00:46:10 +0200] "GET / HTTP/1.1" 200 1255 "-" "Mozilla/5.0 (compatible; bingbot/2.0; +http://www.bing.com/bingbot.htm)"
157.55.39.18 - - [22/Aug/2016:07:26:04 +0200] "GET / HTTP/1.1" 200 1255 "-" "Mozilla/5.0 (compatible; bingbot/2.0; +http://www.bing.com/bingbot.htm)"
157.55.39.18 - - [22/Aug/2016:19:03:37 +0200] "GET / HTTP/1.1" 200 1255 "-" "Mozilla/5.0 (compatible; bingbot/2.0; +http://www.bing.com/bingbot.htm)"
66.249.69.65 - - [23/Aug/2016:01:10:42 +0200] "GET /robots.txt HTTP/1.1" 404 1256 "-" "Mozilla/5.0 (compatible; Googlebot/2.1; +http://www.google.com/bot.html)"
66.249.69.75 - - [23/Aug/2016:01:10:42 +0200] "GET / HTTP/1.1" 200 1255 "-" "Mozilla/5.0 (Linux; Android 6.0.1; Nexus 5X Build/MMB29P) AppleWebKit/537.36 (KHTML, like Gecko) Chrome/41.0.2272.96 Mobile Safari/537.36 (compatible; Googlebot/2.1; +http://www.google.com/bot.html)"
157.55.39.18 - - [23/Aug/2016:07:26:08 +0200] "GET /robots.txt HTTP/1.1" 404 1256 "-" "Mozilla/5.0 (compatible; bingbot/2.0; +http://www.bing.com/bingbot.htm)"
157.55.39.18 - - [23/Aug/2016:07:26:31 +0200] "GET / HTTP/1.1" 200 1255 "-" "Mozilla/5.0 (compatible; bingbot/2.0; +http://www.bing.com/bingbot.htm)"
157.55.39.18 - - [23/Aug/2016:19:23:00 +0200] "GET / HTTP/1.1" 200 1255 "-" "Mozilla/5.0 (compatible; bingbot/2.0; +http://www.bing.com/bingbot.htm)"
66.249.69.203 - - [23/Aug/2016:23:42:18 +0200] "GET /robots.txt HTTP/1.1" 404 1256 "-" "Mozilla/5.0 (compatible; Googlebot/2.1; +http://www.google.com/bot.html)"
66.249.69.198 - - [23/Aug/2016:23:42:18 +0200] "GET / HTTP/1.1" 200 1255 "-" "Mozilla/5.0 (Linux; Android 6.0.1; Nexus 5X Build/MMB29P) AppleWebKit/537.36 (KHTML, like Gecko) Chrome/41.0.2272.96 Mobile Safari/537.36 (compatible; Googlebot/2.1; +http://www.google.com/bot.html)"
207.46.13.44 - - [24/Aug/2016:09:31:39 +0200] "GET / HTTP/1.1" 200 1255 "-" "Mozilla/5.0 (compatible; bingbot/2.0; +http://www.bing.com/bingbot.htm)"
66.249.69.198 - - [24/Aug/2016:14:15:26 +0200] "GET /robots.txt HTTP/1.1" 404 1256 "-" "Mozilla/5.0 (compatible; Googlebot/2.1; +http://www.google.com/bot.html)"
66.249.69.203 - - [24/Aug/2016:14:15:26 +0200] "GET / HTTP/1.1" 200 1255 "-" "Mozilla/5.0 (compatible; Googlebot/2.1; +http://www.google.com/bot.html)"
217.69.133.226 - - [24/Aug/2016:15:45:50 +0200] "GET /robots.txt HTTP/1.0" 404 1256 "-" "Mozilla/5.0 (compatible; Linux x86_64; Mail.RU_Bot/2.0; +http://go.mail.ru/help/robots)"
217.69.133.222 - - [24/Aug/2016:15:45:51 +0200] "GET / HTTP/1.1" 200 1255 "-" "Mozilla/5.0 (compatible; Linux x86_64; Mail.RU_Bot/2.0; +http://go.mail.ru/help/robots)"
207.46.13.103 - - [24/Aug/2016:21:14:21 +0200] "GET / HTTP/1.1" 200 1255 "-" "Mozilla/5.0 (compatible; bingbot/2.0; +http://www.bing.com/bingbot.htm)"
192.99.9.164 - - [25/Aug/2016:03:45:06 +0200] "GET / HTTP/1.1" 200 1255 "-" "Mozilla/5.0 (Macintosh; Intel Mac OS X 10_8_4) AppleWebKit/537.36 (KHTML, like Gecko) Chrome/27.0.1453.110 Safari/537.36"
52.59.151.193 - - [25/Aug/2016:09:04:39 +0200] "GET /robots.txt HTTP/1.1" 404 1256 "-" "Mozilla/5.0 (compatible; Cliqzbot/1.0 +http://cliqz.com/company/cliqzbot)"
52.59.151.193 - - [25/Aug/2016:09:04:40 +0200] "GET / HTTP/1.1" 200 1255 "-" "Mozilla/5.0 (compatible; Cliqzbot/1.0 +http://cliqz.com/company/cliqzbot)"
207.46.13.103 - - [25/Aug/2016:09:56:39 +0200] "GET / HTTP/1.1" 200 1255 "-" "Mozilla/5.0 (compatible; bingbot/2.0; +http://www.bing.com/bingbot.htm)"
66.249.69.198 - - [25/Aug/2016:13:01:59 +0200] "GET /robots.txt HTTP/1.1" 404 1256 "-" "Mozilla/5.0 (compatible; Googlebot/2.1; +http://www.google.com/bot.html)"
66.249.69.198 - - [25/Aug/2016:13:02:00 +0200] "GET / HTTP/1.1" 200 1255 "-" "Mozilla/5.0 (compatible; Googlebot/2.1; +http://www.google.com/bot.html)"
66.249.69.193 - - [25/Aug/2016:17:11:30 +0200] "GET / HTTP/1.1" 200 1255 "-" "Mozilla/5.0 (compatible; Googlebot/2.1; +http://www.google.com/bot.html)"
207.46.13.103 - - [25/Aug/2016:21:18:29 +0200] "GET /robots.txt HTTP/1.1" 404 1256 "-" "Mozilla/5.0 (compatible; bingbot/2.0; +http://www.bing.com/bingbot.htm)"
207.46.13.103 - - [25/Aug/2016:21:18:42 +0200] "GET / HTTP/1.1" 200 1255 "-" "Mozilla/5.0 (compatible; bingbot/2.0; +http://www.bing.com/bingbot.htm)"
207.46.13.103 - - [26/Aug/2016:09:37:06 +0200] "GET / HTTP/1.1" 200 1255 "-" "Mozilla/5.0 (compatible; bingbot/2.0; +http://www.bing.com/bingbot.htm)"
207.46.13.103 - - [26/Aug/2016:21:11:12 +0200] "GET / HTTP/1.1" 200 1255 "-" "Mozilla/5.0 (compatible; bingbot/2.0; +http://www.bing.com/bingbot.htm)"
207.46.13.103 - - [27/Aug/2016:08:56:06 +0200] "GET /robots.txt HTTP/1.1" 404 1256 "-" "Mozilla/5.0 (compatible; bingbot/2.0; +http://www.bing.com/bingbot.htm)"
207.46.13.103 - - [27/Aug/2016:08:56:06 +0200] "GET /robots.txt HTTP/1.1" 404 1256 "-" "Mozilla/5.0 (compatible; bingbot/2.0; +http://www.bing.com/bingbot.htm)"
207.46.13.103 - - [27/Aug/2016:08:56:16 +0200] "GET / HTTP/1.1" 200 1255 "-" "Mozilla/5.0 (compatible; bingbot/2.0; +http://www.bing.com/bingbot.htm)"
40.77.167.0 - - [27/Aug/2016:20:15:18 +0200] "GET / HTTP/1.1" 200 1255 "-" "Mozilla/5.0 (compatible; bingbot/2.0; +http://www.bing.com/bingbot.htm)"
66.249.69.198 - - [28/Aug/2016:06:28:31 +0200] "GET /robots.txt HTTP/1.1" 404 1256 "-" "Mozilla/5.0 (compatible; Googlebot/2.1; +http://www.google.com/bot.html)"
66.249.69.198 - - [28/Aug/2016:06:28:31 +0200] "GET /log/access.log HTTP/1.1" 404 1256 "-" "Mozilla/5.0 (compatible; Googlebot/2.1; +http://www.google.com/bot.html)"
151.80.31.170 - - [28/Aug/2016:08:18:45 +0200] "GET /robots.txt HTTP/1.1" 404 1256 "-" "Mozilla/5.0 (compatible; AhrefsBot/5.1; +http://ahrefs.com/robot/)"
164.132.161.64 - - [28/Aug/2016:08:18:46 +0200] "GET / HTTP/1.1" 200 1255 "-" "Mozilla/5.0 (compatible; AhrefsBot/5.1; +http://ahrefs.com/robot/)"
66.249.69.203 - - [28/Aug/2016:16:16:20 +0200] "GET / HTTP/1.1" 200 1255 "-" "Mozilla/5.0 (Linux; Android 6.0.1; Nexus 5X Build/MMB29P) AppleWebKit/537.36 (KHTML, like Gecko) Chrome/41.0.2272.96 Mobile Safari/537.36 (compatible; Googlebot/2.1; +http://www.google.com/bot.html)"
40.77.167.75 - - [28/Aug/2016:18:04:13 +0200] "GET /robots.txt HTTP/1.1" 404 1256 "-" "Mozilla/5.0 (compatible; bingbot/2.0; +http://www.bing.com/bingbot.htm)"
40.77.167.75 - - [28/Aug/2016:18:04:18 +0200] "GET / HTTP/1.1" 200 1255 "-" "Mozilla/5.0 (compatible; bingbot/2.0; +http://www.bing.com/bingbot.htm)"
144.76.172.177 - - [28/Aug/2016:21:40:04 +0200] "GET /robots.txt HTTP/1.1" 404 1256 "http://www.sitedomain.de/" "Sitedomain-Bot(Sitedomain-Bot 1.0, http://www.sitedomain.de/sitedomain-bot/)"
157.55.39.78 - - [29/Aug/2016:01:55:27 +0200] "GET /log/?S=A HTTP/1.1" 404 1256 "-" "Mozilla/5.0 (compatible; bingbot/2.0; +http://www.bing.com/bingbot.htm)"
40.77.167.75 - - [29/Aug/2016:16:46:55 +0200] "GET / HTTP/1.1" 200 1255 "-" "Mozilla/5.0 (compatible; bingbot/2.0; +http://www.bing.com/bingbot.htm)"
64.246.161.42 - - [30/Aug/2016:01:23:52 +0200] "GET /robots.txt HTTP/1.0" 404 1256 "-" "Mozilla/5.0 (Windows; U; Windows NT 5.1; en; rv:1.9.0.13) Gecko/2009073022 Firefox/3.5.2 (.NET CLR 3.5.30729) SurveyBot/2.3 (DomainTools)"
64.246.161.42 - - [30/Aug/2016:01:23:53 +0200] "GET / HTTP/1.1" 200 1255 "http://whois.domaintools.com/ich-habe-ein-problem.de" "Mozilla/5.0 (Windows; U; Windows NT 5.1; en; rv:1.9.0.13) Gecko/2009073022 Firefox/3.5.2 (.NET CLR 3.5.30729) SurveyBot/2.3 (DomainTools)"