82.144.58.168 - - [04/Sep/2013:18:51:00 +0200] "GET /images/layout/wrapper-bg.jpg HTTP/1.1" 200 126878 "http://www.modeinstitut-berlin.de/unternehmen/servicecenter/Service-Center-Berlin-Pankow/" "Mozilla/4.0 (compatible; MSIE 8.0; Windows NT 5.1; Trident/4.0; .NET CLR 1.1.4322; .NET CLR 2.0.50727; .NET CLR 3.0.4506.2152; .NET CLR 3.5.30729; .NET4.0E; .NET4.0C)"
82.144.58.168 - - [04/Sep/2013:18:51:00 +0200] "GET /images/layout/bg-content-big-1.jpg HTTP/1.1" 200 46493 "http://www.modeinstitut-berlin.de/unternehmen/servicecenter/Service-Center-Berlin-Pankow/" "Mozilla/4.0 (compatible; MSIE 8.0; Windows NT 5.1; Trident/4.0; .NET CLR 1.1.4322; .NET CLR 2.0.50727; .NET CLR 3.0.4506.2152; .NET CLR 3.5.30729; .NET4.0E; .NET4.0C)"
82.144.58.168 - - [04/Sep/2013:18:51:00 +0200] "GET /images/layout/nav-drop-foot.png HTTP/1.1" 200 42670 "http://www.modeinstitut-berlin.de/unternehmen/servicecenter/Service-Center-Berlin-Pankow/" "Mozilla/4.0 (compatible; MSIE 8.0; Windows NT 5.1; Trident/4.0; .NET CLR 1.1.4322; .NET CLR 2.0.50727; .NET CLR 3.0.4506.2152; .NET CLR 3.5.30729; .NET4.0E; .NET4.0C)"
82.144.58.168 - - [04/Sep/2013:18:51:00 +0200] "GET /favicon.ico HTTP/1.1" 404 1256 "-" "Mozilla/4.0 (compatible; MSIE 8.0; Windows NT 5.1; Trident/4.0; .NET CLR 1.1.4322; .NET CLR 2.0.50727; .NET CLR 3.0.4506.2152; .NET CLR 3.5.30729; .NET4.0E; .NET4.0C)"
82.144.58.168 - - [04/Sep/2013:18:51:01 +0200] "GET /images/layout/nav-hover-end.jpg HTTP/1.1" 200 780 "http://www.modeinstitut-berlin.de/unternehmen/servicecenter/Service-Center-Berlin-Pankow/" "Mozilla/4.0 (compatible; MSIE 8.0; Windows NT 5.1; Trident/4.0; .NET CLR 1.1.4322; .NET CLR 2.0.50727; .NET CLR 3.0.4506.2152; .NET CLR 3.5.30729; .NET4.0E; .NET4.0C)"
202.46.55.36 - - [04/Sep/2013:18:58:39 +0200] "GET / HTTP/1.1" 200 6854 "-" "Mozilla/4.0 (compatible; MSIE 7.0; Windows NT 6.0)"
119.63.193.131 - - [04/Sep/2013:18:59:27 +0200] "GET / HTTP/1.1" 200 6854 "-" "Mozilla/4.0 (compatible; MSIE 7.0; Windows NT 6.0)"
141.8.147.12 - - [04/Sep/2013:19:03:42 +0200] "GET /images/motive/Urkunde_Familienfreundlicher_Betrieb.jpg HTTP/1.1" 304 - "-" "Mozilla/5.0 (compatible; YandexImages/3.0; +http://yandex.com/bots)"
85.114.142.245 - - [04/Sep/2013:19:08:35 +0200] "GET /robots.txt HTTP/1.1" 200 317 "-" "findlinks/2.6 (+http://wortschatz.uni-leipzig.de/findlinks/)"
208.115.111.73 - - [04/Sep/2013:19:10:40 +0200] "GET /robots.txt HTTP/1.1" 200 317 "-" "Mozilla/5.0 (compatible; Ezooms/1.0; ezooms.bot@gmail.com)"
141.8.147.12 - - [04/Sep/2013:19:13:22 +0200] "GET /images/motive/logos/bundestag.jpg HTTP/1.1" 304 - "-" "Mozilla/5.0 (compatible; YandexImages/3.0; +http://yandex.com/bots)"
208.115.113.89 - - [04/Sep/2013:19:15:09 +0200] "GET /unternehmen/firmenprofil/ HTTP/1.1" 200 6712 "-" "Mozilla/5.0 (compatible; Ezooms/1.0; ezooms.bot@gmail.com)"
141.8.147.12 - - [04/Sep/2013:19:15:38 +0200] "GET /images/motive/logos/fis.jpg HTTP/1.1" 304 - "-" "Mozilla/5.0 (compatible; YandexImages/3.0; +http://yandex.com/bots)"
85.25.134.59 - - [04/Sep/2013:19:26:43 +0200] "GET /robots.txt HTTP/1.1" 200 317 "http://modeinstit.macinroy.com/modeinstitut-berlin.de" "MacInroy Privacy Auditors. See modeinstitut-berlin.de's privacy violation report: http://modeinstitut-berlin.de.macinroy.com/modeinstitut-berlin.de"
85.25.134.59 - - [04/Sep/2013:19:26:43 +0200] "GET / HTTP/1.1" 200 2050 "http://modeinstit.macinroy.com/modeinstitut-berlin.de" "MacInroy Privacy Auditors. See modeinstitut-berlin.de's privacy violation report: http://modeinstitut-berlin.de.macinroy.com/modeinstitut-berlin.de"
84.56.179.81 - - [04/Sep/2013:19:33:18 +0200] "GET / HTTP/1.1" 200 2050 "https://www.google.de/" "Mozilla/5.0 (iPhone; CPU iPhone OS 6_1_4 like Mac OS X) AppleWebKit/536.26 (KHTML, like Gecko) Version/6.0 Mobile/10B350 Safari/8536.25"
84.56.179.81 - - [04/Sep/2013:19:33:18 +0200] "GET /css/newstyles.css HTTP/1.1" 200 9734 "http://www.modeinstitut-berlin.de/" "Mozilla/5.0 (iPhone; CPU iPhone OS 6_1_4 like Mac OS X) AppleWebKit/536.26 (KHTML, like Gecko) Version/6.0 Mobile/10B350 Safari/8536.25"
84.56.179.81 - - [04/Sep/2013:19:33:18 +0200] "GET /Scripts/AC_RunActiveContent.js HTTP/1.1" 200 8029 "http://www.modeinstitut-berlin.de/" "Mozilla/5.0 (iPhone; CPU iPhone OS 6_1_4 like Mac OS X) AppleWebKit/536.26 (KHTML, like Gecko) Version/6.0 Mobile/10B350 Safari/8536.25"
84.56.179.81 - - [04/Sep/2013:19:33:18 +0200] "GET /includes/hover.js HTTP/1.1" 200 411 "http://www.modeinstitut-berlin.de/" "Mozilla/5.0 (iPhone; CPU iPhone OS 6_1_4 like Mac OS X) AppleWebKit/536.26 (KHTML, like Gecko) Version/6.0 Mobile/10B350 Safari/8536.25"
84.56.179.81 - - [04/Sep/2013:19:33:18 +0200] "GET /images/motive/Logo9001_5.png HTTP/1.1" 200 19358 "http://www.modeinstitut-berlin.de/" "Mozilla/5.0 (iPhone; CPU iPhone OS 6_1_4 like Mac OS X) AppleWebKit/536.26 (KHTML, like Gecko) Version/6.0 Mobile/10B350 Safari/8536.25"
84.56.179.81 - - [04/Sep/2013:19:33:18 +0200] "GET /images/layout/global-bg.jpg HTTP/1.1" 200 917 "http://www.modeinstitut-berlin.de/" "Mozilla/5.0 (iPhone; CPU iPhone OS 6_1_4 like Mac OS X) AppleWebKit/536.26 (KHTML, like Gecko) Version/6.0 Mobile/10B350 Safari/8536.25"
84.56.179.81 - - [04/Sep/2013:19:33:18 +0200] "GET /images/layout/bg-sidebox-plain1.jpg HTTP/1.1" 200 10064 "http://www.modeinstitut-berlin.de/" "Mozilla/5.0 (iPhone; CPU iPhone OS 6_1_4 like Mac OS X) AppleWebKit/536.26 (KHTML, like Gecko) Version/6.0 Mobile/10B350 Safari/8536.25"
84.56.179.81 - - [04/Sep/2013:19:33:18 +0200] "GET /images/layout/bg-navi.jpg HTTP/1.1" 200 3342 "http://www.modeinstitut-berlin.de/" "Mozilla/5.0 (iPhone; CPU iPhone OS 6_1_4 like Mac OS X) AppleWebKit/536.26 (KHTML, like Gecko) Version/6.0 Mobile/10B350 Safari/8536.25"
84.56.179.81 - - [04/Sep/2013:19:33:18 +0200] "GET /images/layout/bg-content-big-1.jpg HTTP/1.1" 200 46493 "http://www.modeinstitut-berlin.de/" "Mozilla/5.0 (iPhone; CPU iPhone OS 6_1_4 like Mac OS X) AppleWebKit/536.26 (KHTML, like Gecko) Version/6.0 Mobile/10B350 Safari/8536.25"
84.56.179.81 - - [04/Sep/2013:19:33:18 +0200] "GET /images/layout/wrapper-bg.jpg HTTP/1.1" 200 126878 "http://www.modeinstitut-berlin.de/" "Mozilla/5.0 (iPhone; CPU iPhone OS 6_1_4 like Mac OS X) AppleWebKit/536.26 (KHTML, like Gecko) Version/6.0 Mobile/10B350 Safari/8536.25"
84.56.179.81 - - [04/Sep/2013:19:33:18 +0200] "GET /images/layout/link.gif HTTP/1.1" 200 52 "http://www.modeinstitut-berlin.de/" "Mozilla/5.0 (iPhone; CPU iPhone OS 6_1_4 like Mac OS X) AppleWebKit/536.26 (KHTML, like Gecko) Version/6.0 Mobile/10B350 Safari/8536.25"
84.56.179.81 - - [04/Sep/2013:19:33:57 +0200] "GET / HTTP/1.1" 200 2050 "https://www.google.de/" "Mozilla/5.0 (iPhone; CPU iPhone OS 6_1_4 like Mac OS X) AppleWebKit/536.26 (KHTML, like Gecko) Version/6.0 Mobile/10B350 Safari/8536.25"
84.56.179.81 - - [04/Sep/2013:19:34:02 +0200] "GET /corporate-fashion/ HTTP/1.1" 200 10715 "http://www.modeinstitut-berlin.de/" "Mozilla/5.0 (iPhone; CPU iPhone OS 6_1_4 like Mac OS X) AppleWebKit/536.26 (KHTML, like Gecko) Version/6.0 Mobile/10B350 Safari/8536.25"
84.56.179.81 - - [04/Sep/2013:19:34:02 +0200] "GET /js/dw_scroll_c.js HTTP/1.1" 200 36858 "http://www.modeinstitut-berlin.de/corporate-fashion/" "Mozilla/5.0 (iPhone; CPU iPhone OS 6_1_4 like Mac OS X) AppleWebKit/536.26 (KHTML, like Gecko) Version/6.0 Mobile/10B350 Safari/8536.25"
84.56.179.81 - - [04/Sep/2013:19:34:02 +0200] "GET /css/scroll_v.css HTTP/1.1" 200 1437 "http://www.modeinstitut-berlin.de/corporate-fashion/" "Mozilla/5.0 (iPhone; CPU iPhone OS 6_1_4 like Mac OS X) AppleWebKit/536.26 (KHTML, like Gecko) Version/6.0 Mobile/10B350 Safari/8536.25"
84.56.179.81 - - [04/Sep/2013:19:34:02 +0200] "GET /images/tri-up.gif HTTP/1.1" 200 62 "http://www.modeinstitut-berlin.de/corporate-fashion/" "Mozilla/5.0 (iPhone; CPU iPhone OS 6_1_4 like Mac OS X) AppleWebKit/536.26 (KHTML, like Gecko) Version/6.0 Mobile/10B350 Safari/8536.25"
84.56.179.81 - - [04/Sep/2013:19:34:02 +0200] "GET /images/tri-dn.gif HTTP/1.1" 200 63 "http://www.modeinstitut-berlin.de/corporate-fashion/" "Mozilla/5.0 (iPhone; CPU iPhone OS 6_1_4 like Mac OS X) AppleWebKit/536.26 (KHTML, like Gecko) Version/6.0 Mobile/10B350 Safari/8536.25"
84.56.179.81 - - [04/Sep/2013:19:34:08 +0200] "GET /images/layout/nav-hover-all.jpg HTTP/1.1" 200 332 "http://www.modeinstitut-berlin.de/corporate-fashion/" "Mozilla/5.0 (iPhone; CPU iPhone OS 6_1_4 like Mac OS X) AppleWebKit/536.26 (KHTML, like Gecko) Version/6.0 Mobile/10B350 Safari/8536.25"
84.56.179.81 - - [04/Sep/2013:19:34:08 +0200] "GET /images/layout/nav-drop-foot.png HTTP/1.1" 200 42670 "http://www.modeinstitut-berlin.de/corporate-fashion/" "Mozilla/5.0 (iPhone; CPU iPhone OS 6_1_4 like Mac OS X) AppleWebKit/536.26 (KHTML, like Gecko) Version/6.0 Mobile/10B350 Safari/8536.25"
84.56.179.81 - - [04/Sep/2013:19:34:09 +0200] "GET /produkt/produktion/ HTTP/1.1" 200 6399 "http://www.modeinstitut-berlin.de/corporate-fashion/" "Mozilla/5.0 (iPhone; CPU iPhone OS 6_1_4 like Mac OS X) AppleWebKit/536.26 (KHTML, like Gecko) Version/6.0 Mobile/10B350 Safari/8536.25"
141.8.147.12 - - [04/Sep/2013:19:34:41 +0200] "GET /images/motive/logos/BT-Logo.png HTTP/1.1" 304 - "-" "Mozilla/5.0 (compatible; YandexImages/3.0; +http://yandex.com/bots)"
84.56.179.81 - - [04/Sep/2013:19:34:54 +0200] "GET /referenzen/auszug/ HTTP/1.1" 200 6423 "http://www.modeinstitut-berlin.de/produkt/produktion/" "Mozilla/5.0 (iPhone; CPU iPhone OS 6_1_4 like Mac OS X) AppleWebKit/536.26 (KHTML, like Gecko) Version/6.0 Mobile/10B350 Safari/8536.25"
84.56.179.81 - - [04/Sep/2013:19:34:54 +0200] "GET /images/layout/bg-content-refs1.jpg HTTP/1.1" 200 39149 "http://www.modeinstitut-berlin.de/referenzen/auszug/" "Mozilla/5.0 (iPhone; CPU iPhone OS 6_1_4 like Mac OS X) AppleWebKit/536.26 (KHTML, like Gecko) Version/6.0 Mobile/10B350 Safari/8536.25"
84.56.179.81 - - [04/Sep/2013:19:34:54 +0200] "GET /images/motive/logos/deutschepost.gif HTTP/1.1" 200 1468 "http://www.modeinstitut-berlin.de/referenzen/auszug/" "Mozilla/5.0 (iPhone; CPU iPhone OS 6_1_4 like Mac OS X) AppleWebKit/536.26 (KHTML, like Gecko) Version/6.0 Mobile/10B350 Safari/8536.25"
84.56.179.81 - - [04/Sep/2013:19:34:54 +0200] "GET /images/motive/logos/rnv-logo.jpg HTTP/1.1" 200 13013 "http://www.modeinstitut-berlin.de/referenzen/auszug/" "Mozilla/5.0 (iPhone; CPU iPhone OS 6_1_4 like Mac OS X) AppleWebKit/536.26 (KHTML, like Gecko) Version/6.0 Mobile/10B350 Safari/8536.25"
84.56.179.81 - - [04/Sep/2013:19:34:54 +0200] "GET /images/motive/logos/Pin-Mail.jpg HTTP/1.1" 200 18155 "http://www.modeinstitut-berlin.de/referenzen/auszug/" "Mozilla/5.0 (iPhone; CPU iPhone OS 6_1_4 like Mac OS X) AppleWebKit/536.26 (KHTML, like Gecko) Version/6.0 Mobile/10B350 Safari/8536.25"
84.56.179.81 - - [04/Sep/2013:19:34:54 +0200] "GET /images/motive/logos/globeground.jpg HTTP/1.1" 200 16348 "http://www.modeinstitut-berlin.de/referenzen/auszug/" "Mozilla/5.0 (iPhone; CPU iPhone OS 6_1_4 like Mac OS X) AppleWebKit/536.26 (KHTML, like Gecko) Version/6.0 Mobile/10B350 Safari/8536.25"
84.56.179.81 - - [04/Sep/2013:19:34:54 +0200] "GET /images/motive/logos/bvg.jpg HTTP/1.1" 200 17033 "http://www.modeinstitut-berlin.de/referenzen/auszug/" "Mozilla/5.0 (iPhone; CPU iPhone OS 6_1_4 like Mac OS X) AppleWebKit/536.26 (KHTML, like Gecko) Version/6.0 Mobile/10B350 Safari/8536.25"
84.56.179.81 - - [04/Sep/2013:19:34:54 +0200] "GET /images/motive/logos/bayrischer.jpg HTTP/1.1" 200 15953 "http://www.modeinstitut-berlin.de/referenzen/auszug/" "Mozilla/5.0 (iPhone; CPU iPhone OS 6_1_4 like Mac OS X) AppleWebKit/536.26 (KHTML, like Gecko) Version/6.0 Mobile/10B350 Safari/8536.25"
84.56.179.81 - - [04/Sep/2013:19:34:54 +0200] "GET /images/motive/logos/frasec.jpg HTTP/1.1" 200 19377 "http://www.modeinstitut-berlin.de/referenzen/auszug/" "Mozilla/5.0 (iPhone; CPU iPhone OS 6_1_4 like Mac OS X) AppleWebKit/536.26 (KHTML, like Gecko) Version/6.0 Mobile/10B350 Safari/8536.25"
84.56.179.81 - - [04/Sep/2013:19:34:54 +0200] "GET /images/motive/logos/BT-Logo.png HTTP/1.1" 200 8730 "http://www.modeinstitut-berlin.de/referenzen/auszug/" "Mozilla/5.0 (iPhone; CPU iPhone OS 6_1_4 like Mac OS X) AppleWebKit/536.26 (KHTML, like Gecko) Version/6.0 Mobile/10B350 Safari/8536.25"
84.56.179.81 - - [04/Sep/2013:19:34:54 +0200] "GET /images/motive/logos/mvb.jpg HTTP/1.1" 200 20330 "http://www.modeinstitut-berlin.de/referenzen/auszug/" "Mozilla/5.0 (iPhone; CPU iPhone OS 6_1_4 like Mac OS X) AppleWebKit/536.26 (KHTML, like Gecko) Version/6.0 Mobile/10B350 Safari/8536.25"
84.56.179.81 - - [04/Sep/2013:19:34:54 +0200] "GET /images/motive/logos/mvg.jpg HTTP/1.1" 200 16049 "http://www.modeinstitut-berlin.de/referenzen/auszug/" "Mozilla/5.0 (iPhone; CPU iPhone OS 6_1_4 like Mac OS X) AppleWebKit/536.26 (KHTML, like Gecko) Version/6.0 Mobile/10B350 Safari/8536.25"
84.56.179.81 - - [04/Sep/2013:19:34:54 +0200] "GET /images/motive/logos/VR_Bank.jpg HTTP/1.1" 200 19988 "http://www.modeinstitut-berlin.de/referenzen/auszug/" "Mozilla/5.0 (iPhone; CPU iPhone OS 6_1_4 like Mac OS X) AppleWebKit/536.26 (KHTML, like Gecko) Version/6.0 Mobile/10B350 Safari/8536.25"
84.56.179.81 - - [04/Sep/2013:19:34:54 +0200] "GET /images/motive/logos/fis.jpg HTTP/1.1" 200 20913 "http://www.modeinstitut-berlin.de/referenzen/auszug/" "Mozilla/5.0 (iPhone; CPU iPhone OS 6_1_4 like Mac OS X) AppleWebKit/536.26 (KHTML, like Gecko) Version/6.0 Mobile/10B350 Safari/8536.25"
84.56.179.81 - - [04/Sep/2013:19:34:54 +0200] "GET /images/motive/logos/melia2.jpg HTTP/1.1" 200 6337 "http://www.modeinstitut-berlin.de/referenzen/auszug/" "Mozilla/5.0 (iPhone; CPU iPhone OS 6_1_4 like Mac OS X) AppleWebKit/536.26 (KHTML, like Gecko) Version/6.0 Mobile/10B350 Safari/8536.25"
84.56.179.81 - - [04/Sep/2013:19:34:54 +0200] "GET /images/motive/logos/vgf.jpg HTTP/1.1" 200 14122 "http://www.modeinstitut-berlin.de/referenzen/auszug/" "Mozilla/5.0 (iPhone; CPU iPhone OS 6_1_4 like Mac OS X) AppleWebKit/536.26 (KHTML, like Gecko) Version/6.0 Mobile/10B350 Safari/8536.25"
84.56.179.81 - - [04/Sep/2013:19:34:54 +0200] "GET /images/motive/logos/lvb.jpg HTTP/1.1" 200 24555 "http://www.modeinstitut-berlin.de/referenzen/auszug/" "Mozilla/5.0 (iPhone; CPU iPhone OS 6_1_4 like Mac OS X) AppleWebKit/536.26 (KHTML, like Gecko) Version/6.0 Mobile/10B350 Safari/8536.25"
84.56.179.81 - - [04/Sep/2013:19:34:55 +0200] "GET /images/motive/logos/bundestag.jpg HTTP/1.1" 200 18038 "http://www.modeinstitut-berlin.de/referenzen/auszug/" "Mozilla/5.0 (iPhone; CPU iPhone OS 6_1_4 like Mac OS X) AppleWebKit/536.26 (KHTML, like Gecko) Version/6.0 Mobile/10B350 Safari/8536.25"
84.56.179.81 - - [04/Sep/2013:19:34:55 +0200] "GET /images/motive/logos/Logo-Kameha-Grand-Bonn.jpg HTTP/1.1" 200 17221 "http://www.modeinstitut-berlin.de/referenzen/auszug/" "Mozilla/5.0 (iPhone; CPU iPhone OS 6_1_4 like Mac OS X) AppleWebKit/536.26 (KHTML, like Gecko) Version/6.0 Mobile/10B350 Safari/8536.25"
84.56.179.81 - - [04/Sep/2013:19:34:55 +0200] "GET /images/motive/logos/vag.jpg HTTP/1.1" 200 13744 "http://www.modeinstitut-berlin.de/referenzen/auszug/" "Mozilla/5.0 (iPhone; CPU iPhone OS 6_1_4 like Mac OS X) AppleWebKit/536.26 (KHTML, like Gecko) Version/6.0 Mobile/10B350 Safari/8536.25"
84.56.179.81 - - [04/Sep/2013:19:35:10 +0200] "GET /produkt/design/ HTTP/1.1" 200 6495 "http://www.modeinstitut-berlin.de/referenzen/auszug/" "Mozilla/5.0 (iPhone; CPU iPhone OS 6_1_4 like Mac OS X) AppleWebKit/536.26 (KHTML, like Gecko) Version/6.0 Mobile/10B350 Safari/8536.25"
84.56.179.81 - - [04/Sep/2013:19:35:10 +0200] "GET /images/layout/bg-content-big-2.jpg HTTP/1.1" 200 38423 "http://www.modeinstitut-berlin.de/produkt/design/" "Mozilla/5.0 (iPhone; CPU iPhone OS 6_1_4 like Mac OS X) AppleWebKit/536.26 (KHTML, like Gecko) Version/6.0 Mobile/10B350 Safari/8536.25"
84.56.179.81 - - [04/Sep/2013:19:35:50 +0200] "GET /produkt/service/ HTTP/1.1" 200 6034 "http://www.modeinstitut-berlin.de/produkt/design/" "Mozilla/5.0 (iPhone; CPU iPhone OS 6_1_4 like Mac OS X) AppleWebKit/536.26 (KHTML, like Gecko) Version/6.0 Mobile/10B350 Safari/8536.25"
84.56.179.81 - - [04/Sep/2013:19:36:39 +0200] "GET /produkt/logistik/ HTTP/1.1" 200 6302 "http://www.modeinstitut-berlin.de/produkt/service/" "Mozilla/5.0 (iPhone; CPU iPhone OS 6_1_4 like Mac OS X) AppleWebKit/536.26 (KHTML, like Gecko) Version/6.0 Mobile/10B350 Safari/8536.25"
84.56.179.81 - - [04/Sep/2013:19:36:49 +0200] "GET /bestellsystem/kundenlogin/ HTTP/1.1" 200 4528 "http://www.modeinstitut-berlin.de/produkt/logistik/" "Mozilla/5.0 (iPhone; CPU iPhone OS 6_1_4 like Mac OS X) AppleWebKit/536.26 (KHTML, like Gecko) Version/6.0 Mobile/10B350 Safari/8536.25"
84.56.179.81 - - [04/Sep/2013:19:36:52 +0200] "GET /images/layout/nav-hover-end.jpg HTTP/1.1" 200 780 "http://www.modeinstitut-berlin.de/bestellsystem/kundenlogin/" "Mozilla/5.0 (iPhone; CPU iPhone OS 6_1_4 like Mac OS X) AppleWebKit/536.26 (KHTML, like Gecko) Version/6.0 Mobile/10B350 Safari/8536.25"
84.56.179.81 - - [04/Sep/2013:19:36:52 +0200] "GET /impressum/ HTTP/1.1" 200 5301 "http://www.modeinstitut-berlin.de/bestellsystem/kundenlogin/" "Mozilla/5.0 (iPhone; CPU iPhone OS 6_1_4 like Mac OS X) AppleWebKit/536.26 (KHTML, like Gecko) Version/6.0 Mobile/10B350 Safari/8536.25"
66.249.78.228 - - [04/Sep/2013:19:36:56 +0200] "GET /unternehmen/servicecenter/Service-Center-Frankfurt/ HTTP/1.1" 200 7384 "-" "Mozilla/5.0 (compatible; Googlebot/2.1; +http://www.google.com/bot.html)"
84.56.179.81 - - [04/Sep/2013:19:37:04 +0200] "GET /images/layout/nav-hover-1.jpg HTTP/1.1" 200 746 "http://www.modeinstitut-berlin.de/impressum/" "Mozilla/5.0 (iPhone; CPU iPhone OS 6_1_4 like Mac OS X) AppleWebKit/536.26 (KHTML, like Gecko) Version/6.0 Mobile/10B350 Safari/8536.25"
84.56.179.81 - - [04/Sep/2013:19:37:04 +0200] "GET / HTTP/1.1" 200 2050 "http://www.modeinstitut-berlin.de/impressum/" "Mozilla/5.0 (iPhone; CPU iPhone OS 6_1_4 like Mac OS X) AppleWebKit/536.26 (KHTML, like Gecko) Version/6.0 Mobile/10B350 Safari/8536.25"
84.56.179.81 - - [04/Sep/2013:19:37:06 +0200] "GET / HTTP/1.1" 200 2050 "http://www.modeinstitut-berlin.de/" "Mozilla/5.0 (iPhone; CPU iPhone OS 6_1_4 like Mac OS X) AppleWebKit/536.26 (KHTML, like Gecko) Version/6.0 Mobile/10B350 Safari/8536.25"
84.56.179.81 - - [04/Sep/2013:19:37:15 +0200] "GET /firmenkleidung/ HTTP/1.1" 200 2182 "http://www.modeinstitut-berlin.de/" "Mozilla/5.0 (iPhone; CPU iPhone OS 6_1_4 like Mac OS X) AppleWebKit/536.26 (KHTML, like Gecko) Version/6.0 Mobile/10B350 Safari/8536.25"
84.56.179.81 - - [04/Sep/2013:19:37:37 +0200] "GET /corporate-fashion/ HTTP/1.1" 200 10715 "http://www.modeinstitut-berlin.de/" "Mozilla/5.0 (iPhone; CPU iPhone OS 6_1_4 like Mac OS X) AppleWebKit/536.26 (KHTML, like Gecko) Version/6.0 Mobile/10B350 Safari/8536.25"
84.56.179.81 - - [04/Sep/2013:19:37:56 +0200] "GET /impressum/ HTTP/1.1" 200 5301 "http://www.modeinstitut-berlin.de/bestellsystem/kundenlogin/" "Mozilla/5.0 (iPhone; CPU iPhone OS 6_1_4 like Mac OS X) AppleWebKit/536.26 (KHTML, like Gecko) Version/6.0 Mobile/10B350 Safari/8536.25"
157.55.35.41 - - [04/Sep/2013:19:38:34 +0200] "GET /robots.txt HTTP/1.1" 200 317 "-" "Mozilla/5.0 (compatible; bingbot/2.0; +http://www.bing.com/bingbot.htm)"
208.115.111.73 - - [04/Sep/2013:19:38:48 +0200] "GET / HTTP/1.1" 200 6854 "-" "Mozilla/5.0 (compatible; Ezooms/1.0; ezooms.bot@gmail.com)"
141.8.147.12 - - [04/Sep/2013:19:40:43 +0200] "GET /images/motive/logos/Pin-Mail.jpg HTTP/1.1" 304 - "-" "Mozilla/5.0 (compatible; YandexImages/3.0; +http://yandex.com/bots)"
141.8.147.12 - - [04/Sep/2013:19:40:53 +0200] "GET /images/motive/logos/frasec.jpg HTTP/1.1" 304 - "-" "Mozilla/5.0 (compatible; YandexImages/3.0; +http://yandex.com/bots)"
157.55.35.41 - - [04/Sep/2013:19:41:26 +0200] "GET /impressum/haftungsausschluss.php HTTP/1.1" 200 5952 "-" "Mozilla/5.0 (compatible; bingbot/2.0; +http://www.bing.com/bingbot.htm)"
141.8.147.12 - - [04/Sep/2013:19:41:57 +0200] "GET /images/motive/image-sidebox_spende.jpg HTTP/1.1" 304 - "-" "Mozilla/5.0 (compatible; YandexImages/3.0; +http://yandex.com/bots)"
193.193.172.200 - - [04/Sep/2013:19:43:20 +0200] "GET /includes/hover.js HTTP/1.0" 304 - "-" "Mozilla/4.0 (compatible;)"
141.8.147.12 - - [04/Sep/2013:19:56:06 +0200] "GET /images/motive/wowereit/wowereit_8.jpg HTTP/1.1" 304 - "-" "Mozilla/5.0 (compatible; YandexImages/3.0; +http://yandex.com/bots)"
85.179.5.152 - - [04/Sep/2013:19:56:37 +0200] "GET / HTTP/1.1" 200 2050 "https://www.google.de/" "Mozilla/5.0 (iPhone; CPU iPhone OS 6_1_3 like Mac OS X) AppleWebKit/536.26 (KHTML, like Gecko) Version/6.0 Mobile/10B329 Safari/8536.25"
85.179.5.152 - - [04/Sep/2013:19:56:37 +0200] "GET /css/newstyles.css HTTP/1.1" 200 9734 "http://www.modeinstitut-berlin.de/" "Mozilla/5.0 (iPhone; CPU iPhone OS 6_1_3 like Mac OS X) AppleWebKit/536.26 (KHTML, like Gecko) Version/6.0 Mobile/10B329 Safari/8536.25"
85.179.5.152 - - [04/Sep/2013:19:56:37 +0200] "GET /Scripts/AC_RunActiveContent.js HTTP/1.1" 200 8029 "http://www.modeinstitut-berlin.de/" "Mozilla/5.0 (iPhone; CPU iPhone OS 6_1_3 like Mac OS X) AppleWebKit/536.26 (KHTML, like Gecko) Version/6.0 Mobile/10B329 Safari/8536.25"
85.179.5.152 - - [04/Sep/2013:19:56:37 +0200] "GET /images/motive/Logo9001_5.png HTTP/1.1" 200 19358 "http://www.modeinstitut-berlin.de/" "Mozilla/5.0 (iPhone; CPU iPhone OS 6_1_3 like Mac OS X) AppleWebKit/536.26 (KHTML, like Gecko) Version/6.0 Mobile/10B329 Safari/8536.25"
85.179.5.152 - - [04/Sep/2013:19:56:37 +0200] "GET /includes/hover.js HTTP/1.1" 200 411 "http://www.modeinstitut-berlin.de/" "Mozilla/5.0 (iPhone; CPU iPhone OS 6_1_3 like Mac OS X) AppleWebKit/536.26 (KHTML, like Gecko) Version/6.0 Mobile/10B329 Safari/8536.25"
85.179.5.152 - - [04/Sep/2013:19:56:38 +0200] "GET /images/layout/global-bg.jpg HTTP/1.1" 200 917 "http://www.modeinstitut-berlin.de/" "Mozilla/5.0 (iPhone; CPU iPhone OS 6_1_3 like Mac OS X) AppleWebKit/536.26 (KHTML, like Gecko) Version/6.0 Mobile/10B329 Safari/8536.25"
85.179.5.152 - - [04/Sep/2013:19:56:38 +0200] "GET /images/layout/bg-navi.jpg HTTP/1.1" 200 3342 "http://www.modeinstitut-berlin.de/" "Mozilla/5.0 (iPhone; CPU iPhone OS 6_1_3 like Mac OS X) AppleWebKit/536.26 (KHTML, like Gecko) Version/6.0 Mobile/10B329 Safari/8536.25"
85.179.5.152 - - [04/Sep/2013:19:56:38 +0200] "GET /images/layout/bg-content-big-1.jpg HTTP/1.1" 200 46493 "http://www.modeinstitut-berlin.de/" "Mozilla/5.0 (iPhone; CPU iPhone OS 6_1_3 like Mac OS X) AppleWebKit/536.26 (KHTML, like Gecko) Version/6.0 Mobile/10B329 Safari/8536.25"
85.179.5.152 - - [04/Sep/2013:19:56:38 +0200] "GET /images/layout/wrapper-bg.jpg HTTP/1.1" 200 126878 "http://www.modeinstitut-berlin.de/" "Mozilla/5.0 (iPhone; CPU iPhone OS 6_1_3 like Mac OS X) AppleWebKit/536.26 (KHTML, like Gecko) Version/6.0 Mobile/10B329 Safari/8536.25"
85.179.5.152 - - [04/Sep/2013:19:56:38 +0200] "GET /images/layout/bg-sidebox-plain1.jpg HTTP/1.1" 200 10064 "http://www.modeinstitut-berlin.de/" "Mozilla/5.0 (iPhone; CPU iPhone OS 6_1_3 like Mac OS X) AppleWebKit/536.26 (KHTML, like Gecko) Version/6.0 Mobile/10B329 Safari/8536.25"
85.179.5.152 - - [04/Sep/2013:19:56:38 +0200] "GET /images/layout/link.gif HTTP/1.1" 200 52 "http://www.modeinstitut-berlin.de/" "Mozilla/5.0 (iPhone; CPU iPhone OS 6_1_3 like Mac OS X) AppleWebKit/536.26 (KHTML, like Gecko) Version/6.0 Mobile/10B329 Safari/8536.25"
141.8.147.12 - - [04/Sep/2013:20:07:36 +0200] "GET /images/motive/wowereit/wowereit_4.jpg HTTP/1.1" 304 - "-" "Mozilla/5.0 (compatible; YandexImages/3.0; +http://yandex.com/bots)"
92.225.11.4 - - [04/Sep/2013:20:11:06 +0200] "GET /unternehmen/servicecenter/Service-Center-Berlin-Pankow/ HTTP/1.1" 200 7901 "http://www.google.de/url?sa=t&rct=j&q=modeinstitut%20berlin%20%C3%B6ffnungszeiten&source=web&cd=4&ved=0CEkQFjAD&url=http%3A%2F%2Fwww.modeinstitut-berlin.de%2Funternehmen%2Fservicecenter%2FService-Center-Berlin-Pankow%2F&ei=k3cnUry_N4SutAatoYGIBA&usg=AFQjCNEz-5Ue7IVp_y5dX9UZlgTgNDL4BQ&bvm=bv.51495398,bs.1,d.Yms" "Mozilla/5.0 (X11; Linux x86_64) AppleWebKit/537.36 (KHTML, like Gecko) Chrome/29.0.1547.59 Safari/537.36"
92.225.11.4 - - [04/Sep/2013:20:11:06 +0200] "GET /css/newstyles.css HTTP/1.1" 200 9734 "http://www.modeinstitut-berlin.de/unternehmen/servicecenter/Service-Center-Berlin-Pankow/" "Mozilla/5.0 (X11; Linux x86_64) AppleWebKit/537.36 (KHTML, like Gecko) Chrome/29.0.1547.59 Safari/537.36"
92.225.11.4 - - [04/Sep/2013:20:11:06 +0200] "GET /Scripts/AC_RunActiveContent.js HTTP/1.1" 200 8029 "http://www.modeinstitut-berlin.de/unternehmen/servicecenter/Service-Center-Berlin-Pankow/" "Mozilla/5.0 (X11; Linux x86_64) AppleWebKit/537.36 (KHTML, like Gecko) Chrome/29.0.1547.59 Safari/537.36"
92.225.11.4 - - [04/Sep/2013:20:11:06 +0200] "GET /includes/hover.js HTTP/1.1" 200 411 "http://www.modeinstitut-berlin.de/unternehmen/servicecenter/Service-Center-Berlin-Pankow/" "Mozilla/5.0 (X11; Linux x86_64) AppleWebKit/537.36 (KHTML, like Gecko) Chrome/29.0.1547.59 Safari/537.36"
92.225.11.4 - - [04/Sep/2013:20:11:06 +0200] "GET /images/layout/spc.gif HTTP/1.1" 200 43 "http://www.modeinstitut-berlin.de/unternehmen/servicecenter/Service-Center-Berlin-Pankow/" "Mozilla/5.0 (X11; Linux x86_64) AppleWebKit/537.36 (KHTML, like Gecko) Chrome/29.0.1547.59 Safari/537.36"
92.225.11.4 - - [04/Sep/2013:20:11:06 +0200] "GET /images/motive/logos/globeground-klein.jpg HTTP/1.1" 200 17185 "http://www.modeinstitut-berlin.de/unternehmen/servicecenter/Service-Center-Berlin-Pankow/" "Mozilla/5.0 (X11; Linux x86_64) AppleWebKit/537.36 (KHTML, like Gecko) Chrome/29.0.1547.59 Safari/537.36"
92.225.11.4 - - [04/Sep/2013:20:11:06 +0200] "GET /images/motive/logos/BT-klein.jpg HTTP/1.1" 200 20652 "http://www.modeinstitut-berlin.de/unternehmen/servicecenter/Service-Center-Berlin-Pankow/" "Mozilla/5.0 (X11; Linux x86_64) AppleWebKit/537.36 (KHTML, like Gecko) Chrome/29.0.1547.59 Safari/537.36"
92.225.11.4 - - [04/Sep/2013:20:11:06 +0200] "GET /images/motive/logos/BVG-klein.jpg HTTP/1.1" 200 20899 "http://www.modeinstitut-berlin.de/unternehmen/servicecenter/Service-Center-Berlin-Pankow/" "Mozilla/5.0 (X11; Linux x86_64) AppleWebKit/537.36 (KHTML, like Gecko) Chrome/29.0.1547.59 Safari/537.36"
92.225.11.4 - - [04/Sep/2013:20:11:06 +0200] "GET /images/layout/global-bg.jpg HTTP/1.1" 200 917 "http://www.modeinstitut-berlin.de/unternehmen/servicecenter/Service-Center-Berlin-Pankow/" "Mozilla/5.0 (X11; Linux x86_64) AppleWebKit/537.36 (KHTML, like Gecko) Chrome/29.0.1547.59 Safari/537.36"
92.225.11.4 - - [04/Sep/2013:20:11:06 +0200] "GET /images/motive/logos/SIBA-klein.jpg HTTP/1.1" 200 24854 "http://www.modeinstitut-berlin.de/unternehmen/servicecenter/Service-Center-Berlin-Pankow/" "Mozilla/5.0 (X11; Linux x86_64) AppleWebKit/537.36 (KHTML, like Gecko) Chrome/29.0.1547.59 Safari/537.36"
92.225.11.4 - - [04/Sep/2013:20:11:06 +0200] "GET /images/layout/bg-navi.jpg HTTP/1.1" 200 3342 "http://www.modeinstitut-berlin.de/unternehmen/servicecenter/Service-Center-Berlin-Pankow/" "Mozilla/5.0 (X11; Linux x86_64) AppleWebKit/537.36 (KHTML, like Gecko) Chrome/29.0.1547.59 Safari/537.36"
92.225.11.4 - - [04/Sep/2013:20:11:06 +0200] "GET /images/layout/link.gif HTTP/1.1" 200 52 "http://www.modeinstitut-berlin.de/unternehmen/servicecenter/Service-Center-Berlin-Pankow/" "Mozilla/5.0 (X11; Linux x86_64) AppleWebKit/537.36 (KHTML, like Gecko) Chrome/29.0.1547.59 Safari/537.36"
92.225.11.4 - - [04/Sep/2013:20:11:06 +0200] "GET /images/layout/bg-content-big-1.jpg HTTP/1.1" 200 46493 "http://www.modeinstitut-berlin.de/unternehmen/servicecenter/Service-Center-Berlin-Pankow/" "Mozilla/5.0 (X11; Linux x86_64) AppleWebKit/537.36 (KHTML, like Gecko) Chrome/29.0.1547.59 Safari/537.36"
92.225.11.4 - - [04/Sep/2013:20:11:06 +0200] "GET /images/layout/wrapper-bg.jpg HTTP/1.1" 200 126878 "http://www.modeinstitut-berlin.de/unternehmen/servicecenter/Service-Center-Berlin-Pankow/" "Mozilla/5.0 (X11; Linux x86_64) AppleWebKit/537.36 (KHTML, like Gecko) Chrome/29.0.1547.59 Safari/537.36"
92.225.11.4 - - [04/Sep/2013:20:11:07 +0200] "GET /favicon.ico HTTP/1.1" 404 1256 "-" "Mozilla/5.0 (Linux; Android 4.1.2; GT-N7000 Build/JZO54K) AppleWebKit/537.36 (KHTML, like Gecko) Chrome/29.0.1547.59 Mobile Safari/537.36"
92.225.11.4 - - [04/Sep/2013:20:11:07 +0200] "GET /apple-touch-icon-precomposed.png HTTP/1.1" 404 1256 "-" "Mozilla/5.0 (Linux; Android 4.1.2; GT-N7000 Build/JZO54K) AppleWebKit/537.36 (KHTML, like Gecko) Chrome/29.0.1547.59 Mobile Safari/537.36"
92.225.11.4 - - [04/Sep/2013:20:11:08 +0200] "GET /apple-touch-icon.png HTTP/1.1" 404 1256 "-" "Mozilla/5.0 (Linux; Android 4.1.2; GT-N7000 Build/JZO54K) AppleWebKit/537.36 (KHTML, like Gecko) Chrome/29.0.1547.59 Mobile Safari/537.36"
92.225.11.4 - - [04/Sep/2013:20:11:43 +0200] "GET /unternehmen/servicecenter/Service-Center-Berlin-Schoeneberg/ HTTP/1.1" 200 7489 "http://www.google.de/url?sa=t&rct=j&q=modeinstitut%20berlin%20%C3%B6ffnungszeiten&source=web&cd=5&ved=0CE4QFjAE&url=http%3A%2F%2Fwww.modeinstitut-berlin.de%2Funternehmen%2Fservicecenter%2FService-Center-Berlin-Schoeneberg%2F&ei=k3cnUry_N4SutAatoYGIBA&usg=AFQjCNGpG9FlSOE4gU7HltHJQfwWmmUIEw" "Mozilla/5.0 (X11; Linux x86_64) AppleWebKit/537.36 (KHTML, like Gecko) Chrome/29.0.1547.59 Safari/537.36"
92.225.11.4 - - [04/Sep/2013:20:11:43 +0200] "GET /images/motive/logos/Ordnungsamt-klein.jpg HTTP/1.1" 200 20993 "http://www.modeinstitut-berlin.de/unternehmen/servicecenter/Service-Center-Berlin-Schoeneberg/" "Mozilla/5.0 (X11; Linux x86_64) AppleWebKit/537.36 (KHTML, like Gecko) Chrome/29.0.1547.59 Safari/537.36"
141.8.147.12 - - [04/Sep/2013:20:13:26 +0200] "GET /images/motive/logos/bvg.jpg HTTP/1.1" 304 - "-" "Mozilla/5.0 (compatible; YandexImages/3.0; +http://yandex.com/bots)"
141.8.147.12 - - [04/Sep/2013:20:14:49 +0200] "GET /images/motive/logos/globeground-klein.jpg HTTP/1.1" 304 - "-" "Mozilla/5.0 (compatible; YandexImages/3.0; +http://yandex.com/bots)"
141.8.147.12 - - [04/Sep/2013:20:15:05 +0200] "GET /images/motive/iso-9001.jpg HTTP/1.1" 304 - "-" "Mozilla/5.0 (compatible; YandexImages/3.0; +http://yandex.com/bots)"
5.10.83.100 - - [04/Sep/2013:20:20:54 +0200] "GET /unternehmen/zertifizierung/ HTTP/1.1" 200 5619 "-" "Mozilla/5.0 (compatible; AhrefsBot/5.0; +http://ahrefs.com/robot/)"
141.8.147.12 - - [04/Sep/2013:20:34:23 +0200] "GET /images/motive/logos/vgf.jpg HTTP/1.1" 304 - "-" "Mozilla/5.0 (compatible; YandexImages/3.0; +http://yandex.com/bots)"
95.168.152.163 - - [04/Sep/2013:20:36:04 +0200] "GET /unternehmen/servicecenter/ HTTP/1.1" 200 5785 "http://www.google.de/search?site=&source=hp&ei=ZX0nUouTF4XNswaNpYHoCQ&q=modeinstitut+berlin&oq=modeins&gs_l=mobile-gws-hp.1.0.0l5.4176.6567.0.9743.8.7.0.1.1.0.468.918.1j3j4-1.5.0....0...1c.1.26.mobile-gws-hp..2.6.981.EnKAeaFH2wo" "Mozilla/5.0 (Linux; U; Android 4.1.2; de-de; GT-I9100 Build/JZO54K) AppleWebKit/534.30 (KHTML, like Gecko) Version/4.0 Mobile Safari/534.30"
95.168.152.163 - - [04/Sep/2013:20:36:04 +0200] "GET /css/newstyles.css HTTP/1.1" 200 9734 "http://www.modeinstitut-berlin.de/unternehmen/servicecenter/" "Mozilla/5.0 (Linux; U; Android 4.1.2; de-de; GT-I9100 Build/JZO54K) AppleWebKit/534.30 (KHTML, like Gecko) Version/4.0 Mobile Safari/534.30"
95.168.152.163 - - [04/Sep/2013:20:36:04 +0200] "GET /Scripts/AC_RunActiveContent.js HTTP/1.1" 200 8029 "http://www.modeinstitut-berlin.de/unternehmen/servicecenter/" "Mozilla/5.0 (Linux; U; Android 4.1.2; de-de; GT-I9100 Build/JZO54K) AppleWebKit/534.30 (KHTML, like Gecko) Version/4.0 Mobile Safari/534.30"
95.168.152.163 - - [04/Sep/2013:20:36:04 +0200] "GET /includes/hover.js HTTP/1.1" 200 411 "http://www.modeinstitut-berlin.de/unternehmen/servicecenter/" "Mozilla/5.0 (Linux; U; Android 4.1.2; de-de; GT-I9100 Build/JZO54K) AppleWebKit/534.30 (KHTML, like Gecko) Version/4.0 Mobile Safari/534.30"
95.168.152.163 - - [04/Sep/2013:20:36:04 +0200] "GET /images/layout/spc.gif HTTP/1.1" 200 43 "http://www.modeinstitut-berlin.de/unternehmen/servicecenter/" "Mozilla/5.0 (Linux; U; Android 4.1.2; de-de; GT-I9100 Build/JZO54K) AppleWebKit/534.30 (KHTML, like Gecko) Version/4.0 Mobile Safari/534.30"
95.168.152.163 - - [04/Sep/2013:20:36:04 +0200] "GET /images/layout/global-bg.jpg HTTP/1.1" 200 917 "http://www.modeinstitut-berlin.de/unternehmen/servicecenter/" "Mozilla/5.0 (Linux; U; Android 4.1.2; de-de; GT-I9100 Build/JZO54K) AppleWebKit/534.30 (KHTML, like Gecko) Version/4.0 Mobile Safari/534.30"
95.168.152.163 - - [04/Sep/2013:20:36:04 +0200] "GET /images/motive/image-sidebox_deutschland.jpg HTTP/1.1" 200 30846 "http://www.modeinstitut-berlin.de/unternehmen/servicecenter/" "Mozilla/5.0 (Linux; U; Android 4.1.2; de-de; GT-I9100 Build/JZO54K) AppleWebKit/534.30 (KHTML, like Gecko) Version/4.0 Mobile Safari/534.30"
95.168.152.163 - - [04/Sep/2013:20:36:04 +0200] "GET /images/layout/bg-navi.jpg HTTP/1.1" 200 3342 "http://www.modeinstitut-berlin.de/unternehmen/servicecenter/" "Mozilla/5.0 (Linux; U; Android 4.1.2; de-de; GT-I9100 Build/JZO54K) AppleWebKit/534.30 (KHTML, like Gecko) Version/4.0 Mobile Safari/534.30"
95.168.152.163 - - [04/Sep/2013:20:36:04 +0200] "GET /images/layout/link.gif HTTP/1.1" 200 52 "http://www.modeinstitut-berlin.de/unternehmen/servicecenter/" "Mozilla/5.0 (Linux; U; Android 4.1.2; de-de; GT-I9100 Build/JZO54K) AppleWebKit/534.30 (KHTML, like Gecko) Version/4.0 Mobile Safari/534.30"
95.168.152.163 - - [04/Sep/2013:20:36:04 +0200] "GET /images/layout/wrapper-bg.jpg HTTP/1.1" 200 126878 "http://www.modeinstitut-berlin.de/unternehmen/servicecenter/" "Mozilla/5.0 (Linux; U; Android 4.1.2; de-de; GT-I9100 Build/JZO54K) AppleWebKit/534.30 (KHTML, like Gecko) Version/4.0 Mobile Safari/534.30"
95.168.152.163 - - [04/Sep/2013:20:36:04 +0200] "GET /images/layout/bg-content-big-1.jpg HTTP/1.1" 200 46493 "http://www.modeinstitut-berlin.de/unternehmen/servicecenter/" "Mozilla/5.0 (Linux; U; Android 4.1.2; de-de; GT-I9100 Build/JZO54K) AppleWebKit/534.30 (KHTML, like Gecko) Version/4.0 Mobile Safari/534.30"
95.168.152.163 - - [04/Sep/2013:20:36:05 +0200] "GET /favicon.ico HTTP/1.1" 404 1256 "http://www.modeinstitut-berlin.de/unternehmen/servicecenter/" "Mozilla/5.0 (Linux; U; Android 4.1.2; de-de; GT-I9100 Build/JZO54K) AppleWebKit/534.30 (KHTML, like Gecko) Version/4.0 Mobile Safari/534.30"
95.168.152.163 - - [04/Sep/2013:20:36:15 +0200] "GET /unternehmen/servicecenter/Service-Center-Berlin-Pankow/ HTTP/1.1" 200 7901 "http://www.modeinstitut-berlin.de/unternehmen/servicecenter/" "Mozilla/5.0 (Linux; U; Android 4.1.2; de-de; GT-I9100 Build/JZO54K) AppleWebKit/534.30 (KHTML, like Gecko) Version/4.0 Mobile Safari/534.30"
95.168.152.163 - - [04/Sep/2013:20:36:16 +0200] "GET /images/motive/logos/BVG-klein.jpg HTTP/1.1" 200 20899 "http://www.modeinstitut-berlin.de/unternehmen/servicecenter/Service-Center-Berlin-Pankow/" "Mozilla/5.0 (Linux; U; Android 4.1.2; de-de; GT-I9100 Build/JZO54K) AppleWebKit/534.30 (KHTML, like Gecko) Version/4.0 Mobile Safari/534.30"
95.168.152.163 - - [04/Sep/2013:20:36:16 +0200] "GET /images/motive/logos/globeground-klein.jpg HTTP/1.1" 200 17185 "http://www.modeinstitut-berlin.de/unternehmen/servicecenter/Service-Center-Berlin-Pankow/" "Mozilla/5.0 (Linux; U; Android 4.1.2; de-de; GT-I9100 Build/JZO54K) AppleWebKit/534.30 (KHTML, like Gecko) Version/4.0 Mobile Safari/534.30"
95.168.152.163 - - [04/Sep/2013:20:36:16 +0200] "GET /images/motive/logos/BT-klein.jpg HTTP/1.1" 200 20652 "http://www.modeinstitut-berlin.de/unternehmen/servicecenter/Service-Center-Berlin-Pankow/" "Mozilla/5.0 (Linux; U; Android 4.1.2; de-de; GT-I9100 Build/JZO54K) AppleWebKit/534.30 (KHTML, like Gecko) Version/4.0 Mobile Safari/534.30"
95.168.152.163 - - [04/Sep/2013:20:36:16 +0200] "GET /images/motive/logos/SIBA-klein.jpg HTTP/1.1" 200 24854 "http://www.modeinstitut-berlin.de/unternehmen/servicecenter/Service-Center-Berlin-Pankow/" "Mozilla/5.0 (Linux; U; Android 4.1.2; de-de; GT-I9100 Build/JZO54K) AppleWebKit/534.30 (KHTML, like Gecko) Version/4.0 Mobile Safari/534.30"
95.168.152.163 - - [04/Sep/2013:20:37:07 +0200] "GET /images/layout/nav-drop-foot.png HTTP/1.1" 200 42670 "http://www.modeinstitut-berlin.de/unternehmen/servicecenter/" "Mozilla/5.0 (Linux; U; Android 4.1.2; de-de; GT-I9100 Build/JZO54K) AppleWebKit/534.30 (KHTML, like Gecko) Version/4.0 Mobile Safari/534.30"
66.249.78.228 - - [04/Sep/2013:20:43:55 +0200] "GET /unternehmen/servicecenter/ HTTP/1.1" 200 5785 "-" "Mozilla/5.0 (iPhone; U; CPU iPhone OS 4_1 like Mac OS X; en-us) AppleWebKit/532.9 (KHTML, like Gecko) Version/4.0.5 Mobile/8B117 Safari/6531.22.7 (compatible; Googlebot-Mobile/2.1; +http://www.google.com/bot.html)"
193.193.172.200 - - [04/Sep/2013:20:53:43 +0200] "GET /css/newstyles.css HTTP/1.0" 304 - "-" "Mozilla/4.0 (compatible;)"
141.8.147.12 - - [04/Sep/2013:20:53:43 +0200] "GET /images/motive/image-sidebox_6t.jpg HTTP/1.1" 304 - "-" "Mozilla/5.0 (compatible; YandexImages/3.0; +http://yandex.com/bots)"
141.8.147.12 - - [04/Sep/2013:20:54:10 +0200] "GET /images/motive/logos/mvg.jpg HTTP/1.1" 304 - "-" "Mozilla/5.0 (compatible; YandexImages/3.0; +http://yandex.com/bots)"
202.46.56.47 - - [04/Sep/2013:20:57:27 +0200] "GET / HTTP/1.1" 200 6854 "-" "Mozilla/4.0 (compatible; MSIE 7.0; Windows NT 6.0)"
178.3.184.194 - - [04/Sep/2013:20:58:09 +0200] "GET / HTTP/1.1" 200 2050 "https://www.google.de/" "Mozilla/5.0 (Windows NT 6.1; WOW64) AppleWebKit/537.36 (KHTML, like Gecko) Chrome/29.0.1547.62 Safari/537.36"
178.3.184.194 - - [04/Sep/2013:20:58:09 +0200] "GET /css/newstyles.css HTTP/1.1" 200 9734 "http://www.modeinstitut-berlin.de/" "Mozilla/5.0 (Windows NT 6.1; WOW64) AppleWebKit/537.36 (KHTML, like Gecko) Chrome/29.0.1547.62 Safari/537.36"
178.3.184.194 - - [04/Sep/2013:20:58:09 +0200] "GET /Scripts/AC_RunActiveContent.js HTTP/1.1" 200 8029 "http://www.modeinstitut-berlin.de/" "Mozilla/5.0 (Windows NT 6.1; WOW64) AppleWebKit/537.36 (KHTML, like Gecko) Chrome/29.0.1547.62 Safari/537.36"
178.3.184.194 - - [04/Sep/2013:20:58:09 +0200] "GET /includes/hover.js HTTP/1.1" 200 411 "http://www.modeinstitut-berlin.de/" "Mozilla/5.0 (Windows NT 6.1; WOW64) AppleWebKit/537.36 (KHTML, like Gecko) Chrome/29.0.1547.62 Safari/537.36"
178.3.184.194 - - [04/Sep/2013:20:58:09 +0200] "GET /images/motive/Logo9001_5.png HTTP/1.1" 200 19358 "http://www.modeinstitut-berlin.de/" "Mozilla/5.0 (Windows NT 6.1; WOW64) AppleWebKit/537.36 (KHTML, like Gecko) Chrome/29.0.1547.62 Safari/537.36"
178.3.184.194 - - [04/Sep/2013:20:58:09 +0200] "GET /images/layout/global-bg.jpg HTTP/1.1" 200 917 "http://www.modeinstitut-berlin.de/" "Mozilla/5.0 (Windows NT 6.1; WOW64) AppleWebKit/537.36 (KHTML, like Gecko) Chrome/29.0.1547.62 Safari/537.36"
178.3.184.194 - - [04/Sep/2013:20:58:09 +0200] "GET /images/layout/bg-navi.jpg HTTP/1.1" 200 3342 "http://www.modeinstitut-berlin.de/" "Mozilla/5.0 (Windows NT 6.1; WOW64) AppleWebKit/537.36 (KHTML, like Gecko) Chrome/29.0.1547.62 Safari/537.36"
178.3.184.194 - - [04/Sep/2013:20:58:09 +0200] "GET /images/layout/bg-sidebox-plain1.jpg HTTP/1.1" 200 10064 "http://www.modeinstitut-berlin.de/" "Mozilla/5.0 (Windows NT 6.1; WOW64) AppleWebKit/537.36 (KHTML, like Gecko) Chrome/29.0.1547.62 Safari/537.36"
178.3.184.194 - - [04/Sep/2013:20:58:10 +0200] "GET /images/layout/link.gif HTTP/1.1" 200 52 "http://www.modeinstitut-berlin.de/" "Mozilla/5.0 (Windows NT 6.1; WOW64) AppleWebKit/537.36 (KHTML, like Gecko) Chrome/29.0.1547.62 Safari/537.36"
178.3.184.194 - - [04/Sep/2013:20:58:09 +0200] "GET /images/layout/wrapper-bg.jpg HTTP/1.1" 200 126878 "http://www.modeinstitut-berlin.de/" "Mozilla/5.0 (Windows NT 6.1; WOW64) AppleWebKit/537.36 (KHTML, like Gecko) Chrome/29.0.1547.62 Safari/537.36"
178.3.184.194 - - [04/Sep/2013:20:58:09 +0200] "GET /images/layout/bg-content-big-1.jpg HTTP/1.1" 200 46493 "http://www.modeinstitut-berlin.de/" "Mozilla/5.0 (Windows NT 6.1; WOW64) AppleWebKit/537.36 (KHTML, like Gecko) Chrome/29.0.1547.62 Safari/537.36"
119.63.193.196 - - [04/Sep/2013:20:58:12 +0200] "GET / HTTP/1.1" 200 6854 "-" "Mozilla/4.0 (compatible; MSIE 7.0; Windows NT 6.0)"
178.3.184.194 - - [04/Sep/2013:20:58:13 +0200] "GET /favicon.ico HTTP/1.1" 404 1256 "-" "Mozilla/5.0 (Windows NT 6.1; WOW64) AppleWebKit/537.36 (KHTML, like Gecko) Chrome/29.0.1547.62 Safari/537.36"
101.226.168.228 - - [04/Sep/2013:20:58:14 +0200] "GET /produkt/design/ HTTP/1.1" 200 6495 "http://www.modeinstitut-berlin.de/produkt/design/" "Mozilla/4.0 (compatible; MSIE 8.0; Windows NT 6.1; Trident/4.0; SLCC2; .NET CLR 2.0.50727; .NET CLR 3.5.30729; .NET CLR 3.0.30729; Media Center PC 6.0; MDDR; .NET4.0C; .NET4.0E; .NET CLR 1.1.4322; Tablet PC 2.0); 360Spider"
178.3.184.194 - - [04/Sep/2013:20:58:14 +0200] "GET /images/layout/nav-hover-all.jpg HTTP/1.1" 200 332 "http://www.modeinstitut-berlin.de/" "Mozilla/5.0 (Windows NT 6.1; WOW64) AppleWebKit/537.36 (KHTML, like Gecko) Chrome/29.0.1547.62 Safari/537.36"
178.3.184.194 - - [04/Sep/2013:20:58:15 +0200] "GET /images/layout/nav-hover-end.jpg HTTP/1.1" 200 780 "http://www.modeinstitut-berlin.de/" "Mozilla/5.0 (Windows NT 6.1; WOW64) AppleWebKit/537.36 (KHTML, like Gecko) Chrome/29.0.1547.62 Safari/537.36"
178.3.184.194 - - [04/Sep/2013:20:58:14 +0200] "GET /images/layout/nav-drop-foot.png HTTP/1.1" 200 42670 "http://www.modeinstitut-berlin.de/" "Mozilla/5.0 (Windows NT 6.1; WOW64) AppleWebKit/537.36 (KHTML, like Gecko) Chrome/29.0.1547.62 Safari/537.36"
178.3.184.194 - - [04/Sep/2013:20:58:12 +0200] "GET /video/video.swf HTTP/1.1" 200 3107187 "http://www.modeinstitut-berlin.de/" "Mozilla/5.0 (Windows NT 6.1; WOW64) AppleWebKit/537.36 (KHTML, like Gecko) Chrome/29.0.1547.62 Safari/537.36"
178.3.184.194 - - [04/Sep/2013:20:58:18 +0200] "GET /bestellsystem/kundenlogin/ HTTP/1.1" 200 4528 "http://www.modeinstitut-berlin.de/" "Mozilla/5.0 (Windows NT 6.1; WOW64) AppleWebKit/537.36 (KHTML, like Gecko) Chrome/29.0.1547.62 Safari/537.36"
141.8.147.12 - - [04/Sep/2013:20:59:49 +0200] "GET /images/motive/6t.png HTTP/1.1" 304 - "-" "Mozilla/5.0 (compatible; YandexImages/3.0; +http://yandex.com/bots)"
141.8.147.12 - - [04/Sep/2013:21:03:27 +0200] "GET /images/motive/wowereit/wowereit_9.jpg HTTP/1.1" 304 - "-" "Mozilla/5.0 (compatible; YandexImages/3.0; +http://yandex.com/bots)"
141.8.147.12 - - [04/Sep/2013:21:09:38 +0200] "GET /images/motive/wowereit/wowereit_5.jpg HTTP/1.1" 304 - "-" "Mozilla/5.0 (compatible; YandexImages/3.0; +http://yandex.com/bots)"
46.4.100.231 - - [04/Sep/2013:21:10:40 +0200] "GET /robots.txt HTTP/1.1" 200 317 "-" "BacklinkCrawler (http://www.backlinktest.com/crawler.html)"
46.4.100.231 - - [04/Sep/2013:21:10:46 +0200] "GET /sitemap.xml HTTP/1.1" 200 4516 "-" "BacklinkCrawler (http://www.backlinktest.com/crawler.html)"
46.4.100.231 - - [04/Sep/2013:21:10:53 +0200] "GET / HTTP/1.1" 200 2050 "-" "BacklinkCrawler (http://www.backlinktest.com/crawler.html)"
46.4.100.231 - - [04/Sep/2013:21:10:53 +0200] "GET /firmenkleidung/ HTTP/1.1" 200 2182 "-" "BacklinkCrawler (http://www.backlinktest.com/crawler.html)"
46.4.100.231 - - [04/Sep/2013:21:10:55 +0200] "GET /dienstkleidung/ HTTP/1.1" 200 10206 "-" "BacklinkCrawler (http://www.backlinktest.com/crawler.html)"
46.4.100.231 - - [04/Sep/2013:21:10:57 +0200] "GET /berufsbekleidung/ HTTP/1.1" 200 10474 "-" "BacklinkCrawler (http://www.backlinktest.com/crawler.html)"
46.4.100.231 - - [04/Sep/2013:21:10:59 +0200] "GET /unternehmensbekleidung/ HTTP/1.1" 200 2308 "-" "BacklinkCrawler (http://www.backlinktest.com/crawler.html)"
46.4.100.231 - - [04/Sep/2013:21:11:00 +0200] "GET /corporate-fashion/ HTTP/1.1" 200 10715 "-" "BacklinkCrawler (http://www.backlinktest.com/crawler.html)"
46.4.100.231 - - [04/Sep/2013:21:11:03 +0200] "GET /referenzen/referenzstatements/ HTTP/1.1" 200 4884 "-" "BacklinkCrawler (http://www.backlinktest.com/crawler.html)"
46.4.100.231 - - [04/Sep/2013:21:11:05 +0200] "GET /impressum/googleanalytics.php HTTP/1.1" 200 5867 "-" "BacklinkCrawler (http://www.backlinktest.com/crawler.html)"
46.4.100.231 - - [04/Sep/2013:21:11:07 +0200] "GET /impressum/index.php HTTP/1.1" 200 5301 "-" "BacklinkCrawler (http://www.backlinktest.com/crawler.html)"
46.4.100.231 - - [04/Sep/2013:21:11:09 +0200] "GET /impressum/haftungsausschluss.php HTTP/1.1" 200 5952 "-" "BacklinkCrawler (http://www.backlinktest.com/crawler.html)"
46.4.100.231 - - [04/Sep/2013:21:11:11 +0200] "GET /impressum/haftungsausschluss2.php HTTP/1.1" 200 5598 "-" "BacklinkCrawler (http://www.backlinktest.com/crawler.html)"
46.4.100.231 - - [04/Sep/2013:21:11:12 +0200] "GET /impressum/ HTTP/1.1" 200 5301 "-" "BacklinkCrawler (http://www.backlinktest.com/crawler.html)"
46.4.100.231 - - [04/Sep/2013:21:11:15 +0200] "GET /produkt/design/ HTTP/1.1" 200 6495 "-" "BacklinkCrawler (http://www.backlinktest.com/crawler.html)"
46.4.100.231 - - [04/Sep/2013:21:11:17 +0200] "GET /unternehmen/aktuelles/ HTTP/1.1" 200 5790 "-" "BacklinkCrawler (http://www.backlinktest.com/crawler.html)"
46.4.100.231 - - [04/Sep/2013:21:11:19 +0200] "GET /bestellsystem/kundenlogin/ HTTP/1.1" 200 4528 "-" "BacklinkCrawler (http://www.backlinktest.com/crawler.html)"
46.4.100.231 - - [04/Sep/2013:21:11:21 +0200] "GET /kontakt/kontaktdaten/index.php HTTP/1.1" 200 6304 "-" "BacklinkCrawler (http://www.backlinktest.com/crawler.html)"
46.4.100.231 - - [04/Sep/2013:21:11:23 +0200] "GET /produkt/logistik/ HTTP/1.1" 200 6302 "-" "BacklinkCrawler (http://www.backlinktest.com/crawler.html)"
46.4.100.231 - - [04/Sep/2013:21:11:30 +0200] "GET /referenzen/galerie/ HTTP/1.1" 200 4854 "-" "BacklinkCrawler (http://www.backlinktest.com/crawler.html)"
46.4.100.231 - - [04/Sep/2013:21:11:30 +0200] "GET /unternehmen/stellenangebote/ HTTP/1.1" 200 5152 "-" "BacklinkCrawler (http://www.backlinktest.com/crawler.html)"
46.4.100.231 - - [04/Sep/2013:21:11:33 +0200] "GET /unternehmen/corporate-fashion/ HTTP/1.1" 301 380 "-" "BacklinkCrawler (http://www.backlinktest.com/crawler.html)"
46.4.100.231 - - [04/Sep/2013:21:11:35 +0200] "GET /kontakt/kontaktdaten/ HTTP/1.1" 200 6304 "-" "BacklinkCrawler (http://www.backlinktest.com/crawler.html)"
46.4.100.231 - - [04/Sep/2013:21:11:37 +0200] "GET /unternehmen/zertifizierung/ HTTP/1.1" 200 5619 "-" "BacklinkCrawler (http://www.backlinktest.com/crawler.html)"
46.4.100.231 - - [04/Sep/2013:21:11:39 +0200] "GET /referenzen/auszug/ HTTP/1.1" 200 6423 "-" "BacklinkCrawler (http://www.backlinktest.com/crawler.html)"
46.4.100.231 - - [04/Sep/2013:21:11:46 +0200] "GET /produkt/produktion/ HTTP/1.1" 200 6399 "-" "BacklinkCrawler (http://www.backlinktest.com/crawler.html)"
46.4.100.231 - - [04/Sep/2013:21:11:46 +0200] "GET /unternehmen/servicecenter/ HTTP/1.1" 200 5785 "-" "BacklinkCrawler (http://www.backlinktest.com/crawler.html)"
46.4.100.231 - - [04/Sep/2013:21:11:48 +0200] "GET /produkt/service/ HTTP/1.1" 200 6034 "-" "BacklinkCrawler (http://www.backlinktest.com/crawler.html)"
46.4.100.231 - - [04/Sep/2013:21:11:49 +0200] "GET /kontakt/kontaktformular/ HTTP/1.1" 200 1794 "-" "BacklinkCrawler (http://www.backlinktest.com/crawler.html)"
46.4.100.231 - - [04/Sep/2013:21:11:52 +0200] "GET /unternehmen/firmenprofil/ HTTP/1.1" 200 1948 "-" "BacklinkCrawler (http://www.backlinktest.com/crawler.html)"
46.4.100.231 - - [04/Sep/2013:21:11:54 +0200] "GET /unternehmen/aktuelles/familienfreundlicher_betrieb/ HTTP/1.1" 200 5456 "-" "BacklinkCrawler (http://www.backlinktest.com/crawler.html)"
46.4.100.231 - - [04/Sep/2013:21:11:56 +0200] "GET /unternehmen/aktuelles/Alpine-Fox-Logistikpartner/ HTTP/1.1" 200 1956 "-" "BacklinkCrawler (http://www.backlinktest.com/crawler.html)"
46.4.100.231 - - [04/Sep/2013:21:11:58 +0200] "GET /unternehmen/aktuelles/Dienstkleidung-Stadtwerke-Osnabrueck/ HTTP/1.1" 200 5053 "-" "BacklinkCrawler (http://www.backlinktest.com/crawler.html)"
46.4.100.231 - - [04/Sep/2013:21:11:59 +0200] "GET /unternehmen/servicecenter/Service-Center-Frankfurt/ HTTP/1.1" 200 7384 "-" "BacklinkCrawler (http://www.backlinktest.com/crawler.html)"
46.4.100.231 - - [04/Sep/2013:21:12:02 +0200] "GET /unternehmen/servicecenter/Service-Center-Leipzig/ HTTP/1.1" 200 6906 "-" "BacklinkCrawler (http://www.backlinktest.com/crawler.html)"
141.8.147.12 - - [04/Sep/2013:21:12:03 +0200] "GET /images/motive/logos/BVG-klein.jpg HTTP/1.1" 304 - "-" "Mozilla/5.0 (compatible; YandexImages/3.0; +http://yandex.com/bots)"
46.4.100.231 - - [04/Sep/2013:21:12:04 +0200] "GET /unternehmen/zertifizierung/Qualitaetsmanagement-ISO-9001/ HTTP/1.1" 200 5326 "-" "BacklinkCrawler (http://www.backlinktest.com/crawler.html)"
46.4.100.231 - - [04/Sep/2013:21:12:06 +0200] "GET /produkt/design/dienstkleidung/ HTTP/1.1" 200 6773 "-" "BacklinkCrawler (http://www.backlinktest.com/crawler.html)"
46.4.100.231 - - [04/Sep/2013:21:12:08 +0200] "GET /unternehmen/aktuelles/Trageversuch-BVG/ HTTP/1.1" 200 5787 "-" "BacklinkCrawler (http://www.backlinktest.com/crawler.html)"
46.4.100.231 - - [04/Sep/2013:21:12:10 +0200] "GET /unternehmen/aktuelles/red-dot-design-award/ HTTP/1.1" 200 5647 "-" "BacklinkCrawler (http://www.backlinktest.com/crawler.html)"
46.4.100.231 - - [04/Sep/2013:21:12:12 +0200] "GET /unternehmen/zertifizierung/Nachhaltigkeitsmanagement/ HTTP/1.1" 200 4921 "-" "BacklinkCrawler (http://www.backlinktest.com/crawler.html)"
46.4.100.231 - - [04/Sep/2013:21:12:13 +0200] "GET /unternehmen/servicecenter/Service-Center-Berlin-Pankow/ HTTP/1.1" 200 7901 "-" "BacklinkCrawler (http://www.backlinktest.com/crawler.html)"
46.4.100.231 - - [04/Sep/2013:21:12:16 +0200] "GET /unternehmen/aktuelles/sechstagerennen/ HTTP/1.1" 200 5322 "-" "BacklinkCrawler (http://www.backlinktest.com/crawler.html)"
46.4.100.231 - - [04/Sep/2013:21:12:18 +0200] "GET /unternehmen/aktuelles/Strickgarn-Lanura/ HTTP/1.1" 200 5900 "-" "BacklinkCrawler (http://www.backlinktest.com/crawler.html)"
46.4.100.231 - - [04/Sep/2013:21:12:20 +0200] "GET /unternehmen/aktuelles/spende-japan/ HTTP/1.1" 200 5863 "-" "BacklinkCrawler (http://www.backlinktest.com/crawler.html)"
46.4.100.231 - - [04/Sep/2013:21:12:22 +0200] "GET /unternehmen/aktuelles/A-Design-Award-2013/ HTTP/1.1" 200 5434 "-" "BacklinkCrawler (http://www.backlinktest.com/crawler.html)"
46.4.100.231 - - [04/Sep/2013:21:12:24 +0200] "GET /produkt/design/hotelbekleidung/ HTTP/1.1" 200 6525 "-" "BacklinkCrawler (http://www.backlinktest.com/crawler.html)"
