85.214.21.33 - - [01/Sep/2013:00:11:11 +0200] "GET / HTTP/1.0" 200 6854 "-" "-"
208.115.111.73 - - [01/Sep/2013:00:29:08 +0200] "GET /unternehmen/zertifizierung/Qualitaetsmanagement-ISO-9001 HTTP/1.1" 301 419 "-" "Mozilla/5.0 (compatible; Ezooms/1.0; ezooms.bot@gmail.com)"
65.55.215.94 - - [01/Sep/2013:00:44:46 +0200] "GET /robots.txt HTTP/1.1" 200 317 "-" "msnbot-media/1.1 (+http://search.msn.com/msnbot.htm)"
65.55.215.94 - - [01/Sep/2013:00:44:46 +0200] "GET /images/motive/wowereit/wowereit_10.jpg HTTP/1.1" 200 74237 "-" "msnbot-media/1.1 (+http://search.msn.com/msnbot.htm)"
202.46.60.19 - - [01/Sep/2013:00:54:23 +0200] "GET / HTTP/1.1" 200 6854 "-" "Mozilla/4.0 (compatible; MSIE 7.0; Windows NT 6.0)"
119.63.193.194 - - [01/Sep/2013:00:55:03 +0200] "GET / HTTP/1.1" 200 6854 "-" "Mozilla/4.0 (compatible; MSIE 7.0; Windows NT 6.0)"
193.193.172.200 - - [01/Sep/2013:00:56:35 +0200] "GET /css/newstyles.css HTTP/1.0" 304 - "-" "Mozilla/4.0 (compatible;)"
208.115.113.89 - - [01/Sep/2013:00:56:54 +0200] "GET /robots.txt HTTP/1.1" 200 317 "-" "Mozilla/5.0 (compatible; Ezooms/1.0; ezooms.bot@gmail.com)"
46.105.114.127 - - [01/Sep/2013:01:00:13 +0200] "GET /unternehmen/servicecenter/Service-Center-Frankfurt/ HTTP/1.1" 200 7384 "-" "Mozilla/5.0 (X11; Linux i686; rv:6.0) Gecko/20100101 Firefox/6.0"
180.76.6.29 - - [01/Sep/2013:01:20:51 +0200] "GET /referenzen/auszug/ HTTP/1.1" 200 6423 "-" "Mozilla/5.0 (compatible; Baiduspider/2.0; +http://www.baidu.com/search/spider.html)"
66.249.78.228 - - [01/Sep/2013:01:34:38 +0200] "GET /unternehmen/aktuelles/familienfreundlicher_betrieb/ HTTP/1.1" 200 5456 "-" "Mozilla/5.0 (compatible; Googlebot/2.1; +http://www.google.com/bot.html)"
208.115.113.89 - - [01/Sep/2013:02:37:26 +0200] "GET /impressum/ HTTP/1.1" 200 5301 "-" "Mozilla/5.0 (compatible; Ezooms/1.0; ezooms.bot@gmail.com)"
157.55.32.26 - - [01/Sep/2013:02:39:59 +0200] "GET /robots.txt HTTP/1.1" 200 317 "-" "Mozilla/5.0 (compatible; bingbot/2.0; +http://www.bing.com/bingbot.htm)"
157.55.32.26 - - [01/Sep/2013:02:44:02 +0200] "GET /impressum/ HTTP/1.1" 200 5301 "-" "Mozilla/5.0 (compatible; bingbot/2.0; +http://www.bing.com/bingbot.htm)"
208.115.111.73 - - [01/Sep/2013:02:52:51 +0200] "GET /robots.txt HTTP/1.1" 200 317 "-" "Mozilla/5.0 (compatible; Ezooms/1.0; ezooms.bot@gmail.com)"
202.46.53.35 - - [01/Sep/2013:02:55:43 +0200] "GET / HTTP/1.1" 200 6854 "-" "Mozilla/4.0 (compatible; MSIE 7.0; Windows NT 6.0)"
119.63.193.131 - - [01/Sep/2013:02:56:26 +0200] "GET / HTTP/1.1" 200 6854 "-" "Mozilla/4.0 (compatible; MSIE 7.0; Windows NT 6.0)"
85.25.134.59 - - [01/Sep/2013:03:06:29 +0200] "GET /robots.txt HTTP/1.1" 200 317 "http://modeinstit.macinroy.com/modeinstitut-berlin.de" "MacInroy Privacy Auditors. See modeinstitut-berlin.de's privacy violation report: http://modeinstitut-berlin.de.macinroy.com/modeinstitut-berlin.de"
85.25.134.59 - - [01/Sep/2013:03:06:29 +0200] "GET / HTTP/1.1" 200 2050 "http://modeinstit.macinroy.com/modeinstitut-berlin.de" "MacInroy Privacy Auditors. See modeinstitut-berlin.de's privacy violation report: http://modeinstitut-berlin.de.macinroy.com/modeinstitut-berlin.de"
66.249.78.228 - - [01/Sep/2013:04:04:31 +0200] "GET /berufsbekleidung/ HTTP/1.1" 200 10474 "-" "Mozilla/5.0 (compatible; Googlebot/2.1; +http://www.google.com/bot.html)"
157.55.32.188 - - [01/Sep/2013:04:15:34 +0200] "GET /robots.txt HTTP/1.1" 200 317 "-" "Mozilla/5.0 (compatible; bingbot/2.0; +http://www.bing.com/bingbot.htm)"
157.56.92.159 - - [01/Sep/2013:04:16:45 +0200] "GET /video/video.swf HTTP/1.1" 200 3107187 "-" "Mozilla/5.0 (compatible; bingbot/2.0; +http://www.bing.com/bingbot.htm)"
157.55.32.188 - - [01/Sep/2013:04:17:06 +0200] "GET / HTTP/1.1" 200 2050 "-" "Mozilla/5.0 (compatible; bingbot/2.0; +http://www.bing.com/bingbot.htm)"
199.30.25.128 - - [01/Sep/2013:04:17:09 +0200] "GET /images/motive/Logo9001_5.png HTTP/1.1" 200 19358 "http://www.modeinstitut-berlin.de/" "Mozilla/5.0 (Windows NT 6.1; WOW64) AppleWebKit/534+ (KHTML, like Gecko) BingPreview/1.0b"
199.30.25.128 - - [01/Sep/2013:04:17:09 +0200] "GET /images/layout/bg-sidebox-plain1.jpg HTTP/1.1" 200 10064 "http://www.modeinstitut-berlin.de/" "Mozilla/5.0 (Windows NT 6.1; WOW64) AppleWebKit/534+ (KHTML, like Gecko) BingPreview/1.0b"
199.30.25.128 - - [01/Sep/2013:04:17:09 +0200] "GET /video/video.swf HTTP/1.1" 200 3107187 "http://www.modeinstitut-berlin.de/video/video.swf" "Mozilla/5.0 (Windows NT 6.1; WOW64) AppleWebKit/534+ (KHTML, like Gecko) BingPreview/1.0b"
85.114.142.245 - - [01/Sep/2013:04:23:52 +0200] "GET /produkt/design/industrie/ HTTP/1.1" 200 6419 "-" "findlinks/2.6 (+http://wortschatz.uni-leipzig.de/findlinks/)"
208.115.111.73 - - [01/Sep/2013:04:29:41 +0200] "GET /kontakt/kontaktdaten/index.php HTTP/1.1" 200 6304 "-" "Mozilla/5.0 (compatible; Ezooms/1.0; ezooms.bot@gmail.com)"
202.46.62.26 - - [01/Sep/2013:04:53:37 +0200] "GET / HTTP/1.1" 200 6854 "-" "Mozilla/4.0 (compatible; MSIE 7.0; Windows NT 6.0)"
119.63.193.194 - - [01/Sep/2013:04:54:14 +0200] "GET / HTTP/1.1" 200 6854 "-" "Mozilla/4.0 (compatible; MSIE 7.0; Windows NT 6.0)"
66.249.78.228 - - [01/Sep/2013:04:54:50 +0200] "GET /dienstkleidung/ HTTP/1.1" 200 10206 "-" "Mozilla/5.0 (compatible; Googlebot/2.1; +http://www.google.com/bot.html)"
66.249.78.228 - - [01/Sep/2013:04:55:40 +0200] "GET /images/flash/hotels.swf HTTP/1.1" 200 559251 "-" "SAMSUNG-SGH-E250/1.0 Profile/MIDP-2.0 Configuration/CLDC-1.1 UP.Browser/6.2.3.3.c.1.101 (GUI) MMP/2.0 (compatible; Googlebot-Mobile/2.1; +http://www.google.com/bot.html)"
85.114.142.245 - - [01/Sep/2013:04:59:02 +0200] "GET /produkt/design/ HTTP/1.1" 200 6495 "-" "findlinks/2.6 (+http://wortschatz.uni-leipzig.de/findlinks/)"
157.55.32.106 - - [01/Sep/2013:05:26:17 +0200] "GET /robots.txt HTTP/1.1" 200 317 "-" "Mozilla/5.0 (compatible; bingbot/2.0; +http://www.bing.com/bingbot.htm)"
157.55.32.106 - - [01/Sep/2013:05:27:27 +0200] "GET /produkt/design/ HTTP/1.1" 200 6495 "-" "Mozilla/5.0 (compatible; bingbot/2.0; +http://www.bing.com/bingbot.htm)"
193.193.172.200 - - [01/Sep/2013:05:38:21 +0200] "GET /includes/hover.js HTTP/1.0" 304 - "-" "Mozilla/4.0 (compatible;)"
66.249.78.228 - - [01/Sep/2013:05:55:56 +0200] "GET /unternehmen/aktuelles/red-dot-design-award/ HTTP/1.1" 200 5647 "-" "Mozilla/5.0 (compatible; Googlebot/2.1; +http://www.google.com/bot.html)"
194.127.5.164 - - [01/Sep/2013:05:58:04 +0200] "GET /css/newstyles.css HTTP/1.1" 304 - "-" "Mozilla/4.0 (compatible;)"
157.55.35.99 - - [01/Sep/2013:06:08:49 +0200] "GET /images/flash/monoslideshow.swf HTTP/1.1" 200 107761 "-" "Mozilla/5.0 (compatible; bingbot/2.0; +http://www.bing.com/bingbot.htm)"
157.55.32.188 - - [01/Sep/2013:06:32:03 +0200] "GET / HTTP/1.1" 200 2050 "-" "Mozilla/5.0 (compatible; bingbot/2.0; +http://www.bing.com/bingbot.htm)"
87.189.110.148 - - [01/Sep/2013:06:47:34 +0200] "GET /unternehmen/stellenangebote/ HTTP/1.1" 200 5152 "-" "Mozilla/5.0 (Windows NT 6.1; Win64; x64; rv:22.0) Gecko/20130328 Firefox/22.0"
66.249.78.228 - - [01/Sep/2013:06:47:58 +0200] "GET /unternehmen/aktuelles/sechstagerennen/ HTTP/1.1" 200 5322 "-" "Mozilla/5.0 (iPhone; U; CPU iPhone OS 4_1 like Mac OS X; en-us) AppleWebKit/532.9 (KHTML, like Gecko) Version/4.0.5 Mobile/8B117 Safari/6531.22.7 (compatible; Googlebot-Mobile/2.1; +http://www.google.com/bot.html)"
202.46.55.56 - - [01/Sep/2013:06:57:18 +0200] "GET / HTTP/1.1" 200 6854 "-" "Mozilla/4.0 (compatible; MSIE 7.0; Windows NT 6.0)"
119.63.193.194 - - [01/Sep/2013:06:58:03 +0200] "GET / HTTP/1.1" 200 6854 "-" "Mozilla/4.0 (compatible; MSIE 7.0; Windows NT 6.0)"
123.125.71.112 - - [01/Sep/2013:07:24:54 +0200] "GET /robots.txt HTTP/1.1" 200 317 "-" "Mozilla/5.0 (compatible; Baiduspider/2.0; +http://www.baidu.com/search/spider.html)"
62.122.80.37 - - [01/Sep/2013:08:17:59 +0200] "GET / HTTP/1.0" 200 6854 "-" "Mozilla/4.0 (compatible; MSIE 8.0; Windows NT 6.0; Trident/4.0; SLCC1; .NET CLR 2.0.50727; .NET CLR 3.0.30729; .NET CLR 1.1.4322; .NET CLR 3.5.30729; .NET4.0C; .NET4.0E; MS-RTC LM 8; Unicredit Group; Unicredit)"
62.122.80.37 - - [01/Sep/2013:08:17:59 +0200] "GET /css/newstyles.css HTTP/1.0" 304 - "http://www.modeinstitut-berlin.de/" "Mozilla/4.0 (compatible; MSIE 8.0; Windows NT 6.0; Trident/4.0; SLCC1; .NET CLR 2.0.50727; .NET CLR 3.0.30729; .NET CLR 1.1.4322; .NET CLR 3.5.30729; .NET4.0C; .NET4.0E; MS-RTC LM 8; Unicredit Group; Unicredit)"
62.122.80.37 - - [01/Sep/2013:08:18:00 +0200] "GET /images/layout/global-bg.jpg HTTP/1.0" 304 - "http://www.modeinstitut-berlin.de/" "Mozilla/4.0 (compatible; MSIE 8.0; Windows NT 6.0; Trident/4.0; SLCC1; .NET CLR 2.0.50727; .NET CLR 3.0.30729; .NET CLR 1.1.4322; .NET CLR 3.5.30729; .NET4.0C; .NET4.0E; MS-RTC LM 8; Unicredit Group; Unicredit)"
62.122.80.37 - - [01/Sep/2013:08:18:00 +0200] "GET /Scripts/AC_RunActiveContent.js HTTP/1.0" 304 - "http://www.modeinstitut-berlin.de/" "Mozilla/4.0 (compatible; MSIE 8.0; Windows NT 6.0; Trident/4.0; SLCC1; .NET CLR 2.0.50727; .NET CLR 3.0.30729; .NET CLR 1.1.4322; .NET CLR 3.5.30729; .NET4.0C; .NET4.0E; MS-RTC LM 8; Unicredit Group; Unicredit)"
62.122.80.37 - - [01/Sep/2013:08:18:00 +0200] "GET /includes/hover.js HTTP/1.0" 304 - "http://www.modeinstitut-berlin.de/" "Mozilla/4.0 (compatible; MSIE 8.0; Windows NT 6.0; Trident/4.0; SLCC1; .NET CLR 2.0.50727; .NET CLR 3.0.30729; .NET CLR 1.1.4322; .NET CLR 3.5.30729; .NET4.0C; .NET4.0E; MS-RTC LM 8; Unicredit Group; Unicredit)"
62.122.80.37 - - [01/Sep/2013:08:18:00 +0200] "GET /images/motive/Logo9001_5.png HTTP/1.0" 304 - "http://www.modeinstitut-berlin.de/" "Mozilla/4.0 (compatible; MSIE 8.0; Windows NT 6.0; Trident/4.0; SLCC1; .NET CLR 2.0.50727; .NET CLR 3.0.30729; .NET CLR 1.1.4322; .NET CLR 3.5.30729; .NET4.0C; .NET4.0E; MS-RTC LM 8; Unicredit Group; Unicredit)"
62.122.80.37 - - [01/Sep/2013:08:18:00 +0200] "GET /images/layout/bg-navi.jpg HTTP/1.0" 304 - "http://www.modeinstitut-berlin.de/" "Mozilla/4.0 (compatible; MSIE 8.0; Windows NT 6.0; Trident/4.0; SLCC1; .NET CLR 2.0.50727; .NET CLR 3.0.30729; .NET CLR 1.1.4322; .NET CLR 3.5.30729; .NET4.0C; .NET4.0E; MS-RTC LM 8; Unicredit Group; Unicredit)"
62.122.80.37 - - [01/Sep/2013:08:18:00 +0200] "GET /images/layout/wrapper-bg.jpg HTTP/1.0" 304 - "http://www.modeinstitut-berlin.de/" "Mozilla/4.0 (compatible; MSIE 8.0; Windows NT 6.0; Trident/4.0; SLCC1; .NET CLR 2.0.50727; .NET CLR 3.0.30729; .NET CLR 1.1.4322; .NET CLR 3.5.30729; .NET4.0C; .NET4.0E; MS-RTC LM 8; Unicredit Group; Unicredit)"
62.122.80.37 - - [01/Sep/2013:08:18:00 +0200] "GET /images/layout/bg-content-big-1.jpg HTTP/1.0" 304 - "http://www.modeinstitut-berlin.de/" "Mozilla/4.0 (compatible; MSIE 8.0; Windows NT 6.0; Trident/4.0; SLCC1; .NET CLR 2.0.50727; .NET CLR 3.0.30729; .NET CLR 1.1.4322; .NET CLR 3.5.30729; .NET4.0C; .NET4.0E; MS-RTC LM 8; Unicredit Group; Unicredit)"
62.122.80.37 - - [01/Sep/2013:08:18:00 +0200] "GET /images/layout/link.gif HTTP/1.0" 304 - "http://www.modeinstitut-berlin.de/" "Mozilla/4.0 (compatible; MSIE 8.0; Windows NT 6.0; Trident/4.0; SLCC1; .NET CLR 2.0.50727; .NET CLR 3.0.30729; .NET CLR 1.1.4322; .NET CLR 3.5.30729; .NET4.0C; .NET4.0E; MS-RTC LM 8; Unicredit Group; Unicredit)"
62.122.80.37 - - [01/Sep/2013:08:18:00 +0200] "GET /images/layout/bg-sidebox-plain1.jpg HTTP/1.0" 304 - "http://www.modeinstitut-berlin.de/" "Mozilla/4.0 (compatible; MSIE 8.0; Windows NT 6.0; Trident/4.0; SLCC1; .NET CLR 2.0.50727; .NET CLR 3.0.30729; .NET CLR 1.1.4322; .NET CLR 3.5.30729; .NET4.0C; .NET4.0E; MS-RTC LM 8; Unicredit Group; Unicredit)"
62.122.80.37 - - [01/Sep/2013:08:18:00 +0200] "GET /css/iepngfix.htc HTTP/1.0" 304 - "-" "Mozilla/4.0 (compatible; MSIE 8.0; Windows NT 6.0; Trident/4.0; SLCC1; .NET CLR 2.0.50727; .NET CLR 3.0.30729; .NET CLR 1.1.4322; .NET CLR 3.5.30729; .NET4.0C; .NET4.0E; MS-RTC LM 8; Unicredit Group; Unicredit)"
62.122.80.37 - - [01/Sep/2013:08:18:00 +0200] "GET /video/video.swf HTTP/1.0" 304 - "http://www.modeinstitut-berlin.de/" "Mozilla/4.0 (compatible; MSIE 8.0; Windows NT 6.0; Trident/4.0; SLCC1; .NET CLR 2.0.50727; .NET CLR 3.0.30729; .NET CLR 1.1.4322; .NET CLR 3.5.30729; .NET4.0C; .NET4.0E; MS-RTC LM 8; Unicredit Group; Unicredit)"
62.122.80.37 - - [01/Sep/2013:08:18:00 +0200] "GET /images/layout/nav-drop-foot.png HTTP/1.0" 304 - "http://www.modeinstitut-berlin.de/" "Mozilla/4.0 (compatible; MSIE 8.0; Windows NT 6.0; Trident/4.0; SLCC1; .NET CLR 2.0.50727; .NET CLR 3.0.30729; .NET CLR 1.1.4322; .NET CLR 3.5.30729; .NET4.0C; .NET4.0E; MS-RTC LM 8; Unicredit Group; Unicredit)"
62.122.80.37 - - [01/Sep/2013:08:18:02 +0200] "GET /favicon.ico HTTP/1.0" 404 1256 "-" "Mozilla/4.0 (compatible; MSIE 8.0; Windows NT 6.0; Trident/4.0; SLCC1; .NET CLR 2.0.50727; .NET CLR 3.0.30729; .NET CLR 1.1.4322; .NET CLR 3.5.30729; .NET4.0C; .NET4.0E; MS-RTC LM 8; Unicredit Group; Unicredit)"
62.122.80.37 - - [01/Sep/2013:08:18:05 +0200] "GET /images/layout/nav-hover-all.jpg HTTP/1.0" 304 - "http://www.modeinstitut-berlin.de/" "Mozilla/4.0 (compatible; MSIE 8.0; Windows NT 6.0; Trident/4.0; SLCC1; .NET CLR 2.0.50727; .NET CLR 3.0.30729; .NET CLR 1.1.4322; .NET CLR 3.5.30729; .NET4.0C; .NET4.0E; MS-RTC LM 8; Unicredit Group; Unicredit)"
62.122.80.37 - - [01/Sep/2013:08:18:06 +0200] "GET /bestellsystem/kundenlogin/ HTTP/1.0" 200 4528 "http://www.modeinstitut-berlin.de/" "Mozilla/4.0 (compatible; MSIE 8.0; Windows NT 6.0; Trident/4.0; SLCC1; .NET CLR 2.0.50727; .NET CLR 3.0.30729; .NET CLR 1.1.4322; .NET CLR 3.5.30729; .NET4.0C; .NET4.0E; MS-RTC LM 8; Unicredit Group; Unicredit)"
62.122.80.37 - - [01/Sep/2013:08:18:06 +0200] "GET /favicon.ico HTTP/1.0" 404 1256 "-" "Mozilla/4.0 (compatible; MSIE 8.0; Windows NT 6.0; Trident/4.0; SLCC1; .NET CLR 2.0.50727; .NET CLR 3.0.30729; .NET CLR 1.1.4322; .NET CLR 3.5.30729; .NET4.0C; .NET4.0E; MS-RTC LM 8; Unicredit Group; Unicredit)"
193.193.172.200 - - [01/Sep/2013:08:32:20 +0200] "GET /includes/hover.js HTTP/1.0" 304 - "-" "Mozilla/4.0 (compatible;)"
62.122.80.37 - - [01/Sep/2013:08:35:16 +0200] "GET / HTTP/1.0" 200 6854 "-" "Mozilla/4.0 (compatible; MSIE 8.0; Windows NT 6.0; Trident/4.0; SLCC1; .NET CLR 2.0.50727; .NET CLR 3.0.30729; .NET CLR 1.1.4322; .NET CLR 3.5.30729; .NET4.0C; .NET4.0E; MS-RTC LM 8; Unicredit Group; Unicredit)"
62.122.80.37 - - [01/Sep/2013:08:35:16 +0200] "GET /css/newstyles.css HTTP/1.0" 304 - "http://www.modeinstitut-berlin.de/" "Mozilla/4.0 (compatible; MSIE 8.0; Windows NT 6.0; Trident/4.0; SLCC1; .NET CLR 2.0.50727; .NET CLR 3.0.30729; .NET CLR 1.1.4322; .NET CLR 3.5.30729; .NET4.0C; .NET4.0E; MS-RTC LM 8; Unicredit Group; Unicredit)"
62.122.80.37 - - [01/Sep/2013:08:35:16 +0200] "GET /images/layout/global-bg.jpg HTTP/1.0" 304 - "http://www.modeinstitut-berlin.de/" "Mozilla/4.0 (compatible; MSIE 8.0; Windows NT 6.0; Trident/4.0; SLCC1; .NET CLR 2.0.50727; .NET CLR 3.0.30729; .NET CLR 1.1.4322; .NET CLR 3.5.30729; .NET4.0C; .NET4.0E; MS-RTC LM 8; Unicredit Group; Unicredit)"
62.122.80.37 - - [01/Sep/2013:08:35:16 +0200] "GET /Scripts/AC_RunActiveContent.js HTTP/1.0" 304 - "http://www.modeinstitut-berlin.de/" "Mozilla/4.0 (compatible; MSIE 8.0; Windows NT 6.0; Trident/4.0; SLCC1; .NET CLR 2.0.50727; .NET CLR 3.0.30729; .NET CLR 1.1.4322; .NET CLR 3.5.30729; .NET4.0C; .NET4.0E; MS-RTC LM 8; Unicredit Group; Unicredit)"
62.122.80.37 - - [01/Sep/2013:08:35:16 +0200] "GET /includes/hover.js HTTP/1.0" 304 - "http://www.modeinstitut-berlin.de/" "Mozilla/4.0 (compatible; MSIE 8.0; Windows NT 6.0; Trident/4.0; SLCC1; .NET CLR 2.0.50727; .NET CLR 3.0.30729; .NET CLR 1.1.4322; .NET CLR 3.5.30729; .NET4.0C; .NET4.0E; MS-RTC LM 8; Unicredit Group; Unicredit)"
62.122.80.37 - - [01/Sep/2013:08:35:17 +0200] "GET /images/motive/Logo9001_5.png HTTP/1.0" 304 - "http://www.modeinstitut-berlin.de/" "Mozilla/4.0 (compatible; MSIE 8.0; Windows NT 6.0; Trident/4.0; SLCC1; .NET CLR 2.0.50727; .NET CLR 3.0.30729; .NET CLR 1.1.4322; .NET CLR 3.5.30729; .NET4.0C; .NET4.0E; MS-RTC LM 8; Unicredit Group; Unicredit)"
62.122.80.37 - - [01/Sep/2013:08:35:17 +0200] "GET /images/layout/wrapper-bg.jpg HTTP/1.0" 304 - "http://www.modeinstitut-berlin.de/" "Mozilla/4.0 (compatible; MSIE 8.0; Windows NT 6.0; Trident/4.0; SLCC1; .NET CLR 2.0.50727; .NET CLR 3.0.30729; .NET CLR 1.1.4322; .NET CLR 3.5.30729; .NET4.0C; .NET4.0E; MS-RTC LM 8; Unicredit Group; Unicredit)"
62.122.80.37 - - [01/Sep/2013:08:35:17 +0200] "GET /images/layout/bg-navi.jpg HTTP/1.0" 304 - "http://www.modeinstitut-berlin.de/" "Mozilla/4.0 (compatible; MSIE 8.0; Windows NT 6.0; Trident/4.0; SLCC1; .NET CLR 2.0.50727; .NET CLR 3.0.30729; .NET CLR 1.1.4322; .NET CLR 3.5.30729; .NET4.0C; .NET4.0E; MS-RTC LM 8; Unicredit Group; Unicredit)"
62.122.80.37 - - [01/Sep/2013:08:35:17 +0200] "GET /images/layout/bg-content-big-1.jpg HTTP/1.0" 304 - "http://www.modeinstitut-berlin.de/" "Mozilla/4.0 (compatible; MSIE 8.0; Windows NT 6.0; Trident/4.0; SLCC1; .NET CLR 2.0.50727; .NET CLR 3.0.30729; .NET CLR 1.1.4322; .NET CLR 3.5.30729; .NET4.0C; .NET4.0E; MS-RTC LM 8; Unicredit Group; Unicredit)"
62.122.80.37 - - [01/Sep/2013:08:35:17 +0200] "GET /video/video.swf HTTP/1.0" 304 - "http://www.modeinstitut-berlin.de/" "Mozilla/4.0 (compatible; MSIE 8.0; Windows NT 6.0; Trident/4.0; SLCC1; .NET CLR 2.0.50727; .NET CLR 3.0.30729; .NET CLR 1.1.4322; .NET CLR 3.5.30729; .NET4.0C; .NET4.0E; MS-RTC LM 8; Unicredit Group; Unicredit)"
62.122.80.37 - - [01/Sep/2013:08:35:17 +0200] "GET /images/layout/bg-sidebox-plain1.jpg HTTP/1.0" 304 - "http://www.modeinstitut-berlin.de/" "Mozilla/4.0 (compatible; MSIE 8.0; Windows NT 6.0; Trident/4.0; SLCC1; .NET CLR 2.0.50727; .NET CLR 3.0.30729; .NET CLR 1.1.4322; .NET CLR 3.5.30729; .NET4.0C; .NET4.0E; MS-RTC LM 8; Unicredit Group; Unicredit)"
62.122.80.37 - - [01/Sep/2013:08:35:17 +0200] "GET /css/iepngfix.htc HTTP/1.0" 304 - "-" "Mozilla/4.0 (compatible; MSIE 8.0; Windows NT 6.0; Trident/4.0; SLCC1; .NET CLR 2.0.50727; .NET CLR 3.0.30729; .NET CLR 1.1.4322; .NET CLR 3.5.30729; .NET4.0C; .NET4.0E; MS-RTC LM 8; Unicredit Group; Unicredit)"
62.122.80.37 - - [01/Sep/2013:08:35:17 +0200] "GET /images/layout/link.gif HTTP/1.0" 304 - "http://www.modeinstitut-berlin.de/" "Mozilla/4.0 (compatible; MSIE 8.0; Windows NT 6.0; Trident/4.0; SLCC1; .NET CLR 2.0.50727; .NET CLR 3.0.30729; .NET CLR 1.1.4322; .NET CLR 3.5.30729; .NET4.0C; .NET4.0E; MS-RTC LM 8; Unicredit Group; Unicredit)"
62.122.80.37 - - [01/Sep/2013:08:35:17 +0200] "GET /images/layout/nav-drop-foot.png HTTP/1.0" 304 - "http://www.modeinstitut-berlin.de/" "Mozilla/4.0 (compatible; MSIE 8.0; Windows NT 6.0; Trident/4.0; SLCC1; .NET CLR 2.0.50727; .NET CLR 3.0.30729; .NET CLR 1.1.4322; .NET CLR 3.5.30729; .NET4.0C; .NET4.0E; MS-RTC LM 8; Unicredit Group; Unicredit)"
62.122.80.37 - - [01/Sep/2013:08:35:18 +0200] "GET /images/layout/nav-hover-all.jpg HTTP/1.0" 304 - "http://www.modeinstitut-berlin.de/" "Mozilla/4.0 (compatible; MSIE 8.0; Windows NT 6.0; Trident/4.0; SLCC1; .NET CLR 2.0.50727; .NET CLR 3.0.30729; .NET CLR 1.1.4322; .NET CLR 3.5.30729; .NET4.0C; .NET4.0E; MS-RTC LM 8; Unicredit Group; Unicredit)"
62.122.80.37 - - [01/Sep/2013:08:35:19 +0200] "GET /bestellsystem/kundenlogin/ HTTP/1.0" 200 4528 "http://www.modeinstitut-berlin.de/" "Mozilla/4.0 (compatible; MSIE 8.0; Windows NT 6.0; Trident/4.0; SLCC1; .NET CLR 2.0.50727; .NET CLR 3.0.30729; .NET CLR 1.1.4322; .NET CLR 3.5.30729; .NET4.0C; .NET4.0E; MS-RTC LM 8; Unicredit Group; Unicredit)"
62.122.80.36 - - [01/Sep/2013:08:40:39 +0200] "GET /images/layout/spc.gif HTTP/1.0" 304 - "-" "Mozilla/4.0 (compatible;)"
66.249.78.228 - - [01/Sep/2013:08:55:07 +0200] "GET /unternehmen/servicecenter/Service-Center-Frankfurt/ HTTP/1.1" 200 7384 "-" "Mozilla/5.0 (iPhone; U; CPU iPhone OS 4_1 like Mac OS X; en-us) AppleWebKit/532.9 (KHTML, like Gecko) Version/4.0.5 Mobile/8B117 Safari/6531.22.7 (compatible; Googlebot-Mobile/2.1; +http://www.google.com/bot.html)"
157.55.33.24 - - [01/Sep/2013:08:56:34 +0200] "GET /robots.txt HTTP/1.1" 200 317 "-" "Mozilla/5.0 (compatible; bingbot/2.0; +http://www.bing.com/bingbot.htm)"
202.46.48.15 - - [01/Sep/2013:08:57:05 +0200] "GET / HTTP/1.1" 200 6854 "-" "Mozilla/4.0 (compatible; MSIE 7.0; Windows NT 6.0)"
119.63.193.132 - - [01/Sep/2013:08:57:46 +0200] "GET / HTTP/1.1" 200 6854 "-" "Mozilla/4.0 (compatible; MSIE 7.0; Windows NT 6.0)"
157.55.33.24 - - [01/Sep/2013:09:07:30 +0200] "GET /unternehmen/aktuelles/Dienstkleidung-BVG/ HTTP/1.1" 200 5292 "-" "Mozilla/5.0 (compatible; bingbot/2.0; +http://www.bing.com/bingbot.htm)"
149.238.193.125 - - [01/Sep/2013:09:32:32 +0200] "GET /css/iepngfix.htc HTTP/1.1" 304 - "-" "Mozilla/4.0 (compatible;)"
62.122.80.36 - - [01/Sep/2013:09:42:04 +0200] "GET /images/flash/logistik.swf HTTP/1.0" 304 - "-" "Mozilla/4.0 (compatible;)"
92.194.100.118 - - [01/Sep/2013:09:46:04 +0200] "GET /corporate-fashion/ HTTP/1.1" 200 10715 "http://www.google.de/url?sa=t&rct=j&q=&esrc=s&source=web&cd=8&ved=0CIgBEBYwBw&url=http%3A%2F%2Fwww.modeinstitut-berlin.de%2Fcorporate-fashion%2F&ei=WfAiUtqdGMqBhAezqoCYCw&usg=AFQjCNGwJ47CpOihb8M_Mnc-RYywu6fiGA&bvm=bv.51495398,d.ZG4" "Mozilla/5.0 (Windows NT 6.1; WOW64; rv:23.0) Gecko/20100101 Firefox/23.0"
92.194.100.118 - - [01/Sep/2013:09:46:05 +0200] "GET /css/newstyles.css HTTP/1.1" 200 9734 "http://www.modeinstitut-berlin.de/corporate-fashion/" "Mozilla/5.0 (Windows NT 6.1; WOW64; rv:23.0) Gecko/20100101 Firefox/23.0"
92.194.100.118 - - [01/Sep/2013:09:46:05 +0200] "GET /Scripts/AC_RunActiveContent.js HTTP/1.1" 200 8029 "http://www.modeinstitut-berlin.de/corporate-fashion/" "Mozilla/5.0 (Windows NT 6.1; WOW64; rv:23.0) Gecko/20100101 Firefox/23.0"
92.194.100.118 - - [01/Sep/2013:09:46:05 +0200] "GET /includes/hover.js HTTP/1.1" 200 411 "http://www.modeinstitut-berlin.de/corporate-fashion/" "Mozilla/5.0 (Windows NT 6.1; WOW64; rv:23.0) Gecko/20100101 Firefox/23.0"
92.194.100.118 - - [01/Sep/2013:09:46:05 +0200] "GET /images/layout/global-bg.jpg HTTP/1.1" 200 917 "http://www.modeinstitut-berlin.de/css/newstyles.css" "Mozilla/5.0 (Windows NT 6.1; WOW64; rv:23.0) Gecko/20100101 Firefox/23.0"
92.194.100.118 - - [01/Sep/2013:09:46:05 +0200] "GET /js/dw_scroll_c.js HTTP/1.1" 200 36858 "http://www.modeinstitut-berlin.de/corporate-fashion/" "Mozilla/5.0 (Windows NT 6.1; WOW64; rv:23.0) Gecko/20100101 Firefox/23.0"
92.194.100.118 - - [01/Sep/2013:09:46:05 +0200] "GET /css/scroll_v.css HTTP/1.1" 200 1437 "http://www.modeinstitut-berlin.de/corporate-fashion/" "Mozilla/5.0 (Windows NT 6.1; WOW64; rv:23.0) Gecko/20100101 Firefox/23.0"
92.194.100.118 - - [01/Sep/2013:09:46:05 +0200] "GET /images/layout/bg-navi.jpg HTTP/1.1" 200 3342 "http://www.modeinstitut-berlin.de/css/newstyles.css" "Mozilla/5.0 (Windows NT 6.1; WOW64; rv:23.0) Gecko/20100101 Firefox/23.0"
92.194.100.118 - - [01/Sep/2013:09:46:05 +0200] "GET /images/layout/link.gif HTTP/1.1" 200 52 "http://www.modeinstitut-berlin.de/css/newstyles.css" "Mozilla/5.0 (Windows NT 6.1; WOW64; rv:23.0) Gecko/20100101 Firefox/23.0"
92.194.100.118 - - [01/Sep/2013:09:46:05 +0200] "GET /images/layout/bg-content-big-1.jpg HTTP/1.1" 200 46493 "http://www.modeinstitut-berlin.de/css/newstyles.css" "Mozilla/5.0 (Windows NT 6.1; WOW64; rv:23.0) Gecko/20100101 Firefox/23.0"
92.194.100.118 - - [01/Sep/2013:09:46:05 +0200] "GET /images/layout/wrapper-bg.jpg HTTP/1.1" 200 126878 "http://www.modeinstitut-berlin.de/css/newstyles.css" "Mozilla/5.0 (Windows NT 6.1; WOW64; rv:23.0) Gecko/20100101 Firefox/23.0"
92.194.100.118 - - [01/Sep/2013:09:46:06 +0200] "GET /favicon.ico HTTP/1.1" 404 1256 "-" "Mozilla/5.0 (Windows NT 6.1; WOW64; rv:23.0) Gecko/20100101 Firefox/23.0"
92.194.100.118 - - [01/Sep/2013:09:46:06 +0200] "GET /images/tri-up.gif HTTP/1.1" 200 62 "http://www.modeinstitut-berlin.de/css/scroll_v.css" "Mozilla/5.0 (Windows NT 6.1; WOW64; rv:23.0) Gecko/20100101 Firefox/23.0"
92.194.100.118 - - [01/Sep/2013:09:46:06 +0200] "GET /images/tri-dn.gif HTTP/1.1" 200 63 "http://www.modeinstitut-berlin.de/css/scroll_v.css" "Mozilla/5.0 (Windows NT 6.1; WOW64; rv:23.0) Gecko/20100101 Firefox/23.0"
92.194.100.118 - - [01/Sep/2013:09:46:08 +0200] "GET /images/layout/nav-hover-all.jpg HTTP/1.1" 200 332 "http://www.modeinstitut-berlin.de/css/newstyles.css" "Mozilla/5.0 (Windows NT 6.1; WOW64; rv:23.0) Gecko/20100101 Firefox/23.0"
92.194.100.118 - - [01/Sep/2013:09:46:08 +0200] "GET /images/layout/nav-drop-foot.png HTTP/1.1" 200 42670 "http://www.modeinstitut-berlin.de/css/newstyles.css" "Mozilla/5.0 (Windows NT 6.1; WOW64; rv:23.0) Gecko/20100101 Firefox/23.0"
92.194.100.118 - - [01/Sep/2013:09:46:11 +0200] "GET /produkt/produktion/ HTTP/1.1" 200 6399 "http://www.modeinstitut-berlin.de/corporate-fashion/" "Mozilla/5.0 (Windows NT 6.1; WOW64; rv:23.0) Gecko/20100101 Firefox/23.0"
92.194.100.118 - - [01/Sep/2013:09:46:33 +0200] "GET /referenzen/auszug/ HTTP/1.1" 200 6423 "http://www.modeinstitut-berlin.de/produkt/produktion/" "Mozilla/5.0 (Windows NT 6.1; WOW64; rv:23.0) Gecko/20100101 Firefox/23.0"
92.194.100.118 - - [01/Sep/2013:09:46:33 +0200] "GET /images/motive/logos/Pin-Mail.jpg HTTP/1.1" 200 18155 "http://www.modeinstitut-berlin.de/referenzen/auszug/" "Mozilla/5.0 (Windows NT 6.1; WOW64; rv:23.0) Gecko/20100101 Firefox/23.0"
92.194.100.118 - - [01/Sep/2013:09:46:33 +0200] "GET /images/motive/logos/bvg.jpg HTTP/1.1" 200 17033 "http://www.modeinstitut-berlin.de/referenzen/auszug/" "Mozilla/5.0 (Windows NT 6.1; WOW64; rv:23.0) Gecko/20100101 Firefox/23.0"
92.194.100.118 - - [01/Sep/2013:09:46:33 +0200] "GET /images/motive/logos/bayrischer.jpg HTTP/1.1" 200 15953 "http://www.modeinstitut-berlin.de/referenzen/auszug/" "Mozilla/5.0 (Windows NT 6.1; WOW64; rv:23.0) Gecko/20100101 Firefox/23.0"
92.194.100.118 - - [01/Sep/2013:09:46:33 +0200] "GET /images/motive/logos/deutschepost.gif HTTP/1.1" 200 1468 "http://www.modeinstitut-berlin.de/referenzen/auszug/" "Mozilla/5.0 (Windows NT 6.1; WOW64; rv:23.0) Gecko/20100101 Firefox/23.0"
92.194.100.118 - - [01/Sep/2013:09:46:33 +0200] "GET /images/motive/logos/BT-Logo.png HTTP/1.1" 200 8730 "http://www.modeinstitut-berlin.de/referenzen/auszug/" "Mozilla/5.0 (Windows NT 6.1; WOW64; rv:23.0) Gecko/20100101 Firefox/23.0"
92.194.100.118 - - [01/Sep/2013:09:46:33 +0200] "GET /images/motive/logos/mvb.jpg HTTP/1.1" 200 20330 "http://www.modeinstitut-berlin.de/referenzen/auszug/" "Mozilla/5.0 (Windows NT 6.1; WOW64; rv:23.0) Gecko/20100101 Firefox/23.0"
92.194.100.118 - - [01/Sep/2013:09:46:33 +0200] "GET /images/motive/logos/mvg.jpg HTTP/1.1" 200 16049 "http://www.modeinstitut-berlin.de/referenzen/auszug/" "Mozilla/5.0 (Windows NT 6.1; WOW64; rv:23.0) Gecko/20100101 Firefox/23.0"
92.194.100.118 - - [01/Sep/2013:09:46:33 +0200] "GET /images/motive/logos/frasec.jpg HTTP/1.1" 200 19377 "http://www.modeinstitut-berlin.de/referenzen/auszug/" "Mozilla/5.0 (Windows NT 6.1; WOW64; rv:23.0) Gecko/20100101 Firefox/23.0"
92.194.100.118 - - [01/Sep/2013:09:46:33 +0200] "GET /images/motive/logos/rnv-logo.jpg HTTP/1.1" 200 13013 "http://www.modeinstitut-berlin.de/referenzen/auszug/" "Mozilla/5.0 (Windows NT 6.1; WOW64; rv:23.0) Gecko/20100101 Firefox/23.0"
92.194.100.118 - - [01/Sep/2013:09:46:33 +0200] "GET /images/motive/logos/fis.jpg HTTP/1.1" 200 20913 "http://www.modeinstitut-berlin.de/referenzen/auszug/" "Mozilla/5.0 (Windows NT 6.1; WOW64; rv:23.0) Gecko/20100101 Firefox/23.0"
92.194.100.118 - - [01/Sep/2013:09:46:33 +0200] "GET /images/motive/logos/melia2.jpg HTTP/1.1" 200 6337 "http://www.modeinstitut-berlin.de/referenzen/auszug/" "Mozilla/5.0 (Windows NT 6.1; WOW64; rv:23.0) Gecko/20100101 Firefox/23.0"
92.194.100.118 - - [01/Sep/2013:09:46:33 +0200] "GET /images/motive/logos/vgf.jpg HTTP/1.1" 200 14122 "http://www.modeinstitut-berlin.de/referenzen/auszug/" "Mozilla/5.0 (Windows NT 6.1; WOW64; rv:23.0) Gecko/20100101 Firefox/23.0"
92.194.100.118 - - [01/Sep/2013:09:46:33 +0200] "GET /images/motive/logos/lvb.jpg HTTP/1.1" 200 24555 "http://www.modeinstitut-berlin.de/referenzen/auszug/" "Mozilla/5.0 (Windows NT 6.1; WOW64; rv:23.0) Gecko/20100101 Firefox/23.0"
92.194.100.118 - - [01/Sep/2013:09:46:33 +0200] "GET /images/motive/logos/VR_Bank.jpg HTTP/1.1" 200 19988 "http://www.modeinstitut-berlin.de/referenzen/auszug/" "Mozilla/5.0 (Windows NT 6.1; WOW64; rv:23.0) Gecko/20100101 Firefox/23.0"
92.194.100.118 - - [01/Sep/2013:09:46:33 +0200] "GET /images/motive/logos/globeground.jpg HTTP/1.1" 200 16348 "http://www.modeinstitut-berlin.de/referenzen/auszug/" "Mozilla/5.0 (Windows NT 6.1; WOW64; rv:23.0) Gecko/20100101 Firefox/23.0"
92.194.100.118 - - [01/Sep/2013:09:46:33 +0200] "GET /images/motive/logos/bundestag.jpg HTTP/1.1" 200 18038 "http://www.modeinstitut-berlin.de/referenzen/auszug/" "Mozilla/5.0 (Windows NT 6.1; WOW64; rv:23.0) Gecko/20100101 Firefox/23.0"
92.194.100.118 - - [01/Sep/2013:09:46:33 +0200] "GET /images/motive/logos/Logo-Kameha-Grand-Bonn.jpg HTTP/1.1" 200 17221 "http://www.modeinstitut-berlin.de/referenzen/auszug/" "Mozilla/5.0 (Windows NT 6.1; WOW64; rv:23.0) Gecko/20100101 Firefox/23.0"
92.194.100.118 - - [01/Sep/2013:09:46:33 +0200] "GET /images/motive/logos/vag.jpg HTTP/1.1" 200 13744 "http://www.modeinstitut-berlin.de/referenzen/auszug/" "Mozilla/5.0 (Windows NT 6.1; WOW64; rv:23.0) Gecko/20100101 Firefox/23.0"
92.194.100.118 - - [01/Sep/2013:09:46:33 +0200] "GET /images/layout/bg-content-refs1.jpg HTTP/1.1" 200 39149 "http://www.modeinstitut-berlin.de/css/newstyles.css" "Mozilla/5.0 (Windows NT 6.1; WOW64; rv:23.0) Gecko/20100101 Firefox/23.0"
92.194.100.118 - - [01/Sep/2013:09:46:37 +0200] "GET /referenzen/galerie/ HTTP/1.1" 200 4854 "http://www.modeinstitut-berlin.de/referenzen/auszug/" "Mozilla/5.0 (Windows NT 6.1; WOW64; rv:23.0) Gecko/20100101 Firefox/23.0"
92.194.100.118 - - [01/Sep/2013:09:46:37 +0200] "GET /js/swfobject.js HTTP/1.1" 200 10220 "http://www.modeinstitut-berlin.de/referenzen/galerie/" "Mozilla/5.0 (Windows NT 6.1; WOW64; rv:23.0) Gecko/20100101 Firefox/23.0"
92.194.100.118 - - [01/Sep/2013:09:46:37 +0200] "GET /images/flash/monoslideshow.swf HTTP/1.1" 200 107761 "http://www.modeinstitut-berlin.de/referenzen/galerie/" "Mozilla/5.0 (Windows NT 6.1; WOW64; rv:23.0) Gecko/20100101 Firefox/23.0"
92.194.100.118 - - [01/Sep/2013:09:46:37 +0200] "GET /images/layout/bg-content-refs2.jpg HTTP/1.1" 200 28935 "http://www.modeinstitut-berlin.de/css/newstyles.css" "Mozilla/5.0 (Windows NT 6.1; WOW64; rv:23.0) Gecko/20100101 Firefox/23.0"
92.194.100.118 - - [01/Sep/2013:09:46:40 +0200] "GET /images/flash/monoslideshow.swf HTTP/1.1" 200 107761 "http://www.modeinstitut-berlin.de/referenzen/galerie/" "Mozilla/5.0 (Windows NT 6.1; WOW64; rv:23.0) Gecko/20100101 Firefox/23.0"
92.194.100.118 - - [01/Sep/2013:09:46:43 +0200] "GET /images/flash/monoslideshow.xml HTTP/1.1" 200 3276 "http://www.modeinstitut-berlin.de/images/flash/monoslideshow.swf" "Mozilla/5.0 (Windows NT 6.1; WOW64; rv:23.0) Gecko/20100101 Firefox/23.0"
92.194.100.118 - - [01/Sep/2013:09:46:43 +0200] "GET /images/motive/slideshow/images/084-A-Design-Award-2013.jpg HTTP/1.1" 200 232895 "http://www.modeinstitut-berlin.de/images/flash/monoslideshow.swf" "Mozilla/5.0 (Windows NT 6.1; WOW64; rv:23.0) Gecko/20100101 Firefox/23.0"
92.194.100.118 - - [01/Sep/2013:09:46:44 +0200] "GET /images/motive/slideshow/images/085-A-Design-Award-2013.jpg HTTP/1.1" 200 251517 "http://www.modeinstitut-berlin.de/images/flash/monoslideshow.swf" "Mozilla/5.0 (Windows NT 6.1; WOW64; rv:23.0) Gecko/20100101 Firefox/23.0"
92.194.100.118 - - [01/Sep/2013:09:46:44 +0200] "GET /images/motive/slideshow/images/087.jpg HTTP/1.1" 200 225348 "http://www.modeinstitut-berlin.de/images/flash/monoslideshow.swf" "Mozilla/5.0 (Windows NT 6.1; WOW64; rv:23.0) Gecko/20100101 Firefox/23.0"
217.254.156.96 - - [01/Sep/2013:10:00:22 +0200] "GET /bestellsystem/kundenlogin/ HTTP/1.1" 200 4528 "http://www.google.de/url?sa=t&rct=j&q=&esrc=s&source=web&cd=5&ved=0CFMQjBAwBA&url=http%3A%2F%2Fwww.modeinstitut-berlin.de%2Fbestellsystem%2Fkundenlogin%2F&ei=xPMiUv39GcSEhQfzv4HQDw&usg=AFQjCNEbo3WEGUXkO7AR33iGik8mipk3xA&bvm=bv.51495398,d.ZG4" "Mozilla/5.0 (Windows NT 6.1; WOW64; rv:16.0) Gecko/20100101 Firefox/16.0"
217.254.156.96 - - [01/Sep/2013:10:00:22 +0200] "GET /css/newstyles.css HTTP/1.1" 200 9734 "http://www.modeinstitut-berlin.de/bestellsystem/kundenlogin/" "Mozilla/5.0 (Windows NT 6.1; WOW64; rv:16.0) Gecko/20100101 Firefox/16.0"
217.254.156.96 - - [01/Sep/2013:10:00:22 +0200] "GET /Scripts/AC_RunActiveContent.js HTTP/1.1" 200 8029 "http://www.modeinstitut-berlin.de/bestellsystem/kundenlogin/" "Mozilla/5.0 (Windows NT 6.1; WOW64; rv:16.0) Gecko/20100101 Firefox/16.0"
217.254.156.96 - - [01/Sep/2013:10:00:22 +0200] "GET /includes/hover.js HTTP/1.1" 200 411 "http://www.modeinstitut-berlin.de/bestellsystem/kundenlogin/" "Mozilla/5.0 (Windows NT 6.1; WOW64; rv:16.0) Gecko/20100101 Firefox/16.0"
217.254.156.96 - - [01/Sep/2013:10:00:22 +0200] "GET /images/layout/global-bg.jpg HTTP/1.1" 200 917 "http://www.modeinstitut-berlin.de/css/newstyles.css" "Mozilla/5.0 (Windows NT 6.1; WOW64; rv:16.0) Gecko/20100101 Firefox/16.0"
217.254.156.96 - - [01/Sep/2013:10:00:23 +0200] "GET /images/layout/bg-navi.jpg HTTP/1.1" 200 3342 "http://www.modeinstitut-berlin.de/css/newstyles.css" "Mozilla/5.0 (Windows NT 6.1; WOW64; rv:16.0) Gecko/20100101 Firefox/16.0"
217.254.156.96 - - [01/Sep/2013:10:00:23 +0200] "GET /images/layout/link.gif HTTP/1.1" 200 52 "http://www.modeinstitut-berlin.de/css/newstyles.css" "Mozilla/5.0 (Windows NT 6.1; WOW64; rv:16.0) Gecko/20100101 Firefox/16.0"
217.254.156.96 - - [01/Sep/2013:10:00:23 +0200] "GET /images/layout/wrapper-bg.jpg HTTP/1.1" 200 126878 "http://www.modeinstitut-berlin.de/css/newstyles.css" "Mozilla/5.0 (Windows NT 6.1; WOW64; rv:16.0) Gecko/20100101 Firefox/16.0"
217.254.156.96 - - [01/Sep/2013:10:00:23 +0200] "GET /images/layout/bg-content-big-1.jpg HTTP/1.1" 200 46493 "http://www.modeinstitut-berlin.de/css/newstyles.css" "Mozilla/5.0 (Windows NT 6.1; WOW64; rv:16.0) Gecko/20100101 Firefox/16.0"
217.254.156.96 - - [01/Sep/2013:10:00:23 +0200] "GET /favicon.ico HTTP/1.1" 404 1256 "-" "Mozilla/5.0 (Windows NT 6.1; WOW64; rv:16.0) Gecko/20100101 Firefox/16.0"
217.254.156.96 - - [01/Sep/2013:10:04:23 +0200] "GET /images/layout/nav-hover-1.jpg HTTP/1.1" 200 746 "http://www.modeinstitut-berlin.de/css/newstyles.css" "Mozilla/5.0 (Windows NT 6.1; WOW64; rv:16.0) Gecko/20100101 Firefox/16.0"
85.114.142.245 - - [01/Sep/2013:10:46:07 +0200] "GET /produkt/design/behoerden/ HTTP/1.1" 200 6562 "-" "findlinks/2.6 (+http://wortschatz.uni-leipzig.de/findlinks/)"
77.185.168.70 - - [01/Sep/2013:10:53:00 +0200] "GET /corporate-fashion/ HTTP/1.1" 200 10715 "http://www.google.de/url?sa=t&rct=j&q=corporate+fashion&source=web&cd=2&ved=0CFwQFjAB&url=http%3A%2F%2Fwww.modeinstitut-berlin.de%2Fcorporate-fashion%2F&ei=EgAjUr7JLKat7Qar94DADw&usg=AFQjCNGwJ47CpOihb8M_Mnc-RYywu6fiGA&bvm=bv.51495398,d.ZGU" "Mozilla/5.0 (Macintosh; PPC Mac OS X 10_5_8) AppleWebKit/534.50.2 (KHTML, like Gecko) Version/5.0.6 Safari/533.22.3"
77.185.168.70 - - [01/Sep/2013:10:53:01 +0200] "GET /css/newstyles.css HTTP/1.1" 200 9734 "http://www.modeinstitut-berlin.de/corporate-fashion/" "Mozilla/5.0 (Macintosh; PPC Mac OS X 10_5_8) AppleWebKit/534.50.2 (KHTML, like Gecko) Version/5.0.6 Safari/533.22.3"
77.185.168.70 - - [01/Sep/2013:10:53:01 +0200] "GET /js/dw_scroll_c.js HTTP/1.1" 200 36858 "http://www.modeinstitut-berlin.de/corporate-fashion/" "Mozilla/5.0 (Macintosh; PPC Mac OS X 10_5_8) AppleWebKit/534.50.2 (KHTML, like Gecko) Version/5.0.6 Safari/533.22.3"
77.185.168.70 - - [01/Sep/2013:10:53:01 +0200] "GET /Scripts/AC_RunActiveContent.js HTTP/1.1" 200 8029 "http://www.modeinstitut-berlin.de/corporate-fashion/" "Mozilla/5.0 (Macintosh; PPC Mac OS X 10_5_8) AppleWebKit/534.50.2 (KHTML, like Gecko) Version/5.0.6 Safari/533.22.3"
77.185.168.70 - - [01/Sep/2013:10:53:01 +0200] "GET /includes/hover.js HTTP/1.1" 200 411 "http://www.modeinstitut-berlin.de/corporate-fashion/" "Mozilla/5.0 (Macintosh; PPC Mac OS X 10_5_8) AppleWebKit/534.50.2 (KHTML, like Gecko) Version/5.0.6 Safari/533.22.3"
77.185.168.70 - - [01/Sep/2013:10:53:01 +0200] "GET /images/layout/global-bg.jpg HTTP/1.1" 200 917 "http://www.modeinstitut-berlin.de/corporate-fashion/" "Mozilla/5.0 (Macintosh; PPC Mac OS X 10_5_8) AppleWebKit/534.50.2 (KHTML, like Gecko) Version/5.0.6 Safari/533.22.3"
77.185.168.70 - - [01/Sep/2013:10:53:01 +0200] "GET /css/scroll_v.css HTTP/1.1" 200 1437 "http://www.modeinstitut-berlin.de/corporate-fashion/" "Mozilla/5.0 (Macintosh; PPC Mac OS X 10_5_8) AppleWebKit/534.50.2 (KHTML, like Gecko) Version/5.0.6 Safari/533.22.3"
208.115.111.73 - - [01/Sep/2013:10:53:01 +0200] "GET /robots.txt HTTP/1.1" 200 317 "-" "Mozilla/5.0 (compatible; Ezooms/1.0; ezooms.bot@gmail.com)"
77.185.168.70 - - [01/Sep/2013:10:53:02 +0200] "GET /images/layout/bg-navi.jpg HTTP/1.1" 200 3342 "http://www.modeinstitut-berlin.de/corporate-fashion/" "Mozilla/5.0 (Macintosh; PPC Mac OS X 10_5_8) AppleWebKit/534.50.2 (KHTML, like Gecko) Version/5.0.6 Safari/533.22.3"
77.185.168.70 - - [01/Sep/2013:10:53:02 +0200] "GET /images/layout/bg-content-big-1.jpg HTTP/1.1" 200 46493 "http://www.modeinstitut-berlin.de/corporate-fashion/" "Mozilla/5.0 (Macintosh; PPC Mac OS X 10_5_8) AppleWebKit/534.50.2 (KHTML, like Gecko) Version/5.0.6 Safari/533.22.3"
77.185.168.70 - - [01/Sep/2013:10:53:02 +0200] "GET /images/layout/wrapper-bg.jpg HTTP/1.1" 200 126878 "http://www.modeinstitut-berlin.de/corporate-fashion/" "Mozilla/5.0 (Macintosh; PPC Mac OS X 10_5_8) AppleWebKit/534.50.2 (KHTML, like Gecko) Version/5.0.6 Safari/533.22.3"
77.185.168.70 - - [01/Sep/2013:10:53:04 +0200] "GET /images/layout/link.gif HTTP/1.1" 200 52 "http://www.modeinstitut-berlin.de/corporate-fashion/" "Mozilla/5.0 (Macintosh; PPC Mac OS X 10_5_8) AppleWebKit/534.50.2 (KHTML, like Gecko) Version/5.0.6 Safari/533.22.3"
77.185.168.70 - - [01/Sep/2013:10:53:04 +0200] "GET /images/flash/logistik.swf HTTP/1.1" 200 419069 "http://www.modeinstitut-berlin.de/corporate-fashion/" "Mozilla/5.0 (Macintosh; PPC Mac OS X 10_5_8) AppleWebKit/534.50.2 (KHTML, like Gecko) Version/5.0.6 Safari/533.22.3"
77.185.168.70 - - [01/Sep/2013:10:53:06 +0200] "GET /images/layout/nav-drop-foot.png HTTP/1.1" 200 42670 "http://www.modeinstitut-berlin.de/corporate-fashion/" "Mozilla/5.0 (Macintosh; PPC Mac OS X 10_5_8) AppleWebKit/534.50.2 (KHTML, like Gecko) Version/5.0.6 Safari/533.22.3"
77.185.168.70 - - [01/Sep/2013:10:53:07 +0200] "GET /favicon.ico HTTP/1.1" 404 1256 "http://www.modeinstitut-berlin.de/corporate-fashion/" "Mozilla/5.0 (Macintosh; PPC Mac OS X 10_5_8) AppleWebKit/534.50.2 (KHTML, like Gecko) Version/5.0.6 Safari/533.22.3"
77.185.168.70 - - [01/Sep/2013:10:53:07 +0200] "GET /images/tri-up.gif HTTP/1.1" 200 62 "http://www.modeinstitut-berlin.de/corporate-fashion/" "Mozilla/5.0 (Macintosh; PPC Mac OS X 10_5_8) AppleWebKit/534.50.2 (KHTML, like Gecko) Version/5.0.6 Safari/533.22.3"
77.185.168.70 - - [01/Sep/2013:10:53:07 +0200] "GET /images/tri-dn.gif HTTP/1.1" 200 63 "http://www.modeinstitut-berlin.de/corporate-fashion/" "Mozilla/5.0 (Macintosh; PPC Mac OS X 10_5_8) AppleWebKit/534.50.2 (KHTML, like Gecko) Version/5.0.6 Safari/533.22.3"
77.185.168.70 - - [01/Sep/2013:10:53:14 +0200] "GET /produkt/design/ HTTP/1.1" 200 6495 "http://www.modeinstitut-berlin.de/corporate-fashion/" "Mozilla/5.0 (Macintosh; PPC Mac OS X 10_5_8) AppleWebKit/534.50.2 (KHTML, like Gecko) Version/5.0.6 Safari/533.22.3"
77.185.168.70 - - [01/Sep/2013:10:53:15 +0200] "GET /images/layout/bg-content-big-2.jpg HTTP/1.1" 200 38423 "http://www.modeinstitut-berlin.de/produkt/design/" "Mozilla/5.0 (Macintosh; PPC Mac OS X 10_5_8) AppleWebKit/534.50.2 (KHTML, like Gecko) Version/5.0.6 Safari/533.22.3"
77.185.168.70 - - [01/Sep/2013:10:53:15 +0200] "GET /images/layout/bg-sidebox-plain1.jpg HTTP/1.1" 200 10064 "http://www.modeinstitut-berlin.de/produkt/design/" "Mozilla/5.0 (Macintosh; PPC Mac OS X 10_5_8) AppleWebKit/534.50.2 (KHTML, like Gecko) Version/5.0.6 Safari/533.22.3"
77.185.168.70 - - [01/Sep/2013:10:53:16 +0200] "GET /images/flash/design.swf HTTP/1.1" 200 210329 "http://www.modeinstitut-berlin.de/produkt/design/" "Mozilla/5.0 (Macintosh; PPC Mac OS X 10_5_8) AppleWebKit/534.50.2 (KHTML, like Gecko) Version/5.0.6 Safari/533.22.3"
77.185.168.70 - - [01/Sep/2013:10:53:21 +0200] "GET /produkt/design/hotelbekleidung/ HTTP/1.1" 200 6525 "http://www.modeinstitut-berlin.de/produkt/design/" "Mozilla/5.0 (Macintosh; PPC Mac OS X 10_5_8) AppleWebKit/534.50.2 (KHTML, like Gecko) Version/5.0.6 Safari/533.22.3"
77.185.168.70 - - [01/Sep/2013:10:53:22 +0200] "GET /images/flash/hotels.swf HTTP/1.1" 200 559251 "http://www.modeinstitut-berlin.de/produkt/design/hotelbekleidung/" "Mozilla/5.0 (Macintosh; PPC Mac OS X 10_5_8) AppleWebKit/534.50.2 (KHTML, like Gecko) Version/5.0.6 Safari/533.22.3"
77.185.168.70 - - [01/Sep/2013:10:53:32 +0200] "GET /produkt/design/dienstkleidung/ HTTP/1.1" 200 6773 "http://www.modeinstitut-berlin.de/produkt/design/hotelbekleidung/" "Mozilla/5.0 (Macintosh; PPC Mac OS X 10_5_8) AppleWebKit/534.50.2 (KHTML, like Gecko) Version/5.0.6 Safari/533.22.3"
77.185.168.70 - - [01/Sep/2013:10:53:33 +0200] "GET /images/flash/dienstkleidung.swf HTTP/1.1" 200 253220 "http://www.modeinstitut-berlin.de/produkt/design/dienstkleidung/" "Mozilla/5.0 (Macintosh; PPC Mac OS X 10_5_8) AppleWebKit/534.50.2 (KHTML, like Gecko) Version/5.0.6 Safari/533.22.3"
77.185.168.70 - - [01/Sep/2013:10:53:39 +0200] "GET /produkt/design/behoerden/ HTTP/1.1" 200 6562 "http://www.modeinstitut-berlin.de/produkt/design/dienstkleidung/" "Mozilla/5.0 (Macintosh; PPC Mac OS X 10_5_8) AppleWebKit/534.50.2 (KHTML, like Gecko) Version/5.0.6 Safari/533.22.3"
77.185.168.70 - - [01/Sep/2013:10:53:40 +0200] "GET /images/flash/behoerden.swf HTTP/1.1" 200 99022 "http://www.modeinstitut-berlin.de/produkt/design/behoerden/" "Mozilla/5.0 (Macintosh; PPC Mac OS X 10_5_8) AppleWebKit/534.50.2 (KHTML, like Gecko) Version/5.0.6 Safari/533.22.3"
77.185.168.70 - - [01/Sep/2013:10:53:47 +0200] "GET /images/layout/nav-hover-all.jpg HTTP/1.1" 200 332 "http://www.modeinstitut-berlin.de/produkt/design/behoerden/" "Mozilla/5.0 (Macintosh; PPC Mac OS X 10_5_8) AppleWebKit/534.50.2 (KHTML, like Gecko) Version/5.0.6 Safari/533.22.3"
77.185.168.70 - - [01/Sep/2013:10:53:50 +0200] "GET /unternehmen/stellenangebote/ HTTP/1.1" 200 5152 "http://www.modeinstitut-berlin.de/produkt/design/behoerden/" "Mozilla/5.0 (Macintosh; PPC Mac OS X 10_5_8) AppleWebKit/534.50.2 (KHTML, like Gecko) Version/5.0.6 Safari/533.22.3"
77.185.168.70 - - [01/Sep/2013:10:53:51 +0200] "GET /images/layout/spc.gif HTTP/1.1" 200 43 "http://www.modeinstitut-berlin.de/unternehmen/stellenangebote/" "Mozilla/5.0 (Macintosh; PPC Mac OS X 10_5_8) AppleWebKit/534.50.2 (KHTML, like Gecko) Version/5.0.6 Safari/533.22.3"
77.185.168.70 - - [01/Sep/2013:10:53:56 +0200] "GET /images/layout/nav-hover-1.jpg HTTP/1.1" 200 746 "http://www.modeinstitut-berlin.de/unternehmen/stellenangebote/" "Mozilla/5.0 (Macintosh; PPC Mac OS X 10_5_8) AppleWebKit/534.50.2 (KHTML, like Gecko) Version/5.0.6 Safari/533.22.3"
202.46.49.13 - - [01/Sep/2013:10:54:47 +0200] "GET / HTTP/1.1" 200 6854 "-" "Mozilla/4.0 (compatible; MSIE 7.0; Windows NT 6.0)"
119.63.193.194 - - [01/Sep/2013:10:55:27 +0200] "GET / HTTP/1.1" 200 6854 "-" "Mozilla/4.0 (compatible; MSIE 7.0; Windows NT 6.0)"
65.55.215.94 - - [01/Sep/2013:11:25:02 +0200] "GET /robots.txt HTTP/1.1" 200 317 "-" "msnbot-media/1.1 (+http://search.msn.com/msnbot.htm)"
65.55.215.94 - - [01/Sep/2013:11:25:03 +0200] "GET /images/motive/wowereit/wowereit_10.jpg HTTP/1.1" 200 74237 "-" "msnbot-media/1.1 (+http://search.msn.com/msnbot.htm)"
93.219.57.124 - - [01/Sep/2013:11:39:10 +0200] "GET /bestellsystem/kundenlogin/ HTTP/1.1" 200 4528 "http://www.google.de/url?sa=t&rct=j&q=www.modeinstitut-berlin.de&source=web&cd=2&ved=0CDsQjBAwAQ&url=http%3A%2F%2Fwww.modeinstitut-berlin.de%2Fbestellsystem%2Fkundenlogin%2F&ei=7QojUtzUL4bAtQbG84D4CA&usg=AFQjCNEbo3WEGUXkO7AR33iGik8mipk3xA&bvm=bv.51495398,d.Yms" "Mozilla/5.0 (Macintosh; Intel Mac OS X 10_6_8) AppleWebKit/534.59.8 (KHTML, like Gecko) Version/5.1.9 Safari/534.59.8"
93.219.57.124 - - [01/Sep/2013:11:39:10 +0200] "GET /Scripts/AC_RunActiveContent.js HTTP/1.1" 200 8029 "http://www.modeinstitut-berlin.de/bestellsystem/kundenlogin/" "Mozilla/5.0 (Macintosh; Intel Mac OS X 10_6_8) AppleWebKit/534.59.8 (KHTML, like Gecko) Version/5.1.9 Safari/534.59.8"
93.219.57.124 - - [01/Sep/2013:11:39:10 +0200] "GET /css/newstyles.css HTTP/1.1" 200 9734 "http://www.modeinstitut-berlin.de/bestellsystem/kundenlogin/" "Mozilla/5.0 (Macintosh; Intel Mac OS X 10_6_8) AppleWebKit/534.59.8 (KHTML, like Gecko) Version/5.1.9 Safari/534.59.8"
93.219.57.124 - - [01/Sep/2013:11:39:10 +0200] "GET /includes/hover.js HTTP/1.1" 200 411 "http://www.modeinstitut-berlin.de/bestellsystem/kundenlogin/" "Mozilla/5.0 (Macintosh; Intel Mac OS X 10_6_8) AppleWebKit/534.59.8 (KHTML, like Gecko) Version/5.1.9 Safari/534.59.8"
93.219.57.124 - - [01/Sep/2013:11:39:10 +0200] "GET /images/layout/bg-content-big-1.jpg HTTP/1.1" 200 46493 "http://www.modeinstitut-berlin.de/bestellsystem/kundenlogin/" "Mozilla/5.0 (Macintosh; Intel Mac OS X 10_6_8) AppleWebKit/534.59.8 (KHTML, like Gecko) Version/5.1.9 Safari/534.59.8"
93.219.57.124 - - [01/Sep/2013:11:39:10 +0200] "GET /images/layout/bg-navi.jpg HTTP/1.1" 200 3342 "http://www.modeinstitut-berlin.de/bestellsystem/kundenlogin/" "Mozilla/5.0 (Macintosh; Intel Mac OS X 10_6_8) AppleWebKit/534.59.8 (KHTML, like Gecko) Version/5.1.9 Safari/534.59.8"
93.219.57.124 - - [01/Sep/2013:11:39:10 +0200] "GET /images/layout/link.gif HTTP/1.1" 200 52 "http://www.modeinstitut-berlin.de/bestellsystem/kundenlogin/" "Mozilla/5.0 (Macintosh; Intel Mac OS X 10_6_8) AppleWebKit/534.59.8 (KHTML, like Gecko) Version/5.1.9 Safari/534.59.8"
93.219.57.124 - - [01/Sep/2013:11:39:10 +0200] "GET /images/layout/global-bg.jpg HTTP/1.1" 200 917 "http://www.modeinstitut-berlin.de/bestellsystem/kundenlogin/" "Mozilla/5.0 (Macintosh; Intel Mac OS X 10_6_8) AppleWebKit/534.59.8 (KHTML, like Gecko) Version/5.1.9 Safari/534.59.8"
93.219.57.124 - - [01/Sep/2013:11:39:10 +0200] "GET /images/layout/wrapper-bg.jpg HTTP/1.1" 200 126878 "http://www.modeinstitut-berlin.de/bestellsystem/kundenlogin/" "Mozilla/5.0 (Macintosh; Intel Mac OS X 10_6_8) AppleWebKit/534.59.8 (KHTML, like Gecko) Version/5.1.9 Safari/534.59.8"
93.219.57.124 - - [01/Sep/2013:11:39:10 +0200] "GET /favicon.ico HTTP/1.1" 404 1256 "http://www.modeinstitut-berlin.de/bestellsystem/kundenlogin/" "Mozilla/5.0 (Macintosh; Intel Mac OS X 10_6_8) AppleWebKit/534.59.8 (KHTML, like Gecko) Version/5.1.9 Safari/534.59.8"
89.166.135.156 - - [01/Sep/2013:12:20:33 +0200] "GET /bestellsystem/kundenlogin/ HTTP/1.1" 200 4528 "http://www.google.de/url?sa=t&rct=j&q=&esrc=s&source=web&cd=2&ved=0CDQQFjAB&url=http%3A%2F%2Fwww.modeinstitut-berlin.de%2Fbestellsystem%2Fkundenlogin%2F&ei=kBQjUv24DIPpswaHh4HQCw&usg=AFQjCNEbo3WEGUXkO7AR33iGik8mipk3xA&bvm=bv.51495398,d.Yms" "Mozilla/5.0 (Windows NT 6.2; WOW64; rv:23.0) Gecko/20100101 Firefox/23.0"
89.166.135.156 - - [01/Sep/2013:12:20:33 +0200] "GET /css/newstyles.css HTTP/1.1" 200 9734 "http://www.modeinstitut-berlin.de/bestellsystem/kundenlogin/" "Mozilla/5.0 (Windows NT 6.2; WOW64; rv:23.0) Gecko/20100101 Firefox/23.0"
89.166.135.156 - - [01/Sep/2013:12:20:33 +0200] "GET /Scripts/AC_RunActiveContent.js HTTP/1.1" 200 8029 "http://www.modeinstitut-berlin.de/bestellsystem/kundenlogin/" "Mozilla/5.0 (Windows NT 6.2; WOW64; rv:23.0) Gecko/20100101 Firefox/23.0"
89.166.135.156 - - [01/Sep/2013:12:20:33 +0200] "GET /includes/hover.js HTTP/1.1" 200 411 "http://www.modeinstitut-berlin.de/bestellsystem/kundenlogin/" "Mozilla/5.0 (Windows NT 6.2; WOW64; rv:23.0) Gecko/20100101 Firefox/23.0"
89.166.135.156 - - [01/Sep/2013:12:20:33 +0200] "GET /images/layout/global-bg.jpg HTTP/1.1" 200 917 "http://www.modeinstitut-berlin.de/css/newstyles.css" "Mozilla/5.0 (Windows NT 6.2; WOW64; rv:23.0) Gecko/20100101 Firefox/23.0"
89.166.135.156 - - [01/Sep/2013:12:20:33 +0200] "GET /images/layout/bg-navi.jpg HTTP/1.1" 200 3342 "http://www.modeinstitut-berlin.de/css/newstyles.css" "Mozilla/5.0 (Windows NT 6.2; WOW64; rv:23.0) Gecko/20100101 Firefox/23.0"
89.166.135.156 - - [01/Sep/2013:12:20:33 +0200] "GET /images/layout/link.gif HTTP/1.1" 200 52 "http://www.modeinstitut-berlin.de/css/newstyles.css" "Mozilla/5.0 (Windows NT 6.2; WOW64; rv:23.0) Gecko/20100101 Firefox/23.0"
89.166.135.156 - - [01/Sep/2013:12:20:33 +0200] "GET /images/layout/wrapper-bg.jpg HTTP/1.1" 200 126878 "http://www.modeinstitut-berlin.de/css/newstyles.css" "Mozilla/5.0 (Windows NT 6.2; WOW64; rv:23.0) Gecko/20100101 Firefox/23.0"
89.166.135.156 - - [01/Sep/2013:12:20:33 +0200] "GET /images/layout/bg-content-big-1.jpg HTTP/1.1" 200 46493 "http://www.modeinstitut-berlin.de/css/newstyles.css" "Mozilla/5.0 (Windows NT 6.2; WOW64; rv:23.0) Gecko/20100101 Firefox/23.0"
89.166.135.156 - - [01/Sep/2013:12:20:34 +0200] "GET /favicon.ico HTTP/1.1" 404 1256 "-" "Mozilla/5.0 (Windows NT 6.2; WOW64; rv:23.0) Gecko/20100101 Firefox/23.0"
208.115.111.73 - - [01/Sep/2013:12:30:08 +0200] "GET /unternehmen/aktuelles/Trageversuch-BVG/ HTTP/1.1" 200 5787 "-" "Mozilla/5.0 (compatible; Ezooms/1.0; ezooms.bot@gmail.com)"
62.122.80.36 - - [01/Sep/2013:12:36:35 +0200] "GET /images/layout/spc.gif HTTP/1.0" 304 - "-" "Mozilla/4.0 (compatible;)"
46.105.114.127 - - [01/Sep/2013:12:40:10 +0200] "GET /unternehmen/servicecenter/Service-Center-Frankfurt/ HTTP/1.1" 200 7384 "-" "Mozilla/5.0 (X11; Linux i686; rv:6.0) Gecko/20100101 Firefox/6.0"
202.46.61.20 - - [01/Sep/2013:12:53:46 +0200] "GET / HTTP/1.1" 200 6854 "-" "Mozilla/4.0 (compatible; MSIE 7.0; Windows NT 6.0)"
119.63.193.194 - - [01/Sep/2013:12:54:25 +0200] "GET / HTTP/1.1" 200 6854 "-" "Mozilla/4.0 (compatible; MSIE 7.0; Windows NT 6.0)"
93.219.57.124 - - [01/Sep/2013:12:57:22 +0200] "GET /images/layout/nav-drop-foot.png HTTP/1.1" 200 42670 "http://www.modeinstitut-berlin.de/bestellsystem/kundenlogin/" "Mozilla/5.0 (Macintosh; Intel Mac OS X 10_6_8) AppleWebKit/534.59.8 (KHTML, like Gecko) Version/5.1.9 Safari/534.59.8"
