88.75.40.170 - - [02/Sep/2013:17:04:26 +0200] "GET /images/layout/nav-hover-all.jpg HTTP/1.1" 200 332 "http://www.modeinstitut-berlin.de/" "Mozilla/5.0 (compatible; MSIE 10.0; Windows NT 6.1; WOW64; Trident/6.0; yie9)"
88.75.40.170 - - [02/Sep/2013:17:04:26 +0200] "GET /images/layout/nav-drop-foot.png HTTP/1.1" 200 42670 "http://www.modeinstitut-berlin.de/" "Mozilla/5.0 (compatible; MSIE 10.0; Windows NT 6.1; WOW64; Trident/6.0; yie9)"
88.75.40.170 - - [02/Sep/2013:17:04:23 +0200] "GET /video/video.swf HTTP/1.1" 200 3107187 "http://www.modeinstitut-berlin.de/" "Mozilla/5.0 (compatible; MSIE 10.0; Windows NT 6.1; WOW64; Trident/6.0; yie9)"
88.75.40.170 - - [02/Sep/2013:17:04:27 +0200] "GET /favicon.ico HTTP/1.1" 404 1256 "-" "Mozilla/5.0 (compatible; MSIE 10.0; Windows NT 6.1; Win64; x64; Trident/6.0; yie9)"
88.75.40.170 - - [02/Sep/2013:17:04:28 +0200] "GET /images/layout/nav-hover-end.jpg HTTP/1.1" 200 780 "http://www.modeinstitut-berlin.de/" "Mozilla/5.0 (compatible; MSIE 10.0; Windows NT 6.1; WOW64; Trident/6.0; yie9)"
88.75.40.170 - - [02/Sep/2013:17:04:30 +0200] "GET /unternehmensbekleidung/ HTTP/1.1" 200 2308 "http://www.modeinstitut-berlin.de/" "Mozilla/5.0 (compatible; MSIE 10.0; Windows NT 6.1; WOW64; Trident/6.0; yie9)"
88.75.40.170 - - [02/Sep/2013:17:04:30 +0200] "GET /images/flash/logistik.swf HTTP/1.1" 200 419069 "http://www.modeinstitut-berlin.de/unternehmensbekleidung/" "Mozilla/5.0 (compatible; MSIE 10.0; Windows NT 6.1; WOW64; Trident/6.0; yie9)"
88.75.40.170 - - [02/Sep/2013:17:04:31 +0200] "GET /favicon.ico HTTP/1.1" 404 1256 "-" "Mozilla/5.0 (compatible; MSIE 10.0; Windows NT 6.1; Win64; x64; Trident/6.0; yie9)"
193.159.122.235 - - [02/Sep/2013:17:04:36 +0200] "GET / HTTP/1.1" 200 2050 "http://www.google.de/url?sa=t&rct=j&q=&esrc=s&source=web&cd=1&ved=0CDIQFjAA&url=http%3A%2F%2Fwww.modeinstitut-berlin.de%2F&ei=I6gkUuuRCMad7QbAvIGwDQ&usg=AFQjCNGV1Fr5FizdOKg_EBKnjKkFrlfWEQ&bvm=bv.51495398,d.ZGU" "Mozilla/5.0 (Windows NT 6.1; WOW64; rv:23.0) Gecko/20100101 Firefox/23.0"
88.75.40.170 - - [02/Sep/2013:17:04:40 +0200] "GET /referenzen/auszug/ HTTP/1.1" 200 6423 "http://www.modeinstitut-berlin.de/unternehmensbekleidung/" "Mozilla/5.0 (compatible; MSIE 10.0; Windows NT 6.1; WOW64; Trident/6.0; yie9)"
88.75.40.170 - - [02/Sep/2013:17:04:40 +0200] "GET /images/motive/logos/Pin-Mail.jpg HTTP/1.1" 200 18155 "http://www.modeinstitut-berlin.de/referenzen/auszug/" "Mozilla/5.0 (compatible; MSIE 10.0; Windows NT 6.1; WOW64; Trident/6.0; yie9)"
88.75.40.170 - - [02/Sep/2013:17:04:40 +0200] "GET /images/motive/logos/bvg.jpg HTTP/1.1" 200 17033 "http://www.modeinstitut-berlin.de/referenzen/auszug/" "Mozilla/5.0 (compatible; MSIE 10.0; Windows NT 6.1; WOW64; Trident/6.0; yie9)"
88.75.40.170 - - [02/Sep/2013:17:04:40 +0200] "GET /images/motive/logos/bayrischer.jpg HTTP/1.1" 200 15953 "http://www.modeinstitut-berlin.de/referenzen/auszug/" "Mozilla/5.0 (compatible; MSIE 10.0; Windows NT 6.1; WOW64; Trident/6.0; yie9)"
88.75.40.170 - - [02/Sep/2013:17:04:40 +0200] "GET /images/motive/logos/mvb.jpg HTTP/1.1" 200 20330 "http://www.modeinstitut-berlin.de/referenzen/auszug/" "Mozilla/5.0 (compatible; MSIE 10.0; Windows NT 6.1; WOW64; Trident/6.0; yie9)"
88.75.40.170 - - [02/Sep/2013:17:04:41 +0200] "GET /images/motive/logos/mvg.jpg HTTP/1.1" 200 16049 "http://www.modeinstitut-berlin.de/referenzen/auszug/" "Mozilla/5.0 (compatible; MSIE 10.0; Windows NT 6.1; WOW64; Trident/6.0; yie9)"
88.75.40.170 - - [02/Sep/2013:17:04:41 +0200] "GET /images/motive/logos/VR_Bank.jpg HTTP/1.1" 200 19988 "http://www.modeinstitut-berlin.de/referenzen/auszug/" "Mozilla/5.0 (compatible; MSIE 10.0; Windows NT 6.1; WOW64; Trident/6.0; yie9)"
88.75.40.170 - - [02/Sep/2013:17:04:41 +0200] "GET /images/motive/logos/rnv-logo.jpg HTTP/1.1" 200 13013 "http://www.modeinstitut-berlin.de/referenzen/auszug/" "Mozilla/5.0 (compatible; MSIE 10.0; Windows NT 6.1; WOW64; Trident/6.0; yie9)"
88.75.40.170 - - [02/Sep/2013:17:04:41 +0200] "GET /images/motive/logos/fis.jpg HTTP/1.1" 200 20913 "http://www.modeinstitut-berlin.de/referenzen/auszug/" "Mozilla/5.0 (compatible; MSIE 10.0; Windows NT 6.1; WOW64; Trident/6.0; yie9)"
88.75.40.170 - - [02/Sep/2013:17:04:41 +0200] "GET /images/motive/logos/melia2.jpg HTTP/1.1" 200 6337 "http://www.modeinstitut-berlin.de/referenzen/auszug/" "Mozilla/5.0 (compatible; MSIE 10.0; Windows NT 6.1; WOW64; Trident/6.0; yie9)"
88.75.40.170 - - [02/Sep/2013:17:04:41 +0200] "GET /images/motive/logos/lvb.jpg HTTP/1.1" 200 24555 "http://www.modeinstitut-berlin.de/referenzen/auszug/" "Mozilla/5.0 (compatible; MSIE 10.0; Windows NT 6.1; WOW64; Trident/6.0; yie9)"
88.75.40.170 - - [02/Sep/2013:17:04:41 +0200] "GET /images/motive/logos/globeground.jpg HTTP/1.1" 200 16348 "http://www.modeinstitut-berlin.de/referenzen/auszug/" "Mozilla/5.0 (compatible; MSIE 10.0; Windows NT 6.1; WOW64; Trident/6.0; yie9)"
88.75.40.170 - - [02/Sep/2013:17:04:41 +0200] "GET /images/motive/logos/bundestag.jpg HTTP/1.1" 200 18038 "http://www.modeinstitut-berlin.de/referenzen/auszug/" "Mozilla/5.0 (compatible; MSIE 10.0; Windows NT 6.1; WOW64; Trident/6.0; yie9)"
88.75.40.170 - - [02/Sep/2013:17:04:41 +0200] "GET /images/motive/logos/Logo-Kameha-Grand-Bonn.jpg HTTP/1.1" 200 17221 "http://www.modeinstitut-berlin.de/referenzen/auszug/" "Mozilla/5.0 (compatible; MSIE 10.0; Windows NT 6.1; WOW64; Trident/6.0; yie9)"
88.75.40.170 - - [02/Sep/2013:17:04:41 +0200] "GET /images/motive/logos/vag.jpg HTTP/1.1" 200 13744 "http://www.modeinstitut-berlin.de/referenzen/auszug/" "Mozilla/5.0 (compatible; MSIE 10.0; Windows NT 6.1; WOW64; Trident/6.0; yie9)"
88.75.40.170 - - [02/Sep/2013:17:04:41 +0200] "GET /images/layout/bg-content-refs1.jpg HTTP/1.1" 200 39149 "http://www.modeinstitut-berlin.de/referenzen/auszug/" "Mozilla/5.0 (compatible; MSIE 10.0; Windows NT 6.1; WOW64; Trident/6.0; yie9)"
88.75.40.170 - - [02/Sep/2013:17:04:41 +0200] "GET /images/motive/logos/vgf.jpg HTTP/1.1" 200 14122 "http://www.modeinstitut-berlin.de/referenzen/auszug/" "Mozilla/5.0 (compatible; MSIE 10.0; Windows NT 6.1; WOW64; Trident/6.0; yie9)"
88.75.40.170 - - [02/Sep/2013:17:04:43 +0200] "GET /images/motive/logos/deutschepost.gif HTTP/1.1" 200 1468 "http://www.modeinstitut-berlin.de/referenzen/auszug/" "Mozilla/5.0 (compatible; MSIE 10.0; Windows NT 6.1; WOW64; Trident/6.0; yie9)"
88.75.40.170 - - [02/Sep/2013:17:04:43 +0200] "GET /images/motive/logos/BT-Logo.png HTTP/1.1" 200 8730 "http://www.modeinstitut-berlin.de/referenzen/auszug/" "Mozilla/5.0 (compatible; MSIE 10.0; Windows NT 6.1; WOW64; Trident/6.0; yie9)"
88.75.40.170 - - [02/Sep/2013:17:04:43 +0200] "GET /images/motive/logos/frasec.jpg HTTP/1.1" 200 19377 "http://www.modeinstitut-berlin.de/referenzen/auszug/" "Mozilla/5.0 (compatible; MSIE 10.0; Windows NT 6.1; WOW64; Trident/6.0; yie9)"
88.75.40.170 - - [02/Sep/2013:17:04:50 +0200] "GET /referenzen/galerie/ HTTP/1.1" 200 4854 "http://www.modeinstitut-berlin.de/referenzen/auszug/" "Mozilla/5.0 (compatible; MSIE 10.0; Windows NT 6.1; WOW64; Trident/6.0; yie9)"
88.75.40.170 - - [02/Sep/2013:17:04:50 +0200] "GET /js/swfobject.js HTTP/1.1" 200 10220 "http://www.modeinstitut-berlin.de/referenzen/galerie/" "Mozilla/5.0 (compatible; MSIE 10.0; Windows NT 6.1; WOW64; Trident/6.0; yie9)"
88.75.40.170 - - [02/Sep/2013:17:04:50 +0200] "GET /images/layout/bg-content-refs2.jpg HTTP/1.1" 200 28935 "http://www.modeinstitut-berlin.de/referenzen/galerie/" "Mozilla/5.0 (compatible; MSIE 10.0; Windows NT 6.1; WOW64; Trident/6.0; yie9)"
88.75.40.170 - - [02/Sep/2013:17:04:50 +0200] "GET /images/flash/monoslideshow.swf HTTP/1.1" 200 107761 "http://www.modeinstitut-berlin.de/referenzen/galerie/" "Mozilla/5.0 (compatible; MSIE 10.0; Windows NT 6.1; WOW64; Trident/6.0; yie9)"
88.75.40.170 - - [02/Sep/2013:17:04:50 +0200] "GET /images/flash/monoslideshow.xml HTTP/1.1" 200 3276 "http://www.modeinstitut-berlin.de/images/flash/monoslideshow.swf" "Mozilla/5.0 (compatible; MSIE 10.0; Windows NT 6.1; WOW64; Trident/6.0; yie9)"
88.75.40.170 - - [02/Sep/2013:17:04:50 +0200] "GET /images/motive/slideshow/images/084-A-Design-Award-2013.jpg HTTP/1.1" 200 232895 "http://www.modeinstitut-berlin.de/images/flash/monoslideshow.swf" "Mozilla/5.0 (compatible; MSIE 10.0; Windows NT 6.1; WOW64; Trident/6.0; yie9)"
88.75.40.170 - - [02/Sep/2013:17:04:54 +0200] "GET /images/motive/slideshow/images/085-A-Design-Award-2013.jpg HTTP/1.1" 200 251517 "http://www.modeinstitut-berlin.de/images/flash/monoslideshow.swf" "Mozilla/5.0 (compatible; MSIE 10.0; Windows NT 6.1; WOW64; Trident/6.0; yie9)"
88.75.40.170 - - [02/Sep/2013:17:04:56 +0200] "GET /images/motive/slideshow/images/087.jpg HTTP/1.1" 200 225348 "http://www.modeinstitut-berlin.de/images/flash/monoslideshow.swf" "Mozilla/5.0 (compatible; MSIE 10.0; Windows NT 6.1; WOW64; Trident/6.0; yie9)"
88.75.40.170 - - [02/Sep/2013:17:04:58 +0200] "GET /images/motive/slideshow/images/088.jpg HTTP/1.1" 200 136016 "http://www.modeinstitut-berlin.de/images/flash/monoslideshow.swf" "Mozilla/5.0 (compatible; MSIE 10.0; Windows NT 6.1; WOW64; Trident/6.0; yie9)"
88.75.40.170 - - [02/Sep/2013:17:04:59 +0200] "GET /images/motive/slideshow/images/089.jpg HTTP/1.1" 200 212364 "http://www.modeinstitut-berlin.de/images/flash/monoslideshow.swf" "Mozilla/5.0 (compatible; MSIE 10.0; Windows NT 6.1; WOW64; Trident/6.0; yie9)"
88.75.40.170 - - [02/Sep/2013:17:05:00 +0200] "GET /images/motive/slideshow/images/090.jpg HTTP/1.1" 200 130130 "http://www.modeinstitut-berlin.de/images/flash/monoslideshow.swf" "Mozilla/5.0 (compatible; MSIE 10.0; Windows NT 6.1; WOW64; Trident/6.0; yie9)"
88.75.40.170 - - [02/Sep/2013:17:05:01 +0200] "GET /images/motive/slideshow/images/091.jpg HTTP/1.1" 200 191243 "http://www.modeinstitut-berlin.de/images/flash/monoslideshow.swf" "Mozilla/5.0 (compatible; MSIE 10.0; Windows NT 6.1; WOW64; Trident/6.0; yie9)"
193.159.122.235 - - [02/Sep/2013:17:05:01 +0200] "GET /bestellsystem/kundenlogin/ HTTP/1.1" 200 4528 "http://www.google.de/url?sa=t&rct=j&q=&esrc=s&source=web&cd=2&ved=0CDsQjBAwAQ&url=http%3A%2F%2Fwww.modeinstitut-berlin.de%2Fbestellsystem%2Fkundenlogin%2F&ei=I6gkUuuRCMad7QbAvIGwDQ&usg=AFQjCNEbo3WEGUXkO7AR33iGik8mipk3xA&bvm=bv.51495398,d.ZGU" "Mozilla/5.0 (Windows NT 6.1; WOW64; rv:23.0) Gecko/20100101 Firefox/23.0"
88.75.40.170 - - [02/Sep/2013:17:05:06 +0200] "GET /images/motive/slideshow/images/092.jpg HTTP/1.1" 200 198240 "http://www.modeinstitut-berlin.de/images/flash/monoslideshow.swf" "Mozilla/5.0 (compatible; MSIE 10.0; Windows NT 6.1; WOW64; Trident/6.0; yie9)"
88.75.40.170 - - [02/Sep/2013:17:05:07 +0200] "GET /images/motive/slideshow/images/093.jpg HTTP/1.1" 200 221696 "http://www.modeinstitut-berlin.de/images/flash/monoslideshow.swf" "Mozilla/5.0 (compatible; MSIE 10.0; Windows NT 6.1; WOW64; Trident/6.0; yie9)"
88.75.40.170 - - [02/Sep/2013:17:05:08 +0200] "GET /images/motive/slideshow/images/094.jpg HTTP/1.1" 200 205759 "http://www.modeinstitut-berlin.de/images/flash/monoslideshow.swf" "Mozilla/5.0 (compatible; MSIE 10.0; Windows NT 6.1; WOW64; Trident/6.0; yie9)"
88.75.40.170 - - [02/Sep/2013:17:05:10 +0200] "GET /images/layout/nav-hover-1.jpg HTTP/1.1" 200 746 "http://www.modeinstitut-berlin.de/referenzen/galerie/" "Mozilla/5.0 (compatible; MSIE 10.0; Windows NT 6.1; WOW64; Trident/6.0; yie9)"
193.159.122.235 - - [02/Sep/2013:17:05:11 +0200] "GET /unternehmen/servicecenter/ HTTP/1.1" 200 5785 "http://www.google.de/url?sa=t&rct=j&q=&esrc=s&source=web&cd=4&ved=0CEsQjBAwAw&url=http%3A%2F%2Fwww.modeinstitut-berlin.de%2Funternehmen%2Fservicecenter%2F&ei=I6gkUuuRCMad7QbAvIGwDQ&usg=AFQjCNFBkCj8nyzgR7co684nk5M-w_mM6Q&bvm=bv.51495398,d.ZGU" "Mozilla/5.0 (Windows NT 6.1; WOW64; rv:23.0) Gecko/20100101 Firefox/23.0"
193.159.122.235 - - [02/Sep/2013:17:05:11 +0200] "GET /images/layout/spc.gif HTTP/1.1" 200 43 "http://www.modeinstitut-berlin.de/unternehmen/servicecenter/" "Mozilla/5.0 (Windows NT 6.1; WOW64; rv:23.0) Gecko/20100101 Firefox/23.0"
193.159.122.235 - - [02/Sep/2013:17:05:11 +0200] "GET /images/motive/image-sidebox_deutschland.jpg HTTP/1.1" 200 30846 "http://www.modeinstitut-berlin.de/unternehmen/servicecenter/" "Mozilla/5.0 (Windows NT 6.1; WOW64; rv:23.0) Gecko/20100101 Firefox/23.0"
88.75.40.170 - - [02/Sep/2013:17:05:15 +0200] "GET /images/motive/slideshow/images/095.jpg HTTP/1.1" 200 139866 "http://www.modeinstitut-berlin.de/images/flash/monoslideshow.swf" "Mozilla/5.0 (compatible; MSIE 10.0; Windows NT 6.1; WOW64; Trident/6.0; yie9)"
88.75.40.170 - - [02/Sep/2013:17:05:18 +0200] "GET /produkt/design/ HTTP/1.1" 200 6495 "http://www.modeinstitut-berlin.de/referenzen/galerie/" "Mozilla/5.0 (compatible; MSIE 10.0; Windows NT 6.1; WOW64; Trident/6.0; yie9)"
88.75.40.170 - - [02/Sep/2013:17:05:19 +0200] "GET /images/flash/design.swf HTTP/1.1" 200 210329 "http://www.modeinstitut-berlin.de/produkt/design/" "Mozilla/5.0 (compatible; MSIE 10.0; Windows NT 6.1; WOW64; Trident/6.0; yie9)"
193.159.122.235 - - [02/Sep/2013:17:05:19 +0200] "GET /produkt/produktion/ HTTP/1.1" 200 6399 "http://www.modeinstitut-berlin.de/unternehmen/servicecenter/" "Mozilla/5.0 (Windows NT 6.1; WOW64; rv:23.0) Gecko/20100101 Firefox/23.0"
88.75.40.170 - - [02/Sep/2013:17:05:19 +0200] "GET /images/layout/bg-content-big-2.jpg HTTP/1.1" 200 38423 "http://www.modeinstitut-berlin.de/produkt/design/" "Mozilla/5.0 (compatible; MSIE 10.0; Windows NT 6.1; WOW64; Trident/6.0; yie9)"
193.159.122.235 - - [02/Sep/2013:17:05:19 +0200] "GET /images/flash/produktion.swf HTTP/1.1" 200 426162 "http://www.modeinstitut-berlin.de/produkt/produktion/" "Mozilla/5.0 (Windows NT 6.1; WOW64; rv:23.0) Gecko/20100101 Firefox/23.0"
88.75.40.170 - - [02/Sep/2013:17:05:24 +0200] "GET /produkt/design/dienstkleidung/ HTTP/1.1" 200 6773 "http://www.modeinstitut-berlin.de/produkt/design/" "Mozilla/5.0 (compatible; MSIE 10.0; Windows NT 6.1; WOW64; Trident/6.0; yie9)"
88.75.40.170 - - [02/Sep/2013:17:05:24 +0200] "GET /images/flash/dienstkleidung.swf HTTP/1.1" 200 253220 "http://www.modeinstitut-berlin.de/produkt/design/dienstkleidung/" "Mozilla/5.0 (compatible; MSIE 10.0; Windows NT 6.1; WOW64; Trident/6.0; yie9)"
193.159.122.235 - - [02/Sep/2013:17:05:28 +0200] "GET /referenzen/galerie/ HTTP/1.1" 200 4854 "http://www.modeinstitut-berlin.de/produkt/produktion/" "Mozilla/5.0 (Windows NT 6.1; WOW64; rv:23.0) Gecko/20100101 Firefox/23.0"
193.159.122.235 - - [02/Sep/2013:17:05:28 +0200] "GET /js/swfobject.js HTTP/1.1" 200 10220 "http://www.modeinstitut-berlin.de/referenzen/galerie/" "Mozilla/5.0 (Windows NT 6.1; WOW64; rv:23.0) Gecko/20100101 Firefox/23.0"
193.159.122.235 - - [02/Sep/2013:17:05:29 +0200] "GET /images/layout/bg-content-refs2.jpg HTTP/1.1" 200 28935 "http://www.modeinstitut-berlin.de/css/newstyles.css" "Mozilla/5.0 (Windows NT 6.1; WOW64; rv:23.0) Gecko/20100101 Firefox/23.0"
193.159.122.235 - - [02/Sep/2013:17:05:29 +0200] "GET /images/flash/monoslideshow.swf HTTP/1.1" 200 107761 "http://www.modeinstitut-berlin.de/referenzen/galerie/" "Mozilla/5.0 (Windows NT 6.1; WOW64; rv:23.0) Gecko/20100101 Firefox/23.0"
193.159.122.235 - - [02/Sep/2013:17:05:30 +0200] "GET /images/flash/monoslideshow.xml HTTP/1.1" 200 3276 "http://www.modeinstitut-berlin.de/images/flash/monoslideshow.swf" "Mozilla/5.0 (Windows NT 6.1; WOW64; rv:23.0) Gecko/20100101 Firefox/23.0"
193.159.122.235 - - [02/Sep/2013:17:05:30 +0200] "GET /images/motive/slideshow/images/084-A-Design-Award-2013.jpg HTTP/1.1" 200 232895 "http://www.modeinstitut-berlin.de/images/flash/monoslideshow.swf" "Mozilla/5.0 (Windows NT 6.1; WOW64; rv:23.0) Gecko/20100101 Firefox/23.0"
88.75.40.170 - - [02/Sep/2013:17:05:31 +0200] "GET /produkt/design/behoerden/ HTTP/1.1" 200 6562 "http://www.modeinstitut-berlin.de/produkt/design/dienstkleidung/" "Mozilla/5.0 (compatible; MSIE 10.0; Windows NT 6.1; WOW64; Trident/6.0; yie9)"
193.159.122.235 - - [02/Sep/2013:17:05:31 +0200] "GET /images/motive/slideshow/images/085-A-Design-Award-2013.jpg HTTP/1.1" 200 251517 "http://www.modeinstitut-berlin.de/images/flash/monoslideshow.swf" "Mozilla/5.0 (Windows NT 6.1; WOW64; rv:23.0) Gecko/20100101 Firefox/23.0"
193.159.122.235 - - [02/Sep/2013:17:05:31 +0200] "GET /images/motive/slideshow/images/087.jpg HTTP/1.1" 200 225348 "http://www.modeinstitut-berlin.de/images/flash/monoslideshow.swf" "Mozilla/5.0 (Windows NT 6.1; WOW64; rv:23.0) Gecko/20100101 Firefox/23.0"
88.75.40.170 - - [02/Sep/2013:17:05:32 +0200] "GET /images/flash/behoerden.swf HTTP/1.1" 200 99022 "http://www.modeinstitut-berlin.de/produkt/design/behoerden/" "Mozilla/5.0 (compatible; MSIE 10.0; Windows NT 6.1; WOW64; Trident/6.0; yie9)"
88.75.40.170 - - [02/Sep/2013:17:05:38 +0200] "GET /produkt/design/industrie/ HTTP/1.1" 200 6419 "http://www.modeinstitut-berlin.de/produkt/design/behoerden/" "Mozilla/5.0 (compatible; MSIE 10.0; Windows NT 6.1; WOW64; Trident/6.0; yie9)"
88.75.40.170 - - [02/Sep/2013:17:05:38 +0200] "GET /images/flash/industrie.swf HTTP/1.1" 200 98733 "http://www.modeinstitut-berlin.de/produkt/design/industrie/" "Mozilla/5.0 (compatible; MSIE 10.0; Windows NT 6.1; WOW64; Trident/6.0; yie9)"
193.159.122.235 - - [02/Sep/2013:17:05:38 +0200] "GET /images/motive/slideshow/images/088.jpg HTTP/1.1" 200 136016 "http://www.modeinstitut-berlin.de/images/flash/monoslideshow.swf" "Mozilla/5.0 (Windows NT 6.1; WOW64; rv:23.0) Gecko/20100101 Firefox/23.0"
88.75.40.170 - - [02/Sep/2013:17:05:44 +0200] "GET /produkt/design/verkehrsunternehmen/ HTTP/1.1" 200 6651 "http://www.modeinstitut-berlin.de/produkt/design/industrie/" "Mozilla/5.0 (compatible; MSIE 10.0; Windows NT 6.1; WOW64; Trident/6.0; yie9)"
88.75.40.170 - - [02/Sep/2013:17:05:44 +0200] "GET /images/flash/verkehrsunternehmen.swf HTTP/1.1" 200 297886 "http://www.modeinstitut-berlin.de/produkt/design/verkehrsunternehmen/" "Mozilla/5.0 (compatible; MSIE 10.0; Windows NT 6.1; WOW64; Trident/6.0; yie9)"
88.75.40.170 - - [02/Sep/2013:17:05:50 +0200] "GET /produkt/design/hotelbekleidung/ HTTP/1.1" 200 6525 "http://www.modeinstitut-berlin.de/produkt/design/verkehrsunternehmen/" "Mozilla/5.0 (compatible; MSIE 10.0; Windows NT 6.1; WOW64; Trident/6.0; yie9)"
88.75.40.170 - - [02/Sep/2013:17:05:51 +0200] "GET /images/flash/hotels.swf HTTP/1.1" 200 559251 "http://www.modeinstitut-berlin.de/produkt/design/hotelbekleidung/" "Mozilla/5.0 (compatible; MSIE 10.0; Windows NT 6.1; WOW64; Trident/6.0; yie9)"
193.159.122.235 - - [02/Sep/2013:17:05:55 +0200] "GET / HTTP/1.1" 200 2050 "http://www.google.de/url?sa=t&rct=j&q=&esrc=s&source=web&cd=8&ved=0CFYQoAIwBw&url=http%3A%2F%2Fwww.modeinstitut-berlin.de%2F&ei=I6gkUuuRCMad7QbAvIGwDQ&usg=AFQjCNGV1Fr5FizdOKg_EBKnjKkFrlfWEQ&bvm=bv.51495398,d.ZGU" "Mozilla/5.0 (Windows NT 6.1; WOW64; rv:23.0) Gecko/20100101 Firefox/23.0"
88.75.40.170 - - [02/Sep/2013:17:05:58 +0200] "GET /produkt/produktion/ HTTP/1.1" 200 6399 "http://www.modeinstitut-berlin.de/produkt/design/hotelbekleidung/" "Mozilla/5.0 (compatible; MSIE 10.0; Windows NT 6.1; WOW64; Trident/6.0; yie9)"
88.75.40.170 - - [02/Sep/2013:17:05:58 +0200] "GET /images/flash/produktion.swf HTTP/1.1" 200 426162 "http://www.modeinstitut-berlin.de/produkt/produktion/" "Mozilla/5.0 (compatible; MSIE 10.0; Windows NT 6.1; WOW64; Trident/6.0; yie9)"
88.75.40.170 - - [02/Sep/2013:17:06:06 +0200] "GET /produkt/service/ HTTP/1.1" 200 6034 "http://www.modeinstitut-berlin.de/produkt/produktion/" "Mozilla/5.0 (compatible; MSIE 10.0; Windows NT 6.1; WOW64; Trident/6.0; yie9)"
88.75.40.170 - - [02/Sep/2013:17:06:06 +0200] "GET /images/flash/service.swf HTTP/1.1" 200 170498 "http://www.modeinstitut-berlin.de/produkt/service/" "Mozilla/5.0 (compatible; MSIE 10.0; Windows NT 6.1; WOW64; Trident/6.0; yie9)"
193.159.122.235 - - [02/Sep/2013:17:06:13 +0200] "GET /dienstkleidung/ HTTP/1.1" 200 10206 "http://www.modeinstitut-berlin.de/" "Mozilla/5.0 (Windows NT 6.1; WOW64; rv:23.0) Gecko/20100101 Firefox/23.0"
88.75.40.170 - - [02/Sep/2013:17:06:14 +0200] "GET /unternehmen/aktuelles/ HTTP/1.1" 200 5790 "http://www.modeinstitut-berlin.de/produkt/service/" "Mozilla/5.0 (compatible; MSIE 10.0; Windows NT 6.1; WOW64; Trident/6.0; yie9)"
193.159.122.235 - - [02/Sep/2013:17:06:22 +0200] "GET /produkt/design/ HTTP/1.1" 200 6495 "http://www.modeinstitut-berlin.de/dienstkleidung/" "Mozilla/5.0 (Windows NT 6.1; WOW64; rv:23.0) Gecko/20100101 Firefox/23.0"
88.75.40.170 - - [02/Sep/2013:17:06:31 +0200] "GET /unternehmen/aktuelles/Dienstkleidung-BVG/ HTTP/1.1" 200 5292 "http://www.modeinstitut-berlin.de/unternehmen/aktuelles/" "Mozilla/5.0 (compatible; MSIE 10.0; Windows NT 6.1; WOW64; Trident/6.0; yie9)"
88.75.40.170 - - [02/Sep/2013:17:06:44 +0200] "GET / HTTP/1.1" 200 2050 "http://www.modeinstitut-berlin.de/unternehmen/aktuelles/Dienstkleidung-BVG/" "Mozilla/5.0 (compatible; MSIE 10.0; Windows NT 6.1; WOW64; Trident/6.0; yie9)"
178.5.31.17 - - [02/Sep/2013:17:07:27 +0200] "GET /unternehmen/aktuelles/Strickgarn-Lanura/ HTTP/1.1" 200 5900 "http://www.google.de/url?sa=t&rct=j&q=strickgarn&source=web&cd=11&ved=0CHgQFjAK&url=http%3A%2F%2Fwww.modeinstitut-berlin.de%2Funternehmen%2Faktuelles%2FStrickgarn-Lanura%2F&ei=l6QkUv2qHqf17AagnYC4Aw&usg=AFQjCNGJejefdedaZpQC53j7Q8A-l7z7dA" "Mozilla/5.0 (compatible; MSIE 10.0; Windows NT 6.1; WOW64; Trident/6.0)"
178.5.31.17 - - [02/Sep/2013:17:07:27 +0200] "GET /css/newstyles.css HTTP/1.1" 200 9734 "http://www.modeinstitut-berlin.de/unternehmen/aktuelles/Strickgarn-Lanura/" "Mozilla/5.0 (compatible; MSIE 10.0; Windows NT 6.1; WOW64; Trident/6.0)"
178.5.31.17 - - [02/Sep/2013:17:07:27 +0200] "GET /Scripts/AC_RunActiveContent.js HTTP/1.1" 200 8029 "http://www.modeinstitut-berlin.de/unternehmen/aktuelles/Strickgarn-Lanura/" "Mozilla/5.0 (compatible; MSIE 10.0; Windows NT 6.1; WOW64; Trident/6.0)"
178.5.31.17 - - [02/Sep/2013:17:07:27 +0200] "GET /includes/hover.js HTTP/1.1" 200 411 "http://www.modeinstitut-berlin.de/unternehmen/aktuelles/Strickgarn-Lanura/" "Mozilla/5.0 (compatible; MSIE 10.0; Windows NT 6.1; WOW64; Trident/6.0)"
178.5.31.17 - - [02/Sep/2013:17:07:27 +0200] "GET /images/layout/global-bg.jpg HTTP/1.1" 200 917 "http://www.modeinstitut-berlin.de/unternehmen/aktuelles/Strickgarn-Lanura/" "Mozilla/5.0 (compatible; MSIE 10.0; Windows NT 6.1; WOW64; Trident/6.0)"
178.5.31.17 - - [02/Sep/2013:17:07:27 +0200] "GET /images/layout/bg-navi.jpg HTTP/1.1" 200 3342 "http://www.modeinstitut-berlin.de/unternehmen/aktuelles/Strickgarn-Lanura/" "Mozilla/5.0 (compatible; MSIE 10.0; Windows NT 6.1; WOW64; Trident/6.0)"
178.5.31.17 - - [02/Sep/2013:17:07:27 +0200] "GET /css/iepngfix.htc HTTP/1.1" 200 2995 "-" "Mozilla/5.0 (compatible; MSIE 10.0; Windows NT 6.1; WOW64; Trident/6.0)"
178.5.31.17 - - [02/Sep/2013:17:07:27 +0200] "GET /images/layout/link.gif HTTP/1.1" 200 52 "http://www.modeinstitut-berlin.de/unternehmen/aktuelles/Strickgarn-Lanura/" "Mozilla/5.0 (compatible; MSIE 10.0; Windows NT 6.1; WOW64; Trident/6.0)"
178.5.31.17 - - [02/Sep/2013:17:07:27 +0200] "GET /images/motive/image-sidebox-Lanura-Garn.jpg HTTP/1.1" 200 97087 "http://www.modeinstitut-berlin.de/unternehmen/aktuelles/Strickgarn-Lanura/" "Mozilla/5.0 (compatible; MSIE 10.0; Windows NT 6.1; WOW64; Trident/6.0)"
178.5.31.17 - - [02/Sep/2013:17:07:27 +0200] "GET /images/layout/wrapper-bg.jpg HTTP/1.1" 200 126878 "http://www.modeinstitut-berlin.de/unternehmen/aktuelles/Strickgarn-Lanura/" "Mozilla/5.0 (compatible; MSIE 10.0; Windows NT 6.1; WOW64; Trident/6.0)"
178.5.31.17 - - [02/Sep/2013:17:07:28 +0200] "GET /images/layout/bg-content-big-1.jpg HTTP/1.1" 200 46493 "http://www.modeinstitut-berlin.de/unternehmen/aktuelles/Strickgarn-Lanura/" "Mozilla/5.0 (compatible; MSIE 10.0; Windows NT 6.1; WOW64; Trident/6.0)"
178.5.31.17 - - [02/Sep/2013:17:07:28 +0200] "GET /favicon.ico HTTP/1.1" 404 1256 "-" "Mozilla/5.0 (compatible; MSIE 10.0; Windows NT 6.1; Win64; x64; Trident/6.0)"
157.55.33.47 - - [02/Sep/2013:17:08:56 +0200] "GET /unternehmen/servicecenter/ HTTP/1.1" 200 5785 "-" "Mozilla/5.0 (compatible; bingbot/2.0; +http://www.bing.com/bingbot.htm)"
37.5.3.68 - - [02/Sep/2013:17:09:48 +0200] "GET / HTTP/1.1" 200 2050 "http://www.google.de/url?sa=t&rct=j&q=&esrc=s&source=web&cd=1&ved=0CDIQFjAA&url=http%3A%2F%2Fwww.modeinstitut-berlin.de%2F&ei=PackUpLQHLKf7gbcmYBY&usg=AFQjCNGV1Fr5FizdOKg_EBKnjKkFrlfWEQ&sig2=57jUxm6huUAG8M-8S_EnBQ&bvm=bv.51495398,d.Yms" "Mozilla/5.0 (Windows NT 5.1; rv:23.0) Gecko/20100101 Firefox/23.0"
37.5.3.68 - - [02/Sep/2013:17:09:49 +0200] "GET /css/newstyles.css HTTP/1.1" 200 9734 "http://www.modeinstitut-berlin.de/" "Mozilla/5.0 (Windows NT 5.1; rv:23.0) Gecko/20100101 Firefox/23.0"
37.5.3.68 - - [02/Sep/2013:17:09:49 +0200] "GET /Scripts/AC_RunActiveContent.js HTTP/1.1" 200 8029 "http://www.modeinstitut-berlin.de/" "Mozilla/5.0 (Windows NT 5.1; rv:23.0) Gecko/20100101 Firefox/23.0"
37.5.3.68 - - [02/Sep/2013:17:09:49 +0200] "GET /images/motive/Logo9001_5.png HTTP/1.1" 200 19358 "http://www.modeinstitut-berlin.de/" "Mozilla/5.0 (Windows NT 5.1; rv:23.0) Gecko/20100101 Firefox/23.0"
37.5.3.68 - - [02/Sep/2013:17:09:49 +0200] "GET /includes/hover.js HTTP/1.1" 200 411 "http://www.modeinstitut-berlin.de/" "Mozilla/5.0 (Windows NT 5.1; rv:23.0) Gecko/20100101 Firefox/23.0"
37.5.3.68 - - [02/Sep/2013:17:09:49 +0200] "GET /images/layout/global-bg.jpg HTTP/1.1" 200 917 "http://www.modeinstitut-berlin.de/css/newstyles.css" "Mozilla/5.0 (Windows NT 5.1; rv:23.0) Gecko/20100101 Firefox/23.0"
37.5.3.68 - - [02/Sep/2013:17:09:49 +0200] "GET /images/layout/bg-navi.jpg HTTP/1.1" 200 3342 "http://www.modeinstitut-berlin.de/css/newstyles.css" "Mozilla/5.0 (Windows NT 5.1; rv:23.0) Gecko/20100101 Firefox/23.0"
37.5.3.68 - - [02/Sep/2013:17:09:49 +0200] "GET /images/layout/link.gif HTTP/1.1" 200 52 "http://www.modeinstitut-berlin.de/css/newstyles.css" "Mozilla/5.0 (Windows NT 5.1; rv:23.0) Gecko/20100101 Firefox/23.0"
37.5.3.68 - - [02/Sep/2013:17:09:49 +0200] "GET /images/layout/bg-sidebox-plain1.jpg HTTP/1.1" 200 10064 "http://www.modeinstitut-berlin.de/css/newstyles.css" "Mozilla/5.0 (Windows NT 5.1; rv:23.0) Gecko/20100101 Firefox/23.0"
37.5.3.68 - - [02/Sep/2013:17:09:49 +0200] "GET /images/layout/bg-content-big-1.jpg HTTP/1.1" 200 46493 "http://www.modeinstitut-berlin.de/css/newstyles.css" "Mozilla/5.0 (Windows NT 5.1; rv:23.0) Gecko/20100101 Firefox/23.0"
37.5.3.68 - - [02/Sep/2013:17:09:49 +0200] "GET /images/layout/wrapper-bg.jpg HTTP/1.1" 200 126878 "http://www.modeinstitut-berlin.de/css/newstyles.css" "Mozilla/5.0 (Windows NT 5.1; rv:23.0) Gecko/20100101 Firefox/23.0"
37.5.3.68 - - [02/Sep/2013:17:09:49 +0200] "GET /video/video.swf HTTP/1.1" 200 3107187 "http://www.modeinstitut-berlin.de/" "Mozilla/5.0 (Windows NT 5.1; rv:23.0) Gecko/20100101 Firefox/23.0"
37.5.3.68 - - [02/Sep/2013:17:09:50 +0200] "GET /favicon.ico HTTP/1.1" 404 1256 "-" "Mozilla/5.0 (Windows NT 5.1; rv:23.0) Gecko/20100101 Firefox/23.0"
37.5.3.68 - - [02/Sep/2013:17:09:52 +0200] "GET /images/layout/nav-hover-all.jpg HTTP/1.1" 200 332 "http://www.modeinstitut-berlin.de/css/newstyles.css" "Mozilla/5.0 (Windows NT 5.1; rv:23.0) Gecko/20100101 Firefox/23.0"
37.5.3.68 - - [02/Sep/2013:17:09:52 +0200] "GET /images/layout/nav-drop-foot.png HTTP/1.1" 200 42670 "http://www.modeinstitut-berlin.de/css/newstyles.css" "Mozilla/5.0 (Windows NT 5.1; rv:23.0) Gecko/20100101 Firefox/23.0"
37.5.3.68 - - [02/Sep/2013:17:09:53 +0200] "GET /images/layout/nav-hover-end.jpg HTTP/1.1" 200 780 "http://www.modeinstitut-berlin.de/css/newstyles.css" "Mozilla/5.0 (Windows NT 5.1; rv:23.0) Gecko/20100101 Firefox/23.0"
80.187.101.61 - - [02/Sep/2013:17:11:22 +0200] "GET /produkt/design/behoerden/ HTTP/1.1" 200 6562 "http://www.google.com/search?hl=de&site=webhp&source=hp&ei=qKkkUtmHOIfK0wX18oHoBw&q=dienstkleidung+ausstatter+berlin&oq=dienstkleidungsaustatter+berlin&gs_l=mobile-gws-hp.1.0.30i10.4129.54744.0.76373.64.38.17.9.10.0.501.6559.1j31j2j3j0j1.38.0....0...1c.1.26.mobile-gws-hp..1.63.6825.BXbfEMjPSp4" "Mozilla/5.0 (Linux; U; Android 4.1.2; de-de; SAMSUNG GT-I9305/I9305XXBME3 Build/JZO54K) AppleWebKit/534.30 (KHTML, like Gecko) Version/4.0 Mobile Safari/534.30"
80.187.101.61 - - [02/Sep/2013:17:11:22 +0200] "GET /css/newstyles.css HTTP/1.1" 200 9734 "http://www.modeinstitut-berlin.de/produkt/design/behoerden/" "Mozilla/5.0 (Linux; U; Android 4.1.2; de-de; SAMSUNG GT-I9305/I9305XXBME3 Build/JZO54K) AppleWebKit/534.30 (KHTML, like Gecko) Version/4.0 Mobile Safari/534.30"
80.187.101.61 - - [02/Sep/2013:17:11:22 +0200] "GET /Scripts/AC_RunActiveContent.js HTTP/1.1" 200 8029 "http://www.modeinstitut-berlin.de/produkt/design/behoerden/" "Mozilla/5.0 (Linux; U; Android 4.1.2; de-de; SAMSUNG GT-I9305/I9305XXBME3 Build/JZO54K) AppleWebKit/534.30 (KHTML, like Gecko) Version/4.0 Mobile Safari/534.30"
80.187.101.61 - - [02/Sep/2013:17:11:22 +0200] "GET /includes/hover.js HTTP/1.1" 200 411 "http://www.modeinstitut-berlin.de/produkt/design/behoerden/" "Mozilla/5.0 (Linux; U; Android 4.1.2; de-de; SAMSUNG GT-I9305/I9305XXBME3 Build/JZO54K) AppleWebKit/534.30 (KHTML, like Gecko) Version/4.0 Mobile Safari/534.30"
80.187.101.61 - - [02/Sep/2013:17:11:22 +0200] "GET /images/layout/global-bg.jpg HTTP/1.1" 200 917 "http://www.modeinstitut-berlin.de/produkt/design/behoerden/" "Mozilla/5.0 (Linux; U; Android 4.1.2; de-de; SAMSUNG GT-I9305/I9305XXBME3 Build/JZO54K) AppleWebKit/534.30 (KHTML, like Gecko) Version/4.0 Mobile Safari/534.30"
80.187.101.61 - - [02/Sep/2013:17:11:22 +0200] "GET /images/layout/bg-navi.jpg HTTP/1.1" 200 3342 "http://www.modeinstitut-berlin.de/produkt/design/behoerden/" "Mozilla/5.0 (Linux; U; Android 4.1.2; de-de; SAMSUNG GT-I9305/I9305XXBME3 Build/JZO54K) AppleWebKit/534.30 (KHTML, like Gecko) Version/4.0 Mobile Safari/534.30"
80.187.101.61 - - [02/Sep/2013:17:11:22 +0200] "GET /images/layout/bg-content-big-2.jpg HTTP/1.1" 200 38423 "http://www.modeinstitut-berlin.de/produkt/design/behoerden/" "Mozilla/5.0 (Linux; U; Android 4.1.2; de-de; SAMSUNG GT-I9305/I9305XXBME3 Build/JZO54K) AppleWebKit/534.30 (KHTML, like Gecko) Version/4.0 Mobile Safari/534.30"
80.187.101.61 - - [02/Sep/2013:17:11:23 +0200] "GET /images/layout/bg-sidebox-plain1.jpg HTTP/1.1" 200 10064 "http://www.modeinstitut-berlin.de/produkt/design/behoerden/" "Mozilla/5.0 (Linux; U; Android 4.1.2; de-de; SAMSUNG GT-I9305/I9305XXBME3 Build/JZO54K) AppleWebKit/534.30 (KHTML, like Gecko) Version/4.0 Mobile Safari/534.30"
80.187.101.61 - - [02/Sep/2013:17:11:22 +0200] "GET /images/layout/wrapper-bg.jpg HTTP/1.1" 200 126878 "http://www.modeinstitut-berlin.de/produkt/design/behoerden/" "Mozilla/5.0 (Linux; U; Android 4.1.2; de-de; SAMSUNG GT-I9305/I9305XXBME3 Build/JZO54K) AppleWebKit/534.30 (KHTML, like Gecko) Version/4.0 Mobile Safari/534.30"
80.187.101.61 - - [02/Sep/2013:17:11:23 +0200] "GET /images/layout/link.gif HTTP/1.1" 200 52 "http://www.modeinstitut-berlin.de/produkt/design/behoerden/" "Mozilla/5.0 (Linux; U; Android 4.1.2; de-de; SAMSUNG GT-I9305/I9305XXBME3 Build/JZO54K) AppleWebKit/534.30 (KHTML, like Gecko) Version/4.0 Mobile Safari/534.30"
80.187.101.61 - - [02/Sep/2013:17:11:23 +0200] "GET /favicon.ico HTTP/1.1" 404 1256 "http://www.modeinstitut-berlin.de/produkt/design/behoerden/" "Mozilla/5.0 (Linux; U; Android 4.1.2; de-de; SAMSUNG GT-I9305/I9305XXBME3 Build/JZO54K) AppleWebKit/534.30 (KHTML, like Gecko) Version/4.0 Mobile Safari/534.30"
37.5.3.68 - - [02/Sep/2013:17:11:43 +0200] "GET / HTTP/1.1" 200 2050 "http://www.google.de/url?sa=t&rct=j&q=&esrc=s&source=web&cd=1&sqi=2&ved=0CDUQoAIwAA&url=http%3A%2F%2Fwww.modeinstitut-berlin.de%2F&ei=SqokUveHNrCV7AaD1oGwBg&usg=AFQjCNGV1Fr5FizdOKg_EBKnjKkFrlfWEQ&sig2=ZxvAgTHaBis9nJdO55am6w&bvm=bv.51495398,d.Yms" "Mozilla/5.0 (Windows NT 5.1; rv:23.0) Gecko/20100101 Firefox/23.0"
37.5.3.68 - - [02/Sep/2013:17:11:43 +0200] "GET /favicon.ico HTTP/1.1" 404 1256 "-" "Mozilla/5.0 (Windows NT 5.1; rv:23.0) Gecko/20100101 Firefox/23.0"
37.5.3.68 - - [02/Sep/2013:17:11:46 +0200] "GET /unternehmen/firmenprofil/ HTTP/1.1" 200 1948 "http://www.modeinstitut-berlin.de/" "Mozilla/5.0 (Windows NT 5.1; rv:23.0) Gecko/20100101 Firefox/23.0"
37.5.3.68 - - [02/Sep/2013:17:11:46 +0200] "GET /images/layout/spc.gif HTTP/1.1" 200 43 "http://www.modeinstitut-berlin.de/unternehmen/firmenprofil/" "Mozilla/5.0 (Windows NT 5.1; rv:23.0) Gecko/20100101 Firefox/23.0"
37.5.3.68 - - [02/Sep/2013:17:11:46 +0200] "GET /images/motive/image-sidebox_gsg.jpg HTTP/1.1" 200 165404 "http://www.modeinstitut-berlin.de/unternehmen/firmenprofil/" "Mozilla/5.0 (Windows NT 5.1; rv:23.0) Gecko/20100101 Firefox/23.0"
37.5.3.68 - - [02/Sep/2013:17:11:54 +0200] "GET /impressum/ HTTP/1.1" 200 5301 "http://www.modeinstitut-berlin.de/unternehmen/firmenprofil/" "Mozilla/5.0 (Windows NT 5.1; rv:23.0) Gecko/20100101 Firefox/23.0"
80.187.101.61 - - [02/Sep/2013:17:12:35 +0200] "GET /dienstkleidung/ HTTP/1.1" 200 10206 "http://www.google.com/search?hl=de&site=webhp&source=hp&ei=qKkkUtmHOIfK0wX18oHoBw&q=dienstkleidung+ausstatter+berlin&oq=dienstkleidungsaustatter+berlin&gs_l=mobile-gws-hp.1.0.30i10.4129.54744.0.76373.64.38.17.9.10.0.501.6559.1j31j2j3j0j1.38.0....0...1c.1.26.mobile-gws-hp..1.63.6825.BXbfEMjPSp4" "Mozilla/5.0 (Linux; U; Android 4.1.2; de-de; SAMSUNG GT-I9305/I9305XXBME3 Build/JZO54K) AppleWebKit/534.30 (KHTML, like Gecko) Version/4.0 Mobile Safari/534.30"
80.187.101.61 - - [02/Sep/2013:17:12:35 +0200] "GET /js/dw_scroll_c.js HTTP/1.1" 200 36858 "http://www.modeinstitut-berlin.de/dienstkleidung/" "Mozilla/5.0 (Linux; U; Android 4.1.2; de-de; SAMSUNG GT-I9305/I9305XXBME3 Build/JZO54K) AppleWebKit/534.30 (KHTML, like Gecko) Version/4.0 Mobile Safari/534.30"
80.187.101.61 - - [02/Sep/2013:17:12:35 +0200] "GET /css/scroll_v.css HTTP/1.1" 200 1437 "http://www.modeinstitut-berlin.de/dienstkleidung/" "Mozilla/5.0 (Linux; U; Android 4.1.2; de-de; SAMSUNG GT-I9305/I9305XXBME3 Build/JZO54K) AppleWebKit/534.30 (KHTML, like Gecko) Version/4.0 Mobile Safari/534.30"
80.187.101.61 - - [02/Sep/2013:17:12:35 +0200] "GET /images/layout/bg-content-big-1.jpg HTTP/1.1" 200 46493 "http://www.modeinstitut-berlin.de/dienstkleidung/" "Mozilla/5.0 (Linux; U; Android 4.1.2; de-de; SAMSUNG GT-I9305/I9305XXBME3 Build/JZO54K) AppleWebKit/534.30 (KHTML, like Gecko) Version/4.0 Mobile Safari/534.30"
80.187.101.61 - - [02/Sep/2013:17:12:35 +0200] "GET /images/tri-up.gif HTTP/1.1" 200 62 "http://www.modeinstitut-berlin.de/dienstkleidung/" "Mozilla/5.0 (Linux; U; Android 4.1.2; de-de; SAMSUNG GT-I9305/I9305XXBME3 Build/JZO54K) AppleWebKit/534.30 (KHTML, like Gecko) Version/4.0 Mobile Safari/534.30"
80.187.101.61 - - [02/Sep/2013:17:12:36 +0200] "GET /images/tri-dn.gif HTTP/1.1" 200 63 "http://www.modeinstitut-berlin.de/dienstkleidung/" "Mozilla/5.0 (Linux; U; Android 4.1.2; de-de; SAMSUNG GT-I9305/I9305XXBME3 Build/JZO54K) AppleWebKit/534.30 (KHTML, like Gecko) Version/4.0 Mobile Safari/534.30"
80.187.101.61 - - [02/Sep/2013:17:12:51 +0200] "GET /images/layout/nav-hover-all.jpg HTTP/1.1" 200 332 "http://www.modeinstitut-berlin.de/dienstkleidung/" "Mozilla/5.0 (Linux; U; Android 4.1.2; de-de; SAMSUNG GT-I9305/I9305XXBME3 Build/JZO54K) AppleWebKit/534.30 (KHTML, like Gecko) Version/4.0 Mobile Safari/534.30"
80.187.101.61 - - [02/Sep/2013:17:12:51 +0200] "GET /images/layout/nav-drop-foot.png HTTP/1.1" 200 42670 "http://www.modeinstitut-berlin.de/dienstkleidung/" "Mozilla/5.0 (Linux; U; Android 4.1.2; de-de; SAMSUNG GT-I9305/I9305XXBME3 Build/JZO54K) AppleWebKit/534.30 (KHTML, like Gecko) Version/4.0 Mobile Safari/534.30"
80.187.101.61 - - [02/Sep/2013:17:13:09 +0200] "GET /unternehmen/servicecenter/ HTTP/1.1" 200 5785 "http://www.modeinstitut-berlin.de/dienstkleidung/" "Mozilla/5.0 (Linux; U; Android 4.1.2; de-de; SAMSUNG GT-I9305/I9305XXBME3 Build/JZO54K) AppleWebKit/534.30 (KHTML, like Gecko) Version/4.0 Mobile Safari/534.30"
80.187.101.61 - - [02/Sep/2013:17:13:09 +0200] "GET /images/layout/spc.gif HTTP/1.1" 200 43 "http://www.modeinstitut-berlin.de/unternehmen/servicecenter/" "Mozilla/5.0 (Linux; U; Android 4.1.2; de-de; SAMSUNG GT-I9305/I9305XXBME3 Build/JZO54K) AppleWebKit/534.30 (KHTML, like Gecko) Version/4.0 Mobile Safari/534.30"
80.187.101.61 - - [02/Sep/2013:17:13:09 +0200] "GET /images/motive/image-sidebox_deutschland.jpg HTTP/1.1" 200 30846 "http://www.modeinstitut-berlin.de/unternehmen/servicecenter/" "Mozilla/5.0 (Linux; U; Android 4.1.2; de-de; SAMSUNG GT-I9305/I9305XXBME3 Build/JZO54K) AppleWebKit/534.30 (KHTML, like Gecko) Version/4.0 Mobile Safari/534.30"
37.5.3.68 - - [02/Sep/2013:17:13:25 +0200] "GET /images/layout/nav-hover-1.jpg HTTP/1.1" 200 746 "http://www.modeinstitut-berlin.de/css/newstyles.css" "Mozilla/5.0 (Windows NT 5.1; rv:23.0) Gecko/20100101 Firefox/23.0"
217.86.137.250 - - [02/Sep/2013:17:13:25 +0200] "GET / HTTP/1.1" 200 2050 "-" "Mozilla/4.0 (compatible; MSIE 8.0; Windows NT 5.1; Trident/4.0; GTB7.5; .NET CLR 2.0.50727; .NET CLR 3.0.4506.2152; .NET CLR 3.5.30729; .NET4.0C; OfficeLiveConnector.1.5; OfficeLivePatch.1.3; AskTbORJ/5.15.2.23037)"
217.86.137.250 - - [02/Sep/2013:17:13:25 +0200] "GET /css/newstyles.css HTTP/1.1" 200 9734 "http://www.modeinstitut-berlin.de/" "Mozilla/4.0 (compatible; MSIE 8.0; Windows NT 5.1; Trident/4.0; GTB7.5; .NET CLR 2.0.50727; .NET CLR 3.0.4506.2152; .NET CLR 3.5.30729; .NET4.0C; OfficeLiveConnector.1.5; OfficeLivePatch.1.3; AskTbORJ/5.15.2.23037)"
37.5.3.68 - - [02/Sep/2013:17:13:25 +0200] "GET / HTTP/1.1" 200 2050 "http://www.modeinstitut-berlin.de/impressum/" "Mozilla/5.0 (Windows NT 5.1; rv:23.0) Gecko/20100101 Firefox/23.0"
217.86.137.250 - - [02/Sep/2013:17:13:26 +0200] "GET /images/layout/global-bg.jpg HTTP/1.1" 200 917 "http://www.modeinstitut-berlin.de/" "Mozilla/4.0 (compatible; MSIE 8.0; Windows NT 5.1; Trident/4.0; GTB7.5; .NET CLR 2.0.50727; .NET CLR 3.0.4506.2152; .NET CLR 3.5.30729; .NET4.0C; OfficeLiveConnector.1.5; OfficeLivePatch.1.3; AskTbORJ/5.15.2.23037)"
217.86.137.250 - - [02/Sep/2013:17:13:26 +0200] "GET /Scripts/AC_RunActiveContent.js HTTP/1.1" 200 8029 "http://www.modeinstitut-berlin.de/" "Mozilla/4.0 (compatible; MSIE 8.0; Windows NT 5.1; Trident/4.0; GTB7.5; .NET CLR 2.0.50727; .NET CLR 3.0.4506.2152; .NET CLR 3.5.30729; .NET4.0C; OfficeLiveConnector.1.5; OfficeLivePatch.1.3; AskTbORJ/5.15.2.23037)"
217.86.137.250 - - [02/Sep/2013:17:13:26 +0200] "GET /includes/hover.js HTTP/1.1" 200 411 "http://www.modeinstitut-berlin.de/" "Mozilla/4.0 (compatible; MSIE 8.0; Windows NT 5.1; Trident/4.0; GTB7.5; .NET CLR 2.0.50727; .NET CLR 3.0.4506.2152; .NET CLR 3.5.30729; .NET4.0C; OfficeLiveConnector.1.5; OfficeLivePatch.1.3; AskTbORJ/5.15.2.23037)"
217.86.137.250 - - [02/Sep/2013:17:13:26 +0200] "GET /images/layout/bg-navi.jpg HTTP/1.1" 200 3342 "http://www.modeinstitut-berlin.de/" "Mozilla/4.0 (compatible; MSIE 8.0; Windows NT 5.1; Trident/4.0; GTB7.5; .NET CLR 2.0.50727; .NET CLR 3.0.4506.2152; .NET CLR 3.5.30729; .NET4.0C; OfficeLiveConnector.1.5; OfficeLivePatch.1.3; AskTbORJ/5.15.2.23037)"
217.86.137.250 - - [02/Sep/2013:17:13:26 +0200] "GET /images/motive/Logo9001_5.png HTTP/1.1" 200 19358 "http://www.modeinstitut-berlin.de/" "Mozilla/4.0 (compatible; MSIE 8.0; Windows NT 5.1; Trident/4.0; GTB7.5; .NET CLR 2.0.50727; .NET CLR 3.0.4506.2152; .NET CLR 3.5.30729; .NET4.0C; OfficeLiveConnector.1.5; OfficeLivePatch.1.3; AskTbORJ/5.15.2.23037)"
217.86.137.250 - - [02/Sep/2013:17:13:27 +0200] "GET /images/layout/bg-sidebox-plain1.jpg HTTP/1.1" 200 10064 "http://www.modeinstitut-berlin.de/" "Mozilla/4.0 (compatible; MSIE 8.0; Windows NT 5.1; Trident/4.0; GTB7.5; .NET CLR 2.0.50727; .NET CLR 3.0.4506.2152; .NET CLR 3.5.30729; .NET4.0C; OfficeLiveConnector.1.5; OfficeLivePatch.1.3; AskTbORJ/5.15.2.23037)"
217.86.137.250 - - [02/Sep/2013:17:13:27 +0200] "GET /css/iepngfix.htc HTTP/1.1" 200 2995 "-" "Mozilla/4.0 (compatible; MSIE 8.0; Windows NT 5.1; Trident/4.0; GTB7.5; .NET CLR 2.0.50727; .NET CLR 3.0.4506.2152; .NET CLR 3.5.30729; .NET4.0C; OfficeLiveConnector.1.5; OfficeLivePatch.1.3; AskTbORJ/5.15.2.23037)"
217.86.137.250 - - [02/Sep/2013:17:13:27 +0200] "GET /images/layout/link.gif HTTP/1.1" 200 52 "http://www.modeinstitut-berlin.de/" "Mozilla/4.0 (compatible; MSIE 8.0; Windows NT 5.1; Trident/4.0; GTB7.5; .NET CLR 2.0.50727; .NET CLR 3.0.4506.2152; .NET CLR 3.5.30729; .NET4.0C; OfficeLiveConnector.1.5; OfficeLivePatch.1.3; AskTbORJ/5.15.2.23037)"
217.86.137.250 - - [02/Sep/2013:17:13:26 +0200] "GET /images/layout/bg-content-big-1.jpg HTTP/1.1" 200 46493 "http://www.modeinstitut-berlin.de/" "Mozilla/4.0 (compatible; MSIE 8.0; Windows NT 5.1; Trident/4.0; GTB7.5; .NET CLR 2.0.50727; .NET CLR 3.0.4506.2152; .NET CLR 3.5.30729; .NET4.0C; OfficeLiveConnector.1.5; OfficeLivePatch.1.3; AskTbORJ/5.15.2.23037)"
217.86.137.250 - - [02/Sep/2013:17:13:26 +0200] "GET /images/layout/wrapper-bg.jpg HTTP/1.1" 200 126878 "http://www.modeinstitut-berlin.de/" "Mozilla/4.0 (compatible; MSIE 8.0; Windows NT 5.1; Trident/4.0; GTB7.5; .NET CLR 2.0.50727; .NET CLR 3.0.4506.2152; .NET CLR 3.5.30729; .NET4.0C; OfficeLiveConnector.1.5; OfficeLivePatch.1.3; AskTbORJ/5.15.2.23037)"
217.86.137.250 - - [02/Sep/2013:17:13:27 +0200] "GET /images/layout/nav-drop-foot.png HTTP/1.1" 200 42670 "http://www.modeinstitut-berlin.de/" "Mozilla/4.0 (compatible; MSIE 8.0; Windows NT 5.1; Trident/4.0; GTB7.5; .NET CLR 2.0.50727; .NET CLR 3.0.4506.2152; .NET CLR 3.5.30729; .NET4.0C; OfficeLiveConnector.1.5; OfficeLivePatch.1.3; AskTbORJ/5.15.2.23037)"
217.86.137.250 - - [02/Sep/2013:17:13:31 +0200] "GET /images/layout/nav-hover-all.jpg HTTP/1.1" 200 332 "http://www.modeinstitut-berlin.de/" "Mozilla/4.0 (compatible; MSIE 8.0; Windows NT 5.1; Trident/4.0; GTB7.5; .NET CLR 2.0.50727; .NET CLR 3.0.4506.2152; .NET CLR 3.5.30729; .NET4.0C; OfficeLiveConnector.1.5; OfficeLivePatch.1.3; AskTbORJ/5.15.2.23037)"
217.86.137.250 - - [02/Sep/2013:17:13:27 +0200] "GET /video/video.swf HTTP/1.1" 200 3107187 "http://www.modeinstitut-berlin.de/" "Mozilla/4.0 (compatible; MSIE 8.0; Windows NT 5.1; Trident/4.0; GTB7.5; .NET CLR 2.0.50727; .NET CLR 3.0.4506.2152; .NET CLR 3.5.30729; .NET4.0C; OfficeLiveConnector.1.5; OfficeLivePatch.1.3; AskTbORJ/5.15.2.23037)"
217.86.137.250 - - [02/Sep/2013:17:13:35 +0200] "GET /images/layout/nav-hover-1.jpg HTTP/1.1" 200 746 "http://www.modeinstitut-berlin.de/" "Mozilla/4.0 (compatible; MSIE 8.0; Windows NT 5.1; Trident/4.0; GTB7.5; .NET CLR 2.0.50727; .NET CLR 3.0.4506.2152; .NET CLR 3.5.30729; .NET4.0C; OfficeLiveConnector.1.5; OfficeLivePatch.1.3; AskTbORJ/5.15.2.23037)"
217.86.137.250 - - [02/Sep/2013:17:13:36 +0200] "GET /favicon.ico HTTP/1.1" 404 1256 "-" "Mozilla/4.0 (compatible; MSIE 8.0; Windows NT 5.1; Trident/4.0; GTB7.5; .NET CLR 2.0.50727; .NET CLR 3.0.4506.2152; .NET CLR 3.5.30729; .NET4.0C; OfficeLiveConnector.1.5; OfficeLivePatch.1.3; AskTbORJ/5.15.2.23037)"
217.86.137.250 - - [02/Sep/2013:17:13:39 +0200] "GET /images/layout/nav-hover-end.jpg HTTP/1.1" 200 780 "http://www.modeinstitut-berlin.de/" "Mozilla/4.0 (compatible; MSIE 8.0; Windows NT 5.1; Trident/4.0; GTB7.5; .NET CLR 2.0.50727; .NET CLR 3.0.4506.2152; .NET CLR 3.5.30729; .NET4.0C; OfficeLiveConnector.1.5; OfficeLivePatch.1.3; AskTbORJ/5.15.2.23037)"
217.86.137.250 - - [02/Sep/2013:17:13:44 +0200] "GET /berufsbekleidung/ HTTP/1.1" 200 10474 "http://www.modeinstitut-berlin.de/" "Mozilla/4.0 (compatible; MSIE 8.0; Windows NT 5.1; Trident/4.0; GTB7.5; .NET CLR 2.0.50727; .NET CLR 3.0.4506.2152; .NET CLR 3.5.30729; .NET4.0C; OfficeLiveConnector.1.5; OfficeLivePatch.1.3; AskTbORJ/5.15.2.23037)"
217.86.137.250 - - [02/Sep/2013:17:13:44 +0200] "GET /js/dw_scroll_c.js HTTP/1.1" 200 36858 "http://www.modeinstitut-berlin.de/berufsbekleidung/" "Mozilla/4.0 (compatible; MSIE 8.0; Windows NT 5.1; Trident/4.0; GTB7.5; .NET CLR 2.0.50727; .NET CLR 3.0.4506.2152; .NET CLR 3.5.30729; .NET4.0C; OfficeLiveConnector.1.5; OfficeLivePatch.1.3; AskTbORJ/5.15.2.23037)"
217.86.137.250 - - [02/Sep/2013:17:13:45 +0200] "GET /css/scroll_v.css HTTP/1.1" 200 1437 "http://www.modeinstitut-berlin.de/berufsbekleidung/" "Mozilla/4.0 (compatible; MSIE 8.0; Windows NT 5.1; Trident/4.0; GTB7.5; .NET CLR 2.0.50727; .NET CLR 3.0.4506.2152; .NET CLR 3.5.30729; .NET4.0C; OfficeLiveConnector.1.5; OfficeLivePatch.1.3; AskTbORJ/5.15.2.23037)"
217.86.137.250 - - [02/Sep/2013:17:13:45 +0200] "GET /images/flash/logistik.swf HTTP/1.1" 200 419069 "http://www.modeinstitut-berlin.de/berufsbekleidung/" "Mozilla/4.0 (compatible; MSIE 8.0; Windows NT 5.1; Trident/4.0; GTB7.5; .NET CLR 2.0.50727; .NET CLR 3.0.4506.2152; .NET CLR 3.5.30729; .NET4.0C; OfficeLiveConnector.1.5; OfficeLivePatch.1.3; AskTbORJ/5.15.2.23037)"
217.86.137.250 - - [02/Sep/2013:17:13:47 +0200] "GET /favicon.ico HTTP/1.1" 404 1256 "-" "Mozilla/4.0 (compatible; MSIE 8.0; Windows NT 5.1; Trident/4.0; GTB7.5; .NET CLR 2.0.50727; .NET CLR 3.0.4506.2152; .NET CLR 3.5.30729; .NET4.0C; OfficeLiveConnector.1.5; OfficeLivePatch.1.3; AskTbORJ/5.15.2.23037)"
217.86.137.250 - - [02/Sep/2013:17:13:47 +0200] "GET /images/tri-up.gif HTTP/1.1" 200 62 "http://www.modeinstitut-berlin.de/berufsbekleidung/" "Mozilla/4.0 (compatible; MSIE 8.0; Windows NT 5.1; Trident/4.0; GTB7.5; .NET CLR 2.0.50727; .NET CLR 3.0.4506.2152; .NET CLR 3.5.30729; .NET4.0C; OfficeLiveConnector.1.5; OfficeLivePatch.1.3; AskTbORJ/5.15.2.23037)"
217.86.137.250 - - [02/Sep/2013:17:13:47 +0200] "GET /images/tri-dn.gif HTTP/1.1" 200 63 "http://www.modeinstitut-berlin.de/berufsbekleidung/" "Mozilla/4.0 (compatible; MSIE 8.0; Windows NT 5.1; Trident/4.0; GTB7.5; .NET CLR 2.0.50727; .NET CLR 3.0.4506.2152; .NET CLR 3.5.30729; .NET4.0C; OfficeLiveConnector.1.5; OfficeLivePatch.1.3; AskTbORJ/5.15.2.23037)"
80.187.101.61 - - [02/Sep/2013:17:13:51 +0200] "GET /produkt/design/behoerden/ HTTP/1.1" 200 6562 "http://www.google.com/search?hl=de&site=webhp&source=hp&ei=qKkkUtmHOIfK0wX18oHoBw&q=dienstkleidung+ausstatter+berlin&oq=dienstkleidungsaustatter+berlin&gs_l=mobile-gws-hp.1.0.30i10.4129.54744.0.76373.64.38.17.9.10.0.501.6559.1j31j2j3j0j1.38.0....0...1c.1.26.mobile-gws-hp..1.63.6825.BXbfEMjPSp4" "Mozilla/5.0 (Linux; U; Android 4.1.2; de-de; SAMSUNG GT-I9305/I9305XXBME3 Build/JZO54K) AppleWebKit/534.30 (KHTML, like Gecko) Version/4.0 Mobile Safari/534.30"
91.217.206.2 - - [02/Sep/2013:17:14:52 +0200] "GET / HTTP/1.1" 200 2050 "http://www.google.de/url?sa=t&rct=j&q=modeinstitut%20berlin&source=web&cd=1&ved=0CDMQoAIwAA&url=http%3A%2F%2Fwww.modeinstitut-berlin.de%2F&ei=BqskUti3HaGn0QWNp4HQBA&usg=AFQjCNGV1Fr5FizdOKg_EBKnjKkFrlfWEQ&bvm=bv.51495398,d.d2k" "Mozilla/4.0 (compatible; MSIE 8.0; Windows NT 6.1; WOW64; Trident/4.0; SLCC2; .NET CLR 2.0.50727; .NET4.0C; .NET4.0E; .NET CLR 3.5.30729; .NET CLR 3.0.30729)"
91.217.206.2 - - [02/Sep/2013:17:14:52 +0200] "GET /css/newstyles.css HTTP/1.1" 200 9734 "http://www.modeinstitut-berlin.de/" "Mozilla/4.0 (compatible; MSIE 8.0; Windows NT 6.1; WOW64; Trident/4.0; SLCC2; .NET CLR 2.0.50727; .NET4.0C; .NET4.0E; .NET CLR 3.5.30729; .NET CLR 3.0.30729)"
91.217.206.2 - - [02/Sep/2013:17:14:52 +0200] "GET /images/layout/global-bg.jpg HTTP/1.1" 200 917 "http://www.modeinstitut-berlin.de/" "Mozilla/4.0 (compatible; MSIE 8.0; Windows NT 6.1; WOW64; Trident/4.0; SLCC2; .NET CLR 2.0.50727; .NET4.0C; .NET4.0E; .NET CLR 3.5.30729; .NET CLR 3.0.30729)"
91.217.206.2 - - [02/Sep/2013:17:14:52 +0200] "GET /Scripts/AC_RunActiveContent.js HTTP/1.1" 200 8029 "http://www.modeinstitut-berlin.de/" "Mozilla/4.0 (compatible; MSIE 8.0; Windows NT 6.1; WOW64; Trident/4.0; SLCC2; .NET CLR 2.0.50727; .NET4.0C; .NET4.0E; .NET CLR 3.5.30729; .NET CLR 3.0.30729)"
91.217.206.2 - - [02/Sep/2013:17:14:52 +0200] "GET /includes/hover.js HTTP/1.1" 200 411 "http://www.modeinstitut-berlin.de/" "Mozilla/4.0 (compatible; MSIE 8.0; Windows NT 6.1; WOW64; Trident/4.0; SLCC2; .NET CLR 2.0.50727; .NET4.0C; .NET4.0E; .NET CLR 3.5.30729; .NET CLR 3.0.30729)"
91.217.206.2 - - [02/Sep/2013:17:14:52 +0200] "GET /images/motive/Logo9001_5.png HTTP/1.1" 200 19358 "http://www.modeinstitut-berlin.de/" "Mozilla/4.0 (compatible; MSIE 8.0; Windows NT 6.1; WOW64; Trident/4.0; SLCC2; .NET CLR 2.0.50727; .NET4.0C; .NET4.0E; .NET CLR 3.5.30729; .NET CLR 3.0.30729)"
91.217.206.2 - - [02/Sep/2013:17:14:52 +0200] "GET /images/layout/bg-navi.jpg HTTP/1.1" 200 3342 "http://www.modeinstitut-berlin.de/" "Mozilla/4.0 (compatible; MSIE 8.0; Windows NT 6.1; WOW64; Trident/4.0; SLCC2; .NET CLR 2.0.50727; .NET4.0C; .NET4.0E; .NET CLR 3.5.30729; .NET CLR 3.0.30729)"
91.217.206.2 - - [02/Sep/2013:17:14:52 +0200] "GET /images/layout/wrapper-bg.jpg HTTP/1.1" 200 126878 "http://www.modeinstitut-berlin.de/" "Mozilla/4.0 (compatible; MSIE 8.0; Windows NT 6.1; WOW64; Trident/4.0; SLCC2; .NET CLR 2.0.50727; .NET4.0C; .NET4.0E; .NET CLR 3.5.30729; .NET CLR 3.0.30729)"
91.217.206.2 - - [02/Sep/2013:17:14:52 +0200] "GET /images/layout/bg-content-big-1.jpg HTTP/1.1" 200 46493 "http://www.modeinstitut-berlin.de/" "Mozilla/4.0 (compatible; MSIE 8.0; Windows NT 6.1; WOW64; Trident/4.0; SLCC2; .NET CLR 2.0.50727; .NET4.0C; .NET4.0E; .NET CLR 3.5.30729; .NET CLR 3.0.30729)"
91.217.206.2 - - [02/Sep/2013:17:14:52 +0200] "GET /images/layout/bg-sidebox-plain1.jpg HTTP/1.1" 200 10064 "http://www.modeinstitut-berlin.de/" "Mozilla/4.0 (compatible; MSIE 8.0; Windows NT 6.1; WOW64; Trident/4.0; SLCC2; .NET CLR 2.0.50727; .NET4.0C; .NET4.0E; .NET CLR 3.5.30729; .NET CLR 3.0.30729)"
91.217.206.2 - - [02/Sep/2013:17:14:52 +0200] "GET /css/iepngfix.htc HTTP/1.1" 200 2995 "-" "Mozilla/4.0 (compatible; MSIE 8.0; Windows NT 6.1; WOW64; Trident/4.0; SLCC2; .NET CLR 2.0.50727; .NET4.0C; .NET4.0E; .NET CLR 3.5.30729; .NET CLR 3.0.30729)"
91.217.206.2 - - [02/Sep/2013:17:14:52 +0200] "GET /images/layout/link.gif HTTP/1.1" 200 52 "http://www.modeinstitut-berlin.de/" "Mozilla/4.0 (compatible; MSIE 8.0; Windows NT 6.1; WOW64; Trident/4.0; SLCC2; .NET CLR 2.0.50727; .NET4.0C; .NET4.0E; .NET CLR 3.5.30729; .NET CLR 3.0.30729)"
91.217.206.2 - - [02/Sep/2013:17:14:52 +0200] "GET /images/layout/nav-drop-foot.png HTTP/1.1" 200 42670 "http://www.modeinstitut-berlin.de/" "Mozilla/4.0 (compatible; MSIE 8.0; Windows NT 6.1; WOW64; Trident/4.0; SLCC2; .NET CLR 2.0.50727; .NET4.0C; .NET4.0E; .NET CLR 3.5.30729; .NET CLR 3.0.30729)"
