68.180.228.33 - - [01/Mar/2015:02:33:48 +0100] "GET /robots.txt HTTP/1.1" 404 1256 "-" "Mozilla/5.0 (compatible; Yahoo! Slurp; http://help.yahoo.com/help/us/ysearch/slurp)"
68.180.228.33 - - [01/Mar/2015:02:33:49 +0100] "GET / HTTP/1.1" 200 3632 "-" "Mozilla/5.0 (compatible; Yahoo! Slurp; http://help.yahoo.com/help/us/ysearch/slurp)"
68.180.228.33 - - [01/Mar/2015:02:37:02 +0100] "GET /impressum.html HTTP/1.1" 200 4742 "-" "Mozilla/5.0 (compatible; Yahoo! Slurp; http://help.yahoo.com/help/us/ysearch/slurp)"
66.249.78.3 - - [01/Mar/2015:06:32:14 +0100] "GET /robots.txt HTTP/1.1" 404 1256 "-" "Mozilla/5.0 (compatible; Googlebot/2.1; +http://www.google.com/bot.html)"
66.249.78.3 - - [01/Mar/2015:06:32:15 +0100] "GET / HTTP/1.1" 200 3632 "-" "Mozilla/5.0 (compatible; Googlebot/2.1; +http://www.google.com/bot.html)"
68.180.228.33 - - [01/Mar/2015:15:10:17 +0100] "GET /kontakt.html HTTP/1.1" 200 4348 "-" "Mozilla/5.0 (compatible; Yahoo! Slurp; http://help.yahoo.com/help/us/ysearch/slurp)"
66.249.78.10 - - [01/Mar/2015:17:54:56 +0100] "GET /kontakt.html HTTP/1.1" 200 4348 "-" "Mozilla/5.0 (compatible; Googlebot/2.1; +http://www.google.com/bot.html)"
66.249.78.249 - - [01/Mar/2015:20:05:03 +0100] "GET /robots.txt HTTP/1.1" 404 1256 "-" "Mozilla/5.0 (compatible; Googlebot/2.1; +http://www.google.com/bot.html)"
66.249.78.249 - - [01/Mar/2015:20:05:03 +0100] "GET / HTTP/1.1" 200 3632 "-" "Mozilla/5.0 (compatible; Googlebot/2.1; +http://www.google.com/bot.html)"
66.249.78.3 - - [01/Mar/2015:22:49:00 +0100] "GET / HTTP/1.1" 200 3632 "-" "Mozilla/5.0 (iPhone; CPU iPhone OS 6_0 like Mac OS X) AppleWebKit/536.26 (KHTML, like Gecko) Version/6.0 Mobile/10A5376e Safari/8536.25 (compatible; Googlebot/2.1; +http://www.google.com/bot.html)"
157.55.39.23 - - [02/Mar/2015:05:42:00 +0100] "GET /robots.txt HTTP/1.1" 404 1256 "-" "Mozilla/5.0 (compatible; bingbot/2.0; +http://www.bing.com/bingbot.htm)"
157.55.39.23 - - [02/Mar/2015:05:42:05 +0100] "GET / HTTP/1.1" 304 - "-" "Mozilla/5.0 (compatible; bingbot/2.0; +http://www.bing.com/bingbot.htm)"
54.152.54.166 - - [02/Mar/2015:07:43:24 +0100] "GET / HTTP/1.1" 200 3632 "-" "Mozilla/5.0 (compatible& Googlebot/2.1& +http://www.google.com/bot.html)"
52.1.240.37 - - [02/Mar/2015:13:21:40 +0100] "GET /impressum.html HTTP/1.1" 200 4742 "-" "Mozilla/5.0 (compatible& Googlebot/2.1& +http://www.google.com/bot.html)"
52.1.241.126 - - [02/Mar/2015:13:21:45 +0100] "GET /kontakt.html HTTP/1.1" 200 4348 "-" "Mozilla/5.0 (compatible& Googlebot/2.1& +http://www.google.com/bot.html)"
54.152.223.112 - - [02/Mar/2015:18:17:58 +0100] "GET / HTTP/1.1" 200 3632 "-" "Mozilla/5.0 (compatible& Googlebot/2.1& +http://www.google.com/bot.html)"
66.249.78.10 - - [02/Mar/2015:18:42:43 +0100] "GET /robots.txt HTTP/1.1" 404 1256 "-" "Mozilla/5.0 (compatible; Googlebot/2.1; +http://www.google.com/bot.html)"
66.249.78.10 - - [02/Mar/2015:18:42:43 +0100] "GET / HTTP/1.1" 200 3632 "-" "Mozilla/5.0 (iPhone; CPU iPhone OS 6_0 like Mac OS X) AppleWebKit/536.26 (KHTML, like Gecko) Version/6.0 Mobile/10A5376e Safari/8536.25 (compatible; Googlebot/2.1; +http://www.google.com/bot.html)"
62.75.236.133 - - [02/Mar/2015:19:37:59 +0100] "GET / HTTP/1.1" 200 3632 "-" "PEAR HTTP_Request class ( http://pear.php.net/ )"
68.180.228.33 - - [03/Mar/2015:05:39:35 +0100] "GET /robots.txt HTTP/1.1" 404 1256 "-" "Mozilla/5.0 (compatible; Yahoo! Slurp; http://help.yahoo.com/help/us/ysearch/slurp)"
68.180.228.33 - - [03/Mar/2015:05:39:35 +0100] "GET /index.html HTTP/1.1" 200 3632 "-" "Mozilla/5.0 (compatible; Yahoo! Slurp; http://help.yahoo.com/help/us/ysearch/slurp)"
93.186.202.239 - - [03/Mar/2015:11:27:18 +0100] "GET / HTTP/1.1" 200 3632 "-" "Mozilla/5.0 (Windows NT 6.1; WOW64; rv:18.0) Gecko/20100101 Firefox/18.0"
93.186.202.239 - - [03/Mar/2015:11:27:18 +0100] "GET /impressum.html HTTP/1.1" 200 4742 "-" "Mozilla/5.0 (X11; Ubuntu; Linux x86_64; rv:14.0) Gecko/20100101 Firefox/14.0.1"
93.186.202.239 - - [03/Mar/2015:11:27:18 +0100] "GET /kontakt.html HTTP/1.1" 200 4348 "-" "Mozilla/5.0 (Windows NT 6.2; Win64; x64;) Gecko/20100101 Firefox/20.0"
66.249.78.3 - - [03/Mar/2015:11:54:05 +0100] "GET /robots.txt HTTP/1.1" 404 1256 "-" "Mozilla/5.0 (compatible; Googlebot/2.1; +http://www.google.com/bot.html)"
66.249.78.249 - - [03/Mar/2015:11:54:06 +0100] "GET / HTTP/1.1" 200 3632 "-" "Mozilla/5.0 (iPhone; CPU iPhone OS 6_0 like Mac OS X) AppleWebKit/536.26 (KHTML, like Gecko) Version/6.0 Mobile/10A5376e Safari/8536.25 (compatible; Googlebot/2.1; +http://www.google.com/bot.html)"
79.185.7.87 - - [04/Mar/2015:04:54:45 +0100] "GET /kontakt.html HTTP/1.1" 200 4348 "-" "ELinks/0.12~pre5-9 (textmode; Debian; Linux 3.2.0-4-amd64 x86_64; -)"
66.249.79.47 - - [04/Mar/2015:07:27:22 +0100] "GET /robots.txt HTTP/1.1" 404 1256 "-" "Mozilla/5.0 (compatible; Googlebot/2.1; +http://www.google.com/bot.html)"
66.249.79.39 - - [04/Mar/2015:07:27:23 +0100] "GET / HTTP/1.1" 200 3632 "-" "Mozilla/5.0 (iPhone; CPU iPhone OS 6_0 like Mac OS X) AppleWebKit/536.26 (KHTML, like Gecko) Version/6.0 Mobile/10A5376e Safari/8536.25 (compatible; Googlebot/2.1; +http://www.google.com/bot.html)"
66.249.79.31 - - [04/Mar/2015:10:10:53 +0100] "GET /css/style.css HTTP/1.1" 200 1159 "-" "Mozilla/5.0 (compatible; Googlebot/2.1; +http://www.google.com/bot.html)"
89.247.41.161 - - [04/Mar/2015:13:55:04 +0100] "GET / HTTP/1.1" 200 3632 "http://www.google.de/url?sa=t&rct=j&q=&esrc=s&source=web&cd=1&ved=0CDkQFjAA&url=http%3A%2F%2Fwww.just-malerei.de%2F&ei=hwD3VOS5DYT6ywPWpoDwDw&usg=AFQjCNHas-xSRojpZ99IggKD6_XqNCQMVg&bvm=bv.87519884,d.bGQ" "Mozilla/5.0 (Windows NT 6.1; rv:36.0) Gecko/20100101 Firefox/36.0"
89.247.41.161 - - [04/Mar/2015:13:55:04 +0100] "GET /css/style.css HTTP/1.1" 200 1159 "http://www.just-malerei.de/" "Mozilla/5.0 (Windows NT 6.1; rv:36.0) Gecko/20100101 Firefox/36.0"
89.247.41.161 - - [04/Mar/2015:13:55:04 +0100] "GET /js/libs/modernizr-2.5.3.min.js HTTP/1.1" 200 15274 "http://www.just-malerei.de/" "Mozilla/5.0 (Windows NT 6.1; rv:36.0) Gecko/20100101 Firefox/36.0"
89.247.41.161 - - [04/Mar/2015:13:55:04 +0100] "GET /js/plugins.js HTTP/1.1" 200 898 "http://www.just-malerei.de/" "Mozilla/5.0 (Windows NT 6.1; rv:36.0) Gecko/20100101 Firefox/36.0"
89.247.41.161 - - [04/Mar/2015:13:55:05 +0100] "GET /images/middle.png HTTP/1.1" 200 9561 "http://www.just-malerei.de/css/style.css" "Mozilla/5.0 (Windows NT 6.1; rv:36.0) Gecko/20100101 Firefox/36.0"
89.247.41.161 - - [04/Mar/2015:13:55:05 +0100] "GET /images/header.png HTTP/1.1" 200 139455 "http://www.just-malerei.de/css/style.css" "Mozilla/5.0 (Windows NT 6.1; rv:36.0) Gecko/20100101 Firefox/36.0"
89.247.41.161 - - [04/Mar/2015:13:55:05 +0100] "GET /images/footer.png HTTP/1.1" 200 148251 "http://www.just-malerei.de/css/style.css" "Mozilla/5.0 (Windows NT 6.1; rv:36.0) Gecko/20100101 Firefox/36.0"
89.247.41.161 - - [04/Mar/2015:13:55:05 +0100] "GET /favicon.ico HTTP/1.1" 200 93062 "-" "Mozilla/5.0 (Windows NT 6.1; rv:36.0) Gecko/20100101 Firefox/36.0"
66.249.78.249 - - [05/Mar/2015:07:40:37 +0100] "GET /robots.txt HTTP/1.1" 404 1256 "-" "Mozilla/5.0 (compatible; Googlebot/2.1; +http://www.google.com/bot.html)"
66.249.78.10 - - [05/Mar/2015:07:40:37 +0100] "GET / HTTP/1.1" 200 3632 "-" "Mozilla/5.0 (iPhone; CPU iPhone OS 6_0 like Mac OS X) AppleWebKit/536.26 (KHTML, like Gecko) Version/6.0 Mobile/10A5376e Safari/8536.25 (compatible; Googlebot/2.1; +http://www.google.com/bot.html)"
85.186.103.67 - - [05/Mar/2015:12:09:01 +0100] "GET / HTTP/1.1" 200 3632 "-" "Mozilla/4.0 (compatible; MSIE 6.0; Windows NT 5.1)"
104.131.193.180 - - [05/Mar/2015:19:41:45 +0100] "GET / HTTP/1.0" 200 3632 "-" "Mozilla/5.0 (compatible; NetcraftSurveyAgent/1.0; +info@netcraft.com)"
157.55.39.221 - - [06/Mar/2015:03:14:15 +0100] "GET /robots.txt HTTP/1.1" 404 1256 "-" "Mozilla/5.0 (compatible; bingbot/2.0; +http://www.bing.com/bingbot.htm)"
157.55.39.13 - - [06/Mar/2015:03:14:25 +0100] "GET /index.html HTTP/1.1" 304 - "-" "Mozilla/5.0 (compatible; bingbot/2.0; +http://www.bing.com/bingbot.htm)"
66.249.78.3 - - [06/Mar/2015:10:08:46 +0100] "GET /robots.txt HTTP/1.1" 404 1256 "-" "Mozilla/5.0 (compatible; Googlebot/2.1; +http://www.google.com/bot.html)"
66.249.78.3 - - [06/Mar/2015:10:08:46 +0100] "GET / HTTP/1.1" 200 3632 "-" "Mozilla/5.0 (iPhone; CPU iPhone OS 6_0 like Mac OS X) AppleWebKit/536.26 (KHTML, like Gecko) Version/6.0 Mobile/10A5376e Safari/8536.25 (compatible; Googlebot/2.1; +http://www.google.com/bot.html)"
208.115.113.91 - - [06/Mar/2015:15:47:09 +0100] "GET /robots.txt HTTP/1.1" 404 1256 "-" "Mozilla/5.0 (compatible; DotBot/1.1; http://www.opensiteexplorer.org/dotbot, help@moz.com)"
208.115.113.91 - - [06/Mar/2015:17:01:28 +0100] "GET /impressum.html HTTP/1.1" 200 4742 "-" "Mozilla/5.0 (compatible; DotBot/1.1; http://www.opensiteexplorer.org/dotbot, help@moz.com)"
85.214.35.115 - - [06/Mar/2015:18:09:49 +0100] "GET / HTTP/1.1" 200 3632 "-" "Mozilla/5.0 (compatible; Cliqzbot/0.1 +http://cliqz.com/company/cliqzbot)"
66.249.78.249 - - [07/Mar/2015:08:41:12 +0100] "GET /robots.txt HTTP/1.1" 404 1256 "-" "Mozilla/5.0 (compatible; Googlebot/2.1; +http://www.google.com/bot.html)"
66.249.78.3 - - [07/Mar/2015:08:41:12 +0100] "GET / HTTP/1.1" 200 3632 "-" "Mozilla/5.0 (iPhone; CPU iPhone OS 6_0 like Mac OS X) AppleWebKit/536.26 (KHTML, like Gecko) Version/6.0 Mobile/10A5376e Safari/8536.25 (compatible; Googlebot/2.1; +http://www.google.com/bot.html)"
85.214.35.118 - - [07/Mar/2015:09:59:07 +0100] "GET / HTTP/1.1" 200 3632 "-" "Mozilla/5.0 (compatible; Cliqzbot/0.1 +http://cliqz.com/company/cliqzbot)"
66.249.78.10 - - [07/Mar/2015:16:53:34 +0100] "GET / HTTP/1.1" 200 3632 "-" "Mozilla/5.0 (compatible; Googlebot/2.1; +http://www.google.com/bot.html)"
66.249.78.10 - - [07/Mar/2015:22:08:19 +0100] "GET /robots.txt HTTP/1.1" 404 1256 "-" "Mozilla/5.0 (compatible; Googlebot/2.1; +http://www.google.com/bot.html)"
66.249.78.249 - - [07/Mar/2015:22:08:19 +0100] "GET / HTTP/1.1" 200 3632 "-" "Mozilla/5.0 (compatible; Googlebot/2.1; +http://www.google.com/bot.html)"
66.249.78.3 - - [08/Mar/2015:00:43:28 +0100] "GET / HTTP/1.1" 200 3632 "-" "Mozilla/5.0 (compatible; Googlebot/2.1; +http://www.google.com/bot.html)"
66.249.78.10 - - [08/Mar/2015:00:48:49 +0100] "GET /css/style.css HTTP/1.1" 200 1159 "-" "Mozilla/5.0 (compatible; Googlebot/2.1; +http://www.google.com/bot.html)"
208.115.111.75 - - [08/Mar/2015:05:45:13 +0100] "GET /robots.txt HTTP/1.1" 404 1256 "-" "Mozilla/5.0 (compatible; DotBot/1.1; http://www.opensiteexplorer.org/dotbot, help@moz.com)"
208.115.111.75 - - [08/Mar/2015:07:02:44 +0100] "GET /index.html HTTP/1.1" 200 3632 "-" "Mozilla/5.0 (compatible; DotBot/1.1; http://www.opensiteexplorer.org/dotbot, help@moz.com)"
66.249.78.3 - - [08/Mar/2015:07:58:26 +0100] "GET / HTTP/1.1" 200 3632 "-" "Mozilla/5.0 (compatible; Googlebot/2.1; +http://www.google.com/bot.html)"
66.249.78.3 - - [08/Mar/2015:09:43:31 +0100] "GET / HTTP/1.1" 200 3632 "-" "Mozilla/5.0 (compatible; Googlebot/2.1; +http://www.google.com/bot.html)"
66.249.78.10 - - [08/Mar/2015:10:43:25 +0100] "GET /robots.txt HTTP/1.1" 404 1256 "-" "Mozilla/5.0 (compatible; Googlebot/2.1; +http://www.google.com/bot.html)"
66.249.64.11 - - [08/Mar/2015:10:43:25 +0100] "GET / HTTP/1.1" 200 3632 "-" "Mozilla/5.0 (iPhone; CPU iPhone OS 6_0 like Mac OS X) AppleWebKit/536.26 (KHTML, like Gecko) Version/6.0 Mobile/10A5376e Safari/8536.25 (compatible; Googlebot/2.1; +http://www.google.com/bot.html)"
217.255.98.50 - - [08/Mar/2015:11:33:02 +0100] "GET / HTTP/1.1" 200 3632 "-" "Mozilla/5.0 (Windows NT 6.1; WOW64) AppleWebKit/537.36 (KHTML, like Gecko) Chrome/40.0.2214.115 Safari/537.36"
217.255.98.50 - - [08/Mar/2015:11:33:02 +0100] "GET /css/style.css HTTP/1.1" 200 1159 "http://www.just-malerei.de/" "Mozilla/5.0 (Windows NT 6.1; WOW64) AppleWebKit/537.36 (KHTML, like Gecko) Chrome/40.0.2214.115 Safari/537.36"
217.255.98.50 - - [08/Mar/2015:11:33:02 +0100] "GET /js/libs/modernizr-2.5.3.min.js HTTP/1.1" 200 15274 "http://www.just-malerei.de/" "Mozilla/5.0 (Windows NT 6.1; WOW64) AppleWebKit/537.36 (KHTML, like Gecko) Chrome/40.0.2214.115 Safari/537.36"
217.255.98.50 - - [08/Mar/2015:11:33:02 +0100] "GET /js/plugins.js HTTP/1.1" 200 898 "http://www.just-malerei.de/" "Mozilla/5.0 (Windows NT 6.1; WOW64) AppleWebKit/537.36 (KHTML, like Gecko) Chrome/40.0.2214.115 Safari/537.36"
217.255.98.50 - - [08/Mar/2015:11:33:02 +0100] "GET /images/middle.png HTTP/1.1" 200 9561 "http://www.just-malerei.de/css/style.css" "Mozilla/5.0 (Windows NT 6.1; WOW64) AppleWebKit/537.36 (KHTML, like Gecko) Chrome/40.0.2214.115 Safari/537.36"
217.255.98.50 - - [08/Mar/2015:11:33:02 +0100] "GET /images/header.png HTTP/1.1" 200 139455 "http://www.just-malerei.de/css/style.css" "Mozilla/5.0 (Windows NT 6.1; WOW64) AppleWebKit/537.36 (KHTML, like Gecko) Chrome/40.0.2214.115 Safari/537.36"
217.255.98.50 - - [08/Mar/2015:11:33:02 +0100] "GET /images/footer.png HTTP/1.1" 200 148251 "http://www.just-malerei.de/css/style.css" "Mozilla/5.0 (Windows NT 6.1; WOW64) AppleWebKit/537.36 (KHTML, like Gecko) Chrome/40.0.2214.115 Safari/537.36"
217.255.98.50 - - [08/Mar/2015:11:33:03 +0100] "GET /favicon.ico HTTP/1.1" 200 93062 "-" "Mozilla/5.0 (Windows NT 6.1; WOW64) AppleWebKit/537.36 (KHTML, like Gecko) Chrome/40.0.2214.115 Safari/537.36"
217.255.98.50 - - [08/Mar/2015:11:33:16 +0100] "GET /impressum.html HTTP/1.1" 200 4742 "http://www.just-malerei.de/" "Mozilla/5.0 (Windows NT 6.1; WOW64) AppleWebKit/537.36 (KHTML, like Gecko) Chrome/40.0.2214.115 Safari/537.36"
217.255.98.50 - - [08/Mar/2015:11:33:16 +0100] "GET /images/middle1.png HTTP/1.1" 200 240127 "http://www.just-malerei.de/css/style.css" "Mozilla/5.0 (Windows NT 6.1; WOW64) AppleWebKit/537.36 (KHTML, like Gecko) Chrome/40.0.2214.115 Safari/537.36"
217.255.98.50 - - [08/Mar/2015:11:33:19 +0100] "GET /index.html HTTP/1.1" 200 3632 "http://www.just-malerei.de/impressum.html" "Mozilla/5.0 (Windows NT 6.1; WOW64) AppleWebKit/537.36 (KHTML, like Gecko) Chrome/40.0.2214.115 Safari/537.36"
66.249.78.3 - - [08/Mar/2015:12:36:20 +0100] "GET / HTTP/1.1" 200 3632 "-" "Mozilla/5.0 (compatible; Googlebot/2.1; +http://www.google.com/bot.html)"
157.55.39.221 - - [08/Mar/2015:14:47:58 +0100] "GET /robots.txt HTTP/1.1" 404 1256 "-" "Mozilla/5.0 (compatible; bingbot/2.0; +http://www.bing.com/bingbot.htm)"
157.55.39.13 - - [08/Mar/2015:14:49:17 +0100] "GET / HTTP/1.1" 200 3632 "-" "Mozilla/5.0 (compatible; bingbot/2.0; +http://www.bing.com/bingbot.htm)"
65.55.210.60 - - [08/Mar/2015:14:49:18 +0100] "GET /js/libs/modernizr-2.5.3.min.js HTTP/1.1" 200 15274 "http://www.just-malerei.de/" "Mozilla/5.0 (Windows NT 6.1; WOW64) AppleWebKit/534+ (KHTML, like Gecko) BingPreview/1.0b"
65.55.210.60 - - [08/Mar/2015:14:49:18 +0100] "GET /css/style.css HTTP/1.1" 200 1159 "http://www.just-malerei.de/" "Mozilla/5.0 (Windows NT 6.1; WOW64) AppleWebKit/534+ (KHTML, like Gecko) BingPreview/1.0b"
65.55.210.60 - - [08/Mar/2015:14:49:19 +0100] "GET /js/plugins.js HTTP/1.1" 200 898 "http://www.just-malerei.de/" "Mozilla/5.0 (Windows NT 6.1; WOW64) AppleWebKit/534+ (KHTML, like Gecko) BingPreview/1.0b"
65.55.210.60 - - [08/Mar/2015:14:49:19 +0100] "GET /images/middle.png HTTP/1.1" 200 9561 "http://www.just-malerei.de/" "Mozilla/5.0 (Windows NT 6.1; WOW64) AppleWebKit/534+ (KHTML, like Gecko) BingPreview/1.0b"
65.55.210.60 - - [08/Mar/2015:14:49:19 +0100] "GET /images/header.png HTTP/1.1" 200 139455 "http://www.just-malerei.de/" "Mozilla/5.0 (Windows NT 6.1; WOW64) AppleWebKit/534+ (KHTML, like Gecko) BingPreview/1.0b"
65.55.210.60 - - [08/Mar/2015:14:49:19 +0100] "GET /images/footer.png HTTP/1.1" 200 148251 "http://www.just-malerei.de/" "Mozilla/5.0 (Windows NT 6.1; WOW64) AppleWebKit/534+ (KHTML, like Gecko) BingPreview/1.0b"
157.55.39.26 - - [08/Mar/2015:14:49:39 +0100] "GET /robots.txt HTTP/1.1" 404 1256 "-" "Mozilla/5.0 (compatible; bingbot/2.0; +http://www.bing.com/bingbot.htm)"
213.239.208.23 - - [08/Mar/2015:20:58:30 +0100] "GET / HTTP/1.1" 200 3632 "-" "Mozilla/5.0 (Windows; U; Windows NT 6.0; de; rv:1.8.1.3) Gecko/20070309 Firefox/2.0.0.3"
213.239.208.23 - - [08/Mar/2015:20:58:30 +0100] "GET /robots.txt HTTP/1.1" 404 1256 "-" "libwww-perl/6.05"
213.239.208.23 - - [08/Mar/2015:20:58:30 +0100] "GET / HTTP/1.1" 200 3632 "-" "Mozilla/5.0 (Windows; U; Windows NT 6.0; de; rv:1.8.1.3) Gecko/20070309 Firefox/2.0.0.3"
213.239.208.23 - - [08/Mar/2015:20:58:30 +0100] "GET /impressum.html HTTP/1.1" 200 4742 "http://www.just-malerei.de/" "Mozilla/5.0 (Windows; U; Windows NT 6.0; de; rv:1.8.1.3) Gecko/20070309 Firefox/2.0.0.3"
213.239.208.23 - - [08/Mar/2015:20:58:30 +0100] "GET /index.html HTTP/1.1" 200 3632 "http://www.just-malerei.de/impressum.html" "Mozilla/5.0 (Windows; U; Windows NT 6.0; de; rv:1.8.1.3) Gecko/20070309 Firefox/2.0.0.3"
213.239.208.23 - - [08/Mar/2015:20:58:30 +0100] "GET /kontakt.html HTTP/1.1" 200 4348 "http://www.just-malerei.de/index.html" "Mozilla/5.0 (Windows; U; Windows NT 6.0; de; rv:1.8.1.3) Gecko/20070309 Firefox/2.0.0.3"
66.249.73.166 - - [09/Mar/2015:02:20:10 +0100] "GET /robots.txt HTTP/1.1" 404 1256 "-" "Mozilla/5.0 (compatible; Googlebot/2.1; +http://www.google.com/bot.html)"
66.249.73.174 - - [09/Mar/2015:02:20:10 +0100] "GET / HTTP/1.1" 200 3632 "-" "Mozilla/5.0 (iPhone; CPU iPhone OS 6_0 like Mac OS X) AppleWebKit/536.26 (KHTML, like Gecko) Version/6.0 Mobile/10A5376e Safari/8536.25 (compatible; Googlebot/2.1; +http://www.google.com/bot.html)"
66.249.73.158 - - [09/Mar/2015:08:28:24 +0100] "GET /favicon.ico HTTP/1.1" 200 93062 "-" "Googlebot-Image/1.0"
162.210.196.130 - - [09/Mar/2015:13:15:24 +0100] "GET /robots.txt HTTP/1.0" 404 1256 "-" "Mozilla/5.0 (compatible; MJ12bot/v1.4.5; http://www.majestic12.co.uk/bot.php?+)"
162.210.196.130 - - [09/Mar/2015:13:15:25 +0100] "GET / HTTP/1.0" 200 3632 "-" "Mozilla/5.0 (compatible; MJ12bot/v1.4.5; http://www.majestic12.co.uk/bot.php?+)"
66.249.78.249 - - [09/Mar/2015:22:26:09 +0100] "GET /robots.txt HTTP/1.1" 404 1256 "-" "Mozilla/5.0 (compatible; Googlebot/2.1; +http://www.google.com/bot.html)"
66.249.78.249 - - [09/Mar/2015:22:26:10 +0100] "GET / HTTP/1.1" 200 3632 "-" "Mozilla/5.0 (iPhone; CPU iPhone OS 6_0 like Mac OS X) AppleWebKit/536.26 (KHTML, like Gecko) Version/6.0 Mobile/10A5376e Safari/8536.25 (compatible; Googlebot/2.1; +http://www.google.com/bot.html)"
66.249.69.7 - - [10/Mar/2015:21:03:22 +0100] "GET /robots.txt HTTP/1.1" 404 1256 "-" "Mozilla/5.0 (compatible; Googlebot/2.1; +http://www.google.com/bot.html)"
66.249.78.249 - - [10/Mar/2015:21:03:22 +0100] "GET /impressum.html HTTP/1.1" 200 4742 "-" "Mozilla/5.0 (iPhone; CPU iPhone OS 6_0 like Mac OS X) AppleWebKit/536.26 (KHTML, like Gecko) Version/6.0 Mobile/10A5376e Safari/8536.25 (compatible; Googlebot/2.1; +http://www.google.com/bot.html)"
66.249.78.249 - - [10/Mar/2015:21:10:18 +0100] "GET /css/style.css HTTP/1.1" 200 1159 "http://www.just-malerei.de/impressum.html" "Mozilla/5.0 (compatible; Googlebot/2.1; +http://www.google.com/bot.html)"
66.249.78.10 - - [10/Mar/2015:21:10:22 +0100] "GET /js/plugins.js HTTP/1.1" 200 898 "http://www.just-malerei.de/impressum.html" "Mozilla/5.0 (compatible; Googlebot/2.1; +http://www.google.com/bot.html)"
66.249.78.10 - - [10/Mar/2015:21:13:29 +0100] "GET / HTTP/1.1" 200 3632 "-" "Mozilla/5.0 (iPhone; CPU iPhone OS 6_0 like Mac OS X) AppleWebKit/536.26 (KHTML, like Gecko) Version/6.0 Mobile/10A5376e Safari/8536.25 (compatible; Googlebot/2.1; +http://www.google.com/bot.html)"
66.249.78.10 - - [10/Mar/2015:21:22:37 +0100] "GET /js/libs/modernizr-2.5.3.min.js HTTP/1.1" 200 15274 "http://www.just-malerei.de/" "Mozilla/5.0 (compatible; Googlebot/2.1; +http://www.google.com/bot.html)"
66.249.78.249 - - [10/Mar/2015:23:30:07 +0100] "GET /css/style.css HTTP/1.1" 200 1159 "-" "Mozilla/5.0 (compatible; Googlebot/2.1; +http://www.google.com/bot.html)"
66.249.78.10 - - [11/Mar/2015:01:07:42 +0100] "GET /js/plugins.js HTTP/1.1" 200 898 "-" "Mozilla/5.0 (compatible; Googlebot/2.1; +http://www.google.com/bot.html)"
66.249.78.10 - - [11/Mar/2015:02:17:39 +0100] "GET /js/libs/modernizr-2.5.3.min.js HTTP/1.1" 200 15274 "-" "Mozilla/5.0 (compatible; Googlebot/2.1; +http://www.google.com/bot.html)"
64.246.165.140 - - [11/Mar/2015:02:48:23 +0100] "GET /robots.txt HTTP/1.0" 404 1256 "-" "Mozilla/5.0 (Windows; U; Windows NT 5.1; en; rv:1.9.0.13) Gecko/2009073022 Firefox/3.5.2 (.NET CLR 3.5.30729) SurveyBot/2.3 (DomainTools)"
64.246.165.140 - - [11/Mar/2015:02:48:23 +0100] "GET / HTTP/1.1" 200 3632 "http://whois.domaintools.com/just-malerei.de" "Mozilla/5.0 (Windows; U; Windows NT 5.1; en; rv:1.9.0.13) Gecko/2009073022 Firefox/3.5.2 (.NET CLR 3.5.30729) SurveyBot/2.3 (DomainTools)"
80.228.62.133 - - [11/Mar/2015:08:40:56 +0100] "GET /impressum.html HTTP/1.0" 200 4742 "http://www.google.de/url?sa=t&rct=j&q=&esrc=s&source=web&cd=3&ved=0CC8QFjAC&url=http%3A%2F%2Fwww.just-malerei.de%2Fimpressum.html&ei=N_H_VJrLKYeCPIyNgIAD&usg=AFQjCNGdgvJq6FC-FjAWFIxOe3wgEM4Omw&sig2=jtPXSKfN7mOChmuqA41e4A&bvm=bv.87920726,d.ZWU" "Mozilla/5.0 (Windows NT 6.1; Trident/7.0; rv:11.0) like Gecko"
80.228.62.133 - - [11/Mar/2015:08:40:57 +0100] "GET /css/style.css HTTP/1.0" 200 1159 "http://www.just-malerei.de/impressum.html" "Mozilla/5.0 (Windows NT 6.1; Trident/7.0; rv:11.0) like Gecko"
80.228.62.133 - - [11/Mar/2015:08:40:57 +0100] "GET /js/plugins.js HTTP/1.0" 200 898 "http://www.just-malerei.de/impressum.html" "Mozilla/5.0 (Windows NT 6.1; Trident/7.0; rv:11.0) like Gecko"
80.228.62.133 - - [11/Mar/2015:08:40:57 +0100] "GET /js/libs/modernizr-2.5.3.min.js HTTP/1.0" 200 15274 "http://www.just-malerei.de/impressum.html" "Mozilla/5.0 (Windows NT 6.1; Trident/7.0; rv:11.0) like Gecko"
80.228.62.133 - - [11/Mar/2015:08:40:57 +0100] "GET /images/middle1.png HTTP/1.0" 200 240127 "http://www.just-malerei.de/impressum.html" "Mozilla/5.0 (Windows NT 6.1; Trident/7.0; rv:11.0) like Gecko"
80.228.62.133 - - [11/Mar/2015:08:40:57 +0100] "GET /images/header.png HTTP/1.0" 200 139455 "http://www.just-malerei.de/impressum.html" "Mozilla/5.0 (Windows NT 6.1; Trident/7.0; rv:11.0) like Gecko"
80.228.62.133 - - [11/Mar/2015:08:40:58 +0100] "GET /favicon.ico HTTP/1.0" 200 93062 "-" "Mozilla/5.0 (Windows NT 6.1; Trident/7.0; rv:11.0) like Gecko"
150.70.173.42 - - [11/Mar/2015:08:41:30 +0100] "GET /impressum.html HTTP/1.1" 200 4742 "-" "Mozilla/4.0 (compatible; MSIE 8.0; Windows NT 5.1; Trident/4.0)"
217.5.156.26 - - [11/Mar/2015:09:44:23 +0100] "GET / HTTP/1.1" 200 3632 "http://www.bing.com/search?q=maler+neuenhagen&src=IE-SearchBox&Form=IE8SRC" "Mozilla/4.0 (compatible; MSIE 8.0; Windows NT 5.1; Trident/4.0; .NET CLR 1.1.4322; .NET CLR 2.0.50727; .NET CLR 3.0.4506.2152; .NET CLR 3.5.30729)"
217.5.156.26 - - [11/Mar/2015:09:44:23 +0100] "GET /css/style.css HTTP/1.1" 200 1159 "http://www.just-malerei.de/" "Mozilla/4.0 (compatible; MSIE 8.0; Windows NT 5.1; Trident/4.0; .NET CLR 1.1.4322; .NET CLR 2.0.50727; .NET CLR 3.0.4506.2152; .NET CLR 3.5.30729)"
217.5.156.26 - - [11/Mar/2015:09:44:23 +0100] "GET /js/libs/modernizr-2.5.3.min.js HTTP/1.1" 200 15274 "http://www.just-malerei.de/" "Mozilla/4.0 (compatible; MSIE 8.0; Windows NT 5.1; Trident/4.0; .NET CLR 1.1.4322; .NET CLR 2.0.50727; .NET CLR 3.0.4506.2152; .NET CLR 3.5.30729)"
217.5.156.26 - - [11/Mar/2015:09:44:23 +0100] "GET /images/middle.png HTTP/1.1" 200 9561 "http://www.just-malerei.de/" "Mozilla/4.0 (compatible; MSIE 8.0; Windows NT 5.1; Trident/4.0; .NET CLR 1.1.4322; .NET CLR 2.0.50727; .NET CLR 3.0.4506.2152; .NET CLR 3.5.30729)"
217.5.156.26 - - [11/Mar/2015:09:44:24 +0100] "GET /js/plugins.js HTTP/1.1" 200 898 "http://www.just-malerei.de/" "Mozilla/4.0 (compatible; MSIE 8.0; Windows NT 5.1; Trident/4.0; .NET CLR 1.1.4322; .NET CLR 2.0.50727; .NET CLR 3.0.4506.2152; .NET CLR 3.5.30729)"
217.5.156.26 - - [11/Mar/2015:09:44:23 +0100] "GET /images/header.png HTTP/1.1" 200 139455 "http://www.just-malerei.de/" "Mozilla/4.0 (compatible; MSIE 8.0; Windows NT 5.1; Trident/4.0; .NET CLR 1.1.4322; .NET CLR 2.0.50727; .NET CLR 3.0.4506.2152; .NET CLR 3.5.30729)"
217.5.156.26 - - [11/Mar/2015:09:44:23 +0100] "GET /images/footer.png HTTP/1.1" 200 148251 "http://www.just-malerei.de/" "Mozilla/4.0 (compatible; MSIE 8.0; Windows NT 5.1; Trident/4.0; .NET CLR 1.1.4322; .NET CLR 2.0.50727; .NET CLR 3.0.4506.2152; .NET CLR 3.5.30729)"
217.5.156.26 - - [11/Mar/2015:09:44:25 +0100] "GET /favicon.ico HTTP/1.1" 200 93062 "-" "Mozilla/4.0 (compatible; MSIE 8.0; Windows NT 5.1; Trident/4.0; .NET CLR 1.1.4322; .NET CLR 2.0.50727; .NET CLR 3.0.4506.2152; .NET CLR 3.5.30729)"
217.5.156.26 - - [11/Mar/2015:09:45:00 +0100] "GET /impressum.html HTTP/1.1" 200 4742 "http://www.just-malerei.de/" "Mozilla/4.0 (compatible; MSIE 8.0; Windows NT 5.1; Trident/4.0; .NET CLR 1.1.4322; .NET CLR 2.0.50727; .NET CLR 3.0.4506.2152; .NET CLR 3.5.30729)"
217.5.156.26 - - [11/Mar/2015:09:45:00 +0100] "GET /images/middle1.png HTTP/1.1" 200 240127 "http://www.just-malerei.de/impressum.html" "Mozilla/4.0 (compatible; MSIE 8.0; Windows NT 5.1; Trident/4.0; .NET CLR 1.1.4322; .NET CLR 2.0.50727; .NET CLR 3.0.4506.2152; .NET CLR 3.5.30729)"
208.115.111.75 - - [11/Mar/2015:09:48:52 +0100] "GET /robots.txt HTTP/1.1" 404 1256 "-" "Mozilla/5.0 (compatible; DotBot/1.1; http://www.opensiteexplorer.org/dotbot, help@moz.com)"
208.115.111.75 - - [11/Mar/2015:11:04:19 +0100] "GET / HTTP/1.1" 200 3632 "-" "Mozilla/5.0 (compatible; DotBot/1.1; http://www.opensiteexplorer.org/dotbot, help@moz.com)"
80.228.62.133 - - [11/Mar/2015:13:11:36 +0100] "GET / HTTP/1.0" 200 3632 "http://www.google.de/url?sa=t&rct=j&q=&esrc=s&source=web&cd=2&ved=0CCoQFjAB&url=http%3A%2F%2Fwww.just-malerei.de%2F&ei=xDAAVe_PDoXJPaCsgfAN&usg=AFQjCNHas-xSRojpZ99IggKD6_XqNCQMVg&bvm=bv.87920726,d.ZWU" "Mozilla/5.0 (Windows NT 6.1; rv:36.0) Gecko/20100101 Firefox/36.0"
80.228.62.133 - - [11/Mar/2015:13:11:36 +0100] "GET /css/style.css HTTP/1.0" 200 1159 "http://www.just-malerei.de/" "Mozilla/5.0 (Windows NT 6.1; rv:36.0) Gecko/20100101 Firefox/36.0"
80.228.62.133 - - [11/Mar/2015:13:11:36 +0100] "GET /js/plugins.js HTTP/1.0" 200 898 "http://www.just-malerei.de/" "Mozilla/5.0 (Windows NT 6.1; rv:36.0) Gecko/20100101 Firefox/36.0"
80.228.62.133 - - [11/Mar/2015:13:11:36 +0100] "GET /js/libs/modernizr-2.5.3.min.js HTTP/1.0" 200 15274 "http://www.just-malerei.de/" "Mozilla/5.0 (Windows NT 6.1; rv:36.0) Gecko/20100101 Firefox/36.0"
80.228.62.133 - - [11/Mar/2015:13:11:36 +0100] "GET /images/middle.png HTTP/1.0" 200 9561 "http://www.just-malerei.de/css/style.css" "Mozilla/5.0 (Windows NT 6.1; rv:36.0) Gecko/20100101 Firefox/36.0"
80.228.62.133 - - [11/Mar/2015:13:11:36 +0100] "GET /images/header.png HTTP/1.0" 200 139455 "http://www.just-malerei.de/css/style.css" "Mozilla/5.0 (Windows NT 6.1; rv:36.0) Gecko/20100101 Firefox/36.0"
80.228.62.133 - - [11/Mar/2015:13:11:36 +0100] "GET /images/footer.png HTTP/1.0" 200 148251 "http://www.just-malerei.de/css/style.css" "Mozilla/5.0 (Windows NT 6.1; rv:36.0) Gecko/20100101 Firefox/36.0"
80.228.62.133 - - [11/Mar/2015:13:11:37 +0100] "GET /favicon.ico HTTP/1.0" 200 93062 "-" "Mozilla/5.0 (Windows NT 6.1; rv:36.0) Gecko/20100101 Firefox/36.0"
150.70.97.123 - - [11/Mar/2015:13:13:31 +0100] "GET / HTTP/1.1" 200 3632 "-" "Mozilla/4.0 (compatible; MSIE 8.0; Windows NT 5.1; Trident/4.0)"
66.249.78.3 - - [11/Mar/2015:15:46:57 +0100] "GET /robots.txt HTTP/1.1" 404 1256 "-" "Mozilla/5.0 (compatible; Googlebot/2.1; +http://www.google.com/bot.html)"
66.249.78.10 - - [11/Mar/2015:15:46:57 +0100] "GET / HTTP/1.1" 200 3632 "-" "Mozilla/5.0 (iPhone; CPU iPhone OS 6_0 like Mac OS X) AppleWebKit/536.26 (KHTML, like Gecko) Version/6.0 Mobile/10A5376e Safari/8536.25 (compatible; Googlebot/2.1; +http://www.google.com/bot.html)"
66.249.78.249 - - [11/Mar/2015:22:18:15 +0100] "GET /kontakt.html HTTP/1.1" 200 4348 "-" "Mozilla/5.0 (iPhone; CPU iPhone OS 6_0 like Mac OS X) AppleWebKit/536.26 (KHTML, like Gecko) Version/6.0 Mobile/10A5376e Safari/8536.25 (compatible; Googlebot/2.1; +http://www.google.com/bot.html)"
66.249.78.3 - - [12/Mar/2015:04:15:37 +0100] "GET /robots.txt HTTP/1.1" 404 1256 "-" "Mozilla/5.0 (compatible; Googlebot/2.1; +http://www.google.com/bot.html)"
66.249.78.3 - - [12/Mar/2015:04:15:37 +0100] "GET / HTTP/1.1" 200 3632 "-" "Mozilla/5.0 (iPhone; CPU iPhone OS 6_0 like Mac OS X) AppleWebKit/536.26 (KHTML, like Gecko) Version/6.0 Mobile/10A5376e Safari/8536.25 (compatible; Googlebot/2.1; +http://www.google.com/bot.html)"
80.228.62.133 - - [12/Mar/2015:10:40:30 +0100] "GET / HTTP/1.0" 200 3632 "https://www.google.de/" "Mozilla/5.0 (Windows NT 6.1) AppleWebKit/537.36 (KHTML, like Gecko) Chrome/40.0.2214.115 Safari/537.36"
80.228.62.133 - - [12/Mar/2015:10:40:30 +0100] "GET /css/style.css HTTP/1.0" 200 1159 "http://www.just-malerei.de/" "Mozilla/5.0 (Windows NT 6.1) AppleWebKit/537.36 (KHTML, like Gecko) Chrome/40.0.2214.115 Safari/537.36"
80.228.62.133 - - [12/Mar/2015:10:40:30 +0100] "GET /js/libs/modernizr-2.5.3.min.js HTTP/1.0" 200 15274 "http://www.just-malerei.de/" "Mozilla/5.0 (Windows NT 6.1) AppleWebKit/537.36 (KHTML, like Gecko) Chrome/40.0.2214.115 Safari/537.36"
80.228.62.133 - - [12/Mar/2015:10:40:30 +0100] "GET /js/plugins.js HTTP/1.0" 200 898 "http://www.just-malerei.de/" "Mozilla/5.0 (Windows NT 6.1) AppleWebKit/537.36 (KHTML, like Gecko) Chrome/40.0.2214.115 Safari/537.36"
80.228.62.133 - - [12/Mar/2015:10:40:30 +0100] "GET /images/middle.png HTTP/1.0" 200 9561 "http://www.just-malerei.de/css/style.css" "Mozilla/5.0 (Windows NT 6.1) AppleWebKit/537.36 (KHTML, like Gecko) Chrome/40.0.2214.115 Safari/537.36"
80.228.62.133 - - [12/Mar/2015:10:40:30 +0100] "GET /images/footer.png HTTP/1.0" 200 148251 "http://www.just-malerei.de/css/style.css" "Mozilla/5.0 (Windows NT 6.1) AppleWebKit/537.36 (KHTML, like Gecko) Chrome/40.0.2214.115 Safari/537.36"
80.228.62.133 - - [12/Mar/2015:10:40:30 +0100] "GET /images/header.png HTTP/1.0" 200 139455 "http://www.just-malerei.de/css/style.css" "Mozilla/5.0 (Windows NT 6.1) AppleWebKit/537.36 (KHTML, like Gecko) Chrome/40.0.2214.115 Safari/537.36"
80.228.62.133 - - [12/Mar/2015:10:40:31 +0100] "GET /favicon.ico HTTP/1.0" 200 93062 "-" "Mozilla/5.0 (Windows NT 6.1) AppleWebKit/537.36 (KHTML, like Gecko) Chrome/40.0.2214.115 Safari/537.36"
150.70.173.40 - - [12/Mar/2015:10:42:11 +0100] "GET / HTTP/1.1" 200 3632 "-" "Mozilla/4.0 (compatible; MSIE 8.0; Windows NT 5.1; Trident/4.0)"
80.228.62.133 - - [12/Mar/2015:14:30:24 +0100] "GET /impressum.html HTTP/1.0" 200 4742 "https://www.google.de/" "Mozilla/5.0 (Windows NT 6.1) AppleWebKit/537.36 (KHTML, like Gecko) Chrome/40.0.2214.115 Safari/537.36"
80.228.62.133 - - [12/Mar/2015:14:30:25 +0100] "GET /images/middle1.png HTTP/1.0" 200 240127 "http://www.just-malerei.de/css/style.css" "Mozilla/5.0 (Windows NT 6.1) AppleWebKit/537.36 (KHTML, like Gecko) Chrome/40.0.2214.115 Safari/537.36"
150.70.173.41 - - [12/Mar/2015:14:30:52 +0100] "GET /impressum.html HTTP/1.1" 200 4742 "-" "Mozilla/4.0 (compatible; MSIE 8.0; Windows NT 5.1; Trident/4.0)"
208.115.111.75 - - [12/Mar/2015:17:50:29 +0100] "GET /robots.txt HTTP/1.1" 404 1256 "-" "Mozilla/5.0 (compatible; DotBot/1.1; http://www.opensiteexplorer.org/dotbot, help@moz.com)"
208.115.111.75 - - [12/Mar/2015:19:01:10 +0100] "GET /kontakt.html HTTP/1.1" 200 4348 "-" "Mozilla/5.0 (compatible; DotBot/1.1; http://www.opensiteexplorer.org/dotbot, help@moz.com)"
91.65.205.15 - - [12/Mar/2015:20:54:00 +0100] "GET / HTTP/1.1" 200 3632 "http://www.google.de/url?sa=t&rct=j&q=&esrc=s&source=web&cd=3&cad=rja&uact=8&ved=0CCsQFjAC&url=http%3A%2F%2Fwww.just-malerei.de%2F&ei=pO4BVYTHEMTPaIqUgtgM&usg=AFQjCNHas-xSRojpZ99IggKD6_XqNCQMVg&bvm=bv.88198703,d.d2s" "Mozilla/5.0 (Windows NT 6.1; WOW64; rv:36.0) Gecko/20100101 Firefox/36.0"
91.65.205.15 - - [12/Mar/2015:20:54:00 +0100] "GET /css/style.css HTTP/1.1" 200 1159 "http://www.just-malerei.de/" "Mozilla/5.0 (Windows NT 6.1; WOW64; rv:36.0) Gecko/20100101 Firefox/36.0"
91.65.205.15 - - [12/Mar/2015:20:54:00 +0100] "GET /js/libs/modernizr-2.5.3.min.js HTTP/1.1" 200 15274 "http://www.just-malerei.de/" "Mozilla/5.0 (Windows NT 6.1; WOW64; rv:36.0) Gecko/20100101 Firefox/36.0"
91.65.205.15 - - [12/Mar/2015:20:54:00 +0100] "GET /js/plugins.js HTTP/1.1" 200 898 "http://www.just-malerei.de/" "Mozilla/5.0 (Windows NT 6.1; WOW64; rv:36.0) Gecko/20100101 Firefox/36.0"
91.65.205.15 - - [12/Mar/2015:20:54:01 +0100] "GET /images/middle.png HTTP/1.1" 200 9561 "http://www.just-malerei.de/css/style.css" "Mozilla/5.0 (Windows NT 6.1; WOW64; rv:36.0) Gecko/20100101 Firefox/36.0"
91.65.205.15 - - [12/Mar/2015:20:54:01 +0100] "GET /images/header.png HTTP/1.1" 200 139455 "http://www.just-malerei.de/css/style.css" "Mozilla/5.0 (Windows NT 6.1; WOW64; rv:36.0) Gecko/20100101 Firefox/36.0"
91.65.205.15 - - [12/Mar/2015:20:54:01 +0100] "GET /images/footer.png HTTP/1.1" 200 148251 "http://www.just-malerei.de/css/style.css" "Mozilla/5.0 (Windows NT 6.1; WOW64; rv:36.0) Gecko/20100101 Firefox/36.0"
91.65.205.15 - - [12/Mar/2015:20:54:02 +0100] "GET /favicon.ico HTTP/1.1" 200 93062 "-" "Mozilla/5.0 (Windows NT 6.1; WOW64; rv:36.0) Gecko/20100101 Firefox/36.0"
91.65.205.15 - - [12/Mar/2015:20:54:09 +0100] "GET /impressum.html HTTP/1.1" 200 4742 "http://www.just-malerei.de/" "Mozilla/5.0 (Windows NT 6.1; WOW64; rv:36.0) Gecko/20100101 Firefox/36.0"
91.65.205.15 - - [12/Mar/2015:20:54:10 +0100] "GET /images/middle1.png HTTP/1.1" 200 240127 "http://www.just-malerei.de/css/style.css" "Mozilla/5.0 (Windows NT 6.1; WOW64; rv:36.0) Gecko/20100101 Firefox/36.0"
66.249.78.249 - - [13/Mar/2015:03:57:27 +0100] "GET /robots.txt HTTP/1.1" 404 1256 "-" "Mozilla/5.0 (compatible; Googlebot/2.1; +http://www.google.com/bot.html)"
66.249.78.10 - - [13/Mar/2015:03:57:28 +0100] "GET / HTTP/1.1" 200 3632 "-" "Mozilla/5.0 (iPhone; CPU iPhone OS 6_0 like Mac OS X) AppleWebKit/536.26 (KHTML, like Gecko) Version/6.0 Mobile/10A5376e Safari/8536.25 (compatible; Googlebot/2.1; +http://www.google.com/bot.html)"
141.15.29.24 - - [13/Mar/2015:10:52:10 +0100] "GET / HTTP/1.1" 200 3632 "http://www.bing.com/search?q=Maler+Neuenhagen&src=ie9tr" "Mozilla/5.0 (compatible; MSIE 9.0; Windows NT 6.1; Trident/5.0)"
141.15.29.24 - - [13/Mar/2015:10:52:11 +0100] "GET /js/plugins.js HTTP/1.1" 200 898 "http://www.just-malerei.de/" "Mozilla/5.0 (compatible; MSIE 9.0; Windows NT 6.1; Trident/5.0)"
141.15.29.24 - - [13/Mar/2015:10:52:11 +0100] "GET /js/libs/modernizr-2.5.3.min.js HTTP/1.1" 200 15274 "http://www.just-malerei.de/" "Mozilla/5.0 (compatible; MSIE 9.0; Windows NT 6.1; Trident/5.0)"
141.15.29.24 - - [13/Mar/2015:10:52:11 +0100] "GET /css/style.css HTTP/1.1" 200 1159 "http://www.just-malerei.de/" "Mozilla/5.0 (compatible; MSIE 9.0; Windows NT 6.1; Trident/5.0)"
141.15.29.24 - - [13/Mar/2015:10:52:12 +0100] "GET /images/middle.png HTTP/1.1" 200 9561 "http://www.just-malerei.de/" "Mozilla/5.0 (compatible; MSIE 9.0; Windows NT 6.1; Trident/5.0)"
141.15.29.24 - - [13/Mar/2015:10:52:12 +0100] "GET /js/libs/jquery-1.7.1.min.js HTTP/1.1" 200 93867 "http://www.just-malerei.de/" "Mozilla/5.0 (compatible; MSIE 9.0; Windows NT 6.1; Trident/5.0)"
141.15.29.24 - - [13/Mar/2015:10:52:12 +0100] "GET /images/footer.png HTTP/1.1" 200 148251 "http://www.just-malerei.de/" "Mozilla/5.0 (compatible; MSIE 9.0; Windows NT 6.1; Trident/5.0)"
141.15.29.24 - - [13/Mar/2015:10:52:12 +0100] "GET /images/header.png HTTP/1.1" 200 139455 "http://www.just-malerei.de/" "Mozilla/5.0 (compatible; MSIE 9.0; Windows NT 6.1; Trident/5.0)"
141.15.29.24 - - [13/Mar/2015:10:52:12 +0100] "GET /favicon.ico HTTP/1.1" 200 93062 "-" "Mozilla/5.0 (compatible; MSIE 9.0; Windows NT 6.1; Trident/5.0)"
141.15.29.24 - - [13/Mar/2015:10:52:42 +0100] "GET /kontakt.html HTTP/1.1" 200 4348 "http://www.just-malerei.de/" "Mozilla/5.0 (compatible; MSIE 9.0; Windows NT 6.1; Trident/5.0)"
141.15.29.24 - - [13/Mar/2015:10:52:42 +0100] "GET /captcha/captcha.php HTTP/1.1" 200 4565 "http://www.just-malerei.de/kontakt.html" "Mozilla/5.0 (compatible; MSIE 9.0; Windows NT 6.1; Trident/5.0)"
141.15.29.24 - - [13/Mar/2015:10:52:43 +0100] "GET /images/middle1.png HTTP/1.1" 200 240127 "http://www.just-malerei.de/kontakt.html" "Mozilla/5.0 (compatible; MSIE 9.0; Windows NT 6.1; Trident/5.0)"
66.249.78.249 - - [14/Mar/2015:04:53:42 +0100] "GET /robots.txt HTTP/1.1" 404 1256 "-" "Mozilla/5.0 (compatible; Googlebot/2.1; +http://www.google.com/bot.html)"
66.249.78.10 - - [14/Mar/2015:04:53:42 +0100] "GET / HTTP/1.1" 200 3632 "-" "Mozilla/5.0 (iPhone; CPU iPhone OS 6_0 like Mac OS X) AppleWebKit/536.26 (KHTML, like Gecko) Version/6.0 Mobile/10A5376e Safari/8536.25 (compatible; Googlebot/2.1; +http://www.google.com/bot.html)"
66.249.78.249 - - [14/Mar/2015:06:24:07 +0100] "GET /css/style.css HTTP/1.1" 200 1159 "-" "Mozilla/5.0 (compatible; Googlebot/2.1; +http://www.google.com/bot.html)"
207.46.13.4 - - [14/Mar/2015:08:55:36 +0100] "GET /robots.txt HTTP/1.1" 404 1256 "-" "Mozilla/5.0 (compatible; bingbot/2.0; +http://www.bing.com/bingbot.htm)"
207.46.13.4 - - [14/Mar/2015:08:55:39 +0100] "GET / HTTP/1.1" 304 - "-" "Mozilla/5.0 (compatible; bingbot/2.0; +http://www.bing.com/bingbot.htm)"
221.204.37.214 - - [14/Mar/2015:14:46:59 +0100] "GET /phpinfo.php HTTP/1.1" 404 1256 "-" "-"
66.249.78.3 - - [15/Mar/2015:02:41:12 +0100] "GET /robots.txt HTTP/1.1" 404 1256 "-" "Mozilla/5.0 (compatible; Googlebot/2.1; +http://www.google.com/bot.html)"
66.249.78.10 - - [15/Mar/2015:02:41:12 +0100] "GET / HTTP/1.1" 200 3632 "-" "Mozilla/5.0 (compatible; Googlebot/2.1; +http://www.google.com/bot.html)"
66.249.78.10 - - [15/Mar/2015:07:01:15 +0100] "GET / HTTP/1.1" 200 3632 "-" "Mozilla/5.0 (compatible; Googlebot/2.1; +http://www.google.com/bot.html)"
66.249.78.249 - - [15/Mar/2015:08:11:03 +0100] "GET / HTTP/1.1" 200 3632 "-" "Mozilla/5.0 (iPhone; CPU iPhone OS 6_0 like Mac OS X) AppleWebKit/536.26 (KHTML, like Gecko) Version/6.0 Mobile/10A5376e Safari/8536.25 (compatible; Googlebot/2.1; +http://www.google.com/bot.html)"
207.46.13.5 - - [15/Mar/2015:14:14:16 +0100] "GET /kontakt.html HTTP/1.1" 200 4348 "-" "Mozilla/5.0 (compatible; bingbot/2.0; +http://www.bing.com/bingbot.htm)"
78.54.179.29 - - [15/Mar/2015:22:28:03 +0100] "GET / HTTP/1.1" 200 3632 "-" "UserAgent: Apache-HttpClient/release (java 1.5)"
78.54.179.29 - - [15/Mar/2015:22:28:03 +0100] "GET /impressum.html HTTP/1.1" 200 4742 "-" "UserAgent: Apache-HttpClient/release (java 1.5)"
66.249.67.39 - - [16/Mar/2015:07:21:31 +0100] "GET /robots.txt HTTP/1.1" 404 1256 "-" "Mozilla/5.0 (compatible; Googlebot/2.1; +http://www.google.com/bot.html)"
66.249.67.31 - - [16/Mar/2015:07:21:31 +0100] "GET / HTTP/1.1" 200 3632 "-" "Mozilla/5.0 (iPhone; CPU iPhone OS 6_0 like Mac OS X) AppleWebKit/536.26 (KHTML, like Gecko) Version/6.0 Mobile/10A5376e Safari/8536.25 (compatible; Googlebot/2.1; +http://www.google.com/bot.html)"
66.249.67.39 - - [17/Mar/2015:03:16:39 +0100] "GET /robots.txt HTTP/1.1" 404 1256 "-" "Mozilla/5.0 (compatible; Googlebot/2.1; +http://www.google.com/bot.html)"
66.249.67.39 - - [17/Mar/2015:03:16:39 +0100] "GET / HTTP/1.1" 200 3632 "-" "Mozilla/5.0 (iPhone; CPU iPhone OS 6_0 like Mac OS X) AppleWebKit/536.26 (KHTML, like Gecko) Version/6.0 Mobile/10A5376e Safari/8536.25 (compatible; Googlebot/2.1; +http://www.google.com/bot.html)"
66.249.67.39 - - [17/Mar/2015:03:46:00 +0100] "GET / HTTP/1.1" 200 3632 "-" "Mozilla/5.0 (iPhone; CPU iPhone OS 6_0 like Mac OS X) AppleWebKit/536.26 (KHTML, like Gecko) Version/6.0 Mobile/10A5376e Safari/8536.25 (compatible; Googlebot/2.1; +http://www.google.com/bot.html)"
179.34.191.132 - - [17/Mar/2015:09:25:53 +0100] "GET / HTTP/1.1" 200 3632 "-" "Mozilla/5.0 (Windows NT 6.1; WOW64) AppleWebKit/537.36 (KHTML, like Gecko) Chrome/34.0.1847.131 Safari/537.36"
207.46.13.5 - - [17/Mar/2015:22:45:06 +0100] "GET /robots.txt HTTP/1.1" 404 1256 "-" "Mozilla/5.0 (compatible; bingbot/2.0; +http://www.bing.com/bingbot.htm)"
207.46.13.5 - - [17/Mar/2015:22:45:24 +0100] "GET /index.html HTTP/1.1" 200 3632 "-" "Mozilla/5.0 (compatible; bingbot/2.0; +http://www.bing.com/bingbot.htm)"
207.46.13.5 - - [18/Mar/2015:00:52:25 +0100] "GET /kontakt.html HTTP/1.1" 304 - "-" "Mozilla/5.0 (compatible; bingbot/2.0; +http://www.bing.com/bingbot.htm)"
66.249.67.47 - - [18/Mar/2015:06:40:01 +0100] "GET /robots.txt HTTP/1.1" 404 1256 "-" "Mozilla/5.0 (compatible; Googlebot/2.1; +http://www.google.com/bot.html)"
66.249.67.39 - - [18/Mar/2015:06:40:02 +0100] "GET / HTTP/1.1" 200 3632 "-" "Mozilla/5.0 (iPhone; CPU iPhone OS 6_0 like Mac OS X) AppleWebKit/536.26 (KHTML, like Gecko) Version/6.0 Mobile/10A5376e Safari/8536.25 (compatible; Googlebot/2.1; +http://www.google.com/bot.html)"
66.249.67.39 - - [18/Mar/2015:06:48:59 +0100] "GET /css/style.css HTTP/1.1" 200 1159 "-" "Mozilla/5.0 (compatible; Googlebot/2.1; +http://www.google.com/bot.html)"
66.249.67.31 - - [19/Mar/2015:04:01:43 +0100] "GET /robots.txt HTTP/1.1" 404 1256 "-" "Mozilla/5.0 (compatible; Googlebot/2.1; +http://www.google.com/bot.html)"
66.249.67.39 - - [19/Mar/2015:04:01:43 +0100] "GET / HTTP/1.1" 200 3632 "-" "Mozilla/5.0 (iPhone; CPU iPhone OS 6_0 like Mac OS X) AppleWebKit/536.26 (KHTML, like Gecko) Version/6.0 Mobile/10A5376e Safari/8536.25 (compatible; Googlebot/2.1; +http://www.google.com/bot.html)"
176.57.141.254 - - [19/Mar/2015:07:07:26 +0100] "GET /impressum.html HTTP/1.1" 200 4742 "-" "Mozilla/5.0 (Windows NT 6.1; rv:12.0) Gecko/20120403211507 Firefox/14.0.1"
176.57.141.254 - - [19/Mar/2015:07:07:27 +0100] "GET / HTTP/1.1" 200 3632 "-" "Mozilla/5.0 (Windows NT 6.1; rv:21.0) Gecko/20130401 Firefox/21.0"
176.57.141.254 - - [19/Mar/2015:07:07:27 +0100] "GET /kontakt.html HTTP/1.1" 200 4348 "-" "Mozilla/5.0 (Windows NT 6.2; rv:21.0) Gecko/20130326 Firefox/21.0"
66.249.67.47 - - [20/Mar/2015:05:22:55 +0100] "GET /robots.txt HTTP/1.1" 404 1256 "-" "Mozilla/5.0 (compatible; Googlebot/2.1; +http://www.google.com/bot.html)"
66.249.67.47 - - [20/Mar/2015:05:22:55 +0100] "GET / HTTP/1.1" 200 3632 "-" "Mozilla/5.0 (iPhone; CPU iPhone OS 6_0 like Mac OS X) AppleWebKit/536.26 (KHTML, like Gecko) Version/6.0 Mobile/10A5376e Safari/8536.25 (compatible; Googlebot/2.1; +http://www.google.com/bot.html)"
66.249.67.47 - - [20/Mar/2015:05:29:14 +0100] "GET /js/libs/modernizr-2.5.3.min.js HTTP/1.1" 200 15274 "-" "Mozilla/5.0 (compatible; Googlebot/2.1; +http://www.google.com/bot.html)"
66.249.67.47 - - [20/Mar/2015:05:29:15 +0100] "GET /js/plugins.js HTTP/1.1" 200 898 "-" "Mozilla/5.0 (compatible; Googlebot/2.1; +http://www.google.com/bot.html)"
66.249.67.31 - - [20/Mar/2015:05:29:16 +0100] "GET /css/style.css HTTP/1.1" 200 1159 "-" "Mozilla/5.0 (compatible; Googlebot/2.1; +http://www.google.com/bot.html)"
66.249.79.47 - - [21/Mar/2015:05:00:38 +0100] "GET /robots.txt HTTP/1.1" 404 1256 "-" "Mozilla/5.0 (compatible; Googlebot/2.1; +http://www.google.com/bot.html)"
66.249.79.39 - - [21/Mar/2015:05:00:38 +0100] "GET / HTTP/1.1" 200 3632 "-" "Mozilla/5.0 (iPhone; CPU iPhone OS 6_0 like Mac OS X) AppleWebKit/536.26 (KHTML, like Gecko) Version/6.0 Mobile/10A5376e Safari/8536.25 (compatible; Googlebot/2.1; +http://www.google.com/bot.html)"
188.103.197.222 - - [21/Mar/2015:19:41:34 +0100] "GET / HTTP/1.1" 200 3632 "http://www.google.de/" "Mozilla/5.0 (Linux; Android 4.3; GT-I9505 Build/JSS15J) AppleWebKit/537.36 (KHTML, like Gecko) Chrome/41.0.2272.96 Mobile Safari/537.36"
188.103.197.222 - - [21/Mar/2015:19:41:34 +0100] "GET /css/style.css HTTP/1.1" 200 1159 "http://www.google.de/" "Mozilla/5.0 (Linux; Android 4.3; GT-I9505 Build/JSS15J) AppleWebKit/537.36 (KHTML, like Gecko) Chrome/41.0.2272.96 Mobile Safari/537.36"
188.103.197.222 - - [21/Mar/2015:19:41:34 +0100] "GET /js/plugins.js HTTP/1.1" 200 898 "http://www.google.de/" "Mozilla/5.0 (Linux; Android 4.3; GT-I9505 Build/JSS15J) AppleWebKit/537.36 (KHTML, like Gecko) Chrome/41.0.2272.96 Mobile Safari/537.36"
188.103.197.222 - - [21/Mar/2015:19:41:34 +0100] "GET /js/libs/modernizr-2.5.3.min.js HTTP/1.1" 200 15274 "http://www.google.de/" "Mozilla/5.0 (Linux; Android 4.3; GT-I9505 Build/JSS15J) AppleWebKit/537.36 (KHTML, like Gecko) Chrome/41.0.2272.96 Mobile Safari/537.36"
188.103.197.222 - - [21/Mar/2015:19:41:34 +0100] "GET /images/middle.png HTTP/1.1" 200 9561 "http://www.google.de/" "Mozilla/5.0 (Linux; Android 4.3; GT-I9505 Build/JSS15J) AppleWebKit/537.36 (KHTML, like Gecko) Chrome/41.0.2272.96 Mobile Safari/537.36"
188.103.197.222 - - [21/Mar/2015:19:41:34 +0100] "GET /images/footer.png HTTP/1.1" 200 148251 "http://www.google.de/" "Mozilla/5.0 (Linux; Android 4.3; GT-I9505 Build/JSS15J) AppleWebKit/537.36 (KHTML, like Gecko) Chrome/41.0.2272.96 Mobile Safari/537.36"
188.103.197.222 - - [21/Mar/2015:19:41:34 +0100] "GET /images/header.png HTTP/1.1" 200 139455 "http://www.google.de/" "Mozilla/5.0 (Linux; Android 4.3; GT-I9505 Build/JSS15J) AppleWebKit/537.36 (KHTML, like Gecko) Chrome/41.0.2272.96 Mobile Safari/537.36"
188.103.197.222 - - [21/Mar/2015:19:41:35 +0100] "GET /favicon.ico HTTP/1.1" 200 93062 "http://www.google.de/" "Mozilla/5.0 (Linux; Android 4.3; GT-I9505 Build/JSS15J) AppleWebKit/537.36 (KHTML, like Gecko) Chrome/41.0.2272.96 Mobile Safari/537.36"
37.24.36.126 - - [21/Mar/2015:23:50:14 +0100] "GET / HTTP/1.1" 200 3632 "-" "-"
37.24.36.126 - - [21/Mar/2015:23:50:14 +0100] "GET / HTTP/1.1" 200 3632 "http://www.diebestesuchmaschinederwelt.de/" "Wenn Sie nicht moechten, dass wir Ihre Seite indizieren, senden Sie bitte eine Mail an no.indexing@gmail.com mit Ihrer Domain in der Betreffzeile/ If you dont want us to index your domain, please send an email to no.indexing@gmail.com and set your domainname in the subject line"
37.24.36.126 - - [21/Mar/2015:23:50:14 +0100] "GET / HTTP/1.1" 200 3632 "http://www.diebestesuchmaschinederwelt.de/" "Mozilla/5.0 (iPhone; U; CPU iPhone OS 3_0 like Mac OS X; en-us) AppleWebKit/528.18 (KHTML, like Gecko) Version/4.0 Mobile/7A341 Safari/528.16"
37.24.36.126 - - [21/Mar/2015:23:50:16 +0100] "GET /impressum.html HTTP/1.1" 200 4742 "http://www.diebestesuchmaschinederwelt.de/" "Wenn Sie nicht moechten, dass wir Ihre Seite indizieren, senden Sie bitte eine Mail an no.indexing@gmail.com mit Ihrer Domain in der Betreffzeile/ If you dont want us to index your domain, please send an email to no.indexing@gmail.com and set your domainname in the subject line"
37.24.36.126 - - [21/Mar/2015:23:50:18 +0100] "GET /kontakt.html HTTP/1.1" 200 4348 "http://www.diebestesuchmaschinederwelt.de/" "Wenn Sie nicht moechten, dass wir Ihre Seite indizieren, senden Sie bitte eine Mail an no.indexing@gmail.com mit Ihrer Domain in der Betreffzeile/ If you dont want us to index your domain, please send an email to no.indexing@gmail.com and set your domainname in the subject line"
37.24.36.126 - - [21/Mar/2015:23:50:19 +0100] "GET /index.html HTTP/1.1" 200 3632 "http://www.diebestesuchmaschinederwelt.de/" "Wenn Sie nicht moechten, dass wir Ihre Seite indizieren, senden Sie bitte eine Mail an no.indexing@gmail.com mit Ihrer Domain in der Betreffzeile/ If you dont want us to index your domain, please send an email to no.indexing@gmail.com and set your domainname in the subject line"
178.62.198.213 - - [22/Mar/2015:00:17:07 +0100] "GET / HTTP/1.1" 200 3632 "http://hvd-store.com/" "Mozilla/5.0 (X11; Linux x86_64) AppleWebKit/537.36 (KHTML, like Gecko) Chrome/37.0.2062.120 Safari/537.36"
85.214.11.209 - - [22/Mar/2015:03:06:12 +0100] "GET / HTTP/1.1" 200 3632 "http://hundejo.com/" "Mozilla/5.0 (X11; Linux x86_64) AppleWebKit/537.36 (KHTML, like Gecko) Chrome/37.0.2062.120 Safari/537.36"
66.249.78.249 - - [22/Mar/2015:05:41:43 +0100] "GET /robots.txt HTTP/1.1" 404 1256 "-" "Mozilla/5.0 (compatible; Googlebot/2.1; +http://www.google.com/bot.html)"
66.249.78.3 - - [22/Mar/2015:05:41:43 +0100] "GET / HTTP/1.1" 200 3632 "-" "Mozilla/5.0 (iPhone; CPU iPhone OS 6_0 like Mac OS X) AppleWebKit/536.26 (KHTML, like Gecko) Version/6.0 Mobile/10A5376e Safari/8536.25 (compatible; Googlebot/2.1; +http://www.google.com/bot.html)"
188.103.197.222 - - [22/Mar/2015:09:53:56 +0100] "GET / HTTP/1.1" 200 3632 "-" "Mozilla/5.0 (Linux; Android 5.0; SM-G900F Build/LRX21T) AppleWebKit/537.36 (KHTML, like Gecko) Chrome/41.0.2272.96 Mobile Safari/537.36"
188.103.197.222 - - [22/Mar/2015:09:53:56 +0100] "GET /css/style.css HTTP/1.1" 200 1159 "http://www.just-malerei.de/" "Mozilla/5.0 (Linux; Android 5.0; SM-G900F Build/LRX21T) AppleWebKit/537.36 (KHTML, like Gecko) Chrome/41.0.2272.96 Mobile Safari/537.36"
188.103.197.222 - - [22/Mar/2015:09:53:56 +0100] "GET /js/libs/modernizr-2.5.3.min.js HTTP/1.1" 200 15274 "http://www.just-malerei.de/" "Mozilla/5.0 (Linux; Android 5.0; SM-G900F Build/LRX21T) AppleWebKit/537.36 (KHTML, like Gecko) Chrome/41.0.2272.96 Mobile Safari/537.36"
188.103.197.222 - - [22/Mar/2015:09:53:56 +0100] "GET /js/plugins.js HTTP/1.1" 200 898 "http://www.just-malerei.de/" "Mozilla/5.0 (Linux; Android 5.0; SM-G900F Build/LRX21T) AppleWebKit/537.36 (KHTML, like Gecko) Chrome/41.0.2272.96 Mobile Safari/537.36"
188.103.197.222 - - [22/Mar/2015:09:53:57 +0100] "GET /images/middle.png HTTP/1.1" 200 9561 "http://www.just-malerei.de/css/style.css" "Mozilla/5.0 (Linux; Android 5.0; SM-G900F Build/LRX21T) AppleWebKit/537.36 (KHTML, like Gecko) Chrome/41.0.2272.96 Mobile Safari/537.36"
188.103.197.222 - - [22/Mar/2015:09:53:57 +0100] "GET /images/header.png HTTP/1.1" 200 139455 "http://www.just-malerei.de/css/style.css" "Mozilla/5.0 (Linux; Android 5.0; SM-G900F Build/LRX21T) AppleWebKit/537.36 (KHTML, like Gecko) Chrome/41.0.2272.96 Mobile Safari/537.36"
188.103.197.222 - - [22/Mar/2015:09:53:57 +0100] "GET /images/footer.png HTTP/1.1" 200 148251 "http://www.just-malerei.de/css/style.css" "Mozilla/5.0 (Linux; Android 5.0; SM-G900F Build/LRX21T) AppleWebKit/537.36 (KHTML, like Gecko) Chrome/41.0.2272.96 Mobile Safari/537.36"
188.103.197.222 - - [22/Mar/2015:09:53:57 +0100] "GET /favicon.ico HTTP/1.1" 200 93062 "-" "Mozilla/5.0 (Linux; Android 5.0; SM-G900F Build/LRX21T) AppleWebKit/537.36 (KHTML, like Gecko) Chrome/41.0.2272.96 Mobile Safari/537.36"
66.249.73.158 - - [23/Mar/2015:00:02:18 +0100] "GET /robots.txt HTTP/1.1" 404 1256 "-" "Mozilla/5.0 (compatible; Googlebot/2.1; +http://www.google.com/bot.html)"
