195.30.103.99 - - [01/Dec/2012:13:01:11 +0100] "GET / HTTP/1.1" 200 3632 "-" "ColdFusion"
157.55.32.109 - - [06/Dec/2012:02:42:32 +0100] "GET /robots.txt HTTP/1.1" 404 1256 "-" "Mozilla/5.0 (compatible; bingbot/2.0; +http://www.bing.com/bingbot.htm)"
157.55.32.109 - - [06/Dec/2012:02:44:48 +0100] "GET / HTTP/1.1" 200 3632 "-" "Mozilla/5.0 (compatible; bingbot/2.0; +http://www.bing.com/bingbot.htm)"
50.16.49.206 - - [06/Dec/2012:07:08:44 +0100] "GET / HTTP/1.0" 200 3632 "-" "Mozilla/5.0 (compatible; NetcraftSurveyAgent/1.0; +info@netcraft.com)"
157.55.36.54 - - [06/Dec/2012:09:04:14 +0100] "GET /robots.txt HTTP/1.1" 404 1256 "-" "Mozilla/5.0 (compatible; bingbot/2.0; +http://www.bing.com/bingbot.htm)"
157.55.36.54 - - [06/Dec/2012:09:05:45 +0100] "GET /kontakt.html HTTP/1.1" 304 - "-" "Mozilla/5.0 (compatible; bingbot/2.0; +http://www.bing.com/bingbot.htm)"
157.55.32.109 - - [07/Dec/2012:03:49:40 +0100] "GET /robots.txt HTTP/1.1" 404 1256 "-" "Mozilla/5.0 (compatible; bingbot/2.0; +http://www.bing.com/bingbot.htm)"
157.55.32.109 - - [07/Dec/2012:03:52:30 +0100] "GET / HTTP/1.1" 200 3632 "-" "Mozilla/5.0 (compatible; bingbot/2.0; +http://www.bing.com/bingbot.htm)"
157.55.32.109 - - [08/Dec/2012:03:18:08 +0100] "GET /robots.txt HTTP/1.1" 404 1256 "-" "Mozilla/5.0 (compatible; bingbot/2.0; +http://www.bing.com/bingbot.htm)"
157.55.32.109 - - [08/Dec/2012:03:21:08 +0100] "GET / HTTP/1.1" 200 3632 "-" "Mozilla/5.0 (compatible; bingbot/2.0; +http://www.bing.com/bingbot.htm)"
157.55.32.109 - - [09/Dec/2012:03:19:04 +0100] "GET /robots.txt HTTP/1.1" 404 1256 "-" "Mozilla/5.0 (compatible; bingbot/2.0; +http://www.bing.com/bingbot.htm)"
157.55.32.109 - - [09/Dec/2012:03:21:23 +0100] "GET / HTTP/1.1" 200 3632 "-" "Mozilla/5.0 (compatible; bingbot/2.0; +http://www.bing.com/bingbot.htm)"
216.145.5.42 - - [09/Dec/2012:11:30:16 +0100] "GET /robots.txt HTTP/1.0" 404 1256 "-" "Mozilla/5.0 (Windows; U; Windows NT 5.1; en; rv:1.9.0.13) Gecko/2009073022 Firefox/3.5.2 (.NET CLR 3.5.30729) SurveyBot/2.3 (DomainTools)"
216.145.5.42 - - [09/Dec/2012:11:30:16 +0100] "GET / HTTP/1.1" 200 3632 "http://whois.domaintools.com/just-malerei.de" "Mozilla/5.0 (Windows; U; Windows NT 5.1; en; rv:1.9.0.13) Gecko/2009073022 Firefox/3.5.2 (.NET CLR 3.5.30729) SurveyBot/2.3 (DomainTools)"
208.115.111.75 - - [09/Dec/2012:14:46:44 +0100] "GET /robots.txt HTTP/1.1" 404 1256 "-" "Mozilla/5.0 (compatible; Ezooms/1.0; ezooms.bot@gmail.com)"
66.249.75.124 - - [10/Dec/2012:00:41:00 +0100] "GET /robots.txt HTTP/1.1" 404 1256 "-" "Mozilla/5.0 (compatible; Googlebot/2.1; +http://www.google.com/bot.html)"
66.249.75.124 - - [10/Dec/2012:00:41:01 +0100] "GET /kontakt.html HTTP/1.1" 304 - "-" "Mozilla/5.0 (compatible; Googlebot/2.1; +http://www.google.com/bot.html)"
66.249.75.124 - - [10/Dec/2012:00:49:46 +0100] "GET /impressum.html HTTP/1.1" 304 - "-" "Mozilla/5.0 (compatible; Googlebot/2.1; +http://www.google.com/bot.html)"
157.55.32.109 - - [10/Dec/2012:03:33:11 +0100] "GET /robots.txt HTTP/1.1" 404 1256 "-" "Mozilla/5.0 (compatible; bingbot/2.0; +http://www.bing.com/bingbot.htm)"
157.55.32.109 - - [10/Dec/2012:03:35:20 +0100] "GET / HTTP/1.1" 200 3632 "-" "Mozilla/5.0 (compatible; bingbot/2.0; +http://www.bing.com/bingbot.htm)"
157.55.32.109 - - [11/Dec/2012:03:29:22 +0100] "GET /robots.txt HTTP/1.1" 404 1256 "-" "Mozilla/5.0 (compatible; bingbot/2.0; +http://www.bing.com/bingbot.htm)"
157.55.32.109 - - [11/Dec/2012:03:31:17 +0100] "GET / HTTP/1.1" 200 3632 "-" "Mozilla/5.0 (compatible; bingbot/2.0; +http://www.bing.com/bingbot.htm)"
157.55.32.109 - - [11/Dec/2012:15:07:27 +0100] "GET /robots.txt HTTP/1.1" 404 1256 "-" "Mozilla/5.0 (compatible; bingbot/2.0; +http://www.bing.com/bingbot.htm)"
157.55.32.109 - - [11/Dec/2012:15:09:55 +0100] "GET / HTTP/1.1" 304 - "-" "Mozilla/5.0 (compatible; bingbot/2.0; +http://www.bing.com/bingbot.htm)"
157.55.32.109 - - [12/Dec/2012:03:45:06 +0100] "GET /robots.txt HTTP/1.1" 404 1256 "-" "Mozilla/5.0 (compatible; bingbot/2.0; +http://www.bing.com/bingbot.htm)"
157.55.32.109 - - [12/Dec/2012:03:47:51 +0100] "GET / HTTP/1.1" 200 3632 "-" "Mozilla/5.0 (compatible; bingbot/2.0; +http://www.bing.com/bingbot.htm)"
208.115.113.91 - - [12/Dec/2012:16:32:54 +0100] "GET /robots.txt HTTP/1.1" 404 1256 "-" "Mozilla/5.0 (compatible; Ezooms/1.0; ezooms.bot@gmail.com)"
208.115.113.91 - - [12/Dec/2012:17:00:41 +0100] "GET /impressum.html HTTP/1.1" 200 4742 "-" "Mozilla/5.0 (compatible; Ezooms/1.0; ezooms.bot@gmail.com)"
208.115.111.75 - - [12/Dec/2012:18:34:39 +0100] "GET /robots.txt HTTP/1.1" 404 1256 "-" "Mozilla/5.0 (compatible; Ezooms/1.0; ezooms.bot@gmail.com)"
208.115.111.75 - - [12/Dec/2012:21:18:46 +0100] "GET / HTTP/1.1" 200 3632 "-" "Mozilla/5.0 (compatible; Ezooms/1.0; ezooms.bot@gmail.com)"
157.55.35.100 - - [13/Dec/2012:02:41:35 +0100] "GET /robots.txt HTTP/1.1" 404 1256 "-" "Mozilla/5.0 (compatible; bingbot/2.0; +http://www.bing.com/bingbot.htm)"
157.55.35.100 - - [13/Dec/2012:02:43:22 +0100] "GET /impressum.html HTTP/1.1" 200 4742 "-" "Mozilla/5.0 (compatible; bingbot/2.0; +http://www.bing.com/bingbot.htm)"
157.55.36.54 - - [13/Dec/2012:02:43:52 +0100] "GET /kontakt.html HTTP/1.1" 200 4348 "-" "Mozilla/5.0 (compatible; bingbot/2.0; +http://www.bing.com/bingbot.htm)"
157.55.36.50 - - [13/Dec/2012:04:32:44 +0100] "GET /robots.txt HTTP/1.1" 404 1256 "-" "Mozilla/5.0 (compatible; bingbot/2.0; +http://www.bing.com/bingbot.htm)"
157.55.36.50 - - [13/Dec/2012:04:34:59 +0100] "GET / HTTP/1.1" 200 3632 "-" "Mozilla/5.0 (compatible; bingbot/2.0; +http://www.bing.com/bingbot.htm)"
66.249.75.124 - - [13/Dec/2012:05:21:47 +0100] "GET /robots.txt HTTP/1.1" 404 1256 "-" "Mozilla/5.0 (compatible; Googlebot/2.1; +http://www.google.com/bot.html)"
66.249.75.124 - - [13/Dec/2012:05:21:47 +0100] "GET / HTTP/1.1" 200 3632 "-" "Mozilla/5.0 (compatible; Googlebot/2.1; +http://www.google.com/bot.html)"
208.115.111.75 - - [14/Dec/2012:02:39:03 +0100] "GET /robots.txt HTTP/1.1" 404 1256 "-" "Mozilla/5.0 (compatible; Ezooms/1.0; ezooms.bot@gmail.com)"
208.115.111.75 - - [14/Dec/2012:03:01:07 +0100] "GET /kontakt.html HTTP/1.1" 200 4348 "-" "Mozilla/5.0 (compatible; Ezooms/1.0; ezooms.bot@gmail.com)"
85.186.103.66 - - [14/Dec/2012:21:19:46 +0100] "GET / HTTP/1.1" 200 3632 "-" "Mozilla/5.0 (Windows; U; Windows NT 5.1; en-US; rv:1.8.1.1) Gecko/20061204 Firefox/2.0.0.1"
157.55.35.100 - - [19/Dec/2012:19:53:48 +0100] "GET /robots.txt HTTP/1.1" 404 1256 "-" "Mozilla/5.0 (compatible; bingbot/2.0; +http://www.bing.com/bingbot.htm)"
157.55.35.100 - - [19/Dec/2012:19:56:22 +0100] "GET /impressum.html HTTP/1.1" 304 - "-" "Mozilla/5.0 (compatible; bingbot/2.0; +http://www.bing.com/bingbot.htm)"
85.186.103.66 - - [19/Dec/2012:23:58:09 +0100] "GET / HTTP/1.1" 200 3632 "-" "Mozilla/5.0 (Windows; U; Windows NT 5.1; en-US; rv:1.8.1.1) Gecko/20061204 Firefox/2.0.0.1"
157.55.35.100 - - [20/Dec/2012:07:00:10 +0100] "GET /robots.txt HTTP/1.1" 404 1256 "-" "Mozilla/5.0 (compatible; bingbot/2.0; +http://www.bing.com/bingbot.htm)"
157.55.35.100 - - [20/Dec/2012:07:08:00 +0100] "GET /impressum.html HTTP/1.1" 304 - "-" "Mozilla/5.0 (compatible; bingbot/2.0; +http://www.bing.com/bingbot.htm)"
85.186.103.66 - - [20/Dec/2012:22:05:43 +0100] "GET / HTTP/1.1" 200 3632 "-" "Mozilla/5.0 (Windows; U; Windows NT 5.1; en-US; rv:1.8.1.1) Gecko/20061204 Firefox/2.0.0.1"
85.186.103.66 - - [20/Dec/2012:22:05:44 +0100] "GET /impressum.html HTTP/1.1" 200 4742 "-" "Mozilla/5.0 (Windows; U; Windows NT 5.1; en-US; rv:1.8.1.1) Gecko/20061204 Firefox/2.0.0.1"
5.9.6.231 - - [23/Dec/2012:06:42:45 +0100] "GET / HTTP/1.1" 200 3632 "-" "Mozilla/5.0 (Windows NT 6.1; rv:8.0) Gecko/20100101 Firefox/8.0"
5.9.6.231 - - [23/Dec/2012:06:42:46 +0100] "GET / HTTP/1.1" 200 3632 "-" "Mozilla/5.0 (iPhone; U; CPU iPhone OS 3_0 like Mac OS X; en-us) AppleWebKit/528.18 (KHTML, like Gecko) Version/4.0 Mobile/7A341 Safari/528.16"
5.9.6.231 - - [23/Dec/2012:06:42:48 +0100] "GET / HTTP/1.1" 200 3632 "-" "Mozilla/5.0 (Windows NT 6.1; rv:8.0) Gecko/20100101 Firefox/8.0"
66.249.78.124 - - [24/Dec/2012:08:51:36 +0100] "GET /robots.txt HTTP/1.1" 404 1256 "-" "Mozilla/5.0 (compatible; Googlebot/2.1; +http://www.google.com/bot.html)"
66.249.78.124 - - [24/Dec/2012:08:51:37 +0100] "GET / HTTP/1.1" 200 3632 "-" "Mozilla/5.0 (compatible; Googlebot/2.1; +http://www.google.com/bot.html)"
157.55.36.54 - - [24/Dec/2012:11:54:39 +0100] "GET /robots.txt HTTP/1.1" 404 1256 "-" "Mozilla/5.0 (compatible; bingbot/2.0; +http://www.bing.com/bingbot.htm)"
157.55.36.54 - - [24/Dec/2012:11:56:15 +0100] "GET /kontakt.html HTTP/1.1" 304 - "-" "Mozilla/5.0 (compatible; bingbot/2.0; +http://www.bing.com/bingbot.htm)"
208.115.111.75 - - [24/Dec/2012:14:40:57 +0100] "GET /robots.txt HTTP/1.1" 404 1256 "-" "Mozilla/5.0 (compatible; Ezooms/1.0; ezooms.bot@gmail.com)"
94.23.225.68 - - [25/Dec/2012:20:05:42 +0100] "GET /kontakt.html HTTP/1.1" 200 4348 "-" "Mozilla/5.0 (X11; Linux i686; rv:6.0) Gecko/20100101 Firefox/6.0"
64.246.187.42 - - [26/Dec/2012:07:56:57 +0100] "GET /robots.txt HTTP/1.0" 404 1256 "-" "Mozilla/5.0 (Windows; U; Windows NT 5.1; en; rv:1.9.0.13) Gecko/2009073022 Firefox/3.5.2 (.NET CLR 3.5.30729) SurveyBot/2.3 (DomainTools)"
64.246.187.42 - - [26/Dec/2012:07:56:57 +0100] "GET / HTTP/1.1" 200 3632 "http://whois.domaintools.com/just-malerei.de" "Mozilla/5.0 (Windows; U; Windows NT 5.1; en; rv:1.9.0.13) Gecko/2009073022 Firefox/3.5.2 (.NET CLR 3.5.30729) SurveyBot/2.3 (DomainTools)"
94.23.225.68 - - [26/Dec/2012:20:16:25 +0100] "GET /impressum.html HTTP/1.1" 200 4742 "-" "Mozilla/5.0 (X11; Linux i686; rv:6.0) Gecko/20100101 Firefox/6.0"
208.115.111.75 - - [27/Dec/2012:22:29:29 +0100] "GET /robots.txt HTTP/1.1" 404 1256 "-" "Mozilla/5.0 (compatible; Ezooms/1.0; ezooms.bot@gmail.com)"
208.115.113.91 - - [28/Dec/2012:00:41:22 +0100] "GET /robots.txt HTTP/1.1" 404 1256 "-" "Mozilla/5.0 (compatible; Ezooms/1.0; ezooms.bot@gmail.com)"
208.115.113.91 - - [28/Dec/2012:01:01:03 +0100] "GET /impressum.html HTTP/1.1" 200 4742 "-" "Mozilla/5.0 (compatible; Ezooms/1.0; ezooms.bot@gmail.com)"
208.115.111.75 - - [29/Dec/2012:06:45:36 +0100] "GET /robots.txt HTTP/1.1" 404 1256 "-" "Mozilla/5.0 (compatible; Ezooms/1.0; ezooms.bot@gmail.com)"
208.115.111.75 - - [29/Dec/2012:07:01:24 +0100] "GET /kontakt.html HTTP/1.1" 200 4348 "-" "Mozilla/5.0 (compatible; Ezooms/1.0; ezooms.bot@gmail.com)"
77.185.60.128 - - [29/Dec/2012:13:54:08 +0100] "GET / HTTP/1.1" 200 3632 "http://www.mbingenieure.de/partner.html" "Mozilla/5.0 (iPad; CPU OS 6_0_1 like Mac OS X) AppleWebKit/536.26 (KHTML, like Gecko) Version/6.0 Mobile/10A523 Safari/8536.25"
77.185.60.128 - - [29/Dec/2012:13:54:08 +0100] "GET /css/style.css HTTP/1.1" 200 1159 "http://www.just-malerei.de/" "Mozilla/5.0 (iPad; CPU OS 6_0_1 like Mac OS X) AppleWebKit/536.26 (KHTML, like Gecko) Version/6.0 Mobile/10A523 Safari/8536.25"
77.185.60.128 - - [29/Dec/2012:13:54:08 +0100] "GET /js/libs/modernizr-2.5.3.min.js HTTP/1.1" 200 15274 "http://www.just-malerei.de/" "Mozilla/5.0 (iPad; CPU OS 6_0_1 like Mac OS X) AppleWebKit/536.26 (KHTML, like Gecko) Version/6.0 Mobile/10A523 Safari/8536.25"
77.185.60.128 - - [29/Dec/2012:13:54:08 +0100] "GET /js/plugins.js HTTP/1.1" 200 898 "http://www.just-malerei.de/" "Mozilla/5.0 (iPad; CPU OS 6_0_1 like Mac OS X) AppleWebKit/536.26 (KHTML, like Gecko) Version/6.0 Mobile/10A523 Safari/8536.25"
77.185.60.128 - - [29/Dec/2012:13:54:08 +0100] "GET /images/middle.png HTTP/1.1" 200 9561 "http://www.just-malerei.de/" "Mozilla/5.0 (iPad; CPU OS 6_0_1 like Mac OS X) AppleWebKit/536.26 (KHTML, like Gecko) Version/6.0 Mobile/10A523 Safari/8536.25"
77.185.60.128 - - [29/Dec/2012:13:54:08 +0100] "GET /images/header.png HTTP/1.1" 200 139455 "http://www.just-malerei.de/" "Mozilla/5.0 (iPad; CPU OS 6_0_1 like Mac OS X) AppleWebKit/536.26 (KHTML, like Gecko) Version/6.0 Mobile/10A523 Safari/8536.25"
77.185.60.128 - - [29/Dec/2012:13:54:08 +0100] "GET /images/footer.png HTTP/1.1" 200 148251 "http://www.just-malerei.de/" "Mozilla/5.0 (iPad; CPU OS 6_0_1 like Mac OS X) AppleWebKit/536.26 (KHTML, like Gecko) Version/6.0 Mobile/10A523 Safari/8536.25"
66.249.75.124 - - [29/Dec/2012:17:51:33 +0100] "GET /robots.txt HTTP/1.1" 404 1256 "-" "Mozilla/5.0 (compatible; Googlebot/2.1; +http://www.google.com/bot.html)"
66.249.78.124 - - [29/Dec/2012:17:51:34 +0100] "GET /kontakt.html HTTP/1.1" 200 4348 "-" "Mozilla/5.0 (compatible; Googlebot/2.1; +http://www.google.com/bot.html)"
66.249.78.124 - - [29/Dec/2012:19:13:58 +0100] "GET /impressum.html HTTP/1.1" 200 4742 "-" "Mozilla/5.0 (compatible; Googlebot/2.1; +http://www.google.com/bot.html)"
207.46.194.122 - - [29/Dec/2012:20:22:34 +0100] "GET /robots.txt HTTP/1.1" 404 1256 "-" "msnbot-media/1.1 (+http://search.msn.com/msnbot.htm)"
207.46.194.122 - - [29/Dec/2012:20:22:34 +0100] "GET /captcha/captcha.php HTTP/1.1" 200 4493 "-" "msnbot-media/1.1 (+http://search.msn.com/msnbot.htm)"
66.249.75.124 - - [30/Dec/2012:02:43:18 +0100] "GET / HTTP/1.1" 304 - "-" "Mozilla/5.0 (compatible; Googlebot/2.1; +http://www.google.com/bot.html)"
5.9.6.231 - - [30/Dec/2012:07:34:04 +0100] "GET / HTTP/1.1" 200 3632 "-" "Mozilla/5.0 (Windows NT 6.1; rv:8.0) Gecko/20100101 Firefox/8.0"
5.9.6.231 - - [30/Dec/2012:07:34:05 +0100] "GET / HTTP/1.1" 200 3632 "-" "Mozilla/5.0 (iPhone; U; CPU iPhone OS 3_0 like Mac OS X; en-us) AppleWebKit/528.18 (KHTML, like Gecko) Version/4.0 Mobile/7A341 Safari/528.16"
5.9.6.231 - - [30/Dec/2012:07:34:06 +0100] "GET / HTTP/1.1" 200 3632 "-" "Mozilla/5.0 (Windows NT 6.1; rv:8.0) Gecko/20100101 Firefox/8.0"