141.8.147.12 - - [01/Nov/2014:02:22:32 +0100] "GET / HTTP/1.1" 200 4688 "-" "Mozilla/5.0 (compatible; YandexBot/3.0; +http://yandex.com/bots)"
84.38.65.176 - - [01/Nov/2014:02:45:38 +0100] "GET / HTTP/1.1" 200 4688 "http://www.sumaja.de/" "Mozilla/5.0 (Macintosh; U; Intel Mac OS X 10.6; de-DE; rv:1.9.2.8) Gecko/20100722 Firefox/3.6.8"
85.25.202.18 - - [01/Nov/2014:02:45:38 +0100] "GET / HTTP/1.0" 200 4688 "-" "-"
85.25.202.18 - - [01/Nov/2014:02:45:39 +0100] "GET / HTTP/1.0" 200 4688 "-" "-"
66.249.78.76 - - [01/Nov/2014:05:06:11 +0100] "GET /robots.txt HTTP/1.1" 404 - "-" "Mozilla/5.0 (compatible; Googlebot/2.1; +http://www.google.com/bot.html)"
66.249.78.83 - - [01/Nov/2014:05:06:12 +0100] "GET /referenz.html HTTP/1.1" 304 - "-" "Mozilla/5.0 (compatible; Googlebot/2.1; +http://www.google.com/bot.html)"
66.249.78.76 - - [01/Nov/2014:06:09:49 +0100] "GET / HTTP/1.1" 304 - "-" "Mozilla/5.0 (compatible; Googlebot/2.1; +http://www.google.com/bot.html)"
66.249.78.76 - - [01/Nov/2014:07:22:50 +0100] "GET /impressum.html HTTP/1.1" 304 - "-" "Mozilla/5.0 (compatible; Googlebot/2.1; +http://www.google.com/bot.html)"
66.249.78.76 - - [01/Nov/2014:08:10:26 +0100] "GET /projekte.html HTTP/1.1" 304 - "-" "Mozilla/5.0 (compatible; Googlebot/2.1; +http://www.google.com/bot.html)"
66.249.78.90 - - [01/Nov/2014:09:32:11 +0100] "GET /kontakt.html HTTP/1.1" 304 - "-" "Mozilla/5.0 (compatible; Googlebot/2.1; +http://www.google.com/bot.html)"
66.249.78.83 - - [01/Nov/2014:10:31:16 +0100] "GET / HTTP/1.1" 200 4688 "-" "Mozilla/5.0 (iPhone; CPU iPhone OS 6_0 like Mac OS X) AppleWebKit/536.26 (KHTML, like Gecko) Version/6.0 Mobile/10A5376e Safari/8536.25 (compatible; Googlebot/2.1; +http://www.google.com/bot.html)"
66.249.78.83 - - [01/Nov/2014:10:37:45 +0100] "GET / HTTP/1.1" 304 - "-" "Mozilla/5.0 (compatible; Googlebot/2.1; +http://www.google.com/bot.html)"
66.249.78.76 - - [01/Nov/2014:10:44:56 +0100] "GET /spektrum.html HTTP/1.1" 200 4365 "-" "Mozilla/5.0 (iPhone; CPU iPhone OS 6_0 like Mac OS X) AppleWebKit/536.26 (KHTML, like Gecko) Version/6.0 Mobile/10A5376e Safari/8536.25 (compatible; Googlebot/2.1; +http://www.google.com/bot.html)"
66.249.78.76 - - [01/Nov/2014:10:45:24 +0100] "GET /css/style.css HTTP/1.1" 200 2831 "http://www.mbingenieure.de/" "Mozilla/5.0 (compatible; Googlebot/2.1; +http://www.google.com/bot.html)"
66.249.78.90 - - [01/Nov/2014:10:45:37 +0100] "GET /js/libs/modernizr-2.5.3.min.js HTTP/1.1" 200 15274 "http://www.mbingenieure.de/" "Mozilla/5.0 (compatible; Googlebot/2.1; +http://www.google.com/bot.html)"
66.249.78.83 - - [01/Nov/2014:10:51:50 +0100] "GET /js/plugins.js HTTP/1.1" 200 898 "http://www.mbingenieure.de/spektrum.html" "Mozilla/5.0 (compatible; Googlebot/2.1; +http://www.google.com/bot.html)"
64.246.187.42 - - [01/Nov/2014:10:53:42 +0100] "GET /robots.txt HTTP/1.0" 404 - "-" "Mozilla/5.0 (Windows; U; Windows NT 5.1; en; rv:1.9.0.13) Gecko/2009073022 Firefox/3.5.2 (.NET CLR 3.5.30729) SurveyBot/2.3 (DomainTools)"
64.246.187.42 - - [01/Nov/2014:10:53:42 +0100] "GET / HTTP/1.1" 200 4688 "http://whois.domaintools.com/mbingenieure.de" "Mozilla/5.0 (Windows; U; Windows NT 5.1; en; rv:1.9.0.13) Gecko/2009073022 Firefox/3.5.2 (.NET CLR 3.5.30729) SurveyBot/2.3 (DomainTools)"
66.249.78.83 - - [01/Nov/2014:11:39:09 +0100] "GET /impressum.html HTTP/1.1" 304 - "-" "Mozilla/5.0 (compatible; Googlebot/2.1; +http://www.google.com/bot.html)"
80.153.101.65 - - [01/Nov/2014:11:59:12 +0100] "GET /robots.txt HTTP/1.1" 404 - "-" "Mozilla/5.0 (compatible; WeViKaBot/1.0; +http://www.wevika.de/)"
66.249.78.90 - - [01/Nov/2014:15:53:59 +0100] "GET /referenz.html HTTP/1.1" 304 - "-" "Mozilla/5.0 (compatible; Googlebot/2.1; +http://www.google.com/bot.html)"
178.255.215.70 - - [01/Nov/2014:17:14:47 +0100] "GET /robots.txt HTTP/1.1" 404 - "-" "Mozilla/5.0 (compatible; Exabot/3.0; +http://www.exabot.com/go/robot)"
178.255.215.70 - - [01/Nov/2014:17:14:47 +0100] "GET / HTTP/1.1" 304 - "-" "Mozilla/5.0 (compatible; Exabot/3.0; +http://www.exabot.com/go/robot)"
62.212.73.211 - - [01/Nov/2014:17:58:13 +0100] "GET /robots.txt HTTP/1.0" 404 - "-" "Mozilla/5.0 (compatible; MJ12bot/v1.4.5; http://www.majestic12.co.uk/bot.php?+)"
62.212.73.211 - - [01/Nov/2014:17:58:14 +0100] "GET / HTTP/1.0" 200 4688 "-" "Mozilla/5.0 (compatible; MJ12bot/v1.4.5; http://www.majestic12.co.uk/bot.php?+)"
66.249.78.76 - - [01/Nov/2014:22:48:38 +0100] "GET /robots.txt HTTP/1.1" 404 - "-" "Mozilla/5.0 (compatible; Googlebot/2.1; +http://www.google.com/bot.html)"
66.249.64.28 - - [01/Nov/2014:22:48:38 +0100] "GET /css/style.css HTTP/1.1" 200 2831 "-" "Mozilla/5.0 (compatible; Googlebot/2.1; +http://www.google.com/bot.html)"
66.249.78.76 - - [01/Nov/2014:22:57:56 +0100] "GET /js/plugins.js HTTP/1.1" 200 898 "-" "Mozilla/5.0 (compatible; Googlebot/2.1; +http://www.google.com/bot.html)"
66.249.78.90 - - [01/Nov/2014:23:03:57 +0100] "GET /js/libs/modernizr-2.5.3.min.js HTTP/1.1" 200 15274 "-" "Mozilla/5.0 (compatible; Googlebot/2.1; +http://www.google.com/bot.html)"
208.115.111.69 - - [02/Nov/2014:01:31:58 +0100] "GET /robots.txt HTTP/1.1" 404 - "-" "Mozilla/5.0 (compatible; DotBot/1.1; http://www.opensiteexplorer.org/dotbot, help@moz.com)"
208.115.111.69 - - [02/Nov/2014:01:52:20 +0100] "GET / HTTP/1.1" 200 4688 "-" "Mozilla/5.0 (compatible; DotBot/1.1; http://www.opensiteexplorer.org/dotbot, help@moz.com)"
88.68.179.172 - - [02/Nov/2014:02:36:33 +0100] "GET / HTTP/1.1" 200 4688 "https://www.google.de/" "Mozilla/5.0 (Windows NT 6.1; WOW64) AppleWebKit/537.36 (KHTML, like Gecko) Chrome/35.0.1916.114 Safari/537.36 OPR/22.0.1471.50"
88.68.179.172 - - [02/Nov/2014:02:36:33 +0100] "GET /css/style.css HTTP/1.1" 200 2831 "http://www.mbingenieure.de/" "Mozilla/5.0 (Windows NT 6.1; WOW64) AppleWebKit/537.36 (KHTML, like Gecko) Chrome/35.0.1916.114 Safari/537.36 OPR/22.0.1471.50"
88.68.179.172 - - [02/Nov/2014:02:36:34 +0100] "GET /js/libs/modernizr-2.5.3.min.js HTTP/1.1" 200 15274 "http://www.mbingenieure.de/" "Mozilla/5.0 (Windows NT 6.1; WOW64) AppleWebKit/537.36 (KHTML, like Gecko) Chrome/35.0.1916.114 Safari/537.36 OPR/22.0.1471.50"
88.68.179.172 - - [02/Nov/2014:02:36:34 +0100] "GET /js/plugins.js HTTP/1.1" 200 898 "http://www.mbingenieure.de/" "Mozilla/5.0 (Windows NT 6.1; WOW64) AppleWebKit/537.36 (KHTML, like Gecko) Chrome/35.0.1916.114 Safari/537.36 OPR/22.0.1471.50"
88.68.179.172 - - [02/Nov/2014:02:36:34 +0100] "GET /images/logo.png HTTP/1.1" 200 16467 "http://www.mbingenieure.de/" "Mozilla/5.0 (Windows NT 6.1; WOW64) AppleWebKit/537.36 (KHTML, like Gecko) Chrome/35.0.1916.114 Safari/537.36 OPR/22.0.1471.50"
88.68.179.172 - - [02/Nov/2014:02:36:34 +0100] "GET /images/bild1.png HTTP/1.1" 200 16301 "http://www.mbingenieure.de/" "Mozilla/5.0 (Windows NT 6.1; WOW64) AppleWebKit/537.36 (KHTML, like Gecko) Chrome/35.0.1916.114 Safari/537.36 OPR/22.0.1471.50"
88.68.179.172 - - [02/Nov/2014:02:36:34 +0100] "GET /images/footer.png HTTP/1.1" 200 1064 "http://www.mbingenieure.de/" "Mozilla/5.0 (Windows NT 6.1; WOW64) AppleWebKit/537.36 (KHTML, like Gecko) Chrome/35.0.1916.114 Safari/537.36 OPR/22.0.1471.50"
88.68.179.172 - - [02/Nov/2014:02:36:34 +0100] "GET /images/header.png HTTP/1.1" 200 1494 "http://www.mbingenieure.de/" "Mozilla/5.0 (Windows NT 6.1; WOW64) AppleWebKit/537.36 (KHTML, like Gecko) Chrome/35.0.1916.114 Safari/537.36 OPR/22.0.1471.50"
88.68.179.172 - - [02/Nov/2014:02:36:34 +0100] "GET /images/bild2.png HTTP/1.1" 200 68475 "http://www.mbingenieure.de/" "Mozilla/5.0 (Windows NT 6.1; WOW64) AppleWebKit/537.36 (KHTML, like Gecko) Chrome/35.0.1916.114 Safari/537.36 OPR/22.0.1471.50"
88.68.179.172 - - [02/Nov/2014:02:36:34 +0100] "GET /images/bild4.png HTTP/1.1" 200 65856 "http://www.mbingenieure.de/" "Mozilla/5.0 (Windows NT 6.1; WOW64) AppleWebKit/537.36 (KHTML, like Gecko) Chrome/35.0.1916.114 Safari/537.36 OPR/22.0.1471.50"
88.68.179.172 - - [02/Nov/2014:02:36:34 +0100] "GET /images/navi.png HTTP/1.1" 200 946 "http://www.mbingenieure.de/" "Mozilla/5.0 (Windows NT 6.1; WOW64) AppleWebKit/537.36 (KHTML, like Gecko) Chrome/35.0.1916.114 Safari/537.36 OPR/22.0.1471.50"
88.68.179.172 - - [02/Nov/2014:02:36:34 +0100] "GET /favicon.ico HTTP/1.1" 200 93062 "-" "Mozilla/5.0 (Windows NT 6.1; WOW64) AppleWebKit/537.36 (KHTML, like Gecko) Chrome/35.0.1916.114 Safari/537.36 OPR/22.0.1471.50"
86.109.249.174 - - [02/Nov/2014:04:02:54 +0100] "GET /robots.txt HTTP/1.1" 404 - "http://www.mbingenieure.de/" "dubaiindex (adressendeutschland.de)"
86.109.249.174 - - [02/Nov/2014:04:03:17 +0100] "GET / HTTP/1.1" 206 4688 "http://mbingenieure.de/" "dubaiindex (adressendeutschland.de)"
86.109.249.174 - - [02/Nov/2014:04:03:34 +0100] "GET /kontakt.html HTTP/1.1" 206 4451 "http://www.mbingenieure.de/" "dubaiindex (adressendeutschland.de)"
86.109.249.174 - - [02/Nov/2014:04:03:51 +0100] "GET /impressum.html HTTP/1.1" 206 5721 "http://www.mbingenieure.de/" "dubaiindex (adressendeutschland.de)"
86.109.249.174 - - [02/Nov/2014:04:04:09 +0100] "GET /index.html HTTP/1.1" 206 4688 "http://www.mbingenieure.de/" "dubaiindex (adressendeutschland.de)"
86.109.249.174 - - [02/Nov/2014:04:04:26 +0100] "GET /uns.html HTTP/1.1" 206 4398 "http://www.mbingenieure.de/" "dubaiindex (adressendeutschland.de)"
86.109.249.174 - - [02/Nov/2014:04:04:43 +0100] "GET /spektrum.html HTTP/1.1" 206 4365 "http://www.mbingenieure.de/" "dubaiindex (adressendeutschland.de)"
86.109.249.174 - - [02/Nov/2014:04:05:00 +0100] "GET /referenz.html HTTP/1.1" 206 10703 "http://www.mbingenieure.de/" "dubaiindex (adressendeutschland.de)"
86.109.249.174 - - [02/Nov/2014:04:05:17 +0100] "GET /partner.html HTTP/1.1" 206 4401 "http://www.mbingenieure.de/" "dubaiindex (adressendeutschland.de)"
86.109.249.174 - - [02/Nov/2014:04:05:34 +0100] "GET /projekte.html HTTP/1.1" 206 7938 "http://www.mbingenieure.de/referenz.html" "dubaiindex (adressendeutschland.de)"
195.2.240.101 - - [02/Nov/2014:04:30:07 +0100] "GET / HTTP/1.1" 200 4688 "-" "Mozilla/5.0 (Windows NT 6.1; WOW64; rv:26.1) Gecko/20100101 Firefox/26.0"
93.186.202.253 - - [02/Nov/2014:05:14:33 +0100] "GET /impressum.html HTTP/1.1" 200 5721 "-" "Mozilla/5.0 (Macintosh; Intel Mac OS X 1084) AppleWebKit/536.28.10 (KHTML like Gecko) Version/6.0.3 Safari/536.28.10"
93.186.202.253 - - [02/Nov/2014:05:14:33 +0100] "GET / HTTP/1.1" 200 4688 "-" "Mozilla/5.0 (X11; U; Linux i686; en-US; rv:1.9.1.16) Gecko/20120421 Gecko Firefox/11.0"
93.186.202.253 - - [02/Nov/2014:05:14:33 +0100] "GET /kontakt.html HTTP/1.1" 200 4451 "-" "Mozilla/5.0 (Windows NT 6.1) AppleWebKit/537.36 (KHTML, like Gecko) Chrome/27.0.1453.93 Safari/537.36"
208.115.111.69 - - [02/Nov/2014:05:35:40 +0100] "GET /robots.txt HTTP/1.1" 404 - "-" "Mozilla/5.0 (compatible; DotBot/1.1; http://www.opensiteexplorer.org/dotbot, help@moz.com)"
208.115.111.69 - - [02/Nov/2014:07:15:01 +0100] "GET /partner.html HTTP/1.1" 200 4401 "-" "Mozilla/5.0 (compatible; DotBot/1.1; http://www.opensiteexplorer.org/dotbot, help@moz.com)"
66.249.64.24 - - [02/Nov/2014:08:28:20 +0100] "GET / HTTP/1.1" 200 4688 "-" "DoCoMo/2.0 N905i(c100;TB;W24H16) (compatible; Googlebot-Mobile/2.1; +http://www.google.com/bot.html)"
141.8.147.12 - - [02/Nov/2014:08:44:42 +0100] "GET /robots.txt HTTP/1.1" 404 - "-" "Mozilla/5.0 (compatible; YandexBot/3.0; +http://yandex.com/bots)"
66.249.78.83 - - [02/Nov/2014:11:56:49 +0100] "GET /robots.txt HTTP/1.1" 404 - "-" "Mozilla/5.0 (compatible; Googlebot/2.1; +http://www.google.com/bot.html)"
66.249.78.90 - - [02/Nov/2014:11:56:49 +0100] "GET /kontakt.html HTTP/1.1" 304 - "-" "Mozilla/5.0 (compatible; Googlebot/2.1; +http://www.google.com/bot.html)"
217.151.51.35 - - [02/Nov/2014:14:28:21 +0100] "GET / HTTP/1.1" 200 4688 "-" "Mozilla/5.0 (Windows NT 5.1; rv:26.0) Gecko/20100101 Firefox/26.0"
217.151.51.35 - - [02/Nov/2014:14:28:22 +0100] "GET /css/style.css HTTP/1.1" 200 2831 "http://www.mbingenieure.de/" "Mozilla/5.0 (Windows NT 5.1; rv:26.0) Gecko/20100101 Firefox/26.0"
217.151.51.35 - - [02/Nov/2014:14:28:22 +0100] "GET /js/libs/modernizr-2.5.3.min.js HTTP/1.1" 200 15274 "http://www.mbingenieure.de/" "Mozilla/5.0 (Windows NT 5.1; rv:26.0) Gecko/20100101 Firefox/26.0"
217.151.51.35 - - [02/Nov/2014:14:28:22 +0100] "GET /js/plugins.js HTTP/1.1" 200 898 "http://www.mbingenieure.de/" "Mozilla/5.0 (Windows NT 5.1; rv:26.0) Gecko/20100101 Firefox/26.0"
217.151.51.35 - - [02/Nov/2014:14:28:29 +0100] "GET /favicon.ico HTTP/1.1" 200 93062 "-" "Mozilla/5.0 (Windows NT 5.1; rv:26.0) Gecko/20100101 Firefox/26.0"
217.151.51.35 - - [02/Nov/2014:14:28:42 +0100] "GET /impressum.html HTTP/1.1" 200 5721 "-" "Mozilla/5.0 (Windows NT 5.1; rv:26.0) Gecko/20100101 Firefox/26.0"
217.151.51.35 - - [02/Nov/2014:14:28:47 +0100] "GET /index.html HTTP/1.1" 200 4688 "-" "Mozilla/5.0 (Windows NT 5.1; rv:26.0) Gecko/20100101 Firefox/26.0"
217.151.51.35 - - [02/Nov/2014:14:28:54 +0100] "GET /spektrum.html HTTP/1.1" 200 4365 "-" "Mozilla/5.0 (Windows NT 5.1; rv:26.0) Gecko/20100101 Firefox/26.0"
217.151.51.35 - - [02/Nov/2014:14:29:00 +0100] "GET /referenz.html HTTP/1.1" 200 10703 "-" "Mozilla/5.0 (Windows NT 5.1; rv:26.0) Gecko/20100101 Firefox/26.0"
217.151.51.35 - - [02/Nov/2014:14:29:09 +0100] "GET /partner.html HTTP/1.1" 200 4401 "-" "Mozilla/5.0 (Windows NT 5.1; rv:26.0) Gecko/20100101 Firefox/26.0"
217.151.51.35 - - [02/Nov/2014:14:29:17 +0100] "GET /projekte.html HTTP/1.1" 200 7938 "-" "Mozilla/5.0 (Windows NT 5.1; rv:26.0) Gecko/20100101 Firefox/26.0"
217.151.51.35 - - [02/Nov/2014:14:29:24 +0100] "GET /uns.html HTTP/1.1" 200 4398 "-" "Mozilla/5.0 (Windows NT 5.1; rv:26.0) Gecko/20100101 Firefox/26.0"
141.8.147.12 - - [02/Nov/2014:14:45:35 +0100] "GET / HTTP/1.1" 200 4688 "-" "Mozilla/5.0 (compatible; YandexBot/3.0; +http://yandex.com/bots)"
141.8.147.12 - - [02/Nov/2014:16:00:19 +0100] "GET /images/0541a.png HTTP/1.1" 304 - "-" "Mozilla/5.0 (compatible; YandexBot/3.0; +http://yandex.com/bots)"
178.255.215.70 - - [03/Nov/2014:05:32:56 +0100] "GET /robots.txt HTTP/1.1" 404 - "-" "Mozilla/5.0 (compatible; Exabot/3.0; +http://www.exabot.com/go/robot)"
178.255.215.70 - - [03/Nov/2014:05:32:56 +0100] "GET / HTTP/1.1" 304 - "-" "Mozilla/5.0 (compatible; Exabot/3.0; +http://www.exabot.com/go/robot)"
148.251.124.42 - - [03/Nov/2014:07:40:26 +0100] "GET / HTTP/1.1" 200 4688 "-" "Mozilla/5.0 (X11; Ubuntu; Linux x86_64; rv:21.0) Gecko/20100101 Firefox/21.0"
144.76.163.48 - - [03/Nov/2014:07:40:26 +0100] "GET /index.html HTTP/1.1" 200 4688 "-" "Mozilla/5.0 (Windows NT 6.1; WOW64; rv:21.0) Gecko/20130330 Firefox/21.0"
148.251.75.46 - - [03/Nov/2014:07:40:27 +0100] "GET /uns.html HTTP/1.1" 200 4398 "-" "Mozilla/5.0 (Windows NT 6.1; U;WOW64; de;rv:11.0) Gecko Firefox/11.0"
148.251.75.46 - - [03/Nov/2014:07:40:27 +0100] "GET /referenz.html HTTP/1.1" 200 10703 "-" "Mozilla/5.0 (Windows NT 5.1; rv:21.0) Gecko/20100101 Firefox/21.0"
148.251.75.46 - - [03/Nov/2014:07:40:27 +0100] "GET /kontakt.html HTTP/1.1" 200 4451 "-" "Mozilla/5.0 (Macintosh; Intel Mac OS X 10.8; rv:21.0) Gecko/20100101 Firefox/21.0"
148.251.75.46 - - [03/Nov/2014:07:40:27 +0100] "GET /impressum.html HTTP/1.1" 200 5721 "-" "Mozilla/5.0 (Windows NT 6.1; rv:12.0) Gecko/20120403211507 Firefox/12.0"
66.249.78.90 - - [03/Nov/2014:08:58:25 +0100] "GET /robots.txt HTTP/1.1" 404 - "-" "Mozilla/5.0 (compatible; Googlebot/2.1; +http://www.google.com/bot.html)"
66.249.78.76 - - [03/Nov/2014:08:58:25 +0100] "GET / HTTP/1.1" 200 4688 "-" "Mozilla/5.0 (iPhone; CPU iPhone OS 6_0 like Mac OS X) AppleWebKit/536.26 (KHTML, like Gecko) Version/6.0 Mobile/10A5376e Safari/8536.25 (compatible; Googlebot/2.1; +http://www.google.com/bot.html)"
157.55.39.9 - - [03/Nov/2014:09:58:06 +0100] "GET /robots.txt HTTP/1.1" 404 - "-" "Mozilla/5.0 (compatible; bingbot/2.0; +http://www.bing.com/bingbot.htm)"
157.55.39.9 - - [03/Nov/2014:09:58:11 +0100] "GET /impressum.html HTTP/1.1" 200 5721 "-" "Mozilla/5.0 (compatible; bingbot/2.0; +http://www.bing.com/bingbot.htm)"
157.55.39.9 - - [03/Nov/2014:09:59:45 +0100] "GET /robots.txt HTTP/1.1" 404 - "-" "Mozilla/5.0 (compatible; bingbot/2.0; +http://www.bing.com/bingbot.htm)"
157.55.39.6 - - [03/Nov/2014:10:01:29 +0100] "GET /js/libs/modernizr-2.5.3.min.js HTTP/1.1" 200 15274 "-" "Mozilla/5.0 (compatible; bingbot/2.0; +http://www.bing.com/bingbot.htm)"
207.46.13.106 - - [03/Nov/2014:10:02:17 +0100] "GET /css/style.css HTTP/1.1" 200 2831 "-" "Mozilla/5.0 (compatible; bingbot/2.0; +http://www.bing.com/bingbot.htm)"
207.46.13.106 - - [03/Nov/2014:10:02:18 +0100] "GET /js/plugins.js HTTP/1.1" 200 898 "-" "Mozilla/5.0 (compatible; bingbot/2.0; +http://www.bing.com/bingbot.htm)"
199.30.25.198 - - [03/Nov/2014:10:59:34 +0100] "GET /images/footer.png HTTP/1.1" 200 1064 "http://www.mbingenieure.de/impressum.html" "Mozilla/5.0 (Windows NT 6.1; WOW64) AppleWebKit/534+ (KHTML, like Gecko) BingPreview/1.0b"
199.30.25.198 - - [03/Nov/2014:10:59:34 +0100] "GET /images/header.png HTTP/1.1" 200 1494 "http://www.mbingenieure.de/impressum.html" "Mozilla/5.0 (Windows NT 6.1; WOW64) AppleWebKit/534+ (KHTML, like Gecko) BingPreview/1.0b"
199.30.25.198 - - [03/Nov/2014:10:59:34 +0100] "GET /images/navi.png HTTP/1.1" 200 946 "http://www.mbingenieure.de/impressum.html" "Mozilla/5.0 (Windows NT 6.1; WOW64) AppleWebKit/534+ (KHTML, like Gecko) BingPreview/1.0b"
95.222.115.81 - - [03/Nov/2014:11:02:32 +0100] "GET /uns.html HTTP/1.1" 200 4398 "http://www.google.de/url?sa=t&rct=j&q=&esrc=s&frm=1&source=web&cd=3&ved=0CCwQFjAC&url=http%3A%2F%2Fwww.mbingenieure.de%2Funs.html&ei=rFJXVPvyFIX5arW4gsgM&usg=AFQjCNGvarcXD5q1Hq0_qZp4ev-1jLtKiA&bvm=bv.78677474,d.d2s" "Mozilla/5.0 (compatible; MSIE 9.0; Windows NT 6.1; WOW64; Trident/5.0)"
95.222.115.81 - - [03/Nov/2014:11:02:32 +0100] "GET /css/style.css HTTP/1.1" 200 2831 "http://www.mbingenieure.de/uns.html" "Mozilla/5.0 (compatible; MSIE 9.0; Windows NT 6.1; WOW64; Trident/5.0)"
95.222.115.81 - - [03/Nov/2014:11:02:32 +0100] "GET /js/libs/modernizr-2.5.3.min.js HTTP/1.1" 200 15274 "http://www.mbingenieure.de/uns.html" "Mozilla/5.0 (compatible; MSIE 9.0; Windows NT 6.1; WOW64; Trident/5.0)"
95.222.115.81 - - [03/Nov/2014:11:02:32 +0100] "GET /js/plugins.js HTTP/1.1" 200 898 "http://www.mbingenieure.de/uns.html" "Mozilla/5.0 (compatible; MSIE 9.0; Windows NT 6.1; WOW64; Trident/5.0)"
95.222.115.81 - - [03/Nov/2014:11:02:32 +0100] "GET /images/footer.png HTTP/1.1" 200 1064 "http://www.mbingenieure.de/uns.html" "Mozilla/5.0 (compatible; MSIE 9.0; Windows NT 6.1; WOW64; Trident/5.0)"
95.222.115.81 - - [03/Nov/2014:11:02:33 +0100] "GET /images/header.png HTTP/1.1" 200 1494 "http://www.mbingenieure.de/uns.html" "Mozilla/5.0 (compatible; MSIE 9.0; Windows NT 6.1; WOW64; Trident/5.0)"
95.222.115.81 - - [03/Nov/2014:11:02:33 +0100] "GET /images/navi.png HTTP/1.1" 200 946 "http://www.mbingenieure.de/uns.html" "Mozilla/5.0 (compatible; MSIE 9.0; Windows NT 6.1; WOW64; Trident/5.0)"
95.222.115.81 - - [03/Nov/2014:11:02:33 +0100] "GET /favicon.ico HTTP/1.1" 200 93062 "-" "Mozilla/5.0 (compatible; MSIE 9.0; Windows NT 6.1; WOW64; Trident/5.0)"
95.222.115.81 - - [03/Nov/2014:11:02:37 +0100] "GET /kontakt.html HTTP/1.1" 200 4451 "http://www.mbingenieure.de/uns.html" "Mozilla/5.0 (compatible; MSIE 9.0; Windows NT 6.1; WOW64; Trident/5.0)"
66.249.78.90 - - [03/Nov/2014:11:14:09 +0100] "GET /kontakt.html HTTP/1.1" 304 - "-" "Mozilla/5.0 (compatible; Googlebot/2.1; +http://www.google.com/bot.html)"
66.249.78.90 - - [03/Nov/2014:14:03:12 +0100] "GET / HTTP/1.1" 200 4688 "-" "SAMSUNG-SGH-E250/1.0 Profile/MIDP-2.0 Configuration/CLDC-1.1 UP.Browser/6.2.3.3.c.1.101 (GUI) MMP/2.0 (compatible; Googlebot-Mobile/2.1; +http://www.google.com/bot.html)"
80.153.40.40 - - [03/Nov/2014:14:24:21 +0100] "GET /projekte.html HTTP/1.1" 200 7938 "http://www.google.de/url?sa=t&rct=j&q=&esrc=s&source=web&cd=10&cad=rja&uact=8&ved=0CFEQFjAJ&url=http%3A%2F%2Fwww.mbingenieure.de%2Fprojekte.html&ei=roFXVMy8BpPfauWvgOgM&usg=AFQjCNERVBFaKrXTbAzeHMTU8rxEP-iO9A&bvm=bv.78677474,d.d2s" "Mozilla/5.0 (Windows NT 6.3; WOW64; rv:33.0) Gecko/20100101 Firefox/33.0"
80.153.40.40 - - [03/Nov/2014:14:24:21 +0100] "GET /css/style.css HTTP/1.1" 200 2831 "http://www.mbingenieure.de/projekte.html" "Mozilla/5.0 (Windows NT 6.3; WOW64; rv:33.0) Gecko/20100101 Firefox/33.0"
80.153.40.40 - - [03/Nov/2014:14:24:21 +0100] "GET /js/libs/modernizr-2.5.3.min.js HTTP/1.1" 200 15274 "http://www.mbingenieure.de/projekte.html" "Mozilla/5.0 (Windows NT 6.3; WOW64; rv:33.0) Gecko/20100101 Firefox/33.0"
80.153.40.40 - - [03/Nov/2014:14:24:21 +0100] "GET /js/plugins.js HTTP/1.1" 200 898 "http://www.mbingenieure.de/projekte.html" "Mozilla/5.0 (Windows NT 6.3; WOW64; rv:33.0) Gecko/20100101 Firefox/33.0"
80.153.40.40 - - [03/Nov/2014:14:24:21 +0100] "GET /images/0941a.png HTTP/1.1" 200 14217 "http://www.mbingenieure.de/projekte.html" "Mozilla/5.0 (Windows NT 6.3; WOW64; rv:33.0) Gecko/20100101 Firefox/33.0"
80.153.40.40 - - [03/Nov/2014:14:24:21 +0100] "GET /images/0543a.png HTTP/1.1" 200 16618 "http://www.mbingenieure.de/projekte.html" "Mozilla/5.0 (Windows NT 6.3; WOW64; rv:33.0) Gecko/20100101 Firefox/33.0"
80.153.40.40 - - [03/Nov/2014:14:24:21 +0100] "GET /images/0542a.png HTTP/1.1" 200 15693 "http://www.mbingenieure.de/projekte.html" "Mozilla/5.0 (Windows NT 6.3; WOW64; rv:33.0) Gecko/20100101 Firefox/33.0"
80.153.40.40 - - [03/Nov/2014:14:24:21 +0100] "GET /images/0541a.png HTTP/1.1" 200 16258 "http://www.mbingenieure.de/projekte.html" "Mozilla/5.0 (Windows NT 6.3; WOW64; rv:33.0) Gecko/20100101 Firefox/33.0"
80.153.40.40 - - [03/Nov/2014:14:24:21 +0100] "GET /images/footer.png HTTP/1.1" 200 1064 "http://www.mbingenieure.de/css/style.css" "Mozilla/5.0 (Windows NT 6.3; WOW64; rv:33.0) Gecko/20100101 Firefox/33.0"
80.153.40.40 - - [03/Nov/2014:14:24:21 +0100] "GET /images/header.png HTTP/1.1" 200 1494 "http://www.mbingenieure.de/css/style.css" "Mozilla/5.0 (Windows NT 6.3; WOW64; rv:33.0) Gecko/20100101 Firefox/33.0"
80.153.40.40 - - [03/Nov/2014:14:24:21 +0100] "GET /images/navi.png HTTP/1.1" 200 946 "http://www.mbingenieure.de/css/style.css" "Mozilla/5.0 (Windows NT 6.3; WOW64; rv:33.0) Gecko/20100101 Firefox/33.0"
80.153.40.40 - - [03/Nov/2014:14:24:21 +0100] "GET /favicon.ico HTTP/1.1" 200 93062 "-" "Mozilla/5.0 (Windows NT 6.3; WOW64; rv:33.0) Gecko/20100101 Firefox/33.0"
80.153.40.40 - - [03/Nov/2014:14:25:22 +0100] "GET /kontakt.html HTTP/1.1" 200 4451 "http://www.mbingenieure.de/projekte.html" "Mozilla/5.0 (Windows NT 6.3; WOW64; rv:33.0) Gecko/20100101 Firefox/33.0"
80.153.40.40 - - [03/Nov/2014:14:25:24 +0100] "GET /partner.html HTTP/1.1" 200 4401 "http://www.mbingenieure.de/kontakt.html" "Mozilla/5.0 (Windows NT 6.3; WOW64; rv:33.0) Gecko/20100101 Firefox/33.0"
80.153.40.40 - - [03/Nov/2014:14:25:27 +0100] "GET /spektrum.html HTTP/1.1" 200 4365 "http://www.mbingenieure.de/partner.html" "Mozilla/5.0 (Windows NT 6.3; WOW64; rv:33.0) Gecko/20100101 Firefox/33.0"
80.153.40.40 - - [03/Nov/2014:14:25:29 +0100] "GET /uns.html HTTP/1.1" 200 4398 "http://www.mbingenieure.de/spektrum.html" "Mozilla/5.0 (Windows NT 6.3; WOW64; rv:33.0) Gecko/20100101 Firefox/33.0"
194.174.73.33 - - [03/Nov/2014:14:59:49 +0100] "GET /referenz.html HTTP/1.0" 200 10703 "http://www.google.de/url?url=http://www.mbingenieure.de/referenz.html&rct=j&frm=1&q=&esrc=s&sa=U&ei=TopXVJ-FPIrCPLTngIAJ&ved=0CBQQFjAA&usg=AFQjCNFtenVkUTbb74iFO0f7R_MJ-aQ7bw" "Mozilla/4.0 (compatible; MSIE 8.0; Windows NT 6.1; WOW64; Trident/4.0; SLCC2; .NET CLR 2.0.50727; .NET CLR 3.5.30729; .NET CLR 3.0.30729; Media Center PC 6.0; .NET4.0C; .NET4.0E; FBS_IE8_V1; FBS_IE8_V1_Proxy01)"
194.174.73.33 - - [03/Nov/2014:14:59:49 +0100] "GET /css/style.css HTTP/1.0" 200 2831 "http://www.mbingenieure.de/referenz.html" "Mozilla/4.0 (compatible; MSIE 8.0; Windows NT 6.1; WOW64; Trident/4.0; SLCC2; .NET CLR 2.0.50727; .NET CLR 3.5.30729; .NET CLR 3.0.30729; Media Center PC 6.0; .NET4.0C; .NET4.0E; FBS_IE8_V1; FBS_IE8_V1_Proxy01)"
194.174.73.33 - - [03/Nov/2014:14:59:49 +0100] "GET /js/plugins.js HTTP/1.0" 200 898 "http://www.mbingenieure.de/referenz.html" "Mozilla/4.0 (compatible; MSIE 8.0; Windows NT 6.1; WOW64; Trident/4.0; SLCC2; .NET CLR 2.0.50727; .NET CLR 3.5.30729; .NET CLR 3.0.30729; Media Center PC 6.0; .NET4.0C; .NET4.0E; FBS_IE8_V1; FBS_IE8_V1_Proxy01)"
194.174.73.33 - - [03/Nov/2014:14:59:49 +0100] "GET /js/libs/modernizr-2.5.3.min.js HTTP/1.0" 200 15274 "http://www.mbingenieure.de/referenz.html" "Mozilla/4.0 (compatible; MSIE 8.0; Windows NT 6.1; WOW64; Trident/4.0; SLCC2; .NET CLR 2.0.50727; .NET CLR 3.5.30729; .NET CLR 3.0.30729; Media Center PC 6.0; .NET4.0C; .NET4.0E; FBS_IE8_V1; FBS_IE8_V1_Proxy01)"
194.174.73.33 - - [03/Nov/2014:14:59:49 +0100] "GET /js/libs/jquery-1.7.1.min.js HTTP/1.0" 200 93867 "http://www.mbingenieure.de/referenz.html" "Mozilla/4.0 (compatible; MSIE 8.0; Windows NT 6.1; WOW64; Trident/4.0; SLCC2; .NET CLR 2.0.50727; .NET CLR 3.5.30729; .NET CLR 3.0.30729; Media Center PC 6.0; .NET4.0C; .NET4.0E; FBS_IE8_V1; FBS_IE8_V1_Proxy01)"
194.174.73.33 - - [03/Nov/2014:14:59:50 +0100] "GET /images/footer.png HTTP/1.0" 200 1064 "http://www.mbingenieure.de/referenz.html" "Mozilla/4.0 (compatible; MSIE 8.0; Windows NT 6.1; WOW64; Trident/4.0; SLCC2; .NET CLR 2.0.50727; .NET CLR 3.5.30729; .NET CLR 3.0.30729; Media Center PC 6.0; .NET4.0C; .NET4.0E; FBS_IE8_V1; FBS_IE8_V1_Proxy01)"
194.174.73.33 - - [03/Nov/2014:14:59:50 +0100] "GET /images/navi.png HTTP/1.0" 200 946 "http://www.mbingenieure.de/referenz.html" "Mozilla/4.0 (compatible; MSIE 8.0; Windows NT 6.1; WOW64; Trident/4.0; SLCC2; .NET CLR 2.0.50727; .NET CLR 3.5.30729; .NET CLR 3.0.30729; Media Center PC 6.0; .NET4.0C; .NET4.0E; FBS_IE8_V1; FBS_IE8_V1_Proxy01)"
194.174.73.33 - - [03/Nov/2014:14:59:50 +0100] "GET /images/header.png HTTP/1.0" 200 1494 "http://www.mbingenieure.de/referenz.html" "Mozilla/4.0 (compatible; MSIE 8.0; Windows NT 6.1; WOW64; Trident/4.0; SLCC2; .NET CLR 2.0.50727; .NET CLR 3.5.30729; .NET CLR 3.0.30729; Media Center PC 6.0; .NET4.0C; .NET4.0E; FBS_IE8_V1; FBS_IE8_V1_Proxy01)"
194.174.73.33 - - [03/Nov/2014:14:59:50 +0100] "GET /favicon.ico HTTP/1.0" 200 93062 "-" "Mozilla/4.0 (compatible; MSIE 8.0; Windows NT 6.1; WOW64; Trident/4.0; SLCC2; .NET CLR 2.0.50727; .NET CLR 3.5.30729; .NET CLR 3.0.30729; Media Center PC 6.0; .NET4.0C; .NET4.0E; FBS_IE8_V1; FBS_IE8_V1_Proxy01)"
194.174.73.33 - - [03/Nov/2014:15:01:09 +0100] "GET /uns.html HTTP/1.0" 200 4398 "http://www.mbingenieure.de/referenz.html" "Mozilla/4.0 (compatible; MSIE 8.0; Windows NT 6.1; WOW64; Trident/4.0; SLCC2; .NET CLR 2.0.50727; .NET CLR 3.5.30729; .NET CLR 3.0.30729; Media Center PC 6.0; .NET4.0C; .NET4.0E; FBS_IE8_V1; FBS_IE8_V1_Proxy01)"
194.174.73.33 - - [03/Nov/2014:15:01:21 +0100] "GET /spektrum.html HTTP/1.0" 200 4365 "http://www.mbingenieure.de/uns.html" "Mozilla/4.0 (compatible; MSIE 8.0; Windows NT 6.1; WOW64; Trident/4.0; SLCC2; .NET CLR 2.0.50727; .NET CLR 3.5.30729; .NET CLR 3.0.30729; Media Center PC 6.0; .NET4.0C; .NET4.0E; FBS_IE8_V1; FBS_IE8_V1_Proxy01)"
194.174.73.33 - - [03/Nov/2014:15:01:28 +0100] "GET /partner.html HTTP/1.0" 200 4401 "http://www.mbingenieure.de/referenz.html" "Mozilla/4.0 (compatible; MSIE 8.0; Windows NT 6.1; WOW64; Trident/4.0; SLCC2; .NET CLR 2.0.50727; .NET CLR 3.5.30729; .NET CLR 3.0.30729; Media Center PC 6.0; .NET4.0C; .NET4.0E; FBS_IE8_V1; FBS_IE8_V1_Proxy01)"
194.174.73.33 - - [03/Nov/2014:15:01:40 +0100] "GET /index.html HTTP/1.0" 200 4688 "http://www.mbingenieure.de/spektrum.html" "Mozilla/4.0 (compatible; MSIE 8.0; Windows NT 6.1; WOW64; Trident/4.0; SLCC2; .NET CLR 2.0.50727; .NET CLR 3.5.30729; .NET CLR 3.0.30729; Media Center PC 6.0; .NET4.0C; .NET4.0E; FBS_IE8_V1; FBS_IE8_V1_Proxy01)"
194.174.73.33 - - [03/Nov/2014:15:01:40 +0100] "GET /images/logo.png HTTP/1.0" 200 16467 "http://www.mbingenieure.de/index.html" "Mozilla/4.0 (compatible; MSIE 8.0; Windows NT 6.1; WOW64; Trident/4.0; SLCC2; .NET CLR 2.0.50727; .NET CLR 3.5.30729; .NET CLR 3.0.30729; Media Center PC 6.0; .NET4.0C; .NET4.0E; FBS_IE8_V1; FBS_IE8_V1_Proxy01)"
194.174.73.33 - - [03/Nov/2014:15:01:40 +0100] "GET /images/bild1.png HTTP/1.0" 200 16301 "http://www.mbingenieure.de/index.html" "Mozilla/4.0 (compatible; MSIE 8.0; Windows NT 6.1; WOW64; Trident/4.0; SLCC2; .NET CLR 2.0.50727; .NET CLR 3.5.30729; .NET CLR 3.0.30729; Media Center PC 6.0; .NET4.0C; .NET4.0E; FBS_IE8_V1; FBS_IE8_V1_Proxy01)"
194.174.73.33 - - [03/Nov/2014:15:01:40 +0100] "GET /images/bild4.png HTTP/1.0" 200 65856 "http://www.mbingenieure.de/index.html" "Mozilla/4.0 (compatible; MSIE 8.0; Windows NT 6.1; WOW64; Trident/4.0; SLCC2; .NET CLR 2.0.50727; .NET CLR 3.5.30729; .NET CLR 3.0.30729; Media Center PC 6.0; .NET4.0C; .NET4.0E; FBS_IE8_V1; FBS_IE8_V1_Proxy01)"
194.174.73.33 - - [03/Nov/2014:15:01:40 +0100] "GET /images/bild2.png HTTP/1.0" 200 68475 "http://www.mbingenieure.de/index.html" "Mozilla/4.0 (compatible; MSIE 8.0; Windows NT 6.1; WOW64; Trident/4.0; SLCC2; .NET CLR 2.0.50727; .NET CLR 3.5.30729; .NET CLR 3.0.30729; Media Center PC 6.0; .NET4.0C; .NET4.0E; FBS_IE8_V1; FBS_IE8_V1_Proxy01)"
194.174.73.33 - - [03/Nov/2014:15:01:51 +0100] "GET /impressum.html HTTP/1.0" 200 5721 "http://www.mbingenieure.de/index.html" "Mozilla/4.0 (compatible; MSIE 8.0; Windows NT 6.1; WOW64; Trident/4.0; SLCC2; .NET CLR 2.0.50727; .NET CLR 3.5.30729; .NET CLR 3.0.30729; Media Center PC 6.0; .NET4.0C; .NET4.0E; FBS_IE8_V1; FBS_IE8_V1_Proxy01)"
213.128.147.53 - - [03/Nov/2014:17:18:54 +0100] "GET / HTTP/1.0" 200 4688 "-" "securepoint cf"
195.4.128.37 - - [03/Nov/2014:18:25:13 +0100] "GET / HTTP/1.0" 200 4688 "-" "securepoint cf"
157.55.39.9 - - [03/Nov/2014:21:21:34 +0100] "GET /robots.txt HTTP/1.1" 404 - "-" "Mozilla/5.0 (compatible; bingbot/2.0; +http://www.bing.com/bingbot.htm)"
141.8.147.12 - - [03/Nov/2014:23:23:07 +0100] "GET /robots.txt HTTP/1.1" 404 - "-" "Mozilla/5.0 (compatible; YandexBot/3.0; +http://yandex.com/bots)"
157.55.39.5 - - [04/Nov/2014:03:16:46 +0100] "GET / HTTP/1.1" 304 - "-" "Mozilla/5.0 (compatible; bingbot/2.0; +http://www.bing.com/bingbot.htm)"
141.8.147.12 - - [04/Nov/2014:03:36:14 +0100] "GET / HTTP/1.1" 200 4688 "-" "Mozilla/5.0 (compatible; YandexBot/3.0; +http://yandex.com/bots)"
178.63.133.86 - - [04/Nov/2014:04:41:12 +0100] "GET / HTTP/1.0" 200 4688 "-" "securepoint cf"
66.249.78.83 - - [04/Nov/2014:12:57:45 +0100] "GET /robots.txt HTTP/1.1" 404 - "-" "Mozilla/5.0 (compatible; Googlebot/2.1; +http://www.google.com/bot.html)"
66.249.78.90 - - [04/Nov/2014:12:57:45 +0100] "GET / HTTP/1.1" 200 4688 "-" "Mozilla/5.0 (compatible; Googlebot/2.1; +http://www.google.com/bot.html)"
178.255.215.70 - - [04/Nov/2014:13:39:59 +0100] "GET /robots.txt HTTP/1.1" 404 - "-" "Mozilla/5.0 (compatible; Exabot/3.0; +http://www.exabot.com/go/robot)"
178.255.215.70 - - [04/Nov/2014:13:40:00 +0100] "GET / HTTP/1.1" 304 - "-" "Mozilla/5.0 (compatible; Exabot/3.0; +http://www.exabot.com/go/robot)"
208.115.113.85 - - [04/Nov/2014:15:41:19 +0100] "GET /robots.txt HTTP/1.1" 404 - "-" "Mozilla/5.0 (compatible; DotBot/1.1; http://www.opensiteexplorer.org/dotbot, help@moz.com)"
208.115.113.85 - - [04/Nov/2014:17:33:56 +0100] "GET /referenz.html HTTP/1.1" 200 10703 "-" "Mozilla/5.0 (compatible; DotBot/1.1; http://www.opensiteexplorer.org/dotbot, help@moz.com)"
88.70.65.20 - - [04/Nov/2014:18:20:13 +0100] "GET / HTTP/1.0" 200 4688 "https://www.google.de/" "Mozilla/5.0 (Windows NT 6.1) AppleWebKit/537.36 (KHTML, like Gecko) Chrome/38.0.2125.111 Safari/537.36"
88.70.65.20 - - [04/Nov/2014:18:20:14 +0100] "GET /js/libs/modernizr-2.5.3.min.js HTTP/1.0" 200 15274 "http://www.mbingenieure.de/" "Mozilla/5.0 (Windows NT 6.1) AppleWebKit/537.36 (KHTML, like Gecko) Chrome/38.0.2125.111 Safari/537.36"
88.70.65.20 - - [04/Nov/2014:18:20:14 +0100] "GET /css/style.css HTTP/1.0" 200 2831 "http://www.mbingenieure.de/" "Mozilla/5.0 (Windows NT 6.1) AppleWebKit/537.36 (KHTML, like Gecko) Chrome/38.0.2125.111 Safari/537.36"
88.70.65.20 - - [04/Nov/2014:18:20:14 +0100] "GET /js/plugins.js HTTP/1.0" 200 898 "http://www.mbingenieure.de/" "Mozilla/5.0 (Windows NT 6.1) AppleWebKit/537.36 (KHTML, like Gecko) Chrome/38.0.2125.111 Safari/537.36"
88.70.65.20 - - [04/Nov/2014:18:20:14 +0100] "GET /images/bild2.png HTTP/1.0" 200 68475 "http://www.mbingenieure.de/" "Mozilla/5.0 (Windows NT 6.1) AppleWebKit/537.36 (KHTML, like Gecko) Chrome/38.0.2125.111 Safari/537.36"
88.70.65.20 - - [04/Nov/2014:18:20:15 +0100] "GET /images/bild1.png HTTP/1.0" 200 16301 "http://www.mbingenieure.de/" "Mozilla/5.0 (Windows NT 6.1) AppleWebKit/537.36 (KHTML, like Gecko) Chrome/38.0.2125.111 Safari/537.36"
88.70.65.20 - - [04/Nov/2014:18:20:15 +0100] "GET /images/logo.png HTTP/1.0" 200 16467 "http://www.mbingenieure.de/" "Mozilla/5.0 (Windows NT 6.1) AppleWebKit/537.36 (KHTML, like Gecko) Chrome/38.0.2125.111 Safari/537.36"
88.70.65.20 - - [04/Nov/2014:18:20:16 +0100] "GET /images/footer.png HTTP/1.0" 200 1064 "http://www.mbingenieure.de/css/style.css" "Mozilla/5.0 (Windows NT 6.1) AppleWebKit/537.36 (KHTML, like Gecko) Chrome/38.0.2125.111 Safari/537.36"
88.70.65.20 - - [04/Nov/2014:18:20:16 +0100] "GET /images/header.png HTTP/1.0" 200 1494 "http://www.mbingenieure.de/css/style.css" "Mozilla/5.0 (Windows NT 6.1) AppleWebKit/537.36 (KHTML, like Gecko) Chrome/38.0.2125.111 Safari/537.36"
88.70.65.20 - - [04/Nov/2014:18:20:16 +0100] "GET /images/navi.png HTTP/1.0" 200 946 "http://www.mbingenieure.de/css/style.css" "Mozilla/5.0 (Windows NT 6.1) AppleWebKit/537.36 (KHTML, like Gecko) Chrome/38.0.2125.111 Safari/537.36"
88.70.65.20 - - [04/Nov/2014:18:20:14 +0100] "GET /images/bild4.png HTTP/1.0" 200 65856 "http://www.mbingenieure.de/" "Mozilla/5.0 (Windows NT 6.1) AppleWebKit/537.36 (KHTML, like Gecko) Chrome/38.0.2125.111 Safari/537.36"
88.70.65.20 - - [04/Nov/2014:18:20:17 +0100] "GET /favicon.ico HTTP/1.0" 200 93062 "-" "Mozilla/5.0 (Windows NT 6.1) AppleWebKit/537.36 (KHTML, like Gecko) Chrome/38.0.2125.111 Safari/537.36"
88.70.65.20 - - [04/Nov/2014:18:20:22 +0100] "GET /uns.html HTTP/1.0" 200 4398 "http://www.mbingenieure.de/" "Mozilla/5.0 (Windows NT 6.1) AppleWebKit/537.36 (KHTML, like Gecko) Chrome/38.0.2125.111 Safari/537.36"
208.115.113.85 - - [04/Nov/2014:19:52:47 +0100] "GET /robots.txt HTTP/1.1" 404 - "-" "Mozilla/5.0 (compatible; DotBot/1.1; http://www.opensiteexplorer.org/dotbot, help@moz.com)"
208.115.113.85 - - [04/Nov/2014:21:43:55 +0100] "GET /referenz.html HTTP/1.1" 200 10703 "-" "Mozilla/5.0 (compatible; DotBot/1.1; http://www.opensiteexplorer.org/dotbot, help@moz.com)"
141.8.147.12 - - [05/Nov/2014:00:07:25 +0100] "GET /robots.txt HTTP/1.1" 404 - "-" "Mozilla/5.0 (compatible; YandexBot/3.0; +http://yandex.com/bots)"
66.249.78.83 - - [05/Nov/2014:04:14:23 +0100] "GET /robots.txt HTTP/1.1" 404 - "-" "Mozilla/5.0 (compatible; Googlebot/2.1; +http://www.google.com/bot.html)"
66.249.78.76 - - [05/Nov/2014:04:14:23 +0100] "GET /uns.html HTTP/1.1" 200 4398 "-" "Mozilla/5.0 (compatible; Googlebot/2.1; +http://www.google.com/bot.html)"
188.165.15.209 - - [05/Nov/2014:05:33:52 +0100] "GET /robots.txt HTTP/1.1" 404 - "-" "Mozilla/5.0 (compatible; AhrefsBot/5.0; +http://ahrefs.com/robot/)"
66.249.78.83 - - [05/Nov/2014:05:52:18 +0100] "GET /impressum.html HTTP/1.1" 200 5721 "-" "Mozilla/5.0 (compatible; Googlebot/2.1; +http://www.google.com/bot.html)"
141.8.147.12 - - [05/Nov/2014:06:53:03 +0100] "GET / HTTP/1.1" 200 4688 "-" "Mozilla/5.0 (compatible; YandexBot/3.0; +http://yandex.com/bots)"
66.249.78.83 - - [05/Nov/2014:07:17:06 +0100] "GET / HTTP/1.1" 200 4688 "-" "Mozilla/5.0 (iPhone; CPU iPhone OS 6_0 like Mac OS X) AppleWebKit/536.26 (KHTML, like Gecko) Version/6.0 Mobile/10A5376e Safari/8536.25 (compatible; Googlebot/2.1; +http://www.google.com/bot.html)"
66.249.64.32 - - [05/Nov/2014:08:31:22 +0100] "GET /css/style.css HTTP/1.1" 200 2831 "-" "Mozilla/5.0 (compatible; Googlebot/2.1; +http://www.google.com/bot.html)"
157.55.39.65 - - [05/Nov/2014:14:37:58 +0100] "GET / HTTP/1.1" 200 4688 "-" "Mozilla/5.0 (compatible; bingbot/2.0; +http://www.bing.com/bingbot.htm)"
157.55.39.65 - - [05/Nov/2014:14:37:58 +0100] "GET /kontakt.html HTTP/1.1" 200 4451 "-" "Mozilla/5.0 (compatible; bingbot/2.0; +http://www.bing.com/bingbot.htm)"
157.55.39.65 - - [05/Nov/2014:14:37:59 +0100] "GET /partner.html HTTP/1.1" 200 4401 "-" "Mozilla/5.0 (compatible; bingbot/2.0; +http://www.bing.com/bingbot.htm)"
157.55.39.65 - - [05/Nov/2014:14:37:59 +0100] "GET /projekte.html HTTP/1.1" 200 7938 "-" "Mozilla/5.0 (compatible; bingbot/2.0; +http://www.bing.com/bingbot.htm)"
157.55.39.65 - - [05/Nov/2014:14:37:59 +0100] "GET /spektrum.html HTTP/1.1" 200 4365 "-" "Mozilla/5.0 (compatible; bingbot/2.0; +http://www.bing.com/bingbot.htm)"
31.19.114.34 - - [05/Nov/2014:17:56:00 +0100] "GET / HTTP/1.1" 200 4688 "http://www.google.de/url?sa=t&rct=j&q=&esrc=s&source=web&cd=1&ved=0CCMQFjAA&url=http%3A%2F%2Fwww.mbingenieure.de%2F&ei=eFZaVO7aCYm9PcL7gOAG&usg=AFQjCNEyLqXMZj9hDUfmjIo04GBdDmaXCQ&sig2=UC2YdUADk50vMNSs3yj37g&bvm=bv.78677474,d.ZWU&cad=rja" "Mozilla/5.0 (Windows NT 6.1; WOW64; rv:33.0) Gecko/20100101 Firefox/33.0"
31.19.114.34 - - [05/Nov/2014:17:56:00 +0100] "GET /css/style.css HTTP/1.1" 200 2831 "http://www.mbingenieure.de/" "Mozilla/5.0 (Windows NT 6.1; WOW64; rv:33.0) Gecko/20100101 Firefox/33.0"
31.19.114.34 - - [05/Nov/2014:17:56:00 +0100] "GET /js/libs/modernizr-2.5.3.min.js HTTP/1.1" 200 15274 "http://www.mbingenieure.de/" "Mozilla/5.0 (Windows NT 6.1; WOW64; rv:33.0) Gecko/20100101 Firefox/33.0"
31.19.114.34 - - [05/Nov/2014:17:56:00 +0100] "GET /images/logo.png HTTP/1.1" 200 16467 "http://www.mbingenieure.de/" "Mozilla/5.0 (Windows NT 6.1; WOW64; rv:33.0) Gecko/20100101 Firefox/33.0"
31.19.114.34 - - [05/Nov/2014:17:56:01 +0100] "GET /images/bild1.png HTTP/1.1" 200 16301 "http://www.mbingenieure.de/" "Mozilla/5.0 (Windows NT 6.1; WOW64; rv:33.0) Gecko/20100101 Firefox/33.0"
31.19.114.34 - - [05/Nov/2014:17:56:01 +0100] "GET /js/plugins.js HTTP/1.1" 200 898 "http://www.mbingenieure.de/" "Mozilla/5.0 (Windows NT 6.1; WOW64; rv:33.0) Gecko/20100101 Firefox/33.0"
31.19.114.34 - - [05/Nov/2014:17:56:00 +0100] "GET /images/bild4.png HTTP/1.1" 200 65856 "http://www.mbingenieure.de/" "Mozilla/5.0 (Windows NT 6.1; WOW64; rv:33.0) Gecko/20100101 Firefox/33.0"
31.19.114.34 - - [05/Nov/2014:17:56:01 +0100] "GET /images/bild2.png HTTP/1.1" 200 68475 "http://www.mbingenieure.de/" "Mozilla/5.0 (Windows NT 6.1; WOW64; rv:33.0) Gecko/20100101 Firefox/33.0"
31.19.114.34 - - [05/Nov/2014:17:56:01 +0100] "GET /images/footer.png HTTP/1.1" 200 1064 "http://www.mbingenieure.de/css/style.css" "Mozilla/5.0 (Windows NT 6.1; WOW64; rv:33.0) Gecko/20100101 Firefox/33.0"
31.19.114.34 - - [05/Nov/2014:17:56:01 +0100] "GET /images/header.png HTTP/1.1" 200 1494 "http://www.mbingenieure.de/css/style.css" "Mozilla/5.0 (Windows NT 6.1; WOW64; rv:33.0) Gecko/20100101 Firefox/33.0"
31.19.114.34 - - [05/Nov/2014:17:56:01 +0100] "GET /images/navi.png HTTP/1.1" 200 946 "http://www.mbingenieure.de/css/style.css" "Mozilla/5.0 (Windows NT 6.1; WOW64; rv:33.0) Gecko/20100101 Firefox/33.0"
31.19.114.34 - - [05/Nov/2014:17:56:01 +0100] "GET /favicon.ico HTTP/1.1" 200 93062 "-" "Mozilla/5.0 (Windows NT 6.1; WOW64; rv:33.0) Gecko/20100101 Firefox/33.0"
31.19.114.34 - - [05/Nov/2014:17:56:17 +0100] "GET /uns.html HTTP/1.1" 200 4398 "http://www.mbingenieure.de/" "Mozilla/5.0 (Windows NT 6.1; WOW64; rv:33.0) Gecko/20100101 Firefox/33.0"
208.115.111.69 - - [05/Nov/2014:21:33:49 +0100] "GET /robots.txt HTTP/1.1" 404 - "-" "Mozilla/5.0 (compatible; DotBot/1.1; http://www.opensiteexplorer.org/dotbot, help@moz.com)"
217.151.51.35 - - [05/Nov/2014:21:34:50 +0100] "GET / HTTP/1.1" 200 4688 "-" "Mozilla/5.0 (Windows NT 5.1; rv:26.0) Gecko/20100101 Firefox/26.0"
217.151.51.35 - - [05/Nov/2014:21:34:50 +0100] "GET /css/style.css HTTP/1.1" 200 2831 "http://www.mbingenieure.de/" "Mozilla/5.0 (Windows NT 5.1; rv:26.0) Gecko/20100101 Firefox/26.0"
217.151.51.35 - - [05/Nov/2014:21:34:50 +0100] "GET /js/libs/modernizr-2.5.3.min.js HTTP/1.1" 200 15274 "http://www.mbingenieure.de/" "Mozilla/5.0 (Windows NT 5.1; rv:26.0) Gecko/20100101 Firefox/26.0"
217.151.51.35 - - [05/Nov/2014:21:34:50 +0100] "GET /js/plugins.js HTTP/1.1" 200 898 "http://www.mbingenieure.de/" "Mozilla/5.0 (Windows NT 5.1; rv:26.0) Gecko/20100101 Firefox/26.0"
217.151.51.35 - - [05/Nov/2014:21:34:51 +0100] "GET /favicon.ico HTTP/1.1" 200 93062 "-" "Mozilla/5.0 (Windows NT 5.1; rv:26.0) Gecko/20100101 Firefox/26.0"
217.151.51.35 - - [05/Nov/2014:21:35:04 +0100] "GET /index.html HTTP/1.1" 200 4688 "-" "Mozilla/5.0 (Windows NT 5.1; rv:26.0) Gecko/20100101 Firefox/26.0"
217.151.51.35 - - [05/Nov/2014:21:35:11 +0100] "GET /spektrum.html HTTP/1.1" 200 4365 "-" "Mozilla/5.0 (Windows NT 5.1; rv:26.0) Gecko/20100101 Firefox/26.0"
217.151.51.35 - - [05/Nov/2014:21:35:18 +0100] "GET /partner.html HTTP/1.1" 200 4401 "-" "Mozilla/5.0 (Windows NT 5.1; rv:26.0) Gecko/20100101 Firefox/26.0"
217.151.51.35 - - [05/Nov/2014:21:35:25 +0100] "GET /referenz.html HTTP/1.1" 200 10703 "-" "Mozilla/5.0 (Windows NT 5.1; rv:26.0) Gecko/20100101 Firefox/26.0"
217.151.51.35 - - [05/Nov/2014:21:35:32 +0100] "GET /impressum.html HTTP/1.1" 200 5721 "-" "Mozilla/5.0 (Windows NT 5.1; rv:26.0) Gecko/20100101 Firefox/26.0"
217.151.51.35 - - [05/Nov/2014:21:35:39 +0100] "GET /uns.html HTTP/1.1" 200 4398 "-" "Mozilla/5.0 (Windows NT 5.1; rv:26.0) Gecko/20100101 Firefox/26.0"
217.151.51.35 - - [05/Nov/2014:21:35:46 +0100] "GET /projekte.html HTTP/1.1" 200 7938 "-" "Mozilla/5.0 (Windows NT 5.1; rv:26.0) Gecko/20100101 Firefox/26.0"
213.128.147.52 - - [05/Nov/2014:22:33:38 +0100] "GET / HTTP/1.0" 200 4688 "-" "securepoint cf"
208.115.111.69 - - [05/Nov/2014:23:10:15 +0100] "GET /index.html HTTP/1.1" 200 4688 "-" "Mozilla/5.0 (compatible; DotBot/1.1; http://www.opensiteexplorer.org/dotbot, help@moz.com)"
208.115.111.69 - - [06/Nov/2014:01:50:50 +0100] "GET /robots.txt HTTP/1.1" 404 - "-" "Mozilla/5.0 (compatible; DotBot/1.1; http://www.opensiteexplorer.org/dotbot, help@moz.com)"
208.115.111.69 - - [06/Nov/2014:03:29:49 +0100] "GET /index.html HTTP/1.1" 200 4688 "-" "Mozilla/5.0 (compatible; DotBot/1.1; http://www.opensiteexplorer.org/dotbot, help@moz.com)"
178.255.215.70 - - [06/Nov/2014:04:09:55 +0100] "GET /robots.txt HTTP/1.1" 404 - "-" "Mozilla/5.0 (compatible; Exabot/3.0; +http://www.exabot.com/go/robot)"
178.255.215.70 - - [06/Nov/2014:04:09:55 +0100] "GET / HTTP/1.1" 304 - "-" "Mozilla/5.0 (compatible; Exabot/3.0; +http://www.exabot.com/go/robot)"
208.115.111.69 - - [06/Nov/2014:09:47:13 +0100] "GET /robots.txt HTTP/1.1" 404 - "-" "Mozilla/5.0 (compatible; DotBot/1.1; http://www.opensiteexplorer.org/dotbot, help@moz.com)"
80.187.103.123 - - [06/Nov/2014:10:22:39 +0100] "GET / HTTP/1.1" 200 4688 "http://www.google.de/m/search?client=ms-hms-tmobile-de&channel=idleapp&q=%6D%62+%69%6E%67%65%6E%69%65%75%72" "Mozilla/5.0 (compatible; MSIE 9.0; Windows Phone OS 7.5; Trident/5.0; IEMobile/9.0; NOKIA; Lumia 800)"
80.187.103.123 - - [06/Nov/2014:10:22:39 +0100] "GET /images/bild1.png HTTP/1.1" 200 16301 "http://www.mbingenieure.de/" "Mozilla/5.0 (compatible; MSIE 9.0; Windows Phone OS 7.5; Trident/5.0; IEMobile/9.0; NOKIA; Lumia 800)"
80.187.103.123 - - [06/Nov/2014:10:22:39 +0100] "GET /css/style.css HTTP/1.1" 200 2831 "http://www.mbingenieure.de/" "Mozilla/5.0 (compatible; MSIE 9.0; Windows Phone OS 7.5; Trident/5.0; IEMobile/9.0; NOKIA; Lumia 800)"
80.187.103.123 - - [06/Nov/2014:10:22:39 +0100] "GET /images/logo.png HTTP/1.1" 200 16467 "http://www.mbingenieure.de/" "Mozilla/5.0 (compatible; MSIE 9.0; Windows Phone OS 7.5; Trident/5.0; IEMobile/9.0; NOKIA; Lumia 800)"
80.187.103.123 - - [06/Nov/2014:10:22:39 +0100] "GET /js/libs/modernizr-2.5.3.min.js HTTP/1.1" 200 15274 "http://www.mbingenieure.de/" "Mozilla/5.0 (compatible; MSIE 9.0; Windows Phone OS 7.5; Trident/5.0; IEMobile/9.0; NOKIA; Lumia 800)"
80.187.103.123 - - [06/Nov/2014:10:22:39 +0100] "GET /images/bild4.png HTTP/1.1" 200 65856 "http://www.mbingenieure.de/" "Mozilla/5.0 (compatible; MSIE 9.0; Windows Phone OS 7.5; Trident/5.0; IEMobile/9.0; NOKIA; Lumia 800)"
80.187.103.123 - - [06/Nov/2014:10:22:39 +0100] "GET /images/bild2.png HTTP/1.1" 200 68475 "http://www.mbingenieure.de/" "Mozilla/5.0 (compatible; MSIE 9.0; Windows Phone OS 7.5; Trident/5.0; IEMobile/9.0; NOKIA; Lumia 800)"
80.187.103.123 - - [06/Nov/2014:10:22:39 +0100] "GET /js/plugins.js HTTP/1.1" 200 898 "http://www.mbingenieure.de/" "Mozilla/5.0 (compatible; MSIE 9.0; Windows Phone OS 7.5; Trident/5.0; IEMobile/9.0; NOKIA; Lumia 800)"
80.187.103.123 - - [06/Nov/2014:10:22:39 +0100] "GET /images/footer.png HTTP/1.1" 200 1064 "http://www.mbingenieure.de/" "Mozilla/5.0 (compatible; MSIE 9.0; Windows Phone OS 7.5; Trident/5.0; IEMobile/9.0; NOKIA; Lumia 800)"
80.187.103.123 - - [06/Nov/2014:10:22:40 +0100] "GET /images/header.png HTTP/1.1" 200 1494 "http://www.mbingenieure.de/" "Mozilla/5.0 (compatible; MSIE 9.0; Windows Phone OS 7.5; Trident/5.0; IEMobile/9.0; NOKIA; Lumia 800)"
80.187.103.123 - - [06/Nov/2014:10:22:40 +0100] "GET /images/navi.png HTTP/1.1" 200 946 "http://www.mbingenieure.de/" "Mozilla/5.0 (compatible; MSIE 9.0; Windows Phone OS 7.5; Trident/5.0; IEMobile/9.0; NOKIA; Lumia 800)"
141.8.147.12 - - [06/Nov/2014:11:04:35 +0100] "GET /robots.txt HTTP/1.1" 404 - "-" "Mozilla/5.0 (compatible; YandexBot/3.0; +http://yandex.com/bots)"
208.115.111.69 - - [06/Nov/2014:11:26:18 +0100] "GET /projekte.html HTTP/1.1" 200 7938 "-" "Mozilla/5.0 (compatible; DotBot/1.1; http://www.opensiteexplorer.org/dotbot, help@moz.com)"
141.8.147.12 - - [06/Nov/2014:12:25:27 +0100] "GET / HTTP/1.1" 200 4688 "-" "Mozilla/5.0 (compatible; YandexBot/3.0; +http://yandex.com/bots)"
188.165.15.10 - - [06/Nov/2014:13:58:27 +0100] "GET /robots.txt HTTP/1.1" 404 - "-" "Mozilla/5.0 (compatible; AhrefsBot/5.0; +http://ahrefs.com/robot/)"
5.147.89.15 - - [06/Nov/2014:14:09:47 +0100] "GET /referenz.html HTTP/1.1" 200 10703 "http://www.google.de/url?sa=t&rct=j&q=&esrc=s&source=web&cd=30&ved=0CFUQFjAJOBQ&url=http%3A%2F%2Fwww.mbingenieure.de%2Freferenz.html&ei=z3FbVKX5DdbtaLDqgOgJ&usg=AFQjCNEjBuJQ2-M4Z4j35BAeh7XDA3bhYQ&sig2=P4ZrU53YxwSgDZ9Gk_Qh8A&bvm=bv.78677474,d.d2s&cad=rja" "Mozilla/5.0 (Windows NT 5.1; rv:33.0) Gecko/20100101 Firefox/33.0"
5.147.89.15 - - [06/Nov/2014:14:09:47 +0100] "GET /css/style.css HTTP/1.1" 200 2831 "http://www.mbingenieure.de/referenz.html" "Mozilla/5.0 (Windows NT 5.1; rv:33.0) Gecko/20100101 Firefox/33.0"
5.147.89.15 - - [06/Nov/2014:14:09:47 +0100] "GET /js/libs/modernizr-2.5.3.min.js HTTP/1.1" 200 15274 "http://www.mbingenieure.de/referenz.html" "Mozilla/5.0 (Windows NT 5.1; rv:33.0) Gecko/20100101 Firefox/33.0"
5.147.89.15 - - [06/Nov/2014:14:09:47 +0100] "GET /js/plugins.js HTTP/1.1" 200 898 "http://www.mbingenieure.de/referenz.html" "Mozilla/5.0 (Windows NT 5.1; rv:33.0) Gecko/20100101 Firefox/33.0"
5.147.89.15 - - [06/Nov/2014:14:09:47 +0100] "GET /images/footer.png HTTP/1.1" 200 1064 "http://www.mbingenieure.de/css/style.css" "Mozilla/5.0 (Windows NT 5.1; rv:33.0) Gecko/20100101 Firefox/33.0"
5.147.89.15 - - [06/Nov/2014:14:09:47 +0100] "GET /images/header.png HTTP/1.1" 200 1494 "http://www.mbingenieure.de/css/style.css" "Mozilla/5.0 (Windows NT 5.1; rv:33.0) Gecko/20100101 Firefox/33.0"
5.147.89.15 - - [06/Nov/2014:14:09:47 +0100] "GET /images/navi.png HTTP/1.1" 200 946 "http://www.mbingenieure.de/css/style.css" "Mozilla/5.0 (Windows NT 5.1; rv:33.0) Gecko/20100101 Firefox/33.0"
5.147.89.15 - - [06/Nov/2014:14:09:51 +0100] "GET /favicon.ico HTTP/1.1" 200 93062 "-" "Mozilla/5.0 (Windows NT 5.1; rv:33.0) Gecko/20100101 Firefox/33.0"
66.249.65.24 - - [06/Nov/2014:21:21:48 +0100] "GET /robots.txt HTTP/1.1" 404 - "-" "Mozilla/5.0 (compatible; Googlebot/2.1; +http://www.google.com/bot.html)"
66.249.65.24 - - [06/Nov/2014:21:21:49 +0100] "GET / HTTP/1.1" 304 - "-" "Mozilla/5.0 (iPhone; CPU iPhone OS 6_0 like Mac OS X) AppleWebKit/536.26 (KHTML, like Gecko) Version/6.0 Mobile/10A5376e Safari/8536.25 (compatible; Googlebot/2.1; +http://www.google.com/bot.html)"
66.249.65.24 - - [06/Nov/2014:21:40:27 +0100] "GET /impressum.html HTTP/1.1" 200 5721 "-" "Mozilla/5.0 (iPhone; CPU iPhone OS 6_0 like Mac OS X) AppleWebKit/536.26 (KHTML, like Gecko) Version/6.0 Mobile/10A5376e Safari/8536.25 (compatible; Googlebot/2.1; +http://www.google.com/bot.html)"
72.46.136.178 - - [06/Nov/2014:22:36:58 +0100] "GET / HTTP/1.1" 200 4688 "-" "Mozilla/4.0 (compatible; MSIE 6.0; Windows NT 5.1; SV1; Mozilla/4.0 (compatible; MSIE 6.0; Windows NT 5.1; SV1) ; .NET CLR 1.0.3705)"
141.8.147.12 - - [07/Nov/2014:00:00:00 +0100] "GET /robots.txt HTTP/1.1" 404 - "-" "Mozilla/5.0 (compatible; YandexBot/3.0; +http://yandex.com/bots)"
141.8.147.12 - - [07/Nov/2014:00:00:03 +0100] "GET /images/0541a.png HTTP/1.1" 304 - "-" "Mozilla/5.0 (compatible; YandexBot/3.0; +http://yandex.com/bots)"
78.24.217.43 - - [07/Nov/2014:00:06:24 +0100] "GET /kontakt.html HTTP/1.1" 200 4451 "http://www.mbingenieure.de/kontakt.html" "Mozilla/4.0 (compatible; MSIE 6.0; Windows NT 5.1; SV1)"
217.69.133.225 - - [07/Nov/2014:04:21:52 +0100] "GET /robots.txt HTTP/1.1" 404 - "-" "Mozilla/5.0 (compatible; Linux x86_64; Mail.RU_Bot/2.0; +http://go.mail.ru/help/robots)"
217.69.133.223 - - [07/Nov/2014:04:21:53 +0100] "GET /impressum.html HTTP/1.1" 304 - "-" "Mozilla/5.0 (compatible; Linux x86_64; Mail.RU_Bot/2.0; +http://go.mail.ru/help/robots)"
104.131.211.117 - - [07/Nov/2014:10:55:52 +0100] "GET / HTTP/1.0" 200 4688 "-" "Mozilla/5.0 (compatible; NetcraftSurveyAgent/1.0; +info@netcraft.com)"
195.95.146.199 - - [07/Nov/2014:11:57:35 +0100] "GET /referenz.html HTTP/1.1" 200 10703 "https://www.google.de/" "Mozilla/5.0 (Windows NT 6.1; WOW64) AppleWebKit/537.36 (KHTML, like Gecko) Chrome/38.0.2125.111 Safari/537.36"
195.95.146.199 - - [07/Nov/2014:11:57:35 +0100] "GET /css/style.css HTTP/1.1" 200 2831 "http://www.mbingenieure.de/referenz.html" "Mozilla/5.0 (Windows NT 6.1; WOW64) AppleWebKit/537.36 (KHTML, like Gecko) Chrome/38.0.2125.111 Safari/537.36"
