79.234.9.12 - - [12/Nov/2014:11:06:07 +0100] "GET /impressum.html HTTP/1.1" 200 5721 "http://www.mbingenieure.de/kontakt.html" "Mozilla/4.0 (compatible; MSIE 8.0; Windows NT 5.1; Trident/4.0; GTB7.5; .NET CLR 2.0.50727; .NET CLR 3.0.4506.2152; .NET CLR 3.5.30729; BRI/2; OfficeLiveConnector.1.5; OfficeLivePatch.1.3; .NET4.0C; .NET4.0E; AskTbAVR-4/5.15.31.57710; T-Brand-RC)"
79.234.9.12 - - [12/Nov/2014:11:06:14 +0100] "GET /uns.html HTTP/1.1" 200 4398 "http://www.mbingenieure.de/impressum.html" "Mozilla/4.0 (compatible; MSIE 8.0; Windows NT 5.1; Trident/4.0; GTB7.5; .NET CLR 2.0.50727; .NET CLR 3.0.4506.2152; .NET CLR 3.5.30729; BRI/2; OfficeLiveConnector.1.5; OfficeLivePatch.1.3; .NET4.0C; .NET4.0E; AskTbAVR-4/5.15.31.57710; T-Brand-RC)"
79.234.9.12 - - [12/Nov/2014:11:06:23 +0100] "GET /index.html HTTP/1.1" 200 4688 "http://www.mbingenieure.de/uns.html" "Mozilla/4.0 (compatible; MSIE 8.0; Windows NT 5.1; Trident/4.0; GTB7.5; .NET CLR 2.0.50727; .NET CLR 3.0.4506.2152; .NET CLR 3.5.30729; BRI/2; OfficeLiveConnector.1.5; OfficeLivePatch.1.3; .NET4.0C; .NET4.0E; AskTbAVR-4/5.15.31.57710; T-Brand-RC)"
141.8.147.12 - - [12/Nov/2014:16:02:00 +0100] "GET /robots.txt HTTP/1.1" 404 - "-" "Mozilla/5.0 (compatible; YandexBot/3.0; +http://yandex.com/bots)"
141.8.147.12 - - [12/Nov/2014:16:24:14 +0100] "GET /images/0541a.png HTTP/1.1" 304 - "-" "Mozilla/5.0 (compatible; YandexBot/3.0; +http://yandex.com/bots)"
66.249.64.24 - - [12/Nov/2014:19:29:49 +0100] "GET /robots.txt HTTP/1.1" 404 - "-" "Mozilla/5.0 (compatible; Googlebot/2.1; +http://www.google.com/bot.html)"
66.249.78.76 - - [12/Nov/2014:19:29:49 +0100] "GET /projekte.html HTTP/1.1" 200 7938 "-" "Mozilla/5.0 (compatible; Googlebot/2.1; +http://www.google.com/bot.html)"
91.44.91.60 - - [12/Nov/2014:19:30:11 +0100] "GET / HTTP/1.1" 200 4688 "-" "Mozilla/5.0 (Linux; U; Android 4.2.2; de-de; GT-P5110 Build/JDQ39) AppleWebKit/534.30 (KHTML, like Gecko) Version/4.0 Safari/534.30"
91.44.91.60 - - [12/Nov/2014:19:30:11 +0100] "GET /css/style.css HTTP/1.1" 200 2831 "http://www.mbingenieure.de/" "Mozilla/5.0 (Linux; U; Android 4.2.2; de-de; GT-P5110 Build/JDQ39) AppleWebKit/534.30 (KHTML, like Gecko) Version/4.0 Safari/534.30"
91.44.91.60 - - [12/Nov/2014:19:30:11 +0100] "GET /js/libs/modernizr-2.5.3.min.js HTTP/1.1" 200 15274 "http://www.mbingenieure.de/" "Mozilla/5.0 (Linux; U; Android 4.2.2; de-de; GT-P5110 Build/JDQ39) AppleWebKit/534.30 (KHTML, like Gecko) Version/4.0 Safari/534.30"
91.44.91.60 - - [12/Nov/2014:19:30:11 +0100] "GET /js/plugins.js HTTP/1.1" 200 898 "http://www.mbingenieure.de/" "Mozilla/5.0 (Linux; U; Android 4.2.2; de-de; GT-P5110 Build/JDQ39) AppleWebKit/534.30 (KHTML, like Gecko) Version/4.0 Safari/534.30"
91.44.91.60 - - [12/Nov/2014:19:30:11 +0100] "GET /images/footer.png HTTP/1.1" 200 1064 "http://www.mbingenieure.de/" "Mozilla/5.0 (Linux; U; Android 4.2.2; de-de; GT-P5110 Build/JDQ39) AppleWebKit/534.30 (KHTML, like Gecko) Version/4.0 Safari/534.30"
91.44.91.60 - - [12/Nov/2014:19:30:12 +0100] "GET /images/header.png HTTP/1.1" 200 1494 "http://www.mbingenieure.de/" "Mozilla/5.0 (Linux; U; Android 4.2.2; de-de; GT-P5110 Build/JDQ39) AppleWebKit/534.30 (KHTML, like Gecko) Version/4.0 Safari/534.30"
91.44.91.60 - - [12/Nov/2014:19:30:12 +0100] "GET /images/navi.png HTTP/1.1" 200 946 "http://www.mbingenieure.de/" "Mozilla/5.0 (Linux; U; Android 4.2.2; de-de; GT-P5110 Build/JDQ39) AppleWebKit/534.30 (KHTML, like Gecko) Version/4.0 Safari/534.30"
91.44.91.60 - - [12/Nov/2014:19:30:12 +0100] "GET /images/logo.png HTTP/1.1" 200 16467 "http://www.mbingenieure.de/" "Mozilla/5.0 (Linux; U; Android 4.2.2; de-de; GT-P5110 Build/JDQ39) AppleWebKit/534.30 (KHTML, like Gecko) Version/4.0 Safari/534.30"
91.44.91.60 - - [12/Nov/2014:19:30:12 +0100] "GET /images/bild2.png HTTP/1.1" 200 68475 "http://www.mbingenieure.de/" "Mozilla/5.0 (Linux; U; Android 4.2.2; de-de; GT-P5110 Build/JDQ39) AppleWebKit/534.30 (KHTML, like Gecko) Version/4.0 Safari/534.30"
91.44.91.60 - - [12/Nov/2014:19:30:12 +0100] "GET /images/bild4.png HTTP/1.1" 200 65856 "http://www.mbingenieure.de/" "Mozilla/5.0 (Linux; U; Android 4.2.2; de-de; GT-P5110 Build/JDQ39) AppleWebKit/534.30 (KHTML, like Gecko) Version/4.0 Safari/534.30"
91.44.91.60 - - [12/Nov/2014:19:30:12 +0100] "GET /images/bild1.png HTTP/1.1" 200 16301 "http://www.mbingenieure.de/" "Mozilla/5.0 (Linux; U; Android 4.2.2; de-de; GT-P5110 Build/JDQ39) AppleWebKit/534.30 (KHTML, like Gecko) Version/4.0 Safari/534.30"
91.44.91.60 - - [12/Nov/2014:19:30:13 +0100] "GET /favicon.ico HTTP/1.1" 200 93062 "http://www.mbingenieure.de/" "Mozilla/5.0 (Linux; U; Android 4.2.2; de-de; GT-P5110 Build/JDQ39) AppleWebKit/534.30 (KHTML, like Gecko) Version/4.0 Safari/534.30"
91.44.91.60 - - [12/Nov/2014:19:30:19 +0100] "GET /index.html HTTP/1.1" 200 4688 "http://www.mbingenieure.de/" "Mozilla/5.0 (Linux; U; Android 4.2.2; de-de; GT-P5110 Build/JDQ39) AppleWebKit/534.30 (KHTML, like Gecko) Version/4.0 Safari/534.30"
91.44.91.60 - - [12/Nov/2014:19:30:23 +0100] "GET /uns.html HTTP/1.1" 200 4398 "http://www.mbingenieure.de/index.html" "Mozilla/5.0 (Linux; U; Android 4.2.2; de-de; GT-P5110 Build/JDQ39) AppleWebKit/534.30 (KHTML, like Gecko) Version/4.0 Safari/534.30"
91.44.91.60 - - [12/Nov/2014:19:30:29 +0100] "GET /spektrum.html HTTP/1.1" 200 4365 "http://www.mbingenieure.de/uns.html" "Mozilla/5.0 (Linux; U; Android 4.2.2; de-de; GT-P5110 Build/JDQ39) AppleWebKit/534.30 (KHTML, like Gecko) Version/4.0 Safari/534.30"
91.44.91.60 - - [12/Nov/2014:19:30:37 +0100] "GET /referenz.html HTTP/1.1" 200 10703 "http://www.mbingenieure.de/spektrum.html" "Mozilla/5.0 (Linux; U; Android 4.2.2; de-de; GT-P5110 Build/JDQ39) AppleWebKit/534.30 (KHTML, like Gecko) Version/4.0 Safari/534.30"
91.44.91.60 - - [12/Nov/2014:19:30:52 +0100] "GET /projekte.html HTTP/1.1" 200 7938 "http://www.mbingenieure.de/referenz.html" "Mozilla/5.0 (Linux; U; Android 4.2.2; de-de; GT-P5110 Build/JDQ39) AppleWebKit/534.30 (KHTML, like Gecko) Version/4.0 Safari/534.30"
91.44.91.60 - - [12/Nov/2014:19:30:53 +0100] "GET /images/0542a.png HTTP/1.1" 200 15693 "http://www.mbingenieure.de/projekte.html" "Mozilla/5.0 (Linux; U; Android 4.2.2; de-de; GT-P5110 Build/JDQ39) AppleWebKit/534.30 (KHTML, like Gecko) Version/4.0 Safari/534.30"
91.44.91.60 - - [12/Nov/2014:19:30:53 +0100] "GET /images/0543a.png HTTP/1.1" 200 16618 "http://www.mbingenieure.de/projekte.html" "Mozilla/5.0 (Linux; U; Android 4.2.2; de-de; GT-P5110 Build/JDQ39) AppleWebKit/534.30 (KHTML, like Gecko) Version/4.0 Safari/534.30"
91.44.91.60 - - [12/Nov/2014:19:30:53 +0100] "GET /images/0541a.png HTTP/1.1" 200 16258 "http://www.mbingenieure.de/projekte.html" "Mozilla/5.0 (Linux; U; Android 4.2.2; de-de; GT-P5110 Build/JDQ39) AppleWebKit/534.30 (KHTML, like Gecko) Version/4.0 Safari/534.30"
91.44.91.60 - - [12/Nov/2014:19:30:53 +0100] "GET /images/0941a.png HTTP/1.1" 200 14217 "http://www.mbingenieure.de/projekte.html" "Mozilla/5.0 (Linux; U; Android 4.2.2; de-de; GT-P5110 Build/JDQ39) AppleWebKit/534.30 (KHTML, like Gecko) Version/4.0 Safari/534.30"
91.44.91.60 - - [12/Nov/2014:19:31:09 +0100] "GET /partner.html HTTP/1.1" 200 4401 "http://www.mbingenieure.de/projekte.html" "Mozilla/5.0 (Linux; U; Android 4.2.2; de-de; GT-P5110 Build/JDQ39) AppleWebKit/534.30 (KHTML, like Gecko) Version/4.0 Safari/534.30"
66.249.78.83 - - [12/Nov/2014:19:51:45 +0100] "GET /kontakt.html HTTP/1.1" 304 - "-" "Mozilla/5.0 (compatible; Googlebot/2.1; +http://www.google.com/bot.html)"
66.249.78.90 - - [12/Nov/2014:21:33:51 +0100] "GET /impressum.html HTTP/1.1" 304 - "-" "Mozilla/5.0 (iPhone; CPU iPhone OS 6_0 like Mac OS X) AppleWebKit/536.26 (KHTML, like Gecko) Version/6.0 Mobile/10A5376e Safari/8536.25 (compatible; Googlebot/2.1; +http://www.google.com/bot.html)"
66.249.78.76 - - [13/Nov/2014:02:23:13 +0100] "GET / HTTP/1.1" 304 - "-" "Mozilla/5.0 (compatible; Googlebot/2.1; +http://www.google.com/bot.html)"
141.8.147.12 - - [13/Nov/2014:03:43:17 +0100] "GET /robots.txt HTTP/1.1" 404 - "-" "Mozilla/5.0 (compatible; YandexBot/3.0; +http://yandex.com/bots)"
66.249.78.90 - - [13/Nov/2014:04:59:18 +0100] "GET /impressum.html HTTP/1.1" 304 - "-" "Mozilla/5.0 (compatible; Googlebot/2.1; +http://www.google.com/bot.html)"
66.249.78.76 - - [13/Nov/2014:06:06:30 +0100] "GET /referenz.html HTTP/1.1" 304 - "-" "Mozilla/5.0 (compatible; Googlebot/2.1; +http://www.google.com/bot.html)"
141.8.147.12 - - [13/Nov/2014:07:30:45 +0100] "GET /images/0541a.png HTTP/1.1" 304 - "-" "Mozilla/5.0 (compatible; YandexBot/3.0; +http://yandex.com/bots)"
66.249.78.83 - - [13/Nov/2014:08:14:33 +0100] "GET /robots.txt HTTP/1.1" 404 - "-" "Mozilla/5.0 (compatible; Googlebot/2.1; +http://www.google.com/bot.html)"
66.249.78.83 - - [13/Nov/2014:08:14:33 +0100] "GET /projekte.html HTTP/1.1" 304 - "-" "Mozilla/5.0 (compatible; Googlebot/2.1; +http://www.google.com/bot.html)"
66.249.78.83 - - [13/Nov/2014:09:46:14 +0100] "GET /partner.html HTTP/1.1" 304 - "-" "Mozilla/5.0 (compatible; Googlebot/2.1; +http://www.google.com/bot.html)"
66.249.64.32 - - [13/Nov/2014:10:04:47 +0100] "GET / HTTP/1.1" 200 4688 "-" "DoCoMo/2.0 N905i(c100;TB;W24H16) (compatible; Googlebot-Mobile/2.1; +http://www.google.com/bot.html)"
66.249.78.83 - - [13/Nov/2014:10:42:18 +0100] "GET /spektrum.html HTTP/1.1" 304 - "-" "Mozilla/5.0 (compatible; Googlebot/2.1; +http://www.google.com/bot.html)"
66.249.78.76 - - [13/Nov/2014:11:25:07 +0100] "GET /impressum.html HTTP/1.1" 304 - "-" "Mozilla/5.0 (compatible; Googlebot/2.1; +http://www.google.com/bot.html)"
66.249.64.28 - - [13/Nov/2014:12:04:25 +0100] "GET /referenz.html HTTP/1.1" 304 - "-" "Mozilla/5.0 (compatible; Googlebot/2.1; +http://www.google.com/bot.html)"
66.249.78.83 - - [13/Nov/2014:13:20:23 +0100] "GET /uns.html HTTP/1.1" 304 - "-" "Mozilla/5.0 (compatible; Googlebot/2.1; +http://www.google.com/bot.html)"
80.153.101.65 - - [13/Nov/2014:14:16:43 +0100] "GET /index.html HTTP/1.1" 200 4688 "-" "Mozilla/5.0 (compatible; WeViKaBot/1.0; +http://www.wevika.de/)"
195.243.154.74 - - [13/Nov/2014:16:37:30 +0100] "GET /kontakt.html HTTP/1.1" 200 4451 "http://www.google.de/url?sa=t&rct=j&q=&esrc=s&source=web&cd=2&sqi=2&ved=0CCgQjBAwAQ&url=http%3A%2F%2Fwww.mbingenieure.de%2Fkontakt.html&ei=_c9kVIzDB8H9ygOR2IHgDQ&usg=AFQjCNG64ZP__-Dmm2mwFu9UfbX6mPE5Rg&bvm=bv.79189006,d.ZWU" "Mozilla/5.0 (Windows NT 6.1; WOW64; Trident/7.0; rv:11.0) like Gecko"
195.243.154.74 - - [13/Nov/2014:16:37:30 +0100] "GET /css/style.css HTTP/1.1" 200 2831 "http://www.mbingenieure.de/kontakt.html" "Mozilla/5.0 (Windows NT 6.1; WOW64; Trident/7.0; rv:11.0) like Gecko"
195.243.154.74 - - [13/Nov/2014:16:37:30 +0100] "GET /js/libs/modernizr-2.5.3.min.js HTTP/1.1" 200 15274 "http://www.mbingenieure.de/kontakt.html" "Mozilla/5.0 (Windows NT 6.1; WOW64; Trident/7.0; rv:11.0) like Gecko"
195.243.154.74 - - [13/Nov/2014:16:37:30 +0100] "GET /js/plugins.js HTTP/1.1" 200 898 "http://www.mbingenieure.de/kontakt.html" "Mozilla/5.0 (Windows NT 6.1; WOW64; Trident/7.0; rv:11.0) like Gecko"
195.243.154.74 - - [13/Nov/2014:16:37:30 +0100] "GET /images/footer.png HTTP/1.1" 200 1064 "http://www.mbingenieure.de/kontakt.html" "Mozilla/5.0 (Windows NT 6.1; WOW64; Trident/7.0; rv:11.0) like Gecko"
195.243.154.74 - - [13/Nov/2014:16:37:31 +0100] "GET /images/header.png HTTP/1.1" 200 1494 "http://www.mbingenieure.de/kontakt.html" "Mozilla/5.0 (Windows NT 6.1; WOW64; Trident/7.0; rv:11.0) like Gecko"
195.243.154.74 - - [13/Nov/2014:16:37:31 +0100] "GET /images/navi.png HTTP/1.1" 200 946 "http://www.mbingenieure.de/kontakt.html" "Mozilla/5.0 (Windows NT 6.1; WOW64; Trident/7.0; rv:11.0) like Gecko"
195.243.154.74 - - [13/Nov/2014:16:37:32 +0100] "GET /favicon.ico HTTP/1.1" 200 93062 "-" "Mozilla/5.0 (Windows NT 6.1; WOW64; Trident/7.0; rv:11.0) like Gecko"
217.151.51.35 - - [13/Nov/2014:17:55:37 +0100] "GET / HTTP/1.1" 200 4688 "-" "Mozilla/5.0 (Windows NT 5.1; rv:26.0) Gecko/20100101 Firefox/26.0"
217.151.51.35 - - [13/Nov/2014:17:55:38 +0100] "GET /css/style.css HTTP/1.1" 200 2831 "http://www.mbingenieure.de/" "Mozilla/5.0 (Windows NT 5.1; rv:26.0) Gecko/20100101 Firefox/26.0"
217.151.51.35 - - [13/Nov/2014:17:55:38 +0100] "GET /js/libs/modernizr-2.5.3.min.js HTTP/1.1" 200 15274 "http://www.mbingenieure.de/" "Mozilla/5.0 (Windows NT 5.1; rv:26.0) Gecko/20100101 Firefox/26.0"
217.151.51.35 - - [13/Nov/2014:17:55:38 +0100] "GET /js/plugins.js HTTP/1.1" 200 898 "http://www.mbingenieure.de/" "Mozilla/5.0 (Windows NT 5.1; rv:26.0) Gecko/20100101 Firefox/26.0"
217.151.51.35 - - [13/Nov/2014:17:55:38 +0100] "GET /favicon.ico HTTP/1.1" 200 93062 "-" "Mozilla/5.0 (Windows NT 5.1; rv:26.0) Gecko/20100101 Firefox/26.0"
217.151.51.35 - - [13/Nov/2014:17:55:51 +0100] "GET /kontakt.html HTTP/1.1" 200 4451 "-" "Mozilla/5.0 (Windows NT 5.1; rv:26.0) Gecko/20100101 Firefox/26.0"
217.151.51.35 - - [13/Nov/2014:17:55:58 +0100] "GET /uns.html HTTP/1.1" 200 4398 "-" "Mozilla/5.0 (Windows NT 5.1; rv:26.0) Gecko/20100101 Firefox/26.0"
217.151.51.35 - - [13/Nov/2014:17:56:05 +0100] "GET /impressum.html HTTP/1.1" 200 5721 "-" "Mozilla/5.0 (Windows NT 5.1; rv:26.0) Gecko/20100101 Firefox/26.0"
217.151.51.35 - - [13/Nov/2014:17:56:12 +0100] "GET /referenz.html HTTP/1.1" 200 10703 "-" "Mozilla/5.0 (Windows NT 5.1; rv:26.0) Gecko/20100101 Firefox/26.0"
217.151.51.35 - - [13/Nov/2014:17:56:19 +0100] "GET /index.html HTTP/1.1" 200 4688 "-" "Mozilla/5.0 (Windows NT 5.1; rv:26.0) Gecko/20100101 Firefox/26.0"
217.151.51.35 - - [13/Nov/2014:17:56:26 +0100] "GET /spektrum.html HTTP/1.1" 200 4365 "-" "Mozilla/5.0 (Windows NT 5.1; rv:26.0) Gecko/20100101 Firefox/26.0"
217.151.51.35 - - [13/Nov/2014:17:56:33 +0100] "GET /partner.html HTTP/1.1" 200 4401 "-" "Mozilla/5.0 (Windows NT 5.1; rv:26.0) Gecko/20100101 Firefox/26.0"
208.115.111.69 - - [13/Nov/2014:21:36:59 +0100] "GET /robots.txt HTTP/1.1" 404 - "-" "Mozilla/5.0 (compatible; DotBot/1.1; http://www.opensiteexplorer.org/dotbot, help@moz.com)"
66.249.78.76 - - [13/Nov/2014:22:53:17 +0100] "GET /robots.txt HTTP/1.1" 404 - "-" "Mozilla/5.0 (compatible; Googlebot/2.1; +http://www.google.com/bot.html)"
66.249.78.76 - - [13/Nov/2014:22:53:17 +0100] "GET / HTTP/1.1" 304 - "-" "Mozilla/5.0 (compatible; Googlebot/2.1; +http://www.google.com/bot.html)"
208.115.111.69 - - [13/Nov/2014:23:17:21 +0100] "GET /impressum.html HTTP/1.1" 200 5721 "-" "Mozilla/5.0 (compatible; DotBot/1.1; http://www.opensiteexplorer.org/dotbot, help@moz.com)"
141.8.147.12 - - [13/Nov/2014:23:47:32 +0100] "GET /robots.txt HTTP/1.1" 404 - "-" "Mozilla/5.0 (compatible; YandexBot/3.0; +http://yandex.com/bots)"
66.249.78.90 - - [14/Nov/2014:02:17:48 +0100] "GET /projekte.html HTTP/1.1" 304 - "-" "Mozilla/5.0 (compatible; Googlebot/2.1; +http://www.google.com/bot.html)"
141.8.147.12 - - [14/Nov/2014:05:15:07 +0100] "GET / HTTP/1.1" 200 4688 "-" "Mozilla/5.0 (compatible; YandexBot/3.0; +http://yandex.com/bots)"
66.249.78.90 - - [14/Nov/2014:06:17:59 +0100] "GET / HTTP/1.1" 304 - "-" "Mozilla/5.0 (compatible; Googlebot/2.1; +http://www.google.com/bot.html)"
66.249.64.24 - - [14/Nov/2014:06:18:22 +0100] "GET /partner.html HTTP/1.1" 304 - "-" "Mozilla/5.0 (compatible; Googlebot/2.1; +http://www.google.com/bot.html)"
66.249.78.90 - - [14/Nov/2014:09:05:22 +0100] "GET /projekte.html HTTP/1.1" 304 - "-" "Mozilla/5.0 (compatible; Googlebot/2.1; +http://www.google.com/bot.html)"
66.249.78.83 - - [14/Nov/2014:09:26:47 +0100] "GET /uns.html HTTP/1.1" 304 - "-" "Mozilla/5.0 (compatible; Googlebot/2.1; +http://www.google.com/bot.html)"
66.249.78.83 - - [14/Nov/2014:09:38:49 +0100] "GET / HTTP/1.1" 200 4688 "-" "Mozilla/5.0 (iPhone; CPU iPhone OS 6_0 like Mac OS X) AppleWebKit/536.26 (KHTML, like Gecko) Version/6.0 Mobile/10A5376e Safari/8536.25 (compatible; Googlebot/2.1; +http://www.google.com/bot.html)"
207.46.13.111 - - [14/Nov/2014:10:22:51 +0100] "GET /robots.txt HTTP/1.1" 404 - "-" "Mozilla/5.0 (compatible; bingbot/2.0; +http://www.bing.com/bingbot.htm)"
207.46.13.111 - - [14/Nov/2014:10:23:46 +0100] "GET / HTTP/1.1" 304 - "-" "Mozilla/5.0 (compatible; bingbot/2.0; +http://www.bing.com/bingbot.htm)"
207.46.13.111 - - [14/Nov/2014:11:21:43 +0100] "GET / HTTP/1.1" 200 4688 "-" "Mozilla/5.0 (compatible; bingbot/2.0; +http://www.bing.com/bingbot.htm)"
199.30.25.179 - - [14/Nov/2014:11:21:45 +0100] "GET /css/style.css HTTP/1.1" 200 2831 "http://www.mbingenieure.de/" "Mozilla/5.0 (Windows NT 6.1; WOW64) AppleWebKit/534+ (KHTML, like Gecko) BingPreview/1.0b"
199.30.25.179 - - [14/Nov/2014:11:21:45 +0100] "GET /js/libs/modernizr-2.5.3.min.js HTTP/1.1" 200 15274 "http://www.mbingenieure.de/" "Mozilla/5.0 (Windows NT 6.1; WOW64) AppleWebKit/534+ (KHTML, like Gecko) BingPreview/1.0b"
199.30.25.179 - - [14/Nov/2014:11:21:45 +0100] "GET /images/footer.png HTTP/1.1" 200 1064 "http://www.mbingenieure.de/" "Mozilla/5.0 (Windows NT 6.1; WOW64) AppleWebKit/534+ (KHTML, like Gecko) BingPreview/1.0b"
199.30.25.179 - - [14/Nov/2014:11:21:46 +0100] "GET /images/header.png HTTP/1.1" 200 1494 "http://www.mbingenieure.de/" "Mozilla/5.0 (Windows NT 6.1; WOW64) AppleWebKit/534+ (KHTML, like Gecko) BingPreview/1.0b"
199.30.25.179 - - [14/Nov/2014:11:21:46 +0100] "GET /images/logo.png HTTP/1.1" 200 16467 "http://www.mbingenieure.de/" "Mozilla/5.0 (Windows NT 6.1; WOW64) AppleWebKit/534+ (KHTML, like Gecko) BingPreview/1.0b"
199.30.25.179 - - [14/Nov/2014:11:21:46 +0100] "GET /js/plugins.js HTTP/1.1" 200 898 "http://www.mbingenieure.de/" "Mozilla/5.0 (Windows NT 6.1; WOW64) AppleWebKit/534+ (KHTML, like Gecko) BingPreview/1.0b"
199.30.25.179 - - [14/Nov/2014:11:21:46 +0100] "GET /images/bild4.png HTTP/1.1" 200 65856 "http://www.mbingenieure.de/" "Mozilla/5.0 (Windows NT 6.1; WOW64) AppleWebKit/534+ (KHTML, like Gecko) BingPreview/1.0b"
199.30.25.179 - - [14/Nov/2014:11:21:46 +0100] "GET /images/navi.png HTTP/1.1" 200 946 "http://www.mbingenieure.de/" "Mozilla/5.0 (Windows NT 6.1; WOW64) AppleWebKit/534+ (KHTML, like Gecko) BingPreview/1.0b"
199.30.25.179 - - [14/Nov/2014:11:21:46 +0100] "GET /images/bild1.png HTTP/1.1" 200 16301 "http://www.mbingenieure.de/" "Mozilla/5.0 (Windows NT 6.1; WOW64) AppleWebKit/534+ (KHTML, like Gecko) BingPreview/1.0b"
199.30.25.179 - - [14/Nov/2014:11:21:46 +0100] "GET /images/bild2.png HTTP/1.1" 200 68475 "http://www.mbingenieure.de/" "Mozilla/5.0 (Windows NT 6.1; WOW64) AppleWebKit/534+ (KHTML, like Gecko) BingPreview/1.0b"
157.55.39.227 - - [14/Nov/2014:11:36:29 +0100] "GET /robots.txt HTTP/1.1" 404 - "-" "Mozilla/5.0 (compatible; bingbot/2.0; +http://www.bing.com/bingbot.htm)"
157.55.39.227 - - [14/Nov/2014:11:36:30 +0100] "GET /robots.txt HTTP/1.1" 404 - "-" "Mozilla/5.0 (compatible; bingbot/2.0; +http://www.bing.com/bingbot.htm)"
157.55.39.227 - - [14/Nov/2014:11:36:30 +0100] "GET /robots.txt HTTP/1.1" 404 - "-" "Mozilla/5.0 (compatible; bingbot/2.0; +http://www.bing.com/bingbot.htm)"
66.249.78.90 - - [14/Nov/2014:12:21:20 +0100] "GET /robots.txt HTTP/1.1" 404 - "-" "Mozilla/5.0 (compatible; Googlebot/2.1; +http://www.google.com/bot.html)"
66.249.78.76 - - [14/Nov/2014:12:21:21 +0100] "GET /impressum.html HTTP/1.1" 304 - "-" "Mozilla/5.0 (compatible; Googlebot/2.1; +http://www.google.com/bot.html)"
64.246.165.200 - - [14/Nov/2014:13:47:36 +0100] "GET /robots.txt HTTP/1.0" 404 - "-" "Mozilla/5.0 (Windows; U; Windows NT 5.1; en; rv:1.9.0.13) Gecko/2009073022 Firefox/3.5.2 (.NET CLR 3.5.30729) SurveyBot/2.3 (DomainTools)"
64.246.165.200 - - [14/Nov/2014:13:47:36 +0100] "GET / HTTP/1.1" 200 4688 "http://whois.domaintools.com/mbingenieure.de" "Mozilla/5.0 (Windows; U; Windows NT 5.1; en; rv:1.9.0.13) Gecko/2009073022 Firefox/3.5.2 (.NET CLR 3.5.30729) SurveyBot/2.3 (DomainTools)"
66.249.78.90 - - [14/Nov/2014:13:52:16 +0100] "GET / HTTP/1.1" 200 4688 "-" "SAMSUNG-SGH-E250/1.0 Profile/MIDP-2.0 Configuration/CLDC-1.1 UP.Browser/6.2.3.3.c.1.101 (GUI) MMP/2.0 (compatible; Googlebot-Mobile/2.1; +http://www.google.com/bot.html)"
66.249.78.90 - - [14/Nov/2014:19:34:44 +0100] "GET /impressum.html HTTP/1.1" 304 - "-" "Mozilla/5.0 (compatible; Googlebot/2.1; +http://www.google.com/bot.html)"
141.8.147.12 - - [15/Nov/2014:03:05:58 +0100] "GET /robots.txt HTTP/1.1" 404 - "-" "Mozilla/5.0 (compatible; YandexBot/3.0; +http://yandex.com/bots)"
93.186.202.241 - - [15/Nov/2014:04:58:43 +0100] "GET / HTTP/1.1" 200 4688 "-" "Mozilla/5.0 (Windows; U; Windows NT 6.1; WOW64; en-US; rv:2.0.4) Gecko/20120718 AskTbAVR-IDW/3.12.5.17700 Firefox/14.0.1"
93.186.202.241 - - [15/Nov/2014:04:58:43 +0100] "GET /uns.html HTTP/1.1" 200 4398 "-" "Mozilla/5.0 (Windows NT 5.1; rv:21.0) Gecko/20130401 Firefox/21.0"
93.186.202.241 - - [15/Nov/2014:04:58:45 +0100] "GET /spektrum.html HTTP/1.1" 200 4365 "-" "Mozilla/5.0 (Macintosh; Intel Mac OS X 1084) AppleWebKit/536.29.13 (KHTML like Gecko) Version/6.0.4 Safari/536.29.13"
93.186.202.241 - - [15/Nov/2014:04:58:46 +0100] "GET /impressum.html HTTP/1.1" 200 5721 "-" "Mozilla/5.0 (Macintosh; Intel Mac OS X 10_7_5) AppleWebKit/537.31 (KHTML, like Gecko) Chrome/26.0.1410.65 Safari/537.31"
93.186.202.241 - - [15/Nov/2014:04:58:46 +0100] "GET /kontakt.html HTTP/1.1" 200 4451 "-" "Mozilla/5.0 (Windows NT 6.1; rv:12.0) Gecko/ 20120405 Firefox/14.0.1"
66.249.78.76 - - [15/Nov/2014:08:20:01 +0100] "GET /robots.txt HTTP/1.1" 404 - "-" "Mozilla/5.0 (compatible; Googlebot/2.1; +http://www.google.com/bot.html)"
66.249.78.90 - - [15/Nov/2014:08:20:01 +0100] "GET / HTTP/1.1" 304 - "-" "Mozilla/5.0 (compatible; Googlebot/2.1; +http://www.google.com/bot.html)"
66.249.78.83 - - [15/Nov/2014:10:52:40 +0100] "GET /impressum.html HTTP/1.1" 304 - "-" "Mozilla/5.0 (compatible; Googlebot/2.1; +http://www.google.com/bot.html)"
141.8.147.12 - - [15/Nov/2014:12:03:06 +0100] "GET / HTTP/1.1" 200 4688 "-" "Mozilla/5.0 (compatible; YandexBot/3.0; +http://yandex.com/bots)"
66.249.78.83 - - [15/Nov/2014:12:09:55 +0100] "GET /referenz.html HTTP/1.1" 304 - "-" "Mozilla/5.0 (compatible; Googlebot/2.1; +http://www.google.com/bot.html)"
66.249.78.83 - - [15/Nov/2014:13:22:33 +0100] "GET /spektrum.html HTTP/1.1" 304 - "-" "Mozilla/5.0 (compatible; Googlebot/2.1; +http://www.google.com/bot.html)"
66.249.78.83 - - [15/Nov/2014:14:34:57 +0100] "GET / HTTP/1.1" 304 - "-" "Mozilla/5.0 (compatible; Googlebot/2.1; +http://www.google.com/bot.html)"
93.232.81.47 - - [15/Nov/2014:15:04:17 +0100] "GET / HTTP/1.1" 200 4688 "https://www.google.de/" "Mozilla/5.0 (X11; Linux x86_64) AppleWebKit/537.36 (KHTML, like Gecko) Chrome/38.0.2125.122 Safari/537.36"
93.232.81.47 - - [15/Nov/2014:15:04:17 +0100] "GET /css/style.css HTTP/1.1" 200 2831 "http://www.mbingenieure.de/" "Mozilla/5.0 (X11; Linux x86_64) AppleWebKit/537.36 (KHTML, like Gecko) Chrome/38.0.2125.122 Safari/537.36"
93.232.81.47 - - [15/Nov/2014:15:04:17 +0100] "GET /js/libs/modernizr-2.5.3.min.js HTTP/1.1" 200 15274 "http://www.mbingenieure.de/" "Mozilla/5.0 (X11; Linux x86_64) AppleWebKit/537.36 (KHTML, like Gecko) Chrome/38.0.2125.122 Safari/537.36"
93.232.81.47 - - [15/Nov/2014:15:04:17 +0100] "GET /images/logo.png HTTP/1.1" 200 16467 "http://www.mbingenieure.de/" "Mozilla/5.0 (X11; Linux x86_64) AppleWebKit/537.36 (KHTML, like Gecko) Chrome/38.0.2125.122 Safari/537.36"
93.232.81.47 - - [15/Nov/2014:15:04:17 +0100] "GET /images/bild1.png HTTP/1.1" 200 16301 "http://www.mbingenieure.de/" "Mozilla/5.0 (X11; Linux x86_64) AppleWebKit/537.36 (KHTML, like Gecko) Chrome/38.0.2125.122 Safari/537.36"
93.232.81.47 - - [15/Nov/2014:15:04:17 +0100] "GET /js/plugins.js HTTP/1.1" 200 898 "http://www.mbingenieure.de/" "Mozilla/5.0 (X11; Linux x86_64) AppleWebKit/537.36 (KHTML, like Gecko) Chrome/38.0.2125.122 Safari/537.36"
93.232.81.47 - - [15/Nov/2014:15:04:17 +0100] "GET /images/footer.png HTTP/1.1" 200 1064 "http://www.mbingenieure.de/css/style.css" "Mozilla/5.0 (X11; Linux x86_64) AppleWebKit/537.36 (KHTML, like Gecko) Chrome/38.0.2125.122 Safari/537.36"
93.232.81.47 - - [15/Nov/2014:15:04:17 +0100] "GET /images/header.png HTTP/1.1" 200 1494 "http://www.mbingenieure.de/css/style.css" "Mozilla/5.0 (X11; Linux x86_64) AppleWebKit/537.36 (KHTML, like Gecko) Chrome/38.0.2125.122 Safari/537.36"
93.232.81.47 - - [15/Nov/2014:15:04:17 +0100] "GET /images/bild2.png HTTP/1.1" 200 68475 "http://www.mbingenieure.de/" "Mozilla/5.0 (X11; Linux x86_64) AppleWebKit/537.36 (KHTML, like Gecko) Chrome/38.0.2125.122 Safari/537.36"
93.232.81.47 - - [15/Nov/2014:15:04:17 +0100] "GET /images/bild4.png HTTP/1.1" 200 65856 "http://www.mbingenieure.de/" "Mozilla/5.0 (X11; Linux x86_64) AppleWebKit/537.36 (KHTML, like Gecko) Chrome/38.0.2125.122 Safari/537.36"
93.232.81.47 - - [15/Nov/2014:15:04:17 +0100] "GET /images/navi.png HTTP/1.1" 200 946 "http://www.mbingenieure.de/css/style.css" "Mozilla/5.0 (X11; Linux x86_64) AppleWebKit/537.36 (KHTML, like Gecko) Chrome/38.0.2125.122 Safari/537.36"
93.232.81.47 - - [15/Nov/2014:15:04:17 +0100] "GET /favicon.ico HTTP/1.1" 200 93062 "-" "Mozilla/5.0 (X11; Linux x86_64) AppleWebKit/537.36 (KHTML, like Gecko) Chrome/38.0.2125.122 Safari/537.36"
66.249.78.76 - - [15/Nov/2014:15:55:58 +0100] "GET /projekte.html HTTP/1.1" 304 - "-" "Mozilla/5.0 (compatible; Googlebot/2.1; +http://www.google.com/bot.html)"
66.249.64.24 - - [15/Nov/2014:16:01:59 +0100] "GET /kontakt.html HTTP/1.1" 200 4451 "-" "DoCoMo/2.0 N905i(c100;TB;W24H16) (compatible; Googlebot-Mobile/2.1; +http://www.google.com/bot.html)"
66.249.78.76 - - [15/Nov/2014:16:46:59 +0100] "GET /impressum.html HTTP/1.1" 304 - "-" "Mozilla/5.0 (compatible; Googlebot/2.1; +http://www.google.com/bot.html)"
66.249.78.83 - - [15/Nov/2014:19:12:32 +0100] "GET /referenz.html HTTP/1.1" 304 - "-" "Mozilla/5.0 (compatible; Googlebot/2.1; +http://www.google.com/bot.html)"
80.153.101.65 - - [16/Nov/2014:00:17:08 +0100] "GET /uns.html HTTP/1.1" 200 4398 "-" "Mozilla/5.0 (compatible; WeViKaBot/1.0; +http://www.wevika.de/)"
72.46.136.178 - - [16/Nov/2014:03:39:03 +0100] "GET / HTTP/1.1" 200 4688 "-" "Mozilla/4.0 (compatible; MSIE 6.0; Windows NT 5.1; SV1; Mozilla/4.0 (compatible; MSIE 6.0; Windows NT 5.1; SV1) ; .NET CLR 2.0.50727 ; .NET CLR 4.0.30319)"
157.55.39.22 - - [16/Nov/2014:05:40:46 +0100] "GET /robots.txt HTTP/1.1" 404 - "-" "Mozilla/5.0 (compatible; bingbot/2.0; +http://www.bing.com/bingbot.htm)"
157.55.39.19 - - [16/Nov/2014:05:40:49 +0100] "GET /index.html HTTP/1.1" 200 4688 "-" "Mozilla/5.0 (compatible; bingbot/2.0; +http://www.bing.com/bingbot.htm)"
157.55.39.19 - - [16/Nov/2014:05:40:50 +0100] "GET /uns.html HTTP/1.1" 200 4398 "-" "Mozilla/5.0 (compatible; bingbot/2.0; +http://www.bing.com/bingbot.htm)"
157.55.39.19 - - [16/Nov/2014:05:40:50 +0100] "GET /referenz.html HTTP/1.1" 200 10703 "-" "Mozilla/5.0 (compatible; bingbot/2.0; +http://www.bing.com/bingbot.htm)"
157.55.39.19 - - [16/Nov/2014:05:40:51 +0100] "GET /impressum.html HTTP/1.1" 200 5721 "-" "Mozilla/5.0 (compatible; bingbot/2.0; +http://www.bing.com/bingbot.htm)"
188.165.15.240 - - [16/Nov/2014:08:06:05 +0100] "GET /projekte.html HTTP/1.1" 200 7938 "-" "Mozilla/5.0 (compatible; AhrefsBot/5.0; +http://ahrefs.com/robot/)"
141.8.147.12 - - [16/Nov/2014:09:06:25 +0100] "GET /robots.txt HTTP/1.1" 404 - "-" "Mozilla/5.0 (compatible; YandexBot/3.0; +http://yandex.com/bots)"
66.249.78.90 - - [16/Nov/2014:10:48:45 +0100] "GET /robots.txt HTTP/1.1" 404 - "-" "Mozilla/5.0 (compatible; Googlebot/2.1; +http://www.google.com/bot.html)"
66.249.78.76 - - [16/Nov/2014:10:48:45 +0100] "GET /referenz.html HTTP/1.1" 200 10703 "-" "SAMSUNG-SGH-E250/1.0 Profile/MIDP-2.0 Configuration/CLDC-1.1 UP.Browser/6.2.3.3.c.1.101 (GUI) MMP/2.0 (compatible; Googlebot-Mobile/2.1; +http://www.google.com/bot.html)"
66.249.64.28 - - [16/Nov/2014:12:11:39 +0100] "GET /referenz.html HTTP/1.1" 200 10703 "-" "DoCoMo/2.0 N905i(c100;TB;W24H16) (compatible; Googlebot-Mobile/2.1; +http://www.google.com/bot.html)"
144.76.167.214 - - [16/Nov/2014:13:35:28 +0100] "GET /robots.txt HTTP/1.1" 404 - "-" "Mozilla/5.0 (compatible; SISTRIX Crawler; http://crawler.sistrix.net/)"
144.76.167.214 - - [16/Nov/2014:13:35:29 +0100] "GET / HTTP/1.1" 206 4688 "-" "Mozilla/5.0 (compatible; SISTRIX Crawler; http://crawler.sistrix.net/)"
66.249.78.76 - - [16/Nov/2014:14:37:56 +0100] "GET / HTTP/1.1" 200 4688 "-" "Mozilla/5.0 (iPhone; CPU iPhone OS 6_0 like Mac OS X) AppleWebKit/536.26 (KHTML, like Gecko) Version/6.0 Mobile/10A5376e Safari/8536.25 (compatible; Googlebot/2.1; +http://www.google.com/bot.html)"
217.151.51.35 - - [16/Nov/2014:15:14:21 +0100] "GET / HTTP/1.1" 200 4688 "-" "Mozilla/5.0 (Windows NT 5.1; rv:26.0) Gecko/20100101 Firefox/26.0"
217.151.51.35 - - [16/Nov/2014:15:14:21 +0100] "GET /css/style.css HTTP/1.1" 200 2831 "http://www.mbingenieure.de/" "Mozilla/5.0 (Windows NT 5.1; rv:26.0) Gecko/20100101 Firefox/26.0"
217.151.51.35 - - [16/Nov/2014:15:14:22 +0100] "GET /js/libs/modernizr-2.5.3.min.js HTTP/1.1" 200 15274 "http://www.mbingenieure.de/" "Mozilla/5.0 (Windows NT 5.1; rv:26.0) Gecko/20100101 Firefox/26.0"
217.151.51.35 - - [16/Nov/2014:15:14:22 +0100] "GET /js/plugins.js HTTP/1.1" 200 898 "http://www.mbingenieure.de/" "Mozilla/5.0 (Windows NT 5.1; rv:26.0) Gecko/20100101 Firefox/26.0"
217.151.51.35 - - [16/Nov/2014:15:14:22 +0100] "GET /favicon.ico HTTP/1.1" 200 93062 "-" "Mozilla/5.0 (Windows NT 5.1; rv:26.0) Gecko/20100101 Firefox/26.0"
217.151.51.35 - - [16/Nov/2014:15:14:33 +0100] "GET /index.html HTTP/1.1" 200 4688 "-" "Mozilla/5.0 (Windows NT 5.1; rv:26.0) Gecko/20100101 Firefox/26.0"
217.151.51.35 - - [16/Nov/2014:15:14:40 +0100] "GET /referenz.html HTTP/1.1" 200 10703 "-" "Mozilla/5.0 (Windows NT 5.1; rv:26.0) Gecko/20100101 Firefox/26.0"
217.151.51.35 - - [16/Nov/2014:15:14:47 +0100] "GET /partner.html HTTP/1.1" 200 4401 "-" "Mozilla/5.0 (Windows NT 5.1; rv:26.0) Gecko/20100101 Firefox/26.0"
217.151.51.35 - - [16/Nov/2014:15:14:55 +0100] "GET /kontakt.html HTTP/1.1" 200 4451 "-" "Mozilla/5.0 (Windows NT 5.1; rv:26.0) Gecko/20100101 Firefox/26.0"
217.151.51.35 - - [16/Nov/2014:15:15:02 +0100] "GET /impressum.html HTTP/1.1" 200 5721 "-" "Mozilla/5.0 (Windows NT 5.1; rv:26.0) Gecko/20100101 Firefox/26.0"
217.151.51.35 - - [16/Nov/2014:15:15:08 +0100] "GET /spektrum.html HTTP/1.1" 200 4365 "-" "Mozilla/5.0 (Windows NT 5.1; rv:26.0) Gecko/20100101 Firefox/26.0"
217.151.51.35 - - [16/Nov/2014:15:15:15 +0100] "GET /uns.html HTTP/1.1" 200 4398 "-" "Mozilla/5.0 (Windows NT 5.1; rv:26.0) Gecko/20100101 Firefox/26.0"
141.8.147.12 - - [16/Nov/2014:15:43:08 +0100] "GET / HTTP/1.1" 200 4688 "-" "Mozilla/5.0 (compatible; YandexBot/3.0; +http://yandex.com/bots)"
66.249.78.83 - - [16/Nov/2014:16:15:15 +0100] "GET /css/style.css HTTP/1.1" 200 2831 "-" "Mozilla/5.0 (compatible; Googlebot/2.1; +http://www.google.com/bot.html)"
188.165.15.117 - - [16/Nov/2014:18:25:48 +0100] "GET /robots.txt HTTP/1.1" 404 - "-" "Mozilla/5.0 (compatible; AhrefsBot/5.0; +http://ahrefs.com/robot/)"
141.8.147.12 - - [16/Nov/2014:19:23:22 +0100] "GET /images/0541a.png HTTP/1.1" 304 - "-" "Mozilla/5.0 (compatible; YandexBot/3.0; +http://yandex.com/bots)"
188.165.15.206 - - [16/Nov/2014:21:48:22 +0100] "GET /partner.html HTTP/1.1" 200 4401 "-" "Mozilla/5.0 (compatible; AhrefsBot/5.0; +http://ahrefs.com/robot/)"
95.88.91.114 - - [16/Nov/2014:21:57:11 +0100] "GET /referenz.html HTTP/1.1" 200 10703 "https://www.google.de/" "Mozilla/5.0 (Windows NT 6.3; WOW64) AppleWebKit/537.36 (KHTML, like Gecko) Chrome/38.0.2125.111 Safari/537.36"
95.88.91.114 - - [16/Nov/2014:21:57:11 +0100] "GET /css/style.css HTTP/1.1" 200 2831 "http://www.mbingenieure.de/referenz.html" "Mozilla/5.0 (Windows NT 6.3; WOW64) AppleWebKit/537.36 (KHTML, like Gecko) Chrome/38.0.2125.111 Safari/537.36"
95.88.91.114 - - [16/Nov/2014:21:57:11 +0100] "GET /js/libs/modernizr-2.5.3.min.js HTTP/1.1" 200 15274 "http://www.mbingenieure.de/referenz.html" "Mozilla/5.0 (Windows NT 6.3; WOW64) AppleWebKit/537.36 (KHTML, like Gecko) Chrome/38.0.2125.111 Safari/537.36"
95.88.91.114 - - [16/Nov/2014:21:57:11 +0100] "GET /js/plugins.js HTTP/1.1" 200 898 "http://www.mbingenieure.de/referenz.html" "Mozilla/5.0 (Windows NT 6.3; WOW64) AppleWebKit/537.36 (KHTML, like Gecko) Chrome/38.0.2125.111 Safari/537.36"
95.88.91.114 - - [16/Nov/2014:21:57:11 +0100] "GET /images/footer.png HTTP/1.1" 200 1064 "http://www.mbingenieure.de/css/style.css" "Mozilla/5.0 (Windows NT 6.3; WOW64) AppleWebKit/537.36 (KHTML, like Gecko) Chrome/38.0.2125.111 Safari/537.36"
95.88.91.114 - - [16/Nov/2014:21:57:11 +0100] "GET /images/header.png HTTP/1.1" 200 1494 "http://www.mbingenieure.de/css/style.css" "Mozilla/5.0 (Windows NT 6.3; WOW64) AppleWebKit/537.36 (KHTML, like Gecko) Chrome/38.0.2125.111 Safari/537.36"
95.88.91.114 - - [16/Nov/2014:21:57:11 +0100] "GET /images/navi.png HTTP/1.1" 200 946 "http://www.mbingenieure.de/css/style.css" "Mozilla/5.0 (Windows NT 6.3; WOW64) AppleWebKit/537.36 (KHTML, like Gecko) Chrome/38.0.2125.111 Safari/537.36"
95.88.91.114 - - [16/Nov/2014:21:57:11 +0100] "GET /favicon.ico HTTP/1.1" 200 93062 "-" "Mozilla/5.0 (Windows NT 6.3; WOW64) AppleWebKit/537.36 (KHTML, like Gecko) Chrome/38.0.2125.111 Safari/537.36"
176.31.126.56 - - [16/Nov/2014:22:57:35 +0100] "GET /robots.txt HTTP/1.1" 404 - "-" "Mozilla/5.0 (compatible; fr-crawler/1.1)"
176.31.126.56 - - [16/Nov/2014:22:57:37 +0100] "GET / HTTP/1.1" 206 4688 "-" "Mozilla/5.0 (compatible; fr-crawler/1.1)"
144.76.163.48 - - [17/Nov/2014:11:28:30 +0100] "GET /kontakt.html HTTP/1.1" 200 4451 "-" "Mozilla/5.0 (compatible; MSIE 10.0; Windows NT 6.1; Trident/5.0)"
144.76.185.173 - - [17/Nov/2014:11:28:30 +0100] "GET /uns.html HTTP/1.1" 200 4398 "-" "Mozilla/5.0 (Windows NT 6.2; rv:16.0) Gecko/20100101 Firefox/16.0"
144.76.201.69 - - [17/Nov/2014:11:28:30 +0100] "GET / HTTP/1.1" 200 4688 "-" "Mozilla/5.0 (Macintosh; Intel Mac OS X 10_6_8) AppleWebKit/534.59.8 (KHTML, like Gecko) Version/5.1.9 Safari/534.59.8"
144.76.201.69 - - [17/Nov/2014:11:28:30 +0100] "GET /referenz.html HTTP/1.1" 200 10703 "-" "Mozilla/5.0 (compatible; MSIE 10.0; Windows NT 6.1; Trident/5.0)"
148.251.124.42 - - [17/Nov/2014:11:28:30 +0100] "GET /index.html HTTP/1.1" 200 4688 "-" "Mozilla/5.0 (compatible; MSIE 10.0; Windows NT 6.1; Trident/4.0; InfoPath.2; SV1; .NET CLR 2.0.50727; WOW64)"
148.251.69.136 - - [17/Nov/2014:11:28:31 +0100] "GET /impressum.html HTTP/1.1" 200 5721 "-" "Mozilla/5.0 (Windows NT 6.1; WOW64) AppleWebKit/537.36 (KHTML, like Gecko) Chrome/27.0.1453.93 Safari/537.36"
141.8.147.12 - - [17/Nov/2014:12:49:53 +0100] "GET /robots.txt HTTP/1.1" 404 - "-" "Mozilla/5.0 (compatible; YandexBot/3.0; +http://yandex.com/bots)"
141.8.147.12 - - [17/Nov/2014:12:49:55 +0100] "GET /index.html HTTP/1.1" 200 4688 "-" "Mozilla/5.0 (compatible; YandexBot/3.0; +http://yandex.com/bots)"
141.8.147.12 - - [17/Nov/2014:12:49:57 +0100] "GET / HTTP/1.1" 200 4688 "-" "Mozilla/5.0 (compatible; YandexBot/3.0; +http://yandex.com/bots)"
141.8.147.12 - - [17/Nov/2014:12:50:00 +0100] "GET /index.html HTTP/1.1" 200 4688 "-" "Mozilla/5.0 (compatible; YandexBot/3.0; +http://yandex.com/bots)"
141.8.147.12 - - [17/Nov/2014:12:50:02 +0100] "GET / HTTP/1.1" 200 4688 "-" "Mozilla/5.0 (compatible; YandexBot/3.0; +http://yandex.com/bots)"
141.88.235.148 - - [17/Nov/2014:14:50:50 +0100] "GET / HTTP/1.1" 200 4688 "http://www.google.de/url?sa=t&rct=j&q=&esrc=s&frm=1&source=web&cd=1&sqi=2&ved=0CCIQFjAA&url=http%3A%2F%2Fwww.mbingenieure.de%2F&ei=wvxpVLy_IYywPPzdgJAF&usg=AFQjCNEyLqXMZj9hDUfmjIo04GBdDmaXCQ&bvm=bv.79142246,d.ZWU" "Mozilla/5.0 (compatible; MSIE 10.0; Windows NT 6.1; Trident/6.0)"
141.88.235.148 - - [17/Nov/2014:14:50:50 +0100] "GET /css/style.css HTTP/1.1" 200 2831 "http://www.mbingenieure.de/" "Mozilla/5.0 (compatible; MSIE 10.0; Windows NT 6.1; Trident/6.0)"
141.88.235.148 - - [17/Nov/2014:14:50:50 +0100] "GET /js/libs/modernizr-2.5.3.min.js HTTP/1.1" 200 15274 "http://www.mbingenieure.de/" "Mozilla/5.0 (compatible; MSIE 10.0; Windows NT 6.1; Trident/6.0)"
141.88.235.148 - - [17/Nov/2014:14:50:50 +0100] "GET /images/logo.png HTTP/1.1" 200 16467 "http://www.mbingenieure.de/" "Mozilla/5.0 (compatible; MSIE 10.0; Windows NT 6.1; Trident/6.0)"
141.88.235.148 - - [17/Nov/2014:14:50:50 +0100] "GET /images/bild1.png HTTP/1.1" 200 16301 "http://www.mbingenieure.de/" "Mozilla/5.0 (compatible; MSIE 10.0; Windows NT 6.1; Trident/6.0)"
141.88.235.148 - - [17/Nov/2014:14:50:50 +0100] "GET /images/bild4.png HTTP/1.1" 200 65856 "http://www.mbingenieure.de/" "Mozilla/5.0 (compatible; MSIE 10.0; Windows NT 6.1; Trident/6.0)"
141.88.235.148 - - [17/Nov/2014:14:50:50 +0100] "GET /js/plugins.js HTTP/1.1" 200 898 "http://www.mbingenieure.de/" "Mozilla/5.0 (compatible; MSIE 10.0; Windows NT 6.1; Trident/6.0)"
141.88.235.148 - - [17/Nov/2014:14:50:50 +0100] "GET /images/bild2.png HTTP/1.1" 200 68475 "http://www.mbingenieure.de/" "Mozilla/5.0 (compatible; MSIE 10.0; Windows NT 6.1; Trident/6.0)"
141.88.235.148 - - [17/Nov/2014:14:50:50 +0100] "GET /images/footer.png HTTP/1.1" 200 1064 "http://www.mbingenieure.de/" "Mozilla/5.0 (compatible; MSIE 10.0; Windows NT 6.1; Trident/6.0)"
141.88.235.148 - - [17/Nov/2014:14:50:50 +0100] "GET /images/header.png HTTP/1.1" 200 1494 "http://www.mbingenieure.de/" "Mozilla/5.0 (compatible; MSIE 10.0; Windows NT 6.1; Trident/6.0)"
141.88.235.148 - - [17/Nov/2014:14:50:50 +0100] "GET /images/navi.png HTTP/1.1" 200 946 "http://www.mbingenieure.de/" "Mozilla/5.0 (compatible; MSIE 10.0; Windows NT 6.1; Trident/6.0)"
141.88.235.148 - - [17/Nov/2014:14:50:50 +0100] "GET /favicon.ico HTTP/1.1" 200 93062 "-" "Mozilla/5.0 (compatible; MSIE 10.0; Windows NT 6.1; Trident/6.0)"
207.46.13.111 - - [17/Nov/2014:16:32:32 +0100] "GET /partner.html HTTP/1.1" 200 4401 "-" "Mozilla/5.0 (compatible; bingbot/2.0; +http://www.bing.com/bingbot.htm)"
157.55.39.19 - - [17/Nov/2014:16:32:59 +0100] "GET /robots.txt HTTP/1.1" 404 - "-" "Mozilla/5.0 (compatible; bingbot/2.0; +http://www.bing.com/bingbot.htm)"
207.46.13.132 - - [17/Nov/2014:16:33:13 +0100] "GET /css/style.css HTTP/1.1" 200 2831 "-" "Mozilla/5.0 (compatible; bingbot/2.0; +http://www.bing.com/bingbot.htm)"
207.46.13.132 - - [17/Nov/2014:16:33:14 +0100] "GET /js/plugins.js HTTP/1.1" 200 898 "-" "Mozilla/5.0 (compatible; bingbot/2.0; +http://www.bing.com/bingbot.htm)"
207.46.13.111 - - [17/Nov/2014:16:41:09 +0100] "GET /robots.txt HTTP/1.1" 404 - "-" "Mozilla/5.0 (compatible; bingbot/2.0; +http://www.bing.com/bingbot.htm)"
207.46.13.111 - - [17/Nov/2014:18:58:22 +0100] "GET / HTTP/1.1" 304 - "-" "Mozilla/5.0 (compatible; bingbot/2.0; +http://www.bing.com/bingbot.htm)"
81.30.151.220 - - [17/Nov/2014:22:03:52 +0100] "GET /robots.txt HTTP/1.1" 404 - "-" "Mozilla/5.0 (compatible; publiclibraryarchive.org/1.0; +crawl@publiclibraryarchive.org)"
81.30.151.220 - - [17/Nov/2014:22:03:52 +0100] "GET /images/0542a.png HTTP/1.1" 200 15693 "-" "Mozilla/5.0 (compatible; publiclibraryarchive.org/1.0; +crawl@publiclibraryarchive.org)"
207.46.13.111 - - [18/Nov/2014:00:05:02 +0100] "GET /robots.txt HTTP/1.1" 404 - "-" "Mozilla/5.0 (compatible; bingbot/2.0; +http://www.bing.com/bingbot.htm)"
207.46.13.111 - - [18/Nov/2014:00:06:07 +0100] "GET /kontakt.html HTTP/1.1" 200 4451 "-" "Mozilla/5.0 (compatible; bingbot/2.0; +http://www.bing.com/bingbot.htm)"
207.46.13.132 - - [18/Nov/2014:00:09:09 +0100] "GET /images/footer.png HTTP/1.1" 200 1064 "-" "Mozilla/5.0 (compatible; bingbot/2.0; +http://www.bing.com/bingbot.htm)"
207.46.13.132 - - [18/Nov/2014:00:09:09 +0100] "GET /images/header.png HTTP/1.1" 200 1494 "-" "Mozilla/5.0 (compatible; bingbot/2.0; +http://www.bing.com/bingbot.htm)"
141.8.189.109 - - [18/Nov/2014:00:22:45 +0100] "GET /robots.txt HTTP/1.1" 404 - "-" "Mozilla/5.0 (compatible; YandexBot/3.0; +http://yandex.com/bots)"
141.8.189.109 - - [18/Nov/2014:00:22:51 +0100] "GET /images/0541a.png HTTP/1.1" 200 16258 "-" "Mozilla/5.0 (compatible; YandexBot/3.0; +http://yandex.com/bots)"
207.46.13.111 - - [18/Nov/2014:00:52:56 +0100] "GET /js/libs/modernizr-2.5.3.min.js HTTP/1.1" 200 15274 "-" "Mozilla/5.0 (compatible; bingbot/2.0; +http://www.bing.com/bingbot.htm)"
199.30.24.138 - - [18/Nov/2014:01:07:38 +0100] "GET /images/footer.png HTTP/1.1" 200 1064 "http://www.mbingenieure.de/kontakt.html" "Mozilla/5.0 (Windows NT 6.1; WOW64) AppleWebKit/534+ (KHTML, like Gecko) BingPreview/1.0b"
199.30.24.138 - - [18/Nov/2014:01:07:38 +0100] "GET /images/header.png HTTP/1.1" 200 1494 "http://www.mbingenieure.de/kontakt.html" "Mozilla/5.0 (Windows NT 6.1; WOW64) AppleWebKit/534+ (KHTML, like Gecko) BingPreview/1.0b"
199.30.24.138 - - [18/Nov/2014:01:07:38 +0100] "GET /images/navi.png HTTP/1.1" 200 946 "http://www.mbingenieure.de/kontakt.html" "Mozilla/5.0 (Windows NT 6.1; WOW64) AppleWebKit/534+ (KHTML, like Gecko) BingPreview/1.0b"
141.8.147.12 - - [18/Nov/2014:04:32:57 +0100] "GET /robots.txt HTTP/1.1" 404 - "-" "Mozilla/5.0 (compatible; YandexBot/3.0; +http://yandex.com/bots)"
208.115.111.69 - - [18/Nov/2014:05:36:25 +0100] "GET /robots.txt HTTP/1.1" 404 - "-" "Mozilla/5.0 (compatible; DotBot/1.1; http://www.opensiteexplorer.org/dotbot, help@moz.com)"
208.115.111.69 - - [18/Nov/2014:06:00:23 +0100] "GET / HTTP/1.1" 200 4688 "-" "Mozilla/5.0 (compatible; DotBot/1.1; http://www.opensiteexplorer.org/dotbot, help@moz.com)"
66.249.78.76 - - [18/Nov/2014:06:57:11 +0100] "GET /robots.txt HTTP/1.1" 404 - "-" "Mozilla/5.0 (compatible; Googlebot/2.1; +http://www.google.com/bot.html)"
66.249.78.76 - - [18/Nov/2014:06:57:11 +0100] "GET / HTTP/1.1" 200 4688 "-" "Mozilla/5.0 (iPhone; CPU iPhone OS 6_0 like Mac OS X) AppleWebKit/536.26 (KHTML, like Gecko) Version/6.0 Mobile/10A5376e Safari/8536.25 (compatible; Googlebot/2.1; +http://www.google.com/bot.html)"
208.115.111.69 - - [18/Nov/2014:09:39:22 +0100] "GET /robots.txt HTTP/1.1" 404 - "-" "Mozilla/5.0 (compatible; DotBot/1.1; http://www.opensiteexplorer.org/dotbot, help@moz.com)"
208.115.111.69 - - [18/Nov/2014:11:20:07 +0100] "GET /partner.html HTTP/1.1" 200 4401 "-" "Mozilla/5.0 (compatible; DotBot/1.1; http://www.opensiteexplorer.org/dotbot, help@moz.com)"
141.8.147.12 - - [18/Nov/2014:11:31:40 +0100] "GET /images/0541a.png HTTP/1.1" 304 - "-" "Mozilla/5.0 (compatible; YandexBot/3.0; +http://yandex.com/bots)"
192.99.107.226 - - [18/Nov/2014:12:31:04 +0100] "GET /robots.txt HTTP/1.1" 404 - "-" "Mozilla/5.0 (compatible; meanpathbot/1.0; +http://www.meanpath.com/meanpathbot.html)"
192.99.107.226 - - [18/Nov/2014:12:31:04 +0100] "GET / HTTP/1.1" 200 4688 "-" "Mozilla/5.0 (compatible; meanpathbot/1.0; +http://www.meanpath.com/meanpathbot.html)"
178.62.247.171 - - [18/Nov/2014:15:52:46 +0100] "GET / HTTP/1.0" 200 4688 "-" "Mozilla/5.0 (Windows NT 6.1; WOW64; rv:18.0) Gecko/20100101 Firefox/18.0"
162.210.196.98 - - [18/Nov/2014:17:02:43 +0100] "GET /robots.txt HTTP/1.0" 404 - "-" "Mozilla/5.0 (compatible; MJ12bot/v1.4.5; http://www.majestic12.co.uk/bot.php?+)"
162.210.196.98 - - [18/Nov/2014:17:02:45 +0100] "GET / HTTP/1.0" 200 4688 "-" "Mozilla/5.0 (compatible; MJ12bot/v1.4.5; http://www.majestic12.co.uk/bot.php?+)"
198.90.66.177 - - [18/Nov/2014:17:53:14 +0100] "GET / HTTP/1.1" 200 4688 "http://www.google.de/url?sa=t&rct=j&q=&esrc=s&source=web&cd=1&ved=0CCMQFjAA&url=http%3A%2F%2Fwww.mbingenieure.de%2F&ei=bHlrVI3ZJMSfyASC1IGQCw&usg=AFQjCNEyLqXMZj9hDUfmjIo04GBdDmaXCQ&bvm=bv.79908130,d.aWw" "Mozilla/5.0 (Windows NT 6.1; WOW64; rv:33.0) Gecko/20100101 Firefox/33.0"
198.90.66.177 - - [18/Nov/2014:17:53:14 +0100] "GET /css/style.css HTTP/1.1" 200 2831 "http://www.mbingenieure.de/" "Mozilla/5.0 (Windows NT 6.1; WOW64; rv:33.0) Gecko/20100101 Firefox/33.0"
198.90.66.177 - - [18/Nov/2014:17:53:14 +0100] "GET /js/libs/modernizr-2.5.3.min.js HTTP/1.1" 200 15274 "http://www.mbingenieure.de/" "Mozilla/5.0 (Windows NT 6.1; WOW64; rv:33.0) Gecko/20100101 Firefox/33.0"
198.90.66.177 - - [18/Nov/2014:17:53:14 +0100] "GET /js/plugins.js HTTP/1.1" 200 898 "http://www.mbingenieure.de/" "Mozilla/5.0 (Windows NT 6.1; WOW64; rv:33.0) Gecko/20100101 Firefox/33.0"
198.90.66.177 - - [18/Nov/2014:17:53:14 +0100] "GET /images/logo.png HTTP/1.1" 200 16467 "http://www.mbingenieure.de/" "Mozilla/5.0 (Windows NT 6.1; WOW64; rv:33.0) Gecko/20100101 Firefox/33.0"
198.90.66.177 - - [18/Nov/2014:17:53:14 +0100] "GET /images/bild1.png HTTP/1.1" 200 16301 "http://www.mbingenieure.de/" "Mozilla/5.0 (Windows NT 6.1; WOW64; rv:33.0) Gecko/20100101 Firefox/33.0"
198.90.66.177 - - [18/Nov/2014:17:53:14 +0100] "GET /images/bild4.png HTTP/1.1" 200 65856 "http://www.mbingenieure.de/" "Mozilla/5.0 (Windows NT 6.1; WOW64; rv:33.0) Gecko/20100101 Firefox/33.0"
198.90.66.177 - - [18/Nov/2014:17:53:14 +0100] "GET /images/footer.png HTTP/1.1" 200 1064 "http://www.mbingenieure.de/css/style.css" "Mozilla/5.0 (Windows NT 6.1; WOW64; rv:33.0) Gecko/20100101 Firefox/33.0"
198.90.66.177 - - [18/Nov/2014:17:53:14 +0100] "GET /images/header.png HTTP/1.1" 200 1494 "http://www.mbingenieure.de/css/style.css" "Mozilla/5.0 (Windows NT 6.1; WOW64; rv:33.0) Gecko/20100101 Firefox/33.0"
198.90.66.177 - - [18/Nov/2014:17:53:14 +0100] "GET /images/navi.png HTTP/1.1" 200 946 "http://www.mbingenieure.de/css/style.css" "Mozilla/5.0 (Windows NT 6.1; WOW64; rv:33.0) Gecko/20100101 Firefox/33.0"
198.90.66.177 - - [18/Nov/2014:17:53:14 +0100] "GET /images/bild2.png HTTP/1.1" 200 68475 "http://www.mbingenieure.de/" "Mozilla/5.0 (Windows NT 6.1; WOW64; rv:33.0) Gecko/20100101 Firefox/33.0"
198.90.66.177 - - [18/Nov/2014:17:53:15 +0100] "GET /favicon.ico HTTP/1.1" 200 93062 "-" "Mozilla/5.0 (Windows NT 6.1; WOW64; rv:33.0) Gecko/20100101 Firefox/33.0"
198.90.66.177 - - [18/Nov/2014:17:55:21 +0100] "GET /kontakt.html HTTP/1.1" 200 4451 "http://www.mbingenieure.de/" "Mozilla/5.0 (Windows NT 6.1; WOW64; rv:33.0) Gecko/20100101 Firefox/33.0"
198.90.66.177 - - [18/Nov/2014:17:55:48 +0100] "GET /uns.html HTTP/1.1" 200 4398 "http://www.mbingenieure.de/kontakt.html" "Mozilla/5.0 (Windows NT 6.1; WOW64; rv:33.0) Gecko/20100101 Firefox/33.0"
198.90.66.177 - - [18/Nov/2014:17:56:03 +0100] "GET /index.html HTTP/1.1" 200 4688 "http://www.mbingenieure.de/uns.html" "Mozilla/5.0 (Windows NT 6.1; WOW64; rv:33.0) Gecko/20100101 Firefox/33.0"
198.90.66.177 - - [18/Nov/2014:17:56:16 +0100] "GET /partner.html HTTP/1.1" 200 4401 "http://www.mbingenieure.de/index.html" "Mozilla/5.0 (Windows NT 6.1; WOW64; rv:33.0) Gecko/20100101 Firefox/33.0"
72.46.136.178 - - [18/Nov/2014:18:34:25 +0100] "GET / HTTP/1.1" 200 4688 "-" "Mozilla/4.0 (compatible; MSIE 6.0; Windows NT 5.1; SV1; Mozilla/4.0 (compatible; MSIE 6.0; Windows NT 5.1; SV1) ; .NET CLR 2.0.50727 ; .NET CLR 4.0.30319)"
178.255.215.70 - - [18/Nov/2014:18:53:09 +0100] "GET /robots.txt HTTP/1.1" 404 - "-" "Mozilla/5.0 (compatible; Exabot/3.0; +http://www.exabot.com/go/robot)"
178.255.215.70 - - [18/Nov/2014:18:53:10 +0100] "GET / HTTP/1.1" 304 - "-" "Mozilla/5.0 (compatible; Exabot/3.0; +http://www.exabot.com/go/robot)"
80.153.101.65 - - [18/Nov/2014:23:18:51 +0100] "GET /spektrum.html HTTP/1.1" 200 4365 "-" "Mozilla/5.0 (compatible; WeViKaBot/1.0; +http://www.wevika.de/)"
141.8.147.12 - - [18/Nov/2014:23:20:08 +0100] "GET /robots.txt HTTP/1.1" 404 - "-" "Mozilla/5.0 (compatible; YandexBot/3.0; +http://yandex.com/bots)"
141.8.147.12 - - [18/Nov/2014:23:20:10 +0100] "GET / HTTP/1.1" 200 4688 "-" "Mozilla/5.0 (compatible; YandexBot/3.0; +http://yandex.com/bots)"
188.165.15.27 - - [19/Nov/2014:00:31:28 +0100] "GET /uns.html HTTP/1.1" 200 4398 "-" "Mozilla/5.0 (compatible; AhrefsBot/5.0; +http://ahrefs.com/robot/)"
87.123.162.240 - - [19/Nov/2014:00:52:12 +0100] "GET / HTTP/1.1" 200 4688 "http://www.tanzkapelle-krause.de/freunde.html" "Mozilla/5.0 (iPad; CPU OS 5_1_1 like Mac OS X) AppleWebKit/534.46 (KHTML, like Gecko) Version/5.1 Mobile/9B206 Safari/7534.48.3"
87.123.162.240 - - [19/Nov/2014:00:52:12 +0100] "GET /css/style.css HTTP/1.1" 200 2831 "http://www.mbingenieure.de/" "Mozilla/5.0 (iPad; CPU OS 5_1_1 like Mac OS X) AppleWebKit/534.46 (KHTML, like Gecko) Version/5.1 Mobile/9B206 Safari/7534.48.3"
87.123.162.240 - - [19/Nov/2014:00:52:12 +0100] "GET /js/libs/modernizr-2.5.3.min.js HTTP/1.1" 200 15274 "http://www.mbingenieure.de/" "Mozilla/5.0 (iPad; CPU OS 5_1_1 like Mac OS X) AppleWebKit/534.46 (KHTML, like Gecko) Version/5.1 Mobile/9B206 Safari/7534.48.3"
87.123.162.240 - - [19/Nov/2014:00:52:12 +0100] "GET /js/plugins.js HTTP/1.1" 200 898 "http://www.mbingenieure.de/" "Mozilla/5.0 (iPad; CPU OS 5_1_1 like Mac OS X) AppleWebKit/534.46 (KHTML, like Gecko) Version/5.1 Mobile/9B206 Safari/7534.48.3"
87.123.162.240 - - [19/Nov/2014:00:52:12 +0100] "GET /images/logo.png HTTP/1.1" 200 16467 "http://www.mbingenieure.de/" "Mozilla/5.0 (iPad; CPU OS 5_1_1 like Mac OS X) AppleWebKit/534.46 (KHTML, like Gecko) Version/5.1 Mobile/9B206 Safari/7534.48.3"
87.123.162.240 - - [19/Nov/2014:00:52:12 +0100] "GET /images/bild2.png HTTP/1.1" 200 68475 "http://www.mbingenieure.de/" "Mozilla/5.0 (iPad; CPU OS 5_1_1 like Mac OS X) AppleWebKit/534.46 (KHTML, like Gecko) Version/5.1 Mobile/9B206 Safari/7534.48.3"
87.123.162.240 - - [19/Nov/2014:00:52:12 +0100] "GET /images/bild4.png HTTP/1.1" 200 65856 "http://www.mbingenieure.de/" "Mozilla/5.0 (iPad; CPU OS 5_1_1 like Mac OS X) AppleWebKit/534.46 (KHTML, like Gecko) Version/5.1 Mobile/9B206 Safari/7534.48.3"
87.123.162.240 - - [19/Nov/2014:00:52:12 +0100] "GET /images/footer.png HTTP/1.1" 200 1064 "http://www.mbingenieure.de/" "Mozilla/5.0 (iPad; CPU OS 5_1_1 like Mac OS X) AppleWebKit/534.46 (KHTML, like Gecko) Version/5.1 Mobile/9B206 Safari/7534.48.3"
87.123.162.240 - - [19/Nov/2014:00:52:12 +0100] "GET /images/bild1.png HTTP/1.1" 200 16301 "http://www.mbingenieure.de/" "Mozilla/5.0 (iPad; CPU OS 5_1_1 like Mac OS X) AppleWebKit/534.46 (KHTML, like Gecko) Version/5.1 Mobile/9B206 Safari/7534.48.3"
87.123.162.240 - - [19/Nov/2014:00:52:12 +0100] "GET /images/header.png HTTP/1.1" 200 1494 "http://www.mbingenieure.de/" "Mozilla/5.0 (iPad; CPU OS 5_1_1 like Mac OS X) AppleWebKit/534.46 (KHTML, like Gecko) Version/5.1 Mobile/9B206 Safari/7534.48.3"
87.123.162.240 - - [19/Nov/2014:00:52:12 +0100] "GET /images/navi.png HTTP/1.1" 200 946 "http://www.mbingenieure.de/" "Mozilla/5.0 (iPad; CPU OS 5_1_1 like Mac OS X) AppleWebKit/534.46 (KHTML, like Gecko) Version/5.1 Mobile/9B206 Safari/7534.48.3"
