94.218.224.59 - - [11/Oct/2013:13:57:15 +0200] "GET /images/phnvmtt4.gif HTTP/1.1" 200 2685 "http://www.ksbb.de/" "Mozilla/5.0 (Windows NT 6.1; WOW64; rv:24.0; WUID=cca95d0170d41a80b79dfafae85fda2a; WTB=3869) Gecko/20100101 Firefox/24.0"
94.218.224.59 - - [11/Oct/2013:13:57:15 +0200] "GET /images/phnvmtt5.gif HTTP/1.1" 200 2563 "http://www.ksbb.de/" "Mozilla/5.0 (Windows NT 6.1; WOW64; rv:24.0; WUID=cca95d0170d41a80b79dfafae85fda2a; WTB=3869) Gecko/20100101 Firefox/24.0"
94.218.224.59 - - [11/Oct/2013:13:57:15 +0200] "GET /images/phnvmtt6.gif HTTP/1.1" 200 1637 "http://www.ksbb.de/" "Mozilla/5.0 (Windows NT 6.1; WOW64; rv:24.0; WUID=cca95d0170d41a80b79dfafae85fda2a; WTB=3869) Gecko/20100101 Firefox/24.0"
94.218.224.59 - - [11/Oct/2013:13:57:15 +0200] "GET /images/phnvmtt7.gif HTTP/1.1" 200 2552 "http://www.ksbb.de/" "Mozilla/5.0 (Windows NT 6.1; WOW64; rv:24.0; WUID=cca95d0170d41a80b79dfafae85fda2a; WTB=3869) Gecko/20100101 Firefox/24.0"
94.218.224.59 - - [11/Oct/2013:13:57:15 +0200] "GET /images/pbx.gif HTTP/1.1" 200 99 "http://www.ksbb.de/" "Mozilla/5.0 (Windows NT 6.1; WOW64; rv:24.0; WUID=cca95d0170d41a80b79dfafae85fda2a; WTB=3869) Gecko/20100101 Firefox/24.0"
94.218.224.59 - - [11/Oct/2013:13:57:15 +0200] "GET /images/plnkn.gif HTTP/1.1" 200 95 "http://www.ksbb.de/" "Mozilla/5.0 (Windows NT 6.1; WOW64; rv:24.0; WUID=cca95d0170d41a80b79dfafae85fda2a; WTB=3869) Gecko/20100101 Firefox/24.0"
94.218.224.59 - - [11/Oct/2013:13:57:15 +0200] "GET /images/mev23003_72.jpg HTTP/1.1" 200 2106 "http://www.ksbb.de/" "Mozilla/5.0 (Windows NT 6.1; WOW64; rv:24.0; WUID=cca95d0170d41a80b79dfafae85fda2a; WTB=3869) Gecko/20100101 Firefox/24.0"
94.218.224.59 - - [11/Oct/2013:13:57:15 +0200] "GET /images/mev14046_72.jpg HTTP/1.1" 200 1662 "http://www.ksbb.de/" "Mozilla/5.0 (Windows NT 6.1; WOW64; rv:24.0; WUID=cca95d0170d41a80b79dfafae85fda2a; WTB=3869) Gecko/20100101 Firefox/24.0"
94.218.224.59 - - [11/Oct/2013:13:57:15 +0200] "GET /images/55275_72.jpg HTTP/1.1" 200 2381 "http://www.ksbb.de/" "Mozilla/5.0 (Windows NT 6.1; WOW64; rv:24.0; WUID=cca95d0170d41a80b79dfafae85fda2a; WTB=3869) Gecko/20100101 Firefox/24.0"
94.218.224.59 - - [11/Oct/2013:13:57:15 +0200] "GET /images/plmc.gif HTTP/1.1" 200 166 "http://www.ksbb.de/" "Mozilla/5.0 (Windows NT 6.1; WOW64; rv:24.0; WUID=cca95d0170d41a80b79dfafae85fda2a; WTB=3869) Gecko/20100101 Firefox/24.0"
94.218.224.59 - - [11/Oct/2013:13:57:15 +0200] "GET /images/pcmpc1.gif HTTP/1.1" 200 1155 "http://www.ksbb.de/" "Mozilla/5.0 (Windows NT 6.1; WOW64; rv:24.0; WUID=cca95d0170d41a80b79dfafae85fda2a; WTB=3869) Gecko/20100101 Firefox/24.0"
94.218.224.59 - - [11/Oct/2013:13:57:15 +0200] "GET /images/pcmpc2.gif HTTP/1.1" 200 1240 "http://www.ksbb.de/" "Mozilla/5.0 (Windows NT 6.1; WOW64; rv:24.0; WUID=cca95d0170d41a80b79dfafae85fda2a; WTB=3869) Gecko/20100101 Firefox/24.0"
94.218.224.59 - - [11/Oct/2013:13:57:15 +0200] "GET /images/plbt.gif HTTP/1.1" 200 161 "http://www.ksbb.de/" "Mozilla/5.0 (Windows NT 6.1; WOW64; rv:24.0; WUID=cca95d0170d41a80b79dfafae85fda2a; WTB=3869) Gecko/20100101 Firefox/24.0"
94.218.224.59 - - [11/Oct/2013:13:57:15 +0200] "GET /images/ksbb1_sbp.jpg HTTP/1.1" 200 3871 "http://www.ksbb.de/" "Mozilla/5.0 (Windows NT 6.1; WOW64; rv:24.0; WUID=cca95d0170d41a80b79dfafae85fda2a; WTB=3869) Gecko/20100101 Firefox/24.0"
94.218.224.59 - - [11/Oct/2013:13:57:15 +0200] "GET /images/ulslogosbp_sbp.jpg HTTP/1.1" 200 1896 "http://www.ksbb.de/" "Mozilla/5.0 (Windows NT 6.1; WOW64; rv:24.0; WUID=cca95d0170d41a80b79dfafae85fda2a; WTB=3869) Gecko/20100101 Firefox/24.0"
94.218.224.59 - - [11/Oct/2013:13:57:15 +0200] "GET /images/iso9001_sbp.jpg HTTP/1.1" 200 4462 "http://www.ksbb.de/" "Mozilla/5.0 (Windows NT 6.1; WOW64; rv:24.0; WUID=cca95d0170d41a80b79dfafae85fda2a; WTB=3869) Gecko/20100101 Firefox/24.0"
94.218.224.59 - - [11/Oct/2013:13:57:15 +0200] "GET /images/logoprofex_sbp.gif HTTP/1.1" 200 3524 "http://www.ksbb.de/" "Mozilla/5.0 (Windows NT 6.1; WOW64; rv:24.0; WUID=cca95d0170d41a80b79dfafae85fda2a; WTB=3869) Gecko/20100101 Firefox/24.0"
94.218.224.59 - - [11/Oct/2013:13:57:15 +0200] "GET /images/pcmphc1.gif HTTP/1.1" 200 2164 "http://www.ksbb.de/" "Mozilla/5.0 (Windows NT 6.1; WOW64; rv:24.0; WUID=cca95d0170d41a80b79dfafae85fda2a; WTB=3869) Gecko/20100101 Firefox/24.0"
94.218.224.59 - - [11/Oct/2013:13:57:15 +0200] "GET /images/pcmphc2.gif HTTP/1.1" 200 2299 "http://www.ksbb.de/" "Mozilla/5.0 (Windows NT 6.1; WOW64; rv:24.0; WUID=cca95d0170d41a80b79dfafae85fda2a; WTB=3869) Gecko/20100101 Firefox/24.0"
94.218.224.59 - - [11/Oct/2013:13:57:15 +0200] "GET /images/phnvmtht1.gif HTTP/1.1" 200 2613 "http://www.ksbb.de/" "Mozilla/5.0 (Windows NT 6.1; WOW64; rv:24.0; WUID=cca95d0170d41a80b79dfafae85fda2a; WTB=3869) Gecko/20100101 Firefox/24.0"
94.218.224.59 - - [11/Oct/2013:13:57:15 +0200] "GET /images/phnvmtht2.gif HTTP/1.1" 200 1696 "http://www.ksbb.de/" "Mozilla/5.0 (Windows NT 6.1; WOW64; rv:24.0; WUID=cca95d0170d41a80b79dfafae85fda2a; WTB=3869) Gecko/20100101 Firefox/24.0"
94.218.224.59 - - [11/Oct/2013:13:57:15 +0200] "GET /images/phnvmtht3.gif HTTP/1.1" 200 2679 "http://www.ksbb.de/" "Mozilla/5.0 (Windows NT 6.1; WOW64; rv:24.0; WUID=cca95d0170d41a80b79dfafae85fda2a; WTB=3869) Gecko/20100101 Firefox/24.0"
94.218.224.59 - - [11/Oct/2013:13:57:15 +0200] "GET /images/phnvmtht4.gif HTTP/1.1" 200 2627 "http://www.ksbb.de/" "Mozilla/5.0 (Windows NT 6.1; WOW64; rv:24.0; WUID=cca95d0170d41a80b79dfafae85fda2a; WTB=3869) Gecko/20100101 Firefox/24.0"
94.218.224.59 - - [11/Oct/2013:13:57:15 +0200] "GET /images/phnvmtht5.gif HTTP/1.1" 200 2500 "http://www.ksbb.de/" "Mozilla/5.0 (Windows NT 6.1; WOW64; rv:24.0; WUID=cca95d0170d41a80b79dfafae85fda2a; WTB=3869) Gecko/20100101 Firefox/24.0"
94.218.224.59 - - [11/Oct/2013:13:57:15 +0200] "GET /images/phnvmtht6.gif HTTP/1.1" 200 1696 "http://www.ksbb.de/" "Mozilla/5.0 (Windows NT 6.1; WOW64; rv:24.0; WUID=cca95d0170d41a80b79dfafae85fda2a; WTB=3869) Gecko/20100101 Firefox/24.0"
94.218.224.59 - - [11/Oct/2013:13:57:15 +0200] "GET /images/phnvmtht7.gif HTTP/1.1" 200 2615 "http://www.ksbb.de/" "Mozilla/5.0 (Windows NT 6.1; WOW64; rv:24.0; WUID=cca95d0170d41a80b79dfafae85fda2a; WTB=3869) Gecko/20100101 Firefox/24.0"
94.218.224.59 - - [11/Oct/2013:13:57:15 +0200] "GET /images/pmthm1.gif HTTP/1.1" 200 2169 "http://www.ksbb.de/" "Mozilla/5.0 (Windows NT 6.1; WOW64; rv:24.0; WUID=cca95d0170d41a80b79dfafae85fda2a; WTB=3869) Gecko/20100101 Firefox/24.0"
94.218.224.59 - - [11/Oct/2013:13:57:15 +0200] "GET /images/pmthm2.gif HTTP/1.1" 200 1209 "http://www.ksbb.de/" "Mozilla/5.0 (Windows NT 6.1; WOW64; rv:24.0; WUID=cca95d0170d41a80b79dfafae85fda2a; WTB=3869) Gecko/20100101 Firefox/24.0"
94.218.224.59 - - [11/Oct/2013:13:57:15 +0200] "GET /images/pmthm3.gif HTTP/1.1" 200 2275 "http://www.ksbb.de/" "Mozilla/5.0 (Windows NT 6.1; WOW64; rv:24.0; WUID=cca95d0170d41a80b79dfafae85fda2a; WTB=3869) Gecko/20100101 Firefox/24.0"
94.218.224.59 - - [11/Oct/2013:13:57:15 +0200] "GET /images/pmthm4.gif HTTP/1.1" 200 2518 "http://www.ksbb.de/" "Mozilla/5.0 (Windows NT 6.1; WOW64; rv:24.0; WUID=cca95d0170d41a80b79dfafae85fda2a; WTB=3869) Gecko/20100101 Firefox/24.0"
94.218.224.59 - - [11/Oct/2013:13:57:15 +0200] "GET /images/pmthm5.gif HTTP/1.1" 200 2381 "http://www.ksbb.de/" "Mozilla/5.0 (Windows NT 6.1; WOW64; rv:24.0; WUID=cca95d0170d41a80b79dfafae85fda2a; WTB=3869) Gecko/20100101 Firefox/24.0"
94.218.224.59 - - [11/Oct/2013:13:57:15 +0200] "GET /images/pmthm6.gif HTTP/1.1" 200 1209 "http://www.ksbb.de/" "Mozilla/5.0 (Windows NT 6.1; WOW64; rv:24.0; WUID=cca95d0170d41a80b79dfafae85fda2a; WTB=3869) Gecko/20100101 Firefox/24.0"
94.218.224.59 - - [11/Oct/2013:13:57:15 +0200] "GET /images/pmthm7.gif HTTP/1.1" 200 2195 "http://www.ksbb.de/" "Mozilla/5.0 (Windows NT 6.1; WOW64; rv:24.0; WUID=cca95d0170d41a80b79dfafae85fda2a; WTB=3869) Gecko/20100101 Firefox/24.0"
94.218.224.59 - - [11/Oct/2013:13:57:15 +0200] "GET /images/psd.gif HTTP/1.1" 200 111 "http://www.ksbb.de/" "Mozilla/5.0 (Windows NT 6.1; WOW64; rv:24.0; WUID=cca95d0170d41a80b79dfafae85fda2a; WTB=3869) Gecko/20100101 Firefox/24.0"
94.218.224.59 - - [11/Oct/2013:13:57:15 +0200] "GET /images/pbg.gif HTTP/1.1" 200 52 "http://www.ksbb.de/" "Mozilla/5.0 (Windows NT 6.1; WOW64; rv:24.0; WUID=cca95d0170d41a80b79dfafae85fda2a; WTB=3869) Gecko/20100101 Firefox/24.0"
94.218.224.59 - - [11/Oct/2013:13:57:15 +0200] "GET /images/plvt.gif HTTP/1.1" 200 53 "http://www.ksbb.de/" "Mozilla/5.0 (Windows NT 6.1; WOW64; rv:24.0; WUID=cca95d0170d41a80b79dfafae85fda2a; WTB=3869) Gecko/20100101 Firefox/24.0"
94.218.224.59 - - [11/Oct/2013:13:57:17 +0200] "GET /favicon.ico HTTP/1.1" 404 - "-" "Mozilla/5.0 (Windows NT 6.1; WOW64; rv:24.0; WUID=cca95d0170d41a80b79dfafae85fda2a; WTB=3869) Gecko/20100101 Firefox/24.0"
94.218.224.59 - - [11/Oct/2013:14:10:04 +0200] "GET /favicon.ico HTTP/1.1" 404 - "-" "Mozilla/5.0 (Windows NT 6.1; WOW64; rv:24.0; WUID=cca95d0170d41a80b79dfafae85fda2a; WTB=3869) Gecko/20100101 Firefox/24.0"
66.249.73.204 - - [11/Oct/2013:16:17:02 +0200] "GET /robots.txt HTTP/1.1" 404 - "-" "Mozilla/5.0 (compatible; Googlebot/2.1; +http://www.google.com/bot.html)"
66.249.73.204 - - [11/Oct/2013:16:17:02 +0200] "GET / HTTP/1.1" 200 24273 "-" "Mozilla/5.0 (iPhone; U; CPU iPhone OS 4_1 like Mac OS X; en-us) AppleWebKit/532.9 (KHTML, like Gecko) Version/4.0.5 Mobile/8B117 Safari/6531.22.7 (compatible; Googlebot-Mobile/2.1; +http://www.google.com/bot.html)"
85.25.110.112 - - [11/Oct/2013:16:39:02 +0200] "GET /000001985b0ce1e49/index.php HTTP/1.1" 200 14901 "-" "Mozilla/4.0 (compatible; MSIE 6.0; Windows 98; Win 9x4.90)"
66.249.73.204 - - [11/Oct/2013:18:05:44 +0200] "GET /robots.txt HTTP/1.1" 404 - "-" "Mozilla/5.0 (compatible; Googlebot/2.1; +http://www.google.com/bot.html)"
66.249.73.204 - - [11/Oct/2013:18:05:44 +0200] "GET /assets/ssb.css HTTP/1.1" 200 657 "-" "Mozilla/5.0 (compatible; Googlebot/2.1; +http://www.google.com/bot.html)"
217.228.5.179 - - [11/Oct/2013:18:07:31 +0200] "GET / HTTP/1.1" 200 24273 "-" "Mozilla/5.0 (iPad; CPU OS 7_0_2 like Mac OS X) AppleWebKit/537.51.1 (KHTML, like Gecko) Version/7.0 Mobile/11A501 Safari/9537.53"
66.249.73.204 - - [11/Oct/2013:18:56:31 +0200] "GET /assets/s.css HTTP/1.1" 200 3386 "-" "Mozilla/5.0 (compatible; Googlebot/2.1; +http://www.google.com/bot.html)"
66.249.73.204 - - [11/Oct/2013:19:25:23 +0200] "GET /031d669bf5054cf01/index.php HTTP/1.1" 200 13903 "-" "Mozilla/5.0 (iPhone; U; CPU iPhone OS 4_1 like Mac OS X; en-us) AppleWebKit/532.9 (KHTML, like Gecko) Version/4.0.5 Mobile/8B117 Safari/6531.22.7 (compatible; Googlebot-Mobile/2.1; +http://www.google.com/bot.html)"
66.249.73.204 - - [11/Oct/2013:19:26:01 +0200] "GET /00000198660b9a703/00000198660bb6a0a/index.php HTTP/1.1" 200 16342 "-" "SAMSUNG-SGH-E250/1.0 Profile/MIDP-2.0 Configuration/CLDC-1.1 UP.Browser/6.2.3.3.c.1.101 (GUI) MMP/2.0 (compatible; Googlebot-Mobile/2.1; +http://www.google.com/bot.html)"
66.249.73.204 - - [11/Oct/2013:20:15:51 +0200] "GET /images/pnvtst2m6.gif HTTP/1.1" 304 - "-" "Googlebot-Image/1.0"
141.8.147.12 - - [11/Oct/2013:20:22:43 +0200] "GET /robots.txt HTTP/1.1" 404 - "-" "Mozilla/5.0 (compatible; YandexBot/3.0; +http://yandex.com/bots)"
54.226.24.168 - - [11/Oct/2013:21:07:17 +0200] "GET / HTTP/1.0" 200 24273 "-" "Mozilla/5.0 (compatible; NetcraftSurveyAgent/1.0; +info@netcraft.com)"
66.249.73.204 - - [11/Oct/2013:21:26:10 +0200] "GET /images/30288.jpg HTTP/1.1" 304 - "-" "Googlebot-Image/1.0"
123.125.71.46 - - [11/Oct/2013:21:58:49 +0200] "GET / HTTP/1.1" 200 15277 "-" "Mozilla/5.0 (compatible; Baiduspider/2.0; +http://www.baidu.com/search/spider.html)"
220.181.108.77 - - [11/Oct/2013:21:58:50 +0200] "GET / HTTP/1.1" 200 15277 "-" "Mozilla/5.0 (compatible; Baiduspider/2.0; +http://www.baidu.com/search/spider.html)"
66.249.73.204 - - [11/Oct/2013:23:04:26 +0200] "GET / HTTP/1.1" 200 24273 "-" "Mozilla/5.0 (iPhone; CPU iPhone OS 6_0 like Mac OS X) AppleWebKit/536.26 (KHTML, like Gecko) Version/6.0 Mobile/10A5376e Safari/8536.25 (compatible; Googlebot-Mobile/2.1; +http://www.google.com/bot.html)"
66.249.73.204 - - [11/Oct/2013:23:46:37 +0200] "GET /images/pnvtst4m2.gif HTTP/1.1" 304 - "-" "Googlebot-Image/1.0"
141.8.147.12 - - [12/Oct/2013:00:09:14 +0200] "GET /000001985b0e5e29a/000001985f0d1bf04/000001985f0d57c08/index.php HTTP/1.1" 200 17846 "-" "Mozilla/5.0 (compatible; YandexBot/3.0; +http://yandex.com/bots)"
123.125.71.20 - - [12/Oct/2013:02:25:04 +0200] "GET / HTTP/1.1" 200 24292 "-" "Mozilla/5.0 (compatible; Baiduspider/2.0; +http://www.baidu.com/search/spider.html)"
220.181.108.102 - - [12/Oct/2013:02:25:05 +0200] "GET / HTTP/1.1" 200 15277 "-" "Mozilla/5.0 (compatible; Baiduspider/2.0; +http://www.baidu.com/search/spider.html)"
144.76.167.214 - - [12/Oct/2013:02:33:33 +0200] "GET /robots.txt HTTP/1.1" 404 - "-" "Mozilla/5.0 (compatible; SISTRIX Crawler; http://crawler.sistrix.net/)"
144.76.167.214 - - [12/Oct/2013:02:33:33 +0200] "GET / HTTP/1.1" 200 24292 "-" "Mozilla/5.0 (compatible; SISTRIX Crawler; http://crawler.sistrix.net/)"
144.76.167.214 - - [12/Oct/2013:02:33:33 +0200] "GET /00000398730fce012.php HTTP/1.1" 200 22678 "-" "Mozilla/5.0 (compatible; SISTRIX Crawler; http://crawler.sistrix.net/)"
144.76.167.214 - - [12/Oct/2013:02:33:33 +0200] "GET /index.php HTTP/1.1" 200 24292 "-" "Mozilla/5.0 (compatible; SISTRIX Crawler; http://crawler.sistrix.net/)"
144.76.167.214 - - [12/Oct/2013:02:33:33 +0200] "GET /00000398730fcd910.php HTTP/1.1" 200 22421 "-" "Mozilla/5.0 (compatible; SISTRIX Crawler; http://crawler.sistrix.net/)"
144.76.167.214 - - [12/Oct/2013:02:33:33 +0200] "GET /00000198660b9a703/index.php HTTP/1.1" 200 19296 "-" "Mozilla/5.0 (compatible; SISTRIX Crawler; http://crawler.sistrix.net/)"
144.76.167.214 - - [12/Oct/2013:02:33:33 +0200] "GET /000001985b0e5e29a/index.php HTTP/1.1" 200 16914 "-" "Mozilla/5.0 (compatible; SISTRIX Crawler; http://crawler.sistrix.net/)"
144.76.167.214 - - [12/Oct/2013:02:33:34 +0200] "GET /00000198660a80203/index.php HTTP/1.1" 200 12659 "-" "Mozilla/5.0 (compatible; SISTRIX Crawler; http://crawler.sistrix.net/)"
144.76.167.214 - - [12/Oct/2013:02:33:34 +0200] "GET /031d669bf5054cf01/index.php HTTP/1.1" 200 13922 "-" "Mozilla/5.0 (compatible; SISTRIX Crawler; http://crawler.sistrix.net/)"
144.76.167.214 - - [12/Oct/2013:02:33:34 +0200] "GET /000001985b0ce1e49/index.php HTTP/1.1" 200 14920 "-" "Mozilla/5.0 (compatible; SISTRIX Crawler; http://crawler.sistrix.net/)"
144.76.167.214 - - [12/Oct/2013:02:33:34 +0200] "GET /000001985b0d93482/index.php HTTP/1.1" 200 15598 "-" "Mozilla/5.0 (compatible; SISTRIX Crawler; http://crawler.sistrix.net/)"
144.76.167.214 - - [12/Oct/2013:02:33:34 +0200] "GET /00000198660c9d618/index.php HTTP/1.1" 200 15367 "-" "Mozilla/5.0 (compatible; SISTRIX Crawler; http://crawler.sistrix.net/)"
144.76.167.214 - - [12/Oct/2013:02:33:34 +0200] "GET /000001985b0e5e29a/000001985f0d7940e/index.php HTTP/1.1" 200 17540 "-" "Mozilla/5.0 (compatible; SISTRIX Crawler; http://crawler.sistrix.net/)"
144.76.167.214 - - [12/Oct/2013:02:33:35 +0200] "GET /000001985b0ce1e49/00000198610d8af28/index.php HTTP/1.1" 200 15788 "-" "Mozilla/5.0 (compatible; SISTRIX Crawler; http://crawler.sistrix.net/)"
144.76.167.214 - - [12/Oct/2013:02:33:35 +0200] "GET /000001985b0d93482/00000198660ae2e07/index.php HTTP/1.1" 200 17572 "-" "Mozilla/5.0 (compatible; SISTRIX Crawler; http://crawler.sistrix.net/)"
144.76.167.214 - - [12/Oct/2013:02:33:35 +0200] "GET /00000198660b9a703/00000198660bb6a0a/index.php HTTP/1.1" 200 16361 "-" "Mozilla/5.0 (compatible; SISTRIX Crawler; http://crawler.sistrix.net/)"
144.76.167.214 - - [12/Oct/2013:02:33:35 +0200] "GET /00000198660c9d618/00000198610cada01/index.php HTTP/1.1" 200 18171 "-" "Mozilla/5.0 (compatible; SISTRIX Crawler; http://crawler.sistrix.net/)"
144.76.167.214 - - [12/Oct/2013:02:33:35 +0200] "GET /000001985b0d93482/000001985b0fc8f0b/index.php HTTP/1.1" 200 15396 "-" "Mozilla/5.0 (compatible; SISTRIX Crawler; http://crawler.sistrix.net/)"
144.76.167.214 - - [12/Oct/2013:02:33:35 +0200] "GET /000001985b0e5e29a/000001985f0d8f113/index.php HTTP/1.1" 200 20348 "-" "Mozilla/5.0 (compatible; SISTRIX Crawler; http://crawler.sistrix.net/)"
144.76.167.214 - - [12/Oct/2013:02:33:36 +0200] "GET /000001985b0ce1e49/00000198610d6501c/index.php HTTP/1.1" 200 15952 "-" "Mozilla/5.0 (compatible; SISTRIX Crawler; http://crawler.sistrix.net/)"
144.76.167.214 - - [12/Oct/2013:02:33:36 +0200] "GET /00000198660c9d618/00000198660cdce24/index.php HTTP/1.1" 200 17970 "-" "Mozilla/5.0 (compatible; SISTRIX Crawler; http://crawler.sistrix.net/)"
144.76.167.214 - - [12/Oct/2013:02:33:36 +0200] "GET /000001985b0e5e29a/000001985e0778004/index.php HTTP/1.1" 200 17374 "-" "Mozilla/5.0 (compatible; SISTRIX Crawler; http://crawler.sistrix.net/)"
144.76.167.214 - - [12/Oct/2013:02:33:36 +0200] "GET /000001985b0d93482/000001985b0da2285/index.php HTTP/1.1" 200 16416 "-" "Mozilla/5.0 (compatible; SISTRIX Crawler; http://crawler.sistrix.net/)"
144.76.167.214 - - [12/Oct/2013:02:33:36 +0200] "GET /000001985b0e5e29a/000001985f0d1bf04/index.php HTTP/1.1" 200 17309 "-" "Mozilla/5.0 (compatible; SISTRIX Crawler; http://crawler.sistrix.net/)"
144.76.167.214 - - [12/Oct/2013:02:33:36 +0200] "GET /000001985b0d93482/000001985c0868401/index.php HTTP/1.1" 200 20300 "-" "Mozilla/5.0 (compatible; SISTRIX Crawler; http://crawler.sistrix.net/)"
144.76.167.214 - - [12/Oct/2013:02:33:36 +0200] "GET /00000198660c9d618/00000198610cada01/00000198610cbe908.php HTTP/1.1" 200 16010 "-" "Mozilla/5.0 (compatible; SISTRIX Crawler; http://crawler.sistrix.net/)"
144.76.167.214 - - [12/Oct/2013:02:33:37 +0200] "GET /000001985b0ce1e49/00000198610d8af28/00000198610d9412d.php HTTP/1.1" 200 14315 "-" "Mozilla/5.0 (compatible; SISTRIX Crawler; http://crawler.sistrix.net/)"
144.76.167.214 - - [12/Oct/2013:02:33:37 +0200] "GET /000001985b0ce1e49/00000198610d6501c/00000198610d70421.php HTTP/1.1" 200 14499 "-" "Mozilla/5.0 (compatible; SISTRIX Crawler; http://crawler.sistrix.net/)"
144.76.167.214 - - [12/Oct/2013:02:33:37 +0200] "GET /00000198660c9d618/00000198610cada01/00000198660cb3c1b.php HTTP/1.1" 200 15917 "-" "Mozilla/5.0 (compatible; SISTRIX Crawler; http://crawler.sistrix.net/)"
144.76.167.214 - - [12/Oct/2013:02:33:37 +0200] "GET /00000198660c9d618/00000198610cada01/00000198660cbdd1e.php HTTP/1.1" 200 15934 "-" "Mozilla/5.0 (compatible; SISTRIX Crawler; http://crawler.sistrix.net/)"
144.76.167.214 - - [12/Oct/2013:02:33:37 +0200] "GET /000001985b0d93482/00000198660ae2e07/00000198660b24011/index.php HTTP/1.1" 200 20693 "-" "Mozilla/5.0 (compatible; SISTRIX Crawler; http://crawler.sistrix.net/)"
144.76.167.214 - - [12/Oct/2013:02:33:37 +0200] "GET /00000198660c9d618/00000198610cada01/00000198610ccef0b.php HTTP/1.1" 200 15796 "-" "Mozilla/5.0 (compatible; SISTRIX Crawler; http://crawler.sistrix.net/)"
144.76.167.214 - - [12/Oct/2013:02:33:38 +0200] "GET /000001985b0ce1e49/00000198610d8af28/00000198610da0a31.php HTTP/1.1" 200 14409 "-" "Mozilla/5.0 (compatible; SISTRIX Crawler; http://crawler.sistrix.net/)"
144.76.167.214 - - [12/Oct/2013:02:33:38 +0200] "GET /000001985b0ce1e49/00000198610d6501c/00000198610d71d22.php HTTP/1.1" 200 14345 "-" "Mozilla/5.0 (compatible; SISTRIX Crawler; http://crawler.sistrix.net/)"
144.76.167.214 - - [12/Oct/2013:02:33:38 +0200] "GET /00000198660b9a703/00000198660bb6a0a/00000198660bc480f.php HTTP/1.1" 200 17099 "-" "Mozilla/5.0 (compatible; SISTRIX Crawler; http://crawler.sistrix.net/)"
144.76.167.214 - - [12/Oct/2013:02:33:38 +0200] "GET /000001985b0ce1e49/00000198610d6501c/00000198610d75024.php HTTP/1.1" 200 14504 "-" "Mozilla/5.0 (compatible; SISTRIX Crawler; http://crawler.sistrix.net/)"
144.76.167.214 - - [12/Oct/2013:02:33:38 +0200] "GET /000001985b0e5e29a/000001985f0d1bf04/000001985f0d57c08/index.php HTTP/1.1" 200 17865 "-" "Mozilla/5.0 (compatible; SISTRIX Crawler; http://crawler.sistrix.net/)"
144.76.167.214 - - [12/Oct/2013:02:33:38 +0200] "GET /00000198660c9d618/00000198610cada01/00000198660cc5621.php HTTP/1.1" 200 15941 "-" "Mozilla/5.0 (compatible; SISTRIX Crawler; http://crawler.sistrix.net/)"
144.76.167.214 - - [12/Oct/2013:02:33:39 +0200] "GET /00000198660c9d618/00000198610cada01/00000198610cb4105.php HTTP/1.1" 200 15918 "-" "Mozilla/5.0 (compatible; SISTRIX Crawler; http://crawler.sistrix.net/)"
141.8.147.12 - - [12/Oct/2013:03:01:52 +0200] "GET / HTTP/1.1" 200 24292 "-" "Mozilla/5.0 (compatible; YandexBot/3.0; +http://yandex.com/bots)"
123.125.71.51 - - [12/Oct/2013:03:28:56 +0200] "GET / HTTP/1.1" 200 24056 "-" "Mozilla/5.0 (compatible; Baiduspider/2.0; +http://www.baidu.com/search/spider.html)"
220.181.108.93 - - [12/Oct/2013:03:28:57 +0200] "GET / HTTP/1.1" 200 15277 "-" "Mozilla/5.0 (compatible; Baiduspider/2.0; +http://www.baidu.com/search/spider.html)"
178.255.215.66 - - [12/Oct/2013:04:50:22 +0200] "GET /robots.txt HTTP/1.1" 404 - "-" "Mozilla/5.0 (compatible; Exabot/3.0; +http://www.exabot.com/go/robot)"
178.255.215.66 - - [12/Oct/2013:04:50:22 +0200] "GET /000001985b0ce1e49/00000198610d6501c/index.php HTTP/1.1" 200 15952 "-" "Mozilla/5.0 (compatible; Exabot/3.0; +http://www.exabot.com/go/robot)"
141.8.147.12 - - [12/Oct/2013:05:09:17 +0200] "GET /000001985b0ce1e49/00000198610d8af28/00000198610da0a31.php HTTP/1.1" 200 14409 "-" "Mozilla/5.0 (compatible; YandexBot/3.0; +http://yandex.com/bots)"
66.249.73.204 - - [12/Oct/2013:05:48:50 +0200] "GET /000001985b0ce1e49/00000198610d6501c/index.php HTTP/1.1" 200 15952 "-" "SAMSUNG-SGH-E250/1.0 Profile/MIDP-2.0 Configuration/CLDC-1.1 UP.Browser/6.2.3.3.c.1.101 (GUI) MMP/2.0 (compatible; Googlebot-Mobile/2.1; +http://www.google.com/bot.html)"
66.249.73.204 - - [12/Oct/2013:05:54:20 +0200] "GET /images/pnvtht1m1.gif HTTP/1.1" 304 - "-" "Googlebot-Image/1.0"
66.249.73.204 - - [12/Oct/2013:05:55:10 +0200] "GET /00000198660b9a703/00000198660bb6a0a/index.php HTTP/1.1" 200 16361 "-" "Mozilla/5.0 (iPhone; U; CPU iPhone OS 4_1 like Mac OS X; en-us) AppleWebKit/532.9 (KHTML, like Gecko) Version/4.0.5 Mobile/8B117 Safari/6531.22.7 (compatible; Googlebot-Mobile/2.1; +http://www.google.com/bot.html)"
66.249.73.204 - - [12/Oct/2013:06:06:19 +0200] "GET /robots.txt HTTP/1.1" 404 - "-" "Mozilla/5.0 (compatible; Googlebot/2.1; +http://www.google.com/bot.html)"
66.249.73.204 - - [12/Oct/2013:06:06:19 +0200] "GET /images/pnvtht1m1.gif HTTP/1.1" 304 - "-" "Googlebot-Image/1.0"
66.249.73.204 - - [12/Oct/2013:06:08:32 +0200] "GET /images/pnvtht1m1.gif HTTP/1.1" 304 - "-" "Googlebot-Image/1.0"
157.55.35.46 - - [12/Oct/2013:06:39:55 +0200] "GET /robots.txt HTTP/1.1" 404 - "-" "Mozilla/5.0 (compatible; bingbot/2.0; +http://www.bing.com/bingbot.htm)"
157.55.35.46 - - [12/Oct/2013:06:46:37 +0200] "GET /000001985b0ce1e49/00000198610d8af28/index.php HTTP/1.1" 200 15788 "-" "Mozilla/5.0 (compatible; bingbot/2.0; +http://www.bing.com/bingbot.htm)"
141.8.147.12 - - [12/Oct/2013:07:02:48 +0200] "GET /00000198660b9a703/00000198660bb6a0a/00000198660bc480f.php HTTP/1.1" 200 17099 "-" "Mozilla/5.0 (compatible; YandexBot/3.0; +http://yandex.com/bots)"
141.8.147.12 - - [12/Oct/2013:07:36:16 +0200] "GET /000001985b0d93482/00000198660ae2e07/00000198660b24011/index.php HTTP/1.1" 200 20693 "-" "Mozilla/5.0 (compatible; YandexBot/3.0; +http://yandex.com/bots)"
208.115.111.75 - - [12/Oct/2013:07:46:45 +0200] "GET /robots.txt HTTP/1.1" 404 - "-" "Mozilla/5.0 (compatible; Ezooms/1.0; ezooms.bot@gmail.com)"
157.55.35.46 - - [12/Oct/2013:08:42:20 +0200] "GET /robots.txt HTTP/1.1" 404 - "-" "Mozilla/5.0 (compatible; bingbot/2.0; +http://www.bing.com/bingbot.htm)"
141.8.147.12 - - [12/Oct/2013:08:44:44 +0200] "GET /robots.txt HTTP/1.1" 404 - "-" "Mozilla/5.0 (compatible; YandexBot/3.0; +http://yandex.com/bots)"
157.55.35.46 - - [12/Oct/2013:08:50:25 +0200] "GET / HTTP/1.1" 200 24292 "-" "Mozilla/5.0 (compatible; bingbot/2.0; +http://www.bing.com/bingbot.htm)"
64.235.155.68 - - [12/Oct/2013:08:55:08 +0200] "GET / HTTP/1.1" 200 24292 "-" "Mozilla/4.0 (compatible; MSIE 7.0; Windows NT 5.1; .NET CLR 1.1.4322)"
208.115.111.75 - - [12/Oct/2013:09:38:31 +0200] "GET /00000198660c9d618/index.php HTTP/1.1" 200 15367 "-" "Mozilla/5.0 (compatible; Ezooms/1.0; ezooms.bot@gmail.com)"
141.8.147.12 - - [12/Oct/2013:10:12:02 +0200] "GET /000001985b0ce1e49/00000198610d8af28/00000198610d9412d.php HTTP/1.1" 200 14315 "-" "Mozilla/5.0 (compatible; YandexBot/3.0; +http://yandex.com/bots)"
91.121.75.211 - - [12/Oct/2013:11:54:14 +0200] "GET / HTTP/1.1" 200 24292 "-" "-"
5.10.83.31 - - [12/Oct/2013:12:38:05 +0200] "GET /000001985b0e5e29a/index.php HTTP/1.1" 200 16914 "-" "Mozilla/5.0 (compatible; AhrefsBot/5.0; +http://ahrefs.com/robot/)"
141.8.147.12 - - [12/Oct/2013:13:44:22 +0200] "GET /images/pmtsm5.gif HTTP/1.1" 304 - "-" "Mozilla/5.0 (compatible; YandexImages/3.0; +http://yandex.com/bots)"
141.8.147.12 - - [12/Oct/2013:13:47:16 +0200] "GET /images/phnvmtt6.gif HTTP/1.1" 304 - "-" "Mozilla/5.0 (compatible; YandexImages/3.0; +http://yandex.com/bots)"
141.8.147.12 - - [12/Oct/2013:13:48:28 +0200] "GET /images/pnvtt2m5.gif HTTP/1.1" 304 - "-" "Mozilla/5.0 (compatible; YandexImages/3.0; +http://yandex.com/bots)"
141.8.147.12 - - [12/Oct/2013:14:03:47 +0200] "GET /images/phnvmtt5.gif HTTP/1.1" 304 - "-" "Mozilla/5.0 (compatible; YandexImages/3.0; +http://yandex.com/bots)"
5.10.83.31 - - [12/Oct/2013:14:10:13 +0200] "GET /images/ss04093.jpg HTTP/1.1" 200 160123 "-" "Mozilla/5.0 (compatible; AhrefsBot/5.0; +http://ahrefs.com/robot/)"
5.10.83.89 - - [12/Oct/2013:14:12:19 +0200] "GET /00000198660b9a703/00000198660bb6a0a/index.php HTTP/1.1" 200 16361 "-" "Mozilla/5.0 (compatible; AhrefsBot/5.0; +http://ahrefs.com/robot/)"
141.8.147.12 - - [12/Oct/2013:14:12:58 +0200] "GET /images/phnvmtt2.gif HTTP/1.1" 304 - "-" "Mozilla/5.0 (compatible; YandexImages/3.0; +http://yandex.com/bots)"
141.8.147.12 - - [12/Oct/2013:14:22:46 +0200] "GET /images/mev14046_52.jpg HTTP/1.1" 304 - "-" "Mozilla/5.0 (compatible; YandexImages/3.0; +http://yandex.com/bots)"
141.8.147.12 - - [12/Oct/2013:14:25:21 +0200] "GET /images/pmtsm4.gif HTTP/1.1" 304 - "-" "Mozilla/5.0 (compatible; YandexImages/3.0; +http://yandex.com/bots)"
141.8.147.12 - - [12/Oct/2013:14:39:47 +0200] "GET /images/pl160.gif HTTP/1.1" 304 - "-" "Mozilla/5.0 (compatible; YandexImages/3.0; +http://yandex.com/bots)"
141.8.147.12 - - [12/Oct/2013:14:43:59 +0200] "GET /images/pbul.gif HTTP/1.1" 304 - "-" "Mozilla/5.0 (compatible; YandexImages/3.0; +http://yandex.com/bots)"
5.10.83.31 - - [12/Oct/2013:14:48:47 +0200] "GET /000001985b0ce1e49/00000198610d8af28/index.php HTTP/1.1" 200 15788 "-" "Mozilla/5.0 (compatible; AhrefsBot/5.0; +http://ahrefs.com/robot/)"
141.8.147.12 - - [12/Oct/2013:14:52:57 +0200] "GET /images/pnvtt3m2.gif HTTP/1.1" 304 - "-" "Mozilla/5.0 (compatible; YandexImages/3.0; +http://yandex.com/bots)"
141.8.147.12 - - [12/Oct/2013:14:53:58 +0200] "GET /images/pnvtst1m2.gif HTTP/1.1" 304 - "-" "Mozilla/5.0 (compatible; YandexImages/3.0; +http://yandex.com/bots)"
141.8.147.12 - - [12/Oct/2013:15:03:06 +0200] "GET /images/pnvtt1m2.gif HTTP/1.1" 304 - "-" "Mozilla/5.0 (compatible; YandexImages/3.0; +http://yandex.com/bots)"
89.178.219.151 - - [12/Oct/2013:15:07:29 +0200] "GET / HTTP/1.1" 200 24292 "http://yandex.ru/yandsearch?text=www.ksbb.de&lr=213" "Mozilla/4.0 (compatible; MSIE 8.0; Windows NT 5.1; Trident/4.0)"
89.178.219.151 - - [12/Oct/2013:15:07:30 +0200] "GET /images/pcp.gif HTTP/1.1" 200 43 "http://www.ksbb.de/" "Mozilla/4.0 (compatible; MSIE 8.0; Windows NT 5.1; Trident/4.0)"
89.178.219.151 - - [12/Oct/2013:15:07:30 +0200] "GET /images/pltp.gif HTTP/1.1" 200 160 "http://www.ksbb.de/" "Mozilla/4.0 (compatible; MSIE 8.0; Windows NT 5.1; Trident/4.0)"
89.178.219.151 - - [12/Oct/2013:15:07:30 +0200] "GET /assets/s.css HTTP/1.1" 200 3386 "http://www.ksbb.de/" "Mozilla/4.0 (compatible; MSIE 8.0; Windows NT 5.1; Trident/4.0)"
89.178.219.151 - - [12/Oct/2013:15:07:30 +0200] "GET /assets/ssb.css HTTP/1.1" 200 657 "http://www.ksbb.de/" "Mozilla/4.0 (compatible; MSIE 8.0; Windows NT 5.1; Trident/4.0)"
89.178.219.151 - - [12/Oct/2013:15:07:30 +0200] "GET /images/phomesm0.gif HTTP/1.1" 200 2239 "http://www.ksbb.de/" "Mozilla/4.0 (compatible; MSIE 8.0; Windows NT 5.1; Trident/4.0)"
89.178.219.151 - - [12/Oct/2013:15:07:30 +0200] "GET /images/plms.gif HTTP/1.1" 200 68 "http://www.ksbb.de/" "Mozilla/4.0 (compatible; MSIE 8.0; Windows NT 5.1; Trident/4.0)"
89.178.219.151 - - [12/Oct/2013:15:07:30 +0200] "GET /images/pmtm1.gif HTTP/1.1" 200 1155 "http://www.ksbb.de/" "Mozilla/4.0 (compatible; MSIE 8.0; Windows NT 5.1; Trident/4.0)"
89.178.219.151 - - [12/Oct/2013:15:07:30 +0200] "GET /images/pmtm2.gif HTTP/1.1" 200 628 "http://www.ksbb.de/" "Mozilla/4.0 (compatible; MSIE 8.0; Windows NT 5.1; Trident/4.0)"
89.178.219.151 - - [12/Oct/2013:15:07:30 +0200] "GET /images/pmtm4.gif HTTP/1.1" 200 2316 "http://www.ksbb.de/" "Mozilla/4.0 (compatible; MSIE 8.0; Windows NT 5.1; Trident/4.0)"
89.178.219.151 - - [12/Oct/2013:15:07:30 +0200] "GET /images/pmtm5.gif HTTP/1.1" 200 2185 "http://www.ksbb.de/" "Mozilla/4.0 (compatible; MSIE 8.0; Windows NT 5.1; Trident/4.0)"
89.178.219.151 - - [12/Oct/2013:15:07:30 +0200] "GET /images/pmtm7.gif HTTP/1.1" 200 1174 "http://www.ksbb.de/" "Mozilla/4.0 (compatible; MSIE 8.0; Windows NT 5.1; Trident/4.0)"
89.178.219.151 - - [12/Oct/2013:15:07:30 +0200] "GET /images/pmtm6.gif HTTP/1.1" 200 628 "http://www.ksbb.de/" "Mozilla/4.0 (compatible; MSIE 8.0; Windows NT 5.1; Trident/4.0)"
89.178.219.151 - - [12/Oct/2013:15:07:30 +0200] "GET /images/plma.gif HTTP/1.1" 200 164 "http://www.ksbb.de/" "Mozilla/4.0 (compatible; MSIE 8.0; Windows NT 5.1; Trident/4.0)"
89.178.219.151 - - [12/Oct/2013:15:07:30 +0200] "GET /images/plogo.gif HTTP/1.1" 200 18153 "http://www.ksbb.de/" "Mozilla/4.0 (compatible; MSIE 8.0; Windows NT 5.1; Trident/4.0)"
89.178.219.151 - - [12/Oct/2013:15:07:30 +0200] "GET /images/plmb.gif HTTP/1.1" 200 166 "http://www.ksbb.de/" "Mozilla/4.0 (compatible; MSIE 8.0; Windows NT 5.1; Trident/4.0)"
89.178.219.151 - - [12/Oct/2013:15:07:30 +0200] "GET /images/pl160.gif HTTP/1.1" 200 70 "http://www.ksbb.de/" "Mozilla/4.0 (compatible; MSIE 8.0; Windows NT 5.1; Trident/4.0)"
89.178.219.151 - - [12/Oct/2013:15:07:30 +0200] "GET /images/phnvmtt1.gif HTTP/1.1" 200 2551 "http://www.ksbb.de/" "Mozilla/4.0 (compatible; MSIE 8.0; Windows NT 5.1; Trident/4.0)"
89.178.219.151 - - [12/Oct/2013:15:07:30 +0200] "GET /images/pd.gif HTTP/1.1" 200 111 "http://www.ksbb.de/" "Mozilla/4.0 (compatible; MSIE 8.0; Windows NT 5.1; Trident/4.0)"
89.178.219.151 - - [12/Oct/2013:15:07:30 +0200] "GET /images/phnvmtt2.gif HTTP/1.1" 200 1637 "http://www.ksbb.de/" "Mozilla/4.0 (compatible; MSIE 8.0; Windows NT 5.1; Trident/4.0)"
89.178.219.151 - - [12/Oct/2013:15:07:30 +0200] "GET /images/phnvmtt3.gif HTTP/1.1" 200 2611 "http://www.ksbb.de/" "Mozilla/4.0 (compatible; MSIE 8.0; Windows NT 5.1; Trident/4.0)"
89.178.219.151 - - [12/Oct/2013:15:07:30 +0200] "GET /images/phnvmtt5.gif HTTP/1.1" 200 2563 "http://www.ksbb.de/" "Mozilla/4.0 (compatible; MSIE 8.0; Windows NT 5.1; Trident/4.0)"
89.178.219.151 - - [12/Oct/2013:15:07:30 +0200] "GET /images/phnvmtt4.gif HTTP/1.1" 200 2685 "http://www.ksbb.de/" "Mozilla/4.0 (compatible; MSIE 8.0; Windows NT 5.1; Trident/4.0)"
89.178.219.151 - - [12/Oct/2013:15:07:30 +0200] "GET /images/phnvmtt6.gif HTTP/1.1" 200 1637 "http://www.ksbb.de/" "Mozilla/4.0 (compatible; MSIE 8.0; Windows NT 5.1; Trident/4.0)"
89.178.219.151 - - [12/Oct/2013:15:07:30 +0200] "GET /images/mev23003_72.jpg HTTP/1.1" 200 2106 "http://www.ksbb.de/" "Mozilla/4.0 (compatible; MSIE 8.0; Windows NT 5.1; Trident/4.0)"
89.178.219.151 - - [12/Oct/2013:15:07:30 +0200] "GET /images/phnvmtt7.gif HTTP/1.1" 200 2552 "http://www.ksbb.de/" "Mozilla/4.0 (compatible; MSIE 8.0; Windows NT 5.1; Trident/4.0)"
89.178.219.151 - - [12/Oct/2013:15:07:30 +0200] "GET /images/pbx.gif HTTP/1.1" 200 99 "http://www.ksbb.de/" "Mozilla/4.0 (compatible; MSIE 8.0; Windows NT 5.1; Trident/4.0)"
89.178.219.151 - - [12/Oct/2013:15:07:30 +0200] "GET /images/mev14046_72.jpg HTTP/1.1" 200 1662 "http://www.ksbb.de/" "Mozilla/4.0 (compatible; MSIE 8.0; Windows NT 5.1; Trident/4.0)"
89.178.219.151 - - [12/Oct/2013:15:07:30 +0200] "GET /images/pmtm3.gif HTTP/1.1" 200 2032 "http://www.ksbb.de/" "Mozilla/4.0 (compatible; MSIE 8.0; Windows NT 5.1; Trident/4.0)"
89.178.219.151 - - [12/Oct/2013:15:07:30 +0200] "GET /images/pcmphc1.gif HTTP/1.1" 200 2164 "http://www.ksbb.de/" "Mozilla/4.0 (compatible; MSIE 8.0; Windows NT 5.1; Trident/4.0)"
89.178.219.151 - - [12/Oct/2013:15:07:30 +0200] "GET /images/pcmpc1.gif HTTP/1.1" 200 1155 "http://www.ksbb.de/" "Mozilla/4.0 (compatible; MSIE 8.0; Windows NT 5.1; Trident/4.0)"
89.178.219.151 - - [12/Oct/2013:15:07:30 +0200] "GET /images/pcmphc2.gif HTTP/1.1" 200 2299 "http://www.ksbb.de/" "Mozilla/4.0 (compatible; MSIE 8.0; Windows NT 5.1; Trident/4.0)"
89.178.219.151 - - [12/Oct/2013:15:07:30 +0200] "GET /images/phnvmtht1.gif HTTP/1.1" 200 2613 "http://www.ksbb.de/" "Mozilla/4.0 (compatible; MSIE 8.0; Windows NT 5.1; Trident/4.0)"
89.178.219.151 - - [12/Oct/2013:15:07:30 +0200] "GET /images/phnvmtht3.gif HTTP/1.1" 200 2679 "http://www.ksbb.de/" "Mozilla/4.0 (compatible; MSIE 8.0; Windows NT 5.1; Trident/4.0)"
89.178.219.151 - - [12/Oct/2013:15:07:30 +0200] "GET /images/phnvmtht2.gif HTTP/1.1" 200 1696 "http://www.ksbb.de/" "Mozilla/4.0 (compatible; MSIE 8.0; Windows NT 5.1; Trident/4.0)"
89.178.219.151 - - [12/Oct/2013:15:07:30 +0200] "GET /images/phnvmtht5.gif HTTP/1.1" 200 2500 "http://www.ksbb.de/" "Mozilla/4.0 (compatible; MSIE 8.0; Windows NT 5.1; Trident/4.0)"
89.178.219.151 - - [12/Oct/2013:15:07:30 +0200] "GET /images/phnvmtht7.gif HTTP/1.1" 200 2615 "http://www.ksbb.de/" "Mozilla/4.0 (compatible; MSIE 8.0; Windows NT 5.1; Trident/4.0)"
89.178.219.151 - - [12/Oct/2013:15:07:30 +0200] "GET /images/pmthm1.gif HTTP/1.1" 200 2169 "http://www.ksbb.de/" "Mozilla/4.0 (compatible; MSIE 8.0; Windows NT 5.1; Trident/4.0)"
89.178.219.151 - - [12/Oct/2013:15:07:30 +0200] "GET /images/phnvmtht6.gif HTTP/1.1" 200 1696 "http://www.ksbb.de/" "Mozilla/4.0 (compatible; MSIE 8.0; Windows NT 5.1; Trident/4.0)"
89.178.219.151 - - [12/Oct/2013:15:07:30 +0200] "GET /images/pmthm2.gif HTTP/1.1" 200 1209 "http://www.ksbb.de/" "Mozilla/4.0 (compatible; MSIE 8.0; Windows NT 5.1; Trident/4.0)"
89.178.219.151 - - [12/Oct/2013:15:07:30 +0200] "GET /images/pmthm4.gif HTTP/1.1" 200 2518 "http://www.ksbb.de/" "Mozilla/4.0 (compatible; MSIE 8.0; Windows NT 5.1; Trident/4.0)"
89.178.219.151 - - [12/Oct/2013:15:07:30 +0200] "GET /images/pmthm5.gif HTTP/1.1" 200 2381 "http://www.ksbb.de/" "Mozilla/4.0 (compatible; MSIE 8.0; Windows NT 5.1; Trident/4.0)"
89.178.219.151 - - [12/Oct/2013:15:07:30 +0200] "GET /images/pmthm3.gif HTTP/1.1" 200 2275 "http://www.ksbb.de/" "Mozilla/4.0 (compatible; MSIE 8.0; Windows NT 5.1; Trident/4.0)"
89.178.219.151 - - [12/Oct/2013:15:07:30 +0200] "GET /images/pmthm6.gif HTTP/1.1" 200 1209 "http://www.ksbb.de/" "Mozilla/4.0 (compatible; MSIE 8.0; Windows NT 5.1; Trident/4.0)"
89.178.219.151 - - [12/Oct/2013:15:07:31 +0200] "GET /images/pmthm7.gif HTTP/1.1" 200 2195 "http://www.ksbb.de/" "Mozilla/4.0 (compatible; MSIE 8.0; Windows NT 5.1; Trident/4.0)"
89.178.219.151 - - [12/Oct/2013:15:07:31 +0200] "GET /images/psd.gif HTTP/1.1" 200 111 "http://www.ksbb.de/" "Mozilla/4.0 (compatible; MSIE 8.0; Windows NT 5.1; Trident/4.0)"
89.178.219.151 - - [12/Oct/2013:15:07:31 +0200] "GET /images/55275_72.jpg HTTP/1.1" 200 2381 "http://www.ksbb.de/" "Mozilla/4.0 (compatible; MSIE 8.0; Windows NT 5.1; Trident/4.0)"
89.178.219.151 - - [12/Oct/2013:15:07:31 +0200] "GET /images/plmc.gif HTTP/1.1" 200 166 "http://www.ksbb.de/" "Mozilla/4.0 (compatible; MSIE 8.0; Windows NT 5.1; Trident/4.0)"
89.178.219.151 - - [12/Oct/2013:15:07:31 +0200] "GET /images/plbt.gif HTTP/1.1" 200 161 "http://www.ksbb.de/" "Mozilla/4.0 (compatible; MSIE 8.0; Windows NT 5.1; Trident/4.0)"
89.178.219.151 - - [12/Oct/2013:15:07:31 +0200] "GET /images/ksbb1_sbp.jpg HTTP/1.1" 200 3871 "http://www.ksbb.de/" "Mozilla/4.0 (compatible; MSIE 8.0; Windows NT 5.1; Trident/4.0)"
89.178.219.151 - - [12/Oct/2013:15:07:31 +0200] "GET /images/ulslogosbp_sbp.jpg HTTP/1.1" 200 1896 "http://www.ksbb.de/" "Mozilla/4.0 (compatible; MSIE 8.0; Windows NT 5.1; Trident/4.0)"
89.178.219.151 - - [12/Oct/2013:15:07:31 +0200] "GET /images/iso9001_sbp.jpg HTTP/1.1" 200 4462 "http://www.ksbb.de/" "Mozilla/4.0 (compatible; MSIE 8.0; Windows NT 5.1; Trident/4.0)"
89.178.219.151 - - [12/Oct/2013:15:07:31 +0200] "GET /images/logoprofex_sbp.gif HTTP/1.1" 200 3524 "http://www.ksbb.de/" "Mozilla/4.0 (compatible; MSIE 8.0; Windows NT 5.1; Trident/4.0)"
89.178.219.151 - - [12/Oct/2013:15:07:31 +0200] "GET /images/pbg.gif HTTP/1.1" 200 52 "http://www.ksbb.de/" "Mozilla/4.0 (compatible; MSIE 8.0; Windows NT 5.1; Trident/4.0)"
89.178.219.151 - - [12/Oct/2013:15:07:31 +0200] "GET /images/plnkn.gif HTTP/1.1" 200 95 "http://www.ksbb.de/" "Mozilla/4.0 (compatible; MSIE 8.0; Windows NT 5.1; Trident/4.0)"
89.178.219.151 - - [12/Oct/2013:15:07:31 +0200] "GET /images/plvt.gif HTTP/1.1" 200 53 "http://www.ksbb.de/" "Mozilla/4.0 (compatible; MSIE 8.0; Windows NT 5.1; Trident/4.0)"
89.178.219.151 - - [12/Oct/2013:15:07:31 +0200] "GET /images/pcmpc2.gif HTTP/1.1" 200 1240 "http://www.ksbb.de/" "Mozilla/4.0 (compatible; MSIE 8.0; Windows NT 5.1; Trident/4.0)"
89.178.219.151 - - [12/Oct/2013:15:07:31 +0200] "GET /images/phnvmtht4.gif HTTP/1.1" 200 2627 "http://www.ksbb.de/" "Mozilla/4.0 (compatible; MSIE 8.0; Windows NT 5.1; Trident/4.0)"
141.8.147.12 - - [12/Oct/2013:15:18:52 +0200] "GET /images/pnvtt4m1.gif HTTP/1.1" 304 - "-" "Mozilla/5.0 (compatible; YandexImages/3.0; +http://yandex.com/bots)"
141.8.147.12 - - [12/Oct/2013:15:21:38 +0200] "GET /images/pmtm2.gif HTTP/1.1" 304 - "-" "Mozilla/5.0 (compatible; YandexImages/3.0; +http://yandex.com/bots)"
141.8.147.12 - - [12/Oct/2013:15:23:25 +0200] "GET /images/pnvtst1m1.gif HTTP/1.1" 304 - "-" "Mozilla/5.0 (compatible; YandexImages/3.0; +http://yandex.com/bots)"
141.8.147.12 - - [12/Oct/2013:15:26:06 +0200] "GET /images/pnvtst1m4.gif HTTP/1.1" 304 - "-" "Mozilla/5.0 (compatible; YandexImages/3.0; +http://yandex.com/bots)"
141.8.147.12 - - [12/Oct/2013:15:27:38 +0200] "GET /images/pmtm3.gif HTTP/1.1" 304 - "-" "Mozilla/5.0 (compatible; YandexImages/3.0; +http://yandex.com/bots)"
141.8.147.12 - - [12/Oct/2013:15:44:17 +0200] "GET /images/pnvtst3m1.gif HTTP/1.1" 304 - "-" "Mozilla/5.0 (compatible; YandexImages/3.0; +http://yandex.com/bots)"
141.8.147.12 - - [12/Oct/2013:15:49:32 +0200] "GET /images/pnvtt3m1.gif HTTP/1.1" 304 - "-" "Mozilla/5.0 (compatible; YandexImages/3.0; +http://yandex.com/bots)"
141.8.147.12 - - [12/Oct/2013:15:51:00 +0200] "GET /images/pmtsm3.gif HTTP/1.1" 304 - "-" "Mozilla/5.0 (compatible; YandexImages/3.0; +http://yandex.com/bots)"
141.8.147.12 - - [12/Oct/2013:16:01:23 +0200] "GET /images/pd.gif HTTP/1.1" 304 - "-" "Mozilla/5.0 (compatible; YandexImages/3.0; +http://yandex.com/bots)"
141.8.147.12 - - [12/Oct/2013:16:02:14 +0200] "GET /images/pnvtst2m6.gif HTTP/1.1" 304 - "-" "Mozilla/5.0 (compatible; YandexImages/3.0; +http://yandex.com/bots)"
5.10.83.80 - - [12/Oct/2013:16:15:27 +0200] "GET /images/ss38095.jpg HTTP/1.1" 200 83298 "-" "Mozilla/5.0 (compatible; AhrefsBot/5.0; +http://ahrefs.com/robot/)"
141.8.147.12 - - [12/Oct/2013:16:15:33 +0200] "GET /images/pnvtst4m2.gif HTTP/1.1" 304 - "-" "Mozilla/5.0 (compatible; YandexImages/3.0; +http://yandex.com/bots)"
141.8.147.12 - - [12/Oct/2013:16:18:28 +0200] "GET /images/pnvtt2m2.gif HTTP/1.1" 304 - "-" "Mozilla/5.0 (compatible; YandexImages/3.0; +http://yandex.com/bots)"
141.8.147.12 - - [12/Oct/2013:16:25:13 +0200] "GET /images/pbk.gif HTTP/1.1" 304 - "-" "Mozilla/5.0 (compatible; YandexImages/3.0; +http://yandex.com/bots)"
141.8.147.12 - - [12/Oct/2013:16:33:03 +0200] "GET /images/pnvtt2m6.gif HTTP/1.1" 304 - "-" "Mozilla/5.0 (compatible; YandexImages/3.0; +http://yandex.com/bots)"
141.8.147.12 - - [12/Oct/2013:16:36:05 +0200] "GET /images/pnvtt1m6.gif HTTP/1.1" 304 - "-" "Mozilla/5.0 (compatible; YandexImages/3.0; +http://yandex.com/bots)"
109.192.195.37 - - [12/Oct/2013:16:51:38 +0200] "GET /chiptan HTTP/1.1" 404 - "-" "Mozilla/5.0 (Windows NT 6.0; rv:23.0) Gecko/20100101 Firefox/23.0"
141.8.147.12 - - [12/Oct/2013:16:53:53 +0200] "GET /images/plmb.gif HTTP/1.1" 304 - "-" "Mozilla/5.0 (compatible; YandexImages/3.0; +http://yandex.com/bots)"
141.8.147.12 - - [12/Oct/2013:16:56:04 +0200] "GET /images/pmtsm7.gif HTTP/1.1" 304 - "-" "Mozilla/5.0 (compatible; YandexImages/3.0; +http://yandex.com/bots)"
141.8.147.12 - - [12/Oct/2013:16:58:31 +0200] "GET /images/pmtm1.gif HTTP/1.1" 304 - "-" "Mozilla/5.0 (compatible; YandexImages/3.0; +http://yandex.com/bots)"
66.249.78.44 - - [12/Oct/2013:17:01:27 +0200] "GET /robots.txt HTTP/1.1" 404 - "-" "Mozilla/5.0 (compatible; Googlebot/2.1; +http://www.google.com/bot.html)"
66.249.78.44 - - [12/Oct/2013:17:01:27 +0200] "GET /00000398730fcd910.php HTTP/1.1" 200 22421 "-" "Mozilla/5.0 (iPhone; U; CPU iPhone OS 4_1 like Mac OS X; en-us) AppleWebKit/532.9 (KHTML, like Gecko) Version/4.0.5 Mobile/8B117 Safari/6531.22.7 (compatible; Googlebot-Mobile/2.1; +http://www.google.com/bot.html)"
66.249.78.44 - - [12/Oct/2013:17:07:58 +0200] "GET /dqdkwsfwmpddukc.html HTTP/1.1" 404 - "-" "Mozilla/5.0 (compatible; Googlebot/2.1; +http://www.google.com/bot.html)"
141.8.147.12 - - [12/Oct/2013:17:09:37 +0200] "GET /images/phnvmtt7.gif HTTP/1.1" 304 - "-" "Mozilla/5.0 (compatible; YandexImages/3.0; +http://yandex.com/bots)"
5.10.83.89 - - [12/Oct/2013:17:32:25 +0200] "GET /00000398730fce012.php HTTP/1.1" 200 22678 "-" "Mozilla/5.0 (compatible; AhrefsBot/5.0; +http://ahrefs.com/robot/)"
66.249.78.44 - - [12/Oct/2013:17:41:49 +0200] "GET /images/ss04093.jpg HTTP/1.1" 304 - "-" "Googlebot-Image/1.0"
141.8.147.12 - - [12/Oct/2013:17:44:03 +0200] "GET /images/phnvmtt3.gif HTTP/1.1" 304 - "-" "Mozilla/5.0 (compatible; YandexImages/3.0; +http://yandex.com/bots)"
141.8.147.12 - - [12/Oct/2013:17:46:59 +0200] "GET /images/psd.gif HTTP/1.1" 304 - "-" "Mozilla/5.0 (compatible; YandexImages/3.0; +http://yandex.com/bots)"
141.8.147.12 - - [12/Oct/2013:17:48:30 +0200] "GET /images/pmtm5.gif HTTP/1.1" 304 - "-" "Mozilla/5.0 (compatible; YandexImages/3.0; +http://yandex.com/bots)"
141.8.147.12 - - [12/Oct/2013:18:01:14 +0200] "GET /images/pbx.gif HTTP/1.1" 304 - "-" "Mozilla/5.0 (compatible; YandexImages/3.0; +http://yandex.com/bots)"
141.8.147.12 - - [12/Oct/2013:18:02:02 +0200] "GET /images/phnvmtt1.gif HTTP/1.1" 304 - "-" "Mozilla/5.0 (compatible; YandexImages/3.0; +http://yandex.com/bots)"
141.8.147.12 - - [12/Oct/2013:18:17:33 +0200] "GET /images/pnvtt2m1.gif HTTP/1.1" 304 - "-" "Mozilla/5.0 (compatible; YandexImages/3.0; +http://yandex.com/bots)"
141.8.147.12 - - [12/Oct/2013:18:18:59 +0200] "GET /images/pmtsm1.gif HTTP/1.1" 304 - "-" "Mozilla/5.0 (compatible; YandexImages/3.0; +http://yandex.com/bots)"
141.8.147.12 - - [12/Oct/2013:18:32:28 +0200] "GET /images/pnvtst1m6.gif HTTP/1.1" 304 - "-" "Mozilla/5.0 (compatible; YandexImages/3.0; +http://yandex.com/bots)"
141.8.147.12 - - [12/Oct/2013:18:32:37 +0200] "GET /images/pcmpc1.gif HTTP/1.1" 304 - "-" "Mozilla/5.0 (compatible; YandexImages/3.0; +http://yandex.com/bots)"
66.249.78.44 - - [12/Oct/2013:18:34:21 +0200] "GET /00000398730fcd910.php HTTP/1.1" 200 22421 "-" "Mozilla/5.0 (iPhone; CPU iPhone OS 6_0 like Mac OS X) AppleWebKit/536.26 (KHTML, like Gecko) Version/6.0 Mobile/10A5376e Safari/8536.25 (compatible; Googlebot-Mobile/2.1; +http://www.google.com/bot.html)"
141.8.147.12 - - [12/Oct/2013:18:37:12 +0200] "GET /images/pnvtst2m2.gif HTTP/1.1" 304 - "-" "Mozilla/5.0 (compatible; YandexImages/3.0; +http://yandex.com/bots)"
141.8.147.12 - - [12/Oct/2013:18:37:39 +0200] "GET /images/plnkn.gif HTTP/1.1" 304 - "-" "Mozilla/5.0 (compatible; YandexImages/3.0; +http://yandex.com/bots)"
141.8.147.12 - - [12/Oct/2013:18:46:19 +0200] "GET /images/pmtm7.gif HTTP/1.1" 304 - "-" "Mozilla/5.0 (compatible; YandexImages/3.0; +http://yandex.com/bots)"
141.8.147.12 - - [12/Oct/2013:18:47:59 +0200] "GET /images/pmtm4.gif HTTP/1.1" 304 - "-" "Mozilla/5.0 (compatible; YandexImages/3.0; +http://yandex.com/bots)"
141.8.147.12 - - [12/Oct/2013:18:52:05 +0200] "GET /images/pcp.gif HTTP/1.1" 304 - "-" "Mozilla/5.0 (compatible; YandexImages/3.0; +http://yandex.com/bots)"
141.8.147.12 - - [12/Oct/2013:18:54:34 +0200] "GET /images/plmc.gif HTTP/1.1" 304 - "-" "Mozilla/5.0 (compatible; YandexImages/3.0; +http://yandex.com/bots)"
141.8.147.12 - - [12/Oct/2013:19:14:04 +0200] "GET /images/pnvtst1m5.gif HTTP/1.1" 304 - "-" "Mozilla/5.0 (compatible; YandexImages/3.0; +http://yandex.com/bots)"
141.8.147.12 - - [12/Oct/2013:19:15:26 +0200] "GET /images/phomesm0.gif HTTP/1.1" 304 - "-" "Mozilla/5.0 (compatible; YandexImages/3.0; +http://yandex.com/bots)"
141.8.147.12 - - [12/Oct/2013:19:19:11 +0200] "GET /images/pnvtst2m1.gif HTTP/1.1" 304 - "-" "Mozilla/5.0 (compatible; YandexImages/3.0; +http://yandex.com/bots)"
5.10.83.81 - - [12/Oct/2013:19:27:43 +0200] "GET /000001985b0d93482/000001985b0da2285/index.php HTTP/1.1" 200 16416 "-" "Mozilla/5.0 (compatible; AhrefsBot/5.0; +http://ahrefs.com/robot/)"
141.8.147.12 - - [12/Oct/2013:20:17:18 +0200] "GET /robots.txt HTTP/1.1" 404 - "-" "Mozilla/5.0 (compatible; YandexBot/3.0; +http://yandex.com/bots)"
141.8.147.12 - - [12/Oct/2013:20:17:20 +0200] "GET /images/pnvtt4m2.gif HTTP/1.1" 304 - "-" "Mozilla/5.0 (compatible; YandexImages/3.0; +http://yandex.com/bots)"
5.10.83.48 - - [12/Oct/2013:20:27:55 +0200] "GET /00000198660c9d618/00000198660cdce24/index.php HTTP/1.1" 200 17970 "-" "Mozilla/5.0 (compatible; AhrefsBot/5.0; +http://ahrefs.com/robot/)"
141.8.147.12 - - [12/Oct/2013:20:32:10 +0200] "GET /images/pmtsm2.gif HTTP/1.1" 304 - "-" "Mozilla/5.0 (compatible; YandexImages/3.0; +http://yandex.com/bots)"
141.8.147.12 - - [12/Oct/2013:20:42:13 +0200] "GET /images/phnvmtt4.gif HTTP/1.1" 304 - "-" "Mozilla/5.0 (compatible; YandexImages/3.0; +http://yandex.com/bots)"
141.8.147.12 - - [12/Oct/2013:20:43:14 +0200] "GET /images/pnvtt1m1.gif HTTP/1.1" 304 - "-" "Mozilla/5.0 (compatible; YandexImages/3.0; +http://yandex.com/bots)"
141.8.147.12 - - [12/Oct/2013:20:46:45 +0200] "GET /images/pmr.gif HTTP/1.1" 304 - "-" "Mozilla/5.0 (compatible; YandexImages/3.0; +http://yandex.com/bots)"
141.8.147.12 - - [12/Oct/2013:20:48:03 +0200] "GET /images/pnvtt1m5.gif HTTP/1.1" 304 - "-" "Mozilla/5.0 (compatible; YandexImages/3.0; +http://yandex.com/bots)"
141.8.147.12 - - [12/Oct/2013:20:51:41 +0200] "GET /images/phomem0.gif HTTP/1.1" 304 - "-" "Mozilla/5.0 (compatible; YandexImages/3.0; +http://yandex.com/bots)"
66.249.78.44 - - [12/Oct/2013:21:05:39 +0200] "GET /00000398730fcd910.php HTTP/1.1" 200 22421 "-" "Mozilla/5.0 (compatible; Googlebot/2.1; +http://www.google.com/bot.html)"
66.249.78.44 - - [12/Oct/2013:21:11:21 +0200] "GET /assets/ssb.css HTTP/1.1" 200 657 "-" "Mozilla/5.0 (compatible; Googlebot/2.1; +http://www.google.com/bot.html)"
46.223.47.138 - - [12/Oct/2013:21:39:57 +0200] "GET / HTTP/1.1" 200 24292 "-" "Mozilla/5.0 (Windows NT 6.1; WOW64; rv:24.0) Gecko/20100101 Firefox/24.0"
46.223.47.138 - - [12/Oct/2013:21:39:57 +0200] "GET /assets/s.css HTTP/1.1" 200 3386 "http://www.ksbb.de/" "Mozilla/5.0 (Windows NT 6.1; WOW64; rv:24.0) Gecko/20100101 Firefox/24.0"
46.223.47.138 - - [12/Oct/2013:21:39:57 +0200] "GET /assets/ssb.css HTTP/1.1" 200 657 "http://www.ksbb.de/" "Mozilla/5.0 (Windows NT 6.1; WOW64; rv:24.0) Gecko/20100101 Firefox/24.0"
46.223.47.138 - - [12/Oct/2013:21:39:57 +0200] "GET /images/pcp.gif HTTP/1.1" 200 43 "http://www.ksbb.de/" "Mozilla/5.0 (Windows NT 6.1; WOW64; rv:24.0) Gecko/20100101 Firefox/24.0"
46.223.47.138 - - [12/Oct/2013:21:39:57 +0200] "GET /images/pltp.gif HTTP/1.1" 200 160 "http://www.ksbb.de/" "Mozilla/5.0 (Windows NT 6.1; WOW64; rv:24.0) Gecko/20100101 Firefox/24.0"
46.223.47.138 - - [12/Oct/2013:21:39:57 +0200] "GET /images/phomesm0.gif HTTP/1.1" 200 2239 "http://www.ksbb.de/" "Mozilla/5.0 (Windows NT 6.1; WOW64; rv:24.0) Gecko/20100101 Firefox/24.0"
46.223.47.138 - - [12/Oct/2013:21:39:57 +0200] "GET /images/pmtm1.gif HTTP/1.1" 200 1155 "http://www.ksbb.de/" "Mozilla/5.0 (Windows NT 6.1; WOW64; rv:24.0) Gecko/20100101 Firefox/24.0"
46.223.47.138 - - [12/Oct/2013:21:39:57 +0200] "GET /images/pmtm2.gif HTTP/1.1" 200 628 "http://www.ksbb.de/" "Mozilla/5.0 (Windows NT 6.1; WOW64; rv:24.0) Gecko/20100101 Firefox/24.0"
46.223.47.138 - - [12/Oct/2013:21:39:57 +0200] "GET /images/plms.gif HTTP/1.1" 200 68 "http://www.ksbb.de/" "Mozilla/5.0 (Windows NT 6.1; WOW64; rv:24.0) Gecko/20100101 Firefox/24.0"
46.223.47.138 - - [12/Oct/2013:21:39:57 +0200] "GET /images/pmtm3.gif HTTP/1.1" 200 2032 "http://www.ksbb.de/" "Mozilla/5.0 (Windows NT 6.1; WOW64; rv:24.0) Gecko/20100101 Firefox/24.0"
46.223.47.138 - - [12/Oct/2013:21:39:57 +0200] "GET /images/pmtm4.gif HTTP/1.1" 200 2316 "http://www.ksbb.de/" "Mozilla/5.0 (Windows NT 6.1; WOW64; rv:24.0) Gecko/20100101 Firefox/24.0"
46.223.47.138 - - [12/Oct/2013:21:39:57 +0200] "GET /images/pmtm6.gif HTTP/1.1" 200 628 "http://www.ksbb.de/" "Mozilla/5.0 (Windows NT 6.1; WOW64; rv:24.0) Gecko/20100101 Firefox/24.0"
46.223.47.138 - - [12/Oct/2013:21:39:57 +0200] "GET /images/pmtm5.gif HTTP/1.1" 200 2185 "http://www.ksbb.de/" "Mozilla/5.0 (Windows NT 6.1; WOW64; rv:24.0) Gecko/20100101 Firefox/24.0"
46.223.47.138 - - [12/Oct/2013:21:39:57 +0200] "GET /images/plma.gif HTTP/1.1" 200 164 "http://www.ksbb.de/" "Mozilla/5.0 (Windows NT 6.1; WOW64; rv:24.0) Gecko/20100101 Firefox/24.0"
46.223.47.138 - - [12/Oct/2013:21:39:57 +0200] "GET /images/pmtm7.gif HTTP/1.1" 200 1174 "http://www.ksbb.de/" "Mozilla/5.0 (Windows NT 6.1; WOW64; rv:24.0) Gecko/20100101 Firefox/24.0"
46.223.47.138 - - [12/Oct/2013:21:39:57 +0200] "GET /images/plogo.gif HTTP/1.1" 200 18153 "http://www.ksbb.de/" "Mozilla/5.0 (Windows NT 6.1; WOW64; rv:24.0) Gecko/20100101 Firefox/24.0"
