79.236.142.41 - - [24/Oct/2013:22:27:38 +0200] "GET /images/pbx.gif HTTP/1.1" 200 99 "http://www.ksbb.de/000001985b0e5e29a/000001985f0d8f113/index.php" "Mozilla/5.0 (Windows NT 6.1; WOW64; rv:10.0.1) Gecko/20100101 Firefox/10.0.1"
79.236.142.41 - - [24/Oct/2013:22:27:38 +0200] "GET /images/pcmpc1.gif HTTP/1.1" 200 1155 "http://www.ksbb.de/000001985b0e5e29a/000001985f0d8f113/index.php" "Mozilla/5.0 (Windows NT 6.1; WOW64; rv:10.0.1) Gecko/20100101 Firefox/10.0.1"
79.236.142.41 - - [24/Oct/2013:22:27:38 +0200] "GET /images/pbul.gif HTTP/1.1" 200 97 "http://www.ksbb.de/000001985b0e5e29a/000001985f0d8f113/index.php" "Mozilla/5.0 (Windows NT 6.1; WOW64; rv:10.0.1) Gecko/20100101 Firefox/10.0.1"
79.236.142.41 - - [24/Oct/2013:22:27:38 +0200] "GET /images/30288_158.jpg HTTP/1.1" 200 6435 "http://www.ksbb.de/000001985b0e5e29a/000001985f0d8f113/index.php" "Mozilla/5.0 (Windows NT 6.1; WOW64; rv:10.0.1) Gecko/20100101 Firefox/10.0.1"
79.236.142.41 - - [24/Oct/2013:22:27:38 +0200] "GET /images/pcmphc1.gif HTTP/1.1" 200 2164 "http://www.ksbb.de/000001985b0e5e29a/000001985f0d8f113/index.php" "Mozilla/5.0 (Windows NT 6.1; WOW64; rv:10.0.1) Gecko/20100101 Firefox/10.0.1"
79.236.142.41 - - [24/Oct/2013:22:27:39 +0200] "GET /images/pcmpc2.gif HTTP/1.1" 200 1240 "http://www.ksbb.de/000001985b0e5e29a/000001985f0d8f113/index.php" "Mozilla/5.0 (Windows NT 6.1; WOW64; rv:10.0.1) Gecko/20100101 Firefox/10.0.1"
79.236.142.41 - - [24/Oct/2013:22:27:39 +0200] "GET /images/pcmphc2.gif HTTP/1.1" 200 2299 "http://www.ksbb.de/000001985b0e5e29a/000001985f0d8f113/index.php" "Mozilla/5.0 (Windows NT 6.1; WOW64; rv:10.0.1) Gecko/20100101 Firefox/10.0.1"
79.236.142.41 - - [24/Oct/2013:22:27:39 +0200] "GET /images/pnvtht1m2.gif HTTP/1.1" 200 2616 "http://www.ksbb.de/000001985b0e5e29a/000001985f0d8f113/index.php" "Mozilla/5.0 (Windows NT 6.1; WOW64; rv:10.0.1) Gecko/20100101 Firefox/10.0.1"
79.236.142.41 - - [24/Oct/2013:22:27:39 +0200] "GET /images/pnvtht2m2.gif HTTP/1.1" 200 2519 "http://www.ksbb.de/000001985b0e5e29a/000001985f0d8f113/index.php" "Mozilla/5.0 (Windows NT 6.1; WOW64; rv:10.0.1) Gecko/20100101 Firefox/10.0.1"
79.236.142.41 - - [24/Oct/2013:22:27:39 +0200] "GET /images/pnvtht3m2.gif HTTP/1.1" 200 2673 "http://www.ksbb.de/000001985b0e5e29a/000001985f0d8f113/index.php" "Mozilla/5.0 (Windows NT 6.1; WOW64; rv:10.0.1) Gecko/20100101 Firefox/10.0.1"
79.236.142.41 - - [24/Oct/2013:22:27:39 +0200] "GET /images/pnvtsht4m2.gif HTTP/1.1" 200 2630 "http://www.ksbb.de/000001985b0e5e29a/000001985f0d8f113/index.php" "Mozilla/5.0 (Windows NT 6.1; WOW64; rv:10.0.1) Gecko/20100101 Firefox/10.0.1"
79.236.142.41 - - [24/Oct/2013:22:27:39 +0200] "GET /images/phomehm0.gif HTTP/1.1" 200 2254 "http://www.ksbb.de/000001985b0e5e29a/000001985f0d8f113/index.php" "Mozilla/5.0 (Windows NT 6.1; WOW64; rv:10.0.1) Gecko/20100101 Firefox/10.0.1"
79.236.142.41 - - [24/Oct/2013:22:27:39 +0200] "GET /images/pmthm1.gif HTTP/1.1" 200 2169 "http://www.ksbb.de/000001985b0e5e29a/000001985f0d8f113/index.php" "Mozilla/5.0 (Windows NT 6.1; WOW64; rv:10.0.1) Gecko/20100101 Firefox/10.0.1"
79.236.142.41 - - [24/Oct/2013:22:27:39 +0200] "GET /images/pmthm3.gif HTTP/1.1" 200 2275 "http://www.ksbb.de/000001985b0e5e29a/000001985f0d8f113/index.php" "Mozilla/5.0 (Windows NT 6.1; WOW64; rv:10.0.1) Gecko/20100101 Firefox/10.0.1"
79.236.142.41 - - [24/Oct/2013:22:27:39 +0200] "GET /images/pmthm4.gif HTTP/1.1" 200 2518 "http://www.ksbb.de/000001985b0e5e29a/000001985f0d8f113/index.php" "Mozilla/5.0 (Windows NT 6.1; WOW64; rv:10.0.1) Gecko/20100101 Firefox/10.0.1"
79.236.142.41 - - [24/Oct/2013:22:27:39 +0200] "GET /images/pmthm5.gif HTTP/1.1" 200 2381 "http://www.ksbb.de/000001985b0e5e29a/000001985f0d8f113/index.php" "Mozilla/5.0 (Windows NT 6.1; WOW64; rv:10.0.1) Gecko/20100101 Firefox/10.0.1"
79.236.142.41 - - [24/Oct/2013:22:27:39 +0200] "GET /images/pmthm6.gif HTTP/1.1" 200 1209 "http://www.ksbb.de/000001985b0e5e29a/000001985f0d8f113/index.php" "Mozilla/5.0 (Windows NT 6.1; WOW64; rv:10.0.1) Gecko/20100101 Firefox/10.0.1"
79.236.142.41 - - [24/Oct/2013:22:27:39 +0200] "GET /images/pmthm7.gif HTTP/1.1" 200 2195 "http://www.ksbb.de/000001985b0e5e29a/000001985f0d8f113/index.php" "Mozilla/5.0 (Windows NT 6.1; WOW64; rv:10.0.1) Gecko/20100101 Firefox/10.0.1"
79.236.142.41 - - [24/Oct/2013:22:27:39 +0200] "GET /images/psd.gif HTTP/1.1" 200 111 "http://www.ksbb.de/000001985b0e5e29a/000001985f0d8f113/index.php" "Mozilla/5.0 (Windows NT 6.1; WOW64; rv:10.0.1) Gecko/20100101 Firefox/10.0.1"
79.236.142.41 - - [24/Oct/2013:22:27:39 +0200] "GET /images/pbg.gif HTTP/1.1" 200 52 "http://www.ksbb.de/000001985b0e5e29a/000001985f0d8f113/index.php" "Mozilla/5.0 (Windows NT 6.1; WOW64; rv:10.0.1) Gecko/20100101 Firefox/10.0.1"
79.236.142.41 - - [24/Oct/2013:22:27:39 +0200] "GET /images/plvt.gif HTTP/1.1" 200 53 "http://www.ksbb.de/000001985b0e5e29a/000001985f0d8f113/index.php" "Mozilla/5.0 (Windows NT 6.1; WOW64; rv:10.0.1) Gecko/20100101 Firefox/10.0.1"
79.236.142.41 - - [24/Oct/2013:22:27:39 +0200] "GET /images/plmc.gif HTTP/1.1" 200 166 "http://www.ksbb.de/000001985b0e5e29a/000001985f0d8f113/index.php" "Mozilla/5.0 (Windows NT 6.1; WOW64; rv:10.0.1) Gecko/20100101 Firefox/10.0.1"
79.236.142.41 - - [24/Oct/2013:22:27:39 +0200] "GET /images/plbt.gif HTTP/1.1" 200 161 "http://www.ksbb.de/000001985b0e5e29a/000001985f0d8f113/index.php" "Mozilla/5.0 (Windows NT 6.1; WOW64; rv:10.0.1) Gecko/20100101 Firefox/10.0.1"
79.236.142.41 - - [24/Oct/2013:22:27:39 +0200] "GET /images/ksbb1_sbp.jpg HTTP/1.1" 200 3871 "http://www.ksbb.de/000001985b0e5e29a/000001985f0d8f113/index.php" "Mozilla/5.0 (Windows NT 6.1; WOW64; rv:10.0.1) Gecko/20100101 Firefox/10.0.1"
79.236.142.41 - - [24/Oct/2013:22:27:39 +0200] "GET /images/ulslogosbp_sbp.jpg HTTP/1.1" 200 1896 "http://www.ksbb.de/000001985b0e5e29a/000001985f0d8f113/index.php" "Mozilla/5.0 (Windows NT 6.1; WOW64; rv:10.0.1) Gecko/20100101 Firefox/10.0.1"
79.236.142.41 - - [24/Oct/2013:22:27:39 +0200] "GET /images/iso9001_sbp.jpg HTTP/1.1" 200 4462 "http://www.ksbb.de/000001985b0e5e29a/000001985f0d8f113/index.php" "Mozilla/5.0 (Windows NT 6.1; WOW64; rv:10.0.1) Gecko/20100101 Firefox/10.0.1"
79.236.142.41 - - [24/Oct/2013:22:27:39 +0200] "GET /images/logoprofex_sbp.gif HTTP/1.1" 200 3524 "http://www.ksbb.de/000001985b0e5e29a/000001985f0d8f113/index.php" "Mozilla/5.0 (Windows NT 6.1; WOW64; rv:10.0.1) Gecko/20100101 Firefox/10.0.1"
79.236.142.41 - - [24/Oct/2013:22:28:15 +0200] "GET /images/30288.jpg HTTP/1.1" 200 184160 "http://www.ksbb.de/000001985b0e5e29a/000001985f0d8f113/index.php" "Mozilla/5.0 (Windows NT 6.1; WOW64; rv:10.0.1) Gecko/20100101 Firefox/10.0.1"
141.8.147.12 - - [24/Oct/2013:22:28:56 +0200] "GET /000001985b0ce1e49/index.php HTTP/1.1" 200 14920 "-" "Mozilla/5.0 (compatible; YandexBot/3.0; +http://yandex.com/bots)"
79.236.142.41 - - [24/Oct/2013:22:29:33 +0200] "GET /000001985b0e5e29a/000001985f0d8f113/index.php HTTP/1.1" 200 20348 "http://www.ksbb.de/000001985b0e5e29a/000001985f0d8f113/index.php" "Mozilla/5.0 (Windows NT 6.1; WOW64; rv:10.0.1) Gecko/20100101 Firefox/10.0.1"
79.236.142.41 - - [24/Oct/2013:22:30:36 +0200] "GET /000001985b0e5e29a/000001985f0d1bf04/index.php HTTP/1.1" 200 17309 "http://www.ksbb.de/000001985b0e5e29a/000001985f0d8f113/index.php" "Mozilla/5.0 (Windows NT 6.1; WOW64; rv:10.0.1) Gecko/20100101 Firefox/10.0.1"
79.236.142.41 - - [24/Oct/2013:22:30:36 +0200] "GET /images/pnvtst2m2.gif HTTP/1.1" 200 2519 "http://www.ksbb.de/000001985b0e5e29a/000001985f0d1bf04/index.php" "Mozilla/5.0 (Windows NT 6.1; WOW64; rv:10.0.1) Gecko/20100101 Firefox/10.0.1"
79.236.142.41 - - [24/Oct/2013:22:30:36 +0200] "GET /images/pnvtsht2m2.gif HTTP/1.1" 200 2519 "http://www.ksbb.de/000001985b0e5e29a/000001985f0d1bf04/index.php" "Mozilla/5.0 (Windows NT 6.1; WOW64; rv:10.0.1) Gecko/20100101 Firefox/10.0.1"
79.236.142.41 - - [24/Oct/2013:22:30:36 +0200] "GET /images/pnvtt4m2.gif HTTP/1.1" 200 2699 "http://www.ksbb.de/000001985b0e5e29a/000001985f0d1bf04/index.php" "Mozilla/5.0 (Windows NT 6.1; WOW64; rv:10.0.1) Gecko/20100101 Firefox/10.0.1"
79.236.142.41 - - [24/Oct/2013:22:30:36 +0200] "GET /images/pnvtht4m2.gif HTTP/1.1" 200 2630 "http://www.ksbb.de/000001985b0e5e29a/000001985f0d1bf04/index.php" "Mozilla/5.0 (Windows NT 6.1; WOW64; rv:10.0.1) Gecko/20100101 Firefox/10.0.1"
79.236.142.41 - - [24/Oct/2013:22:30:36 +0200] "GET /images/ss04035_158.jpg HTTP/1.1" 200 5837 "http://www.ksbb.de/000001985b0e5e29a/000001985f0d1bf04/index.php" "Mozilla/5.0 (Windows NT 6.1; WOW64; rv:10.0.1) Gecko/20100101 Firefox/10.0.1"
141.8.147.12 - - [24/Oct/2013:22:54:55 +0200] "GET /000001985b0ce1e49/00000198610d6501c/00000198610d71d22.php HTTP/1.1" 200 14345 "-" "Mozilla/5.0 (compatible; YandexBot/3.0; +http://yandex.com/bots)"
141.8.147.12 - - [24/Oct/2013:23:20:19 +0200] "GET /000001985b0e5e29a/000001985f0d1bf04/000001985f0d57c08/index.php HTTP/1.1" 200 17865 "-" "Mozilla/5.0 (compatible; YandexBot/3.0; +http://yandex.com/bots)"
141.8.147.12 - - [24/Oct/2013:23:46:17 +0200] "GET /000001985b0e5e29a/000001985f0d7940e/index.php HTTP/1.1" 200 17540 "-" "Mozilla/5.0 (compatible; YandexBot/3.0; +http://yandex.com/bots)"
141.8.147.12 - - [25/Oct/2013:00:05:08 +0200] "GET /000001985b0d93482/000001985b0fc8f0b/index.php HTTP/1.1" 200 15396 "-" "Mozilla/5.0 (compatible; YandexBot/3.0; +http://yandex.com/bots)"
178.255.215.66 - - [25/Oct/2013:00:42:52 +0200] "GET /robots.txt HTTP/1.1" 404 - "-" "Mozilla/5.0 (compatible; Exabot/3.0; +http://www.exabot.com/go/robot)"
178.255.215.66 - - [25/Oct/2013:00:42:52 +0200] "GET /000001985b0ce1e49/00000198610d6501c/00000198610d70421.php HTTP/1.1" 200 14499 "-" "Mozilla/5.0 (compatible; Exabot/3.0; +http://www.exabot.com/go/robot)"
141.8.147.12 - - [25/Oct/2013:02:24:11 +0200] "GET /robots.txt HTTP/1.1" 404 - "-" "Mozilla/5.0 (compatible; YandexBot/3.0; +http://yandex.com/bots)"
141.8.147.12 - - [25/Oct/2013:02:24:13 +0200] "GET / HTTP/1.1" 200 24284 "-" "Mozilla/5.0 (compatible; YandexBot/3.0; +http://yandex.com/bots)"
141.8.147.12 - - [25/Oct/2013:02:24:15 +0200] "GET /index.php HTTP/1.1" 200 24284 "-" "Mozilla/5.0 (compatible; YandexBot/3.0; +http://yandex.com/bots)"
141.8.147.12 - - [25/Oct/2013:02:24:17 +0200] "GET / HTTP/1.1" 200 24284 "-" "Mozilla/5.0 (compatible; YandexBot/3.0; +http://yandex.com/bots)"
141.8.147.12 - - [25/Oct/2013:02:24:19 +0200] "GET /index.php HTTP/1.1" 200 24284 "-" "Mozilla/5.0 (compatible; YandexBot/3.0; +http://yandex.com/bots)"
66.249.78.44 - - [25/Oct/2013:02:33:06 +0200] "GET /00000198660c9d618/00000198610cada01/index.php HTTP/1.1" 200 18163 "-" "Mozilla/5.0 (iPhone; CPU iPhone OS 6_0 like Mac OS X) AppleWebKit/536.26 (KHTML, like Gecko) Version/6.0 Mobile/10A5376e Safari/8536.25 (compatible; Googlebot-Mobile/2.1; +http://www.google.com/bot.html)"
66.249.78.44 - - [25/Oct/2013:02:37:37 +0200] "GET /images/pmtsm5.gif HTTP/1.1" 200 2379 "-" "Mozilla/5.0 (compatible; Googlebot/2.1; +http://www.google.com/bot.html)"
66.249.78.44 - - [25/Oct/2013:02:37:38 +0200] "GET /images/pnvtst1m5.gif HTTP/1.1" 200 2769 "-" "Mozilla/5.0 (compatible; Googlebot/2.1; +http://www.google.com/bot.html)"
66.249.78.44 - - [25/Oct/2013:02:37:38 +0200] "GET /images/pnvtsht1m5.gif HTTP/1.1" 200 2769 "-" "Mozilla/5.0 (compatible; Googlebot/2.1; +http://www.google.com/bot.html)"
66.249.78.44 - - [25/Oct/2013:02:37:38 +0200] "GET /images/mev14046_52.jpg HTTP/1.1" 200 1285 "-" "Mozilla/5.0 (compatible; Googlebot/2.1; +http://www.google.com/bot.html)"
66.249.78.44 - - [25/Oct/2013:02:37:39 +0200] "GET /images/plnkn.gif HTTP/1.1" 200 95 "-" "Mozilla/5.0 (compatible; Googlebot/2.1; +http://www.google.com/bot.html)"
66.249.78.44 - - [25/Oct/2013:02:37:39 +0200] "GET /images/30288_52.jpg HTTP/1.1" 200 1557 "-" "Mozilla/5.0 (compatible; Googlebot/2.1; +http://www.google.com/bot.html)"
66.249.78.44 - - [25/Oct/2013:02:37:40 +0200] "GET /images/pnvtht2m5.gif HTTP/1.1" 200 2690 "-" "Mozilla/5.0 (compatible; Googlebot/2.1; +http://www.google.com/bot.html)"
66.249.78.44 - - [25/Oct/2013:02:37:40 +0200] "GET /images/pnvtt2m5.gif HTTP/1.1" 200 2756 "-" "Mozilla/5.0 (compatible; Googlebot/2.1; +http://www.google.com/bot.html)"
66.249.78.44 - - [25/Oct/2013:02:37:41 +0200] "GET /images/ss04035_52.jpg HTTP/1.1" 200 1595 "-" "Mozilla/5.0 (compatible; Googlebot/2.1; +http://www.google.com/bot.html)"
66.249.78.44 - - [25/Oct/2013:02:37:41 +0200] "GET /assets/ssb.css HTTP/1.1" 200 657 "-" "Mozilla/5.0 (compatible; Googlebot/2.1; +http://www.google.com/bot.html)"
66.249.78.44 - - [25/Oct/2013:02:37:42 +0200] "GET /assets/s.css HTTP/1.1" 200 3386 "-" "Mozilla/5.0 (compatible; Googlebot/2.1; +http://www.google.com/bot.html)"
5.255.253.79 - - [25/Oct/2013:03:15:54 +0200] "GET /robots.txt HTTP/1.1" 404 - "-" "Mozilla/5.0 (compatible; YandexImages/3.0; +http://yandex.com/bots)"
5.255.253.79 - - [25/Oct/2013:03:38:21 +0200] "GET /images/plms.gif HTTP/1.1" 304 - "-" "Mozilla/5.0 (compatible; YandexImages/3.0; +http://yandex.com/bots)"
208.115.111.75 - - [25/Oct/2013:03:47:49 +0200] "GET /robots.txt HTTP/1.1" 404 - "-" "Mozilla/5.0 (compatible; Ezooms/1.0; ezooms.bot@gmail.com)"
5.255.253.79 - - [25/Oct/2013:04:06:46 +0200] "GET /images/pnvtst4m1.gif HTTP/1.1" 304 - "-" "Mozilla/5.0 (compatible; YandexImages/3.0; +http://yandex.com/bots)"
5.255.253.79 - - [25/Oct/2013:04:35:11 +0200] "GET /images/pnvtt1m4.gif HTTP/1.1" 304 - "-" "Mozilla/5.0 (compatible; YandexImages/3.0; +http://yandex.com/bots)"
5.255.253.79 - - [25/Oct/2013:05:11:08 +0200] "GET /images/pcmpc2.gif HTTP/1.1" 304 - "-" "Mozilla/5.0 (compatible; YandexImages/3.0; +http://yandex.com/bots)"
208.115.111.75 - - [25/Oct/2013:05:41:37 +0200] "GET /00000398730fcd910.php HTTP/1.1" 200 22413 "-" "Mozilla/5.0 (compatible; Ezooms/1.0; ezooms.bot@gmail.com)"
5.255.253.79 - - [25/Oct/2013:05:47:05 +0200] "GET /images/pltp.gif HTTP/1.1" 304 - "-" "Mozilla/5.0 (compatible; YandexImages/3.0; +http://yandex.com/bots)"
5.255.253.79 - - [25/Oct/2013:06:33:01 +0200] "GET /images/pnvtst3m2.gif HTTP/1.1" 304 - "-" "Mozilla/5.0 (compatible; YandexImages/3.0; +http://yandex.com/bots)"
5.255.253.79 - - [25/Oct/2013:07:30:53 +0200] "GET /images/pnvtst2m5.gif HTTP/1.1" 304 - "-" "Mozilla/5.0 (compatible; YandexImages/3.0; +http://yandex.com/bots)"
178.255.215.66 - - [25/Oct/2013:08:00:11 +0200] "GET / HTTP/1.1" 200 24284 "-" "Mozilla/5.0 (compatible; Exabot/3.0; +http://www.exabot.com/go/robot)"
5.255.253.79 - - [25/Oct/2013:08:28:45 +0200] "GET /images/pmtm6.gif HTTP/1.1" 304 - "-" "Mozilla/5.0 (compatible; YandexImages/3.0; +http://yandex.com/bots)"
66.249.78.44 - - [25/Oct/2013:09:03:42 +0200] "GET /000001985b0ce1e49/index.php HTTP/1.1" 200 14912 "-" "Mozilla/5.0 (iPhone; CPU iPhone OS 6_0 like Mac OS X) AppleWebKit/536.26 (KHTML, like Gecko) Version/6.0 Mobile/10A5376e Safari/8536.25 (compatible; Googlebot-Mobile/2.1; +http://www.google.com/bot.html)"
66.249.78.44 - - [25/Oct/2013:09:06:02 +0200] "GET /images/pnvtt1m6.gif HTTP/1.1" 200 2641 "-" "Mozilla/5.0 (compatible; Googlebot/2.1; +http://www.google.com/bot.html)"
66.249.78.44 - - [25/Oct/2013:09:06:03 +0200] "GET /images/55275_158.jpg HTTP/1.1" 200 5615 "-" "Mozilla/5.0 (compatible; Googlebot/2.1; +http://www.google.com/bot.html)"
66.249.78.44 - - [25/Oct/2013:09:06:03 +0200] "GET /images/pnvtht1m6.gif HTTP/1.1" 200 2712 "-" "Mozilla/5.0 (compatible; Googlebot/2.1; +http://www.google.com/bot.html)"
66.249.78.44 - - [25/Oct/2013:09:06:04 +0200] "GET /images/pnvtt2m6.gif HTTP/1.1" 200 1847 "-" "Mozilla/5.0 (compatible; Googlebot/2.1; +http://www.google.com/bot.html)"
66.249.78.44 - - [25/Oct/2013:09:06:04 +0200] "GET /images/pmtsm6.gif HTTP/1.1" 200 1201 "-" "Mozilla/5.0 (compatible; Googlebot/2.1; +http://www.google.com/bot.html)"
66.249.78.44 - - [25/Oct/2013:09:06:05 +0200] "GET /images/pnvtht2m6.gif HTTP/1.1" 200 1902 "-" "Mozilla/5.0 (compatible; Googlebot/2.1; +http://www.google.com/bot.html)"
5.255.253.79 - - [25/Oct/2013:09:53:24 +0200] "GET /images/plma.gif HTTP/1.1" 304 - "-" "Mozilla/5.0 (compatible; YandexImages/3.0; +http://yandex.com/bots)"
5.255.253.79 - - [25/Oct/2013:11:07:21 +0200] "GET /images/plbt.gif HTTP/1.1" 304 - "-" "Mozilla/5.0 (compatible; YandexImages/3.0; +http://yandex.com/bots)"
157.55.35.82 - - [25/Oct/2013:15:20:52 +0200] "GET /robots.txt HTTP/1.1" 404 - "-" "Mozilla/5.0 (compatible; bingbot/2.0; +http://www.bing.com/bingbot.htm)"
157.55.35.82 - - [25/Oct/2013:15:30:19 +0200] "GET /000001985b0e5e29a/000001985f0d7940e/index.php HTTP/1.1" 200 17532 "-" "Mozilla/5.0 (compatible; bingbot/2.0; +http://www.bing.com/bingbot.htm)"
157.55.35.82 - - [25/Oct/2013:15:30:19 +0200] "GET /000001985b0d93482/index.php HTTP/1.1" 200 15590 "-" "Mozilla/5.0 (compatible; bingbot/2.0; +http://www.bing.com/bingbot.htm)"
66.249.74.214 - - [25/Oct/2013:15:40:58 +0200] "GET /robots.txt HTTP/1.1" 404 - "-" "Mozilla/5.0 (compatible; Googlebot/2.1; +http://www.google.com/bot.html)"
66.249.74.214 - - [25/Oct/2013:15:40:58 +0200] "GET /000001985b0d93482/index.php HTTP/1.1" 200 15590 "-" "SAMSUNG-SGH-E250/1.0 Profile/MIDP-2.0 Configuration/CLDC-1.1 UP.Browser/6.2.3.3.c.1.101 (GUI) MMP/2.0 (compatible; Googlebot-Mobile/2.1; +http://www.google.com/bot.html)"
109.192.243.242 - - [25/Oct/2013:18:03:34 +0200] "GET / HTTP/1.1" 200 24284 "-" "Mozilla/5.0 (iPhone; CPU iPhone OS 6_1 like Mac OS X) AppleWebKit/536.26 (KHTML, like Gecko) Version/6.0 Mobile/10B142 Safari/8536.25"
109.192.243.242 - - [25/Oct/2013:18:03:34 +0200] "GET /assets/s.css HTTP/1.1" 200 3386 "http://www.ksbb.de/" "Mozilla/5.0 (iPhone; CPU iPhone OS 6_1 like Mac OS X) AppleWebKit/536.26 (KHTML, like Gecko) Version/6.0 Mobile/10B142 Safari/8536.25"
109.192.243.242 - - [25/Oct/2013:18:03:34 +0200] "GET /assets/ssb.css HTTP/1.1" 200 657 "http://www.ksbb.de/" "Mozilla/5.0 (iPhone; CPU iPhone OS 6_1 like Mac OS X) AppleWebKit/536.26 (KHTML, like Gecko) Version/6.0 Mobile/10B142 Safari/8536.25"
109.192.243.242 - - [25/Oct/2013:18:03:35 +0200] "GET /images/pcp.gif HTTP/1.1" 200 43 "http://www.ksbb.de/" "Mozilla/5.0 (iPhone; CPU iPhone OS 6_1 like Mac OS X) AppleWebKit/536.26 (KHTML, like Gecko) Version/6.0 Mobile/10B142 Safari/8536.25"
109.192.243.242 - - [25/Oct/2013:18:03:35 +0200] "GET /images/pltp.gif HTTP/1.1" 200 160 "http://www.ksbb.de/" "Mozilla/5.0 (iPhone; CPU iPhone OS 6_1 like Mac OS X) AppleWebKit/536.26 (KHTML, like Gecko) Version/6.0 Mobile/10B142 Safari/8536.25"
109.192.243.242 - - [25/Oct/2013:18:03:35 +0200] "GET /images/phomesm0.gif HTTP/1.1" 200 2239 "http://www.ksbb.de/" "Mozilla/5.0 (iPhone; CPU iPhone OS 6_1 like Mac OS X) AppleWebKit/536.26 (KHTML, like Gecko) Version/6.0 Mobile/10B142 Safari/8536.25"
109.192.243.242 - - [25/Oct/2013:18:03:35 +0200] "GET /images/pmtm3.gif HTTP/1.1" 200 2032 "http://www.ksbb.de/" "Mozilla/5.0 (iPhone; CPU iPhone OS 6_1 like Mac OS X) AppleWebKit/536.26 (KHTML, like Gecko) Version/6.0 Mobile/10B142 Safari/8536.25"
109.192.243.242 - - [25/Oct/2013:18:03:35 +0200] "GET /images/plma.gif HTTP/1.1" 200 164 "http://www.ksbb.de/" "Mozilla/5.0 (iPhone; CPU iPhone OS 6_1 like Mac OS X) AppleWebKit/536.26 (KHTML, like Gecko) Version/6.0 Mobile/10B142 Safari/8536.25"
109.192.243.242 - - [25/Oct/2013:18:03:35 +0200] "GET /images/pd.gif HTTP/1.1" 200 111 "http://www.ksbb.de/" "Mozilla/5.0 (iPhone; CPU iPhone OS 6_1 like Mac OS X) AppleWebKit/536.26 (KHTML, like Gecko) Version/6.0 Mobile/10B142 Safari/8536.25"
109.192.243.242 - - [25/Oct/2013:18:03:35 +0200] "GET /images/phnvmtt6.gif HTTP/1.1" 200 1637 "http://www.ksbb.de/" "Mozilla/5.0 (iPhone; CPU iPhone OS 6_1 like Mac OS X) AppleWebKit/536.26 (KHTML, like Gecko) Version/6.0 Mobile/10B142 Safari/8536.25"
109.192.243.242 - - [25/Oct/2013:18:03:35 +0200] "GET /images/pmtm2.gif HTTP/1.1" 200 628 "http://www.ksbb.de/" "Mozilla/5.0 (iPhone; CPU iPhone OS 6_1 like Mac OS X) AppleWebKit/536.26 (KHTML, like Gecko) Version/6.0 Mobile/10B142 Safari/8536.25"
109.192.243.242 - - [25/Oct/2013:18:03:35 +0200] "GET /images/pmtm6.gif HTTP/1.1" 200 628 "http://www.ksbb.de/" "Mozilla/5.0 (iPhone; CPU iPhone OS 6_1 like Mac OS X) AppleWebKit/536.26 (KHTML, like Gecko) Version/6.0 Mobile/10B142 Safari/8536.25"
109.192.243.242 - - [25/Oct/2013:18:03:35 +0200] "GET /images/pl160.gif HTTP/1.1" 200 70 "http://www.ksbb.de/" "Mozilla/5.0 (iPhone; CPU iPhone OS 6_1 like Mac OS X) AppleWebKit/536.26 (KHTML, like Gecko) Version/6.0 Mobile/10B142 Safari/8536.25"
109.192.243.242 - - [25/Oct/2013:18:03:35 +0200] "GET /images/phnvmtt4.gif HTTP/1.1" 200 2685 "http://www.ksbb.de/" "Mozilla/5.0 (iPhone; CPU iPhone OS 6_1 like Mac OS X) AppleWebKit/536.26 (KHTML, like Gecko) Version/6.0 Mobile/10B142 Safari/8536.25"
109.192.243.242 - - [25/Oct/2013:18:03:35 +0200] "GET /images/pmtm7.gif HTTP/1.1" 200 1174 "http://www.ksbb.de/" "Mozilla/5.0 (iPhone; CPU iPhone OS 6_1 like Mac OS X) AppleWebKit/536.26 (KHTML, like Gecko) Version/6.0 Mobile/10B142 Safari/8536.25"
109.192.243.242 - - [25/Oct/2013:18:03:35 +0200] "GET /images/plnkn.gif HTTP/1.1" 200 95 "http://www.ksbb.de/" "Mozilla/5.0 (iPhone; CPU iPhone OS 6_1 like Mac OS X) AppleWebKit/536.26 (KHTML, like Gecko) Version/6.0 Mobile/10B142 Safari/8536.25"
109.192.243.242 - - [25/Oct/2013:18:03:35 +0200] "GET /images/phnvmtt1.gif HTTP/1.1" 200 2551 "http://www.ksbb.de/" "Mozilla/5.0 (iPhone; CPU iPhone OS 6_1 like Mac OS X) AppleWebKit/536.26 (KHTML, like Gecko) Version/6.0 Mobile/10B142 Safari/8536.25"
109.192.243.242 - - [25/Oct/2013:18:03:35 +0200] "GET /images/pcmpc1.gif HTTP/1.1" 200 1155 "http://www.ksbb.de/" "Mozilla/5.0 (iPhone; CPU iPhone OS 6_1 like Mac OS X) AppleWebKit/536.26 (KHTML, like Gecko) Version/6.0 Mobile/10B142 Safari/8536.25"
109.192.243.242 - - [25/Oct/2013:18:03:35 +0200] "GET /images/mev14046_72.jpg HTTP/1.1" 200 1662 "http://www.ksbb.de/" "Mozilla/5.0 (iPhone; CPU iPhone OS 6_1 like Mac OS X) AppleWebKit/536.26 (KHTML, like Gecko) Version/6.0 Mobile/10B142 Safari/8536.25"
109.192.243.242 - - [25/Oct/2013:18:03:35 +0200] "GET /images/phnvmtt5.gif HTTP/1.1" 200 2563 "http://www.ksbb.de/" "Mozilla/5.0 (iPhone; CPU iPhone OS 6_1 like Mac OS X) AppleWebKit/536.26 (KHTML, like Gecko) Version/6.0 Mobile/10B142 Safari/8536.25"
109.192.243.242 - - [25/Oct/2013:18:03:35 +0200] "GET /images/plbt.gif HTTP/1.1" 200 161 "http://www.ksbb.de/" "Mozilla/5.0 (iPhone; CPU iPhone OS 6_1 like Mac OS X) AppleWebKit/536.26 (KHTML, like Gecko) Version/6.0 Mobile/10B142 Safari/8536.25"
109.192.243.242 - - [25/Oct/2013:18:03:35 +0200] "GET /images/mev23003_72.jpg HTTP/1.1" 200 2106 "http://www.ksbb.de/" "Mozilla/5.0 (iPhone; CPU iPhone OS 6_1 like Mac OS X) AppleWebKit/536.26 (KHTML, like Gecko) Version/6.0 Mobile/10B142 Safari/8536.25"
109.192.243.242 - - [25/Oct/2013:18:03:35 +0200] "GET /images/iso9001_sbp.jpg HTTP/1.1" 200 4462 "http://www.ksbb.de/" "Mozilla/5.0 (iPhone; CPU iPhone OS 6_1 like Mac OS X) AppleWebKit/536.26 (KHTML, like Gecko) Version/6.0 Mobile/10B142 Safari/8536.25"
109.192.243.242 - - [25/Oct/2013:18:03:35 +0200] "GET /images/pcmpc2.gif HTTP/1.1" 200 1240 "http://www.ksbb.de/" "Mozilla/5.0 (iPhone; CPU iPhone OS 6_1 like Mac OS X) AppleWebKit/536.26 (KHTML, like Gecko) Version/6.0 Mobile/10B142 Safari/8536.25"
109.192.243.242 - - [25/Oct/2013:18:03:35 +0200] "GET /images/pmtm1.gif HTTP/1.1" 200 1155 "http://www.ksbb.de/" "Mozilla/5.0 (iPhone; CPU iPhone OS 6_1 like Mac OS X) AppleWebKit/536.26 (KHTML, like Gecko) Version/6.0 Mobile/10B142 Safari/8536.25"
109.192.243.242 - - [25/Oct/2013:18:03:35 +0200] "GET /images/plms.gif HTTP/1.1" 200 68 "http://www.ksbb.de/" "Mozilla/5.0 (iPhone; CPU iPhone OS 6_1 like Mac OS X) AppleWebKit/536.26 (KHTML, like Gecko) Version/6.0 Mobile/10B142 Safari/8536.25"
109.192.243.242 - - [25/Oct/2013:18:03:35 +0200] "GET /images/logoprofex_sbp.gif HTTP/1.1" 200 3524 "http://www.ksbb.de/" "Mozilla/5.0 (iPhone; CPU iPhone OS 6_1 like Mac OS X) AppleWebKit/536.26 (KHTML, like Gecko) Version/6.0 Mobile/10B142 Safari/8536.25"
109.192.243.242 - - [25/Oct/2013:18:03:35 +0200] "GET /images/pcmphc1.gif HTTP/1.1" 200 2164 "http://www.ksbb.de/" "Mozilla/5.0 (iPhone; CPU iPhone OS 6_1 like Mac OS X) AppleWebKit/536.26 (KHTML, like Gecko) Version/6.0 Mobile/10B142 Safari/8536.25"
109.192.243.242 - - [25/Oct/2013:18:03:35 +0200] "GET /images/pmtm4.gif HTTP/1.1" 200 2316 "http://www.ksbb.de/" "Mozilla/5.0 (iPhone; CPU iPhone OS 6_1 like Mac OS X) AppleWebKit/536.26 (KHTML, like Gecko) Version/6.0 Mobile/10B142 Safari/8536.25"
109.192.243.242 - - [25/Oct/2013:18:03:35 +0200] "GET /images/pmtm5.gif HTTP/1.1" 200 2185 "http://www.ksbb.de/" "Mozilla/5.0 (iPhone; CPU iPhone OS 6_1 like Mac OS X) AppleWebKit/536.26 (KHTML, like Gecko) Version/6.0 Mobile/10B142 Safari/8536.25"
109.192.243.242 - - [25/Oct/2013:18:03:35 +0200] "GET /images/pcmphc2.gif HTTP/1.1" 200 2299 "http://www.ksbb.de/" "Mozilla/5.0 (iPhone; CPU iPhone OS 6_1 like Mac OS X) AppleWebKit/536.26 (KHTML, like Gecko) Version/6.0 Mobile/10B142 Safari/8536.25"
109.192.243.242 - - [25/Oct/2013:18:03:35 +0200] "GET /images/phnvmtht1.gif HTTP/1.1" 200 2613 "http://www.ksbb.de/" "Mozilla/5.0 (iPhone; CPU iPhone OS 6_1 like Mac OS X) AppleWebKit/536.26 (KHTML, like Gecko) Version/6.0 Mobile/10B142 Safari/8536.25"
109.192.243.242 - - [25/Oct/2013:18:03:35 +0200] "GET /images/phnvmtht2.gif HTTP/1.1" 200 1696 "http://www.ksbb.de/" "Mozilla/5.0 (iPhone; CPU iPhone OS 6_1 like Mac OS X) AppleWebKit/536.26 (KHTML, like Gecko) Version/6.0 Mobile/10B142 Safari/8536.25"
109.192.243.242 - - [25/Oct/2013:18:03:35 +0200] "GET /images/phnvmtht3.gif HTTP/1.1" 200 2679 "http://www.ksbb.de/" "Mozilla/5.0 (iPhone; CPU iPhone OS 6_1 like Mac OS X) AppleWebKit/536.26 (KHTML, like Gecko) Version/6.0 Mobile/10B142 Safari/8536.25"
109.192.243.242 - - [25/Oct/2013:18:03:35 +0200] "GET /images/phnvmtht4.gif HTTP/1.1" 200 2627 "http://www.ksbb.de/" "Mozilla/5.0 (iPhone; CPU iPhone OS 6_1 like Mac OS X) AppleWebKit/536.26 (KHTML, like Gecko) Version/6.0 Mobile/10B142 Safari/8536.25"
109.192.243.242 - - [25/Oct/2013:18:03:35 +0200] "GET /images/phnvmtht5.gif HTTP/1.1" 200 2500 "http://www.ksbb.de/" "Mozilla/5.0 (iPhone; CPU iPhone OS 6_1 like Mac OS X) AppleWebKit/536.26 (KHTML, like Gecko) Version/6.0 Mobile/10B142 Safari/8536.25"
109.192.243.242 - - [25/Oct/2013:18:03:35 +0200] "GET /images/phnvmtht6.gif HTTP/1.1" 200 1696 "http://www.ksbb.de/" "Mozilla/5.0 (iPhone; CPU iPhone OS 6_1 like Mac OS X) AppleWebKit/536.26 (KHTML, like Gecko) Version/6.0 Mobile/10B142 Safari/8536.25"
109.192.243.242 - - [25/Oct/2013:18:03:35 +0200] "GET /images/phnvmtht7.gif HTTP/1.1" 200 2615 "http://www.ksbb.de/" "Mozilla/5.0 (iPhone; CPU iPhone OS 6_1 like Mac OS X) AppleWebKit/536.26 (KHTML, like Gecko) Version/6.0 Mobile/10B142 Safari/8536.25"
109.192.243.242 - - [25/Oct/2013:18:03:35 +0200] "GET /images/pmthm1.gif HTTP/1.1" 200 2169 "http://www.ksbb.de/" "Mozilla/5.0 (iPhone; CPU iPhone OS 6_1 like Mac OS X) AppleWebKit/536.26 (KHTML, like Gecko) Version/6.0 Mobile/10B142 Safari/8536.25"
109.192.243.242 - - [25/Oct/2013:18:03:35 +0200] "GET /images/pmthm2.gif HTTP/1.1" 200 1209 "http://www.ksbb.de/" "Mozilla/5.0 (iPhone; CPU iPhone OS 6_1 like Mac OS X) AppleWebKit/536.26 (KHTML, like Gecko) Version/6.0 Mobile/10B142 Safari/8536.25"
109.192.243.242 - - [25/Oct/2013:18:03:35 +0200] "GET /images/pmthm3.gif HTTP/1.1" 200 2275 "http://www.ksbb.de/" "Mozilla/5.0 (iPhone; CPU iPhone OS 6_1 like Mac OS X) AppleWebKit/536.26 (KHTML, like Gecko) Version/6.0 Mobile/10B142 Safari/8536.25"
109.192.243.242 - - [25/Oct/2013:18:03:35 +0200] "GET /images/pmthm4.gif HTTP/1.1" 200 2518 "http://www.ksbb.de/" "Mozilla/5.0 (iPhone; CPU iPhone OS 6_1 like Mac OS X) AppleWebKit/536.26 (KHTML, like Gecko) Version/6.0 Mobile/10B142 Safari/8536.25"
109.192.243.242 - - [25/Oct/2013:18:03:35 +0200] "GET /images/plogo.gif HTTP/1.1" 200 18153 "http://www.ksbb.de/" "Mozilla/5.0 (iPhone; CPU iPhone OS 6_1 like Mac OS X) AppleWebKit/536.26 (KHTML, like Gecko) Version/6.0 Mobile/10B142 Safari/8536.25"
109.192.243.242 - - [25/Oct/2013:18:03:35 +0200] "GET /images/plmb.gif HTTP/1.1" 200 166 "http://www.ksbb.de/" "Mozilla/5.0 (iPhone; CPU iPhone OS 6_1 like Mac OS X) AppleWebKit/536.26 (KHTML, like Gecko) Version/6.0 Mobile/10B142 Safari/8536.25"
109.192.243.242 - - [25/Oct/2013:18:03:35 +0200] "GET /images/pmthm5.gif HTTP/1.1" 200 2381 "http://www.ksbb.de/" "Mozilla/5.0 (iPhone; CPU iPhone OS 6_1 like Mac OS X) AppleWebKit/536.26 (KHTML, like Gecko) Version/6.0 Mobile/10B142 Safari/8536.25"
109.192.243.242 - - [25/Oct/2013:18:03:35 +0200] "GET /images/pmthm6.gif HTTP/1.1" 200 1209 "http://www.ksbb.de/" "Mozilla/5.0 (iPhone; CPU iPhone OS 6_1 like Mac OS X) AppleWebKit/536.26 (KHTML, like Gecko) Version/6.0 Mobile/10B142 Safari/8536.25"
109.192.243.242 - - [25/Oct/2013:18:03:35 +0200] "GET /images/pmthm7.gif HTTP/1.1" 200 2195 "http://www.ksbb.de/" "Mozilla/5.0 (iPhone; CPU iPhone OS 6_1 like Mac OS X) AppleWebKit/536.26 (KHTML, like Gecko) Version/6.0 Mobile/10B142 Safari/8536.25"
109.192.243.242 - - [25/Oct/2013:18:03:35 +0200] "GET /images/psd.gif HTTP/1.1" 200 111 "http://www.ksbb.de/" "Mozilla/5.0 (iPhone; CPU iPhone OS 6_1 like Mac OS X) AppleWebKit/536.26 (KHTML, like Gecko) Version/6.0 Mobile/10B142 Safari/8536.25"
109.192.243.242 - - [25/Oct/2013:18:03:35 +0200] "GET /images/phnvmtt3.gif HTTP/1.1" 200 2611 "http://www.ksbb.de/" "Mozilla/5.0 (iPhone; CPU iPhone OS 6_1 like Mac OS X) AppleWebKit/536.26 (KHTML, like Gecko) Version/6.0 Mobile/10B142 Safari/8536.25"
109.192.243.242 - - [25/Oct/2013:18:03:35 +0200] "GET /images/pbx.gif HTTP/1.1" 200 99 "http://www.ksbb.de/" "Mozilla/5.0 (iPhone; CPU iPhone OS 6_1 like Mac OS X) AppleWebKit/536.26 (KHTML, like Gecko) Version/6.0 Mobile/10B142 Safari/8536.25"
109.192.243.242 - - [25/Oct/2013:18:03:35 +0200] "GET /images/pbg.gif HTTP/1.1" 200 52 "http://www.ksbb.de/" "Mozilla/5.0 (iPhone; CPU iPhone OS 6_1 like Mac OS X) AppleWebKit/536.26 (KHTML, like Gecko) Version/6.0 Mobile/10B142 Safari/8536.25"
109.192.243.242 - - [25/Oct/2013:18:03:35 +0200] "GET /images/plvt.gif HTTP/1.1" 200 53 "http://www.ksbb.de/" "Mozilla/5.0 (iPhone; CPU iPhone OS 6_1 like Mac OS X) AppleWebKit/536.26 (KHTML, like Gecko) Version/6.0 Mobile/10B142 Safari/8536.25"
109.192.243.242 - - [25/Oct/2013:18:03:35 +0200] "GET /images/phnvmtt2.gif HTTP/1.1" 200 1637 "http://www.ksbb.de/" "Mozilla/5.0 (iPhone; CPU iPhone OS 6_1 like Mac OS X) AppleWebKit/536.26 (KHTML, like Gecko) Version/6.0 Mobile/10B142 Safari/8536.25"
109.192.243.242 - - [25/Oct/2013:18:03:35 +0200] "GET /images/plmc.gif HTTP/1.1" 200 166 "http://www.ksbb.de/" "Mozilla/5.0 (iPhone; CPU iPhone OS 6_1 like Mac OS X) AppleWebKit/536.26 (KHTML, like Gecko) Version/6.0 Mobile/10B142 Safari/8536.25"
109.192.243.242 - - [25/Oct/2013:18:03:35 +0200] "GET /images/phnvmtt7.gif HTTP/1.1" 200 2552 "http://www.ksbb.de/" "Mozilla/5.0 (iPhone; CPU iPhone OS 6_1 like Mac OS X) AppleWebKit/536.26 (KHTML, like Gecko) Version/6.0 Mobile/10B142 Safari/8536.25"
109.192.243.242 - - [25/Oct/2013:18:03:35 +0200] "GET /images/ulslogosbp_sbp.jpg HTTP/1.1" 200 1896 "http://www.ksbb.de/" "Mozilla/5.0 (iPhone; CPU iPhone OS 6_1 like Mac OS X) AppleWebKit/536.26 (KHTML, like Gecko) Version/6.0 Mobile/10B142 Safari/8536.25"
109.192.243.242 - - [25/Oct/2013:18:03:35 +0200] "GET /images/55275_72.jpg HTTP/1.1" 200 2381 "http://www.ksbb.de/" "Mozilla/5.0 (iPhone; CPU iPhone OS 6_1 like Mac OS X) AppleWebKit/536.26 (KHTML, like Gecko) Version/6.0 Mobile/10B142 Safari/8536.25"
109.192.243.242 - - [25/Oct/2013:18:03:35 +0200] "GET /images/ksbb1_sbp.jpg HTTP/1.1" 200 3871 "http://www.ksbb.de/" "Mozilla/5.0 (iPhone; CPU iPhone OS 6_1 like Mac OS X) AppleWebKit/536.26 (KHTML, like Gecko) Version/6.0 Mobile/10B142 Safari/8536.25"
87.122.43.32 - - [25/Oct/2013:18:40:21 +0200] "HEAD / HTTP/1.1" 200 - "-" "WWW-Mechanize/1.73"
87.122.43.32 - - [25/Oct/2013:18:40:21 +0200] "GET / HTTP/1.1" 200 24284 "-" "WWW-Mechanize/1.73"
157.56.93.186 - - [25/Oct/2013:18:58:34 +0200] "GET /robots.txt HTTP/1.1" 404 - "-" "Mozilla/5.0 (compatible; bingbot/2.0; +http://www.bing.com/bingbot.htm)"
157.56.93.186 - - [25/Oct/2013:18:59:32 +0200] "GET /000001985b0e5e29a/000001985f0d8f113/index.php HTTP/1.1" 200 20340 "-" "Mozilla/5.0 (compatible; bingbot/2.0; +http://www.bing.com/bingbot.htm)"
65.55.215.93 - - [25/Oct/2013:19:17:14 +0200] "GET /robots.txt HTTP/1.1" 404 - "-" "msnbot-media/1.1 (+http://search.msn.com/msnbot.htm)"
65.55.215.93 - - [25/Oct/2013:19:17:14 +0200] "GET /images/30288.jpg HTTP/1.1" 200 184160 "-" "msnbot-media/1.1 (+http://search.msn.com/msnbot.htm)"
208.115.111.75 - - [25/Oct/2013:23:42:24 +0200] "GET /robots.txt HTTP/1.1" 404 - "-" "Mozilla/5.0 (compatible; Ezooms/1.0; ezooms.bot@gmail.com)"
220.181.108.123 - - [26/Oct/2013:01:20:44 +0200] "GET /images/logoprofex_sbp.gif HTTP/1.1" 200 3524 "http://image.baidu.com/i?ct=503316480&z=0&tn=baiduimagedetail" "Baiduspider-image+(+http://www.baidu.com/search/spider.htm)"
208.115.111.75 - - [26/Oct/2013:01:27:36 +0200] "GET /000001985b0ce1e49/index.php HTTP/1.1" 200 14912 "-" "Mozilla/5.0 (compatible; Ezooms/1.0; ezooms.bot@gmail.com)"
66.249.74.214 - - [26/Oct/2013:02:43:51 +0200] "GET /robots.txt HTTP/1.1" 404 - "-" "Mozilla/5.0 (compatible; Googlebot/2.1; +http://www.google.com/bot.html)"
66.249.74.214 - - [26/Oct/2013:02:43:51 +0200] "GET /00000198660b9a703/00000198660bb6a0a/index.php HTTP/1.1" 200 16349 "-" "Mozilla/5.0 (iPhone; CPU iPhone OS 6_0 like Mac OS X) AppleWebKit/536.26 (KHTML, like Gecko) Version/6.0 Mobile/10A5376e Safari/8536.25 (compatible; Googlebot-Mobile/2.1; +http://www.google.com/bot.html)"
66.249.74.214 - - [26/Oct/2013:02:49:05 +0200] "GET /assets/ssb.css HTTP/1.1" 200 657 "-" "Mozilla/5.0 (compatible; Googlebot/2.1; +http://www.google.com/bot.html)"
66.249.74.214 - - [26/Oct/2013:02:49:06 +0200] "GET /assets/s.css HTTP/1.1" 200 3386 "-" "Mozilla/5.0 (compatible; Googlebot/2.1; +http://www.google.com/bot.html)"
157.55.34.93 - - [26/Oct/2013:03:12:17 +0200] "GET /robots.txt HTTP/1.1" 404 - "-" "Mozilla/5.0 (compatible; bingbot/2.0; +http://www.bing.com/bingbot.htm)"
157.55.34.93 - - [26/Oct/2013:03:23:31 +0200] "GET /00000198660b9a703/00000198660bb6a0a/index.php HTTP/1.1" 200 16349 "-" "Mozilla/5.0 (compatible; bingbot/2.0; +http://www.bing.com/bingbot.htm)"
66.249.74.214 - - [26/Oct/2013:09:29:03 +0200] "GET / HTTP/1.1" 200 24280 "-" "Mozilla/5.0 (iPhone; CPU iPhone OS 6_0 like Mac OS X) AppleWebKit/536.26 (KHTML, like Gecko) Version/6.0 Mobile/10A5376e Safari/8536.25 (compatible; Googlebot-Mobile/2.1; +http://www.google.com/bot.html)"
157.55.34.93 - - [26/Oct/2013:10:38:36 +0200] "GET /robots.txt HTTP/1.1" 404 - "-" "Mozilla/5.0 (compatible; bingbot/2.0; +http://www.bing.com/bingbot.htm)"
157.55.34.93 - - [26/Oct/2013:10:42:02 +0200] "GET /000001985b0e5e29a/000001985f0d7940e/index.php HTTP/1.1" 200 17528 "-" "Mozilla/5.0 (compatible; bingbot/2.0; +http://www.bing.com/bingbot.htm)"
220.181.108.99 - - [26/Oct/2013:11:32:43 +0200] "GET / HTTP/1.1" 200 22500 "-" "Mozilla/5.0 (compatible; Baiduspider/2.0; +http://www.baidu.com/search/spider.html)"
123.125.71.49 - - [26/Oct/2013:11:32:56 +0200] "GET / HTTP/1.1" 200 22906 "-" "Mozilla/5.0 (compatible; Baiduspider/2.0; +http://www.baidu.com/search/spider.html)"
5.255.253.79 - - [26/Oct/2013:11:49:10 +0200] "GET /robots.txt HTTP/1.1" 404 - "-" "Mozilla/5.0 (compatible; YandexImages/3.0; +http://yandex.com/bots)"
5.255.253.79 - - [26/Oct/2013:12:14:04 +0200] "GET /images/pmtm6.gif HTTP/1.1" 304 - "-" "Mozilla/5.0 (compatible; YandexImages/3.0; +http://yandex.com/bots)"
5.255.253.79 - - [26/Oct/2013:13:04:39 +0200] "GET /images/plms.gif HTTP/1.1" 304 - "-" "Mozilla/5.0 (compatible; YandexImages/3.0; +http://yandex.com/bots)"
5.255.253.79 - - [26/Oct/2013:13:45:59 +0200] "GET /images/pnvtt1m4.gif HTTP/1.1" 304 - "-" "Mozilla/5.0 (compatible; YandexImages/3.0; +http://yandex.com/bots)"
5.255.253.79 - - [26/Oct/2013:14:32:03 +0200] "GET /images/pnvtst2m5.gif HTTP/1.1" 304 - "-" "Mozilla/5.0 (compatible; YandexImages/3.0; +http://yandex.com/bots)"
66.249.78.44 - - [26/Oct/2013:14:38:35 +0200] "GET /robots.txt HTTP/1.1" 404 - "-" "Mozilla/5.0 (compatible; Googlebot/2.1; +http://www.google.com/bot.html)"
66.249.66.72 - - [26/Oct/2013:14:38:35 +0200] "GET /000001985b0ce1e49/index.php HTTP/1.1" 200 14908 "-" "DoCoMo/2.0 N905i(c100;TB;W24H16) (compatible; Googlebot-Mobile/2.1; +http://www.google.com/bot.html)"
66.249.78.44 - - [26/Oct/2013:14:56:03 +0200] "GET /00000398730fcd910.php HTTP/1.1" 200 22409 "-" "Mozilla/5.0 (iPhone; CPU iPhone OS 6_0 like Mac OS X) AppleWebKit/536.26 (KHTML, like Gecko) Version/6.0 Mobile/10A5376e Safari/8536.25 (compatible; Googlebot-Mobile/2.1; +http://www.google.com/bot.html)"
5.255.253.79 - - [26/Oct/2013:15:25:06 +0200] "GET /images/pnvtst3m2.gif HTTP/1.1" 304 - "-" "Mozilla/5.0 (compatible; YandexImages/3.0; +http://yandex.com/bots)"
66.249.78.44 - - [26/Oct/2013:15:33:01 +0200] "GET /000001985b0e5e29a/000001985e0778004/index.php HTTP/1.1" 200 17362 "-" "SAMSUNG-SGH-E250/1.0 Profile/MIDP-2.0 Configuration/CLDC-1.1 UP.Browser/6.2.3.3.c.1.101 (GUI) MMP/2.0 (compatible; Googlebot-Mobile/2.1; +http://www.google.com/bot.html)"
5.255.253.79 - - [26/Oct/2013:16:33:57 +0200] "GET /images/pltp.gif HTTP/1.1" 304 - "-" "Mozilla/5.0 (compatible; YandexImages/3.0; +http://yandex.com/bots)"
157.56.92.152 - - [26/Oct/2013:16:38:46 +0200] "GET /robots.txt HTTP/1.1" 404 - "-" "Mozilla/5.0 (compatible; bingbot/2.0; +http://www.bing.com/bingbot.htm)"
157.56.92.152 - - [26/Oct/2013:16:44:57 +0200] "GET /000001985b0d93482/000001985c0868401/index.php HTTP/1.1" 200 20288 "-" "Mozilla/5.0 (compatible; bingbot/2.0; +http://www.bing.com/bingbot.htm)"
157.56.93.191 - - [26/Oct/2013:17:02:32 +0200] "GET /000001985b0ce1e49/00000198610d6501c/00000198610d70421.php HTTP/1.1" 200 14487 "-" "Mozilla/5.0 (compatible; bingbot/2.0; +http://www.bing.com/bingbot.htm)"
157.56.92.152 - - [26/Oct/2013:17:12:00 +0200] "GET /000001985b0d93482/000001985c0868401/index.php HTTP/1.1" 200 20288 "-" "Mozilla/5.0 (compatible; bingbot/2.0; +http://www.bing.com/bingbot.htm)"
5.255.253.79 - - [26/Oct/2013:17:15:19 +0200] "GET /images/pnvtst4m1.gif HTTP/1.1" 304 - "-" "Mozilla/5.0 (compatible; YandexImages/3.0; +http://yandex.com/bots)"
157.56.92.152 - - [26/Oct/2013:17:38:01 +0200] "GET /000001985b0d93482/000001985c0868401/index.php HTTP/1.1" 200 20288 "-" "Mozilla/5.0 (compatible; bingbot/2.0; +http://www.bing.com/bingbot.htm)"
123.125.71.52 - - [26/Oct/2013:18:38:29 +0200] "GET / HTTP/1.1" 200 15277 "-" "Mozilla/5.0 (compatible; Baiduspider/2.0; +http://www.baidu.com/search/spider.html)"
220.181.108.84 - - [26/Oct/2013:18:38:32 +0200] "GET / HTTP/1.1" 200 15277 "-" "Mozilla/5.0 (compatible; Baiduspider/2.0; +http://www.baidu.com/search/spider.html)"
157.55.34.178 - - [26/Oct/2013:18:52:30 +0200] "GET /robots.txt HTTP/1.1" 404 - "-" "Mozilla/5.0 (compatible; bingbot/2.0; +http://www.bing.com/bingbot.htm)"
5.255.253.79 - - [26/Oct/2013:18:53:57 +0200] "GET /images/plbt.gif HTTP/1.1" 304 - "-" "Mozilla/5.0 (compatible; YandexImages/3.0; +http://yandex.com/bots)"
157.55.34.178 - - [26/Oct/2013:19:19:38 +0200] "GET / HTTP/1.1" 200 24280 "-" "Mozilla/5.0 (compatible; bingbot/2.0; +http://www.bing.com/bingbot.htm)"
88.64.229.17 - - [26/Oct/2013:19:42:56 +0200] "GET / HTTP/1.1" 200 24280 "-" "Mozilla/5.0 (Windows NT 5.1; rv:24.0) Gecko/20100101 Firefox/24.0"
157.55.33.49 - - [26/Oct/2013:20:14:09 +0200] "GET /robots.txt HTTP/1.1" 404 - "-" "Mozilla/5.0 (compatible; bingbot/2.0; +http://www.bing.com/bingbot.htm)"
66.249.78.44 - - [26/Oct/2013:20:21:39 +0200] "GET /000001985b0d93482/000001985b0fc8f0b/index.php HTTP/1.1" 200 15384 "-" "Mozilla/5.0 (iPhone; CPU iPhone OS 6_0 like Mac OS X) AppleWebKit/536.26 (KHTML, like Gecko) Version/6.0 Mobile/10A5376e Safari/8536.25 (compatible; Googlebot-Mobile/2.1; +http://www.google.com/bot.html)"
157.55.33.49 - - [26/Oct/2013:20:35:14 +0200] "GET / HTTP/1.1" 200 24280 "-" "Mozilla/5.0 (compatible; bingbot/2.0; +http://www.bing.com/bingbot.htm)"
157.55.33.49 - - [26/Oct/2013:20:50:27 +0200] "GET / HTTP/1.1" 200 24280 "-" "Mozilla/5.0 (compatible; bingbot/2.0; +http://www.bing.com/bingbot.htm)"
157.55.33.49 - - [26/Oct/2013:21:17:07 +0200] "GET / HTTP/1.1" 200 24280 "-" "Mozilla/5.0 (compatible; bingbot/2.0; +http://www.bing.com/bingbot.htm)"
5.255.253.79 - - [26/Oct/2013:21:45:26 +0200] "GET /images/plma.gif HTTP/1.1" 304 - "-" "Mozilla/5.0 (compatible; YandexImages/3.0; +http://yandex.com/bots)"
5.255.253.79 - - [26/Oct/2013:22:11:12 +0200] "GET /images/pcmpc2.gif HTTP/1.1" 304 - "-" "Mozilla/5.0 (compatible; YandexImages/3.0; +http://yandex.com/bots)"
84.147.122.3 - - [27/Oct/2013:00:21:54 +0200] "GET / HTTP/1.1" 200 24280 "-" "Mozilla/5.0 (Windows NT 6.1; WOW64; rv:13.0) Gecko/20100101 Firefox/13.0.1"
84.147.122.3 - - [27/Oct/2013:00:21:54 +0200] "GET /assets/s.css HTTP/1.1" 200 3386 "http://www.ksbb.de/" "Mozilla/5.0 (Windows NT 6.1; WOW64; rv:13.0) Gecko/20100101 Firefox/13.0.1"
84.147.122.3 - - [27/Oct/2013:00:21:54 +0200] "GET /assets/ssb.css HTTP/1.1" 200 657 "http://www.ksbb.de/" "Mozilla/5.0 (Windows NT 6.1; WOW64; rv:13.0) Gecko/20100101 Firefox/13.0.1"
84.147.122.3 - - [27/Oct/2013:00:21:54 +0200] "GET /images/pltp.gif HTTP/1.1" 200 160 "http://www.ksbb.de/" "Mozilla/5.0 (Windows NT 6.1; WOW64; rv:13.0) Gecko/20100101 Firefox/13.0.1"
84.147.122.3 - - [27/Oct/2013:00:21:54 +0200] "GET /images/phomesm0.gif HTTP/1.1" 200 2239 "http://www.ksbb.de/" "Mozilla/5.0 (Windows NT 6.1; WOW64; rv:13.0) Gecko/20100101 Firefox/13.0.1"
84.147.122.3 - - [27/Oct/2013:00:21:54 +0200] "GET /images/plms.gif HTTP/1.1" 200 68 "http://www.ksbb.de/" "Mozilla/5.0 (Windows NT 6.1; WOW64; rv:13.0) Gecko/20100101 Firefox/13.0.1"
84.147.122.3 - - [27/Oct/2013:00:21:54 +0200] "GET /images/pcp.gif HTTP/1.1" 200 43 "http://www.ksbb.de/" "Mozilla/5.0 (Windows NT 6.1; WOW64; rv:13.0) Gecko/20100101 Firefox/13.0.1"
84.147.122.3 - - [27/Oct/2013:00:21:54 +0200] "GET /images/pmtm1.gif HTTP/1.1" 200 1155 "http://www.ksbb.de/" "Mozilla/5.0 (Windows NT 6.1; WOW64; rv:13.0) Gecko/20100101 Firefox/13.0.1"
84.147.122.3 - - [27/Oct/2013:00:21:54 +0200] "GET /images/pmtm2.gif HTTP/1.1" 200 628 "http://www.ksbb.de/" "Mozilla/5.0 (Windows NT 6.1; WOW64; rv:13.0) Gecko/20100101 Firefox/13.0.1"
84.147.122.3 - - [27/Oct/2013:00:21:54 +0200] "GET /images/pmtm3.gif HTTP/1.1" 200 2032 "http://www.ksbb.de/" "Mozilla/5.0 (Windows NT 6.1; WOW64; rv:13.0) Gecko/20100101 Firefox/13.0.1"
84.147.122.3 - - [27/Oct/2013:00:21:54 +0200] "GET /images/pmtm4.gif HTTP/1.1" 200 2316 "http://www.ksbb.de/" "Mozilla/5.0 (Windows NT 6.1; WOW64; rv:13.0) Gecko/20100101 Firefox/13.0.1"
84.147.122.3 - - [27/Oct/2013:00:21:54 +0200] "GET /images/pmtm5.gif HTTP/1.1" 200 2185 "http://www.ksbb.de/" "Mozilla/5.0 (Windows NT 6.1; WOW64; rv:13.0) Gecko/20100101 Firefox/13.0.1"
84.147.122.3 - - [27/Oct/2013:00:21:54 +0200] "GET /images/pmtm6.gif HTTP/1.1" 200 628 "http://www.ksbb.de/" "Mozilla/5.0 (Windows NT 6.1; WOW64; rv:13.0) Gecko/20100101 Firefox/13.0.1"
84.147.122.3 - - [27/Oct/2013:00:21:54 +0200] "GET /images/pmtm7.gif HTTP/1.1" 200 1174 "http://www.ksbb.de/" "Mozilla/5.0 (Windows NT 6.1; WOW64; rv:13.0) Gecko/20100101 Firefox/13.0.1"
84.147.122.3 - - [27/Oct/2013:00:21:54 +0200] "GET /images/plma.gif HTTP/1.1" 200 164 "http://www.ksbb.de/" "Mozilla/5.0 (Windows NT 6.1; WOW64; rv:13.0) Gecko/20100101 Firefox/13.0.1"
84.147.122.3 - - [27/Oct/2013:00:21:54 +0200] "GET /images/plogo.gif HTTP/1.1" 200 18153 "http://www.ksbb.de/" "Mozilla/5.0 (Windows NT 6.1; WOW64; rv:13.0) Gecko/20100101 Firefox/13.0.1"
84.147.122.3 - - [27/Oct/2013:00:21:54 +0200] "GET /images/plmb.gif HTTP/1.1" 200 166 "http://www.ksbb.de/" "Mozilla/5.0 (Windows NT 6.1; WOW64; rv:13.0) Gecko/20100101 Firefox/13.0.1"
84.147.122.3 - - [27/Oct/2013:00:21:54 +0200] "GET /images/pl160.gif HTTP/1.1" 200 70 "http://www.ksbb.de/" "Mozilla/5.0 (Windows NT 6.1; WOW64; rv:13.0) Gecko/20100101 Firefox/13.0.1"
84.147.122.3 - - [27/Oct/2013:00:21:54 +0200] "GET /images/phnvmtt1.gif HTTP/1.1" 200 2551 "http://www.ksbb.de/" "Mozilla/5.0 (Windows NT 6.1; WOW64; rv:13.0) Gecko/20100101 Firefox/13.0.1"
84.147.122.3 - - [27/Oct/2013:00:21:54 +0200] "GET /images/pd.gif HTTP/1.1" 200 111 "http://www.ksbb.de/" "Mozilla/5.0 (Windows NT 6.1; WOW64; rv:13.0) Gecko/20100101 Firefox/13.0.1"
84.147.122.3 - - [27/Oct/2013:00:21:54 +0200] "GET /images/phnvmtt2.gif HTTP/1.1" 200 1637 "http://www.ksbb.de/" "Mozilla/5.0 (Windows NT 6.1; WOW64; rv:13.0) Gecko/20100101 Firefox/13.0.1"
84.147.122.3 - - [27/Oct/2013:00:21:54 +0200] "GET /images/phnvmtt3.gif HTTP/1.1" 200 2611 "http://www.ksbb.de/" "Mozilla/5.0 (Windows NT 6.1; WOW64; rv:13.0) Gecko/20100101 Firefox/13.0.1"
84.147.122.3 - - [27/Oct/2013:00:21:54 +0200] "GET /images/phnvmtt4.gif HTTP/1.1" 200 2685 "http://www.ksbb.de/" "Mozilla/5.0 (Windows NT 6.1; WOW64; rv:13.0) Gecko/20100101 Firefox/13.0.1"
84.147.122.3 - - [27/Oct/2013:00:21:54 +0200] "GET /images/phnvmtt5.gif HTTP/1.1" 200 2563 "http://www.ksbb.de/" "Mozilla/5.0 (Windows NT 6.1; WOW64; rv:13.0) Gecko/20100101 Firefox/13.0.1"
84.147.122.3 - - [27/Oct/2013:00:21:54 +0200] "GET /images/phnvmtt6.gif HTTP/1.1" 200 1637 "http://www.ksbb.de/" "Mozilla/5.0 (Windows NT 6.1; WOW64; rv:13.0) Gecko/20100101 Firefox/13.0.1"
84.147.122.3 - - [27/Oct/2013:00:21:54 +0200] "GET /images/phnvmtt7.gif HTTP/1.1" 200 2552 "http://www.ksbb.de/" "Mozilla/5.0 (Windows NT 6.1; WOW64; rv:13.0) Gecko/20100101 Firefox/13.0.1"
84.147.122.3 - - [27/Oct/2013:00:21:54 +0200] "GET /images/pbx.gif HTTP/1.1" 200 99 "http://www.ksbb.de/" "Mozilla/5.0 (Windows NT 6.1; WOW64; rv:13.0) Gecko/20100101 Firefox/13.0.1"
84.147.122.3 - - [27/Oct/2013:00:21:54 +0200] "GET /images/plnkn.gif HTTP/1.1" 200 95 "http://www.ksbb.de/" "Mozilla/5.0 (Windows NT 6.1; WOW64; rv:13.0) Gecko/20100101 Firefox/13.0.1"
84.147.122.3 - - [27/Oct/2013:00:21:54 +0200] "GET /images/mev23003_72.jpg HTTP/1.1" 200 2106 "http://www.ksbb.de/" "Mozilla/5.0 (Windows NT 6.1; WOW64; rv:13.0) Gecko/20100101 Firefox/13.0.1"
84.147.122.3 - - [27/Oct/2013:00:21:54 +0200] "GET /images/mev14046_72.jpg HTTP/1.1" 200 1662 "http://www.ksbb.de/" "Mozilla/5.0 (Windows NT 6.1; WOW64; rv:13.0) Gecko/20100101 Firefox/13.0.1"
84.147.122.3 - - [27/Oct/2013:00:21:54 +0200] "GET /images/55275_72.jpg HTTP/1.1" 200 2381 "http://www.ksbb.de/" "Mozilla/5.0 (Windows NT 6.1; WOW64; rv:13.0) Gecko/20100101 Firefox/13.0.1"
84.147.122.3 - - [27/Oct/2013:00:21:54 +0200] "GET /images/plmc.gif HTTP/1.1" 200 166 "http://www.ksbb.de/" "Mozilla/5.0 (Windows NT 6.1; WOW64; rv:13.0) Gecko/20100101 Firefox/13.0.1"
84.147.122.3 - - [27/Oct/2013:00:21:54 +0200] "GET /images/pcmpc1.gif HTTP/1.1" 200 1155 "http://www.ksbb.de/" "Mozilla/5.0 (Windows NT 6.1; WOW64; rv:13.0) Gecko/20100101 Firefox/13.0.1"
84.147.122.3 - - [27/Oct/2013:00:21:54 +0200] "GET /images/pcmpc2.gif HTTP/1.1" 200 1240 "http://www.ksbb.de/" "Mozilla/5.0 (Windows NT 6.1; WOW64; rv:13.0) Gecko/20100101 Firefox/13.0.1"
84.147.122.3 - - [27/Oct/2013:00:21:54 +0200] "GET /images/plbt.gif HTTP/1.1" 200 161 "http://www.ksbb.de/" "Mozilla/5.0 (Windows NT 6.1; WOW64; rv:13.0) Gecko/20100101 Firefox/13.0.1"
84.147.122.3 - - [27/Oct/2013:00:21:54 +0200] "GET /images/ksbb1_sbp.jpg HTTP/1.1" 200 3871 "http://www.ksbb.de/" "Mozilla/5.0 (Windows NT 6.1; WOW64; rv:13.0) Gecko/20100101 Firefox/13.0.1"
84.147.122.3 - - [27/Oct/2013:00:21:54 +0200] "GET /images/logoprofex_sbp.gif HTTP/1.1" 200 3524 "http://www.ksbb.de/" "Mozilla/5.0 (Windows NT 6.1; WOW64; rv:13.0) Gecko/20100101 Firefox/13.0.1"
84.147.122.3 - - [27/Oct/2013:00:21:54 +0200] "GET /images/ulslogosbp_sbp.jpg HTTP/1.1" 200 1896 "http://www.ksbb.de/" "Mozilla/5.0 (Windows NT 6.1; WOW64; rv:13.0) Gecko/20100101 Firefox/13.0.1"
84.147.122.3 - - [27/Oct/2013:00:21:54 +0200] "GET /images/pcmphc1.gif HTTP/1.1" 200 2164 "http://www.ksbb.de/" "Mozilla/5.0 (Windows NT 6.1; WOW64; rv:13.0) Gecko/20100101 Firefox/13.0.1"
84.147.122.3 - - [27/Oct/2013:00:21:54 +0200] "GET /images/pcmphc2.gif HTTP/1.1" 200 2299 "http://www.ksbb.de/" "Mozilla/5.0 (Windows NT 6.1; WOW64; rv:13.0) Gecko/20100101 Firefox/13.0.1"
84.147.122.3 - - [27/Oct/2013:00:21:54 +0200] "GET /images/iso9001_sbp.jpg HTTP/1.1" 200 4462 "http://www.ksbb.de/" "Mozilla/5.0 (Windows NT 6.1; WOW64; rv:13.0) Gecko/20100101 Firefox/13.0.1"
84.147.122.3 - - [27/Oct/2013:00:21:54 +0200] "GET /images/phnvmtht1.gif HTTP/1.1" 200 2613 "http://www.ksbb.de/" "Mozilla/5.0 (Windows NT 6.1; WOW64; rv:13.0) Gecko/20100101 Firefox/13.0.1"
84.147.122.3 - - [27/Oct/2013:00:21:54 +0200] "GET /images/phnvmtht2.gif HTTP/1.1" 200 1696 "http://www.ksbb.de/" "Mozilla/5.0 (Windows NT 6.1; WOW64; rv:13.0) Gecko/20100101 Firefox/13.0.1"
84.147.122.3 - - [27/Oct/2013:00:21:54 +0200] "GET /images/phnvmtht3.gif HTTP/1.1" 200 2679 "http://www.ksbb.de/" "Mozilla/5.0 (Windows NT 6.1; WOW64; rv:13.0) Gecko/20100101 Firefox/13.0.1"
84.147.122.3 - - [27/Oct/2013:00:21:54 +0200] "GET /images/phnvmtht4.gif HTTP/1.1" 200 2627 "http://www.ksbb.de/" "Mozilla/5.0 (Windows NT 6.1; WOW64; rv:13.0) Gecko/20100101 Firefox/13.0.1"
84.147.122.3 - - [27/Oct/2013:00:21:54 +0200] "GET /images/phnvmtht5.gif HTTP/1.1" 200 2500 "http://www.ksbb.de/" "Mozilla/5.0 (Windows NT 6.1; WOW64; rv:13.0) Gecko/20100101 Firefox/13.0.1"
84.147.122.3 - - [27/Oct/2013:00:21:54 +0200] "GET /images/phnvmtht6.gif HTTP/1.1" 200 1696 "http://www.ksbb.de/" "Mozilla/5.0 (Windows NT 6.1; WOW64; rv:13.0) Gecko/20100101 Firefox/13.0.1"
84.147.122.3 - - [27/Oct/2013:00:21:54 +0200] "GET /images/phnvmtht7.gif HTTP/1.1" 200 2615 "http://www.ksbb.de/" "Mozilla/5.0 (Windows NT 6.1; WOW64; rv:13.0) Gecko/20100101 Firefox/13.0.1"
84.147.122.3 - - [27/Oct/2013:00:21:54 +0200] "GET /images/pmthm1.gif HTTP/1.1" 200 2169 "http://www.ksbb.de/" "Mozilla/5.0 (Windows NT 6.1; WOW64; rv:13.0) Gecko/20100101 Firefox/13.0.1"
84.147.122.3 - - [27/Oct/2013:00:21:54 +0200] "GET /images/pmthm2.gif HTTP/1.1" 200 1209 "http://www.ksbb.de/" "Mozilla/5.0 (Windows NT 6.1; WOW64; rv:13.0) Gecko/20100101 Firefox/13.0.1"
