90.177.92.29 - - [01/Apr/2011:23:52:03 +0200] "GET /skin/frontend/esso/standard/images/bkg_pipe1.gif HTTP/1.1" 200 44 "http://translate.googleusercontent.com/translate_c?hl=cs&ie=UTF8&prev=_t&rurl=translate.google.cz&sl=de&tl=cs&u=http://www.markenoele.de/&usg=ALkJrhhhpQZQ_MJpPfoSXe778oQ_bNaN4A" "Opera/9.80 (Windows NT 6.1; U; Edition Campaign 21; cs) Presto/2.7.62 Version/11.01"
90.177.92.29 - - [01/Apr/2011:23:52:03 +0200] "GET /skin/frontend/esso/standard/images/siegel.gif HTTP/1.1" 200 3150 "http://translate.googleusercontent.com/translate_c?hl=cs&ie=UTF8&prev=_t&rurl=translate.google.cz&sl=de&tl=cs&u=http://www.markenoele.de/&usg=ALkJrhhhpQZQ_MJpPfoSXe778oQ_bNaN4A" "Opera/9.80 (Windows NT 6.1; U; Edition Campaign 21; cs) Presto/2.7.62 Version/11.01"
90.177.92.29 - - [01/Apr/2011:23:52:03 +0200] "GET /skin/frontend/esso/standard/images/bg_yellow.jpg HTTP/1.1" 200 22020 "http://translate.googleusercontent.com/translate_c?hl=cs&ie=UTF8&prev=_t&rurl=translate.google.cz&sl=de&tl=cs&u=http://www.markenoele.de/&usg=ALkJrhhhpQZQ_MJpPfoSXe778oQ_bNaN4A" "Opera/9.80 (Windows NT 6.1; U; Edition Campaign 21; cs) Presto/2.7.62 Version/11.01"
95.108.158.134 - - [01/Apr/2011:23:57:18 +0200] "GET /lieferung HTTP/1.1" 200 22916 "-" "Mozilla/5.0 (compatible; YandexBot/3.0; +http://yandex.com/bots)"
66.249.82.2 - - [01/Apr/2011:23:58:15 +0200] "GET /motul_pflegeberater/ HTTP/1.1" 200 20828 "http://translate.googleusercontent.com/translate_c?hl=cs&ie=UTF8&prev=_t&rurl=translate.google.cz&sl=de&tl=cs&u=http://www.markenoele.de/&usg=ALkJrhhhpQZQ_MJpPfoSXe778oQ_bNaN4A" "Opera/9.80 (Windows NT 6.1; U; Edition Campaign 21; cs) Presto/2.7.62 Version/11.01,gzip(gfe) (via translate.google.com)"
66.249.82.2 - - [01/Apr/2011:23:58:23 +0200] "GET /motul-schmierstoffe.html HTTP/1.1" 200 48393 "http://translate.googleusercontent.com/translate_c?hl=cs&ie=UTF8&prev=_t&rurl=translate.google.cz&sl=de&tl=cs&u=http://www.markenoele.de/motul_pflegeberater/&usg=ALkJrhjFDyHuJg5A30kfKSD90jdSX9yIYQ" "Opera/9.80 (Windows NT 6.1; U; Edition Campaign 21; cs) Presto/2.7.62 Version/11.01,gzip(gfe) (via translate.google.com)"
90.177.92.29 - - [01/Apr/2011:23:58:26 +0200] "GET /skin/frontend/esso/standard/images/bkg_toolbar.gif HTTP/1.1" 200 154 "http://translate.googleusercontent.com/translate_c?hl=cs&ie=UTF8&prev=_t&rurl=translate.google.cz&sl=de&tl=cs&u=http://www.markenoele.de/motul-schmierstoffe.html&usg=ALkJrhiOlNezxzEb5yuYZeQD03FDrvTxdw" "Opera/9.80 (Windows NT 6.1; U; Edition Campaign 21; cs) Presto/2.7.62 Version/11.01"
90.177.92.29 - - [01/Apr/2011:23:58:26 +0200] "GET /skin/frontend/esso/standard/images/i_pager-next.gif HTTP/1.1" 200 158 "http://translate.googleusercontent.com/translate_c?hl=cs&ie=UTF8&prev=_t&rurl=translate.google.cz&sl=de&tl=cs&u=http://www.markenoele.de/motul-schmierstoffe.html&usg=ALkJrhiOlNezxzEb5yuYZeQD03FDrvTxdw" "Opera/9.80 (Windows NT 6.1; U; Edition Campaign 21; cs) Presto/2.7.62 Version/11.01"
90.177.92.29 - - [01/Apr/2011:23:58:26 +0200] "GET /skin/frontend/esso/standard/images/i_asc_arrow.gif HTTP/1.1" 200 115 "http://translate.googleusercontent.com/translate_c?hl=cs&ie=UTF8&prev=_t&rurl=translate.google.cz&sl=de&tl=cs&u=http://www.markenoele.de/motul-schmierstoffe.html&usg=ALkJrhiOlNezxzEb5yuYZeQD03FDrvTxdw" "Opera/9.80 (Windows NT 6.1; U; Edition Campaign 21; cs) Presto/2.7.62 Version/11.01"
90.177.92.29 - - [01/Apr/2011:23:58:26 +0200] "GET /media/catalog/product/cache/2/small_image/170x/9df78eab33525d08d6e5fb8d27136e95/4/1/4100_power_15w50_1l.jpg HTTP/1.1" 200 7710 "http://translate.googleusercontent.com/translate_c?hl=cs&ie=UTF8&prev=_t&rurl=translate.google.cz&sl=de&tl=cs&u=http://www.markenoele.de/motul-schmierstoffe.html&usg=ALkJrhiOlNezxzEb5yuYZeQD03FDrvTxdw" "Opera/9.80 (Windows NT 6.1; U; Edition Campaign 21; cs) Presto/2.7.62 Version/11.01"
90.177.92.29 - - [01/Apr/2011:23:58:26 +0200] "GET /media/catalog/product/cache/2/small_image/170x/9df78eab33525d08d6e5fb8d27136e95/4/1/4100_power-15w50_5l.jpg HTTP/1.1" 200 8384 "http://translate.googleusercontent.com/translate_c?hl=cs&ie=UTF8&prev=_t&rurl=translate.google.cz&sl=de&tl=cs&u=http://www.markenoele.de/motul-schmierstoffe.html&usg=ALkJrhiOlNezxzEb5yuYZeQD03FDrvTxdw" "Opera/9.80 (Windows NT 6.1; U; Edition Campaign 21; cs) Presto/2.7.62 Version/11.01"
90.177.92.29 - - [01/Apr/2011:23:58:26 +0200] "GET /media/catalog/product/cache/2/small_image/170x/9df78eab33525d08d6e5fb8d27136e95/6/1/6100_synergieplus_10w40_1l.jpg HTTP/1.1" 200 7991 "http://translate.googleusercontent.com/translate_c?hl=cs&ie=UTF8&prev=_t&rurl=translate.google.cz&sl=de&tl=cs&u=http://www.markenoele.de/motul-schmierstoffe.html&usg=ALkJrhiOlNezxzEb5yuYZeQD03FDrvTxdw" "Opera/9.80 (Windows NT 6.1; U; Edition Campaign 21; cs) Presto/2.7.62 Version/11.01"
90.177.92.29 - - [01/Apr/2011:23:58:26 +0200] "GET /media/catalog/product/cache/2/small_image/170x/9df78eab33525d08d6e5fb8d27136e95/6/1/6100_synergieplus_10w40_5l.jpg HTTP/1.1" 200 8701 "http://translate.googleusercontent.com/translate_c?hl=cs&ie=UTF8&prev=_t&rurl=translate.google.cz&sl=de&tl=cs&u=http://www.markenoele.de/motul-schmierstoffe.html&usg=ALkJrhiOlNezxzEb5yuYZeQD03FDrvTxdw" "Opera/9.80 (Windows NT 6.1; U; Edition Campaign 21; cs) Presto/2.7.62 Version/11.01"
90.177.92.29 - - [01/Apr/2011:23:58:26 +0200] "GET /media/catalog/product/cache/2/small_image/170x/9df78eab33525d08d6e5fb8d27136e95/8/1/8100_x-cess_5w40_5l.jpg HTTP/1.1" 200 8326 "http://translate.googleusercontent.com/translate_c?hl=cs&ie=UTF8&prev=_t&rurl=translate.google.cz&sl=de&tl=cs&u=http://www.markenoele.de/motul-schmierstoffe.html&usg=ALkJrhiOlNezxzEb5yuYZeQD03FDrvTxdw" "Opera/9.80 (Windows NT 6.1; U; Edition Campaign 21; cs) Presto/2.7.62 Version/11.01"
90.177.92.29 - - [01/Apr/2011:23:58:26 +0200] "GET /media/catalog/product/cache/2/small_image/170x/9df78eab33525d08d6e5fb8d27136e95/8/1/8100_xclean_5w40_5l.jpg HTTP/1.1" 200 8644 "http://translate.googleusercontent.com/translate_c?hl=cs&ie=UTF8&prev=_t&rurl=translate.google.cz&sl=de&tl=cs&u=http://www.markenoele.de/motul-schmierstoffe.html&usg=ALkJrhiOlNezxzEb5yuYZeQD03FDrvTxdw" "Opera/9.80 (Windows NT 6.1; U; Edition Campaign 21; cs) Presto/2.7.62 Version/11.01"
66.249.82.2 - - [01/Apr/2011:23:58:37 +0200] "GET /motul-schmierstoffe/motul-8100-x-clean-c3-5l.html HTTP/1.1" 200 31465 "http://translate.googleusercontent.com/translate_c?hl=cs&ie=UTF8&prev=_t&rurl=translate.google.cz&sl=de&tl=cs&u=http://www.markenoele.de/motul-schmierstoffe.html&usg=ALkJrhiOlNezxzEb5yuYZeQD03FDrvTxdw" "Opera/9.80 (Windows NT 6.1; U; Edition Campaign 21; cs) Presto/2.7.62 Version/11.01,gzip(gfe) (via translate.google.com)"
90.177.92.29 - - [01/Apr/2011:23:58:39 +0200] "GET /js/calendar/calendar-win2k-1.css HTTP/1.1" 200 5986 "http://translate.googleusercontent.com/translate_c?hl=cs&ie=UTF8&prev=_t&rurl=translate.google.cz&sl=de&tl=cs&u=http://www.markenoele.de/motul-schmierstoffe/motul-8100-x-clean-c3-5l.html&usg=ALkJrhj7_2vNtlKBQZ-wDCc9JO-Cft8eHw" "Opera/9.80 (Windows NT 6.1; U; Edition Campaign 21; cs) Presto/2.7.62 Version/11.01"
90.177.92.29 - - [01/Apr/2011:23:58:40 +0200] "GET /skin/frontend/base/default/css/baseprice.css HTTP/1.1" 404 1256 "http://translate.googleusercontent.com/translate_c?hl=cs&ie=UTF8&prev=_t&rurl=translate.google.cz&sl=de&tl=cs&u=http://www.markenoele.de/motul-schmierstoffe/motul-8100-x-clean-c3-5l.html&usg=ALkJrhj7_2vNtlKBQZ-wDCc9JO-Cft8eHw" "Opera/9.80 (Windows NT 6.1; U; Edition Campaign 21; cs) Presto/2.7.62 Version/11.01"
90.177.92.29 - - [01/Apr/2011:23:58:40 +0200] "GET /skin/frontend/esso/standard/css/jqzoom.css HTTP/1.1" 200 1051 "http://translate.googleusercontent.com/translate_c?hl=cs&ie=UTF8&prev=_t&rurl=translate.google.cz&sl=de&tl=cs&u=http://www.markenoele.de/motul-schmierstoffe/motul-8100-x-clean-c3-5l.html&usg=ALkJrhj7_2vNtlKBQZ-wDCc9JO-Cft8eHw" "Opera/9.80 (Windows NT 6.1; U; Edition Campaign 21; cs) Presto/2.7.62 Version/11.01"
90.177.92.29 - - [01/Apr/2011:23:58:40 +0200] "GET /js/varien/product.js HTTP/1.1" 200 23531 "http://translate.googleusercontent.com/translate_c?hl=cs&ie=UTF8&prev=_t&rurl=translate.google.cz&sl=de&tl=cs&u=http://www.markenoele.de/motul-schmierstoffe/motul-8100-x-clean-c3-5l.html&usg=ALkJrhj7_2vNtlKBQZ-wDCc9JO-Cft8eHw" "Opera/9.80 (Windows NT 6.1; U; Edition Campaign 21; cs) Presto/2.7.62 Version/11.01"
90.177.92.29 - - [01/Apr/2011:23:58:40 +0200] "GET /js/calendar/calendar.js HTTP/1.1" 200 53130 "http://translate.googleusercontent.com/translate_c?hl=cs&ie=UTF8&prev=_t&rurl=translate.google.cz&sl=de&tl=cs&u=http://www.markenoele.de/motul-schmierstoffe/motul-8100-x-clean-c3-5l.html&usg=ALkJrhj7_2vNtlKBQZ-wDCc9JO-Cft8eHw" "Opera/9.80 (Windows NT 6.1; U; Edition Campaign 21; cs) Presto/2.7.62 Version/11.01"
90.177.92.29 - - [01/Apr/2011:23:58:40 +0200] "GET /js/calendar/calendar-setup.js HTTP/1.1" 200 4986 "http://translate.googleusercontent.com/translate_c?hl=cs&ie=UTF8&prev=_t&rurl=translate.google.cz&sl=de&tl=cs&u=http://www.markenoele.de/motul-schmierstoffe/motul-8100-x-clean-c3-5l.html&usg=ALkJrhj7_2vNtlKBQZ-wDCc9JO-Cft8eHw" "Opera/9.80 (Windows NT 6.1; U; Edition Campaign 21; cs) Presto/2.7.62 Version/11.01"
90.177.92.29 - - [01/Apr/2011:23:58:41 +0200] "GET /skin/frontend/esso/standard/js/jquery-1.3.2.min.js HTTP/1.1" 200 57254 "http://translate.googleusercontent.com/translate_c?hl=cs&ie=UTF8&prev=_t&rurl=translate.google.cz&sl=de&tl=cs&u=http://www.markenoele.de/motul-schmierstoffe/motul-8100-x-clean-c3-5l.html&usg=ALkJrhj7_2vNtlKBQZ-wDCc9JO-Cft8eHw" "Opera/9.80 (Windows NT 6.1; U; Edition Campaign 21; cs) Presto/2.7.62 Version/11.01"
90.177.92.29 - - [01/Apr/2011:23:58:41 +0200] "GET /skin/frontend/esso/standard/js/jquery.jqzoom.js HTTP/1.1" 200 5131 "http://translate.googleusercontent.com/translate_c?hl=cs&ie=UTF8&prev=_t&rurl=translate.google.cz&sl=de&tl=cs&u=http://www.markenoele.de/motul-schmierstoffe/motul-8100-x-clean-c3-5l.html&usg=ALkJrhj7_2vNtlKBQZ-wDCc9JO-Cft8eHw" "Opera/9.80 (Windows NT 6.1; U; Edition Campaign 21; cs) Presto/2.7.62 Version/11.01"
90.177.92.29 - - [01/Apr/2011:23:58:41 +0200] "GET /skin/frontend/esso/standard/js/effects.core.js HTTP/1.1" 200 19170 "http://translate.googleusercontent.com/translate_c?hl=cs&ie=UTF8&prev=_t&rurl=translate.google.cz&sl=de&tl=cs&u=http://www.markenoele.de/motul-schmierstoffe/motul-8100-x-clean-c3-5l.html&usg=ALkJrhj7_2vNtlKBQZ-wDCc9JO-Cft8eHw" "Opera/9.80 (Windows NT 6.1; U; Edition Campaign 21; cs) Presto/2.7.62 Version/11.01"
90.177.92.29 - - [01/Apr/2011:23:58:42 +0200] "GET /skin/frontend/esso/standard/js/effects.scale.js HTTP/1.1" 200 7057 "http://translate.googleusercontent.com/translate_c?hl=cs&ie=UTF8&prev=_t&rurl=translate.google.cz&sl=de&tl=cs&u=http://www.markenoele.de/motul-schmierstoffe/motul-8100-x-clean-c3-5l.html&usg=ALkJrhj7_2vNtlKBQZ-wDCc9JO-Cft8eHw" "Opera/9.80 (Windows NT 6.1; U; Edition Campaign 21; cs) Presto/2.7.62 Version/11.01"
90.177.92.29 - - [01/Apr/2011:23:58:42 +0200] "GET /skin/frontend/esso/standard/images/bkg_tabs.gif HTTP/1.1" 200 151 "http://translate.googleusercontent.com/translate_c?hl=cs&ie=UTF8&prev=_t&rurl=translate.google.cz&sl=de&tl=cs&u=http://www.markenoele.de/motul-schmierstoffe/motul-8100-x-clean-c3-5l.html&usg=ALkJrhj7_2vNtlKBQZ-wDCc9JO-Cft8eHw" "Opera/9.80 (Windows NT 6.1; U; Edition Campaign 21; cs) Presto/2.7.62 Version/11.01"
90.177.92.29 - - [01/Apr/2011:23:58:42 +0200] "GET /media/catalog/product/cache/2/thumbnail2/250x250/9df78eab33525d08d6e5fb8d27136e95/8/1/8100_xclean_5w40_5l.jpg HTTP/1.1" 200 15339 "http://translate.googleusercontent.com/translate_c?hl=cs&ie=UTF8&prev=_t&rurl=translate.google.cz&sl=de&tl=cs&u=http://www.markenoele.de/motul-schmierstoffe/motul-8100-x-clean-c3-5l.html&usg=ALkJrhj7_2vNtlKBQZ-wDCc9JO-Cft8eHw" "Opera/9.80 (Windows NT 6.1; U; Edition Campaign 21; cs) Presto/2.7.62 Version/11.01"
90.177.92.29 - - [01/Apr/2011:23:58:42 +0200] "GET /media/catalog/product/8/1/8100_xclean_5w40_5l.jpg HTTP/1.1" 200 3099642 "http://translate.googleusercontent.com/translate_c?hl=cs&ie=UTF8&prev=_t&rurl=translate.google.cz&sl=de&tl=cs&u=http://www.markenoele.de/motul-schmierstoffe/motul-8100-x-clean-c3-5l.html&usg=ALkJrhj7_2vNtlKBQZ-wDCc9JO-Cft8eHw" "Opera/9.80 (Windows NT 6.1; U; Edition Campaign 21; cs) Presto/2.7.62 Version/11.01"
90.177.92.29 - - [01/Apr/2011:23:58:59 +0200] "GET /skin/frontend/esso/standard/images/jqzoon_lens.png HTTP/1.1" 404 1256 "http://translate.googleusercontent.com/translate_c?hl=cs&ie=UTF8&prev=_t&rurl=translate.google.cz&sl=de&tl=cs&u=http://www.markenoele.de/motul-schmierstoffe/motul-8100-x-clean-c3-5l.html&usg=ALkJrhj7_2vNtlKBQZ-wDCc9JO-Cft8eHw" "Opera/9.80 (Windows NT 6.1; U; Edition Campaign 21; cs) Presto/2.7.62 Version/11.01"
66.249.82.2 - - [02/Apr/2011:00:00:22 +0200] "GET /motul-schmierstoffe/motul-autoschmierstoffe.html HTTP/1.1" 200 50518 "http://translate.googleusercontent.com/translate_c?hl=cs&ie=UTF8&prev=_t&rurl=translate.google.cz&sl=de&tl=cs&u=http://www.markenoele.de/motul-schmierstoffe.html&usg=ALkJrhiOlNezxzEb5yuYZeQD03FDrvTxdw" "Opera/9.80 (Windows NT 6.1; U; Edition Campaign 21; cs) Presto/2.7.62 Version/11.01,gzip(gfe) (via translate.google.com)"
90.177.92.29 - - [02/Apr/2011:00:00:25 +0200] "GET /media/catalog/product/cache/2/small_image/170x/9df78eab33525d08d6e5fb8d27136e95/8/1/8100_x-cess_5w40_1l.jpg HTTP/1.1" 200 7747 "http://translate.googleusercontent.com/translate_c?hl=cs&ie=UTF8&prev=_t&rurl=translate.google.cz&sl=de&tl=cs&u=http://www.markenoele.de/motul-schmierstoffe/motul-autoschmierstoffe.html&usg=ALkJrhguCWXEqg7W8bZAp2OgJUrEJ6q3ig" "Opera/9.80 (Windows NT 6.1; U; Edition Campaign 21; cs) Presto/2.7.62 Version/11.01"
90.177.92.29 - - [02/Apr/2011:00:00:25 +0200] "GET /media/catalog/product/cache/2/small_image/170x/9df78eab33525d08d6e5fb8d27136e95/8/1/8100_xclean_5w40_1l.jpg HTTP/1.1" 200 7941 "http://translate.googleusercontent.com/translate_c?hl=cs&ie=UTF8&prev=_t&rurl=translate.google.cz&sl=de&tl=cs&u=http://www.markenoele.de/motul-schmierstoffe/motul-autoschmierstoffe.html&usg=ALkJrhguCWXEqg7W8bZAp2OgJUrEJ6q3ig" "Opera/9.80 (Windows NT 6.1; U; Edition Campaign 21; cs) Presto/2.7.62 Version/11.01"
66.249.82.2 - - [02/Apr/2011:00:00:31 +0200] "GET /motul-schmierstoffe/motul-autoschmierstoffe/motul-auto-motorenoel.html HTTP/1.1" 200 52348 "http://translate.googleusercontent.com/translate_c?hl=cs&ie=UTF8&prev=_t&rurl=translate.google.cz&sl=de&tl=cs&u=http://www.markenoele.de/motul-schmierstoffe/motul-autoschmierstoffe.html&usg=ALkJrhguCWXEqg7W8bZAp2OgJUrEJ6q3ig" "Opera/9.80 (Windows NT 6.1; U; Edition Campaign 21; cs) Presto/2.7.62 Version/11.01,gzip(gfe) (via translate.google.com)"
90.177.92.29 - - [02/Apr/2011:00:00:34 +0200] "GET /skin/frontend/esso/standard/images/bkg_btn.png HTTP/1.1" 200 890 "http://translate.googleusercontent.com/translate_c?hl=cs&ie=UTF8&prev=_t&rurl=translate.google.cz&sl=de&tl=cs&u=http://www.markenoele.de/motul-schmierstoffe/motul-autoschmierstoffe/motul-auto-motorenoel.html&usg=ALkJrhifd9y7U7BFtAcnZPssM5dJGqvpbw" "Opera/9.80 (Windows NT 6.1; U; Edition Campaign 21; cs) Presto/2.7.62 Version/11.01"
66.249.82.2 - - [02/Apr/2011:00:00:42 +0200] "GET /motul-schmierstoffe/motul-autoschmierstoffe/motul-auto-motorenoel.html?p=2 HTTP/1.1" 200 54144 "http://translate.googleusercontent.com/translate_c?hl=cs&ie=UTF8&prev=_t&rurl=translate.google.cz&sl=de&tl=cs&u=http://www.markenoele.de/motul-schmierstoffe/motul-autoschmierstoffe/motul-auto-motorenoel.html&usg=ALkJrhifd9y7U7BFtAcnZPssM5dJGqvpbw" "Opera/9.80 (Windows NT 6.1; U; Edition Campaign 21; cs) Presto/2.7.62 Version/11.01,gzip(gfe) (via translate.google.com)"
90.177.92.29 - - [02/Apr/2011:00:00:45 +0200] "GET /skin/frontend/esso/standard/images/i_pager-prev.gif HTTP/1.1" 200 158 "http://translate.googleusercontent.com/translate_c?hl=cs&ie=UTF8&prev=_t&rurl=translate.google.cz&sl=de&tl=cs&u=http://www.markenoele.de/motul-schmierstoffe/motul-autoschmierstoffe/motul-auto-motorenoel.html%3Fp%3D2&usg=ALkJrhiP-f2O93N4TwTi8gzxVNHFyC9cFQ" "Opera/9.80 (Windows NT 6.1; U; Edition Campaign 21; cs) Presto/2.7.62 Version/11.01"
90.177.92.29 - - [02/Apr/2011:00:00:45 +0200] "GET /media/catalog/product/cache/2/small_image/170x/9df78eab33525d08d6e5fb8d27136e95/s/p/specific_cng_lpl_5l.jpg HTTP/1.1" 200 9255 "http://translate.googleusercontent.com/translate_c?hl=cs&ie=UTF8&prev=_t&rurl=translate.google.cz&sl=de&tl=cs&u=http://www.markenoele.de/motul-schmierstoffe/motul-autoschmierstoffe/motul-auto-motorenoel.html%3Fp%3D2&usg=ALkJrhiP-f2O93N4TwTi8gzxVNHFyC9cFQ" "Opera/9.80 (Windows NT 6.1; U; Edition Campaign 21; cs) Presto/2.7.62 Version/11.01"
90.177.92.29 - - [02/Apr/2011:00:00:45 +0200] "GET /media/catalog/product/cache/2/small_image/170x/9df78eab33525d08d6e5fb8d27136e95/f/i/file.jpg HTTP/1.1" 200 8178 "http://translate.googleusercontent.com/translate_c?hl=cs&ie=UTF8&prev=_t&rurl=translate.google.cz&sl=de&tl=cs&u=http://www.markenoele.de/motul-schmierstoffe/motul-autoschmierstoffe/motul-auto-motorenoel.html%3Fp%3D2&usg=ALkJrhiP-f2O93N4TwTi8gzxVNHFyC9cFQ" "Opera/9.80 (Windows NT 6.1; U; Edition Campaign 21; cs) Presto/2.7.62 Version/11.01"
90.177.92.29 - - [02/Apr/2011:00:00:45 +0200] "GET /media/catalog/product/cache/2/small_image/170x/9df78eab33525d08d6e5fb8d27136e95/f/i/file_2.jpg HTTP/1.1" 200 8679 "http://translate.googleusercontent.com/translate_c?hl=cs&ie=UTF8&prev=_t&rurl=translate.google.cz&sl=de&tl=cs&u=http://www.markenoele.de/motul-schmierstoffe/motul-autoschmierstoffe/motul-auto-motorenoel.html%3Fp%3D2&usg=ALkJrhiP-f2O93N4TwTi8gzxVNHFyC9cFQ" "Opera/9.80 (Windows NT 6.1; U; Edition Campaign 21; cs) Presto/2.7.62 Version/11.01"
90.177.92.29 - - [02/Apr/2011:00:00:45 +0200] "GET /media/catalog/product/cache/2/small_image/170x/9df78eab33525d08d6e5fb8d27136e95/8/1/8100_ecoclean_5w30_1l.jpg HTTP/1.1" 200 8026 "http://translate.googleusercontent.com/translate_c?hl=cs&ie=UTF8&prev=_t&rurl=translate.google.cz&sl=de&tl=cs&u=http://www.markenoele.de/motul-schmierstoffe/motul-autoschmierstoffe/motul-auto-motorenoel.html%3Fp%3D2&usg=ALkJrhiP-f2O93N4TwTi8gzxVNHFyC9cFQ" "Opera/9.80 (Windows NT 6.1; U; Edition Campaign 21; cs) Presto/2.7.62 Version/11.01"
90.177.92.29 - - [02/Apr/2011:00:00:45 +0200] "GET /media/catalog/product/cache/2/small_image/170x/9df78eab33525d08d6e5fb8d27136e95/8/1/8100_ecoclean_5w30_5l.jpg HTTP/1.1" 200 8617 "http://translate.googleusercontent.com/translate_c?hl=cs&ie=UTF8&prev=_t&rurl=translate.google.cz&sl=de&tl=cs&u=http://www.markenoele.de/motul-schmierstoffe/motul-autoschmierstoffe/motul-auto-motorenoel.html%3Fp%3D2&usg=ALkJrhiP-f2O93N4TwTi8gzxVNHFyC9cFQ" "Opera/9.80 (Windows NT 6.1; U; Edition Campaign 21; cs) Presto/2.7.62 Version/11.01"
90.177.92.29 - - [02/Apr/2011:00:00:45 +0200] "GET /media/catalog/product/cache/2/small_image/170x/9df78eab33525d08d6e5fb8d27136e95/8/1/8100_ecocleanplus_5w30_5l.jpg HTTP/1.1" 200 8771 "http://translate.googleusercontent.com/translate_c?hl=cs&ie=UTF8&prev=_t&rurl=translate.google.cz&sl=de&tl=cs&u=http://www.markenoele.de/motul-schmierstoffe/motul-autoschmierstoffe/motul-auto-motorenoel.html%3Fp%3D2&usg=ALkJrhiP-f2O93N4TwTi8gzxVNHFyC9cFQ" "Opera/9.80 (Windows NT 6.1; U; Edition Campaign 21; cs) Presto/2.7.62 Version/11.01"
90.177.92.29 - - [02/Apr/2011:00:00:45 +0200] "GET /media/catalog/product/cache/2/small_image/170x/9df78eab33525d08d6e5fb8d27136e95/s/p/specific_llab025_5w30_1l.jpg HTTP/1.1" 200 7404 "http://translate.googleusercontent.com/translate_c?hl=cs&ie=UTF8&prev=_t&rurl=translate.google.cz&sl=de&tl=cs&u=http://www.markenoele.de/motul-schmierstoffe/motul-autoschmierstoffe/motul-auto-motorenoel.html%3Fp%3D2&usg=ALkJrhiP-f2O93N4TwTi8gzxVNHFyC9cFQ" "Opera/9.80 (Windows NT 6.1; U; Edition Campaign 21; cs) Presto/2.7.62 Version/11.01"
90.177.92.29 - - [02/Apr/2011:00:00:45 +0200] "GET /media/catalog/product/cache/2/small_image/170x/9df78eab33525d08d6e5fb8d27136e95/s/p/specific_llab025_5w30_5l.jpg HTTP/1.1" 200 8347 "http://translate.googleusercontent.com/translate_c?hl=cs&ie=UTF8&prev=_t&rurl=translate.google.cz&sl=de&tl=cs&u=http://www.markenoele.de/motul-schmierstoffe/motul-autoschmierstoffe/motul-auto-motorenoel.html%3Fp%3D2&usg=ALkJrhiP-f2O93N4TwTi8gzxVNHFyC9cFQ" "Opera/9.80 (Windows NT 6.1; U; Edition Campaign 21; cs) Presto/2.7.62 Version/11.01"
66.249.82.2 - - [02/Apr/2011:00:00:57 +0200] "GET /motul-schmierstoffe/motul-autoschmierstoffe/motul-auto-motorenoel.html?p=3 HTTP/1.1" 200 53695 "http://translate.googleusercontent.com/translate_c?hl=cs&ie=UTF8&prev=_t&rurl=translate.google.cz&sl=de&tl=cs&u=http://www.markenoele.de/motul-schmierstoffe/motul-autoschmierstoffe/motul-auto-motorenoel.html%3Fp%3D2&usg=ALkJrhiP-f2O93N4TwTi8gzxVNHFyC9cFQ" "Opera/9.80 (Windows NT 6.1; U; Edition Campaign 21; cs) Presto/2.7.62 Version/11.01,gzip(gfe) (via translate.google.com)"
90.177.92.29 - - [02/Apr/2011:00:00:59 +0200] "GET /media/catalog/product/cache/2/small_image/170x/9df78eab33525d08d6e5fb8d27136e95/s/p/specific_504-00_507-00_5w30_1l.jpg HTTP/1.1" 200 7662 "http://translate.googleusercontent.com/translate_c?hl=cs&ie=UTF8&prev=_t&rurl=translate.google.cz&sl=de&tl=cs&u=http://www.markenoele.de/motul-schmierstoffe/motul-autoschmierstoffe/motul-auto-motorenoel.html%3Fp%3D3&usg=ALkJrhgGT2vzDqryobfRUuYAxqlJ0ZZySg" "Opera/9.80 (Windows NT 6.1; U; Edition Campaign 21; cs) Presto/2.7.62 Version/11.01"
90.177.92.29 - - [02/Apr/2011:00:00:59 +0200] "GET /media/catalog/product/cache/2/small_image/170x/9df78eab33525d08d6e5fb8d27136e95/s/p/specific_504-00_507-00_5w30_5l.jpg HTTP/1.1" 200 9251 "http://translate.googleusercontent.com/translate_c?hl=cs&ie=UTF8&prev=_t&rurl=translate.google.cz&sl=de&tl=cs&u=http://www.markenoele.de/motul-schmierstoffe/motul-autoschmierstoffe/motul-auto-motorenoel.html%3Fp%3D3&usg=ALkJrhgGT2vzDqryobfRUuYAxqlJ0ZZySg" "Opera/9.80 (Windows NT 6.1; U; Edition Campaign 21; cs) Presto/2.7.62 Version/11.01"
90.177.92.29 - - [02/Apr/2011:00:00:59 +0200] "GET /media/catalog/product/cache/2/small_image/170x/9df78eab33525d08d6e5fb8d27136e95/s/p/specific_229.51_1l.jpg HTTP/1.1" 200 7869 "http://translate.googleusercontent.com/translate_c?hl=cs&ie=UTF8&prev=_t&rurl=translate.google.cz&sl=de&tl=cs&u=http://www.markenoele.de/motul-schmierstoffe/motul-autoschmierstoffe/motul-auto-motorenoel.html%3Fp%3D3&usg=ALkJrhgGT2vzDqryobfRUuYAxqlJ0ZZySg" "Opera/9.80 (Windows NT 6.1; U; Edition Campaign 21; cs) Presto/2.7.62 Version/11.01"
90.177.92.29 - - [02/Apr/2011:00:00:59 +0200] "GET /media/catalog/product/cache/2/small_image/170x/9df78eab33525d08d6e5fb8d27136e95/s/p/specific_506-01_0w30_1l.jpg HTTP/1.1" 200 7425 "http://translate.googleusercontent.com/translate_c?hl=cs&ie=UTF8&prev=_t&rurl=translate.google.cz&sl=de&tl=cs&u=http://www.markenoele.de/motul-schmierstoffe/motul-autoschmierstoffe/motul-auto-motorenoel.html%3Fp%3D3&usg=ALkJrhgGT2vzDqryobfRUuYAxqlJ0ZZySg" "Opera/9.80 (Windows NT 6.1; U; Edition Campaign 21; cs) Presto/2.7.62 Version/11.01"
90.177.92.29 - - [02/Apr/2011:00:00:59 +0200] "GET /media/catalog/product/cache/2/small_image/170x/9df78eab33525d08d6e5fb8d27136e95/s/p/specific_504-00_507-00_5w30_5l_1.jpg HTTP/1.1" 200 9251 "http://translate.googleusercontent.com/translate_c?hl=cs&ie=UTF8&prev=_t&rurl=translate.google.cz&sl=de&tl=cs&u=http://www.markenoele.de/motul-schmierstoffe/motul-autoschmierstoffe/motul-auto-motorenoel.html%3Fp%3D3&usg=ALkJrhgGT2vzDqryobfRUuYAxqlJ0ZZySg" "Opera/9.80 (Windows NT 6.1; U; Edition Campaign 21; cs) Presto/2.7.62 Version/11.01"
90.177.92.29 - - [02/Apr/2011:00:00:59 +0200] "GET /media/catalog/product/cache/2/small_image/170x/9df78eab33525d08d6e5fb8d27136e95/8/1/8100_xlite_0w30_1l.jpg HTTP/1.1" 200 7990 "http://translate.googleusercontent.com/translate_c?hl=cs&ie=UTF8&prev=_t&rurl=translate.google.cz&sl=de&tl=cs&u=http://www.markenoele.de/motul-schmierstoffe/motul-autoschmierstoffe/motul-auto-motorenoel.html%3Fp%3D3&usg=ALkJrhgGT2vzDqryobfRUuYAxqlJ0ZZySg" "Opera/9.80 (Windows NT 6.1; U; Edition Campaign 21; cs) Presto/2.7.62 Version/11.01"
90.177.92.29 - - [02/Apr/2011:00:00:59 +0200] "GET /media/catalog/product/cache/2/small_image/170x/9df78eab33525d08d6e5fb8d27136e95/8/1/8100_x-clean_c3_5w30_1l_1.jpg HTTP/1.1" 200 8120 "http://translate.googleusercontent.com/translate_c?hl=cs&ie=UTF8&prev=_t&rurl=translate.google.cz&sl=de&tl=cs&u=http://www.markenoele.de/motul-schmierstoffe/motul-autoschmierstoffe/motul-auto-motorenoel.html%3Fp%3D3&usg=ALkJrhgGT2vzDqryobfRUuYAxqlJ0ZZySg" "Opera/9.80 (Windows NT 6.1; U; Edition Campaign 21; cs) Presto/2.7.62 Version/11.01"
90.177.92.29 - - [02/Apr/2011:00:00:59 +0200] "GET /media/catalog/product/cache/2/small_image/170x/9df78eab33525d08d6e5fb8d27136e95/5/w/5w30xcleanl.jpg HTTP/1.1" 200 8284 "http://translate.googleusercontent.com/translate_c?hl=cs&ie=UTF8&prev=_t&rurl=translate.google.cz&sl=de&tl=cs&u=http://www.markenoele.de/motul-schmierstoffe/motul-autoschmierstoffe/motul-auto-motorenoel.html%3Fp%3D3&usg=ALkJrhgGT2vzDqryobfRUuYAxqlJ0ZZySg" "Opera/9.80 (Windows NT 6.1; U; Edition Campaign 21; cs) Presto/2.7.62 Version/11.01"
66.249.82.2 - - [02/Apr/2011:00:01:23 +0200] "GET /motul-schmierstoffe/motul-autoschmierstoffe/motul-auto-motorenoel/motul-specific-504-00-507-00-23.html HTTP/1.1" 200 32228 "http://translate.googleusercontent.com/translate_c?hl=cs&ie=UTF8&prev=_t&rurl=translate.google.cz&sl=de&tl=cs&u=http://www.markenoele.de/motul-schmierstoffe/motul-autoschmierstoffe/motul-auto-motorenoel.html%3Fp%3D3&usg=ALkJrhgGT2vzDqryobfRUuYAxqlJ0ZZySg" "Opera/9.80 (Windows NT 6.1; U; Edition Campaign 21; cs) Presto/2.7.62 Version/11.01,gzip(gfe) (via translate.google.com)"
90.177.92.29 - - [02/Apr/2011:00:01:26 +0200] "GET /skin/frontend/base/default/css/baseprice.css HTTP/1.1" 404 1256 "http://translate.googleusercontent.com/translate_c?hl=cs&ie=UTF8&prev=_t&rurl=translate.google.cz&sl=de&tl=cs&u=http://www.markenoele.de/motul-schmierstoffe/motul-autoschmierstoffe/motul-auto-motorenoel/motul-specific-504-00-507-00-23.html&usg=ALkJrhhTyJbPylIUBGByKdvln_tVa0VsFw" "Opera/9.80 (Windows NT 6.1; U; Edition Campaign 21; cs) Presto/2.7.62 Version/11.01"
90.177.92.29 - - [02/Apr/2011:00:01:26 +0200] "GET /media/catalog/product/cache/2/thumbnail2/250x250/9df78eab33525d08d6e5fb8d27136e95/s/p/specific_504-00_507-00_5w30_5l.jpg HTTP/1.1" 200 16668 "http://translate.googleusercontent.com/translate_c?hl=cs&ie=UTF8&prev=_t&rurl=translate.google.cz&sl=de&tl=cs&u=http://www.markenoele.de/motul-schmierstoffe/motul-autoschmierstoffe/motul-auto-motorenoel/motul-specific-504-00-507-00-23.html&usg=ALkJrhhTyJbPylIUBGByKdvln_tVa0VsFw" "Opera/9.80 (Windows NT 6.1; U; Edition Campaign 21; cs) Presto/2.7.62 Version/11.01"
90.177.92.29 - - [02/Apr/2011:00:01:26 +0200] "GET /media/catalog/product/s/p/specific_504-00_507-00_5w30_5l.jpg HTTP/1.1" 200 1040417 "http://translate.googleusercontent.com/translate_c?hl=cs&ie=UTF8&prev=_t&rurl=translate.google.cz&sl=de&tl=cs&u=http://www.markenoele.de/motul-schmierstoffe/motul-autoschmierstoffe/motul-auto-motorenoel/motul-specific-504-00-507-00-23.html&usg=ALkJrhhTyJbPylIUBGByKdvln_tVa0VsFw" "Opera/9.80 (Windows NT 6.1; U; Edition Campaign 21; cs) Presto/2.7.62 Version/11.01"
66.249.82.2 - - [02/Apr/2011:00:01:51 +0200] "GET /motul-schmierstoffe/motul-autoschmierstoffe/motul-auto-motorenoel.html?p=4 HTTP/1.1" 200 36533 "http://translate.googleusercontent.com/translate_c?hl=cs&ie=UTF8&prev=_t&rurl=translate.google.cz&sl=de&tl=cs&u=http://www.markenoele.de/motul-schmierstoffe/motul-autoschmierstoffe/motul-auto-motorenoel.html%3Fp%3D3&usg=ALkJrhgGT2vzDqryobfRUuYAxqlJ0ZZySg" "Opera/9.80 (Windows NT 6.1; U; Edition Campaign 21; cs) Presto/2.7.62 Version/11.01,gzip(gfe) (via translate.google.com)"
90.177.92.29 - - [02/Apr/2011:00:01:54 +0200] "GET /media/catalog/product/cache/2/small_image/170x/9df78eab33525d08d6e5fb8d27136e95/s/p/specific_913c_5w30_1l.jpg HTTP/1.1" 200 7950 "http://translate.googleusercontent.com/translate_c?hl=cs&ie=UTF8&prev=_t&rurl=translate.google.cz&sl=de&tl=cs&u=http://www.markenoele.de/motul-schmierstoffe/motul-autoschmierstoffe/motul-auto-motorenoel.html%3Fp%3D4&usg=ALkJrhhly8t5m7Tl5tv1NtKbMcdE8J3frQ" "Opera/9.80 (Windows NT 6.1; U; Edition Campaign 21; cs) Presto/2.7.62 Version/11.01"
90.177.92.29 - - [02/Apr/2011:00:01:54 +0200] "GET /media/catalog/product/cache/2/small_image/170x/9df78eab33525d08d6e5fb8d27136e95/s/p/specific_913c_5w30_5l.jpg HTTP/1.1" 200 8815 "http://translate.googleusercontent.com/translate_c?hl=cs&ie=UTF8&prev=_t&rurl=translate.google.cz&sl=de&tl=cs&u=http://www.markenoele.de/motul-schmierstoffe/motul-autoschmierstoffe/motul-auto-motorenoel.html%3Fp%3D4&usg=ALkJrhhly8t5m7Tl5tv1NtKbMcdE8J3frQ" "Opera/9.80 (Windows NT 6.1; U; Edition Campaign 21; cs) Presto/2.7.62 Version/11.01"
90.177.92.29 - - [02/Apr/2011:00:02:15 +0200] "GET / HTTP/1.1" 302 - "http://www.amazon.de/Motul-Specific-504-507-00-Liter-Motoren%C3%B6l/dp/B003AXAM7A" "Opera/9.80 (Windows NT 6.1; U; Edition Campaign 21; cs) Presto/2.7.62 Version/11.01"
90.177.92.29 - - [02/Apr/2011:00:02:16 +0200] "GET / HTTP/1.1" 200 34714 "http://www.amazon.de/Motul-Specific-504-507-00-Liter-Motoren%C3%B6l/dp/B003AXAM7A" "Opera/9.80 (Windows NT 6.1; U; Edition Campaign 21; cs) Presto/2.7.62 Version/11.01"
90.177.92.29 - - [02/Apr/2011:00:02:52 +0200] "GET /motul-schmierstoffe.html HTTP/1.1" 200 48393 "http://www.markenoele.de/" "Opera/9.80 (Windows NT 6.1; U; Edition Campaign 21; cs) Presto/2.7.62 Version/11.01"
90.177.92.29 - - [02/Apr/2011:00:02:54 +0200] "GET /media/catalog/product/cache/2/small_image/170x/9df78eab33525d08d6e5fb8d27136e95/s/p/specific_cng_lpg_1l.jpg HTTP/1.1" 200 8019 "http://www.markenoele.de/motul-schmierstoffe.html" "Opera/9.80 (Windows NT 6.1; U; Edition Campaign 21; cs) Presto/2.7.62 Version/11.01"
88.78.135.250 - - [02/Apr/2011:00:03:40 +0200] "GET / HTTP/1.1" 200 34714 "-" "Java/1.4.1_04"
88.78.135.250 - - [02/Apr/2011:00:03:43 +0200] "GET /blechschild-pin-up-i.html HTTP/1.1" 200 28693 "-" "Java/1.4.1_04"
88.78.135.250 - - [02/Apr/2011:00:03:46 +0200] "GET /e-z-clean.html HTTP/1.1" 200 29238 "-" "Java/1.4.1_04"
88.78.135.250 - - [02/Apr/2011:00:03:48 +0200] "GET /e-z-lube-multi-protect.html HTTP/1.1" 200 29653 "-" "Java/1.4.1_04"
88.78.135.250 - - [02/Apr/2011:00:03:51 +0200] "GET /esso-diesel.html HTTP/1.1" 200 23911 "-" "Java/1.4.1_04"
88.78.135.250 - - [02/Apr/2011:00:03:54 +0200] "GET /esso-heizoel.html HTTP/1.1" 200 23788 "-" "Java/1.4.1_04"
88.78.135.250 - - [02/Apr/2011:00:03:58 +0200] "GET /motul-710-2t.html HTTP/1.1" 200 29317 "-" "Java/1.4.1_04"
88.78.135.250 - - [02/Apr/2011:00:04:00 +0200] "GET /motul-fanshop-artikel.html HTTP/1.1" 200 47292 "-" "Java/1.4.1_04"
88.78.135.250 - - [02/Apr/2011:00:04:04 +0200] "GET /motul-pflegeprodukte.html HTTP/1.1" 200 47064 "-" "Java/1.4.1_04"
88.78.135.250 - - [02/Apr/2011:00:04:07 +0200] "GET /motul-quad-4t-63.html HTTP/1.1" 200 29035 "-" "Java/1.4.1_04"
88.78.135.250 - - [02/Apr/2011:00:04:10 +0200] "GET /motul-schmierstoffe.html HTTP/1.1" 200 48393 "-" "Java/1.4.1_04"
88.78.135.250 - - [02/Apr/2011:00:04:13 +0200] "GET /motul-zusatzstoffe.html HTTP/1.1" 200 42988 "-" "Java/1.4.1_04"
88.78.135.250 - - [02/Apr/2011:00:04:16 +0200] "GET /wash-wax.html HTTP/1.1" 200 29567 "-" "Java/1.4.1_04"
88.78.135.250 - - [02/Apr/2011:00:04:20 +0200] "GET /agb HTTP/1.1" 200 26799 "-" "Java/1.4.1_04"
90.177.92.29 - - [02/Apr/2011:00:04:18 +0200] "GET /motul-schmierstoffe/motul-autoschmierstoffe.html HTTP/1.1" 200 50518 "http://www.markenoele.de/motul-schmierstoffe.html" "Opera/9.80 (Windows NT 6.1; U; Edition Campaign 21; cs) Presto/2.7.62 Version/11.01"
88.78.135.250 - - [02/Apr/2011:00:04:22 +0200] "GET /altoelentsorgung HTTP/1.1" 200 21108 "-" "Java/1.4.1_04"
88.78.135.250 - - [02/Apr/2011:00:04:24 +0200] "GET /angebote-des-monats HTTP/1.1" 200 75049 "-" "Java/1.4.1_04"
90.177.92.29 - - [02/Apr/2011:00:04:28 +0200] "GET /motul-schmierstoffe/motul-autoschmierstoffe/motul-auto-motorenoel.html HTTP/1.1" 200 52348 "http://www.markenoele.de/motul-schmierstoffe/motul-autoschmierstoffe.html" "Opera/9.80 (Windows NT 6.1; U; Edition Campaign 21; cs) Presto/2.7.62 Version/11.01"
88.78.135.250 - - [02/Apr/2011:00:04:29 +0200] "GET /blechschild-pin-up-ii.html HTTP/1.1" 200 28703 "-" "Java/1.4.1_04"
88.78.135.250 - - [02/Apr/2011:00:04:32 +0200] "GET /blechschild-pin-up-iii.html HTTP/1.1" 200 28717 "-" "Java/1.4.1_04"
88.78.135.250 - - [02/Apr/2011:00:04:34 +0200] "GET /motul-100-motomix-2t.html HTTP/1.1" 200 28944 "-" "Java/1.4.1_04"
88.78.135.250 - - [02/Apr/2011:00:04:37 +0200] "GET /motul-3000-4t-32.html HTTP/1.1" 200 29055 "-" "Java/1.4.1_04"
88.78.135.250 - - [02/Apr/2011:00:04:39 +0200] "GET /motul-3000-4t.html HTTP/1.1" 200 28997 "-" "Java/1.4.1_04"
88.78.135.250 - - [02/Apr/2011:00:04:42 +0200] "GET /motul-300v-4t-factory-line-75.html HTTP/1.1" 200 29402 "-" "Java/1.4.1_04"
90.177.92.29 - - [02/Apr/2011:00:04:43 +0200] "GET /motul-schmierstoffe/motul-autoschmierstoffe/motul-auto-motorenoel.html?p=2 HTTP/1.1" 200 54144 "http://www.markenoele.de/motul-schmierstoffe/motul-autoschmierstoffe/motul-auto-motorenoel.html" "Opera/9.80 (Windows NT 6.1; U; Edition Campaign 21; cs) Presto/2.7.62 Version/11.01"
90.177.92.29 - - [02/Apr/2011:00:04:47 +0200] "GET /media/catalog/product/cache/2/small_image/170x/9df78eab33525d08d6e5fb8d27136e95/8/1/8100_ecocleanplus_5w30_1l.jpg HTTP/1.1" 200 7951 "http://www.markenoele.de/motul-schmierstoffe/motul-autoschmierstoffe/motul-auto-motorenoel.html?p=2" "Opera/9.80 (Windows NT 6.1; U; Edition Campaign 21; cs) Presto/2.7.62 Version/11.01"
88.78.135.250 - - [02/Apr/2011:00:04:47 +0200] "GET /motul-300v-chrono.html HTTP/1.1" 200 29582 "-" "Java/1.4.1_04"
88.78.135.250 - - [02/Apr/2011:00:04:49 +0200] "GET /motul-5100-4t-49.html HTTP/1.1" 200 29204 "-" "Java/1.4.1_04"
88.78.135.250 - - [02/Apr/2011:00:04:52 +0200] "GET /motul-5100-4t-50.html HTTP/1.1" 200 29226 "-" "Java/1.4.1_04"
88.78.135.250 - - [02/Apr/2011:00:04:55 +0200] "GET /motul-8100-eco-clean-c1-17.html HTTP/1.1" 200 29495 "-" "Java/1.4.1_04"
88.78.135.250 - - [02/Apr/2011:00:04:57 +0200] "GET /motul-8100-eco-clean-c2-5l.html HTTP/1.1" 200 29567 "-" "Java/1.4.1_04"
90.177.92.29 - - [02/Apr/2011:00:04:59 +0200] "GET /motul-schmierstoffe/motul-autoschmierstoffe/motul-auto-motorenoel.html?p=3 HTTP/1.1" 200 53695 "http://www.markenoele.de/motul-schmierstoffe/motul-autoschmierstoffe/motul-auto-motorenoel.html?p=2" "Opera/9.80 (Windows NT 6.1; U; Edition Campaign 21; cs) Presto/2.7.62 Version/11.01"
88.78.135.250 - - [02/Apr/2011:00:05:00 +0200] "GET /motul-8100-x-cess-5l.html HTTP/1.1" 200 29315 "-" "Java/1.4.1_04"
90.177.92.29 - - [02/Apr/2011:00:05:03 +0200] "GET /media/catalog/product/cache/2/small_image/170x/9df78eab33525d08d6e5fb8d27136e95/8/1/8100_xlite_0w30_5l.jpg HTTP/1.1" 200 8560 "http://www.markenoele.de/motul-schmierstoffe/motul-autoschmierstoffe/motul-auto-motorenoel.html?p=3" "Opera/9.80 (Windows NT 6.1; U; Edition Campaign 21; cs) Presto/2.7.62 Version/11.01"
88.78.135.250 - - [02/Apr/2011:00:05:04 +0200] "GET /motul-8100-x-clean-c3-1l-176.html HTTP/1.1" 200 29303 "-" "Java/1.4.1_04"
88.78.135.250 - - [02/Apr/2011:00:05:07 +0200] "GET /motul-8100-x-clean-c3-5l-177.html HTTP/1.1" 200 29326 "-" "Java/1.4.1_04"
90.177.92.29 - - [02/Apr/2011:00:05:35 +0200] "GET /motul-schmierstoffe/motul-autoschmierstoffe/motul-auto-motorenoel.html?p=4 HTTP/1.1" 200 36533 "http://www.markenoele.de/motul-schmierstoffe/motul-autoschmierstoffe/motul-auto-motorenoel.html?p=3" "Opera/9.80 (Windows NT 6.1; U; Edition Campaign 21; cs) Presto/2.7.62 Version/11.01"
90.177.92.29 - - [02/Apr/2011:00:06:36 +0200] "GET /skin/frontend/base/default/css/baseprice.css HTTP/1.1" 404 1256 "http://www.markenoele.de/motul-schmierstoffe/motul-autoschmierstoffe/motul-auto-motorenoel/motul-8100-x-cess-5l.html" "Opera/9.80 (Windows NT 6.1; U; Edition Campaign 21; cs) Presto/2.7.62 Version/11.01"
90.177.92.29 - - [02/Apr/2011:00:06:36 +0200] "GET /skin/frontend/esso/standard/css/jqzoom.css HTTP/1.1" 200 1051 "http://www.markenoele.de/motul-schmierstoffe/motul-autoschmierstoffe/motul-auto-motorenoel/motul-8100-x-cess-5l.html" "Opera/9.80 (Windows NT 6.1; U; Edition Campaign 21; cs) Presto/2.7.62 Version/11.01"
90.177.92.29 - - [02/Apr/2011:00:06:34 +0200] "GET /motul-schmierstoffe/motul-autoschmierstoffe/motul-auto-motorenoel/motul-8100-x-cess-5l.html HTTP/1.1" 200 31750 "http://www.markenoele.de/motul-schmierstoffe/motul-autoschmierstoffe/motul-auto-motorenoel.html" "Opera/9.80 (Windows NT 6.1; U; Edition Campaign 21; cs) Presto/2.7.62 Version/11.01"
90.177.92.29 - - [02/Apr/2011:00:06:37 +0200] "GET /skin/frontend/esso/standard/images/bkg_tabs.gif HTTP/1.1" 200 151 "http://www.markenoele.de/motul-schmierstoffe/motul-autoschmierstoffe/motul-auto-motorenoel/motul-8100-x-cess-5l.html" "Opera/9.80 (Windows NT 6.1; U; Edition Campaign 21; cs) Presto/2.7.62 Version/11.01"
90.177.92.29 - - [02/Apr/2011:00:06:37 +0200] "GET /media/catalog/product/cache/2/thumbnail2/250x250/9df78eab33525d08d6e5fb8d27136e95/8/1/8100_x-cess_5w40_5l.jpg HTTP/1.1" 200 14969 "http://www.markenoele.de/motul-schmierstoffe/motul-autoschmierstoffe/motul-auto-motorenoel/motul-8100-x-cess-5l.html" "Opera/9.80 (Windows NT 6.1; U; Edition Campaign 21; cs) Presto/2.7.62 Version/11.01"
90.177.92.29 - - [02/Apr/2011:00:06:37 +0200] "GET /media/catalog/product/8/1/8100_x-cess_5w40_5l.jpg HTTP/1.1" 200 1775427 "http://www.markenoele.de/motul-schmierstoffe/motul-autoschmierstoffe/motul-auto-motorenoel/motul-8100-x-cess-5l.html" "Opera/9.80 (Windows NT 6.1; U; Edition Campaign 21; cs) Presto/2.7.62 Version/11.01"
90.177.92.29 - - [02/Apr/2011:00:06:45 +0200] "GET /skin/frontend/esso/standard/images/jqzoon_lens.png HTTP/1.1" 404 1256 "http://www.markenoele.de/motul-schmierstoffe/motul-autoschmierstoffe/motul-auto-motorenoel/motul-8100-x-cess-5l.html" "Opera/9.80 (Windows NT 6.1; U; Edition Campaign 21; cs) Presto/2.7.62 Version/11.01"
90.177.92.29 - - [02/Apr/2011:00:06:56 +0200] "GET /catalog/product/gallery/id/6/image/47/ HTTP/1.1" 200 11069 "http://www.markenoele.de/motul-schmierstoffe/motul-autoschmierstoffe/motul-auto-motorenoel/motul-8100-x-cess-5l.html" "Opera/9.80 (Windows NT 6.1; U; Edition Campaign 21; cs) Presto/2.7.62 Version/11.01"
90.177.92.29 - - [02/Apr/2011:00:06:58 +0200] "GET /media/catalog/product/cache/2/image/9df78eab33525d08d6e5fb8d27136e95/8/1/8100_x-cess_5w40_5l.jpg HTTP/1.1" 200 992060 "http://www.markenoele.de/catalog/product/gallery/id/6/image/47/" "Opera/9.80 (Windows NT 6.1; U; Edition Campaign 21; cs) Presto/2.7.62 Version/11.01"
90.177.92.29 - - [02/Apr/2011:00:07:23 +0200] "GET /skin/frontend/base/default/css/baseprice.css HTTP/1.1" 404 1256 "http://www.markenoele.de/motul-schmierstoffe/motul-autoschmierstoffe/motul-auto-motorenoel/motul-8100-x-clean-c3-5l.html" "Opera/9.80 (Windows NT 6.1; U; Edition Campaign 21; cs) Presto/2.7.62 Version/11.01"
90.177.92.29 - - [02/Apr/2011:00:07:21 +0200] "GET /motul-schmierstoffe/motul-autoschmierstoffe/motul-auto-motorenoel/motul-8100-x-clean-c3-5l.html HTTP/1.1" 200 32497 "http://www.markenoele.de/motul-schmierstoffe/motul-autoschmierstoffe/motul-auto-motorenoel.html" "Opera/9.80 (Windows NT 6.1; U; Edition Campaign 21; cs) Presto/2.7.62 Version/11.01"
90.177.92.29 - - [02/Apr/2011:00:07:31 +0200] "GET /skin/frontend/esso/standard/images/jqzoon_lens.png HTTP/1.1" 404 1256 "http://www.markenoele.de/motul-schmierstoffe/motul-autoschmierstoffe/motul-auto-motorenoel/motul-8100-x-clean-c3-5l.html" "Opera/9.80 (Windows NT 6.1; U; Edition Campaign 21; cs) Presto/2.7.62 Version/11.01"
90.177.92.29 - - [02/Apr/2011:00:07:31 +0200] "GET /catalog/product/gallery/id/8/image/175/ HTTP/1.1" 200 10977 "http://www.markenoele.de/motul-schmierstoffe/motul-autoschmierstoffe/motul-auto-motorenoel/motul-8100-x-clean-c3-5l.html" "Opera/9.80 (Windows NT 6.1; U; Edition Campaign 21; cs) Presto/2.7.62 Version/11.01"
90.177.92.29 - - [02/Apr/2011:00:07:33 +0200] "GET /media/catalog/product/cache/2/image/9df78eab33525d08d6e5fb8d27136e95/8/1/8100_xclean_5w40_5l.jpg HTTP/1.1" 200 1096262 "http://www.markenoele.de/catalog/product/gallery/id/8/image/175/" "Opera/9.80 (Windows NT 6.1; U; Edition Campaign 21; cs) Presto/2.7.62 Version/11.01"
66.249.72.171 - - [02/Apr/2011:00:30:15 +0200] "GET /moto-wash.html HTTP/1.1" 200 29290 "-" "Mozilla/5.0 (compatible; Googlebot/2.1; +http://www.google.com/bot.html)"
66.249.72.171 - - [02/Apr/2011:00:43:54 +0200] "GET /motul-specific-cng-lpg-5l.html HTTP/1.1" 200 29157 "-" "Mozilla/5.0 (compatible; Googlebot/2.1; +http://www.google.com/bot.html)"
66.249.72.171 - - [02/Apr/2011:00:50:11 +0200] "GET /inboard-tech-4t-85.html HTTP/1.1" 200 29757 "-" "Mozilla/5.0 (compatible; Googlebot/2.1; +http://www.google.com/bot.html)"
66.249.72.171 - - [02/Apr/2011:00:50:40 +0200] "GET /fork-oil-expert-light.html HTTP/1.1" 200 28673 "-" "Mozilla/5.0 (compatible; Googlebot/2.1; +http://www.google.com/bot.html)"
66.249.72.171 - - [02/Apr/2011:00:51:00 +0200] "GET /e-z-clean.html HTTP/1.1" 200 29238 "-" "Mozilla/5.0 (compatible; Googlebot/2.1; +http://www.google.com/bot.html)"
77.180.206.20 - - [02/Apr/2011:00:55:28 +0200] "GET /skin/frontend/default/default/images/logo_email.gif HTTP/1.1" 200 2607 "-" "Mozilla/4.0 (compatible; MSIE 7.0; Windows NT 5.1; Trident/4.0; .NET CLR 2.0.50727; .NET CLR 3.0.4506.2152; .NET CLR 3.5.30729)"
66.249.72.171 - - [02/Apr/2011:00:57:08 +0200] "GET /motul-3000-4t-32.html HTTP/1.1" 200 29055 "-" "Mozilla/5.0 (compatible; Googlebot/2.1; +http://www.google.com/bot.html)"
66.249.72.171 - - [02/Apr/2011:00:57:58 +0200] "GET /moto-wash-plus.html HTTP/1.1" 200 29282 "-" "Mozilla/5.0 (compatible; Googlebot/2.1; +http://www.google.com/bot.html)"
66.249.72.171 - - [02/Apr/2011:01:03:21 +0200] "GET /chain-lube-offroad.html HTTP/1.1" 200 29204 "-" "Mozilla/5.0 (compatible; Googlebot/2.1; +http://www.google.com/bot.html)"
66.249.72.171 - - [02/Apr/2011:01:11:37 +0200] "GET /schlusselanhanger.html HTTP/1.1" 200 28185 "-" "Mozilla/5.0 (compatible; Googlebot/2.1; +http://www.google.com/bot.html)"
95.108.158.134 - - [02/Apr/2011:01:12:39 +0200] "GET /e-z-lube-multi-protect.html HTTP/1.1" 200 29653 "-" "Mozilla/5.0 (compatible; YandexBot/3.0; +http://yandex.com/bots)"
66.249.72.171 - - [02/Apr/2011:01:13:00 +0200] "GET /poloshirt-herren.html HTTP/1.1" 200 35032 "-" "Mozilla/5.0 (compatible; Googlebot/2.1; +http://www.google.com/bot.html)"
65.52.110.64 - - [02/Apr/2011:01:25:45 +0200] "GET /robots.txt HTTP/1.1" 200 918 "-" "Mozilla/5.0 (compatible; bingbot/2.0; +http://www.bing.com/bingbot.htm)"
65.52.110.64 - - [02/Apr/2011:01:26:38 +0200] "GET / HTTP/1.1" 200 34714 "-" "Mozilla/5.0 (compatible; bingbot/2.0; +http://www.bing.com/bingbot.htm)"
66.249.72.171 - - [02/Apr/2011:01:36:42 +0200] "GET /regenschirm.html HTTP/1.1" 200 28136 "-" "Mozilla/5.0 (compatible; Googlebot/2.1; +http://www.google.com/bot.html)"
207.46.13.98 - - [02/Apr/2011:01:37:07 +0200] "GET / HTTP/1.1" 200 34714 "-" "Mozilla/5.0 (compatible; bingbot/2.0; +http://www.bing.com/bingbot.htm)"
66.249.72.171 - - [02/Apr/2011:01:41:05 +0200] "GET /motul-aufnaher-28-x-7-0-cm.html HTTP/1.1" 200 28231 "-" "Mozilla/5.0 (compatible; Googlebot/2.1; +http://www.google.com/bot.html)"
66.249.72.171 - - [02/Apr/2011:01:45:34 +0200] "GET /softshell-weste-damen.html HTTP/1.1" 200 35056 "-" "Mozilla/5.0 (compatible; Googlebot/2.1; +http://www.google.com/bot.html)"
66.249.72.171 - - [02/Apr/2011:01:53:37 +0200] "GET /fork-oil-expert-medium-heavy.html HTTP/1.1" 200 28724 "-" "Mozilla/5.0 (compatible; Googlebot/2.1; +http://www.google.com/bot.html)"
66.249.72.171 - - [02/Apr/2011:01:56:40 +0200] "GET /motul-quad-4t-63.html HTTP/1.1" 200 29035 "-" "Mozilla/5.0 (compatible; Googlebot/2.1; +http://www.google.com/bot.html)"
66.249.72.171 - - [02/Apr/2011:01:57:40 +0200] "GET /outboard-synth-2t.html HTTP/1.1" 200 29306 "-" "Mozilla/5.0 (compatible; Googlebot/2.1; +http://www.google.com/bot.html)"
66.249.72.171 - - [02/Apr/2011:01:59:21 +0200] "GET /motul-800-2t-factory-line-road-racing.html HTTP/1.1" 200 28991 "-" "Mozilla/5.0 (compatible; Googlebot/2.1; +http://www.google.com/bot.html)"
66.249.72.171 - - [02/Apr/2011:02:02:59 +0200] "GET /motul-dexron-iid-1l.html HTTP/1.1" 200 28952 "-" "Mozilla/5.0 (compatible; Googlebot/2.1; +http://www.google.com/bot.html)"
66.249.72.171 - - [02/Apr/2011:02:05:13 +0200] "GET /motul-710-2t.html HTTP/1.1" 200 29317 "-" "Mozilla/5.0 (compatible; Googlebot/2.1; +http://www.google.com/bot.html)"
66.249.72.171 - - [02/Apr/2011:02:07:10 +0200] "GET /air-filter-clean.html HTTP/1.1" 200 28977 "-" "Mozilla/5.0 (compatible; Googlebot/2.1; +http://www.google.com/bot.html)"
66.249.72.171 - - [02/Apr/2011:02:07:24 +0200] "GET /motul-8100-x-cess-5l.html HTTP/1.1" 200 29315 "-" "Mozilla/5.0 (compatible; Googlebot/2.1; +http://www.google.com/bot.html)"
199.19.249.196 - - [02/Apr/2011:02:10:39 +0200] "GET / HTTP/1.1" 302 - "-" "Mozilla/4.0 (compatible; MSIE 7.0; Windows NT 5.1; InfoPath.1; .NET CLR 2.0.50727; .NET CLR 1.1.4322; MS-RTC LM 8; .NET CLR 3.0.4506.2152; .NET CLR 3.5.30729)"
137.183.232.23 - - [02/Apr/2011:02:10:39 +0200] "GET / HTTP/1.1" 302 - "http://shop.ebay.de/i.html?_nkw=motul+wash%26wax&_sacat=0&_odkw=motul&_osacat=0&_trksid=p3286.c0.m270.l1313" "Mozilla/5.0 (Windows; U; Windows NT 5.1; en-US) AppleWebKit/534.16 (KHTML, like Gecko) Chrome/10.0.648.151 Safari/534.16"
199.19.249.196 - - [02/Apr/2011:02:10:40 +0200] "GET / HTTP/1.1" 200 34714 "-" "Mozilla/4.0 (compatible; MSIE 7.0; Windows NT 5.1; InfoPath.1; .NET CLR 2.0.50727; .NET CLR 1.1.4322; MS-RTC LM 8; .NET CLR 3.0.4506.2152; .NET CLR 3.5.30729)"
137.183.232.23 - - [02/Apr/2011:02:10:42 +0200] "GET / HTTP/1.1" 302 - "http://shop.ebay.de/i.html?_nkw=motul+wash%26wax&_sacat=0&_odkw=motul&_osacat=0&_trksid=p3286.c0.m270.l1313" "Mozilla/5.0 (Windows; U; Windows NT 5.1; en-US) AppleWebKit/534.16 (KHTML, like Gecko) Chrome/10.0.648.151 Safari/534.16"
137.183.232.23 - - [02/Apr/2011:02:10:41 +0200] "GET / HTTP/1.1" 200 34714 "-" "Mozilla/4.0 (compatible;)"
137.183.232.23 - - [02/Apr/2011:02:10:45 +0200] "GET /js/scriptaculous/dragdrop.js HTTP/1.1" 200 31192 "-" "Mozilla/4.0 (compatible;)"
137.183.232.23 - - [02/Apr/2011:02:10:45 +0200] "GET /js/prototype/validation.js HTTP/1.1" 200 34677 "-" "Mozilla/4.0 (compatible;)"
137.183.232.23 - - [02/Apr/2011:02:10:45 +0200] "GET /skin/frontend/esso/standard/css/print.css HTTP/1.1" 200 1580 "-" "Mozilla/4.0 (compatible;)"
137.183.232.23 - - [02/Apr/2011:02:10:45 +0200] "GET /skin/frontend/esso/standard/css/widgets.css HTTP/1.1" 200 4369 "-" "Mozilla/4.0 (compatible;)"
137.183.232.23 - - [02/Apr/2011:02:10:45 +0200] "GET /js/scriptaculous/builder.js HTTP/1.1" 200 4744 "-" "Mozilla/4.0 (compatible;)"
137.183.232.23 - - [02/Apr/2011:02:10:46 +0200] "GET /js/scriptaculous/controls.js HTTP/1.1" 200 34797 "-" "Mozilla/4.0 (compatible;)"
137.183.232.23 - - [02/Apr/2011:02:10:45 +0200] "GET /js/scriptaculous/effects.js HTTP/1.1" 200 38745 "-" "Mozilla/4.0 (compatible;)"
137.183.232.23 - - [02/Apr/2011:02:10:47 +0200] "GET /skin/frontend/esso/standard/favicon.ico HTTP/1.1" 200 3638 "-" "Mozilla/4.0 (compatible;)"
137.183.232.23 - - [02/Apr/2011:02:10:45 +0200] "GET /skin/frontend/esso/standard/css/styles.css HTTP/1.1" 200 79554 "-" "Mozilla/4.0 (compatible;)"
137.183.232.23 - - [02/Apr/2011:02:10:47 +0200] "GET / HTTP/1.1" 200 34714 "http://shop.ebay.de/i.html?_nkw=motul+wash%26wax&_sacat=0&_odkw=motul&_osacat=0&_trksid=p3286.c0.m270.l1313" "Mozilla/5.0 (Windows; U; Windows NT 5.1; en-US) AppleWebKit/534.16 (KHTML, like Gecko) Chrome/10.0.648.151 Safari/534.16"
137.183.232.23 - - [02/Apr/2011:02:10:49 +0200] "GET /js/varien/menu.js HTTP/1.1" 200 4426 "-" "Mozilla/4.0 (compatible;)"
137.183.232.23 - - [02/Apr/2011:02:10:49 +0200] "GET /js/mage/translate.js HTTP/1.1" 200 1597 "-" "Mozilla/4.0 (compatible;)"
137.183.232.23 - - [02/Apr/2011:02:10:49 +0200] "GET /js/varien/js.js HTTP/1.1" 200 16581 "-" "Mozilla/4.0 (compatible;)"
137.183.232.23 - - [02/Apr/2011:02:10:49 +0200] "GET /skin/frontend/esso/standard/images/logo.png HTTP/1.1" 200 27553 "-" "Mozilla/4.0 (compatible;)"
137.183.232.23 - - [02/Apr/2011:02:10:49 +0200] "GET /skin/frontend/esso/standard/images/icon_lupe_sm.png HTTP/1.1" 200 1235 "-" "Mozilla/4.0 (compatible;)"
137.183.232.23 - - [02/Apr/2011:02:10:49 +0200] "GET /media/catalog/product/cache/2/small_image/85x/9df78eab33525d08d6e5fb8d27136e95/7/1/710-2t_1l_1.jpg HTTP/1.1" 200 3144 "-" "Mozilla/4.0 (compatible;)"
137.183.232.23 - - [02/Apr/2011:02:10:49 +0200] "GET /media/catalog/product/cache/2/small_image/85x/9df78eab33525d08d6e5fb8d27136e95/q/u/quad_4l_bd.jpg HTTP/1.1" 200 3431 "-" "Mozilla/4.0 (compatible;)"
137.183.232.23 - - [02/Apr/2011:02:10:49 +0200] "GET /media/catalog/product/cache/2/small_image/85x/9df78eab33525d08d6e5fb8d27136e95/e/z/ez_lube.jpg HTTP/1.1" 200 2190 "-" "Mozilla/4.0 (compatible;)"
137.183.232.23 - - [02/Apr/2011:02:10:49 +0200] "GET /skin/frontend/esso/standard/images/akt-art-sm.png HTTP/1.1" 200 1091 "-" "Mozilla/4.0 (compatible;)"
137.183.232.23 - - [02/Apr/2011:02:10:49 +0200] "GET /skin/frontend/esso/standard/images/tropf-sm.png HTTP/1.1" 200 1179 "-" "Mozilla/4.0 (compatible;)"
137.183.232.23 - - [02/Apr/2011:02:10:49 +0200] "GET /media/catalog/product/cache/2/small_image/85x/9df78eab33525d08d6e5fb8d27136e95/e/z/ez_clean2.jpg HTTP/1.1" 200 3480 "-" "Mozilla/4.0 (compatible;)"
137.183.232.23 - - [02/Apr/2011:02:10:45 +0200] "GET /js/prototype/prototype.js HTTP/1.1" 200 129960 "-" "Mozilla/4.0 (compatible;)"
137.183.232.23 - - [02/Apr/2011:02:10:49 +0200] "GET /media/catalog/product/cache/2/small_image/85x/9df78eab33525d08d6e5fb8d27136e95/f/i/file_4.jpg HTTP/1.1" 200 2222 "-" "Mozilla/4.0 (compatible;)"
137.183.232.23 - - [02/Apr/2011:02:10:50 +0200] "GET /media/catalog/product/cache/2/small_image/85x/9df78eab33525d08d6e5fb8d27136e95/p/i/pin-up_girl_no.1.jpg HTTP/1.1" 200 3456 "-" "Mozilla/4.0 (compatible;)"
137.183.232.23 - - [02/Apr/2011:02:10:50 +0200] "GET /skin/frontend/esso/standard/images/siegel.gif HTTP/1.1" 200 3150 "-" "Mozilla/4.0 (compatible;)"
