162.210.196.129 - - [14/Aug/2016:03:13:41 +0200] "GET /robots.txt HTTP/1.0" 404 1256 "-" "Mozilla/5.0 (compatible; MJ12bot/v1.4.5; http://www.majestic12.co.uk/bot.php?+)"
162.210.196.129 - - [14/Aug/2016:03:13:43 +0200] "GET / HTTP/1.0" 200 7903 "-" "Mozilla/5.0 (compatible; MJ12bot/v1.4.5; http://www.majestic12.co.uk/bot.php?+)"
106.38.241.107 - - [14/Aug/2016:03:47:23 +0200] "GET / HTTP/1.1" 304 - "-" "Sogou web spider/4.0(+http://www.sogou.com/docs/help/webmasters.htm#07)"
106.38.241.107 - - [14/Aug/2016:03:47:24 +0200] "GET /robots.txt HTTP/1.1" 404 1256 "-" "Sogou web spider/4.0(+http://www.sogou.com/docs/help/webmasters.htm#07)"
77.75.77.54 - - [14/Aug/2016:04:01:52 +0200] "GET /robots.txt HTTP/1.1" 404 1256 "-" "Mozilla/5.0 (compatible; SeznamBot/3.2; +http://napoveda.seznam.cz/en/seznambot-intro/)"
77.75.77.54 - - [14/Aug/2016:04:02:02 +0200] "GET /seiten/kontroll.htm HTTP/1.1" 304 - "-" "Mozilla/5.0 (compatible; SeznamBot/3.2; +http://napoveda.seznam.cz/en/seznambot-intro/)"
77.75.77.54 - - [14/Aug/2016:04:12:40 +0200] "GET /robots.txt HTTP/1.1" 404 1256 "-" "Mozilla/5.0 (compatible; SeznamBot/3.2; +http://napoveda.seznam.cz/en/seznambot-intro/)"
77.75.77.54 - - [14/Aug/2016:04:12:41 +0200] "GET /seiten/databund.html HTTP/1.1" 304 - "-" "Mozilla/5.0 (compatible; SeznamBot/3.2; +http://napoveda.seznam.cz/en/seznambot-intro/)"
180.76.15.134 - - [14/Aug/2016:04:18:52 +0200] "GET / HTTP/1.1" 200 7903 "-" "Mozilla/5.0 (compatible; Baiduspider/2.0; +http://www.baidu.com/search/spider.html)"
180.76.15.150 - - [14/Aug/2016:04:19:06 +0200] "GET / HTTP/1.1" 200 7903 "-" "Mozilla/5.0 (compatible; Baiduspider/2.0; +http://www.baidu.com/search/spider.html)"
66.249.78.252 - - [14/Aug/2016:05:02:45 +0200] "GET /seiten/referenzen.htm HTTP/1.1" 200 40635 "-" "Mozilla/5.0 (Linux; Android 6.0.1; Nexus 5X Build/MMB29P) AppleWebKit/537.36 (KHTML, like Gecko) Chrome/41.0.2272.96 Mobile Safari/537.36 (compatible; Googlebot/2.1; +http://www.google.com/bot.html)"
157.55.39.170 - - [14/Aug/2016:05:06:35 +0200] "GET /robots.txt HTTP/1.1" 404 1256 "-" "Mozilla/5.0 (compatible; bingbot/2.0; +http://www.bing.com/bingbot.htm)"
157.55.39.170 - - [14/Aug/2016:05:06:49 +0200] "GET / HTTP/1.1" 200 7903 "-" "Mozilla/5.0 (compatible; bingbot/2.0; +http://www.bing.com/bingbot.htm)"
85.233.5.22 - - [14/Aug/2016:05:09:28 +0200] "GET /gast-fsw/BDR-Zertifikat.zip HTTP/1.1" 304 - "-" "Mozilla/4.0 (compatible;)"
66.249.66.183 - - [14/Aug/2016:05:41:28 +0200] "GET / HTTP/1.1" 200 7903 "-" "DoCoMo/2.0 N905i(c100;TB;W24H16) (compatible; Googlebot-Mobile/2.1; +http://www.google.com/bot.html)"
157.55.39.170 - - [14/Aug/2016:05:53:46 +0200] "GET /seiten/service.htm HTTP/1.1" 200 9955 "-" "Mozilla/5.0 (iPhone; CPU iPhone OS 7_0 like Mac OS X) AppleWebKit/537.51.1 (KHTML, like Gecko) Version/7.0 Mobile/11A465 Safari/9537.53 (compatible; bingbot/2.0; +http://www.bing.com/bingbot.htm)"
157.55.39.79 - - [14/Aug/2016:06:06:13 +0200] "GET /seiten/kontakt.php HTTP/1.1" 200 12788 "-" "Mozilla/5.0 (compatible; bingbot/2.0; +http://www.bing.com/bingbot.htm)"
157.55.39.79 - - [14/Aug/2016:06:06:14 +0200] "GET /seiten/fsw.htm HTTP/1.1" 200 9961 "-" "Mozilla/5.0 (compatible; bingbot/2.0; +http://www.bing.com/bingbot.htm)"
157.55.39.79 - - [14/Aug/2016:06:06:14 +0200] "GET /seiten/referenzen.htm HTTP/1.1" 200 40635 "-" "Mozilla/5.0 (compatible; bingbot/2.0; +http://www.bing.com/bingbot.htm)"
157.55.39.79 - - [14/Aug/2016:06:06:15 +0200] "GET /seiten/kontroll.htm HTTP/1.1" 200 6599 "-" "Mozilla/5.0 (compatible; bingbot/2.0; +http://www.bing.com/bingbot.htm)"
207.46.13.1 - - [14/Aug/2016:06:06:18 +0200] "GET /seiten/impr.htm HTTP/1.1" 200 8696 "-" "Mozilla/5.0 (compatible; bingbot/2.0; +http://www.bing.com/bingbot.htm)"
207.46.13.1 - - [14/Aug/2016:06:06:18 +0200] "GET /seiten/fahrlehrerwesen.htm HTTP/1.1" 200 7168 "-" "Mozilla/5.0 (compatible; bingbot/2.0; +http://www.bing.com/bingbot.htm)"
207.46.13.45 - - [14/Aug/2016:06:06:22 +0200] "GET /seiten/term08.pdf HTTP/1.1" 404 1256 "-" "Mozilla/5.0 (compatible; bingbot/2.0; +http://www.bing.com/bingbot.htm)"
157.55.39.170 - - [14/Aug/2016:06:06:27 +0200] "GET / HTTP/1.1" 200 7903 "-" "Mozilla/5.0 (compatible; bingbot/2.0; +http://www.bing.com/bingbot.htm)"
157.55.39.170 - - [14/Aug/2016:06:06:28 +0200] "GET /seiten/service.htm HTTP/1.1" 200 9955 "-" "Mozilla/5.0 (compatible; bingbot/2.0; +http://www.bing.com/bingbot.htm)"
157.55.39.170 - - [14/Aug/2016:06:06:28 +0200] "GET /seiten/produkte.htm HTTP/1.1" 200 9105 "-" "Mozilla/5.0 (compatible; bingbot/2.0; +http://www.bing.com/bingbot.htm)"
157.55.39.170 - - [14/Aug/2016:06:06:29 +0200] "GET /seiten/partner.htm HTTP/1.1" 200 9458 "-" "Mozilla/5.0 (compatible; bingbot/2.0; +http://www.bing.com/bingbot.htm)"
157.55.39.170 - - [14/Aug/2016:06:06:29 +0200] "GET /seiten/kraftverkehr.htm HTTP/1.1" 200 9210 "-" "Mozilla/5.0 (compatible; bingbot/2.0; +http://www.bing.com/bingbot.htm)"
157.55.39.170 - - [14/Aug/2016:06:06:29 +0200] "GET /seiten/databund.html HTTP/1.1" 200 9125 "-" "Mozilla/5.0 (compatible; bingbot/2.0; +http://www.bing.com/bingbot.htm)"
157.55.2.162 - - [14/Aug/2016:06:54:59 +0200] "GET /css/style.css HTTP/1.1" 200 3549 "http://www.prokommunal.com/seiten/service.htm" "Mozilla/5.0 (iPhone; CPU iPhone OS 7_0 like Mac OS X) AppleWebKit/537.51.1 (KHTML, like Gecko) Version/7.0 Mobile/11A465 Safari/9537.53 BingPreview/1.0b"
157.55.2.162 - - [14/Aug/2016:06:54:59 +0200] "GET /scripte/basics.js HTTP/1.1" 200 198 "http://www.prokommunal.com/seiten/service.htm" "Mozilla/5.0 (iPhone; CPU iPhone OS 7_0 like Mac OS X) AppleWebKit/537.51.1 (KHTML, like Gecko) Version/7.0 Mobile/11A465 Safari/9537.53 BingPreview/1.0b"
207.46.13.185 - - [14/Aug/2016:08:31:45 +0200] "GET /robots.txt HTTP/1.1" 404 1256 "-" "Mozilla/5.0 (compatible; bingbot/2.0; +http://www.bing.com/bingbot.htm)"
207.46.13.185 - - [14/Aug/2016:08:31:58 +0200] "GET /seiten/referenzen.htm HTTP/1.1" 200 40635 "-" "Mozilla/5.0 (compatible; bingbot/2.0; +http://www.bing.com/bingbot.htm)"
66.102.9.19 - - [14/Aug/2016:08:42:03 +0200] "GET / HTTP/1.1" 200 7903 "-" "Mozilla/5.0 (X11; Linux x86_64) AppleWebKit/537.36 (KHTML, like Gecko) Chrome/49.0.2623.75 Safari/537.36 Google Favicon"
66.102.9.121 - - [14/Aug/2016:08:42:03 +0200] "GET /favicon.ico HTTP/1.1" 200 894 "-" "Mozilla/5.0 (X11; Linux x86_64) AppleWebKit/537.36 (KHTML, like Gecko) Chrome/49.0.2623.75 Safari/537.36 Google Favicon"
66.249.76.56 - - [14/Aug/2016:08:46:57 +0200] "GET /robots.txt HTTP/1.1" 404 1256 "-" "Mozilla/5.0 (compatible; Googlebot/2.1; +http://www.google.com/bot.html)"
66.249.76.55 - - [14/Aug/2016:08:46:58 +0200] "GET /seiten/service.htm HTTP/1.1" 200 9955 "-" "Mozilla/5.0 (compatible; Googlebot/2.1; +http://www.google.com/bot.html)"
180.76.15.6 - - [14/Aug/2016:09:24:14 +0200] "GET / HTTP/1.1" 200 7903 "-" "Mozilla/5.0 (compatible; Baiduspider/2.0; +http://www.baidu.com/search/spider.html)"
180.76.15.7 - - [14/Aug/2016:09:24:40 +0200] "GET / HTTP/1.1" 200 7903 "-" "Mozilla/5.0 (compatible; Baiduspider/2.0; +http://www.baidu.com/search/spider.html)"
157.55.39.79 - - [14/Aug/2016:09:27:13 +0200] "GET /robots.txt HTTP/1.1" 404 1256 "-" "Mozilla/5.0 (compatible; bingbot/2.0; +http://www.bing.com/bingbot.htm)"
157.55.39.79 - - [14/Aug/2016:09:29:10 +0200] "GET /seiten/kontakt.php HTTP/1.1" 200 12788 "-" "Mozilla/5.0 (iPhone; CPU iPhone OS 7_0 like Mac OS X) AppleWebKit/537.51.1 (KHTML, like Gecko) Version/7.0 Mobile/11A465 Safari/9537.53 (compatible; bingbot/2.0; +http://www.bing.com/bingbot.htm)"
66.249.76.61 - - [14/Aug/2016:10:01:16 +0200] "GET / HTTP/1.1" 200 7903 "-" "Mozilla/5.0 (Linux; Android 6.0.1; Nexus 5X Build/MMB29P) AppleWebKit/537.36 (KHTML, like Gecko) Chrome/41.0.2272.96 Mobile Safari/537.36 (compatible; Googlebot/2.1; +http://www.google.com/bot.html)"
66.249.76.61 - - [14/Aug/2016:10:28:44 +0200] "GET / HTTP/1.1" 200 7903 "-" "Mozilla/5.0 (compatible; Googlebot/2.1; +http://www.google.com/bot.html)"
46.229.164.102 - - [14/Aug/2016:10:47:00 +0200] "GET /robots.txt HTTP/1.1" 404 1256 "-" "Mozilla/5.0 (compatible; SemrushBot/1.1~bl; +http://www.semrush.com/bot.html)"
46.229.164.102 - - [14/Aug/2016:10:47:10 +0200] "GET /robots.txt HTTP/1.1" 404 1256 "-" "Mozilla/5.0 (compatible; SemrushBot/1.1~bl; +http://www.semrush.com/bot.html)"
66.249.76.60 - - [14/Aug/2016:11:11:55 +0200] "GET /seiten/term12.pdf HTTP/1.1" 404 1256 "-" "Mozilla/5.0 (compatible; Googlebot/2.1; +http://www.google.com/bot.html)"
80.190.97.186 - - [14/Aug/2016:11:49:17 +0200] "GET / HTTP/1.1" 200 7903 "-" "Mozilla/5.0 (X11; U; FreeBSD i386; en-US; rv:1.9.1.12) Gecko/20100912 Firefox/3.5.12"
85.233.5.22 - - [14/Aug/2016:11:49:29 +0200] "GET /gast-fsw/BDR-Zertifikat.zip HTTP/1.1" 304 - "-" "Mozilla/4.0 (compatible;)"
180.76.15.157 - - [14/Aug/2016:12:00:47 +0200] "GET / HTTP/1.1" 200 7903 "-" "Mozilla/5.0 (compatible; Baiduspider/2.0; +http://www.baidu.com/search/spider.html)"
148.251.54.44 - - [14/Aug/2016:12:31:23 +0200] "GET /seiten/kontakt.php HTTP/1.1" 200 12788 "-" "Mozilla/5.0 (Windows NT 6.1; WOW64; rv:21.0) Gecko/20100101 Firefox/21.0"
66.249.76.55 - - [14/Aug/2016:14:13:26 +0200] "GET /seiten/kontakt.php HTTP/1.1" 200 12788 "-" "Mozilla/5.0 (compatible; Googlebot/2.1; +http://www.google.com/bot.html)"
180.76.15.29 - - [14/Aug/2016:14:21:47 +0200] "GET / HTTP/1.1" 200 7903 "-" "Mozilla/5.0 (compatible; Baiduspider/2.0; +http://www.baidu.com/search/spider.html)"
180.76.15.10 - - [14/Aug/2016:14:22:08 +0200] "GET / HTTP/1.1" 200 7903 "-" "Mozilla/5.0 (compatible; Baiduspider/2.0; +http://www.baidu.com/search/spider.html)"
66.249.76.60 - - [14/Aug/2016:14:41:22 +0200] "GET /css/style.css HTTP/1.1" 200 3549 "-" "Mozilla/5.0 (compatible; Googlebot/2.1; +http://www.google.com/bot.html)"
66.249.76.61 - - [14/Aug/2016:14:41:22 +0200] "GET /robots.txt HTTP/1.1" 404 1256 "-" "Mozilla/5.0 (compatible; Googlebot/2.1; +http://www.google.com/bot.html)"
80.190.97.186 - - [14/Aug/2016:15:03:19 +0200] "GET / HTTP/1.1" 200 7903 "-" "Mozilla/5.0 (X11; U; FreeBSD i386; en-US; rv:1.9.1.12) Gecko/20100912 Firefox/3.5.12"
79.242.132.11 - - [14/Aug/2016:16:16:32 +0200] "GET /seiten/kontakt.php HTTP/1.1" 200 12788 "https://www.google.de/" "Mozilla/5.0 (iPad; CPU OS 9_3_4 like Mac OS X) AppleWebKit/601.1.46 (KHTML, like Gecko) Version/9.0 Mobile/13G35 Safari/601.1"
79.242.132.11 - - [14/Aug/2016:16:16:33 +0200] "GET /img/1px_tr.gif HTTP/1.1" 200 43 "http://www.prokommunal.com/seiten/kontakt.php" "Mozilla/5.0 (iPad; CPU OS 9_3_4 like Mac OS X) AppleWebKit/601.1.46 (KHTML, like Gecko) Version/9.0 Mobile/13G35 Safari/601.1"
79.242.132.11 - - [14/Aug/2016:16:16:33 +0200] "GET /img/head02.jpg HTTP/1.1" 200 4929 "http://www.prokommunal.com/seiten/kontakt.php" "Mozilla/5.0 (iPad; CPU OS 9_3_4 like Mac OS X) AppleWebKit/601.1.46 (KHTML, like Gecko) Version/9.0 Mobile/13G35 Safari/601.1"
79.242.132.11 - - [14/Aug/2016:16:16:33 +0200] "GET /img/top.gif HTTP/1.1" 200 96 "http://www.prokommunal.com/seiten/kontakt.php" "Mozilla/5.0 (iPad; CPU OS 9_3_4 like Mac OS X) AppleWebKit/601.1.46 (KHTML, like Gecko) Version/9.0 Mobile/13G35 Safari/601.1"
79.242.132.11 - - [14/Aug/2016:16:16:33 +0200] "GET /css/style.css HTTP/1.1" 200 3549 "http://www.prokommunal.com/seiten/kontakt.php" "Mozilla/5.0 (iPad; CPU OS 9_3_4 like Mac OS X) AppleWebKit/601.1.46 (KHTML, like Gecko) Version/9.0 Mobile/13G35 Safari/601.1"
79.242.132.11 - - [14/Aug/2016:16:16:33 +0200] "GET /img/head01.jpg HTTP/1.1" 200 6350 "http://www.prokommunal.com/seiten/kontakt.php" "Mozilla/5.0 (iPad; CPU OS 9_3_4 like Mac OS X) AppleWebKit/601.1.46 (KHTML, like Gecko) Version/9.0 Mobile/13G35 Safari/601.1"
79.242.132.11 - - [14/Aug/2016:16:16:33 +0200] "GET /scripte/basics.js HTTP/1.1" 200 198 "http://www.prokommunal.com/seiten/kontakt.php" "Mozilla/5.0 (iPad; CPU OS 9_3_4 like Mac OS X) AppleWebKit/601.1.46 (KHTML, like Gecko) Version/9.0 Mobile/13G35 Safari/601.1"
79.242.132.11 - - [14/Aug/2016:16:16:33 +0200] "GET /img/head03.jpg HTTP/1.1" 200 7610 "http://www.prokommunal.com/seiten/kontakt.php" "Mozilla/5.0 (iPad; CPU OS 9_3_4 like Mac OS X) AppleWebKit/601.1.46 (KHTML, like Gecko) Version/9.0 Mobile/13G35 Safari/601.1"
79.242.132.11 - - [14/Aug/2016:16:16:33 +0200] "GET /redesign/img/bg_gelb.jpg HTTP/1.1" 200 368 "http://www.prokommunal.com/seiten/kontakt.php" "Mozilla/5.0 (iPad; CPU OS 9_3_4 like Mac OS X) AppleWebKit/601.1.46 (KHTML, like Gecko) Version/9.0 Mobile/13G35 Safari/601.1"
79.242.132.11 - - [14/Aug/2016:16:16:33 +0200] "GET /img/men_01.jpg HTTP/1.1" 200 713 "http://www.prokommunal.com/seiten/kontakt.php" "Mozilla/5.0 (iPad; CPU OS 9_3_4 like Mac OS X) AppleWebKit/601.1.46 (KHTML, like Gecko) Version/9.0 Mobile/13G35 Safari/601.1"
79.242.132.11 - - [14/Aug/2016:16:16:33 +0200] "GET /redesign/img/bg_foot.gif HTTP/1.1" 200 286 "http://www.prokommunal.com/seiten/kontakt.php" "Mozilla/5.0 (iPad; CPU OS 9_3_4 like Mac OS X) AppleWebKit/601.1.46 (KHTML, like Gecko) Version/9.0 Mobile/13G35 Safari/601.1"
79.242.132.11 - - [14/Aug/2016:16:16:51 +0200] "GET /seiten/impr.htm HTTP/1.1" 200 8696 "http://www.prokommunal.com/seiten/kontakt.php" "Mozilla/5.0 (iPad; CPU OS 9_3_4 like Mac OS X) AppleWebKit/601.1.46 (KHTML, like Gecko) Version/9.0 Mobile/13G35 Safari/601.1"
79.242.132.11 - - [14/Aug/2016:16:17:12 +0200] "GET /seiten/produkte.htm HTTP/1.1" 200 9105 "http://www.prokommunal.com/seiten/kontakt.php" "Mozilla/5.0 (iPad; CPU OS 9_3_4 like Mac OS X) AppleWebKit/601.1.46 (KHTML, like Gecko) Version/9.0 Mobile/13G35 Safari/601.1"
79.242.132.11 - - [14/Aug/2016:16:17:18 +0200] "GET /seiten/partner.htm HTTP/1.1" 200 9458 "http://www.prokommunal.com/seiten/produkte.htm" "Mozilla/5.0 (iPad; CPU OS 9_3_4 like Mac OS X) AppleWebKit/601.1.46 (KHTML, like Gecko) Version/9.0 Mobile/13G35 Safari/601.1"
79.242.132.11 - - [14/Aug/2016:16:17:18 +0200] "GET /img/hsh.jpg HTTP/1.1" 200 5007 "http://www.prokommunal.com/seiten/partner.htm" "Mozilla/5.0 (iPad; CPU OS 9_3_4 like Mac OS X) AppleWebKit/601.1.46 (KHTML, like Gecko) Version/9.0 Mobile/13G35 Safari/601.1"
79.242.132.11 - - [14/Aug/2016:16:17:18 +0200] "GET /img/hh.jpg HTTP/1.1" 200 5817 "http://www.prokommunal.com/seiten/partner.htm" "Mozilla/5.0 (iPad; CPU OS 9_3_4 like Mac OS X) AppleWebKit/601.1.46 (KHTML, like Gecko) Version/9.0 Mobile/13G35 Safari/601.1"
79.242.132.11 - - [14/Aug/2016:16:17:18 +0200] "GET /img/gz.jpg HTTP/1.1" 200 7757 "http://www.prokommunal.com/seiten/partner.htm" "Mozilla/5.0 (iPad; CPU OS 9_3_4 like Mac OS X) AppleWebKit/601.1.46 (KHTML, like Gecko) Version/9.0 Mobile/13G35 Safari/601.1"
79.242.132.11 - - [14/Aug/2016:16:17:18 +0200] "GET /img/komfa1_s.jpg HTTP/1.1" 404 1256 "http://www.prokommunal.com/seiten/partner.htm" "Mozilla/5.0 (iPad; CPU OS 9_3_4 like Mac OS X) AppleWebKit/601.1.46 (KHTML, like Gecko) Version/9.0 Mobile/13G35 Safari/601.1"
79.242.132.11 - - [14/Aug/2016:16:17:18 +0200] "GET /img/hk.jpg HTTP/1.1" 200 4852 "http://www.prokommunal.com/seiten/partner.htm" "Mozilla/5.0 (iPad; CPU OS 9_3_4 like Mac OS X) AppleWebKit/601.1.46 (KHTML, like Gecko) Version/9.0 Mobile/13G35 Safari/601.1"
79.242.132.11 - - [14/Aug/2016:16:17:18 +0200] "GET /img/databund.jpg HTTP/1.1" 404 1256 "http://www.prokommunal.com/seiten/partner.htm" "Mozilla/5.0 (iPad; CPU OS 9_3_4 like Mac OS X) AppleWebKit/601.1.46 (KHTML, like Gecko) Version/9.0 Mobile/13G35 Safari/601.1"
79.242.132.11 - - [14/Aug/2016:16:17:22 +0200] "GET /seiten/referenzen.htm HTTP/1.1" 200 40635 "http://www.prokommunal.com/seiten/partner.htm" "Mozilla/5.0 (iPad; CPU OS 9_3_4 like Mac OS X) AppleWebKit/601.1.46 (KHTML, like Gecko) Version/9.0 Mobile/13G35 Safari/601.1"
79.242.132.11 - - [14/Aug/2016:16:17:28 +0200] "GET /seiten/service.htm HTTP/1.1" 200 9955 "http://www.prokommunal.com/seiten/referenzen.htm" "Mozilla/5.0 (iPad; CPU OS 9_3_4 like Mac OS X) AppleWebKit/601.1.46 (KHTML, like Gecko) Version/9.0 Mobile/13G35 Safari/601.1"
79.242.132.11 - - [14/Aug/2016:16:17:28 +0200] "GET /redesign/img/term.jpg HTTP/1.1" 200 498 "http://www.prokommunal.com/seiten/service.htm" "Mozilla/5.0 (iPad; CPU OS 9_3_4 like Mac OS X) AppleWebKit/601.1.46 (KHTML, like Gecko) Version/9.0 Mobile/13G35 Safari/601.1"
79.242.132.11 - - [14/Aug/2016:16:17:31 +0200] "GET /seiten/kontakt.php HTTP/1.1" 200 12788 "http://www.prokommunal.com/seiten/service.htm" "Mozilla/5.0 (iPad; CPU OS 9_3_4 like Mac OS X) AppleWebKit/601.1.46 (KHTML, like Gecko) Version/9.0 Mobile/13G35 Safari/601.1"
77.75.77.119 - - [14/Aug/2016:16:30:54 +0200] "GET /robots.txt HTTP/1.1" 404 1256 "-" "Mozilla/5.0 (compatible; SeznamBot/3.2; +http://napoveda.seznam.cz/en/seznambot-intro/)"
77.75.77.119 - - [14/Aug/2016:16:30:56 +0200] "GET /img/fsw.jpg HTTP/1.1" 304 - "-" "Mozilla/5.0 (compatible; SeznamBot/3.2; +http://napoveda.seznam.cz/en/seznambot-intro/)"
77.75.77.119 - - [14/Aug/2016:16:34:03 +0200] "GET /robots.txt HTTP/1.1" 404 1256 "-" "Mozilla/5.0 (compatible; SeznamBot/3.2; +http://napoveda.seznam.cz/en/seznambot-intro/)"
77.75.77.119 - - [14/Aug/2016:16:34:04 +0200] "GET /img/head01.jpg HTTP/1.1" 304 - "-" "Mozilla/5.0 (compatible; SeznamBot/3.2; +http://napoveda.seznam.cz/en/seznambot-intro/)"
64.246.165.200 - - [14/Aug/2016:16:36:39 +0200] "GET /robots.txt HTTP/1.0" 404 1256 "-" "Mozilla/5.0 (Windows; U; Windows NT 5.1; en; rv:1.9.0.13) Gecko/2009073022 Firefox/3.5.2 (.NET CLR 3.5.30729) SurveyBot/2.3 (DomainTools)"
64.246.165.200 - - [14/Aug/2016:16:36:39 +0200] "GET / HTTP/1.1" 200 7903 "http://whois.domaintools.com/kfz-zulassungswesen.de" "Mozilla/5.0 (Windows; U; Windows NT 5.1; en; rv:1.9.0.13) Gecko/2009073022 Firefox/3.5.2 (.NET CLR 3.5.30729) SurveyBot/2.3 (DomainTools)"
157.55.39.170 - - [14/Aug/2016:16:38:09 +0200] "GET /robots.txt HTTP/1.1" 404 1256 "-" "Mozilla/5.0 (compatible; bingbot/2.0; +http://www.bing.com/bingbot.htm)"
157.55.39.170 - - [14/Aug/2016:16:38:21 +0200] "GET / HTTP/1.1" 200 7903 "-" "Mozilla/5.0 (compatible; bingbot/2.0; +http://www.bing.com/bingbot.htm)"
5.255.251.7 - - [14/Aug/2016:16:52:20 +0200] "GET /robots.txt HTTP/1.1" 404 1256 "-" "Mozilla/5.0 (compatible; YandexBot/3.0; +http://yandex.com/bots)"
5.255.251.2 - - [14/Aug/2016:16:52:20 +0200] "GET /robots.txt HTTP/1.1" 404 1256 "-" "Mozilla/5.0 (compatible; YandexBot/3.0; +http://yandex.com/bots)"
5.255.251.7 - - [14/Aug/2016:16:52:20 +0200] "GET /robots.txt HTTP/1.1" 404 1256 "-" "Mozilla/5.0 (compatible; YandexBot/3.0; +http://yandex.com/bots)"
87.250.244.8 - - [14/Aug/2016:16:52:20 +0200] "GET /robots.txt HTTP/1.1" 404 1256 "-" "Mozilla/5.0 (compatible; YandexBot/3.0; +http://yandex.com/bots)"
5.255.251.7 - - [14/Aug/2016:16:52:24 +0200] "GET / HTTP/1.1" 200 7903 "-" "Mozilla/5.0 (compatible; YandexBot/3.0; +http://yandex.com/bots)"
5.255.251.2 - - [14/Aug/2016:16:52:24 +0200] "GET / HTTP/1.1" 200 7903 "-" "Mozilla/5.0 (compatible; YandexBot/3.0; +http://yandex.com/bots)"
5.255.251.7 - - [14/Aug/2016:16:52:24 +0200] "GET / HTTP/1.1" 200 7903 "-" "Mozilla/5.0 (compatible; YandexBot/3.0; +http://yandex.com/bots)"
5.255.251.7 - - [14/Aug/2016:16:52:24 +0200] "GET / HTTP/1.1" 200 7903 "-" "Mozilla/5.0 (compatible; YandexBot/3.0; +http://yandex.com/bots)"
180.76.15.144 - - [14/Aug/2016:18:21:15 +0200] "GET / HTTP/1.1" 200 7903 "-" "Mozilla/5.0 (compatible; Baiduspider/2.0; +http://www.baidu.com/search/spider.html)"
180.76.15.144 - - [14/Aug/2016:18:21:36 +0200] "GET / HTTP/1.1" 200 7903 "-" "Mozilla/5.0 (compatible; Baiduspider/2.0; +http://www.baidu.com/search/spider.html)"
85.233.5.22 - - [14/Aug/2016:18:29:26 +0200] "GET /gast-fsw/BDR-Zertifikat.zip HTTP/1.1" 304 - "-" "Mozilla/4.0 (compatible;)"
66.249.78.3 - - [14/Aug/2016:19:19:31 +0200] "GET / HTTP/1.1" 200 7903 "-" "Mozilla/5.0 (compatible; Googlebot/2.1; +http://www.google.com/bot.html)"
109.91.36.235 - - [14/Aug/2016:20:04:01 +0200] "GET / HTTP/1.1" 200 7903 "-" "Mozilla/5.0 (iPad; CPU OS 9_3_2 like Mac OS X) AppleWebKit/601.1.46 (KHTML, like Gecko) Version/9.0 Mobile/13F69 Safari/601.1"
109.91.36.235 - - [14/Aug/2016:20:04:01 +0200] "GET /img/head02.jpg HTTP/1.1" 200 4929 "http://www.prokommunal.com/" "Mozilla/5.0 (iPad; CPU OS 9_3_2 like Mac OS X) AppleWebKit/601.1.46 (KHTML, like Gecko) Version/9.0 Mobile/13F69 Safari/601.1"
109.91.36.235 - - [14/Aug/2016:20:04:01 +0200] "GET /img/head03.jpg HTTP/1.1" 200 7610 "http://www.prokommunal.com/" "Mozilla/5.0 (iPad; CPU OS 9_3_2 like Mac OS X) AppleWebKit/601.1.46 (KHTML, like Gecko) Version/9.0 Mobile/13F69 Safari/601.1"
109.91.36.235 - - [14/Aug/2016:20:04:01 +0200] "GET /scripte/basics.js HTTP/1.1" 200 198 "http://www.prokommunal.com/" "Mozilla/5.0 (iPad; CPU OS 9_3_2 like Mac OS X) AppleWebKit/601.1.46 (KHTML, like Gecko) Version/9.0 Mobile/13F69 Safari/601.1"
109.91.36.235 - - [14/Aug/2016:20:04:01 +0200] "GET /css/style.css HTTP/1.1" 200 3549 "http://www.prokommunal.com/" "Mozilla/5.0 (iPad; CPU OS 9_3_2 like Mac OS X) AppleWebKit/601.1.46 (KHTML, like Gecko) Version/9.0 Mobile/13F69 Safari/601.1"
109.91.36.235 - - [14/Aug/2016:20:04:01 +0200] "GET /img/head01.jpg HTTP/1.1" 200 6350 "http://www.prokommunal.com/" "Mozilla/5.0 (iPad; CPU OS 9_3_2 like Mac OS X) AppleWebKit/601.1.46 (KHTML, like Gecko) Version/9.0 Mobile/13F69 Safari/601.1"
109.91.36.235 - - [14/Aug/2016:20:04:01 +0200] "GET /redesign/img/bg_gelb.jpg HTTP/1.1" 200 368 "http://www.prokommunal.com/" "Mozilla/5.0 (iPad; CPU OS 9_3_2 like Mac OS X) AppleWebKit/601.1.46 (KHTML, like Gecko) Version/9.0 Mobile/13F69 Safari/601.1"
109.91.36.235 - - [14/Aug/2016:20:04:02 +0200] "GET /redesign/img/bg_foot.gif HTTP/1.1" 200 286 "http://www.prokommunal.com/" "Mozilla/5.0 (iPad; CPU OS 9_3_2 like Mac OS X) AppleWebKit/601.1.46 (KHTML, like Gecko) Version/9.0 Mobile/13F69 Safari/601.1"
109.91.36.235 - - [14/Aug/2016:20:10:42 +0200] "GET /seiten/produkte.htm HTTP/1.1" 200 9105 "http://www.prokommunal.com/" "Mozilla/5.0 (iPad; CPU OS 9_3_2 like Mac OS X) AppleWebKit/601.1.46 (KHTML, like Gecko) Version/9.0 Mobile/13F69 Safari/601.1"
109.91.36.235 - - [14/Aug/2016:20:10:42 +0200] "GET /img/1px_tr.gif HTTP/1.1" 200 43 "http://www.prokommunal.com/seiten/produkte.htm" "Mozilla/5.0 (iPad; CPU OS 9_3_2 like Mac OS X) AppleWebKit/601.1.46 (KHTML, like Gecko) Version/9.0 Mobile/13F69 Safari/601.1"
109.91.36.235 - - [14/Aug/2016:20:10:42 +0200] "GET /img/men_01.jpg HTTP/1.1" 200 713 "http://www.prokommunal.com/seiten/produkte.htm" "Mozilla/5.0 (iPad; CPU OS 9_3_2 like Mac OS X) AppleWebKit/601.1.46 (KHTML, like Gecko) Version/9.0 Mobile/13F69 Safari/601.1"
109.91.36.235 - - [14/Aug/2016:20:10:42 +0200] "GET /img/top.gif HTTP/1.1" 200 96 "http://www.prokommunal.com/seiten/produkte.htm" "Mozilla/5.0 (iPad; CPU OS 9_3_2 like Mac OS X) AppleWebKit/601.1.46 (KHTML, like Gecko) Version/9.0 Mobile/13F69 Safari/601.1"
109.91.36.235 - - [14/Aug/2016:20:10:44 +0200] "GET /seiten/fsw.htm HTTP/1.1" 200 9961 "http://www.prokommunal.com/seiten/produkte.htm" "Mozilla/5.0 (iPad; CPU OS 9_3_2 like Mac OS X) AppleWebKit/601.1.46 (KHTML, like Gecko) Version/9.0 Mobile/13F69 Safari/601.1"
109.91.36.235 - - [14/Aug/2016:20:10:44 +0200] "GET /img/fsw.jpg HTTP/1.1" 200 10878 "http://www.prokommunal.com/seiten/fsw.htm" "Mozilla/5.0 (iPad; CPU OS 9_3_2 like Mac OS X) AppleWebKit/601.1.46 (KHTML, like Gecko) Version/9.0 Mobile/13F69 Safari/601.1"
77.75.78.172 - - [14/Aug/2016:20:45:44 +0200] "GET /robots.txt HTTP/1.1" 404 1256 "-" "Mozilla/5.0 (compatible; SeznamBot/3.2; +http://napoveda.seznam.cz/en/seznambot-intro/)"
77.75.78.172 - - [14/Aug/2016:20:45:45 +0200] "GET /seiten/referenzen.htm HTTP/1.1" 200 40635 "-" "Mozilla/5.0 (compatible; SeznamBot/3.2; +http://napoveda.seznam.cz/en/seznambot-intro/)"
77.75.78.172 - - [14/Aug/2016:20:52:49 +0200] "GET /robots.txt HTTP/1.1" 404 1256 "-" "Mozilla/5.0 (compatible; SeznamBot/3.2; +http://napoveda.seznam.cz/en/seznambot-intro/)"
77.75.78.172 - - [14/Aug/2016:20:52:49 +0200] "GET /img/fsw.jpg HTTP/1.1" 304 - "-" "Mozilla/5.0 (compatible; SeznamBot/3.2; +http://napoveda.seznam.cz/en/seznambot-intro/)"
66.249.78.118 - - [14/Aug/2016:21:08:27 +0200] "GET /robots.txt HTTP/1.1" 404 1256 "-" "Mozilla/5.0 (compatible; Googlebot/2.1; +http://www.google.com/bot.html)"
66.249.78.125 - - [14/Aug/2016:21:08:27 +0200] "GET /seiten/partner.htm HTTP/1.1" 200 9458 "-" "Mozilla/5.0 (compatible; Googlebot/2.1; +http://www.google.com/bot.html)"
5.255.251.2 - - [14/Aug/2016:21:19:16 +0200] "GET /seiten/impr.htm HTTP/1.1" 200 8696 "-" "Mozilla/5.0 (compatible; YandexBot/3.0; +http://yandex.com/bots)"
5.255.251.7 - - [14/Aug/2016:21:23:56 +0200] "GET /seiten/kontakt.php HTTP/1.1" 200 12788 "-" "Mozilla/5.0 (compatible; YandexBot/3.0; +http://yandex.com/bots)"
62.138.0.25 - - [14/Aug/2016:21:43:42 +0200] "GET /robots.txt HTTP/1.1" 404 1256 "-" "Mozilla/5.0 (compatible; seoscanners.net/1; +spider@seoscanners.net)"
62.138.0.25 - - [14/Aug/2016:21:43:42 +0200] "GET /seiten/service.htm HTTP/1.1" 200 9955 "-" "Mozilla/5.0 (compatible; seoscanners.net/1; +spider@seoscanners.net)"
5.9.17.118 - - [14/Aug/2016:21:44:42 +0200] "GET /seiten/databund.html HTTP/1.1" 200 9125 "-" "Mozilla/5.0 (compatible; MSIE 10.0; Windows NT 6.1; Trident/4.0; InfoPath.2; SV1; .NET CLR 2.0.50727; WOW64)"
69.30.221.250 - - [14/Aug/2016:22:04:13 +0200] "GET /robots.txt HTTP/1.0" 404 1256 "-" "Mozilla/5.0 (compatible; MJ12bot/v1.4.5; http://www.majestic12.co.uk/bot.php?+)"
188.40.95.70 - - [14/Aug/2016:22:13:44 +0200] "GET /robots.txt HTTP/1.0" 404 1256 "-" "Mozilla/5.0 (compatible; MJ12bot/v1.4.5; http://www.majestic12.co.uk/bot.php?+)"
188.40.95.70 - - [14/Aug/2016:22:13:46 +0200] "GET / HTTP/1.0" 200 7903 "-" "Mozilla/5.0 (compatible; MJ12bot/v1.4.5; http://www.majestic12.co.uk/bot.php?+)"
62.138.0.25 - - [14/Aug/2016:22:32:47 +0200] "GET /robots.txt HTTP/1.1" 404 1256 "-" "Mozilla/5.0 (compatible; seoscanners.net/1; +spider@seoscanners.net)"
62.138.0.25 - - [14/Aug/2016:22:32:47 +0200] "GET /seiten/produkte.htm HTTP/1.1" 200 9105 "-" "Mozilla/5.0 (compatible; seoscanners.net/1; +spider@seoscanners.net)"
77.75.79.109 - - [14/Aug/2016:22:57:29 +0200] "GET /robots.txt HTTP/1.1" 404 1256 "-" "Mozilla/5.0 (compatible; SeznamBot/3.2; +http://napoveda.seznam.cz/en/seznambot-intro/)"
77.75.79.109 - - [14/Aug/2016:22:57:30 +0200] "GET /seiten/impr.htm HTTP/1.1" 304 - "-" "Mozilla/5.0 (compatible; SeznamBot/3.2; +http://napoveda.seznam.cz/en/seznambot-intro/)"
138.201.125.143 - - [14/Aug/2016:23:13:39 +0200] "GET /robots.txt HTTP/1.0" 404 1256 "-" "Mozilla/5.0 (compatible; MJ12bot/v1.4.5; http://www.majestic12.co.uk/bot.php?+)"
138.201.125.143 - - [14/Aug/2016:23:13:41 +0200] "GET /seiten/kontakt.php HTTP/1.0" 200 12788 "-" "Mozilla/5.0 (compatible; MJ12bot/v1.4.5; http://www.majestic12.co.uk/bot.php?+)"
180.76.15.6 - - [14/Aug/2016:23:25:08 +0200] "GET / HTTP/1.1" 200 7903 "-" "Mozilla/5.0 (compatible; Baiduspider/2.0; +http://www.baidu.com/search/spider.html)"
180.76.15.6 - - [14/Aug/2016:23:25:34 +0200] "GET / HTTP/1.1" 200 7903 "-" "Mozilla/5.0 (compatible; Baiduspider/2.0; +http://www.baidu.com/search/spider.html)"
62.138.0.25 - - [14/Aug/2016:23:25:59 +0200] "GET /robots.txt HTTP/1.1" 404 1256 "-" "Mozilla/5.0 (compatible; seoscanners.net/1; +spider@seoscanners.net)"
62.138.0.25 - - [14/Aug/2016:23:25:59 +0200] "GET /seiten/referenzen.htm HTTP/1.1" 200 40635 "-" "Mozilla/5.0 (compatible; seoscanners.net/1; +spider@seoscanners.net)"
144.76.71.83 - - [14/Aug/2016:23:59:20 +0200] "GET /seiten/kontakt.php HTTP/1.1" 200 12788 "-" "Mozilla/5.0 (X11; Ubuntu; Linux i686; rv:15.0) Gecko/20100101 Firefox/15.0.1"
80.190.97.186 - - [15/Aug/2016:00:17:07 +0200] "GET / HTTP/1.1" 200 7903 "-" "Mozilla/5.0 (X11; U; FreeBSD i386; en-US; rv:1.9.1.12) Gecko/20100912 Firefox/3.5.12"
62.210.107.201 - - [15/Aug/2016:00:27:58 +0200] "GET /robots.txt HTTP/1.0" 404 1256 "-" "Mozilla/5.0 (compatible; MJ12bot/v1.4.5; http://www.majestic12.co.uk/bot.php?+)"
62.210.107.201 - - [15/Aug/2016:00:28:03 +0200] "GET /seiten/fsw.htm HTTP/1.0" 200 9961 "-" "Mozilla/5.0 (compatible; MJ12bot/v1.4.5; http://www.majestic12.co.uk/bot.php?+)"
62.210.107.201 - - [15/Aug/2016:00:28:06 +0200] "GET /seiten/kontakt.php HTTP/1.0" 200 12788 "-" "Mozilla/5.0 (compatible; MJ12bot/v1.4.5; http://www.majestic12.co.uk/bot.php?+)"
62.210.107.201 - - [15/Aug/2016:00:28:08 +0200] "GET /seiten/referenzen.htm HTTP/1.0" 200 40635 "-" "Mozilla/5.0 (compatible; MJ12bot/v1.4.5; http://www.majestic12.co.uk/bot.php?+)"
180.76.15.12 - - [15/Aug/2016:00:36:41 +0200] "GET /seiten/service.htm HTTP/1.1" 200 9955 "-" "Mozilla/5.0 (compatible; Baiduspider/2.0; +http://www.baidu.com/search/spider.html)"
199.19.249.196 - - [15/Aug/2016:01:09:26 +0200] "GET /gast-fsw/BDR-Zertifikat.zip HTTP/1.1" 200 1267 "-" "Mozilla/4.0 (compatible; MSIE 7.0; Windows NT 5.1; InfoPath.1; .NET CLR 2.0.50727; .NET CLR 1.1.4322; MS-RTC LM 8; .NET CLR 3.0.4506.2152; .NET CLR 3.5.30729)"
85.233.5.22 - - [15/Aug/2016:01:09:26 +0200] "GET /gast-fsw/BDR-Zertifikat.zip HTTP/1.1" 304 - "-" "Mozilla/4.0 (compatible;)"
188.165.233.228 - - [15/Aug/2016:01:10:03 +0200] "GET /robots.txt HTTP/1.0" 404 1256 "-" ""
188.165.233.228 - - [15/Aug/2016:01:10:03 +0200] "GET / HTTP/1.1" 206 7903 "-" "Mozilla/5.0 (X11; U; Linux x86_64; en-US; rv:1.9.2.4) Gecko/20100614 Ubuntu/10.04 (lucid) Firefox/3.6.4"
188.165.233.228 - - [15/Aug/2016:01:10:05 +0200] "GET /seiten/produkte.htm HTTP/1.1" 206 9105 "-" "Mozilla/5.0 (X11; U; Linux x86_64; en-US; rv:1.9.2.4) Gecko/20100614 Ubuntu/10.04 (lucid) Firefox/3.6.4"
188.165.233.228 - - [15/Aug/2016:01:10:08 +0200] "GET /seiten/partner.htm HTTP/1.1" 206 9458 "-" "Mozilla/5.0 (X11; U; Linux x86_64; en-US; rv:1.9.2.4) Gecko/20100614 Ubuntu/10.04 (lucid) Firefox/3.6.4"
188.165.233.228 - - [15/Aug/2016:01:10:10 +0200] "GET /seiten/referenzen.htm HTTP/1.1" 206 40635 "-" "Mozilla/5.0 (X11; U; Linux x86_64; en-US; rv:1.9.2.4) Gecko/20100614 Ubuntu/10.04 (lucid) Firefox/3.6.4"
188.165.233.228 - - [15/Aug/2016:01:10:12 +0200] "GET /seiten/service.htm HTTP/1.1" 206 9955 "-" "Mozilla/5.0 (X11; U; Linux x86_64; en-US; rv:1.9.2.4) Gecko/20100614 Ubuntu/10.04 (lucid) Firefox/3.6.4"
188.165.233.228 - - [15/Aug/2016:01:10:14 +0200] "GET /seiten/kontakt.php HTTP/1.1" 200 12788 "-" "Mozilla/5.0 (X11; U; Linux x86_64; en-US; rv:1.9.2.4) Gecko/20100614 Ubuntu/10.04 (lucid) Firefox/3.6.4"
188.165.233.228 - - [15/Aug/2016:01:10:16 +0200] "GET /seiten/impr.htm HTTP/1.1" 206 8696 "-" "Mozilla/5.0 (X11; U; Linux x86_64; en-US; rv:1.9.2.4) Gecko/20100614 Ubuntu/10.04 (lucid) Firefox/3.6.4"
188.165.233.228 - - [15/Aug/2016:01:10:18 +0200] "GET /seiten/databund.html HTTP/1.1" 206 9125 "-" "Mozilla/5.0 (X11; U; Linux x86_64; en-US; rv:1.9.2.4) Gecko/20100614 Ubuntu/10.04 (lucid) Firefox/3.6.4"
188.165.233.228 - - [15/Aug/2016:01:10:20 +0200] "GET /seiten/fsw.htm HTTP/1.1" 206 9961 "-" "Mozilla/5.0 (X11; U; Linux x86_64; en-US; rv:1.9.2.4) Gecko/20100614 Ubuntu/10.04 (lucid) Firefox/3.6.4"
188.165.233.228 - - [15/Aug/2016:01:10:22 +0200] "GET /seiten/fahrlehrerwesen.htm HTTP/1.1" 206 7168 "-" "Mozilla/5.0 (X11; U; Linux x86_64; en-US; rv:1.9.2.4) Gecko/20100614 Ubuntu/10.04 (lucid) Firefox/3.6.4"
188.165.233.228 - - [15/Aug/2016:01:10:24 +0200] "GET /seiten/kontroll.htm HTTP/1.1" 206 6599 "-" "Mozilla/5.0 (X11; U; Linux x86_64; en-US; rv:1.9.2.4) Gecko/20100614 Ubuntu/10.04 (lucid) Firefox/3.6.4"
188.165.233.228 - - [15/Aug/2016:01:10:26 +0200] "GET /seiten/kraftverkehr.htm HTTP/1.1" 206 9210 "-" "Mozilla/5.0 (X11; U; Linux x86_64; en-US; rv:1.9.2.4) Gecko/20100614 Ubuntu/10.04 (lucid) Firefox/3.6.4"
62.138.0.25 - - [15/Aug/2016:01:12:29 +0200] "GET /robots.txt HTTP/1.1" 404 1256 "-" "Mozilla/5.0 (compatible; seoscanners.net/1; +spider@seoscanners.net)"
62.138.0.25 - - [15/Aug/2016:01:12:29 +0200] "GET /./seiten/databund.html HTTP/1.1" 200 9125 "-" "Mozilla/5.0 (compatible; seoscanners.net/1; +spider@seoscanners.net)"
46.229.164.102 - - [15/Aug/2016:01:32:08 +0200] "GET /robots.txt HTTP/1.1" 404 1256 "-" "Mozilla/5.0 (compatible; SemrushBot/1.1~bl; +http://www.semrush.com/bot.html)"
46.229.164.102 - - [15/Aug/2016:01:32:13 +0200] "GET /robots.txt HTTP/1.1" 404 1256 "-" "Mozilla/5.0 (compatible; SemrushBot/1.1~bl; +http://www.semrush.com/bot.html)"
66.249.78.132 - - [15/Aug/2016:02:23:30 +0200] "GET /seiten/kontroll.htm HTTP/1.1" 200 6599 "-" "Mozilla/5.0 (compatible; Googlebot/2.1; +http://www.google.com/bot.html)"
5.255.251.7 - - [15/Aug/2016:02:56:49 +0200] "GET /seiten/termine2016.pdf HTTP/1.1" 200 106734 "-" "Mozilla/5.0 (compatible; YandexBot/3.0; +http://yandex.com/bots)"
5.9.151.22 - - [15/Aug/2016:03:30:55 +0200] "GET /robots.txt HTTP/1.0" 404 1256 "-" "Mozilla/5.0 (compatible; MJ12bot/v1.4.5; http://www.majestic12.co.uk/bot.php?+)"
5.9.151.22 - - [15/Aug/2016:03:30:57 +0200] "GET /seiten/fahrlehrerwesen.htm HTTP/1.0" 200 7168 "-" "Mozilla/5.0 (compatible; MJ12bot/v1.4.5; http://www.majestic12.co.uk/bot.php?+)"
5.9.151.22 - - [15/Aug/2016:03:30:59 +0200] "GET /seiten/kontroll.htm HTTP/1.0" 200 6599 "-" "Mozilla/5.0 (compatible; MJ12bot/v1.4.5; http://www.majestic12.co.uk/bot.php?+)"
5.9.151.22 - - [15/Aug/2016:03:31:01 +0200] "GET /seiten/kraftverkehr.htm HTTP/1.0" 200 9210 "-" "Mozilla/5.0 (compatible; MJ12bot/v1.4.5; http://www.majestic12.co.uk/bot.php?+)"
80.190.97.186 - - [15/Aug/2016:03:31:11 +0200] "GET / HTTP/1.1" 200 7903 "-" "Mozilla/5.0 (X11; U; FreeBSD i386; en-US; rv:1.9.1.12) Gecko/20100912 Firefox/3.5.12"
180.76.15.154 - - [15/Aug/2016:04:18:15 +0200] "GET / HTTP/1.1" 200 7903 "-" "Mozilla/5.0 (compatible; Baiduspider/2.0; +http://www.baidu.com/search/spider.html)"
180.76.15.137 - - [15/Aug/2016:04:18:28 +0200] "GET / HTTP/1.1" 200 7903 "-" "Mozilla/5.0 (compatible; Baiduspider/2.0; +http://www.baidu.com/search/spider.html)"
77.75.78.163 - - [15/Aug/2016:04:39:02 +0200] "GET /robots.txt HTTP/1.1" 404 1256 "-" "Mozilla/5.0 (compatible; SeznamBot/3.2; +http://napoveda.seznam.cz/en/seznambot-intro/)"
77.75.78.163 - - [15/Aug/2016:04:39:03 +0200] "GET /img/head03.jpg HTTP/1.1" 304 - "-" "Mozilla/5.0 (compatible; SeznamBot/3.2; +http://napoveda.seznam.cz/en/seznambot-intro/)"
157.55.39.170 - - [15/Aug/2016:04:57:13 +0200] "GET /robots.txt HTTP/1.1" 404 1256 "-" "Mozilla/5.0 (compatible; bingbot/2.0; +http://www.bing.com/bingbot.htm)"
157.55.39.170 - - [15/Aug/2016:05:04:57 +0200] "GET / HTTP/1.1" 200 7903 "-" "Mozilla/5.0 (compatible; bingbot/2.0; +http://www.bing.com/bingbot.htm)"
207.46.13.103 - - [15/Aug/2016:05:09:31 +0200] "GET /seiten/kontroll.htm HTTP/1.1" 304 - "-" "Mozilla/5.0 (compatible; bingbot/2.0; +http://www.bing.com/bingbot.htm)"
62.138.0.25 - - [15/Aug/2016:06:14:11 +0200] "GET /img/head02.jpg HTTP/1.1" 200 4929 "-" "Mozilla/5.0 (compatible; seoscanners.net/1; +spider@seoscanners.net)"
66.249.78.252 - - [15/Aug/2016:06:49:23 +0200] "GET /robots.txt HTTP/1.1" 404 1256 "-" "Mozilla/5.0 (compatible; Googlebot/2.1; +http://www.google.com/bot.html)"
66.249.78.252 - - [15/Aug/2016:06:49:23 +0200] "GET / HTTP/1.1" 200 7903 "-" "Mozilla/5.0 (compatible; Googlebot/2.1; +http://www.google.com/bot.html)"
91.66.61.42 - - [15/Aug/2016:07:39:36 +0200] "GET / HTTP/1.1" 200 7903 "-" "Mozilla/5.0 (Windows NT 6.1; WOW64) AppleWebKit/537.36 (KHTML, like Gecko) Chrome/52.0.2743.116 Safari/537.36"
91.66.61.42 - - [15/Aug/2016:07:39:40 +0200] "GET /css/style.css HTTP/1.1" 200 3549 "http://www.prokommunal.com/" "Mozilla/5.0 (Windows NT 6.1; WOW64) AppleWebKit/537.36 (KHTML, like Gecko) Chrome/52.0.2743.116 Safari/537.36"
91.66.61.42 - - [15/Aug/2016:07:39:40 +0200] "GET /scripte/basics.js HTTP/1.1" 200 198 "http://www.prokommunal.com/" "Mozilla/5.0 (Windows NT 6.1; WOW64) AppleWebKit/537.36 (KHTML, like Gecko) Chrome/52.0.2743.116 Safari/537.36"
91.66.61.42 - - [15/Aug/2016:07:39:40 +0200] "GET /img/head02.jpg HTTP/1.1" 200 4929 "http://www.prokommunal.com/" "Mozilla/5.0 (Windows NT 6.1; WOW64) AppleWebKit/537.36 (KHTML, like Gecko) Chrome/52.0.2743.116 Safari/537.36"
91.66.61.42 - - [15/Aug/2016:07:39:40 +0200] "GET /img/head03.jpg HTTP/1.1" 200 7610 "http://www.prokommunal.com/" "Mozilla/5.0 (Windows NT 6.1; WOW64) AppleWebKit/537.36 (KHTML, like Gecko) Chrome/52.0.2743.116 Safari/537.36"
91.66.61.42 - - [15/Aug/2016:07:39:40 +0200] "GET /img/head01.jpg HTTP/1.1" 200 6350 "http://www.prokommunal.com/" "Mozilla/5.0 (Windows NT 6.1; WOW64) AppleWebKit/537.36 (KHTML, like Gecko) Chrome/52.0.2743.116 Safari/537.36"
91.66.61.42 - - [15/Aug/2016:07:39:41 +0200] "GET /redesign/img/bg_gelb.jpg HTTP/1.1" 200 368 "http://www.prokommunal.com/css/style.css" "Mozilla/5.0 (Windows NT 6.1; WOW64) AppleWebKit/537.36 (KHTML, like Gecko) Chrome/52.0.2743.116 Safari/537.36"
91.66.61.42 - - [15/Aug/2016:07:39:41 +0200] "GET /redesign/img/bg_foot.gif HTTP/1.1" 200 286 "http://www.prokommunal.com/css/style.css" "Mozilla/5.0 (Windows NT 6.1; WOW64) AppleWebKit/537.36 (KHTML, like Gecko) Chrome/52.0.2743.116 Safari/537.36"
91.66.61.42 - - [15/Aug/2016:07:39:41 +0200] "GET /favicon.ico HTTP/1.1" 200 894 "http://www.prokommunal.com/" "Mozilla/5.0 (Windows NT 6.1; WOW64) AppleWebKit/537.36 (KHTML, like Gecko) Chrome/52.0.2743.116 Safari/537.36"
91.66.61.42 - - [15/Aug/2016:07:39:43 +0200] "GET /seiten/kontakt.php HTTP/1.1" 200 12788 "http://www.prokommunal.com/" "Mozilla/5.0 (Windows NT 6.1; WOW64) AppleWebKit/537.36 (KHTML, like Gecko) Chrome/52.0.2743.116 Safari/537.36"
91.66.61.42 - - [15/Aug/2016:07:39:43 +0200] "GET /img/men_01.jpg HTTP/1.1" 200 713 "http://www.prokommunal.com/seiten/kontakt.php" "Mozilla/5.0 (Windows NT 6.1; WOW64) AppleWebKit/537.36 (KHTML, like Gecko) Chrome/52.0.2743.116 Safari/537.36"
91.66.61.42 - - [15/Aug/2016:07:39:43 +0200] "GET /img/1px_tr.gif HTTP/1.1" 200 43 "http://www.prokommunal.com/seiten/kontakt.php" "Mozilla/5.0 (Windows NT 6.1; WOW64) AppleWebKit/537.36 (KHTML, like Gecko) Chrome/52.0.2743.116 Safari/537.36"
91.66.61.42 - - [15/Aug/2016:07:39:43 +0200] "GET /img/top.gif HTTP/1.1" 200 96 "http://www.prokommunal.com/seiten/kontakt.php" "Mozilla/5.0 (Windows NT 6.1; WOW64) AppleWebKit/537.36 (KHTML, like Gecko) Chrome/52.0.2743.116 Safari/537.36"
194.8.223.8 - - [15/Aug/2016:07:47:43 +0200] "GET / HTTP/1.1" 200 7903 "-" "Mozilla/5.0 (Windows NT 6.1; Trident/7.0; rv:11.0) like Gecko"
194.8.223.8 - - [15/Aug/2016:07:47:43 +0200] "GET /css/style.css HTTP/1.1" 200 3549 "http://www.prokommunal.com/" "Mozilla/5.0 (Windows NT 6.1; Trident/7.0; rv:11.0) like Gecko"
194.8.223.8 - - [15/Aug/2016:07:47:43 +0200] "GET /scripte/basics.js HTTP/1.1" 200 198 "http://www.prokommunal.com/" "Mozilla/5.0 (Windows NT 6.1; Trident/7.0; rv:11.0) like Gecko"
194.8.223.8 - - [15/Aug/2016:07:47:43 +0200] "GET /img/head01.jpg HTTP/1.1" 200 6350 "http://www.prokommunal.com/" "Mozilla/5.0 (Windows NT 6.1; Trident/7.0; rv:11.0) like Gecko"
194.8.223.8 - - [15/Aug/2016:07:47:43 +0200] "GET /img/head03.jpg HTTP/1.1" 200 7610 "http://www.prokommunal.com/" "Mozilla/5.0 (Windows NT 6.1; Trident/7.0; rv:11.0) like Gecko"
194.8.223.8 - - [15/Aug/2016:07:47:43 +0200] "GET /img/head02.jpg HTTP/1.1" 200 4929 "http://www.prokommunal.com/" "Mozilla/5.0 (Windows NT 6.1; Trident/7.0; rv:11.0) like Gecko"
194.8.223.8 - - [15/Aug/2016:07:47:43 +0200] "GET /redesign/img/bg_foot.gif HTTP/1.1" 200 286 "http://www.prokommunal.com/" "Mozilla/5.0 (Windows NT 6.1; Trident/7.0; rv:11.0) like Gecko"
194.8.223.8 - - [15/Aug/2016:07:47:43 +0200] "GET /redesign/img/bg_gelb.jpg HTTP/1.1" 200 368 "http://www.prokommunal.com/" "Mozilla/5.0 (Windows NT 6.1; Trident/7.0; rv:11.0) like Gecko"
194.8.223.8 - - [15/Aug/2016:07:47:43 +0200] "GET /favicon.ico HTTP/1.1" 200 894 "-" "Mozilla/5.0 (Windows NT 6.1; Trident/7.0; rv:11.0) like Gecko"
194.8.223.8 - - [15/Aug/2016:07:47:47 +0200] "GET /seiten/kontakt.php HTTP/1.1" 200 12788 "http://www.prokommunal.com/" "Mozilla/5.0 (Windows NT 6.1; Trident/7.0; rv:11.0) like Gecko"
194.8.223.8 - - [15/Aug/2016:07:47:47 +0200] "GET /img/1px_tr.gif HTTP/1.1" 200 43 "http://www.prokommunal.com/seiten/kontakt.php" "Mozilla/5.0 (Windows NT 6.1; Trident/7.0; rv:11.0) like Gecko"
194.8.223.8 - - [15/Aug/2016:07:47:47 +0200] "GET /img/top.gif HTTP/1.1" 200 96 "http://www.prokommunal.com/seiten/kontakt.php" "Mozilla/5.0 (Windows NT 6.1; Trident/7.0; rv:11.0) like Gecko"
194.8.223.8 - - [15/Aug/2016:07:47:47 +0200] "GET /img/men_01.jpg HTTP/1.1" 200 713 "http://www.prokommunal.com/seiten/kontakt.php" "Mozilla/5.0 (Windows NT 6.1; Trident/7.0; rv:11.0) like Gecko"
194.8.223.8 - - [15/Aug/2016:07:49:06 +0200] "GET /seiten/service.htm HTTP/1.1" 200 9955 "http://www.prokommunal.com/seiten/kontakt.php" "Mozilla/5.0 (Windows NT 6.1; Trident/7.0; rv:11.0) like Gecko"
194.8.223.8 - - [15/Aug/2016:07:49:07 +0200] "GET /redesign/img/term.jpg HTTP/1.1" 200 498 "http://www.prokommunal.com/seiten/service.htm" "Mozilla/5.0 (Windows NT 6.1; Trident/7.0; rv:11.0) like Gecko"
85.233.5.22 - - [15/Aug/2016:07:49:25 +0200] "GET /gast-fsw/BDR-Zertifikat.zip HTTP/1.1" 304 - "-" "Mozilla/4.0 (compatible;)"
194.8.223.8 - - [15/Aug/2016:07:54:13 +0200] "GET /seiten/impr.htm HTTP/1.1" 200 8696 "http://www.prokommunal.com/seiten/service.htm" "Mozilla/5.0 (Windows NT 6.1; Trident/7.0; rv:11.0) like Gecko"
194.8.223.8 - - [15/Aug/2016:07:54:19 +0200] "GET /seiten/referenzen.htm HTTP/1.1" 200 40635 "http://www.prokommunal.com/seiten/impr.htm" "Mozilla/5.0 (Windows NT 6.1; Trident/7.0; rv:11.0) like Gecko"
194.8.223.8 - - [15/Aug/2016:07:54:21 +0200] "GET /seiten/partner.htm HTTP/1.1" 200 9458 "http://www.prokommunal.com/seiten/referenzen.htm" "Mozilla/5.0 (Windows NT 6.1; Trident/7.0; rv:11.0) like Gecko"
194.8.223.8 - - [15/Aug/2016:07:54:22 +0200] "GET /img/hsh.jpg HTTP/1.1" 200 5007 "http://www.prokommunal.com/seiten/partner.htm" "Mozilla/5.0 (Windows NT 6.1; Trident/7.0; rv:11.0) like Gecko"
194.8.223.8 - - [15/Aug/2016:07:54:22 +0200] "GET /img/hh.jpg HTTP/1.1" 200 5817 "http://www.prokommunal.com/seiten/partner.htm" "Mozilla/5.0 (Windows NT 6.1; Trident/7.0; rv:11.0) like Gecko"
194.8.223.8 - - [15/Aug/2016:07:54:22 +0200] "GET /img/hk.jpg HTTP/1.1" 200 4852 "http://www.prokommunal.com/seiten/partner.htm" "Mozilla/5.0 (Windows NT 6.1; Trident/7.0; rv:11.0) like Gecko"
194.8.223.8 - - [15/Aug/2016:07:54:22 +0200] "GET /img/databund.jpg HTTP/1.1" 404 1256 "http://www.prokommunal.com/seiten/partner.htm" "Mozilla/5.0 (Windows NT 6.1; Trident/7.0; rv:11.0) like Gecko"
194.8.223.8 - - [15/Aug/2016:07:54:22 +0200] "GET /img/komfa1_s.jpg HTTP/1.1" 404 1256 "http://www.prokommunal.com/seiten/partner.htm" "Mozilla/5.0 (Windows NT 6.1; Trident/7.0; rv:11.0) like Gecko"
194.8.223.8 - - [15/Aug/2016:07:54:22 +0200] "GET /img/gz.jpg HTTP/1.1" 200 7757 "http://www.prokommunal.com/seiten/partner.htm" "Mozilla/5.0 (Windows NT 6.1; Trident/7.0; rv:11.0) like Gecko"
217.7.17.164 - - [15/Aug/2016:08:09:19 +0200] "GET /gast-fsw/fao_goer10.zip HTTP/1.1" 200 12289069 "-" "Mozilla/5.0 (compatible; MSIE 10.0; Windows NT 6.1; WOW64; Trident/6.0)"
66.249.78.118 - - [15/Aug/2016:08:18:55 +0200] "GET /seiten/produkte.htm HTTP/1.1" 200 9105 "-" "Mozilla/5.0 (compatible; Googlebot/2.1; +http://www.google.com/bot.html)"
68.180.229.61 - - [15/Aug/2016:09:11:18 +0200] "GET /robots.txt HTTP/1.1" 404 1256 "-" "Mozilla/5.0 (compatible; Yahoo! Slurp; http://help.yahoo.com/help/us/ysearch/slurp)"
68.180.229.61 - - [15/Aug/2016:09:11:18 +0200] "GET /seiten/fsw.htm HTTP/1.1" 304 - "-" "Mozilla/5.0 (compatible; Yahoo! Slurp; http://help.yahoo.com/help/us/ysearch/slurp)"
194.8.223.8 - - [15/Aug/2016:09:11:25 +0200] "GET /seiten/fsw.htm HTTP/1.1" 200 9961 "http://www.google.de/url?sa=t&rct=j&q=&esrc=s&source=web&cd=2&sqi=2&ved=0ahUKEwiP2qGD78LOAhVqK8AKHTMBC8MQjBAIJDAB&url=http%3A%2F%2Fwww.prokommunal.com%2Fseiten%2Ffsw.htm&usg=AFQjCNERYeHHc5tqnWyCzuVfTvyCJ3K0AQ&bvm=bv.129422649,d.d24" "Mozilla/5.0 (Windows NT 6.1; Trident/7.0; rv:11.0) like Gecko"
194.8.223.8 - - [15/Aug/2016:09:11:25 +0200] "GET /css/style.css HTTP/1.1" 200 3549 "http://www.prokommunal.com/seiten/fsw.htm" "Mozilla/5.0 (Windows NT 6.1; Trident/7.0; rv:11.0) like Gecko"
194.8.223.8 - - [15/Aug/2016:09:11:25 +0200] "GET /img/head01.jpg HTTP/1.1" 200 6350 "http://www.prokommunal.com/seiten/fsw.htm" "Mozilla/5.0 (Windows NT 6.1; Trident/7.0; rv:11.0) like Gecko"
194.8.223.8 - - [15/Aug/2016:09:11:25 +0200] "GET /scripte/basics.js HTTP/1.1" 200 198 "http://www.prokommunal.com/seiten/fsw.htm" "Mozilla/5.0 (Windows NT 6.1; Trident/7.0; rv:11.0) like Gecko"
194.8.223.8 - - [15/Aug/2016:09:11:25 +0200] "GET /img/1px_tr.gif HTTP/1.1" 200 43 "http://www.prokommunal.com/seiten/fsw.htm" "Mozilla/5.0 (Windows NT 6.1; Trident/7.0; rv:11.0) like Gecko"
194.8.223.8 - - [15/Aug/2016:09:11:25 +0200] "GET /img/head03.jpg HTTP/1.1" 200 7610 "http://www.prokommunal.com/seiten/fsw.htm" "Mozilla/5.0 (Windows NT 6.1; Trident/7.0; rv:11.0) like Gecko"
194.8.223.8 - - [15/Aug/2016:09:11:25 +0200] "GET /img/fsw.jpg HTTP/1.1" 200 10878 "http://www.prokommunal.com/seiten/fsw.htm" "Mozilla/5.0 (Windows NT 6.1; Trident/7.0; rv:11.0) like Gecko"
194.8.223.8 - - [15/Aug/2016:09:11:25 +0200] "GET /img/top.gif HTTP/1.1" 200 96 "http://www.prokommunal.com/seiten/fsw.htm" "Mozilla/5.0 (Windows NT 6.1; Trident/7.0; rv:11.0) like Gecko"
194.8.223.8 - - [15/Aug/2016:09:11:25 +0200] "GET /img/head02.jpg HTTP/1.1" 200 4929 "http://www.prokommunal.com/seiten/fsw.htm" "Mozilla/5.0 (Windows NT 6.1; Trident/7.0; rv:11.0) like Gecko"
194.8.223.8 - - [15/Aug/2016:09:11:25 +0200] "GET /redesign/img/bg_gelb.jpg HTTP/1.1" 200 368 "http://www.prokommunal.com/seiten/fsw.htm" "Mozilla/5.0 (Windows NT 6.1; Trident/7.0; rv:11.0) like Gecko"
194.8.223.8 - - [15/Aug/2016:09:11:25 +0200] "GET /redesign/img/bg_foot.gif HTTP/1.1" 200 286 "http://www.prokommunal.com/seiten/fsw.htm" "Mozilla/5.0 (Windows NT 6.1; Trident/7.0; rv:11.0) like Gecko"
194.8.223.8 - - [15/Aug/2016:09:11:25 +0200] "GET /img/men_01.jpg HTTP/1.1" 200 713 "http://www.prokommunal.com/seiten/fsw.htm" "Mozilla/5.0 (Windows NT 6.1; Trident/7.0; rv:11.0) like Gecko"
194.8.223.8 - - [15/Aug/2016:09:11:25 +0200] "GET /favicon.ico HTTP/1.1" 200 894 "-" "Mozilla/5.0 (Windows NT 6.1; Trident/7.0; rv:11.0) like Gecko"
194.8.223.8 - - [15/Aug/2016:09:11:53 +0200] "GET /seiten/kontakt.php HTTP/1.1" 200 12788 "http://www.prokommunal.com/seiten/fsw.htm" "Mozilla/5.0 (Windows NT 6.1; Trident/7.0; rv:11.0) like Gecko"
194.8.223.8 - - [15/Aug/2016:09:12:05 +0200] "GET /seiten/produkte.htm HTTP/1.1" 200 9105 "http://www.prokommunal.com/seiten/kontakt.php" "Mozilla/5.0 (Windows NT 6.1; Trident/7.0; rv:11.0) like Gecko"
194.8.223.8 - - [15/Aug/2016:09:12:09 +0200] "GET /seiten/fsw.htm HTTP/1.1" 304 - "http://www.prokommunal.com/seiten/produkte.htm" "Mozilla/5.0 (Windows NT 6.1; Trident/7.0; rv:11.0) like Gecko"
194.8.223.8 - - [15/Aug/2016:09:12:21 +0200] "GET /seiten/kontakt.php HTTP/1.1" 200 12788 "http://www.prokommunal.com/seiten/fsw.htm" "Mozilla/5.0 (Windows NT 6.1; Trident/7.0; rv:11.0) like Gecko"
5.9.85.4 - - [15/Aug/2016:09:28:34 +0200] "GET /robots.txt HTTP/1.0" 404 1256 "-" "Mozilla/5.0 (compatible; MJ12bot/v1.4.5; http://www.majestic12.co.uk/bot.php?+)"
5.9.85.4 - - [15/Aug/2016:09:28:35 +0200] "GET /seiten/service.htm HTTP/1.0" 200 9955 "-" "Mozilla/5.0 (compatible; MJ12bot/v1.4.5; http://www.majestic12.co.uk/bot.php?+)"
157.55.39.170 - - [15/Aug/2016:09:44:32 +0200] "GET /robots.txt HTTP/1.1" 404 1256 "-" "Mozilla/5.0 (compatible; bingbot/2.0; +http://www.bing.com/bingbot.htm)"
157.55.39.170 - - [15/Aug/2016:09:45:28 +0200] "GET / HTTP/1.1" 200 7903 "-" "Mozilla/5.0 (compatible; bingbot/2.0; +http://www.bing.com/bingbot.htm)"
194.8.223.8 - - [15/Aug/2016:09:48:16 +0200] "GET /seiten/produkte.htm HTTP/1.1" 304 - "http://www.prokommunal.com/seiten/kontakt.php" "Mozilla/5.0 (Windows NT 6.1; Trident/7.0; rv:11.0) like Gecko"
194.8.223.8 - - [15/Aug/2016:09:51:10 +0200] "GET /seiten/kontakt.php HTTP/1.1" 200 12788 "http://www.prokommunal.com/seiten/produkte.htm" "Mozilla/5.0 (Windows NT 6.1; Trident/7.0; rv:11.0) like Gecko"
85.25.202.18 - - [15/Aug/2016:09:58:12 +0200] "GET / HTTP/1.1" 200 7903 "http://www.sumaja.de/?such_wert=software" "Mozilla/4.0 (compatible; MSIE 8.0; Windows NT 5.1; Trident/4.0; FBSMTWB; ATC/1.0; .NET CLR 1.1.4322; ATC/1.0; .NET CLR 2.0.50727; .NET CLR 3.0.4506.2152; .NET CLR 3.5.30729)"
195.138.51.10 - - [15/Aug/2016:10:06:50 +0200] "GET /seiten/fsw.htm HTTP/1.1" 200 9961 "https://www.google.de" "Mozilla/5.0 (Windows NT 6.1; rv:45.0) Gecko/20100101 Firefox/45.0"
195.138.51.10 - - [15/Aug/2016:10:06:50 +0200] "GET /scripte/basics.js HTTP/1.1" 200 198 "http://www.prokommunal.com/seiten/fsw.htm" "Mozilla/5.0 (Windows NT 6.1; rv:45.0) Gecko/20100101 Firefox/45.0"
195.138.51.10 - - [15/Aug/2016:10:06:50 +0200] "GET /favicon.ico HTTP/1.1" 200 894 "-" "Mozilla/5.0 (Windows NT 6.1; rv:45.0) Gecko/20100101 Firefox/45.0"
195.138.51.10 - - [15/Aug/2016:10:06:50 +0200] "GET /css/style.css HTTP/1.1" 200 3549 "http://www.prokommunal.com/seiten/fsw.htm" "Mozilla/5.0 (Windows NT 6.1; rv:45.0) Gecko/20100101 Firefox/45.0"
195.138.51.10 - - [15/Aug/2016:10:06:50 +0200] "GET /img/head01.jpg HTTP/1.1" 200 6350 "http://www.prokommunal.com/seiten/fsw.htm" "Mozilla/5.0 (Windows NT 6.1; rv:45.0) Gecko/20100101 Firefox/45.0"
195.138.51.10 - - [15/Aug/2016:10:06:50 +0200] "GET /img/head02.jpg HTTP/1.1" 200 4929 "http://www.prokommunal.com/seiten/fsw.htm" "Mozilla/5.0 (Windows NT 6.1; rv:45.0) Gecko/20100101 Firefox/45.0"
195.138.51.10 - - [15/Aug/2016:10:06:50 +0200] "GET /img/1px_tr.gif HTTP/1.1" 200 43 "http://www.prokommunal.com/seiten/fsw.htm" "Mozilla/5.0 (Windows NT 6.1; rv:45.0) Gecko/20100101 Firefox/45.0"
195.138.51.10 - - [15/Aug/2016:10:06:50 +0200] "GET /img/head03.jpg HTTP/1.1" 200 7610 "http://www.prokommunal.com/seiten/fsw.htm" "Mozilla/5.0 (Windows NT 6.1; rv:45.0) Gecko/20100101 Firefox/45.0"
195.138.51.10 - - [15/Aug/2016:10:06:50 +0200] "GET /img/fsw.jpg HTTP/1.1" 200 10878 "http://www.prokommunal.com/seiten/fsw.htm" "Mozilla/5.0 (Windows NT 6.1; rv:45.0) Gecko/20100101 Firefox/45.0"
195.138.51.10 - - [15/Aug/2016:10:06:50 +0200] "GET /img/top.gif HTTP/1.1" 200 96 "http://www.prokommunal.com/seiten/fsw.htm" "Mozilla/5.0 (Windows NT 6.1; rv:45.0) Gecko/20100101 Firefox/45.0"
