141.8.147.12 - - [09/Mar/2013:15:19:16 +0100] "GET / HTTP/1.1" 200 7903 "-" "Mozilla/5.0 (compatible; YandexBot/3.0; MirrorDetector; +http://yandex.com/bots)"
141.8.147.12 - - [09/Mar/2013:15:19:16 +0100] "GET / HTTP/1.1" 200 7903 "-" "Mozilla/5.0 (compatible; YandexBot/3.0; MirrorDetector; +http://yandex.com/bots)"
141.8.147.12 - - [09/Mar/2013:15:19:23 +0100] "GET / HTTP/1.1" 200 7903 "-" "Mozilla/5.0 (compatible; YandexBot/3.0; MirrorDetector; +http://yandex.com/bots)"
141.8.147.12 - - [09/Mar/2013:15:19:23 +0100] "GET / HTTP/1.1" 200 7903 "-" "Mozilla/5.0 (compatible; YandexBot/3.0; MirrorDetector; +http://yandex.com/bots)"
141.8.147.12 - - [09/Mar/2013:15:21:34 +0100] "GET / HTTP/1.1" 200 7903 "-" "Mozilla/5.0 (compatible; YandexBot/3.0; MirrorDetector; +http://yandex.com/bots)"
141.8.147.12 - - [09/Mar/2013:15:21:40 +0100] "GET / HTTP/1.1" 200 7903 "-" "Mozilla/5.0 (compatible; YandexBot/3.0; MirrorDetector; +http://yandex.com/bots)"
141.8.147.12 - - [09/Mar/2013:15:21:43 +0100] "GET / HTTP/1.1" 200 7903 "-" "Mozilla/5.0 (compatible; YandexBot/3.0; MirrorDetector; +http://yandex.com/bots)"
141.8.147.12 - - [09/Mar/2013:15:21:58 +0100] "GET / HTTP/1.1" 200 7903 "-" "Mozilla/5.0 (compatible; YandexBot/3.0; MirrorDetector; +http://yandex.com/bots)"
82.192.74.252 - - [09/Mar/2013:15:31:35 +0100] "GET / HTTP/1.1" 200 7903 "-" "Mozilla/5.0 (compatible; Dataprovider Site Explorer; http://www.dataprovider.com/)"
82.192.74.252 - - [09/Mar/2013:15:31:39 +0100] "GET /robots.txt HTTP/1.1" 404 1256 "-" "Mozilla/5.0 (compatible; Dataprovider Site Explorer; http://www.dataprovider.com/)"
82.192.74.252 - - [09/Mar/2013:15:31:39 +0100] "GET /sitemap.xml HTTP/1.1" 404 1256 "-" "Mozilla/5.0 (compatible; Dataprovider Site Explorer; http://www.dataprovider.com/)"
82.192.74.252 - - [09/Mar/2013:15:31:40 +0100] "GET / HTTP/1.1" 200 7903 "-" "Mozilla/5.0 (compatible; Dataprovider Site Explorer; http://www.dataprovider.com/)"
82.192.74.252 - - [09/Mar/2013:15:31:50 +0100] "GET /seiten/kontakt.php HTTP/1.1" 200 12788 "-" "Mozilla/5.0 (compatible; Dataprovider Site Explorer; http://www.dataprovider.com/)"
82.192.74.252 - - [09/Mar/2013:15:32:02 +0100] "GET /seiten/impr.htm HTTP/1.1" 200 8696 "-" "Mozilla/5.0 (compatible; Dataprovider Site Explorer; http://www.dataprovider.com/)"
82.192.74.252 - - [09/Mar/2013:15:32:10 +0100] "GET /seiten/produkte.htm HTTP/1.1" 200 9105 "-" "Mozilla/5.0 (compatible; Dataprovider Site Explorer; http://www.dataprovider.com/)"
157.55.33.110 - - [09/Mar/2013:15:32:16 +0100] "GET /robots.txt HTTP/1.1" 404 1256 "-" "Mozilla/5.0 (compatible; bingbot/2.0; +http://www.bing.com/bingbot.htm)"
82.192.74.252 - - [09/Mar/2013:15:32:19 +0100] "GET /seiten/referenzen.htm HTTP/1.1" 200 40249 "-" "Mozilla/5.0 (compatible; Dataprovider Site Explorer; http://www.dataprovider.com/)"
82.192.74.252 - - [09/Mar/2013:15:32:39 +0100] "GET /seiten/partner.htm HTTP/1.1" 200 9458 "-" "Mozilla/5.0 (compatible; Dataprovider Site Explorer; http://www.dataprovider.com/)"
82.192.74.252 - - [09/Mar/2013:15:32:55 +0100] "GET /seiten/service.htm HTTP/1.1" 200 9959 "-" "Mozilla/5.0 (compatible; Dataprovider Site Explorer; http://www.dataprovider.com/)"
82.192.74.252 - - [09/Mar/2013:15:33:07 +0100] "GET /seiten/databund.html HTTP/1.1" 200 9125 "-" "Mozilla/5.0 (compatible; Dataprovider Site Explorer; http://www.dataprovider.com/)"
82.192.74.252 - - [09/Mar/2013:15:33:27 +0100] "GET /seiten/fsw.htm HTTP/1.1" 200 9961 "-" "Mozilla/5.0 (compatible; Dataprovider Site Explorer; http://www.dataprovider.com/)"
82.192.74.252 - - [09/Mar/2013:15:33:48 +0100] "GET /seiten/fahrlehrerwesen.htm HTTP/1.1" 200 7168 "-" "Mozilla/5.0 (compatible; Dataprovider Site Explorer; http://www.dataprovider.com/)"
82.192.74.252 - - [09/Mar/2013:15:34:02 +0100] "GET /seiten/kontroll.htm HTTP/1.1" 200 6599 "-" "Mozilla/5.0 (compatible; Dataprovider Site Explorer; http://www.dataprovider.com/)"
157.55.33.110 - - [09/Mar/2013:15:34:05 +0100] "GET / HTTP/1.1" 200 7903 "-" "Mozilla/5.0 (compatible; bingbot/2.0; +http://www.bing.com/bingbot.htm)"
82.192.74.252 - - [09/Mar/2013:15:34:15 +0100] "GET /seiten/kraftverkehr.htm HTTP/1.1" 200 9210 "-" "Mozilla/5.0 (compatible; Dataprovider Site Explorer; http://www.dataprovider.com/)"
157.55.32.75 - - [09/Mar/2013:15:45:07 +0100] "GET /seiten/kontroll.htm HTTP/1.1" 200 6599 "-" "Mozilla/5.0 (compatible; bingbot/2.0; +http://www.bing.com/bingbot.htm)"
65.55.52.112 - - [09/Mar/2013:16:31:45 +0100] "GET /robots.txt HTTP/1.1" 404 1256 "-" "Mozilla/5.0 (compatible; bingbot/2.0; +http://www.bing.com/bingbot.htm)"
65.55.52.112 - - [09/Mar/2013:16:33:36 +0100] "GET /seiten/databund.html HTTP/1.1" 200 9125 "-" "Mozilla/5.0 (compatible; bingbot/2.0; +http://www.bing.com/bingbot.htm)"
65.55.52.112 - - [09/Mar/2013:16:33:36 +0100] "GET /seiten/impr.htm HTTP/1.1" 200 8696 "-" "Mozilla/5.0 (compatible; bingbot/2.0; +http://www.bing.com/bingbot.htm)"
157.55.33.110 - - [09/Mar/2013:16:34:41 +0100] "GET /robots.txt HTTP/1.1" 404 1256 "-" "Mozilla/5.0 (compatible; bingbot/2.0; +http://www.bing.com/bingbot.htm)"
157.55.33.110 - - [09/Mar/2013:16:36:08 +0100] "GET / HTTP/1.1" 200 7903 "-" "Mozilla/5.0 (compatible; bingbot/2.0; +http://www.bing.com/bingbot.htm)"
157.55.32.58 - - [09/Mar/2013:16:48:03 +0100] "GET /seiten/kontakt.php HTTP/1.1" 200 12788 "-" "Mozilla/5.0 (compatible; bingbot/2.0; +http://www.bing.com/bingbot.htm)"
157.55.32.186 - - [09/Mar/2013:16:57:04 +0100] "GET /seiten/produkte.htm HTTP/1.1" 200 9105 "-" "Mozilla/5.0 (compatible; bingbot/2.0; +http://www.bing.com/bingbot.htm)"
58.68.242.158 - - [09/Mar/2013:16:59:26 +0100] "GET /robots.txt HTTP/1.1" 404 1256 "-" "Mozilla/5.0 ()"
58.68.242.158 - - [09/Mar/2013:16:59:27 +0100] "HEAD /img/head02.jpg HTTP/1.1" 200 - "-" "Mozilla/5.0 (compatible; JikeSpider; +http://shoulu.jike.com/spider.html)"
58.68.242.158 - - [09/Mar/2013:16:59:28 +0100] "GET /img/head02.jpg HTTP/1.1" 200 4929 "http://image.jike.com/" "Mozilla/5.0 (compatible; JikeSpider; +http://shoulu.jike.com/spider.html)"
58.68.242.158 - - [09/Mar/2013:16:59:32 +0100] "GET /img/head01.jpg HTTP/1.1" 200 6350 "http://image.jike.com/" "Mozilla/5.0 (compatible; JikeSpider; +http://shoulu.jike.com/spider.html)"
157.55.32.100 - - [09/Mar/2013:17:16:25 +0100] "GET /robots.txt HTTP/1.1" 404 1256 "-" "Mozilla/5.0 (compatible; bingbot/2.0; +http://www.bing.com/bingbot.htm)"
157.55.32.100 - - [09/Mar/2013:17:18:09 +0100] "GET /seiten/fsw.htm HTTP/1.1" 200 9961 "-" "Mozilla/5.0 (compatible; bingbot/2.0; +http://www.bing.com/bingbot.htm)"
66.249.76.211 - - [09/Mar/2013:17:20:00 +0100] "GET /robots.txt HTTP/1.1" 404 1256 "-" "Mozilla/5.0 (compatible; Googlebot/2.1; +http://www.google.com/bot.html)"
66.249.76.211 - - [09/Mar/2013:17:20:00 +0100] "GET /seiten/produkte.htm HTTP/1.1" 304 - "-" "Mozilla/5.0 (iPhone; U; CPU iPhone OS 4_1 like Mac OS X; en-us) AppleWebKit/532.9 (KHTML, like Gecko) Version/4.0.5 Mobile/8B117 Safari/6531.22.7 (compatible; Googlebot-Mobile/2.1; +http://www.google.com/bot.html)"
78.46.71.247 - - [09/Mar/2013:17:22:53 +0100] "GET / HTTP/1.1" 200 7903 "-" "Opera/9.20 (Windows NT 5.1; U; de)"
78.46.71.247 - - [09/Mar/2013:17:22:54 +0100] "GET /robots.txt HTTP/1.1" 404 1256 "-" "libwww-perl/6.03"
78.46.71.247 - - [09/Mar/2013:17:22:54 +0100] "GET / HTTP/1.1" 200 7903 "-" "Opera/9.20 (Windows NT 5.1; U; de)"
78.46.71.247 - - [09/Mar/2013:17:22:54 +0100] "GET /seiten/impr.htm HTTP/1.1" 200 8696 "http://www.prokommunal-berlin.de/" "Opera/9.20 (Windows NT 5.1; U; de)"
78.46.71.247 - - [09/Mar/2013:17:22:54 +0100] "GET /seiten/service.htm HTTP/1.1" 200 9959 "http://www.prokommunal-berlin.de/seiten/impr.htm" "Opera/9.20 (Windows NT 5.1; U; de)"
78.46.71.247 - - [09/Mar/2013:17:22:54 +0100] "GET /seiten/produkte.htm HTTP/1.1" 200 9105 "http://www.prokommunal-berlin.de/seiten/service.htm" "Opera/9.20 (Windows NT 5.1; U; de)"
78.46.71.247 - - [09/Mar/2013:17:22:54 +0100] "GET /seiten/kraftverkehr.htm HTTP/1.1" 200 9210 "http://www.prokommunal-berlin.de/seiten/produkte.htm" "Opera/9.20 (Windows NT 5.1; U; de)"
78.46.71.247 - - [09/Mar/2013:17:22:54 +0100] "GET /seiten/referenzen.htm HTTP/1.1" 200 40249 "http://www.prokommunal-berlin.de/seiten/kraftverkehr.htm" "Opera/9.20 (Windows NT 5.1; U; de)"
78.46.71.247 - - [09/Mar/2013:17:22:54 +0100] "GET /seiten/databund.html HTTP/1.1" 200 9125 "http://www.prokommunal-berlin.de/seiten/referenzen.htm" "Opera/9.20 (Windows NT 5.1; U; de)"
78.46.71.247 - - [09/Mar/2013:17:22:54 +0100] "GET /seiten/fahrlehrerwesen.htm HTTP/1.1" 200 7168 "http://www.prokommunal-berlin.de/seiten/databund.html" "Opera/9.20 (Windows NT 5.1; U; de)"
78.46.71.247 - - [09/Mar/2013:17:22:54 +0100] "GET /seiten/partner.htm HTTP/1.1" 200 9458 "http://www.prokommunal-berlin.de/seiten/fahrlehrerwesen.htm" "Opera/9.20 (Windows NT 5.1; U; de)"
78.46.71.247 - - [09/Mar/2013:17:22:55 +0100] "GET /seiten/fsw.htm HTTP/1.1" 200 9961 "http://www.prokommunal-berlin.de/seiten/partner.htm" "Opera/9.20 (Windows NT 5.1; U; de)"
78.46.71.247 - - [09/Mar/2013:17:22:55 +0100] "GET /seiten/kontroll.htm HTTP/1.1" 200 6599 "http://www.prokommunal-berlin.de/seiten/fsw.htm" "Opera/9.20 (Windows NT 5.1; U; de)"
78.46.71.247 - - [09/Mar/2013:17:22:55 +0100] "GET /seiten/kontakt.php HTTP/1.1" 200 12788 "http://www.prokommunal-berlin.de/seiten/kontroll.htm" "Opera/9.20 (Windows NT 5.1; U; de)"
173.199.120.139 - - [09/Mar/2013:18:11:21 +0100] "GET /seiten/kontakt.php HTTP/1.1" 200 12788 "-" "Mozilla/5.0 (compatible; AhrefsBot/4.0; +http://ahrefs.com/robot/)"
66.249.76.211 - - [09/Mar/2013:18:12:39 +0100] "GET /seiten/kontroll.htm HTTP/1.1" 200 6599 "-" "DoCoMo/2.0 N905i(c100;TB;W24H16) (compatible; Googlebot-Mobile/2.1; +http://www.google.com/bot.html)"
65.55.215.57 - - [09/Mar/2013:19:14:29 +0100] "GET /robots.txt HTTP/1.1" 404 1256 "-" "msnbot-media/1.1 (+http://search.msn.com/msnbot.htm)"
65.55.215.57 - - [09/Mar/2013:19:14:29 +0100] "GET /img/fsw.jpg HTTP/1.1" 200 10878 "-" "msnbot-media/1.1 (+http://search.msn.com/msnbot.htm)"
87.151.184.192 - - [09/Mar/2013:19:44:06 +0100] "GET / HTTP/1.1" 200 7903 "-" "Mozilla/5.0 (iPad; CPU OS 6_1_2 like Mac OS X) AppleWebKit/536.26 (KHTML, like Gecko) Version/6.0 Mobile/10B146 Safari/8536.25"
87.151.184.192 - - [09/Mar/2013:19:44:06 +0100] "GET /css/style.css HTTP/1.1" 200 3549 "http://www.prokommunal.com/" "Mozilla/5.0 (iPad; CPU OS 6_1_2 like Mac OS X) AppleWebKit/536.26 (KHTML, like Gecko) Version/6.0 Mobile/10B146 Safari/8536.25"
87.151.184.192 - - [09/Mar/2013:19:44:06 +0100] "GET /scripte/basics.js HTTP/1.1" 200 198 "http://www.prokommunal.com/" "Mozilla/5.0 (iPad; CPU OS 6_1_2 like Mac OS X) AppleWebKit/536.26 (KHTML, like Gecko) Version/6.0 Mobile/10B146 Safari/8536.25"
87.151.184.192 - - [09/Mar/2013:19:44:06 +0100] "GET /img/head01.jpg HTTP/1.1" 200 6350 "http://www.prokommunal.com/" "Mozilla/5.0 (iPad; CPU OS 6_1_2 like Mac OS X) AppleWebKit/536.26 (KHTML, like Gecko) Version/6.0 Mobile/10B146 Safari/8536.25"
87.151.184.192 - - [09/Mar/2013:19:44:06 +0100] "GET /img/head02.jpg HTTP/1.1" 200 4929 "http://www.prokommunal.com/" "Mozilla/5.0 (iPad; CPU OS 6_1_2 like Mac OS X) AppleWebKit/536.26 (KHTML, like Gecko) Version/6.0 Mobile/10B146 Safari/8536.25"
87.151.184.192 - - [09/Mar/2013:19:44:06 +0100] "GET /img/head03.jpg HTTP/1.1" 200 7610 "http://www.prokommunal.com/" "Mozilla/5.0 (iPad; CPU OS 6_1_2 like Mac OS X) AppleWebKit/536.26 (KHTML, like Gecko) Version/6.0 Mobile/10B146 Safari/8536.25"
87.151.184.192 - - [09/Mar/2013:19:44:06 +0100] "GET /redesign/img/bg_gelb.jpg HTTP/1.1" 200 368 "http://www.prokommunal.com/" "Mozilla/5.0 (iPad; CPU OS 6_1_2 like Mac OS X) AppleWebKit/536.26 (KHTML, like Gecko) Version/6.0 Mobile/10B146 Safari/8536.25"
87.151.184.192 - - [09/Mar/2013:19:44:06 +0100] "GET /redesign/img/bg_foot.gif HTTP/1.1" 200 286 "http://www.prokommunal.com/" "Mozilla/5.0 (iPad; CPU OS 6_1_2 like Mac OS X) AppleWebKit/536.26 (KHTML, like Gecko) Version/6.0 Mobile/10B146 Safari/8536.25"
87.151.184.192 - - [09/Mar/2013:19:44:16 +0100] "GET /seiten/produkte.htm HTTP/1.1" 200 9105 "http://www.prokommunal.com/" "Mozilla/5.0 (iPad; CPU OS 6_1_2 like Mac OS X) AppleWebKit/536.26 (KHTML, like Gecko) Version/6.0 Mobile/10B146 Safari/8536.25"
87.151.184.192 - - [09/Mar/2013:19:44:16 +0100] "GET /img/men_01.jpg HTTP/1.1" 200 713 "http://www.prokommunal.com/seiten/produkte.htm" "Mozilla/5.0 (iPad; CPU OS 6_1_2 like Mac OS X) AppleWebKit/536.26 (KHTML, like Gecko) Version/6.0 Mobile/10B146 Safari/8536.25"
87.151.184.192 - - [09/Mar/2013:19:44:16 +0100] "GET /img/top.gif HTTP/1.1" 200 96 "http://www.prokommunal.com/seiten/produkte.htm" "Mozilla/5.0 (iPad; CPU OS 6_1_2 like Mac OS X) AppleWebKit/536.26 (KHTML, like Gecko) Version/6.0 Mobile/10B146 Safari/8536.25"
87.151.184.192 - - [09/Mar/2013:19:44:16 +0100] "GET /img/1px_tr.gif HTTP/1.1" 200 43 "http://www.prokommunal.com/seiten/produkte.htm" "Mozilla/5.0 (iPad; CPU OS 6_1_2 like Mac OS X) AppleWebKit/536.26 (KHTML, like Gecko) Version/6.0 Mobile/10B146 Safari/8536.25"
157.55.33.110 - - [09/Mar/2013:20:04:00 +0100] "GET /robots.txt HTTP/1.1" 404 1256 "-" "Mozilla/5.0 (compatible; bingbot/2.0; +http://www.bing.com/bingbot.htm)"
157.55.33.110 - - [09/Mar/2013:20:05:39 +0100] "GET / HTTP/1.1" 200 7903 "-" "Mozilla/5.0 (compatible; bingbot/2.0; +http://www.bing.com/bingbot.htm)"
208.115.113.88 - - [09/Mar/2013:20:08:17 +0100] "GET /robots.txt HTTP/1.1" 404 1256 "-" "Mozilla/5.0 (compatible; Ezooms/1.0; ezooms.bot@gmail.com)"
93.220.214.200 - - [09/Mar/2013:21:40:59 +0100] "GET / HTTP/1.1" 200 7903 "-" "Mozilla/5.0 Gecko/2009042316 Firefox/3.x"
173.199.120.139 - - [09/Mar/2013:21:55:09 +0100] "GET /seiten/service.htm HTTP/1.1" 200 9959 "-" "Mozilla/5.0 (compatible; AhrefsBot/4.0; +http://ahrefs.com/robot/)"
208.115.113.88 - - [09/Mar/2013:22:14:18 +0100] "GET /seiten/referenzen.htm HTTP/1.1" 200 40249 "-" "Mozilla/5.0 (compatible; Ezooms/1.0; ezooms.bot@gmail.com)"
173.199.120.139 - - [09/Mar/2013:23:58:52 +0100] "GET /seiten/term13.pdf HTTP/1.1" 200 146450 "-" "Mozilla/5.0 (compatible; AhrefsBot/4.0; +http://ahrefs.com/robot/)"
141.8.147.12 - - [10/Mar/2013:00:15:50 +0100] "GET /seiten/databund.html HTTP/1.1" 200 9125 "-" "Mozilla/5.0 (compatible; YandexBot/3.0; +http://yandex.com/bots)"
80.190.97.212 - - [10/Mar/2013:00:42:18 +0100] "GET / HTTP/1.1" 200 7903 "-" "Mozilla/5.0 (X11; U; FreeBSD i386; en-US; rv:1.9.1.12) Gecko/20100912 Firefox/3.5.12"
157.55.32.100 - - [10/Mar/2013:01:14:12 +0100] "GET /robots.txt HTTP/1.1" 404 1256 "-" "Mozilla/5.0 (compatible; bingbot/2.0; +http://www.bing.com/bingbot.htm)"
157.55.32.100 - - [10/Mar/2013:01:15:48 +0100] "GET /seiten/kraftverkehr.htm HTTP/1.1" 200 9210 "-" "Mozilla/5.0 (compatible; bingbot/2.0; +http://www.bing.com/bingbot.htm)"
80.190.97.212 - - [10/Mar/2013:01:25:26 +0100] "GET / HTTP/1.1" 200 7903 "-" "Mozilla/5.0 (X11; U; FreeBSD i386; en-US; rv:1.9.1.12) Gecko/20100912 Firefox/3.5.12"
66.249.76.170 - - [10/Mar/2013:01:25:53 +0100] "GET /robots.txt HTTP/1.1" 404 1256 "-" "Mozilla/5.0 (compatible; Googlebot/2.1; +http://www.google.com/bot.html)"
66.249.76.170 - - [10/Mar/2013:01:25:53 +0100] "GET /seiten/referenzen.htm HTTP/1.1" 200 40249 "-" "DoCoMo/2.0 N905i(c100;TB;W24H16) (compatible; Googlebot-Mobile/2.1; +http://www.google.com/bot.html)"
58.68.242.158 - - [10/Mar/2013:01:26:40 +0100] "GET /robots.txt HTTP/1.1" 404 1256 "-" "Mozilla/5.0 ()"
58.68.242.158 - - [10/Mar/2013:01:26:44 +0100] "HEAD /img/head03.jpg HTTP/1.1" 200 - "-" "Mozilla/5.0 (compatible; JikeSpider; +http://shoulu.jike.com/spider.html)"
58.68.242.158 - - [10/Mar/2013:01:26:45 +0100] "GET /img/head03.jpg HTTP/1.1" 200 7610 "http://image.jike.com/" "Mozilla/5.0 (compatible; JikeSpider; +http://shoulu.jike.com/spider.html)"
173.199.120.139 - - [10/Mar/2013:01:31:36 +0100] "GET /menue HTTP/1.1" 404 1256 "-" "Mozilla/5.0 (compatible; AhrefsBot/4.0; +http://ahrefs.com/robot/)"
173.199.115.43 - - [10/Mar/2013:01:56:06 +0100] "GET /seiten/produkte.htm HTTP/1.1" 200 9105 "-" "Mozilla/5.0 (compatible; AhrefsBot/4.0; +http://ahrefs.com/robot/)"
62.219.8.228 - - [10/Mar/2013:02:13:15 +0100] "GET / HTTP/1.1" 200 7903 "-" "Mozilla/5.0 (Windows NT 6.0; WOW64) AppleWebKit/534.30 (KHTML, like Gecko) Chrome/12.0.742.91 Safari/534.30"
62.219.8.228 - - [10/Mar/2013:02:13:17 +0100] "GET /seiten/impr.htm HTTP/1.1" 200 8696 "http://www.prokommunal.com/" "Mozilla/4.0 (compatible; MSIE 7.0; Windows NT 5.1)"
62.219.8.228 - - [10/Mar/2013:02:13:17 +0100] "GET /css/style.css HTTP/1.1" 200 3549 "http://www.prokommunal.com/" "Mozilla/6.0 (compatible)"
62.219.8.228 - - [10/Mar/2013:02:13:17 +0100] "GET /seiten/partner.htm HTTP/1.1" 200 9458 "http://www.prokommunal.com/" "Mozilla/5.0 (Windows NT 6.0; WOW64) AppleWebKit/534.30 (KHTML, like Gecko) Chrome/12.0.742.91 Safari/534.30"
62.219.8.228 - - [10/Mar/2013:02:13:17 +0100] "GET /seiten/produkte.htm HTTP/1.1" 200 9105 "http://www.prokommunal.com/" "Mozilla/5.0 (compatible)"
62.219.8.228 - - [10/Mar/2013:02:13:17 +0100] "GET /seiten/service.htm HTTP/1.1" 200 9959 "http://www.prokommunal.com/" "Mozilla/6.0 (compatible)"
62.219.8.228 - - [10/Mar/2013:02:13:17 +0100] "GET /seiten/databund.html HTTP/1.1" 200 9125 "http://www.prokommunal.com/" "Mozilla/5.0 (compatible)"
62.219.8.228 - - [10/Mar/2013:02:13:17 +0100] "GET /seiten/kontakt.php HTTP/1.1" 200 12788 "http://www.prokommunal.com/" "Mozilla/4.0 (compatible; MSIE 7.0; Windows NT 5.1)"
62.219.8.228 - - [10/Mar/2013:02:13:17 +0100] "GET /seiten/referenzen.htm HTTP/1.1" 200 40249 "http://www.prokommunal.com/" "Mozilla/4.0 (compatible; MSIE 7.0; Windows NT 5.1)"
62.219.8.228 - - [10/Mar/2013:02:13:20 +0100] "GET /seiten/fsw.htm HTTP/1.1" 200 9961 "http://www.prokommunal.com/seiten/produkte.htm" "Mozilla/4.0 (compatible; MSIE 7.0; Windows NT 5.1)"
62.219.8.228 - - [10/Mar/2013:02:13:20 +0100] "GET /seiten/fahrlehrerwesen.htm HTTP/1.1" 200 7168 "http://www.prokommunal.com/seiten/produkte.htm" "Mozilla/5.0 (Windows NT 6.0; WOW64) AppleWebKit/534.30 (KHTML, like Gecko) Chrome/12.0.742.91 Safari/534.30"
62.219.8.228 - - [10/Mar/2013:02:13:20 +0100] "GET /seiten/kraftverkehr.htm HTTP/1.1" 200 9210 "http://www.prokommunal.com/seiten/produkte.htm" "Mozilla/5.0 (Windows NT 6.0; WOW64) AppleWebKit/534.30 (KHTML, like Gecko) Chrome/12.0.742.91 Safari/534.30"
62.219.8.228 - - [10/Mar/2013:02:13:20 +0100] "GET /seiten/kontroll.htm HTTP/1.1" 200 6599 "http://www.prokommunal.com/seiten/produkte.htm" "Mozilla/5.0 (Windows NT 6.0; WOW64) AppleWebKit/534.30 (KHTML, like Gecko) Chrome/12.0.742.91 Safari/534.30"
62.219.8.228 - - [10/Mar/2013:02:13:20 +0100] "GET /seiten/term13.pdf HTTP/1.1" 200 146450 "http://www.prokommunal.com/seiten/service.htm" "Mozilla/5.0 (Windows NT 6.0; WOW64) AppleWebKit/534.30 (KHTML, like Gecko) Chrome/12.0.742.91 Safari/534.30"
80.190.97.212 - - [10/Mar/2013:02:13:26 +0100] "GET / HTTP/1.1" 200 7903 "-" "Mozilla/5.0 (X11; U; FreeBSD i386; en-US; rv:1.9.1.12) Gecko/20100912 Firefox/3.5.12"
123.125.71.54 - - [10/Mar/2013:02:20:33 +0100] "GET / HTTP/1.1" 200 7903 "-" "Mozilla/5.0 (compatible; Baiduspider/2.0; +http://www.baidu.com/search/spider.html)"
220.181.108.90 - - [10/Mar/2013:02:20:33 +0100] "GET / HTTP/1.1" 200 7903 "-" "Mozilla/5.0 (compatible; Baiduspider/2.0; +http://www.baidu.com/search/spider.html)"
157.55.33.110 - - [10/Mar/2013:02:31:29 +0100] "GET /robots.txt HTTP/1.1" 404 1256 "-" "Mozilla/5.0 (compatible; bingbot/2.0; +http://www.bing.com/bingbot.htm)"
173.199.115.43 - - [10/Mar/2013:02:31:40 +0100] "GET /seiten/kontroll.htm HTTP/1.1" 200 6599 "-" "Mozilla/5.0 (compatible; AhrefsBot/4.0; +http://ahrefs.com/robot/)"
157.55.33.110 - - [10/Mar/2013:02:32:45 +0100] "GET / HTTP/1.1" 200 7903 "-" "Mozilla/5.0 (compatible; bingbot/2.0; +http://www.bing.com/bingbot.htm)"
82.80.244.53 - - [10/Mar/2013:02:51:52 +0100] "GET /img/head01.jpg HTTP/1.1" 200 6350 "-" "-"
82.80.234.137 - - [10/Mar/2013:02:51:52 +0100] "GET /redesign/img/bg_gelb.jpg HTTP/1.1" 200 368 "-" "-"
82.80.244.56 - - [10/Mar/2013:02:51:52 +0100] "GET /img/head02.jpg HTTP/1.1" 200 4929 "-" "-"
82.80.244.55 - - [10/Mar/2013:02:51:52 +0100] "GET /redesign/img/bg_foot.gif HTTP/1.1" 200 286 "-" "-"
82.80.234.134 - - [10/Mar/2013:02:51:52 +0100] "GET /img/head03.jpg HTTP/1.1" 200 7610 "-" "-"
82.80.244.55 - - [10/Mar/2013:02:51:53 +0100] "GET /img/men_01.jpg HTTP/1.1" 200 713 "-" "-"
82.80.234.138 - - [10/Mar/2013:02:51:54 +0100] "GET /redesign/img/term.jpg HTTP/1.1" 200 498 "-" "-"
82.80.234.138 - - [10/Mar/2013:02:51:55 +0100] "GET /img/hsh.jpg HTTP/1.1" 200 5007 "-" "-"
82.80.244.58 - - [10/Mar/2013:02:51:55 +0100] "GET /img/hh.jpg HTTP/1.1" 200 5817 "-" "-"
82.80.244.54 - - [10/Mar/2013:02:51:55 +0100] "GET /img/top.gif HTTP/1.1" 200 96 "-" "-"
82.80.244.58 - - [10/Mar/2013:02:51:56 +0100] "GET /img/komfa1_s.jpg HTTP/1.1" 404 1256 "-" "-"
82.80.244.52 - - [10/Mar/2013:02:51:56 +0100] "GET /img/hk.jpg HTTP/1.1" 200 4852 "-" "-"
82.80.234.138 - - [10/Mar/2013:02:51:56 +0100] "GET /img/gz.jpg HTTP/1.1" 200 7757 "-" "-"
82.80.244.56 - - [10/Mar/2013:02:51:57 +0100] "GET /img/databund.jpg HTTP/1.1" 404 1256 "-" "-"
82.80.234.139 - - [10/Mar/2013:02:51:57 +0100] "GET /img/1px_tr.gif HTTP/1.1" 200 43 "-" "-"
82.80.234.135 - - [10/Mar/2013:02:51:57 +0100] "GET /img/fsw.jpg HTTP/1.1" 200 10878 "-" "-"
80.190.97.212 - - [10/Mar/2013:02:53:38 +0100] "GET / HTTP/1.1" 200 7903 "-" "Mozilla/5.0 (X11; U; FreeBSD i386; en-US; rv:1.9.1.12) Gecko/20100912 Firefox/3.5.12"
199.30.20.122 - - [10/Mar/2013:03:57:09 +0100] "GET /robots.txt HTTP/1.1" 404 1256 "-" "msnbot-media/1.1 (+http://search.msn.com/msnbot.htm)"
199.30.20.122 - - [10/Mar/2013:03:57:09 +0100] "GET /img/databund.jpg HTTP/1.1" 404 1256 "-" "msnbot-media/1.1 (+http://search.msn.com/msnbot.htm)"
208.115.113.88 - - [10/Mar/2013:03:59:33 +0100] "GET /robots.txt HTTP/1.1" 404 1256 "-" "Mozilla/5.0 (compatible; Ezooms/1.0; ezooms.bot@gmail.com)"
208.115.113.88 - - [10/Mar/2013:04:42:59 +0100] "GET /seiten/fsw.htm HTTP/1.1" 200 9961 "-" "Mozilla/5.0 (compatible; Ezooms/1.0; ezooms.bot@gmail.com)"
80.190.97.212 - - [10/Mar/2013:05:11:26 +0100] "GET / HTTP/1.1" 200 7903 "-" "Mozilla/5.0 (X11; U; FreeBSD i386; en-US; rv:1.9.1.12) Gecko/20100912 Firefox/3.5.12"
80.190.97.212 - - [10/Mar/2013:05:11:26 +0100] "GET / HTTP/1.1" 200 7903 "-" "Mozilla/5.0 (X11; U; FreeBSD i386; en-US; rv:1.9.1.12) Gecko/20100912 Firefox/3.5.12"
157.55.32.100 - - [10/Mar/2013:05:23:38 +0100] "GET /robots.txt HTTP/1.1" 404 1256 "-" "Mozilla/5.0 (compatible; bingbot/2.0; +http://www.bing.com/bingbot.htm)"
157.55.32.100 - - [10/Mar/2013:05:25:15 +0100] "GET /seiten/referenzen.htm HTTP/1.1" 200 40249 "-" "Mozilla/5.0 (compatible; bingbot/2.0; +http://www.bing.com/bingbot.htm)"
85.25.71.95 - - [10/Mar/2013:05:40:20 +0100] "GET /robots.txt HTTP/1.1" 404 1256 "-" "Mozilla/5.0 (X11; U; Linux i686; de; rv:1.9.0.1; compatible; iCjobs Stellenangebote Jobs; http://www.icjobs.de) Gecko/20100401 iCjobs/3.2.3"
85.25.71.95 - - [10/Mar/2013:05:40:20 +0100] "GET / HTTP/1.1" 200 7903 "-" "Mozilla/5.0 (X11; U; Linux i686; de; rv:1.9.0.1; compatible; iCjobs Stellenangebote Jobs; http://www.icjobs.de) Gecko/20100401 iCjobs/3.2.3"
85.25.71.95 - - [10/Mar/2013:05:40:20 +0100] "GET / HTTP/1.1" 200 7903 "-" "Mozilla/5.0 (X11; U; Linux i686; de; rv:1.9.0.1; compatible; iCjobs Stellenangebote Jobs; http://www.icjobs.de) Gecko/20100401 iCjobs/3.2.3"
85.25.71.95 - - [10/Mar/2013:05:40:21 +0100] "GET /scripte/basics.js HTTP/1.1" 200 198 "-" "Mozilla/5.0 (X11; U; Linux i686; de; rv:1.9.0.1; compatible; iCjobs Stellenangebote Jobs; http://www.icjobs.de) Gecko/20100401 iCjobs/3.2.3"
85.25.71.95 - - [10/Mar/2013:05:40:25 +0100] "GET /seiten/kontakt.php HTTP/1.1" 200 12788 "-" "Mozilla/5.0 (X11; U; Linux i686; de; rv:1.9.0.1; compatible; iCjobs Stellenangebote Jobs; http://www.icjobs.de) Gecko/20100401 iCjobs/3.2.3"
85.25.71.95 - - [10/Mar/2013:05:40:28 +0100] "GET /seiten/produkte.htm HTTP/1.1" 200 9105 "-" "Mozilla/5.0 (X11; U; Linux i686; de; rv:1.9.0.1; compatible; iCjobs Stellenangebote Jobs; http://www.icjobs.de) Gecko/20100401 iCjobs/3.2.3"
85.25.71.95 - - [10/Mar/2013:05:40:31 +0100] "GET /seiten/partner.htm HTTP/1.1" 200 9458 "-" "Mozilla/5.0 (X11; U; Linux i686; de; rv:1.9.0.1; compatible; iCjobs Stellenangebote Jobs; http://www.icjobs.de) Gecko/20100401 iCjobs/3.2.3"
85.25.71.95 - - [10/Mar/2013:05:40:38 +0100] "GET /seiten/referenzen.htm HTTP/1.1" 200 40249 "-" "Mozilla/5.0 (X11; U; Linux i686; de; rv:1.9.0.1; compatible; iCjobs Stellenangebote Jobs; http://www.icjobs.de) Gecko/20100401 iCjobs/3.2.3"
85.25.71.95 - - [10/Mar/2013:05:40:45 +0100] "GET /seiten/service.htm HTTP/1.1" 200 9959 "-" "Mozilla/5.0 (X11; U; Linux i686; de; rv:1.9.0.1; compatible; iCjobs Stellenangebote Jobs; http://www.icjobs.de) Gecko/20100401 iCjobs/3.2.3"
85.25.71.95 - - [10/Mar/2013:05:40:49 +0100] "GET /seiten/databund.html HTTP/1.1" 200 9125 "-" "Mozilla/5.0 (X11; U; Linux i686; de; rv:1.9.0.1; compatible; iCjobs Stellenangebote Jobs; http://www.icjobs.de) Gecko/20100401 iCjobs/3.2.3"
85.25.71.95 - - [10/Mar/2013:05:40:53 +0100] "GET / HTTP/1.1" 200 7903 "-" "Mozilla/5.0 (X11; U; Linux i686; de; rv:1.9.0.1; compatible; iCjobs Stellenangebote Jobs; http://www.icjobs.de) Gecko/20100401 iCjobs/3.2.3"
85.25.71.95 - - [10/Mar/2013:05:40:53 +0100] "GET /seiten/fsw.htm HTTP/1.1" 200 9961 "-" "Mozilla/5.0 (X11; U; Linux i686; de; rv:1.9.0.1; compatible; iCjobs Stellenangebote Jobs; http://www.icjobs.de) Gecko/20100401 iCjobs/3.2.3"
85.25.71.95 - - [10/Mar/2013:05:40:56 +0100] "GET /seiten/fahrlehrerwesen.htm HTTP/1.1" 200 7168 "-" "Mozilla/5.0 (X11; U; Linux i686; de; rv:1.9.0.1; compatible; iCjobs Stellenangebote Jobs; http://www.icjobs.de) Gecko/20100401 iCjobs/3.2.3"
85.25.71.95 - - [10/Mar/2013:05:40:59 +0100] "GET /seiten/kontroll.htm HTTP/1.1" 200 6599 "-" "Mozilla/5.0 (X11; U; Linux i686; de; rv:1.9.0.1; compatible; iCjobs Stellenangebote Jobs; http://www.icjobs.de) Gecko/20100401 iCjobs/3.2.3"
85.25.71.95 - - [10/Mar/2013:05:41:01 +0100] "GET /seiten/kraftverkehr.htm HTTP/1.1" 200 9210 "-" "Mozilla/5.0 (X11; U; Linux i686; de; rv:1.9.0.1; compatible; iCjobs Stellenangebote Jobs; http://www.icjobs.de) Gecko/20100401 iCjobs/3.2.3"
85.25.71.95 - - [10/Mar/2013:05:42:51 +0100] "GET /seiten/term13.pdf HTTP/1.1" 200 146450 "-" "Mozilla/5.0 (X11; U; Linux i686; de; rv:1.9.0.1; compatible; iCjobs Stellenangebote Jobs; http://www.icjobs.de) Gecko/20100401 iCjobs/3.2.3"
80.237.133.32 - - [10/Mar/2013:05:50:38 +0100] "GET /seiten/referenzen.htm HTTP/1.0" 200 40249 "-" "-"
173.199.115.43 - - [10/Mar/2013:05:55:29 +0100] "GET /seiten/intern/log_check.php HTTP/1.1" 302 - "-" "Mozilla/5.0 (compatible; AhrefsBot/4.0; +http://ahrefs.com/robot/)"
130.83.167.153 - - [10/Mar/2013:06:15:02 +0100] "GET /seiten/referenzen.htm HTTP/1.1" 200 40249 "-" "findlinks/2.6 (+http://wortschatz.uni-leipzig.de/findlinks/)"
66.249.76.211 - - [10/Mar/2013:06:17:52 +0100] "GET /robots.txt HTTP/1.1" 404 1256 "-" "Mozilla/5.0 (compatible; Googlebot/2.1; +http://www.google.com/bot.html)"
66.249.76.211 - - [10/Mar/2013:06:17:52 +0100] "GET /seiten/kraftverkehr.htm HTTP/1.1" 200 9210 "-" "DoCoMo/2.0 N905i(c100;TB;W24H16) (compatible; Googlebot-Mobile/2.1; +http://www.google.com/bot.html)"
208.115.113.84 - - [10/Mar/2013:07:16:52 +0100] "GET /robots.txt HTTP/1.1" 404 1256 "-" "Mozilla/5.0 (compatible; Ezooms/1.0; ezooms.bot@gmail.com)"
81.7.13.161 - - [10/Mar/2013:07:30:11 +0100] "GET /seiten/impr.htm HTTP/1.1" 200 8696 "-" "Mozilla/5.0 (X11; Linux i686; rv:6.0) Gecko/20100101 Firefox/6.0"
173.199.115.43 - - [10/Mar/2013:07:39:34 +0100] "GET /seiten/fahrlehrerwesen.htm HTTP/1.1" 200 7168 "-" "Mozilla/5.0 (compatible; AhrefsBot/4.0; +http://ahrefs.com/robot/)"
65.55.52.116 - - [10/Mar/2013:08:44:09 +0100] "GET /robots.txt HTTP/1.1" 404 1256 "-" "Mozilla/5.0 (compatible; bingbot/2.0; +http://www.bing.com/bingbot.htm)"
65.55.52.116 - - [10/Mar/2013:08:46:47 +0100] "GET /seiten/produkte.htm HTTP/1.1" 200 9105 "-" "Mozilla/5.0 (compatible; bingbot/2.0; +http://www.bing.com/bingbot.htm)"
208.115.113.84 - - [10/Mar/2013:09:08:15 +0100] "GET /seiten/kontakt.php HTTP/1.1" 200 12788 "-" "Mozilla/5.0 (compatible; Ezooms/1.0; ezooms.bot@gmail.com)"
66.249.76.211 - - [10/Mar/2013:10:03:11 +0100] "GET /seiten/kraftverkehr.htm HTTP/1.1" 304 - "-" "Mozilla/5.0 (compatible; Googlebot/2.1; +http://www.google.com/bot.html)"
173.199.115.43 - - [10/Mar/2013:10:08:52 +0100] "GET /seiten/fsw.htm HTTP/1.1" 200 9961 "-" "Mozilla/5.0 (compatible; AhrefsBot/4.0; +http://ahrefs.com/robot/)"
80.237.133.32 - - [10/Mar/2013:10:22:43 +0100] "GET /seiten/referenzen.htm HTTP/1.0" 200 40249 "-" "-"
178.255.215.65 - - [10/Mar/2013:10:42:49 +0100] "GET /robots.txt HTTP/1.1" 404 1256 "-" "Mozilla/5.0 (compatible; Exabot/3.0; +http://www.exabot.com/go/robot)"
178.255.215.65 - - [10/Mar/2013:10:42:49 +0100] "GET /seiten/fsw.htm HTTP/1.1" 304 - "-" "Mozilla/5.0 (compatible; Exabot/3.0; +http://www.exabot.com/go/robot)"
217.95.231.172 - - [10/Mar/2013:11:12:54 +0100] "GET / HTTP/1.1" 200 7903 "http://www.cebit.de/aussteller/prokommunal/N235918?source=akl" "Mozilla/5.0 (Windows NT 6.1; WOW64; rv:17.0) Gecko/20100101 Firefox/17.0"
217.95.231.172 - - [10/Mar/2013:11:12:54 +0100] "GET /css/style.css HTTP/1.1" 200 3549 "http://www.prokommunal.com/" "Mozilla/5.0 (Windows NT 6.1; WOW64; rv:17.0) Gecko/20100101 Firefox/17.0"
217.95.231.172 - - [10/Mar/2013:11:12:54 +0100] "GET /scripte/basics.js HTTP/1.1" 200 198 "http://www.prokommunal.com/" "Mozilla/5.0 (Windows NT 6.1; WOW64; rv:17.0) Gecko/20100101 Firefox/17.0"
217.95.231.172 - - [10/Mar/2013:11:12:54 +0100] "GET /img/head01.jpg HTTP/1.1" 200 6350 "http://www.prokommunal.com/" "Mozilla/5.0 (Windows NT 6.1; WOW64; rv:17.0) Gecko/20100101 Firefox/17.0"
217.95.231.172 - - [10/Mar/2013:11:12:54 +0100] "GET /img/head02.jpg HTTP/1.1" 200 4929 "http://www.prokommunal.com/" "Mozilla/5.0 (Windows NT 6.1; WOW64; rv:17.0) Gecko/20100101 Firefox/17.0"
217.95.231.172 - - [10/Mar/2013:11:12:54 +0100] "GET /img/head03.jpg HTTP/1.1" 200 7610 "http://www.prokommunal.com/" "Mozilla/5.0 (Windows NT 6.1; WOW64; rv:17.0) Gecko/20100101 Firefox/17.0"
217.95.231.172 - - [10/Mar/2013:11:12:54 +0100] "GET /favicon.ico HTTP/1.1" 200 894 "-" "Mozilla/5.0 (Windows NT 6.1; WOW64; rv:17.0) Gecko/20100101 Firefox/17.0"
217.95.231.172 - - [10/Mar/2013:11:12:55 +0100] "GET /redesign/img/bg_foot.gif HTTP/1.1" 200 286 "http://www.prokommunal.com/css/style.css" "Mozilla/5.0 (Windows NT 6.1; WOW64; rv:17.0) Gecko/20100101 Firefox/17.0"
217.95.231.172 - - [10/Mar/2013:11:12:55 +0100] "GET /redesign/img/bg_gelb.jpg HTTP/1.1" 200 368 "http://www.prokommunal.com/css/style.css" "Mozilla/5.0 (Windows NT 6.1; WOW64; rv:17.0) Gecko/20100101 Firefox/17.0"
5.248.250.194 - - [10/Mar/2013:11:27:01 +0100] "GET /seiten/databund.html HTTP/1.0" 200 9125 "http://alawarstore.com" "Mozilla/5.0 (Windows NT 5.1) AppleWebKit/537.11 (KHTML, like Gecko) Chrome/23.0.1271.64 Safari/537.11"
5.248.250.194 - - [10/Mar/2013:11:27:01 +0100] "GET /seiten/databund.html HTTP/1.0" 200 9125 "http://alawarstore.com" "Mozilla/5.0 (Windows NT 6.2; WOW64) AppleWebKit/537.11 (KHTML, like Gecko) Chrome/23.0.1271.64 Safari/537.11"
5.248.250.194 - - [10/Mar/2013:11:27:01 +0100] "GET /seiten/databund.html HTTP/1.0" 200 9125 "http://alawarstore.com" "Mozilla/5.0 (Windows NT 6.1; WOW64) AppleWebKit/537.4 (KHTML, like Gecko) Chrome/22.0.1229.96 Safari/537.4"
5.248.250.194 - - [10/Mar/2013:11:27:01 +0100] "GET /seiten/databund.html HTTP/1.0" 200 9125 "http://alawarstore.com" "Mozilla/5.0 (Windows NT 6.1; WOW64) AppleWebKit/537.11 (KHTML, like Gecko) Chrome/23.0.1271.91 Safari/537.11"
5.248.250.194 - - [10/Mar/2013:11:27:01 +0100] "GET /seiten/databund.html HTTP/1.0" 200 9125 "http://alawarstore.com" "Mozilla/5.0 (Windows NT 5.1) AppleWebKit/535.19 (KHTML, like Gecko) Chrome/18.0.1025.1634 Safari/535.19 YI"
199.30.20.92 - - [10/Mar/2013:12:05:59 +0100] "GET /robots.txt HTTP/1.1" 404 1256 "-" "msnbot-media/1.1 (+http://search.msn.com/msnbot.htm)"
199.30.20.92 - - [10/Mar/2013:12:05:59 +0100] "GET /img/komfa1_s.jpg HTTP/1.1" 404 1256 "-" "msnbot-media/1.1 (+http://search.msn.com/msnbot.htm)"
180.76.5.53 - - [10/Mar/2013:12:37:00 +0100] "GET /robots.txt HTTP/1.1" 404 1256 "-" "Mozilla/5.0 (Windows NT 5.1; rv:6.0.2) Gecko/20100101 Firefox/6.0.2"
157.55.33.110 - - [10/Mar/2013:13:20:05 +0100] "GET /robots.txt HTTP/1.1" 404 1256 "-" "Mozilla/5.0 (compatible; bingbot/2.0; +http://www.bing.com/bingbot.htm)"
157.55.33.110 - - [10/Mar/2013:13:22:23 +0100] "GET / HTTP/1.1" 200 7903 "-" "Mozilla/5.0 (compatible; bingbot/2.0; +http://www.bing.com/bingbot.htm)"
66.249.76.211 - - [10/Mar/2013:14:25:16 +0100] "GET /seiten/fsw.htm HTTP/1.1" 304 - "-" "Mozilla/5.0 (compatible; Googlebot/2.1; +http://www.google.com/bot.html)"
199.30.16.39 - - [10/Mar/2013:14:44:59 +0100] "GET /robots.txt HTTP/1.1" 404 1256 "-" "msnbot-media/1.1 (+http://search.msn.com/msnbot.htm)"
199.30.16.39 - - [10/Mar/2013:14:45:00 +0100] "GET /img/databund.jpg HTTP/1.1" 404 1256 "-" "msnbot-media/1.1 (+http://search.msn.com/msnbot.htm)"
66.249.76.211 - - [10/Mar/2013:14:46:59 +0100] "GET /seiten/produkte.htm HTTP/1.1" 304 - "-" "Mozilla/5.0 (compatible; Googlebot/2.1; +http://www.google.com/bot.html)"
93.210.32.132 - - [10/Mar/2013:14:55:21 +0100] "GET / HTTP/1.1" 200 7903 "http://www.databund.de/index.php?option=com_content&view=article&id=12&Itemid=111" "Mozilla/5.0 (Macintosh; Intel Mac OS X 10_8_2) AppleWebKit/536.26.17 (KHTML, like Gecko) Version/6.0.2 Safari/536.26.17"
93.210.32.132 - - [10/Mar/2013:14:55:22 +0100] "GET /css/style.css HTTP/1.1" 200 3549 "http://www.prokommunal.com/" "Mozilla/5.0 (Macintosh; Intel Mac OS X 10_8_2) AppleWebKit/536.26.17 (KHTML, like Gecko) Version/6.0.2 Safari/536.26.17"
93.210.32.132 - - [10/Mar/2013:14:55:22 +0100] "GET /scripte/basics.js HTTP/1.1" 200 198 "http://www.prokommunal.com/" "Mozilla/5.0 (Macintosh; Intel Mac OS X 10_8_2) AppleWebKit/536.26.17 (KHTML, like Gecko) Version/6.0.2 Safari/536.26.17"
93.210.32.132 - - [10/Mar/2013:14:55:22 +0100] "GET /img/head01.jpg HTTP/1.1" 200 6350 "http://www.prokommunal.com/" "Mozilla/5.0 (Macintosh; Intel Mac OS X 10_8_2) AppleWebKit/536.26.17 (KHTML, like Gecko) Version/6.0.2 Safari/536.26.17"
93.210.32.132 - - [10/Mar/2013:14:55:22 +0100] "GET /img/head02.jpg HTTP/1.1" 200 4929 "http://www.prokommunal.com/" "Mozilla/5.0 (Macintosh; Intel Mac OS X 10_8_2) AppleWebKit/536.26.17 (KHTML, like Gecko) Version/6.0.2 Safari/536.26.17"
93.210.32.132 - - [10/Mar/2013:14:55:22 +0100] "GET /img/head03.jpg HTTP/1.1" 200 7610 "http://www.prokommunal.com/" "Mozilla/5.0 (Macintosh; Intel Mac OS X 10_8_2) AppleWebKit/536.26.17 (KHTML, like Gecko) Version/6.0.2 Safari/536.26.17"
93.210.32.132 - - [10/Mar/2013:14:55:22 +0100] "GET /redesign/img/bg_gelb.jpg HTTP/1.1" 200 368 "http://www.prokommunal.com/" "Mozilla/5.0 (Macintosh; Intel Mac OS X 10_8_2) AppleWebKit/536.26.17 (KHTML, like Gecko) Version/6.0.2 Safari/536.26.17"
93.210.32.132 - - [10/Mar/2013:14:55:22 +0100] "GET /redesign/img/bg_foot.gif HTTP/1.1" 200 286 "http://www.prokommunal.com/" "Mozilla/5.0 (Macintosh; Intel Mac OS X 10_8_2) AppleWebKit/536.26.17 (KHTML, like Gecko) Version/6.0.2 Safari/536.26.17"
93.210.32.132 - - [10/Mar/2013:14:55:22 +0100] "GET /favicon.ico HTTP/1.1" 200 894 "http://www.prokommunal.com/" "Mozilla/5.0 (Macintosh; Intel Mac OS X 10_8_2) AppleWebKit/536.26.17 (KHTML, like Gecko) Version/6.0.2 Safari/536.26.17"
93.210.32.132 - - [10/Mar/2013:14:55:24 +0100] "GET /seiten/partner.htm HTTP/1.1" 200 9458 "http://www.prokommunal.com/" "Mozilla/5.0 (Macintosh; Intel Mac OS X 10_8_2) AppleWebKit/536.26.17 (KHTML, like Gecko) Version/6.0.2 Safari/536.26.17"
93.210.32.132 - - [10/Mar/2013:14:55:24 +0100] "GET /img/men_01.jpg HTTP/1.1" 200 713 "http://www.prokommunal.com/seiten/partner.htm" "Mozilla/5.0 (Macintosh; Intel Mac OS X 10_8_2) AppleWebKit/536.26.17 (KHTML, like Gecko) Version/6.0.2 Safari/536.26.17"
93.210.32.132 - - [10/Mar/2013:14:55:24 +0100] "GET /img/hsh.jpg HTTP/1.1" 200 5007 "http://www.prokommunal.com/seiten/partner.htm" "Mozilla/5.0 (Macintosh; Intel Mac OS X 10_8_2) AppleWebKit/536.26.17 (KHTML, like Gecko) Version/6.0.2 Safari/536.26.17"
93.210.32.132 - - [10/Mar/2013:14:55:24 +0100] "GET /img/hh.jpg HTTP/1.1" 200 5817 "http://www.prokommunal.com/seiten/partner.htm" "Mozilla/5.0 (Macintosh; Intel Mac OS X 10_8_2) AppleWebKit/536.26.17 (KHTML, like Gecko) Version/6.0.2 Safari/536.26.17"
93.210.32.132 - - [10/Mar/2013:14:55:24 +0100] "GET /img/gz.jpg HTTP/1.1" 200 7757 "http://www.prokommunal.com/seiten/partner.htm" "Mozilla/5.0 (Macintosh; Intel Mac OS X 10_8_2) AppleWebKit/536.26.17 (KHTML, like Gecko) Version/6.0.2 Safari/536.26.17"
93.210.32.132 - - [10/Mar/2013:14:55:24 +0100] "GET /img/hk.jpg HTTP/1.1" 200 4852 "http://www.prokommunal.com/seiten/partner.htm" "Mozilla/5.0 (Macintosh; Intel Mac OS X 10_8_2) AppleWebKit/536.26.17 (KHTML, like Gecko) Version/6.0.2 Safari/536.26.17"
93.210.32.132 - - [10/Mar/2013:14:55:24 +0100] "GET /img/databund.jpg HTTP/1.1" 404 1256 "http://www.prokommunal.com/seiten/partner.htm" "Mozilla/5.0 (Macintosh; Intel Mac OS X 10_8_2) AppleWebKit/536.26.17 (KHTML, like Gecko) Version/6.0.2 Safari/536.26.17"
93.210.32.132 - - [10/Mar/2013:14:55:24 +0100] "GET /img/komfa1_s.jpg HTTP/1.1" 404 1256 "http://www.prokommunal.com/seiten/partner.htm" "Mozilla/5.0 (Macintosh; Intel Mac OS X 10_8_2) AppleWebKit/536.26.17 (KHTML, like Gecko) Version/6.0.2 Safari/536.26.17"
93.210.32.132 - - [10/Mar/2013:14:55:24 +0100] "GET /img/top.gif HTTP/1.1" 200 96 "http://www.prokommunal.com/seiten/partner.htm" "Mozilla/5.0 (Macintosh; Intel Mac OS X 10_8_2) AppleWebKit/536.26.17 (KHTML, like Gecko) Version/6.0.2 Safari/536.26.17"
66.249.76.211 - - [10/Mar/2013:15:17:41 +0100] "GET /seiten/kraftverkehr.htm HTTP/1.1" 200 9210 "-" "SAMSUNG-SGH-E250/1.0 Profile/MIDP-2.0 Configuration/CLDC-1.1 UP.Browser/6.2.3.3.c.1.101 (GUI) MMP/2.0 (compatible; Googlebot-Mobile/2.1; +http://www.google.com/bot.html)"
208.115.113.84 - - [10/Mar/2013:15:18:34 +0100] "GET /robots.txt HTTP/1.1" 404 1256 "-" "Mozilla/5.0 (compatible; Ezooms/1.0; ezooms.bot@gmail.com)"
157.55.32.106 - - [10/Mar/2013:15:24:06 +0100] "GET /robots.txt HTTP/1.1" 404 1256 "-" "Mozilla/5.0 (compatible; bingbot/2.0; +http://www.bing.com/bingbot.htm)"
157.55.35.37 - - [10/Mar/2013:15:25:52 +0100] "GET /seiten/produkte.htm HTTP/1.1" 200 9105 "-" "Mozilla/5.0 (compatible; bingbot/2.0; +http://www.bing.com/bingbot.htm)"
157.55.32.106 - - [10/Mar/2013:15:25:53 +0100] "GET /seiten/fahrlehrerwesen.htm HTTP/1.1" 200 7168 "-" "Mozilla/5.0 (compatible; bingbot/2.0; +http://www.bing.com/bingbot.htm)"
157.55.32.149 - - [10/Mar/2013:15:28:27 +0100] "GET /seiten/service.htm HTTP/1.1" 200 9959 "-" "Mozilla/5.0 (compatible; bingbot/2.0; +http://www.bing.com/bingbot.htm)"
157.55.35.88 - - [10/Mar/2013:15:29:53 +0100] "GET / HTTP/1.1" 200 7903 "-" "Mozilla/5.0 (compatible; bingbot/2.0; +http://www.bing.com/bingbot.htm)"
157.55.35.88 - - [10/Mar/2013:15:29:53 +0100] "GET /seiten/databund.html HTTP/1.1" 200 9125 "-" "Mozilla/5.0 (compatible; bingbot/2.0; +http://www.bing.com/bingbot.htm)"
157.55.35.88 - - [10/Mar/2013:15:29:57 +0100] "GET /seiten/fsw.htm HTTP/1.1" 200 9961 "-" "Mozilla/5.0 (compatible; bingbot/2.0; +http://www.bing.com/bingbot.htm)"
87.178.223.195 - - [10/Mar/2013:15:40:01 +0100] "GET /css/style.css HTTP/1.1" 200 3549 "http://www.prokommunal.com/seiten/referenzen.htm" "Mozilla/5.0 (Windows NT 6.1) AppleWebKit/537.22 (KHTML, like Gecko) Chrome/25.0.1364.152 Safari/537.22"
87.178.223.195 - - [10/Mar/2013:15:40:01 +0100] "GET /scripte/basics.js HTTP/1.1" 200 198 "http://www.prokommunal.com/seiten/referenzen.htm" "Mozilla/5.0 (Windows NT 6.1) AppleWebKit/537.22 (KHTML, like Gecko) Chrome/25.0.1364.152 Safari/537.22"
87.178.223.195 - - [10/Mar/2013:15:40:01 +0100] "GET /seiten/referenzen.htm HTTP/1.1" 200 40249 "http://www.google.de/url?sa=f&rct=j&url=http://www.prokommunal.com/seiten/referenzen.htm&q=frau+mummenbrauer+stra%C3%9Fenverkehrsamt&ei=35o8UdySOoOJtQbk3oCYCA&usg=AFQjCNHZfPL7Y2T8mY3OFc9Ywo3VVpXHEw" "Mozilla/5.0 (Windows NT 6.1) AppleWebKit/537.22 (KHTML, like Gecko) Chrome/25.0.1364.152 Safari/537.22"
87.178.223.195 - - [10/Mar/2013:15:40:01 +0100] "GET /img/head01.jpg HTTP/1.1" 200 6350 "http://www.prokommunal.com/seiten/referenzen.htm" "Mozilla/5.0 (Windows NT 6.1) AppleWebKit/537.22 (KHTML, like Gecko) Chrome/25.0.1364.152 Safari/537.22"
87.178.223.195 - - [10/Mar/2013:15:40:01 +0100] "GET /img/head02.jpg HTTP/1.1" 200 4929 "http://www.prokommunal.com/seiten/referenzen.htm" "Mozilla/5.0 (Windows NT 6.1) AppleWebKit/537.22 (KHTML, like Gecko) Chrome/25.0.1364.152 Safari/537.22"
87.178.223.195 - - [10/Mar/2013:15:40:01 +0100] "GET /img/head03.jpg HTTP/1.1" 200 7610 "http://www.prokommunal.com/seiten/referenzen.htm" "Mozilla/5.0 (Windows NT 6.1) AppleWebKit/537.22 (KHTML, like Gecko) Chrome/25.0.1364.152 Safari/537.22"
87.178.223.195 - - [10/Mar/2013:15:40:01 +0100] "GET /redesign/img/bg_gelb.jpg HTTP/1.1" 200 368 "http://www.prokommunal.com/seiten/referenzen.htm" "Mozilla/5.0 (Windows NT 6.1) AppleWebKit/537.22 (KHTML, like Gecko) Chrome/25.0.1364.152 Safari/537.22"
87.178.223.195 - - [10/Mar/2013:15:40:01 +0100] "GET /img/men_01.jpg HTTP/1.1" 200 713 "http://www.prokommunal.com/seiten/referenzen.htm" "Mozilla/5.0 (Windows NT 6.1) AppleWebKit/537.22 (KHTML, like Gecko) Chrome/25.0.1364.152 Safari/537.22"
87.178.223.195 - - [10/Mar/2013:15:40:01 +0100] "GET /redesign/img/bg_foot.gif HTTP/1.1" 200 286 "http://www.prokommunal.com/seiten/referenzen.htm" "Mozilla/5.0 (Windows NT 6.1) AppleWebKit/537.22 (KHTML, like Gecko) Chrome/25.0.1364.152 Safari/537.22"
87.178.223.195 - - [10/Mar/2013:15:40:02 +0100] "GET /img/top.gif HTTP/1.1" 200 96 "http://www.prokommunal.com/seiten/referenzen.htm" "Mozilla/5.0 (Windows NT 6.1) AppleWebKit/537.22 (KHTML, like Gecko) Chrome/25.0.1364.152 Safari/537.22"
87.178.223.195 - - [10/Mar/2013:15:40:02 +0100] "GET /favicon.ico HTTP/1.1" 200 894 "-" "Mozilla/5.0 (Windows NT 6.1) AppleWebKit/537.22 (KHTML, like Gecko) Chrome/25.0.1364.152 Safari/537.22"
208.115.113.87 - - [10/Mar/2013:16:08:00 +0100] "GET /robots.txt HTTP/1.1" 404 1256 "-" "Mozilla/5.0 (compatible; Ezooms/1.0; ezooms.bot@gmail.com)"
66.249.76.211 - - [10/Mar/2013:17:01:10 +0100] "GET /seiten/referenzen.htm HTTP/1.1" 304 - "-" "Mozilla/5.0 (compatible; Googlebot/2.1; +http://www.google.com/bot.html)"
208.115.113.84 - - [10/Mar/2013:17:02:20 +0100] "GET /seiten/produkte.htm HTTP/1.1" 200 9105 "-" "Mozilla/5.0 (compatible; Ezooms/1.0; ezooms.bot@gmail.com)"
204.12.208.234 - - [10/Mar/2013:17:06:27 +0100] "GET /robots.txt HTTP/1.0" 404 1256 "-" "Mozilla/5.0 (compatible; MJ12bot/v1.4.3; http://www.majestic12.co.uk/bot.php?+)"
204.12.208.234 - - [10/Mar/2013:17:06:31 +0100] "GET / HTTP/1.0" 200 7903 "-" "Mozilla/5.0 (compatible; MJ12bot/v1.4.3; http://www.majestic12.co.uk/bot.php?+)"
146.52.19.17 - - [10/Mar/2013:17:18:29 +0100] "GET / HTTP/1.1" 200 7903 "http://www.google.de/url?sa=t&rct=j&q=prokommunal&source=web&cd=1&sqi=2&ved=0CDEQFjAA&url=http%3A%2F%2Fwww.prokommunal.com%2F&ei=0LE8UYzNMIT5sgbn74AI&usg=AFQjCNF5ZvO5ecR3rprSCB3llFRGksZz8A&sig2=L1Xx3mYBNVAhAoJGVzD49g" "Mozilla/5.0 (Linux; U; Android 4.0.3; de-de; GT-P5110 Build/IML74K) AppleWebKit/534.30 (KHTML, like Gecko) Version/4.0 Safari/534.30"
146.52.19.17 - - [10/Mar/2013:17:18:29 +0100] "GET /css/style.css HTTP/1.1" 200 3549 "http://www.prokommunal.com/" "Mozilla/5.0 (Linux; U; Android 4.0.3; de-de; GT-P5110 Build/IML74K) AppleWebKit/534.30 (KHTML, like Gecko) Version/4.0 Safari/534.30"
146.52.19.17 - - [10/Mar/2013:17:18:29 +0100] "GET /scripte/basics.js HTTP/1.1" 200 198 "http://www.prokommunal.com/" "Mozilla/5.0 (Linux; U; Android 4.0.3; de-de; GT-P5110 Build/IML74K) AppleWebKit/534.30 (KHTML, like Gecko) Version/4.0 Safari/534.30"
146.52.19.17 - - [10/Mar/2013:17:18:29 +0100] "GET /img/head01.jpg HTTP/1.1" 200 6350 "http://www.prokommunal.com/" "Mozilla/5.0 (Linux; U; Android 4.0.3; de-de; GT-P5110 Build/IML74K) AppleWebKit/534.30 (KHTML, like Gecko) Version/4.0 Safari/534.30"
146.52.19.17 - - [10/Mar/2013:17:18:29 +0100] "GET /img/head02.jpg HTTP/1.1" 200 4929 "http://www.prokommunal.com/" "Mozilla/5.0 (Linux; U; Android 4.0.3; de-de; GT-P5110 Build/IML74K) AppleWebKit/534.30 (KHTML, like Gecko) Version/4.0 Safari/534.30"
146.52.19.17 - - [10/Mar/2013:17:18:29 +0100] "GET /img/head03.jpg HTTP/1.1" 200 7610 "http://www.prokommunal.com/" "Mozilla/5.0 (Linux; U; Android 4.0.3; de-de; GT-P5110 Build/IML74K) AppleWebKit/534.30 (KHTML, like Gecko) Version/4.0 Safari/534.30"
146.52.19.17 - - [10/Mar/2013:17:18:29 +0100] "GET /redesign/img/bg_gelb.jpg HTTP/1.1" 200 368 "http://www.prokommunal.com/" "Mozilla/5.0 (Linux; U; Android 4.0.3; de-de; GT-P5110 Build/IML74K) AppleWebKit/534.30 (KHTML, like Gecko) Version/4.0 Safari/534.30"
146.52.19.17 - - [10/Mar/2013:17:18:29 +0100] "GET /redesign/img/bg_foot.gif HTTP/1.1" 200 286 "http://www.prokommunal.com/" "Mozilla/5.0 (Linux; U; Android 4.0.3; de-de; GT-P5110 Build/IML74K) AppleWebKit/534.30 (KHTML, like Gecko) Version/4.0 Safari/534.30"
146.52.19.17 - - [10/Mar/2013:17:18:30 +0100] "GET /favicon.ico HTTP/1.1" 200 894 "http://www.prokommunal.com/" "Mozilla/5.0 (Linux; U; Android 4.0.3; de-de; GT-P5110 Build/IML74K) AppleWebKit/534.30 (KHTML, like Gecko) Version/4.0 Safari/534.30"
146.52.19.17 - - [10/Mar/2013:17:18:39 +0100] "GET /seiten/produkte.htm HTTP/1.1" 200 9105 "http://www.prokommunal.com/" "Mozilla/5.0 (Linux; U; Android 4.0.3; de-de; GT-P5110 Build/IML74K) AppleWebKit/534.30 (KHTML, like Gecko) Version/4.0 Safari/534.30"
146.52.19.17 - - [10/Mar/2013:17:18:39 +0100] "GET /img/men_01.jpg HTTP/1.1" 200 713 "http://www.prokommunal.com/seiten/produkte.htm" "Mozilla/5.0 (Linux; U; Android 4.0.3; de-de; GT-P5110 Build/IML74K) AppleWebKit/534.30 (KHTML, like Gecko) Version/4.0 Safari/534.30"
146.52.19.17 - - [10/Mar/2013:17:18:39 +0100] "GET /img/1px_tr.gif HTTP/1.1" 200 43 "http://www.prokommunal.com/seiten/produkte.htm" "Mozilla/5.0 (Linux; U; Android 4.0.3; de-de; GT-P5110 Build/IML74K) AppleWebKit/534.30 (KHTML, like Gecko) Version/4.0 Safari/534.30"
146.52.19.17 - - [10/Mar/2013:17:18:39 +0100] "GET /img/top.gif HTTP/1.1" 200 96 "http://www.prokommunal.com/seiten/produkte.htm" "Mozilla/5.0 (Linux; U; Android 4.0.3; de-de; GT-P5110 Build/IML74K) AppleWebKit/534.30 (KHTML, like Gecko) Version/4.0 Safari/534.30"
146.52.19.17 - - [10/Mar/2013:17:18:48 +0100] "GET /seiten/referenzen.htm HTTP/1.1" 200 40249 "http://www.prokommunal.com/seiten/produkte.htm" "Mozilla/5.0 (Linux; U; Android 4.0.3; de-de; GT-P5110 Build/IML74K) AppleWebKit/534.30 (KHTML, like Gecko) Version/4.0 Safari/534.30"
146.52.19.17 - - [10/Mar/2013:17:18:55 +0100] "GET /seiten/service.htm HTTP/1.1" 200 9959 "http://www.prokommunal.com/seiten/referenzen.htm" "Mozilla/5.0 (Linux; U; Android 4.0.3; de-de; GT-P5110 Build/IML74K) AppleWebKit/534.30 (KHTML, like Gecko) Version/4.0 Safari/534.30"
146.52.19.17 - - [10/Mar/2013:17:18:56 +0100] "GET /redesign/img/term.jpg HTTP/1.1" 200 498 "http://www.prokommunal.com/seiten/service.htm" "Mozilla/5.0 (Linux; U; Android 4.0.3; de-de; GT-P5110 Build/IML74K) AppleWebKit/534.30 (KHTML, like Gecko) Version/4.0 Safari/534.30"
146.52.19.17 - - [10/Mar/2013:17:28:52 +0100] "GET /seiten/databund.html HTTP/1.1" 200 9125 "http://www.google.de/url?sa=t&rct=j&q=prokommunal&source=web&cd=66&ved=0CEUQFjAFODw&url=http%3A%2F%2Fwww.prokommunal.com%2Fseiten%2Fdatabund.html&ei=TrQ8Ud-WDs7Dswb-r4DIBA&usg=AFQjCNEWZO1Xsa_TZ8ipewV7YcY4n_l9Pg&sig2=QGNyHFOCLTazX-WMprNM_w" "Mozilla/5.0 (Linux; U; Android 4.0.3; de-de; GT-P5110 Build/IML74K) AppleWebKit/534.30 (KHTML, like Gecko) Version/4.0 Safari/534.30"
146.52.19.17 - - [10/Mar/2013:17:28:53 +0100] "GET /css/style.css HTTP/1.1" 200 3549 "http://www.prokommunal.com/seiten/databund.html" "Mozilla/5.0 (Linux; U; Android 4.0.3; de-de; GT-P5110 Build/IML74K) AppleWebKit/534.30 (KHTML, like Gecko) Version/4.0 Safari/534.30"
146.52.19.17 - - [10/Mar/2013:17:28:53 +0100] "GET /scripte/basics.js HTTP/1.1" 200 198 "http://www.prokommunal.com/seiten/databund.html" "Mozilla/5.0 (Linux; U; Android 4.0.3; de-de; GT-P5110 Build/IML74K) AppleWebKit/534.30 (KHTML, like Gecko) Version/4.0 Safari/534.30"
146.52.19.17 - - [10/Mar/2013:17:28:53 +0100] "GET /img/head01.jpg HTTP/1.1" 200 6350 "http://www.prokommunal.com/seiten/databund.html" "Mozilla/5.0 (Linux; U; Android 4.0.3; de-de; GT-P5110 Build/IML74K) AppleWebKit/534.30 (KHTML, like Gecko) Version/4.0 Safari/534.30"
146.52.19.17 - - [10/Mar/2013:17:28:53 +0100] "GET /img/head02.jpg HTTP/1.1" 200 4929 "http://www.prokommunal.com/seiten/databund.html" "Mozilla/5.0 (Linux; U; Android 4.0.3; de-de; GT-P5110 Build/IML74K) AppleWebKit/534.30 (KHTML, like Gecko) Version/4.0 Safari/534.30"
146.52.19.17 - - [10/Mar/2013:17:28:53 +0100] "GET /img/head03.jpg HTTP/1.1" 200 7610 "http://www.prokommunal.com/seiten/databund.html" "Mozilla/5.0 (Linux; U; Android 4.0.3; de-de; GT-P5110 Build/IML74K) AppleWebKit/534.30 (KHTML, like Gecko) Version/4.0 Safari/534.30"
146.52.19.17 - - [10/Mar/2013:17:28:53 +0100] "GET /img/men_01.jpg HTTP/1.1" 200 713 "http://www.prokommunal.com/seiten/databund.html" "Mozilla/5.0 (Linux; U; Android 4.0.3; de-de; GT-P5110 Build/IML74K) AppleWebKit/534.30 (KHTML, like Gecko) Version/4.0 Safari/534.30"
146.52.19.17 - - [10/Mar/2013:17:28:53 +0100] "GET /redesign/img/bg_gelb.jpg HTTP/1.1" 200 368 "http://www.prokommunal.com/seiten/databund.html" "Mozilla/5.0 (Linux; U; Android 4.0.3; de-de; GT-P5110 Build/IML74K) AppleWebKit/534.30 (KHTML, like Gecko) Version/4.0 Safari/534.30"
146.52.19.17 - - [10/Mar/2013:17:28:53 +0100] "GET /redesign/img/bg_foot.gif HTTP/1.1" 200 286 "http://www.prokommunal.com/seiten/databund.html" "Mozilla/5.0 (Linux; U; Android 4.0.3; de-de; GT-P5110 Build/IML74K) AppleWebKit/534.30 (KHTML, like Gecko) Version/4.0 Safari/534.30"
