80.150.42.198 - - [08/Mar/2013:12:02:46 +0100] "GET /scripte/basics.js HTTP/1.1" 200 198 "http://www.prokommunal.com/seiten/databund.html" "Mozilla/5.0 (iPad; CPU OS 6_1_2 like Mac OS X) AppleWebKit/536.26 (KHTML, like Gecko) Version/6.0 Mobile/10B146 Safari/8536.25"
80.150.42.198 - - [08/Mar/2013:12:02:46 +0100] "GET /img/head01.jpg HTTP/1.1" 200 6350 "http://www.prokommunal.com/seiten/databund.html" "Mozilla/5.0 (iPad; CPU OS 6_1_2 like Mac OS X) AppleWebKit/536.26 (KHTML, like Gecko) Version/6.0 Mobile/10B146 Safari/8536.25"
80.150.42.198 - - [08/Mar/2013:12:02:46 +0100] "GET /img/head02.jpg HTTP/1.1" 200 4929 "http://www.prokommunal.com/seiten/databund.html" "Mozilla/5.0 (iPad; CPU OS 6_1_2 like Mac OS X) AppleWebKit/536.26 (KHTML, like Gecko) Version/6.0 Mobile/10B146 Safari/8536.25"
80.150.42.198 - - [08/Mar/2013:12:02:46 +0100] "GET /redesign/img/bg_foot.gif HTTP/1.1" 200 286 "http://www.prokommunal.com/seiten/databund.html" "Mozilla/5.0 (iPad; CPU OS 6_1_2 like Mac OS X) AppleWebKit/536.26 (KHTML, like Gecko) Version/6.0 Mobile/10B146 Safari/8536.25"
80.150.42.198 - - [08/Mar/2013:12:02:46 +0100] "GET /img/head03.jpg HTTP/1.1" 200 7610 "http://www.prokommunal.com/seiten/databund.html" "Mozilla/5.0 (iPad; CPU OS 6_1_2 like Mac OS X) AppleWebKit/536.26 (KHTML, like Gecko) Version/6.0 Mobile/10B146 Safari/8536.25"
80.150.42.198 - - [08/Mar/2013:12:02:46 +0100] "GET /redesign/img/bg_gelb.jpg HTTP/1.1" 200 368 "http://www.prokommunal.com/seiten/databund.html" "Mozilla/5.0 (iPad; CPU OS 6_1_2 like Mac OS X) AppleWebKit/536.26 (KHTML, like Gecko) Version/6.0 Mobile/10B146 Safari/8536.25"
80.150.42.198 - - [08/Mar/2013:12:02:46 +0100] "GET /img/men_01.jpg HTTP/1.1" 200 713 "http://www.prokommunal.com/seiten/databund.html" "Mozilla/5.0 (iPad; CPU OS 6_1_2 like Mac OS X) AppleWebKit/536.26 (KHTML, like Gecko) Version/6.0 Mobile/10B146 Safari/8536.25"
173.199.116.75 - - [08/Mar/2013:12:08:38 +0100] "GET /robots.txt HTTP/1.1" 404 1256 "-" "Mozilla/5.0 (compatible; AhrefsBot/4.0; +http://ahrefs.com/robot/)"
91.23.151.153 - - [08/Mar/2013:12:19:57 +0100] "GET / HTTP/1.1" 200 7903 "-" "Mozilla/4.0 (compatible; MSIE 8.0; Windows NT 5.1; Trident/4.0; .NET CLR 2.0.50727; .NET4.0C; .NET CLR 3.0.4506.2152; .NET CLR 3.5.30729; InfoPath.2; OfficeLiveConnector.1.5; OfficeLivePatch.1.3)"
91.23.151.153 - - [08/Mar/2013:12:19:57 +0100] "GET /scripte/basics.js HTTP/1.1" 200 198 "http://www.prokommunal.com/" "Mozilla/4.0 (compatible; MSIE 8.0; Windows NT 5.1; Trident/4.0; .NET CLR 2.0.50727; .NET4.0C; .NET CLR 3.0.4506.2152; .NET CLR 3.5.30729; InfoPath.2; OfficeLiveConnector.1.5; OfficeLivePatch.1.3)"
91.23.151.153 - - [08/Mar/2013:12:19:57 +0100] "GET /css/style.css HTTP/1.1" 200 3549 "http://www.prokommunal.com/" "Mozilla/4.0 (compatible; MSIE 8.0; Windows NT 5.1; Trident/4.0; .NET CLR 2.0.50727; .NET4.0C; .NET CLR 3.0.4506.2152; .NET CLR 3.5.30729; InfoPath.2; OfficeLiveConnector.1.5; OfficeLivePatch.1.3)"
91.23.151.153 - - [08/Mar/2013:12:19:57 +0100] "GET /img/head03.jpg HTTP/1.1" 200 7610 "http://www.prokommunal.com/" "Mozilla/4.0 (compatible; MSIE 8.0; Windows NT 5.1; Trident/4.0; .NET CLR 2.0.50727; .NET4.0C; .NET CLR 3.0.4506.2152; .NET CLR 3.5.30729; InfoPath.2; OfficeLiveConnector.1.5; OfficeLivePatch.1.3)"
91.23.151.153 - - [08/Mar/2013:12:19:57 +0100] "GET /img/head01.jpg HTTP/1.1" 200 6350 "http://www.prokommunal.com/" "Mozilla/4.0 (compatible; MSIE 8.0; Windows NT 5.1; Trident/4.0; .NET CLR 2.0.50727; .NET4.0C; .NET CLR 3.0.4506.2152; .NET CLR 3.5.30729; InfoPath.2; OfficeLiveConnector.1.5; OfficeLivePatch.1.3)"
91.23.151.153 - - [08/Mar/2013:12:19:57 +0100] "GET /img/head02.jpg HTTP/1.1" 200 4929 "http://www.prokommunal.com/" "Mozilla/4.0 (compatible; MSIE 8.0; Windows NT 5.1; Trident/4.0; .NET CLR 2.0.50727; .NET4.0C; .NET CLR 3.0.4506.2152; .NET CLR 3.5.30729; InfoPath.2; OfficeLiveConnector.1.5; OfficeLivePatch.1.3)"
91.23.151.153 - - [08/Mar/2013:12:19:57 +0100] "GET /redesign/img/bg_foot.gif HTTP/1.1" 200 286 "http://www.prokommunal.com/" "Mozilla/4.0 (compatible; MSIE 8.0; Windows NT 5.1; Trident/4.0; .NET CLR 2.0.50727; .NET4.0C; .NET CLR 3.0.4506.2152; .NET CLR 3.5.30729; InfoPath.2; OfficeLiveConnector.1.5; OfficeLivePatch.1.3)"
91.23.151.153 - - [08/Mar/2013:12:19:57 +0100] "GET /redesign/img/bg_gelb.jpg HTTP/1.1" 200 368 "http://www.prokommunal.com/" "Mozilla/4.0 (compatible; MSIE 8.0; Windows NT 5.1; Trident/4.0; .NET CLR 2.0.50727; .NET4.0C; .NET CLR 3.0.4506.2152; .NET CLR 3.5.30729; InfoPath.2; OfficeLiveConnector.1.5; OfficeLivePatch.1.3)"
91.23.151.153 - - [08/Mar/2013:12:19:57 +0100] "GET /favicon.ico HTTP/1.1" 200 894 "-" "Mozilla/4.0 (compatible; MSIE 8.0; Windows NT 5.1; Trident/4.0; .NET CLR 2.0.50727; .NET4.0C; .NET CLR 3.0.4506.2152; .NET CLR 3.5.30729; InfoPath.2; OfficeLiveConnector.1.5; OfficeLivePatch.1.3)"
141.91.129.4 - - [08/Mar/2013:12:22:31 +0100] "GET /seiten/impr.htm HTTP/1.0" 200 8696 "http://www.google.de/url?sa=t&rct=j&q=&esrc=s&source=web&cd=7&sqi=2&ved=0CFEQFjAG&url=http%3A%2F%2Fwww.prokommunal.com%2Fseiten%2Fimpr.htm&ei=ssg5UZG0HIbOtAb60oAY&usg=AFQjCNEVydv-cIfAVN2RfUwzsT5q2zJmAA&bvm=bv.43287494,d.Yms" "Mozilla/5.0 (X11; Linux i686 on x86_64; rv:18.0) Gecko/20100101 Firefox/18.0 (f21fran)"
141.91.129.4 - - [08/Mar/2013:12:22:31 +0100] "GET /scripte/basics.js HTTP/1.0" 200 198 "http://www.prokommunal.com/seiten/impr.htm" "Mozilla/5.0 (X11; Linux i686 on x86_64; rv:18.0) Gecko/20100101 Firefox/18.0 (f21fran)"
141.91.129.4 - - [08/Mar/2013:12:22:31 +0100] "GET /img/head01.jpg HTTP/1.0" 200 6350 "http://www.prokommunal.com/seiten/impr.htm" "Mozilla/5.0 (X11; Linux i686 on x86_64; rv:18.0) Gecko/20100101 Firefox/18.0 (f21fran)"
141.91.129.4 - - [08/Mar/2013:12:22:31 +0100] "GET /img/head02.jpg HTTP/1.0" 200 4929 "http://www.prokommunal.com/seiten/impr.htm" "Mozilla/5.0 (X11; Linux i686 on x86_64; rv:18.0) Gecko/20100101 Firefox/18.0 (f21fran)"
141.91.129.4 - - [08/Mar/2013:12:22:31 +0100] "GET /img/head03.jpg HTTP/1.0" 200 7610 "http://www.prokommunal.com/seiten/impr.htm" "Mozilla/5.0 (X11; Linux i686 on x86_64; rv:18.0) Gecko/20100101 Firefox/18.0 (f21fran)"
141.91.129.4 - - [08/Mar/2013:12:22:31 +0100] "GET /css/style.css HTTP/1.0" 200 3549 "http://www.prokommunal.com/seiten/impr.htm" "Mozilla/5.0 (X11; Linux i686 on x86_64; rv:18.0) Gecko/20100101 Firefox/18.0 (f21fran)"
141.91.129.4 - - [08/Mar/2013:12:22:31 +0100] "GET /favicon.ico HTTP/1.0" 200 894 "-" "Mozilla/5.0 (X11; Linux i686 on x86_64; rv:18.0) Gecko/20100101 Firefox/18.0 (f21fran)"
141.91.129.4 - - [08/Mar/2013:12:22:31 +0100] "GET /img/top.gif HTTP/1.0" 200 96 "http://www.prokommunal.com/seiten/impr.htm" "Mozilla/5.0 (X11; Linux i686 on x86_64; rv:18.0) Gecko/20100101 Firefox/18.0 (f21fran)"
141.91.129.4 - - [08/Mar/2013:12:22:31 +0100] "GET /redesign/img/bg_foot.gif HTTP/1.0" 200 286 "http://www.prokommunal.com/css/style.css" "Mozilla/5.0 (X11; Linux i686 on x86_64; rv:18.0) Gecko/20100101 Firefox/18.0 (f21fran)"
141.91.129.4 - - [08/Mar/2013:12:22:31 +0100] "GET /redesign/img/bg_gelb.jpg HTTP/1.0" 200 368 "http://www.prokommunal.com/css/style.css" "Mozilla/5.0 (X11; Linux i686 on x86_64; rv:18.0) Gecko/20100101 Firefox/18.0 (f21fran)"
141.91.129.4 - - [08/Mar/2013:12:22:31 +0100] "GET /img/men_01.jpg HTTP/1.0" 200 713 "http://www.prokommunal.com/seiten/impr.htm" "Mozilla/5.0 (X11; Linux i686 on x86_64; rv:18.0) Gecko/20100101 Firefox/18.0 (f21fran)"
208.115.113.84 - - [08/Mar/2013:13:09:29 +0100] "GET /seiten/partner.htm HTTP/1.1" 200 9458 "-" "Mozilla/5.0 (compatible; Ezooms/1.0; ezooms.bot@gmail.com)"
195.37.205.30 - - [08/Mar/2013:13:53:33 +0100] "GET / HTTP/1.1" 200 7903 "-" "Mozilla/5.0 (X11; U; Linux i686; de-DE; rv:99.0) Gecko/201212231 Firefox/25.0.0"
37.201.169.36 - - [08/Mar/2013:14:06:47 +0100] "GET / HTTP/1.1" 200 7903 "http://www.herrmann-kleindienst.de/produkte/fuehrerscheinwesen/index.php" "Mozilla/5.0 (Windows NT 5.1; rv:19.0) Gecko/20100101 Firefox/19.0"
37.201.169.36 - - [08/Mar/2013:14:06:47 +0100] "GET /css/style.css HTTP/1.1" 200 3549 "http://www.prokommunal-berlin.de/" "Mozilla/5.0 (Windows NT 5.1; rv:19.0) Gecko/20100101 Firefox/19.0"
37.201.169.36 - - [08/Mar/2013:14:06:47 +0100] "GET /scripte/basics.js HTTP/1.1" 200 198 "http://www.prokommunal-berlin.de/" "Mozilla/5.0 (Windows NT 5.1; rv:19.0) Gecko/20100101 Firefox/19.0"
37.201.169.36 - - [08/Mar/2013:14:06:47 +0100] "GET /img/head02.jpg HTTP/1.1" 200 4929 "http://www.prokommunal-berlin.de/" "Mozilla/5.0 (Windows NT 5.1; rv:19.0) Gecko/20100101 Firefox/19.0"
37.201.169.36 - - [08/Mar/2013:14:06:47 +0100] "GET /img/head01.jpg HTTP/1.1" 200 6350 "http://www.prokommunal-berlin.de/" "Mozilla/5.0 (Windows NT 5.1; rv:19.0) Gecko/20100101 Firefox/19.0"
37.201.169.36 - - [08/Mar/2013:14:06:47 +0100] "GET /img/head03.jpg HTTP/1.1" 200 7610 "http://www.prokommunal-berlin.de/" "Mozilla/5.0 (Windows NT 5.1; rv:19.0) Gecko/20100101 Firefox/19.0"
37.201.169.36 - - [08/Mar/2013:14:06:47 +0100] "GET /favicon.ico HTTP/1.1" 200 894 "-" "Mozilla/5.0 (Windows NT 5.1; rv:19.0) Gecko/20100101 Firefox/19.0"
37.201.169.36 - - [08/Mar/2013:14:06:47 +0100] "GET /redesign/img/bg_foot.gif HTTP/1.1" 200 286 "http://www.prokommunal-berlin.de/css/style.css" "Mozilla/5.0 (Windows NT 5.1; rv:19.0) Gecko/20100101 Firefox/19.0"
37.201.169.36 - - [08/Mar/2013:14:06:47 +0100] "GET /redesign/img/bg_gelb.jpg HTTP/1.1" 200 368 "http://www.prokommunal-berlin.de/css/style.css" "Mozilla/5.0 (Windows NT 5.1; rv:19.0) Gecko/20100101 Firefox/19.0"
37.201.169.36 - - [08/Mar/2013:14:06:50 +0100] "GET /seiten/produkte.htm HTTP/1.1" 200 9105 "http://www.prokommunal-berlin.de/" "Mozilla/5.0 (Windows NT 5.1; rv:19.0) Gecko/20100101 Firefox/19.0"
37.201.169.36 - - [08/Mar/2013:14:06:50 +0100] "GET /img/1px_tr.gif HTTP/1.1" 200 43 "http://www.prokommunal-berlin.de/seiten/produkte.htm" "Mozilla/5.0 (Windows NT 5.1; rv:19.0) Gecko/20100101 Firefox/19.0"
37.201.169.36 - - [08/Mar/2013:14:06:50 +0100] "GET /img/men_01.jpg HTTP/1.1" 200 713 "http://www.prokommunal-berlin.de/seiten/produkte.htm" "Mozilla/5.0 (Windows NT 5.1; rv:19.0) Gecko/20100101 Firefox/19.0"
37.201.169.36 - - [08/Mar/2013:14:06:50 +0100] "GET /img/top.gif HTTP/1.1" 200 96 "http://www.prokommunal-berlin.de/seiten/produkte.htm" "Mozilla/5.0 (Windows NT 5.1; rv:19.0) Gecko/20100101 Firefox/19.0"
37.201.169.36 - - [08/Mar/2013:14:06:55 +0100] "GET /seiten/fsw.htm HTTP/1.1" 200 9961 "http://www.prokommunal-berlin.de/seiten/produkte.htm" "Mozilla/5.0 (Windows NT 5.1; rv:19.0) Gecko/20100101 Firefox/19.0"
37.201.169.36 - - [08/Mar/2013:14:06:55 +0100] "GET /img/fsw.jpg HTTP/1.1" 200 10878 "http://www.prokommunal-berlin.de/seiten/fsw.htm" "Mozilla/5.0 (Windows NT 5.1; rv:19.0) Gecko/20100101 Firefox/19.0"
37.201.169.36 - - [08/Mar/2013:14:06:58 +0100] "GET /seiten/partner.htm HTTP/1.1" 200 9458 "http://www.prokommunal-berlin.de/seiten/fsw.htm" "Mozilla/5.0 (Windows NT 5.1; rv:19.0) Gecko/20100101 Firefox/19.0"
37.201.169.36 - - [08/Mar/2013:14:06:58 +0100] "GET /img/komfa1_s.jpg HTTP/1.1" 404 1256 "http://www.prokommunal-berlin.de/seiten/partner.htm" "Mozilla/5.0 (Windows NT 5.1; rv:19.0) Gecko/20100101 Firefox/19.0"
37.201.169.36 - - [08/Mar/2013:14:06:58 +0100] "GET /img/hk.jpg HTTP/1.1" 200 4852 "http://www.prokommunal-berlin.de/seiten/partner.htm" "Mozilla/5.0 (Windows NT 5.1; rv:19.0) Gecko/20100101 Firefox/19.0"
37.201.169.36 - - [08/Mar/2013:14:06:58 +0100] "GET /img/hh.jpg HTTP/1.1" 200 5817 "http://www.prokommunal-berlin.de/seiten/partner.htm" "Mozilla/5.0 (Windows NT 5.1; rv:19.0) Gecko/20100101 Firefox/19.0"
37.201.169.36 - - [08/Mar/2013:14:06:58 +0100] "GET /img/gz.jpg HTTP/1.1" 200 7757 "http://www.prokommunal-berlin.de/seiten/partner.htm" "Mozilla/5.0 (Windows NT 5.1; rv:19.0) Gecko/20100101 Firefox/19.0"
37.201.169.36 - - [08/Mar/2013:14:06:58 +0100] "GET /img/hsh.jpg HTTP/1.1" 200 5007 "http://www.prokommunal-berlin.de/seiten/partner.htm" "Mozilla/5.0 (Windows NT 5.1; rv:19.0) Gecko/20100101 Firefox/19.0"
37.201.169.36 - - [08/Mar/2013:14:06:58 +0100] "GET /img/databund.jpg HTTP/1.1" 404 1256 "http://www.prokommunal-berlin.de/seiten/partner.htm" "Mozilla/5.0 (Windows NT 5.1; rv:19.0) Gecko/20100101 Firefox/19.0"
37.201.169.36 - - [08/Mar/2013:14:07:06 +0100] "GET /seiten/referenzen.htm HTTP/1.1" 200 40249 "http://www.prokommunal-berlin.de/seiten/partner.htm" "Mozilla/5.0 (Windows NT 5.1; rv:19.0) Gecko/20100101 Firefox/19.0"
37.201.169.36 - - [08/Mar/2013:14:07:20 +0100] "GET /seiten/service.htm HTTP/1.1" 200 9959 "http://www.prokommunal-berlin.de/seiten/referenzen.htm" "Mozilla/5.0 (Windows NT 5.1; rv:19.0) Gecko/20100101 Firefox/19.0"
37.201.169.36 - - [08/Mar/2013:14:07:20 +0100] "GET /redesign/img/term.jpg HTTP/1.1" 200 498 "http://www.prokommunal-berlin.de/css/style.css" "Mozilla/5.0 (Windows NT 5.1; rv:19.0) Gecko/20100101 Firefox/19.0"
37.201.169.36 - - [08/Mar/2013:14:07:42 +0100] "GET /seiten/kontakt.php HTTP/1.1" 200 12788 "http://www.prokommunal-berlin.de/seiten/service.htm" "Mozilla/5.0 (Windows NT 5.1; rv:19.0) Gecko/20100101 Firefox/19.0"
37.201.169.36 - - [08/Mar/2013:14:07:51 +0100] "GET /seiten/impr.htm HTTP/1.1" 200 8696 "http://www.prokommunal-berlin.de/seiten/service.htm" "Mozilla/5.0 (Windows NT 5.1; rv:19.0) Gecko/20100101 Firefox/19.0"
157.55.33.110 - - [08/Mar/2013:14:45:46 +0100] "GET /robots.txt HTTP/1.1" 404 1256 "-" "Mozilla/5.0 (compatible; bingbot/2.0; +http://www.bing.com/bingbot.htm)"
157.55.33.110 - - [08/Mar/2013:14:47:16 +0100] "GET / HTTP/1.1" 200 7903 "-" "Mozilla/5.0 (compatible; bingbot/2.0; +http://www.bing.com/bingbot.htm)"
195.37.205.30 - - [08/Mar/2013:14:54:45 +0100] "GET / HTTP/1.1" 200 7903 "-" "Mozilla/5.0 (X11; U; Linux i686; de-DE; rv:99.0) Gecko/201212231 Firefox/25.0.0"
195.37.205.30 - - [08/Mar/2013:14:54:45 +0100] "GET /css/style.css HTTP/1.1" 200 3549 "http://www.prokommunal.com/" "Mozilla/5.0 (X11; U; Linux i686; de-DE; rv:99.0) Gecko/201212231 Firefox/25.0.0"
195.37.205.30 - - [08/Mar/2013:14:54:45 +0100] "GET /img/head02.jpg HTTP/1.1" 200 4929 "http://www.prokommunal.com/" "Mozilla/5.0 (X11; U; Linux i686; de-DE; rv:99.0) Gecko/201212231 Firefox/25.0.0"
195.37.205.30 - - [08/Mar/2013:14:54:45 +0100] "GET /scripte/basics.js HTTP/1.1" 200 198 "http://www.prokommunal.com/" "Mozilla/5.0 (X11; U; Linux i686; de-DE; rv:99.0) Gecko/201212231 Firefox/25.0.0"
195.37.205.30 - - [08/Mar/2013:14:54:45 +0100] "GET /img/head01.jpg HTTP/1.1" 200 6350 "http://www.prokommunal.com/" "Mozilla/5.0 (X11; U; Linux i686; de-DE; rv:99.0) Gecko/201212231 Firefox/25.0.0"
195.37.205.30 - - [08/Mar/2013:14:54:45 +0100] "GET /img/head03.jpg HTTP/1.1" 200 7610 "http://www.prokommunal.com/" "Mozilla/5.0 (X11; U; Linux i686; de-DE; rv:99.0) Gecko/201212231 Firefox/25.0.0"
195.37.205.30 - - [08/Mar/2013:14:54:45 +0100] "GET /favicon.ico HTTP/1.1" 200 894 "-" "Mozilla/5.0 (X11; U; Linux i686; de-DE; rv:99.0) Gecko/201212231 Firefox/25.0.0"
195.37.205.30 - - [08/Mar/2013:14:54:45 +0100] "GET /redesign/img/bg_foot.gif HTTP/1.1" 200 286 "http://www.prokommunal.com/css/style.css" "Mozilla/5.0 (X11; U; Linux i686; de-DE; rv:99.0) Gecko/201212231 Firefox/25.0.0"
195.37.205.30 - - [08/Mar/2013:14:54:45 +0100] "GET /redesign/img/bg_gelb.jpg HTTP/1.1" 200 368 "http://www.prokommunal.com/css/style.css" "Mozilla/5.0 (X11; U; Linux i686; de-DE; rv:99.0) Gecko/201212231 Firefox/25.0.0"
195.37.205.30 - - [08/Mar/2013:14:55:06 +0100] "GET /seiten/produkte.htm HTTP/1.1" 200 9105 "http://www.prokommunal.com/" "Mozilla/5.0 (X11; U; Linux i686; de-DE; rv:99.0) Gecko/201212231 Firefox/25.0.0"
195.37.205.30 - - [08/Mar/2013:14:55:06 +0100] "GET /img/1px_tr.gif HTTP/1.1" 200 43 "http://www.prokommunal.com/seiten/produkte.htm" "Mozilla/5.0 (X11; U; Linux i686; de-DE; rv:99.0) Gecko/201212231 Firefox/25.0.0"
195.37.205.30 - - [08/Mar/2013:14:55:06 +0100] "GET /img/top.gif HTTP/1.1" 200 96 "http://www.prokommunal.com/seiten/produkte.htm" "Mozilla/5.0 (X11; U; Linux i686; de-DE; rv:99.0) Gecko/201212231 Firefox/25.0.0"
195.37.205.30 - - [08/Mar/2013:14:55:06 +0100] "GET /img/men_01.jpg HTTP/1.1" 200 713 "http://www.prokommunal.com/seiten/produkte.htm" "Mozilla/5.0 (X11; U; Linux i686; de-DE; rv:99.0) Gecko/201212231 Firefox/25.0.0"
195.37.205.30 - - [08/Mar/2013:14:55:14 +0100] "GET /seiten/kontroll.htm HTTP/1.1" 200 6599 "http://www.prokommunal.com/seiten/produkte.htm" "Mozilla/5.0 (X11; U; Linux i686; de-DE; rv:99.0) Gecko/201212231 Firefox/25.0.0"
195.37.205.30 - - [08/Mar/2013:14:55:28 +0100] "GET /seiten/kraftverkehr.htm HTTP/1.1" 200 9210 "http://www.prokommunal.com/seiten/produkte.htm" "Mozilla/5.0 (X11; U; Linux i686; de-DE; rv:99.0) Gecko/201212231 Firefox/25.0.0"
195.37.205.30 - - [08/Mar/2013:14:55:41 +0100] "GET /seiten/service.htm HTTP/1.1" 200 9959 "http://www.prokommunal.com/seiten/kraftverkehr.htm" "Mozilla/5.0 (X11; U; Linux i686; de-DE; rv:99.0) Gecko/201212231 Firefox/25.0.0"
195.37.205.30 - - [08/Mar/2013:14:55:41 +0100] "GET /redesign/img/term.jpg HTTP/1.1" 200 498 "http://www.prokommunal.com/css/style.css" "Mozilla/5.0 (X11; U; Linux i686; de-DE; rv:99.0) Gecko/201212231 Firefox/25.0.0"
188.106.0.61 - - [08/Mar/2013:15:20:04 +0100] "GET / HTTP/1.1" 200 7903 "http://www.google.com/url?sa=D&q=http://www.prokommunal-berlin.de/&usg=AFQjCNFJCc7uHWcFOikZlsVzh2zFA1USFQ" "Mozilla/5.0 (Macintosh; Intel Mac OS X 10_6_8) AppleWebKit/537.22 (KHTML, like Gecko) Chrome/25.0.1364.160 Safari/537.22"
188.106.0.61 - - [08/Mar/2013:15:20:04 +0100] "GET /css/style.css HTTP/1.1" 200 3549 "http://www.prokommunal-berlin.de/" "Mozilla/5.0 (Macintosh; Intel Mac OS X 10_6_8) AppleWebKit/537.22 (KHTML, like Gecko) Chrome/25.0.1364.160 Safari/537.22"
188.106.0.61 - - [08/Mar/2013:15:20:04 +0100] "GET /scripte/basics.js HTTP/1.1" 200 198 "http://www.prokommunal-berlin.de/" "Mozilla/5.0 (Macintosh; Intel Mac OS X 10_6_8) AppleWebKit/537.22 (KHTML, like Gecko) Chrome/25.0.1364.160 Safari/537.22"
188.106.0.61 - - [08/Mar/2013:15:20:04 +0100] "GET /img/head01.jpg HTTP/1.1" 200 6350 "http://www.prokommunal-berlin.de/" "Mozilla/5.0 (Macintosh; Intel Mac OS X 10_6_8) AppleWebKit/537.22 (KHTML, like Gecko) Chrome/25.0.1364.160 Safari/537.22"
188.106.0.61 - - [08/Mar/2013:15:20:04 +0100] "GET /img/head02.jpg HTTP/1.1" 200 4929 "http://www.prokommunal-berlin.de/" "Mozilla/5.0 (Macintosh; Intel Mac OS X 10_6_8) AppleWebKit/537.22 (KHTML, like Gecko) Chrome/25.0.1364.160 Safari/537.22"
188.106.0.61 - - [08/Mar/2013:15:20:04 +0100] "GET /img/head03.jpg HTTP/1.1" 200 7610 "http://www.prokommunal-berlin.de/" "Mozilla/5.0 (Macintosh; Intel Mac OS X 10_6_8) AppleWebKit/537.22 (KHTML, like Gecko) Chrome/25.0.1364.160 Safari/537.22"
188.106.0.61 - - [08/Mar/2013:15:20:04 +0100] "GET /redesign/img/bg_gelb.jpg HTTP/1.1" 200 368 "http://www.prokommunal-berlin.de/" "Mozilla/5.0 (Macintosh; Intel Mac OS X 10_6_8) AppleWebKit/537.22 (KHTML, like Gecko) Chrome/25.0.1364.160 Safari/537.22"
188.106.0.61 - - [08/Mar/2013:15:20:05 +0100] "GET /redesign/img/bg_foot.gif HTTP/1.1" 200 286 "http://www.prokommunal-berlin.de/" "Mozilla/5.0 (Macintosh; Intel Mac OS X 10_6_8) AppleWebKit/537.22 (KHTML, like Gecko) Chrome/25.0.1364.160 Safari/537.22"
188.106.0.61 - - [08/Mar/2013:15:20:05 +0100] "GET /favicon.ico HTTP/1.1" 200 894 "-" "Mozilla/5.0 (Macintosh; Intel Mac OS X 10_6_8) AppleWebKit/537.22 (KHTML, like Gecko) Chrome/25.0.1364.160 Safari/537.22"
141.8.147.12 - - [08/Mar/2013:15:37:04 +0100] "GET /robots.txt HTTP/1.1" 404 1256 "-" "Mozilla/5.0 (compatible; YandexBot/3.0; +http://yandex.com/bots)"
195.71.141.174 - - [08/Mar/2013:15:45:22 +0100] "GET / HTTP/1.1" 200 7903 "http://www.google.de/url?sa=t&rct=j&q=prokommunal&source=web&cd=1&ved=0CDMQFjAA&url=http%3A%2F%2Fwww.prokommunal.com%2F&ei=Qvk5UY_JFMSptAbxzYDQAw&usg=AFQjCNF5ZvO5ecR3rprSCB3llFRGksZz8A&bvm=bv.43287494,d.Yms" "Mozilla/4.0 (compatible; MSIE 8.0; Windows NT 5.2; WOW64; Trident/4.0; .NET CLR 2.0.50727)"
195.71.141.174 - - [08/Mar/2013:15:45:25 +0100] "GET /css/style.css HTTP/1.1" 200 3549 "http://www.prokommunal.com/" "Mozilla/4.0 (compatible; MSIE 8.0; Windows NT 5.2; WOW64; Trident/4.0; .NET CLR 2.0.50727)"
195.71.141.174 - - [08/Mar/2013:15:45:26 +0100] "GET /scripte/basics.js HTTP/1.1" 200 198 "http://www.prokommunal.com/" "Mozilla/4.0 (compatible; MSIE 8.0; Windows NT 5.2; WOW64; Trident/4.0; .NET CLR 2.0.50727)"
195.71.141.174 - - [08/Mar/2013:15:45:26 +0100] "GET /img/head01.jpg HTTP/1.1" 200 6350 "http://www.prokommunal.com/" "Mozilla/4.0 (compatible; MSIE 8.0; Windows NT 5.2; WOW64; Trident/4.0; .NET CLR 2.0.50727)"
195.71.141.174 - - [08/Mar/2013:15:45:26 +0100] "GET /img/head02.jpg HTTP/1.1" 200 4929 "http://www.prokommunal.com/" "Mozilla/4.0 (compatible; MSIE 8.0; Windows NT 5.2; WOW64; Trident/4.0; .NET CLR 2.0.50727)"
195.71.141.174 - - [08/Mar/2013:15:45:26 +0100] "GET /redesign/img/bg_gelb.jpg HTTP/1.1" 200 368 "http://www.prokommunal.com/" "Mozilla/4.0 (compatible; MSIE 8.0; Windows NT 5.2; WOW64; Trident/4.0; .NET CLR 2.0.50727)"
195.71.141.174 - - [08/Mar/2013:15:45:26 +0100] "GET /redesign/img/bg_foot.gif HTTP/1.1" 200 286 "http://www.prokommunal.com/" "Mozilla/4.0 (compatible; MSIE 8.0; Windows NT 5.2; WOW64; Trident/4.0; .NET CLR 2.0.50727)"
195.71.141.174 - - [08/Mar/2013:15:45:26 +0100] "GET /img/head03.jpg HTTP/1.1" 200 7610 "http://www.prokommunal.com/" "Mozilla/4.0 (compatible; MSIE 8.0; Windows NT 5.2; WOW64; Trident/4.0; .NET CLR 2.0.50727)"
195.71.141.174 - - [08/Mar/2013:15:45:26 +0100] "GET /favicon.ico HTTP/1.1" 200 894 "-" "Mozilla/4.0 (compatible; MSIE 8.0; Windows NT 5.2; WOW64; Trident/4.0; .NET CLR 2.0.50727)"
212.43.68.228 - - [08/Mar/2013:15:52:12 +0100] "GET /seiten/produkte.htm HTTP/1.1" 200 9105 "http://www.google.de/search?hl=de&source=hp&q=prokommunal+fsw&gbv=2&oq=prokommunal&gs_l=heirloom-hp.1.1.0l4j0i30l4j0i5i30.735.5266.0.8485.11.10.0.1.1.0.141.984.4j5.9.0...0.0...1c.1.nk3ivNP_ZZg" "Mozilla/4.0 (compatible; MSIE 7.0; Windows NT 5.1; InfoPath.1)"
212.43.68.228 - - [08/Mar/2013:15:52:12 +0100] "GET /css/style.css HTTP/1.1" 200 3549 "http://www.prokommunal.com/seiten/produkte.htm" "Mozilla/4.0 (compatible; MSIE 7.0; Windows NT 5.1; InfoPath.1)"
212.43.68.228 - - [08/Mar/2013:15:52:12 +0100] "GET /scripte/basics.js HTTP/1.1" 200 198 "http://www.prokommunal.com/seiten/produkte.htm" "Mozilla/4.0 (compatible; MSIE 7.0; Windows NT 5.1; InfoPath.1)"
212.43.68.228 - - [08/Mar/2013:15:52:12 +0100] "GET /img/head01.jpg HTTP/1.1" 200 6350 "http://www.prokommunal.com/seiten/produkte.htm" "Mozilla/4.0 (compatible; MSIE 7.0; Windows NT 5.1; InfoPath.1)"
212.43.68.228 - - [08/Mar/2013:15:52:12 +0100] "GET /img/head02.jpg HTTP/1.1" 200 4929 "http://www.prokommunal.com/seiten/produkte.htm" "Mozilla/4.0 (compatible; MSIE 7.0; Windows NT 5.1; InfoPath.1)"
212.43.68.228 - - [08/Mar/2013:15:52:12 +0100] "GET /img/head03.jpg HTTP/1.1" 200 7610 "http://www.prokommunal.com/seiten/produkte.htm" "Mozilla/4.0 (compatible; MSIE 7.0; Windows NT 5.1; InfoPath.1)"
212.43.68.228 - - [08/Mar/2013:15:52:12 +0100] "GET /img/1px_tr.gif HTTP/1.1" 200 43 "http://www.prokommunal.com/seiten/produkte.htm" "Mozilla/4.0 (compatible; MSIE 7.0; Windows NT 5.1; InfoPath.1)"
212.43.68.228 - - [08/Mar/2013:15:52:12 +0100] "GET /img/top.gif HTTP/1.1" 200 96 "http://www.prokommunal.com/seiten/produkte.htm" "Mozilla/4.0 (compatible; MSIE 7.0; Windows NT 5.1; InfoPath.1)"
212.43.68.228 - - [08/Mar/2013:15:52:12 +0100] "GET /img/men_01.jpg HTTP/1.1" 200 713 "http://www.prokommunal.com/seiten/produkte.htm" "Mozilla/4.0 (compatible; MSIE 7.0; Windows NT 5.1; InfoPath.1)"
212.43.68.228 - - [08/Mar/2013:15:52:12 +0100] "GET /redesign/img/bg_gelb.jpg HTTP/1.1" 200 368 "http://www.prokommunal.com/seiten/produkte.htm" "Mozilla/4.0 (compatible; MSIE 7.0; Windows NT 5.1; InfoPath.1)"
212.43.68.228 - - [08/Mar/2013:15:52:12 +0100] "GET /redesign/img/bg_foot.gif HTTP/1.1" 200 286 "http://www.prokommunal.com/seiten/produkte.htm" "Mozilla/4.0 (compatible; MSIE 7.0; Windows NT 5.1; InfoPath.1)"
212.43.68.228 - - [08/Mar/2013:15:52:12 +0100] "GET /favicon.ico HTTP/1.1" 200 894 "-" "Mozilla/4.0 (compatible; MSIE 7.0; Windows NT 5.1; InfoPath.1)"
218.30.103.41 - - [08/Mar/2013:15:52:41 +0100] "GET /robots.txt HTTP/1.1" 404 1256 "-" "Sogou web spider/4.0"
218.30.103.41 - - [08/Mar/2013:15:52:44 +0100] "GET / HTTP/1.1" 304 - "-" "Sogou web spider/4.0(+http://www.sogou.com/docs/help/webmasters.htm#07)"
212.43.68.228 - - [08/Mar/2013:15:52:59 +0100] "GET /seiten/kontakt.php HTTP/1.1" 200 12788 "http://www.google.de/search?q=prokommunal+berlin&hl=de&gbv=2&gs_l=heirloom-hp.1.1.0l4j0i30l4j0i5i30.735.5266.0.8485.11.10.0.1.1.0.141.984.4j5.9.0...0.0...1c.1.nk3ivNP_ZZg&oq=prokommunal+berlin" "Mozilla/4.0 (compatible; MSIE 7.0; Windows NT 5.1; InfoPath.1)"
173.199.120.139 - - [08/Mar/2013:16:25:40 +0100] "GET /seiten/partner.htm HTTP/1.1" 200 9458 "-" "Mozilla/5.0 (compatible; AhrefsBot/4.0; +http://ahrefs.com/robot/)"
157.55.32.100 - - [08/Mar/2013:16:25:46 +0100] "GET /robots.txt HTTP/1.1" 404 1256 "-" "Mozilla/5.0 (compatible; bingbot/2.0; +http://www.bing.com/bingbot.htm)"
157.55.32.100 - - [08/Mar/2013:16:27:47 +0100] "GET /seiten/fahrlehrerwesen.htm HTTP/1.1" 304 - "-" "Mozilla/5.0 (compatible; bingbot/2.0; +http://www.bing.com/bingbot.htm)"
66.249.76.211 - - [08/Mar/2013:16:50:05 +0100] "GET /seiten/kontakt.php HTTP/1.1" 200 12788 "-" "DoCoMo/2.0 N905i(c100;TB;W24H16) (compatible; Googlebot-Mobile/2.1; +http://www.google.com/bot.html)"
157.55.33.110 - - [08/Mar/2013:17:06:16 +0100] "GET /robots.txt HTTP/1.1" 404 1256 "-" "Mozilla/5.0 (compatible; bingbot/2.0; +http://www.bing.com/bingbot.htm)"
157.55.33.110 - - [08/Mar/2013:17:08:51 +0100] "GET / HTTP/1.1" 200 7903 "-" "Mozilla/5.0 (compatible; bingbot/2.0; +http://www.bing.com/bingbot.htm)"
142.4.127.20 - - [08/Mar/2013:18:18:45 +0100] "GET /seiten/databund.html+%28%27blog%27%29+ACCEPTED HTTP/1.0" 404 1256 "http://www.prokommunal.com/seiten/databund.html+%28%27blog%27%29+ACCEPTED" "Mozilla/5.0 (Windows NT 5.1; rv:15.0) Gecko/20100101 Firefox/15.0"
142.4.127.20 - - [08/Mar/2013:18:18:46 +0100] "GET / HTTP/1.0" 200 7903 "http://www.prokommunal.com/" "Mozilla/5.0 (Windows NT 5.1; rv:15.0) Gecko/20100101 Firefox/15.0"
141.8.147.12 - - [08/Mar/2013:18:33:23 +0100] "GET /seiten/databund.html HTTP/1.1" 200 9125 "-" "Mozilla/5.0 (compatible; YandexBot/3.0; +http://yandex.com/bots)"
178.77.126.55 - - [08/Mar/2013:18:36:32 +0100] "GET /robots.txt HTTP/1.1" 404 1256 "-" "Mozilla/5.0 (compatible; CareerBot/1.1; +http://www.career-x.de/bot.html)"
178.77.126.55 - - [08/Mar/2013:18:36:32 +0100] "GET / HTTP/1.1" 200 7903 "-" "Mozilla/5.0 (compatible; CareerBot/1.1; +http://www.career-x.de/bot.html)"
173.199.115.43 - - [08/Mar/2013:20:54:04 +0100] "GET /seiten/service.htm HTTP/1.1" 200 9959 "-" "Mozilla/5.0 (compatible; AhrefsBot/4.0; +http://ahrefs.com/robot/)"
173.199.115.43 - - [08/Mar/2013:21:10:56 +0100] "GET /seiten/databund.html HTTP/1.1" 200 9125 "-" "Mozilla/5.0 (compatible; AhrefsBot/4.0; +http://ahrefs.com/robot/)"
93.220.254.100 - - [08/Mar/2013:21:39:58 +0100] "GET / HTTP/1.1" 200 7903 "-" "Mozilla/4.0 (compatible; MSIE 8.0; Windows NT 6.0; .NET CLR 1.1.4322; .NET CLR 2.0.50727)"
208.115.111.71 - - [08/Mar/2013:22:16:57 +0100] "GET /robots.txt HTTP/1.1" 404 1256 "-" "Mozilla/5.0 (compatible; Ezooms/1.0; ezooms.bot@gmail.com)"
173.199.120.139 - - [08/Mar/2013:23:02:04 +0100] "GET /seiten/kontroll.htm HTTP/1.1" 200 6599 "-" "Mozilla/5.0 (compatible; AhrefsBot/4.0; +http://ahrefs.com/robot/)"
173.199.115.43 - - [08/Mar/2013:23:37:50 +0100] "GET /seiten/menue HTTP/1.1" 404 1256 "-" "Mozilla/5.0 (compatible; AhrefsBot/4.0; +http://ahrefs.com/robot/)"
208.115.111.71 - - [09/Mar/2013:00:14:54 +0100] "GET /seiten/service.htm HTTP/1.1" 200 9959 "-" "Mozilla/5.0 (compatible; Ezooms/1.0; ezooms.bot@gmail.com)"
178.77.126.55 - - [09/Mar/2013:00:33:03 +0100] "GET /robots.txt HTTP/1.1" 404 1256 "-" "Mozilla/5.0 (compatible; CareerBot/1.1; +http://www.career-x.de/bot.html)"
178.77.126.55 - - [09/Mar/2013:00:33:03 +0100] "GET / HTTP/1.1" 200 7903 "-" "Mozilla/5.0 (compatible; CareerBot/1.1; +http://www.career-x.de/bot.html)"
80.190.97.212 - - [09/Mar/2013:00:40:25 +0100] "GET / HTTP/1.1" 200 7903 "-" "Mozilla/5.0 (X11; U; FreeBSD i386; en-US; rv:1.9.1.12) Gecko/20100912 Firefox/3.5.12"
80.190.97.212 - - [09/Mar/2013:01:20:11 +0100] "GET / HTTP/1.1" 200 7903 "-" "Mozilla/5.0 (X11; U; FreeBSD i386; en-US; rv:1.9.1.12) Gecko/20100912 Firefox/3.5.12"
66.249.76.211 - - [09/Mar/2013:01:32:09 +0100] "GET /robots.txt HTTP/1.1" 404 1256 "-" "Mozilla/5.0 (compatible; Googlebot/2.1; +http://www.google.com/bot.html)"
66.249.76.211 - - [09/Mar/2013:01:32:09 +0100] "GET / HTTP/1.1" 200 7903 "-" "Mozilla/5.0 (compatible; Googlebot/2.1; +http://www.google.com/bot.html)"
50.17.83.218 - - [09/Mar/2013:01:34:51 +0100] "GET / HTTP/1.0" 200 7903 "-" "Mozilla/5.0 (compatible; NetcraftSurveyAgent/1.0; +info@netcraft.com)"
66.249.76.211 - - [09/Mar/2013:01:38:19 +0100] "GET /css/style.css HTTP/1.1" 200 3549 "-" "Mozilla/5.0 (compatible; Googlebot/2.1; +http://www.google.com/bot.html)"
80.190.97.212 - - [09/Mar/2013:02:04:25 +0100] "GET / HTTP/1.1" 200 7903 "-" "Mozilla/5.0 (X11; U; FreeBSD i386; en-US; rv:1.9.1.12) Gecko/20100912 Firefox/3.5.12"
173.199.120.139 - - [09/Mar/2013:02:10:20 +0100] "GET / HTTP/1.1" 200 7903 "-" "Mozilla/5.0 (compatible; AhrefsBot/4.0; +http://ahrefs.com/robot/)"
173.199.120.139 - - [09/Mar/2013:02:12:48 +0100] "GET /seiten/impr.htm HTTP/1.1" 200 8696 "-" "Mozilla/5.0 (compatible; AhrefsBot/4.0; +http://ahrefs.com/robot/)"
157.55.33.110 - - [09/Mar/2013:02:23:23 +0100] "GET /robots.txt HTTP/1.1" 404 1256 "-" "Mozilla/5.0 (compatible; bingbot/2.0; +http://www.bing.com/bingbot.htm)"
23.20.111.221 - - [09/Mar/2013:02:23:49 +0100] "GET / HTTP/1.0" 200 7903 "-" "Mozilla/5.0 (compatible; NetcraftSurveyAgent/1.0; +info@netcraft.com)"
157.55.33.110 - - [09/Mar/2013:02:24:57 +0100] "GET / HTTP/1.1" 200 7903 "-" "Mozilla/5.0 (compatible; bingbot/2.0; +http://www.bing.com/bingbot.htm)"
50.17.59.110 - - [09/Mar/2013:02:26:15 +0100] "GET / HTTP/1.0" 200 7903 "-" "Mozilla/5.0 (compatible; NetcraftSurveyAgent/1.0; +info@netcraft.com)"
80.190.97.212 - - [09/Mar/2013:02:43:22 +0100] "GET / HTTP/1.1" 200 7903 "-" "Mozilla/5.0 (X11; U; FreeBSD i386; en-US; rv:1.9.1.12) Gecko/20100912 Firefox/3.5.12"
173.199.120.139 - - [09/Mar/2013:02:49:28 +0100] "GET /seiten/term12.pdf HTTP/1.1" 404 1256 "-" "Mozilla/5.0 (compatible; AhrefsBot/4.0; +http://ahrefs.com/robot/)"
101.226.169.218 - - [09/Mar/2013:03:16:57 +0100] "GET /seiten/impr.htm HTTP/1.1" 200 8696 "http://www.prokommunal.com/seiten/impr.htm" "Mozilla/4.0 (compatible; MSIE 8.0; Windows NT 6.1; Trident/4.0; SLCC2; .NET CLR 2.0.50727; .NET CLR 3.5.30729; .NET CLR 3.0.30729; Media Center PC 6.0; MDDR; .NET4.0C; .NET4.0E; .NET CLR 1.1.4322; Tablet PC 2.0); 360Spider"
101.226.169.220 - - [09/Mar/2013:03:16:57 +0100] "GET /seiten/databund.html HTTP/1.1" 200 9125 "http://www.prokommunal.com/seiten/databund.html" "Mozilla/4.0 (compatible; MSIE 8.0; Windows NT 6.1; Trident/4.0; SLCC2; .NET CLR 2.0.50727; .NET CLR 3.5.30729; .NET CLR 3.0.30729; Media Center PC 6.0; MDDR; .NET4.0C; .NET4.0E; .NET CLR 1.1.4322; Tablet PC 2.0); 360Spider"
101.226.169.220 - - [09/Mar/2013:03:16:57 +0100] "GET /seiten/referenzen.htm HTTP/1.1" 200 40249 "http://www.prokommunal.com/seiten/referenzen.htm" "Mozilla/4.0 (compatible; MSIE 8.0; Windows NT 6.1; Trident/4.0; SLCC2; .NET CLR 2.0.50727; .NET CLR 3.5.30729; .NET CLR 3.0.30729; Media Center PC 6.0; MDDR; .NET4.0C; .NET4.0E; .NET CLR 1.1.4322; Tablet PC 2.0); 360Spider"
101.226.169.219 - - [09/Mar/2013:03:17:02 +0100] "GET /seiten/produkte.htm HTTP/1.1" 200 9105 "http://www.prokommunal.com/seiten/produkte.htm" "Mozilla/4.0 (compatible; MSIE 8.0; Windows NT 6.1; Trident/4.0; SLCC2; .NET CLR 2.0.50727; .NET CLR 3.5.30729; .NET CLR 3.0.30729; Media Center PC 6.0; MDDR; .NET4.0C; .NET4.0E; .NET CLR 1.1.4322; Tablet PC 2.0); 360Spider"
101.226.169.222 - - [09/Mar/2013:03:17:02 +0100] "GET /seiten/partner.htm HTTP/1.1" 200 9458 "http://www.prokommunal.com/seiten/partner.htm" "Mozilla/4.0 (compatible; MSIE 8.0; Windows NT 6.1; Trident/4.0; SLCC2; .NET CLR 2.0.50727; .NET CLR 3.5.30729; .NET CLR 3.0.30729; Media Center PC 6.0; MDDR; .NET4.0C; .NET4.0E; .NET CLR 1.1.4322; Tablet PC 2.0); 360Spider"
101.226.169.222 - - [09/Mar/2013:03:17:08 +0100] "GET /seiten/service.htm HTTP/1.1" 200 9959 "http://www.prokommunal.com/seiten/service.htm" "Mozilla/4.0 (compatible; MSIE 8.0; Windows NT 6.1; Trident/4.0; SLCC2; .NET CLR 2.0.50727; .NET CLR 3.5.30729; .NET CLR 3.0.30729; Media Center PC 6.0; MDDR; .NET4.0C; .NET4.0E; .NET CLR 1.1.4322; Tablet PC 2.0); 360Spider"
101.226.169.215 - - [09/Mar/2013:03:17:08 +0100] "GET /seiten/kontakt.php HTTP/1.1" 200 12788 "http://www.prokommunal.com/seiten/kontakt.php" "Mozilla/4.0 (compatible; MSIE 8.0; Windows NT 6.1; Trident/4.0; SLCC2; .NET CLR 2.0.50727; .NET CLR 3.5.30729; .NET CLR 3.0.30729; Media Center PC 6.0; MDDR; .NET4.0C; .NET4.0E; .NET CLR 1.1.4322; Tablet PC 2.0); 360Spider"
66.249.76.211 - - [09/Mar/2013:03:27:39 +0100] "GET / HTTP/1.1" 200 7903 "-" "Mozilla/5.0 (iPhone; U; CPU iPhone OS 4_1 like Mac OS X; en-us) AppleWebKit/532.9 (KHTML, like Gecko) Version/4.0.5 Mobile/8B117 Safari/6531.22.7 (compatible; Googlebot-Mobile/2.1; +http://www.google.com/bot.html)"
66.249.76.170 - - [09/Mar/2013:04:15:01 +0100] "GET /robots.txt HTTP/1.1" 404 1256 "-" "Mozilla/5.0 (compatible; Googlebot/2.1; +http://www.google.com/bot.html)"
66.249.76.170 - - [09/Mar/2013:04:15:01 +0100] "GET /seiten/produkte.htm HTTP/1.1" 200 9105 "-" "DoCoMo/2.0 N905i(c100;TB;W24H16) (compatible; Googlebot-Mobile/2.1; +http://www.google.com/bot.html)"
80.190.97.212 - - [09/Mar/2013:04:39:02 +0100] "GET / HTTP/1.1" 200 7903 "-" "Mozilla/5.0 (X11; U; FreeBSD i386; en-US; rv:1.9.1.12) Gecko/20100912 Firefox/3.5.12"
80.190.97.212 - - [09/Mar/2013:04:39:02 +0100] "GET / HTTP/1.1" 200 7903 "-" "Mozilla/5.0 (X11; U; FreeBSD i386; en-US; rv:1.9.1.12) Gecko/20100912 Firefox/3.5.12"
173.199.115.43 - - [09/Mar/2013:05:22:58 +0100] "GET /seiten/impr.htm HTTP/1.1" 200 8696 "-" "Mozilla/5.0 (compatible; AhrefsBot/4.0; +http://ahrefs.com/robot/)"
157.55.33.78 - - [09/Mar/2013:05:34:08 +0100] "GET /robots.txt HTTP/1.1" 404 1256 "-" "Mozilla/5.0 (compatible; bingbot/2.0; +http://www.bing.com/bingbot.htm)"
157.55.33.78 - - [09/Mar/2013:05:36:31 +0100] "GET /seiten/fahrlehrerwesen.htm HTTP/1.1" 304 - "-" "Mozilla/5.0 (compatible; bingbot/2.0; +http://www.bing.com/bingbot.htm)"
173.199.120.139 - - [09/Mar/2013:06:10:10 +0100] "GET /seiten/intern/log_check.php HTTP/1.1" 302 - "-" "Mozilla/5.0 (compatible; AhrefsBot/4.0; +http://ahrefs.com/robot/)"
208.115.111.71 - - [09/Mar/2013:06:16:30 +0100] "GET /robots.txt HTTP/1.1" 404 1256 "-" "Mozilla/5.0 (compatible; Ezooms/1.0; ezooms.bot@gmail.com)"
66.249.76.170 - - [09/Mar/2013:06:28:12 +0100] "GET / HTTP/1.1" 200 7903 "-" "DoCoMo/2.0 N905i(c100;TB;W24H16) (compatible; Googlebot-Mobile/2.1; +http://www.google.com/bot.html)"
65.55.215.244 - - [09/Mar/2013:06:51:11 +0100] "GET /seiten/partner.htm HTTP/1.1" 200 9458 "-" "Mozilla/4.0 (compatible; MSIE 7.0; Windows NT 5.1; SLCC1; .NET CLR 1.1.4322; .NET CLR 2.0.40607; .NET CLR 3.0.30729; .NET CLR 3.5.30707; MS-RTC LM 8)"
65.55.215.244 - - [09/Mar/2013:06:51:13 +0100] "GET /css/style.css HTTP/1.1" 200 3549 "http://www.prokommunal.com/seiten/partner.htm" "Mozilla/4.0 (compatible; MSIE 7.0; Windows NT 5.1; SLCC1; .NET CLR 1.1.4322; .NET CLR 2.0.40607; .NET CLR 3.0.30729; .NET CLR 3.5.30707; MS-RTC LM 8)"
65.55.215.244 - - [09/Mar/2013:06:51:14 +0100] "GET /scripte/basics.js HTTP/1.1" 200 198 "http://www.prokommunal.com/seiten/partner.htm" "Mozilla/4.0 (compatible; MSIE 7.0; Windows NT 5.1; SLCC1; .NET CLR 1.1.4322; .NET CLR 2.0.40607; .NET CLR 3.0.30729; .NET CLR 3.5.30707; MS-RTC LM 8)"
173.199.120.139 - - [09/Mar/2013:07:13:20 +0100] "GET /seiten/menue HTTP/1.1" 404 1256 "-" "Mozilla/5.0 (compatible; AhrefsBot/4.0; +http://ahrefs.com/robot/)"
208.115.111.71 - - [09/Mar/2013:08:16:09 +0100] "GET /seiten/willk.htm HTTP/1.1" 200 7884 "-" "Mozilla/5.0 (compatible; Ezooms/1.0; ezooms.bot@gmail.com)"
123.125.71.40 - - [09/Mar/2013:08:19:03 +0100] "GET / HTTP/1.1" 200 7903 "-" "Mozilla/5.0 (compatible; Baiduspider/2.0; +http://www.baidu.com/search/spider.html)"
220.181.108.114 - - [09/Mar/2013:08:19:06 +0100] "GET / HTTP/1.1" 200 7903 "-" "Mozilla/5.0 (compatible; Baiduspider/2.0; +http://www.baidu.com/search/spider.html)"
173.199.115.43 - - [09/Mar/2013:08:37:37 +0100] "GET /seiten/kontakt.php HTTP/1.1" 200 12788 "-" "Mozilla/5.0 (compatible; AhrefsBot/4.0; +http://ahrefs.com/robot/)"
66.249.76.211 - - [09/Mar/2013:09:10:38 +0100] "GET /seiten/kraftverkehr.htm HTTP/1.1" 304 - "-" "Mozilla/5.0 (compatible; Googlebot/2.1; +http://www.google.com/bot.html)"
66.249.76.170 - - [09/Mar/2013:09:41:07 +0100] "GET / HTTP/1.1" 200 7903 "-" "DoCoMo/2.0 N905i(c100;TB;W24H16) (compatible; Googlebot-Mobile/2.1; +http://www.google.com/bot.html)"
218.30.103.41 - - [09/Mar/2013:09:42:53 +0100] "GET /seiten/impr.htm HTTP/1.1" 200 8696 "-" "Sogou web spider/4.0(+http://www.sogou.com/docs/help/webmasters.htm#07)"
176.9.50.103 - - [09/Mar/2013:10:33:43 +0100] "GET /robots.txt HTTP/1.1" 404 1256 "-" "Mozilla/5.0 (compatible; SISTRIX Crawler; http://crawler.sistrix.net/)"
176.9.50.103 - - [09/Mar/2013:10:33:43 +0100] "GET / HTTP/1.1" 200 7903 "-" "Mozilla/5.0 (compatible; SISTRIX Crawler; http://crawler.sistrix.net/)"
176.9.50.103 - - [09/Mar/2013:10:33:43 +0100] "GET /seiten/impr.htm HTTP/1.1" 200 8696 "-" "Mozilla/5.0 (compatible; SISTRIX Crawler; http://crawler.sistrix.net/)"
176.9.50.103 - - [09/Mar/2013:10:33:43 +0100] "GET /seiten/referenzen.htm HTTP/1.1" 200 40249 "-" "Mozilla/5.0 (compatible; SISTRIX Crawler; http://crawler.sistrix.net/)"
176.9.50.103 - - [09/Mar/2013:10:33:43 +0100] "GET /seiten/databund.html HTTP/1.1" 200 9125 "-" "Mozilla/5.0 (compatible; SISTRIX Crawler; http://crawler.sistrix.net/)"
176.9.50.103 - - [09/Mar/2013:10:33:43 +0100] "GET /seiten/produkte.htm HTTP/1.1" 200 9105 "-" "Mozilla/5.0 (compatible; SISTRIX Crawler; http://crawler.sistrix.net/)"
176.9.50.103 - - [09/Mar/2013:10:33:43 +0100] "GET /seiten/kontakt.php HTTP/1.1" 200 12788 "-" "Mozilla/5.0 (compatible; SISTRIX Crawler; http://crawler.sistrix.net/)"
176.9.50.103 - - [09/Mar/2013:10:33:44 +0100] "GET /seiten/partner.htm HTTP/1.1" 200 9458 "-" "Mozilla/5.0 (compatible; SISTRIX Crawler; http://crawler.sistrix.net/)"
176.9.50.103 - - [09/Mar/2013:10:33:44 +0100] "GET /seiten/service.htm HTTP/1.1" 200 9959 "-" "Mozilla/5.0 (compatible; SISTRIX Crawler; http://crawler.sistrix.net/)"
176.9.50.103 - - [09/Mar/2013:10:33:44 +0100] "GET /seiten/kraftverkehr.htm HTTP/1.1" 200 9210 "-" "Mozilla/5.0 (compatible; SISTRIX Crawler; http://crawler.sistrix.net/)"
176.9.50.103 - - [09/Mar/2013:10:33:44 +0100] "GET /seiten/fsw.htm HTTP/1.1" 200 9961 "-" "Mozilla/5.0 (compatible; SISTRIX Crawler; http://crawler.sistrix.net/)"
176.9.50.103 - - [09/Mar/2013:10:33:44 +0100] "GET /seiten/kontroll.htm HTTP/1.1" 200 6599 "-" "Mozilla/5.0 (compatible; SISTRIX Crawler; http://crawler.sistrix.net/)"
176.9.50.103 - - [09/Mar/2013:10:33:44 +0100] "GET /seiten/fahrlehrerwesen.htm HTTP/1.1" 200 7168 "-" "Mozilla/5.0 (compatible; SISTRIX Crawler; http://crawler.sistrix.net/)"
123.125.71.83 - - [09/Mar/2013:10:51:44 +0100] "GET /robots.txt HTTP/1.1" 404 1256 "-" "Mozilla/5.0 (Windows NT 5.1; rv:6.0.2) Gecko/20100101 Firefox/6.0.2"
66.249.76.211 - - [09/Mar/2013:11:09:12 +0100] "GET /seiten/impr.htm HTTP/1.1" 304 - "-" "Mozilla/5.0 (compatible; Googlebot/2.1; +http://www.google.com/bot.html)"
66.249.76.211 - - [09/Mar/2013:11:43:18 +0100] "GET /seiten/referenzen.htm HTTP/1.1" 304 - "-" "Mozilla/5.0 (iPhone; U; CPU iPhone OS 4_1 like Mac OS X; en-us) AppleWebKit/532.9 (KHTML, like Gecko) Version/4.0.5 Mobile/8B117 Safari/6531.22.7 (compatible; Googlebot-Mobile/2.1; +http://www.google.com/bot.html)"
208.115.113.88 - - [09/Mar/2013:12:06:01 +0100] "GET /robots.txt HTTP/1.1" 404 1256 "-" "Mozilla/5.0 (compatible; Ezooms/1.0; ezooms.bot@gmail.com)"
208.115.113.87 - - [09/Mar/2013:12:08:03 +0100] "GET /robots.txt HTTP/1.1" 404 1256 "-" "Mozilla/5.0 (compatible; Ezooms/1.0; ezooms.bot@gmail.com)"
66.249.76.211 - - [09/Mar/2013:12:46:31 +0100] "GET /seiten/kontakt.php HTTP/1.1" 200 12788 "-" "SAMSUNG-SGH-E250/1.0 Profile/MIDP-2.0 Configuration/CLDC-1.1 UP.Browser/6.2.3.3.c.1.101 (GUI) MMP/2.0 (compatible; Googlebot-Mobile/2.1; +http://www.google.com/bot.html)"
176.9.148.194 - - [09/Mar/2013:13:07:27 +0100] "GET /robots.txt HTTP/1.1" 404 1256 "-" "Mozilla/5.0 (compatible; SISTRIX Crawler; http://crawler.sistrix.net/)"
176.9.148.194 - - [09/Mar/2013:13:07:27 +0100] "GET / HTTP/1.1" 200 7903 "-" "Mozilla/5.0 (compatible; SISTRIX Crawler; http://crawler.sistrix.net/)"
176.9.148.194 - - [09/Mar/2013:13:07:27 +0100] "GET /seiten/impr.htm HTTP/1.1" 200 8696 "-" "Mozilla/5.0 (compatible; SISTRIX Crawler; http://crawler.sistrix.net/)"
176.9.148.194 - - [09/Mar/2013:13:07:27 +0100] "GET /seiten/referenzen.htm HTTP/1.1" 200 40249 "-" "Mozilla/5.0 (compatible; SISTRIX Crawler; http://crawler.sistrix.net/)"
176.9.148.194 - - [09/Mar/2013:13:07:27 +0100] "GET /seiten/databund.html HTTP/1.1" 200 9125 "-" "Mozilla/5.0 (compatible; SISTRIX Crawler; http://crawler.sistrix.net/)"
176.9.148.194 - - [09/Mar/2013:13:07:27 +0100] "GET /seiten/produkte.htm HTTP/1.1" 200 9105 "-" "Mozilla/5.0 (compatible; SISTRIX Crawler; http://crawler.sistrix.net/)"
176.9.148.194 - - [09/Mar/2013:13:07:27 +0100] "GET /seiten/kontakt.php HTTP/1.1" 200 12788 "-" "Mozilla/5.0 (compatible; SISTRIX Crawler; http://crawler.sistrix.net/)"
176.9.148.194 - - [09/Mar/2013:13:07:28 +0100] "GET /seiten/partner.htm HTTP/1.1" 200 9458 "-" "Mozilla/5.0 (compatible; SISTRIX Crawler; http://crawler.sistrix.net/)"
176.9.148.194 - - [09/Mar/2013:13:07:28 +0100] "GET /seiten/service.htm HTTP/1.1" 200 9959 "-" "Mozilla/5.0 (compatible; SISTRIX Crawler; http://crawler.sistrix.net/)"
176.9.148.194 - - [09/Mar/2013:13:07:28 +0100] "GET /seiten/kraftverkehr.htm HTTP/1.1" 200 9210 "-" "Mozilla/5.0 (compatible; SISTRIX Crawler; http://crawler.sistrix.net/)"
176.9.148.194 - - [09/Mar/2013:13:07:28 +0100] "GET /seiten/fsw.htm HTTP/1.1" 200 9961 "-" "Mozilla/5.0 (compatible; SISTRIX Crawler; http://crawler.sistrix.net/)"
176.9.148.194 - - [09/Mar/2013:13:07:28 +0100] "GET /seiten/kontroll.htm HTTP/1.1" 200 6599 "-" "Mozilla/5.0 (compatible; SISTRIX Crawler; http://crawler.sistrix.net/)"
176.9.148.194 - - [09/Mar/2013:13:07:28 +0100] "GET /seiten/fahrlehrerwesen.htm HTTP/1.1" 200 7168 "-" "Mozilla/5.0 (compatible; SISTRIX Crawler; http://crawler.sistrix.net/)"
61.135.249.206 - - [09/Mar/2013:13:24:39 +0100] "GET / HTTP/1.1" 200 7903 "-" "Mozilla/5.0 (compatible; YoudaoBot/1.0; http://www.youdao.com/help/webmaster/spider/; )"
89.73.78.176 - - [09/Mar/2013:14:06:29 +0100] "GET / HTTP/1.1" 200 7903 "http://www.cebit2go.de/cebit13/exhibitor/list?order=asc&max=20&offset=160" "Mozilla/5.0 (Windows NT 6.1; WOW64) AppleWebKit/534.57.2 (KHTML, like Gecko) Version/5.1.7 Safari/534.57.2"
89.73.78.176 - - [09/Mar/2013:14:06:29 +0100] "GET /scripte/basics.js HTTP/1.1" 200 198 "http://www.prokommunal.com/" "Mozilla/5.0 (Windows NT 6.1; WOW64) AppleWebKit/534.57.2 (KHTML, like Gecko) Version/5.1.7 Safari/534.57.2"
89.73.78.176 - - [09/Mar/2013:14:06:29 +0100] "GET /css/style.css HTTP/1.1" 200 3549 "http://www.prokommunal.com/" "Mozilla/5.0 (Windows NT 6.1; WOW64) AppleWebKit/534.57.2 (KHTML, like Gecko) Version/5.1.7 Safari/534.57.2"
89.73.78.176 - - [09/Mar/2013:14:06:29 +0100] "GET /img/head01.jpg HTTP/1.1" 200 6350 "http://www.prokommunal.com/" "Mozilla/5.0 (Windows NT 6.1; WOW64) AppleWebKit/534.57.2 (KHTML, like Gecko) Version/5.1.7 Safari/534.57.2"
89.73.78.176 - - [09/Mar/2013:14:06:29 +0100] "GET /img/head02.jpg HTTP/1.1" 200 4929 "http://www.prokommunal.com/" "Mozilla/5.0 (Windows NT 6.1; WOW64) AppleWebKit/534.57.2 (KHTML, like Gecko) Version/5.1.7 Safari/534.57.2"
89.73.78.176 - - [09/Mar/2013:14:06:29 +0100] "GET /img/head03.jpg HTTP/1.1" 200 7610 "http://www.prokommunal.com/" "Mozilla/5.0 (Windows NT 6.1; WOW64) AppleWebKit/534.57.2 (KHTML, like Gecko) Version/5.1.7 Safari/534.57.2"
89.73.78.176 - - [09/Mar/2013:14:06:29 +0100] "GET /redesign/img/bg_gelb.jpg HTTP/1.1" 200 368 "http://www.prokommunal.com/" "Mozilla/5.0 (Windows NT 6.1; WOW64) AppleWebKit/534.57.2 (KHTML, like Gecko) Version/5.1.7 Safari/534.57.2"
89.73.78.176 - - [09/Mar/2013:14:06:29 +0100] "GET /redesign/img/bg_foot.gif HTTP/1.1" 200 286 "http://www.prokommunal.com/" "Mozilla/5.0 (Windows NT 6.1; WOW64) AppleWebKit/534.57.2 (KHTML, like Gecko) Version/5.1.7 Safari/534.57.2"
89.73.78.176 - - [09/Mar/2013:14:06:30 +0100] "GET /favicon.ico HTTP/1.1" 200 894 "http://www.prokommunal.com/" "Mozilla/5.0 (Windows NT 6.1; WOW64) AppleWebKit/534.57.2 (KHTML, like Gecko) Version/5.1.7 Safari/534.57.2"
89.73.78.176 - - [09/Mar/2013:14:06:31 +0100] "GET /seiten/produkte.htm HTTP/1.1" 200 9105 "http://www.prokommunal.com/" "Mozilla/5.0 (Windows NT 6.1; WOW64) AppleWebKit/534.57.2 (KHTML, like Gecko) Version/5.1.7 Safari/534.57.2"
89.73.78.176 - - [09/Mar/2013:14:06:31 +0100] "GET /img/men_01.jpg HTTP/1.1" 200 713 "http://www.prokommunal.com/seiten/produkte.htm" "Mozilla/5.0 (Windows NT 6.1; WOW64) AppleWebKit/534.57.2 (KHTML, like Gecko) Version/5.1.7 Safari/534.57.2"
89.73.78.176 - - [09/Mar/2013:14:06:31 +0100] "GET /img/1px_tr.gif HTTP/1.1" 200 43 "http://www.prokommunal.com/seiten/produkte.htm" "Mozilla/5.0 (Windows NT 6.1; WOW64) AppleWebKit/534.57.2 (KHTML, like Gecko) Version/5.1.7 Safari/534.57.2"
89.73.78.176 - - [09/Mar/2013:14:06:31 +0100] "GET /img/top.gif HTTP/1.1" 200 96 "http://www.prokommunal.com/seiten/produkte.htm" "Mozilla/5.0 (Windows NT 6.1; WOW64) AppleWebKit/534.57.2 (KHTML, like Gecko) Version/5.1.7 Safari/534.57.2"
89.73.78.176 - - [09/Mar/2013:14:06:34 +0100] "GET /seiten/partner.htm HTTP/1.1" 200 9458 "http://www.prokommunal.com/seiten/produkte.htm" "Mozilla/5.0 (Windows NT 6.1; WOW64) AppleWebKit/534.57.2 (KHTML, like Gecko) Version/5.1.7 Safari/534.57.2"
89.73.78.176 - - [09/Mar/2013:14:06:34 +0100] "GET /img/hsh.jpg HTTP/1.1" 200 5007 "http://www.prokommunal.com/seiten/partner.htm" "Mozilla/5.0 (Windows NT 6.1; WOW64) AppleWebKit/534.57.2 (KHTML, like Gecko) Version/5.1.7 Safari/534.57.2"
89.73.78.176 - - [09/Mar/2013:14:06:34 +0100] "GET /img/gz.jpg HTTP/1.1" 200 7757 "http://www.prokommunal.com/seiten/partner.htm" "Mozilla/5.0 (Windows NT 6.1; WOW64) AppleWebKit/534.57.2 (KHTML, like Gecko) Version/5.1.7 Safari/534.57.2"
89.73.78.176 - - [09/Mar/2013:14:06:34 +0100] "GET /img/hh.jpg HTTP/1.1" 200 5817 "http://www.prokommunal.com/seiten/partner.htm" "Mozilla/5.0 (Windows NT 6.1; WOW64) AppleWebKit/534.57.2 (KHTML, like Gecko) Version/5.1.7 Safari/534.57.2"
89.73.78.176 - - [09/Mar/2013:14:06:34 +0100] "GET /img/komfa1_s.jpg HTTP/1.1" 404 1256 "http://www.prokommunal.com/seiten/partner.htm" "Mozilla/5.0 (Windows NT 6.1; WOW64) AppleWebKit/534.57.2 (KHTML, like Gecko) Version/5.1.7 Safari/534.57.2"
89.73.78.176 - - [09/Mar/2013:14:06:34 +0100] "GET /img/databund.jpg HTTP/1.1" 404 1256 "http://www.prokommunal.com/seiten/partner.htm" "Mozilla/5.0 (Windows NT 6.1; WOW64) AppleWebKit/534.57.2 (KHTML, like Gecko) Version/5.1.7 Safari/534.57.2"
89.73.78.176 - - [09/Mar/2013:14:06:34 +0100] "GET /img/hk.jpg HTTP/1.1" 200 4852 "http://www.prokommunal.com/seiten/partner.htm" "Mozilla/5.0 (Windows NT 6.1; WOW64) AppleWebKit/534.57.2 (KHTML, like Gecko) Version/5.1.7 Safari/534.57.2"
89.73.78.176 - - [09/Mar/2013:14:06:35 +0100] "GET /seiten/referenzen.htm HTTP/1.1" 200 40249 "http://www.prokommunal.com/seiten/partner.htm" "Mozilla/5.0 (Windows NT 6.1; WOW64) AppleWebKit/534.57.2 (KHTML, like Gecko) Version/5.1.7 Safari/534.57.2"
89.73.78.176 - - [09/Mar/2013:14:06:36 +0100] "GET /seiten/service.htm HTTP/1.1" 200 9959 "http://www.prokommunal.com/seiten/referenzen.htm" "Mozilla/5.0 (Windows NT 6.1; WOW64) AppleWebKit/534.57.2 (KHTML, like Gecko) Version/5.1.7 Safari/534.57.2"
89.73.78.176 - - [09/Mar/2013:14:06:36 +0100] "GET /redesign/img/term.jpg HTTP/1.1" 200 498 "http://www.prokommunal.com/seiten/service.htm" "Mozilla/5.0 (Windows NT 6.1; WOW64) AppleWebKit/534.57.2 (KHTML, like Gecko) Version/5.1.7 Safari/534.57.2"
89.73.78.176 - - [09/Mar/2013:14:06:37 +0100] "GET /seiten/kontakt.php HTTP/1.1" 200 12788 "http://www.prokommunal.com/seiten/service.htm" "Mozilla/5.0 (Windows NT 6.1; WOW64) AppleWebKit/534.57.2 (KHTML, like Gecko) Version/5.1.7 Safari/534.57.2"
89.73.78.176 - - [09/Mar/2013:14:06:38 +0100] "GET /seiten/impr.htm HTTP/1.1" 200 8696 "http://www.prokommunal.com/seiten/kontakt.php" "Mozilla/5.0 (Windows NT 6.1; WOW64) AppleWebKit/534.57.2 (KHTML, like Gecko) Version/5.1.7 Safari/534.57.2"
208.115.113.88 - - [09/Mar/2013:14:14:47 +0100] "GET /seiten/fsw.htm HTTP/1.1" 200 9961 "-" "Mozilla/5.0 (compatible; Ezooms/1.0; ezooms.bot@gmail.com)"
208.115.113.87 - - [09/Mar/2013:14:19:45 +0100] "GET /seiten/kontroll.htm HTTP/1.1" 200 6599 "-" "Mozilla/5.0 (compatible; Ezooms/1.0; ezooms.bot@gmail.com)"
173.199.118.171 - - [09/Mar/2013:14:56:51 +0100] "GET /robots.txt HTTP/1.1" 404 1256 "-" "Mozilla/5.0 (compatible; AhrefsBot/4.0; +http://ahrefs.com/robot/)"
124.115.6.14 - - [09/Mar/2013:15:02:53 +0100] "GET /robots.txt HTTP/1.1" 404 1256 "-" "Mozilla/5.0(compatible; Sosospider/2.0; +http://help.soso.com/webspider.htm)"
141.8.147.12 - - [09/Mar/2013:15:19:10 +0100] "GET /robots.txt HTTP/1.1" 404 1256 "-" "Mozilla/5.0 (compatible; YandexBot/3.0; +http://yandex.com/bots)"
141.8.147.12 - - [09/Mar/2013:15:19:11 +0100] "GET /robots.txt HTTP/1.1" 404 1256 "-" "Mozilla/5.0 (compatible; YandexBot/3.0; +http://yandex.com/bots)"
141.8.147.12 - - [09/Mar/2013:15:19:11 +0100] "GET /robots.txt HTTP/1.1" 404 1256 "-" "Mozilla/5.0 (compatible; YandexBot/3.0; +http://yandex.com/bots)"
141.8.147.12 - - [09/Mar/2013:15:19:11 +0100] "GET /robots.txt HTTP/1.1" 404 1256 "-" "Mozilla/5.0 (compatible; YandexBot/3.0; +http://yandex.com/bots)"
