54.36.148.170 - - [23/Jun/2022:06:58:37 +0200] "GET /aktuell.html HTTP/1.1" 404 2381 "-" "Mozilla/5.0 (compatible; AhrefsBot/7.0; +http://ahrefs.com/robot/)"
157.55.39.185 - - [23/Jun/2022:07:07:36 +0200] "GET /kontakt/index.html HTTP/1.1" 200 2896 "-" "Mozilla/5.0 (compatible; bingbot/2.0; +http://www.bing.com/bingbot.htm)"
157.55.39.185 - - [23/Jun/2022:07:07:55 +0200] "GET /main.css HTTP/1.1" 200 1439 "-" "Mozilla/5.0 (compatible; bingbot/2.0; +http://www.bing.com/bingbot.htm)"
34.75.49.160 - - [23/Jun/2022:07:10:12 +0200] "GET /robots.txt HTTP/1.0" 200 100 "-" "ZoominfoBot (zoominfobot at zoominfo dot com)"
34.75.49.160 - - [23/Jun/2022:07:10:13 +0200] "GET / HTTP/1.0" 200 9360 "-" "ZoominfoBot (zoominfobot at zoominfo dot com)"
78.46.90.120 - - [23/Jun/2022:07:55:53 +0200] "GET /sonderthemen/oekt_extra1.pdf HTTP/1.1" 200 1849015 "-" "Mozilla/5.0 (Macintosh; Intel Mac OS X 10_15_6) AppleWebKit/605.1.15 (KHTML, like Gecko) Version/14.0.2 Safari/605.1.15"
35.237.44.154 - - [23/Jun/2022:08:06:10 +0200] "GET /robots.txt HTTP/1.0" 200 100 "-" "ZoominfoBot (zoominfobot at zoominfo dot com)"
35.237.44.154 - - [23/Jun/2022:08:06:10 +0200] "GET /cds/ignatius.html HTTP/1.0" 200 6576 "-" "ZoominfoBot (zoominfobot at zoominfo dot com)"
35.237.44.154 - - [23/Jun/2022:08:20:21 +0200] "GET /buecher/veroeffentlichungsliste.html HTTP/1.0" 200 129779 "-" "ZoominfoBot (zoominfobot at zoominfo dot com)"
157.55.39.144 - - [23/Jun/2022:08:24:49 +0200] "GET /sonderthemen/index.html HTTP/1.1" 304 - "-" "Mozilla/5.0 (compatible; bingbot/2.0; +http://www.bing.com/bingbot.htm)"
35.237.44.154 - - [23/Jun/2022:08:25:34 +0200] "GET /cds/hymnos_akathistos.html HTTP/1.0" 200 11061 "-" "ZoominfoBot (zoominfobot at zoominfo dot com)"
35.237.44.154 - - [23/Jun/2022:08:25:44 +0200] "GET /jahrbuch/index.html HTTP/1.0" 200 3956 "-" "ZoominfoBot (zoominfobot at zoominfo dot com)"
35.237.44.154 - - [23/Jun/2022:08:38:06 +0200] "GET /buecher/rezensionen_chateaubriand.html HTTP/1.0" 200 47317 "-" "ZoominfoBot (zoominfobot at zoominfo dot com)"
54.36.148.247 - - [23/Jun/2022:08:38:48 +0200] "GET /index.html HTTP/1.1" 200 9360 "-" "Mozilla/5.0 (compatible; AhrefsBot/7.0; +http://ahrefs.com/robot/)"
35.237.44.154 - - [23/Jun/2022:08:40:57 +0200] "GET /kontakt/index.html HTTP/1.0" 200 2896 "-" "ZoominfoBot (zoominfobot at zoominfo dot com)"
35.237.44.154 - - [23/Jun/2022:08:44:14 +0200] "GET /cds/rosarium.html HTTP/1.0" 200 6680 "-" "ZoominfoBot (zoominfobot at zoominfo dot com)"
35.237.44.154 - - [23/Jun/2022:09:19:19 +0200] "GET /impressum.html HTTP/1.0" 200 2808 "-" "ZoominfoBot (zoominfobot at zoominfo dot com)"
35.237.44.154 - - [23/Jun/2022:09:21:34 +0200] "GET /gotteslob/index.html HTTP/1.0" 200 2770 "-" "ZoominfoBot (zoominfobot at zoominfo dot com)"
185.138.241.180 - - [23/Jun/2022:09:25:19 +0200] "GET / HTTP/1.1" 200 9360 "http://www.morusverlag.de" "Mozilla/5.0 (Macintosh; Intel Mac OS X 10_14_2) AppleWebKit/537.36 (KHTML, like Gecko) Chrome/74.0.3687.0 Safari/537.36"
35.237.44.154 - - [23/Jun/2022:09:27:06 +0200] "GET /sonderthemen/index.html HTTP/1.0" 200 7102 "-" "ZoominfoBot (zoominfobot at zoominfo dot com)"
35.237.44.154 - - [23/Jun/2022:09:33:00 +0200] "GET /cds/index.html HTTP/1.0" 200 7987 "-" "ZoominfoBot (zoominfobot at zoominfo dot com)"
35.237.44.154 - - [23/Jun/2022:09:33:45 +0200] "GET /buecher/index.html HTTP/1.0" 200 25885 "-" "ZoominfoBot (zoominfobot at zoominfo dot com)"
5.161.133.46 - - [23/Jun/2022:09:48:47 +0200] "GET /buecher/ HTTP/1.1" 200 25885 "-" "Mozilla/5.0 (Windows NT 10.0; Win64; x64) AppleWebKit/537.36 (KHTML, like Gecko) Chrome/84.0.4147.105 Safari/537.36"
185.138.241.87 - - [23/Jun/2022:10:16:25 +0200] "GET /robots.txt HTTP/1.1" 200 100 "-" "Mozilla/5.0 (Windows NT 6.1; WOW64; rv:54.0) Gecko/20100101 Firefox/73.0"
185.138.241.87 - - [23/Jun/2022:10:17:02 +0200] "GET / HTTP/1.1" 200 9360 "-" "Mozilla/5.0 (Windows NT 6.1; WOW64; rv:54.0) Gecko/20100101 Firefox/73.0"
185.138.241.87 - - [23/Jun/2022:10:17:24 +0200] "GET / HTTP/1.1" 200 9360 "-" "Mozilla/5.0 (Windows NT 6.1; WOW64; rv:54.0) Gecko/20100101 Firefox/73.0"
185.138.241.87 - - [23/Jun/2022:10:17:29 +0200] "GET /buecher/rezensionen_chateaubriand.html HTTP/1.1" 200 47317 "-" "Mozilla/5.0 (Windows NT 6.1; WOW64; rv:54.0) Gecko/20100101 Firefox/73.0"
185.138.241.87 - - [23/Jun/2022:10:17:36 +0200] "GET /sonderthemen/index.html HTTP/1.1" 200 7102 "-" "Mozilla/5.0 (Windows NT 6.1; WOW64; rv:54.0) Gecko/20100101 Firefox/73.0"
185.138.241.87 - - [23/Jun/2022:10:17:41 +0200] "GET /impressum.html HTTP/1.1" 200 2808 "-" "Mozilla/5.0 (Windows NT 6.1; WOW64; rv:54.0) Gecko/20100101 Firefox/73.0"
185.138.241.87 - - [23/Jun/2022:10:17:46 +0200] "GET /kontakt/index.html HTTP/1.1" 200 2896 "-" "Mozilla/5.0 (Windows NT 6.1; WOW64; rv:54.0) Gecko/20100101 Firefox/73.0"
185.138.241.87 - - [23/Jun/2022:10:17:53 +0200] "GET /cds/rosarium.html HTTP/1.1" 200 6680 "-" "Mozilla/5.0 (Windows NT 6.1; WOW64; rv:54.0) Gecko/20100101 Firefox/73.0"
185.138.241.87 - - [23/Jun/2022:10:17:58 +0200] "GET /buecher/veroeffentlichungsliste.html HTTP/1.1" 200 129779 "-" "Mozilla/5.0 (Windows NT 6.1; WOW64; rv:54.0) Gecko/20100101 Firefox/73.0"
185.138.241.87 - - [23/Jun/2022:10:18:03 +0200] "GET /gotteslob/index.html HTTP/1.1" 200 2770 "-" "Mozilla/5.0 (Windows NT 6.1; WOW64; rv:54.0) Gecko/20100101 Firefox/73.0"
185.138.241.87 - - [23/Jun/2022:10:18:10 +0200] "GET /cds/index.html HTTP/1.1" 200 7987 "-" "Mozilla/5.0 (Windows NT 6.1; WOW64; rv:54.0) Gecko/20100101 Firefox/73.0"
185.138.241.87 - - [23/Jun/2022:10:18:15 +0200] "GET /cds/hymnos_akathistos.html HTTP/1.1" 200 11061 "-" "Mozilla/5.0 (Windows NT 6.1; WOW64; rv:54.0) Gecko/20100101 Firefox/73.0"
185.138.241.87 - - [23/Jun/2022:10:18:20 +0200] "GET /buecher/index.html HTTP/1.1" 200 25885 "-" "Mozilla/5.0 (Windows NT 6.1; WOW64; rv:54.0) Gecko/20100101 Firefox/73.0"
185.138.241.87 - - [23/Jun/2022:10:18:27 +0200] "GET /cds/ignatius.html HTTP/1.1" 200 6576 "-" "Mozilla/5.0 (Windows NT 6.1; WOW64; rv:54.0) Gecko/20100101 Firefox/73.0"
185.138.241.87 - - [23/Jun/2022:10:18:32 +0200] "GET /jahrbuch/index.html HTTP/1.1" 200 3956 "-" "Mozilla/5.0 (Windows NT 6.1; WOW64; rv:54.0) Gecko/20100101 Firefox/73.0"
52.226.227.211 - - [23/Jun/2022:10:55:01 +0200] "GET /sonderthemen/mv.gif HTTP/1.1" 200 700 "-" "Mozilla/5.0 (Windows NT 10.0; Win64; x64) AppleWebKit/537.36 (KHTML, like Gecko) Chrome/76.0.3809.100 Safari/537.36"
114.119.149.90 - - [23/Jun/2022:11:08:14 +0200] "GET /robots.txt HTTP/1.1" 200 100 "-" "Mozilla/5.0 (compatible;PetalBot;+https://webmaster.petalsearch.com/site/petalbot)"
144.76.102.243 - - [23/Jun/2022:11:59:36 +0200] "GET /sonderthemen/oekt_extra2.pdf HTTP/1.1" 200 1939949 "-" "Mozilla/5.0 (Macintosh; Intel Mac OS X 10.16; rv:83.0) Gecko/20100101 Firefox/83.0"
144.76.168.111 - - [23/Jun/2022:11:59:36 +0200] "GET /sonderthemen/oekt_extra3.pdf HTTP/1.1" 200 2109745 "-" "Mozilla/5.0 (Macintosh; Intel Mac OS X 10_14_6) AppleWebKit/537.36 (KHTML, like Gecko) Chrome/87.0.4280.88 Safari/537.36"
85.25.177.187 - - [23/Jun/2022:13:43:14 +0200] "GET / HTTP/1.1" 200 9360 "-" "SEO Scanner/1.2.4 (SEO Crawler; seoscanners.info; info@seoscanners.info)"
85.25.177.187 - - [23/Jun/2022:14:03:53 +0200] "GET /cds/ignatius.html HTTP/1.1" 200 6576 "-" "SEO Scanner/1.2.4 (SEO Crawler; seoscanners.info; info@seoscanners.info)"
207.46.13.236 - - [23/Jun/2022:14:13:53 +0200] "GET /robots.txt HTTP/1.1" 200 100 "-" "Mozilla/5.0 (compatible; bingbot/2.0; +http://www.bing.com/bingbot.htm)"
157.55.39.96 - - [23/Jun/2022:14:13:58 +0200] "GET /buecher/gesichter/20.jpg HTTP/1.1" 200 8785 "-" "Mozilla/5.0 (compatible; bingbot/2.0; +http://www.bing.com/bingbot.htm)"
85.25.177.187 - - [23/Jun/2022:14:21:00 +0200] "GET /buecher/index.html HTTP/1.1" 200 25885 "-" "SEO Scanner/1.2.4 (SEO Crawler; seoscanners.info; info@seoscanners.info)"
62.138.3.40 - - [23/Jun/2022:14:21:10 +0200] "GET /buecher/gesichter/09.jpg HTTP/1.1" 200 9739 "-" "SEO Scanner/1.2.4 (SEO Crawler; seoscanners.info; info@seoscanners.info)"
62.138.3.52 - - [23/Jun/2022:14:21:10 +0200] "GET /buecher/krise_zum_heil.jpg HTTP/1.1" 200 1930 "-" "SEO Scanner/1.2.4 (SEO Crawler; seoscanners.info; info@seoscanners.info)"
85.25.177.187 - - [23/Jun/2022:14:30:11 +0200] "GET /jahrbuch/index.html HTTP/1.1" 200 3956 "-" "SEO Scanner/1.2.4 (SEO Crawler; seoscanners.info; info@seoscanners.info)"
54.36.148.50 - - [23/Jun/2022:14:32:58 +0200] "GET / HTTP/1.1" 200 9360 "-" "Mozilla/5.0 (compatible; AhrefsBot/7.0; +http://ahrefs.com/robot/)"
85.25.177.187 - - [23/Jun/2022:14:41:23 +0200] "GET /cds/index.html HTTP/1.1" 200 7987 "-" "SEO Scanner/1.2.4 (SEO Crawler; seoscanners.info; info@seoscanners.info)"
157.90.177.227 - - [23/Jun/2022:14:47:39 +0200] "GET /robots.txt HTTP/1.1" 200 100 "-" "Mozilla/5.0 (compatible; BLEXBot/1.0; +http://webmeup-crawler.com/)"
157.90.177.227 - - [23/Jun/2022:14:47:42 +0200] "GET /sitemap HTTP/1.1" 404 2381 "-" "Mozilla/5.0 (compatible; BLEXBot/1.0; +http://webmeup-crawler.com/)"
157.90.177.227 - - [23/Jun/2022:14:47:46 +0200] "GET /sitemap.txt HTTP/1.1" 404 2381 "-" "Mozilla/5.0 (compatible; BLEXBot/1.0; +http://webmeup-crawler.com/)"
85.25.177.187 - - [23/Jun/2022:14:54:28 +0200] "GET /buecher/rezensionen_ignatius.html HTTP/1.1" 200 8182 "-" "SEO Scanner/1.2.4 (SEO Crawler; seoscanners.info; info@seoscanners.info)"
85.25.177.187 - - [23/Jun/2022:14:54:45 +0200] "GET /kontakt/index.html HTTP/1.1" 200 2896 "-" "SEO Scanner/1.2.4 (SEO Crawler; seoscanners.info; info@seoscanners.info)"
157.55.39.144 - - [23/Jun/2022:14:58:46 +0200] "GET /buecher/gesichter/14.jpg HTTP/1.1" 200 7847 "-" "Mozilla/5.0 (compatible; bingbot/2.0; +http://www.bing.com/bingbot.htm)"
17.121.112.49 - - [23/Jun/2022:15:05:43 +0200] "GET /robots.txt HTTP/1.1" 200 100 "-" "Mozilla/5.0 (Macintosh; Intel Mac OS X 10_15_5) AppleWebKit/605.1.15 (KHTML, like Gecko) Version/13.1.1 Safari/605.1.15 (Applebot/0.1; +http://www.apple.com/go/applebot)"
17.121.112.49 - - [23/Jun/2022:15:05:43 +0200] "GET / HTTP/1.1" 200 9360 "-" "Mozilla/5.0 (Macintosh; Intel Mac OS X 10_15_5) AppleWebKit/605.1.15 (KHTML, like Gecko) Version/13.1.1 Safari/605.1.15 (Applebot/0.1; +http://www.apple.com/go/applebot)"
85.25.177.187 - - [23/Jun/2022:15:06:33 +0200] "GET /sonderthemen/index.html HTTP/1.1" 200 7102 "-" "SEO Scanner/1.2.4 (SEO Crawler; seoscanners.info; info@seoscanners.info)"
85.25.177.187 - - [23/Jun/2022:15:06:52 +0200] "GET /index.html HTTP/1.1" 200 9360 "-" "SEO Scanner/1.2.4 (SEO Crawler; seoscanners.info; info@seoscanners.info)"
85.25.177.187 - - [23/Jun/2022:15:16:51 +0200] "GET /jahrbuch/bestellung.php HTTP/1.1" 200 10316 "-" "SEO Scanner/1.2.4 (SEO Crawler; seoscanners.info; info@seoscanners.info)"
85.25.177.187 - - [23/Jun/2022:15:17:11 +0200] "GET /impressum.html HTTP/1.1" 200 2808 "-" "SEO Scanner/1.2.4 (SEO Crawler; seoscanners.info; info@seoscanners.info)"
185.191.171.36 - - [23/Jun/2022:15:20:51 +0200] "GET /robots.txt HTTP/1.1" 200 100 "-" "Mozilla/5.0 (compatible; SemrushBot/7~bl; +http://www.semrush.com/bot.html)"
185.191.171.3 - - [23/Jun/2022:15:20:51 +0200] "GET /buecher/rezensionen.html HTTP/1.1" 200 6964 "-" "Mozilla/5.0 (compatible; SemrushBot/7~bl; +http://www.semrush.com/bot.html)"
85.25.177.187 - - [23/Jun/2022:15:26:38 +0200] "GET /cds/hymnos_akathistos.html HTTP/1.1" 200 11061 "-" "SEO Scanner/1.2.4 (SEO Crawler; seoscanners.info; info@seoscanners.info)"
85.25.177.187 - - [23/Jun/2022:15:29:23 +0200] "GET /cds/rosarium.html HTTP/1.1" 200 6680 "-" "SEO Scanner/1.2.4 (SEO Crawler; seoscanners.info; info@seoscanners.info)"
85.25.177.187 - - [23/Jun/2022:15:36:55 +0200] "GET /buecher/rezensionen_chateaubriand.html HTTP/1.1" 200 47317 "-" "SEO Scanner/1.2.4 (SEO Crawler; seoscanners.info; info@seoscanners.info)"
85.25.177.139 - - [23/Jun/2022:15:37:07 +0200] "GET /buecher/schenuit.jpg HTTP/1.1" 200 2024 "-" "SEO Scanner/1.2.4 (SEO Crawler; seoscanners.info; info@seoscanners.info)"
157.55.39.96 - - [23/Jun/2022:15:37:37 +0200] "GET /buecher/gesichter/04.jpg HTTP/1.1" 200 7078 "-" "Mozilla/5.0 (compatible; bingbot/2.0; +http://www.bing.com/bingbot.htm)"
85.25.177.187 - - [23/Jun/2022:15:37:43 +0200] "GET /jahrbuch/titelseiten/index.html HTTP/1.1" 200 6735 "-" "SEO Scanner/1.2.4 (SEO Crawler; seoscanners.info; info@seoscanners.info)"
85.25.177.187 - - [23/Jun/2022:15:47:42 +0200] "GET /buecher/veroeffentlichungsliste.html HTTP/1.1" 200 129779 "-" "SEO Scanner/1.2.4 (SEO Crawler; seoscanners.info; info@seoscanners.info)"
85.25.177.187 - - [23/Jun/2022:15:55:51 +0200] "GET /gotteslob/index.html HTTP/1.1" 200 2770 "-" "SEO Scanner/1.2.4 (SEO Crawler; seoscanners.info; info@seoscanners.info)"
85.25.177.187 - - [23/Jun/2022:16:06:12 +0200] "GET /buecher/rezensionen_psalmen.html HTTP/1.1" 200 6787 "-" "SEO Scanner/1.2.4 (SEO Crawler; seoscanners.info; info@seoscanners.info)"
85.25.177.187 - - [23/Jun/2022:16:12:26 +0200] "GET /buecher/rezensionen_nicht_auf_sand_gebaut.html HTTP/1.1" 200 6594 "-" "SEO Scanner/1.2.4 (SEO Crawler; seoscanners.info; info@seoscanners.info)"
85.25.177.187 - - [23/Jun/2022:16:15:11 +0200] "GET /buecher/rezensionen_krise_zum_heil.html HTTP/1.1" 200 9828 "-" "SEO Scanner/1.2.4 (SEO Crawler; seoscanners.info; info@seoscanners.info)"
85.25.177.187 - - [23/Jun/2022:16:23:11 +0200] "GET /buecher/rezensionen_le_saulchoir.html HTTP/1.1" 200 34009 "-" "SEO Scanner/1.2.4 (SEO Crawler; seoscanners.info; info@seoscanners.info)"
80.187.114.225 - - [23/Jun/2022:16:30:27 +0200] "GET /buecher/gesichter.jpg HTTP/1.1" 200 7271 "http://www.morusverlag.de/" "Mozilla/5.0 (Macintosh; Intel Mac OS X 10_15_7) AppleWebKit/605.1.15 (KHTML, like Gecko) Version/15.6 Safari/605.1.15"
80.187.114.225 - - [23/Jun/2022:16:30:27 +0200] "GET /logo_g.gif HTTP/1.1" 200 1301 "http://www.morusverlag.de/" "Mozilla/5.0 (Macintosh; Intel Mac OS X 10_15_7) AppleWebKit/605.1.15 (KHTML, like Gecko) Version/15.6 Safari/605.1.15"
80.187.114.225 - - [23/Jun/2022:16:30:27 +0200] "GET /buecher/engel.jpg HTTP/1.1" 200 5414 "http://www.morusverlag.de/" "Mozilla/5.0 (Macintosh; Intel Mac OS X 10_15_7) AppleWebKit/605.1.15 (KHTML, like Gecko) Version/15.6 Safari/605.1.15"
80.187.114.225 - - [23/Jun/2022:16:30:27 +0200] "GET /buch_k.jpg HTTP/1.1" 200 4591 "http://www.morusverlag.de/" "Mozilla/5.0 (Macintosh; Intel Mac OS X 10_15_7) AppleWebKit/605.1.15 (KHTML, like Gecko) Version/15.6 Safari/605.1.15"
85.25.177.187 - - [23/Jun/2022:16:31:30 +0200] "GET /buecher/rezension_gesichter_u_geschichten.pdf HTTP/1.1" 200 223287 "-" "SEO Scanner/1.2.4 (SEO Crawler; seoscanners.info; info@seoscanners.info)"
85.25.177.187 - - [23/Jun/2022:16:32:30 +0200] "GET /buecher/rezensionen_leiblichkeit_und_zeitlichkeit.html HTTP/1.1" 200 8821 "-" "SEO Scanner/1.2.4 (SEO Crawler; seoscanners.info; info@seoscanners.info)"
80.187.114.225 - - [23/Jun/2022:16:41:19 +0200] "GET / HTTP/1.1" 200 9360 "-" "Mozilla/5.0 (Macintosh; Intel Mac OS X 10_15_7) AppleWebKit/605.1.15 (KHTML, like Gecko) Version/15.6 Safari/605.1.15"
80.187.114.225 - - [23/Jun/2022:16:41:20 +0200] "GET / HTTP/1.1" 200 9360 "-" "Mozilla/5.0 (Macintosh; Intel Mac OS X 10_15_7) AppleWebKit/605.1.15 (KHTML, like Gecko) Version/15.6 Safari/605.1.15"
85.25.177.187 - - [23/Jun/2022:16:46:01 +0200] "GET /buecher/bestellung.php HTTP/1.1" 200 10142 "-" "SEO Scanner/1.2.4 (SEO Crawler; seoscanners.info; info@seoscanners.info)"
85.25.177.187 - - [23/Jun/2022:16:47:53 +0200] "GET /buecher/diskussion.html HTTP/1.1" 200 9925 "-" "SEO Scanner/1.2.4 (SEO Crawler; seoscanners.info; info@seoscanners.info)"
85.25.177.187 - - [23/Jun/2022:16:48:28 +0200] "GET /buecher/rezensionen_preysing.html HTTP/1.1" 200 9502 "-" "SEO Scanner/1.2.4 (SEO Crawler; seoscanners.info; info@seoscanners.info)"
85.25.177.187 - - [23/Jun/2022:16:54:17 +0200] "GET /buecher/rezensionen_engel.html HTTP/1.1" 200 6598 "-" "SEO Scanner/1.2.4 (SEO Crawler; seoscanners.info; info@seoscanners.info)"
85.25.177.187 - - [23/Jun/2022:16:56:38 +0200] "GET /cds/lumina.html HTTP/1.1" 200 9000 "-" "SEO Scanner/1.2.4 (SEO Crawler; seoscanners.info; info@seoscanners.info)"
85.25.177.187 - - [23/Jun/2022:17:02:44 +0200] "GET /cds/glockenspiel2.html HTTP/1.1" 200 9831 "-" "SEO Scanner/1.2.4 (SEO Crawler; seoscanners.info; info@seoscanners.info)"
46.4.83.150 - - [23/Jun/2022:17:03:37 +0200] "GET /sonderthemen/az2000.pdf HTTP/1.1" 200 2253581 "-" "Mozilla/5.0 (X11; Linux x86_64) AppleWebKit/537.36 (KHTML, like Gecko) Chrome/86.0.4240.111 Safari/537.36"
85.25.177.187 - - [23/Jun/2022:17:05:20 +0200] "GET /cds/glockenspiel1.html HTTP/1.1" 200 9736 "-" "SEO Scanner/1.2.4 (SEO Crawler; seoscanners.info; info@seoscanners.info)"
80.187.114.225 - - [23/Jun/2022:17:09:08 +0200] "GET / HTTP/1.1" 404 - "-" "Mozilla/5.0 (Macintosh; Intel Mac OS X 10_15_7) AppleWebKit/605.1.15 (KHTML, like Gecko) Version/15.6 Safari/605.1.15"
80.187.114.225 - - [23/Jun/2022:17:09:10 +0200] "GET / HTTP/1.1" 404 - "-" "Mozilla/5.0 (Macintosh; Intel Mac OS X 10_15_7) AppleWebKit/605.1.15 (KHTML, like Gecko) Version/15.6 Safari/605.1.15"
80.187.114.225 - - [23/Jun/2022:17:09:11 +0200] "GET / HTTP/1.1" 404 - "-" "Mozilla/5.0 (Macintosh; Intel Mac OS X 10_15_7) AppleWebKit/605.1.15 (KHTML, like Gecko) Version/15.6 Safari/605.1.15"
80.187.114.225 - - [23/Jun/2022:17:09:12 +0200] "GET / HTTP/1.1" 404 - "-" "Mozilla/5.0 (Macintosh; Intel Mac OS X 10_15_7) AppleWebKit/605.1.15 (KHTML, like Gecko) Version/15.6 Safari/605.1.15"
80.187.114.225 - - [23/Jun/2022:17:09:13 +0200] "GET / HTTP/1.1" 404 - "-" "Mozilla/5.0 (Macintosh; Intel Mac OS X 10_15_7) AppleWebKit/605.1.15 (KHTML, like Gecko) Version/15.6 Safari/605.1.15"
85.25.177.187 - - [23/Jun/2022:17:10:59 +0200] "GET /cds/astazi.html HTTP/1.1" 404 - "-" "SEO Scanner/1.2.4 (SEO Crawler; seoscanners.info; info@seoscanners.info)"
80.187.114.225 - - [23/Jun/2022:17:11:00 +0200] "GET / HTTP/1.1" 404 - "-" "Mozilla/5.0 (Macintosh; Intel Mac OS X 10_15_7) AppleWebKit/605.1.15 (KHTML, like Gecko) Version/15.6 Safari/605.1.15"
80.187.114.225 - - [23/Jun/2022:17:11:01 +0200] "GET / HTTP/1.1" 404 - "-" "Mozilla/5.0 (Macintosh; Intel Mac OS X 10_15_7) AppleWebKit/605.1.15 (KHTML, like Gecko) Version/15.6 Safari/605.1.15"
80.187.114.225 - - [23/Jun/2022:17:11:49 +0200] "GET / HTTP/1.1" 200 1243 "-" "Mozilla/5.0 (Macintosh; Intel Mac OS X 10_15_7) AppleWebKit/605.1.15 (KHTML, like Gecko) Version/15.6 Safari/605.1.15"
80.187.114.225 - - [23/Jun/2022:17:12:34 +0200] "GET / HTTP/1.1" 200 1243 "-" "Mozilla/5.0 (Macintosh; Intel Mac OS X 10_15_7) AppleWebKit/605.1.15 (KHTML, like Gecko) Version/15.6 Safari/605.1.15"
80.187.114.225 - - [23/Jun/2022:17:12:36 +0200] "GET / HTTP/1.1" 200 1243 "-" "Mozilla/5.0 (Macintosh; Intel Mac OS X 10_15_7) AppleWebKit/605.1.15 (KHTML, like Gecko) Version/15.6 Safari/605.1.15"
80.187.114.225 - - [23/Jun/2022:17:12:38 +0200] "GET / HTTP/1.1" 200 1243 "-" "Mozilla/5.0 (Macintosh; Intel Mac OS X 10_15_7) AppleWebKit/605.1.15 (KHTML, like Gecko) Version/15.6 Safari/605.1.15"
80.187.114.225 - - [23/Jun/2022:17:12:39 +0200] "GET / HTTP/1.1" 200 1243 "-" "Mozilla/5.0 (Macintosh; Intel Mac OS X 10_15_7) AppleWebKit/605.1.15 (KHTML, like Gecko) Version/15.6 Safari/605.1.15"
80.187.114.225 - - [23/Jun/2022:17:13:23 +0200] "GET / HTTP/1.1" 404 - "-" "Mozilla/5.0 (Macintosh; Intel Mac OS X 10_15_7) AppleWebKit/605.1.15 (KHTML, like Gecko) Version/15.6 Safari/605.1.15"
80.187.114.225 - - [23/Jun/2022:17:13:24 +0200] "GET / HTTP/1.1" 404 - "-" "Mozilla/5.0 (Macintosh; Intel Mac OS X 10_15_7) AppleWebKit/605.1.15 (KHTML, like Gecko) Version/15.6 Safari/605.1.15"
85.25.177.187 - - [23/Jun/2022:17:13:56 +0200] "GET /buecher/rezensionen.html HTTP/1.1" 404 - "-" "SEO Scanner/1.2.4 (SEO Crawler; seoscanners.info; info@seoscanners.info)"
85.25.177.187 - - [23/Jun/2022:17:16:22 +0200] "GET / HTTP/1.1" 404 - "-" "SEO Scanner/1.2.4 (SEO Crawler; seoscanners.info; info@seoscanners.info)"
144.76.168.111 - - [23/Jun/2022:17:18:24 +0200] "GET /sonderthemen/oeaz2002.pdf HTTP/1.1" 404 - "-" "Mozilla/5.0 (Macintosh; Intel Mac OS X 10_14_6) AppleWebKit/537.36 (KHTML, like Gecko) Chrome/87.0.4280.88 Safari/537.36"
85.25.177.187 - - [23/Jun/2022:17:18:27 +0200] "GET /sonderthemen/oekz2003_s01.pdf HTTP/1.1" 404 - "-" "SEO Scanner/1.2.4 (SEO Crawler; seoscanners.info; info@seoscanners.info)"
85.25.177.187 - - [23/Jun/2022:17:23:20 +0200] "GET /sonderthemen/oekt_extra1.pdf HTTP/1.1" 404 - "-" "SEO Scanner/1.2.4 (SEO Crawler; seoscanners.info; info@seoscanners.info)"
85.25.177.187 - - [23/Jun/2022:17:24:58 +0200] "GET /sonderthemen/az2003_s01.pdf HTTP/1.1" 404 - "-" "SEO Scanner/1.2.4 (SEO Crawler; seoscanners.info; info@seoscanners.info)"
85.25.177.187 - - [23/Jun/2022:17:32:41 +0200] "GET /sonderthemen/archiv.html HTTP/1.1" 404 - "-" "SEO Scanner/1.2.4 (SEO Crawler; seoscanners.info; info@seoscanners.info)"
85.25.177.187 - - [23/Jun/2022:17:39:03 +0200] "GET /sonderthemen/sk2004.pdf HTTP/1.1" 404 - "-" "SEO Scanner/1.2.4 (SEO Crawler; seoscanners.info; info@seoscanners.info)"
85.25.177.187 - - [23/Jun/2022:17:39:17 +0200] "GET /sonderthemen/oekt_extra2.pdf HTTP/1.1" 404 - "-" "SEO Scanner/1.2.4 (SEO Crawler; seoscanners.info; info@seoscanners.info)"
85.25.177.187 - - [23/Jun/2022:17:48:06 +0200] "GET /sonderthemen/oekz2003.pdf HTTP/1.1" 404 - "-" "SEO Scanner/1.2.4 (SEO Crawler; seoscanners.info; info@seoscanners.info)"
85.25.177.187 - - [23/Jun/2022:17:49:16 +0200] "GET /sonderthemen/oekt_extra3.pdf HTTP/1.1" 404 - "-" "SEO Scanner/1.2.4 (SEO Crawler; seoscanners.info; info@seoscanners.info)"
85.25.177.187 - - [23/Jun/2022:17:55:01 +0200] "GET /sonderthemen/az2003.pdf HTTP/1.1" 404 - "-" "SEO Scanner/1.2.4 (SEO Crawler; seoscanners.info; info@seoscanners.info)"
85.25.177.187 - - [23/Jun/2022:17:55:50 +0200] "GET /sonderthemen/presse.html HTTP/1.1" 404 - "-" "SEO Scanner/1.2.4 (SEO Crawler; seoscanners.info; info@seoscanners.info)"
85.25.177.187 - - [23/Jun/2022:18:03:08 +0200] "GET /sonderthemen/sk2004_s01.pdf HTTP/1.1" 404 - "-" "SEO Scanner/1.2.4 (SEO Crawler; seoscanners.info; info@seoscanners.info)"
65.190.55.4 - - [23/Jun/2022:18:40:37 +0200] "GET / HTTP/1.1" 404 - "-" "Mozilla/5.0 (iPhone; CPU iPhone OS 15_5 like Mac OS X) AppleWebKit/605.1.15 (KHTML, like Gecko) Version/15.5 Mobile/15E148 Safari/604.1"
85.25.177.187 - - [23/Jun/2022:19:15:44 +0200] "GET /cds/astazi.html HTTP/1.1" 404 - "-" "SEO Scanner/1.2.4 (SEO Crawler; seoscanners.info; info@seoscanners.info)"
85.25.177.187 - - [23/Jun/2022:19:19:08 +0200] "GET / HTTP/1.1" 404 - "-" "SEO Scanner/1.2.4 (SEO Crawler; seoscanners.info; info@seoscanners.info)"
85.25.177.187 - - [23/Jun/2022:19:29:32 +0200] "GET /sonderthemen/oekz2003_s01.pdf HTTP/1.1" 404 - "-" "SEO Scanner/1.2.4 (SEO Crawler; seoscanners.info; info@seoscanners.info)"
85.25.177.187 - - [23/Jun/2022:19:30:04 +0200] "GET /sonderthemen/oekt_extra1.pdf HTTP/1.1" 404 - "-" "SEO Scanner/1.2.4 (SEO Crawler; seoscanners.info; info@seoscanners.info)"
85.25.177.187 - - [23/Jun/2022:19:37:00 +0200] "GET /sonderthemen/archiv.html HTTP/1.1" 404 - "-" "SEO Scanner/1.2.4 (SEO Crawler; seoscanners.info; info@seoscanners.info)"
85.25.177.187 - - [23/Jun/2022:19:42:55 +0200] "GET /sonderthemen/sk2004.pdf HTTP/1.1" 404 - "-" "SEO Scanner/1.2.4 (SEO Crawler; seoscanners.info; info@seoscanners.info)"
85.25.177.187 - - [23/Jun/2022:19:47:39 +0200] "GET /buecher/rezensionen.html HTTP/1.1" 404 - "-" "SEO Scanner/1.2.4 (SEO Crawler; seoscanners.info; info@seoscanners.info)"
85.25.177.187 - - [23/Jun/2022:19:48:18 +0200] "GET /sonderthemen/oekz2003.pdf HTTP/1.1" 404 - "-" "SEO Scanner/1.2.4 (SEO Crawler; seoscanners.info; info@seoscanners.info)"
85.25.177.187 - - [23/Jun/2022:19:49:30 +0200] "GET /sonderthemen/az2003_s01.pdf HTTP/1.1" 404 - "-" "SEO Scanner/1.2.4 (SEO Crawler; seoscanners.info; info@seoscanners.info)"
85.25.177.187 - - [23/Jun/2022:19:51:12 +0200] "GET /sonderthemen/oekt_extra3.pdf HTTP/1.1" 404 - "-" "SEO Scanner/1.2.4 (SEO Crawler; seoscanners.info; info@seoscanners.info)"
85.25.177.187 - - [23/Jun/2022:19:54:13 +0200] "GET /sonderthemen/oekt_extra2.pdf HTTP/1.1" 404 - "-" "SEO Scanner/1.2.4 (SEO Crawler; seoscanners.info; info@seoscanners.info)"
85.25.177.187 - - [23/Jun/2022:19:57:56 +0200] "GET /sonderthemen/az2003.pdf HTTP/1.1" 404 - "-" "SEO Scanner/1.2.4 (SEO Crawler; seoscanners.info; info@seoscanners.info)"
85.25.177.187 - - [23/Jun/2022:19:58:11 +0200] "GET /sonderthemen/presse.html HTTP/1.1" 404 - "-" "SEO Scanner/1.2.4 (SEO Crawler; seoscanners.info; info@seoscanners.info)"
85.25.177.187 - - [23/Jun/2022:20:06:01 +0200] "GET /sonderthemen/sk2004_s01.pdf HTTP/1.1" 404 - "-" "SEO Scanner/1.2.4 (SEO Crawler; seoscanners.info; info@seoscanners.info)"
138.201.11.237 - - [23/Jun/2022:20:12:32 +0200] "GET /buecher/diskussion.html HTTP/1.1" 404 - "-" "Mozilla/5.0 (Windows NT 10.0; Win64; x64) AppleWebKit/537.36 (KHTML, like Gecko) Chrome/86.0.4240.183 Safari/537.36"
86.56.30.232 - - [23/Jun/2022:20:22:17 +0200] "GET /buecher/ HTTP/1.1" 404 - "https://www.google.de/" "Mozilla/5.0 (Linux; Android 10; SM-G973F) AppleWebKit/537.36 (KHTML, like Gecko) Chrome/100.0.4896.127 Mobile Safari/537.36 OPR/69.3.3606.65458"
86.56.30.232 - - [23/Jun/2022:20:22:26 +0200] "GET /buecher/ HTTP/1.1" 404 - "https://www.google.de/" "Mozilla/5.0 (Linux; Android 10; SM-G973F) AppleWebKit/537.36 (KHTML, like Gecko) Chrome/100.0.4896.127 Mobile Safari/537.36 OPR/69.3.3606.65458"
85.25.177.187 - - [23/Jun/2022:21:20:33 +0200] "GET /cds/astazi.html HTTP/1.1" 404 - "-" "SEO Scanner/1.2.4 (SEO Crawler; seoscanners.info; info@seoscanners.info)"
85.25.177.187 - - [23/Jun/2022:21:21:56 +0200] "GET / HTTP/1.1" 404 - "-" "SEO Scanner/1.2.4 (SEO Crawler; seoscanners.info; info@seoscanners.info)"
77.190.1.198 - - [23/Jun/2022:21:26:05 +0200] "GET /buecher/ HTTP/1.1" 404 - "https://www.google.com/" "Mozilla/5.0 (Linux; Android 11; SAMSUNG SM-A805F) AppleWebKit/537.36 (KHTML, like Gecko) SamsungBrowser/17.0 Chrome/96.0.4664.104 Mobile Safari/537.36"
77.190.1.198 - - [23/Jun/2022:21:26:05 +0200] "GET /favicon.ico HTTP/1.1" 404 - "http://www.morusverlag.de/buecher/" "Mozilla/5.0 (Linux; Android 11; SAMSUNG SM-A805F) AppleWebKit/537.36 (KHTML, like Gecko) SamsungBrowser/17.0 Chrome/96.0.4664.104 Mobile Safari/537.36"
194.31.98.150 - - [23/Jun/2022:21:26:30 +0200] "GET / HTTP/1.1" 404 - "-" "python-requests/2.27.1"
194.31.98.150 - - [23/Jun/2022:21:26:42 +0200] "GET /.env HTTP/1.1" 404 - "-" "python-requests/2.27.1"
85.25.177.187 - - [23/Jun/2022:21:33:58 +0200] "GET /sonderthemen/oekz2003_s01.pdf HTTP/1.1" 404 - "-" "SEO Scanner/1.2.4 (SEO Crawler; seoscanners.info; info@seoscanners.info)"
85.25.177.187 - - [23/Jun/2022:21:34:57 +0200] "GET /sonderthemen/oekt_extra1.pdf HTTP/1.1" 404 - "-" "SEO Scanner/1.2.4 (SEO Crawler; seoscanners.info; info@seoscanners.info)"
85.25.177.187 - - [23/Jun/2022:21:41:12 +0200] "GET /sonderthemen/archiv.html HTTP/1.1" 404 - "-" "SEO Scanner/1.2.4 (SEO Crawler; seoscanners.info; info@seoscanners.info)"
188.110.241.172 - - [23/Jun/2022:21:45:56 +0200] "GET /buecher/rezensionen_chateaubriand.html HTTP/1.1" 404 - "https://www.google.de/" "Mozilla/5.0 (Macintosh; Intel Mac OS X 10_15_6) AppleWebKit/605.1.15 (KHTML, like Gecko) Version/15.4 Safari/605.1.15"
188.110.241.172 - - [23/Jun/2022:21:45:57 +0200] "GET /favicon.ico HTTP/1.1" 404 - "http://www.morusverlag.de/buecher/rezensionen_chateaubriand.html" "Mozilla/5.0 (Macintosh; Intel Mac OS X 10_15_6) AppleWebKit/605.1.15 (KHTML, like Gecko) Version/15.4 Safari/605.1.15"
85.25.177.187 - - [23/Jun/2022:21:46:08 +0200] "GET /sonderthemen/sk2004.pdf HTTP/1.1" 404 - "-" "SEO Scanner/1.2.4 (SEO Crawler; seoscanners.info; info@seoscanners.info)"
85.25.177.187 - - [23/Jun/2022:21:50:30 +0200] "GET /buecher/rezensionen.html HTTP/1.1" 404 - "-" "SEO Scanner/1.2.4 (SEO Crawler; seoscanners.info; info@seoscanners.info)"
85.25.177.187 - - [23/Jun/2022:21:51:01 +0200] "GET /sonderthemen/oekz2003.pdf HTTP/1.1" 404 - "-" "SEO Scanner/1.2.4 (SEO Crawler; seoscanners.info; info@seoscanners.info)"
85.25.177.187 - - [23/Jun/2022:21:52:37 +0200] "GET /sonderthemen/az2003_s01.pdf HTTP/1.1" 404 - "-" "SEO Scanner/1.2.4 (SEO Crawler; seoscanners.info; info@seoscanners.info)"
85.25.177.187 - - [23/Jun/2022:21:56:44 +0200] "GET /sonderthemen/oekt_extra3.pdf HTTP/1.1" 404 - "-" "SEO Scanner/1.2.4 (SEO Crawler; seoscanners.info; info@seoscanners.info)"
85.25.177.187 - - [23/Jun/2022:21:57:09 +0200] "GET /sonderthemen/oekt_extra2.pdf HTTP/1.1" 404 - "-" "SEO Scanner/1.2.4 (SEO Crawler; seoscanners.info; info@seoscanners.info)"
66.249.73.65 - - [23/Jun/2022:21:57:54 +0200] "GET /robots.txt HTTP/1.1" 404 - "-" "Mozilla/5.0 (compatible; Googlebot/2.1; +http://www.google.com/bot.html)"
66.249.73.71 - - [23/Jun/2022:21:57:54 +0200] "GET /favicon.ico HTTP/1.1" 404 - "-" "Googlebot-Image/1.0"
85.25.177.187 - - [23/Jun/2022:22:01:09 +0200] "GET /sonderthemen/az2003.pdf HTTP/1.1" 404 - "-" "SEO Scanner/1.2.4 (SEO Crawler; seoscanners.info; info@seoscanners.info)"
85.25.177.187 - - [23/Jun/2022:22:03:29 +0200] "GET /sonderthemen/presse.html HTTP/1.1" 404 - "-" "SEO Scanner/1.2.4 (SEO Crawler; seoscanners.info; info@seoscanners.info)"
85.25.177.187 - - [23/Jun/2022:22:10:49 +0200] "GET /sonderthemen/sk2004_s01.pdf HTTP/1.1" 404 - "-" "SEO Scanner/1.2.4 (SEO Crawler; seoscanners.info; info@seoscanners.info)"
52.226.227.211 - - [23/Jun/2022:22:50:27 +0200] "GET /kontakt/index.html HTTP/1.1" 404 - "-" "Mozilla/5.0 (Windows NT 10.0; Win64; x64) AppleWebKit/537.36 (KHTML, like Gecko) Chrome/76.0.3809.100 Safari/537.36"
194.173.174.107 - - [23/Jun/2022:22:54:55 +0200] "HEAD / HTTP/1.1" 404 - "-" "Mozilla/5.0 (Windows NT 6.3; WOW64) AppleWebKit/537.36 (KHTML, like Gecko) Chrome/43.0.2357.134 Safari/537.36"
194.173.174.107 - - [23/Jun/2022:22:54:59 +0200] "GET / HTTP/1.1" 404 - "-" "Mozilla/5.0 (Windows NT 6.3; WOW64) AppleWebKit/537.36 (KHTML, like Gecko) Chrome/43.0.2357.134 Safari/537.36"
148.251.50.77 - - [23/Jun/2022:23:22:31 +0200] "GET /buecher/veroeffentlichungsliste.html HTTP/1.1" 404 - "-" "Mozilla/5.0 (Windows NT 10.0; Win64; x64) AppleWebKit/537.36 (KHTML, like Gecko) Chrome/87.0.4280.67 Safari/537.36 Edg/87.0.664.47"
144.76.168.111 - - [23/Jun/2022:23:22:44 +0200] "GET /buecher/veroeffentlichungsliste.html HTTP/1.1" 404 - "-" "Mozilla/5.0 (Macintosh; Intel Mac OS X 10_15_6) AppleWebKit/605.1.15 (KHTML, like Gecko) Version/13.1.2 Safari/605.1.15"
198.235.24.10 - - [24/Jun/2022:00:43:13 +0200] "GET / HTTP/1.1" 404 - "-" "Expanse, a Palo Alto Networks company, searches across the global IPv4 space multiple times per day to identify customers' presences on the Internet. If you would like to be excluded from our scans, please send IP addresses/domains to: scaninfo@paloaltonetworks.com"
52.226.210.206 - - [24/Jun/2022:00:53:32 +0200] "GET /gotteslob.jpg HTTP/1.1" 404 - "-" "Mozilla/5.0 (Windows NT 10.0; Win64; x64) AppleWebKit/537.36 (KHTML, like Gecko) Chrome/76.0.3809.100 Safari/537.36"
66.249.73.68 - - [24/Jun/2022:01:33:28 +0200] "GET /cds/hymnos_akathistos.html HTTP/1.1" 404 - "-" "Mozilla/5.0 (Linux; Android 6.0.1; Nexus 5X Build/MMB29P) AppleWebKit/537.36 (KHTML, like Gecko) Chrome/102.0.5005.115 Mobile Safari/537.36 (compatible; Googlebot/2.1; +http://www.google.com/bot.html)"
51.222.253.19 - - [24/Jun/2022:01:42:08 +0200] "GET /robots.txt HTTP/1.1" 404 - "-" "Mozilla/5.0 (compatible; AhrefsBot/7.0; +http://ahrefs.com/robot/)"
51.222.253.11 - - [24/Jun/2022:01:42:09 +0200] "GET / HTTP/1.1" 404 - "-" "Mozilla/5.0 (compatible; AhrefsBot/7.0; +http://ahrefs.com/robot/)"
64.124.8.42 - - [24/Jun/2022:01:45:56 +0200] "GET /robots.txt HTTP/1.1" 404 - "-" "Mozilla/5.0 (X11; Linux x86_64) AppleWebKit/537.36 (KHTML, like Gecko) Chrome/61.0.3163.79 Safari/537.36"
64.124.8.42 - - [24/Jun/2022:01:45:56 +0200] "GET / HTTP/1.1" 404 - "-" "Mozilla/5.0 (X11; Linux x86_64) AppleWebKit/537.36 (KHTML, like Gecko) Chrome/61.0.3163.79 Safari/537.36"
208.100.26.233 - - [24/Jun/2022:01:50:48 +0200] "GET / HTTP/1.1" 404 - "-" "Mozilla/5.0 (X11; Ubuntu; Linux i686; rv:68.0) Gecko/20100101 Firefox/68.0"
34.76.146.130 - - [24/Jun/2022:02:32:52 +0200] "GET / HTTP/1.1" 404 - "-" "Mozilla/5.0 (Windows NT 10.0; Win64; x64) AppleWebKit/537.36 (KHTML, like Gecko) Chrome/84.0.4147.105 Safari/537.36"
66.249.73.65 - - [24/Jun/2022:02:33:28 +0200] "GET /buecher/rezensionen_psalmen.html HTTP/1.1" 404 - "-" "Mozilla/5.0 (Linux; Android 6.0.1; Nexus 5X Build/MMB29P) AppleWebKit/537.36 (KHTML, like Gecko) Chrome/102.0.5005.115 Mobile Safari/537.36 (compatible; Googlebot/2.1; +http://www.google.com/bot.html)"
17.121.112.238 - - [24/Jun/2022:02:43:42 +0200] "GET /buecher/index.html HTTP/1.1" 404 - "-" "Mozilla/5.0 (Macintosh; Intel Mac OS X 10_15_5) AppleWebKit/605.1.15 (KHTML, like Gecko) Version/13.1.1 Safari/605.1.15 (Applebot/0.1; +http://www.apple.com/go/applebot)"
78.46.90.120 - - [24/Jun/2022:02:55:24 +0200] "GET /sonderthemen/az2003.pdf HTTP/1.1" 404 - "-" "Mozilla/5.0 (Windows NT 10.0; Win64; x64) AppleWebKit/537.36 (KHTML, like Gecko) Chrome/86.0.4240.75 Safari/537.36"
85.25.177.187 - - [24/Jun/2022:03:17:24 +0200] "GET /robots.txt HTTP/1.1" 404 - "-" "SEO Scanner/1.2.4 (SEO Crawler; seoscanners.info; info@seoscanners.info)"
85.25.177.187 - - [24/Jun/2022:03:17:24 +0200] "GET /buecher/ HTTP/1.1" 404 - "-" "SEO Scanner/1.2.4 (SEO Crawler; seoscanners.info; info@seoscanners.info)"
66.249.73.68 - - [24/Jun/2022:03:18:28 +0200] "GET /buecher/rezensionen_krise_zum_heil.html HTTP/1.1" 404 - "-" "Mozilla/5.0 (Linux; Android 6.0.1; Nexus 5X Build/MMB29P) AppleWebKit/537.36 (KHTML, like Gecko) Chrome/102.0.5005.115 Mobile Safari/537.36 (compatible; Googlebot/2.1; +http://www.google.com/bot.html)"
51.222.253.1 - - [24/Jun/2022:04:01:09 +0200] "GET /buecher/rezensionen_leiblichkeit_und_zeitlichkeit.html HTTP/1.1" 404 - "-" "Mozilla/5.0 (compatible; AhrefsBot/7.0; +http://ahrefs.com/robot/)"
148.251.50.77 - - [24/Jun/2022:04:17:04 +0200] "GET /sonderthemen/oeaz2001.pdf HTTP/1.1" 404 - "-" "Mozilla/5.0 (Macintosh; Intel Mac OS X 10_15_7) AppleWebKit/537.36 (KHTML, like Gecko) Chrome/87.0.4280.67 Safari/537.36"
88.198.90.9 - - [24/Jun/2022:05:02:33 +0200] "GET /buecher/index.html HTTP/1.1" 404 - "-" "Mozilla/5.0 (X11; Linux x86_64) AppleWebKit/537.36 (KHTML, like Gecko) Chrome/87.0.4280.66 Safari/537.36"
144.76.102.243 - - [24/Jun/2022:05:02:34 +0200] "GET /buecher/ HTTP/1.1" 404 - "-" "Mozilla/5.0 (Windows NT 6.3; Win64; x64) AppleWebKit/537.36 (KHTML, like Gecko) Chrome/87.0.4280.88 Safari/537.36"
138.201.11.237 - - [24/Jun/2022:05:02:48 +0200] "GET /buecher/index.html HTTP/1.1" 404 - "-" "Mozilla/5.0 (X11; Linux x86_64) AppleWebKit/537.36 (KHTML, like Gecko) Chrome/87.0.4280.66 Safari/537.36"
144.76.162.206 - - [24/Jun/2022:05:03:05 +0200] "GET /buecher/index.html HTTP/1.1" 404 - "-" "Mozilla/5.0 (Windows NT 6.3; Win64; x64; rv:83.0) Gecko/20100101 Firefox/83.0"
46.4.83.150 - - [24/Jun/2022:05:09:59 +0200] "GET /sonderthemen/az1999.pdf HTTP/1.1" 404 - "-" "Mozilla/5.0 (X11; Ubuntu; Linux x86_64; rv:77.0) Gecko/20100101 Firefox/77.0"
85.25.177.187 - - [24/Jun/2022:05:21:13 +0200] "GET /robots.txt HTTP/1.1" 404 - "-" "SEO Scanner/1.2.4 (SEO Crawler; seoscanners.info; info@seoscanners.info)"
85.25.177.187 - - [24/Jun/2022:05:21:13 +0200] "GET /buecher/ HTTP/1.1" 404 - "-" "SEO Scanner/1.2.4 (SEO Crawler; seoscanners.info; info@seoscanners.info)"
51.222.253.13 - - [24/Jun/2022:05:53:27 +0200] "GET /buecher/rezensionen_krise_zum_heil.html HTTP/1.1" 404 - "-" "Mozilla/5.0 (compatible; AhrefsBot/7.0; +http://ahrefs.com/robot/)"
3.210.184.193 - - [24/Jun/2022:06:44:55 +0200] "GET /robots.txt HTTP/1.1" 404 - "-" "CCBot/2.0 (https://commoncrawl.org/faq/)"
3.210.184.193 - - [24/Jun/2022:06:44:55 +0200] "GET / HTTP/1.1" 404 - "-" "CCBot/2.0 (https://commoncrawl.org/faq/)"
144.76.102.243 - - [24/Jun/2022:07:16:45 +0200] "GET /sonderthemen/oekt_extra1.pdf HTTP/1.1" 404 - "-" "Mozilla/5.0 (Macintosh; Intel Mac OS X 10_15_7) AppleWebKit/537.36 (KHTML, like Gecko) Chrome/87.0.4280.88 Safari/537.36"
85.25.177.187 - - [24/Jun/2022:07:24:04 +0200] "GET /robots.txt HTTP/1.1" 404 - "-" "SEO Scanner/1.2.4 (SEO Crawler; seoscanners.info; info@seoscanners.info)"
85.25.177.187 - - [24/Jun/2022:07:24:04 +0200] "GET /buecher/ HTTP/1.1" 404 - "-" "SEO Scanner/1.2.4 (SEO Crawler; seoscanners.info; info@seoscanners.info)"
114.119.134.231 - - [24/Jun/2022:07:45:04 +0200] "GET /jahrbuch/titelseiten/index.html HTTP/1.1" 404 - "http://www.morusverlag.de/jahrbuch/index.html" "Mozilla/5.0 (Linux; Android 7.0;) AppleWebKit/537.36 (KHTML, like Gecko) Mobile Safari/537.36 (compatible; PetalBot;+https://webmaster.petalsearch.com/site/petalbot)"
207.46.13.188 - - [24/Jun/2022:08:50:52 +0200] "GET /buecher/gesichter/01.jpg HTTP/1.1" 404 - "-" "Mozilla/5.0 (compatible; bingbot/2.0; +http://www.bing.com/bingbot.htm)"
157.55.39.96 - - [24/Jun/2022:09:59:43 +0200] "GET /buecher/gesichter/29.jpg HTTP/1.1" 404 - "-" "Mozilla/5.0 (compatible; bingbot/2.0; +http://www.bing.com/bingbot.htm)"
17.121.112.30 - - [24/Jun/2022:10:09:01 +0200] "GET / HTTP/1.1" 404 - "-" "Mozilla/5.0 (Macintosh; Intel Mac OS X 10_15_5) AppleWebKit/605.1.15 (KHTML, like Gecko) Version/13.1.1 Safari/605.1.15 (Applebot/0.1; +http://www.apple.com/go/applebot)"
157.90.177.227 - - [24/Jun/2022:10:25:38 +0200] "GET /robots.txt HTTP/1.1" 404 - "-" "Mozilla/5.0 (compatible; BLEXBot/1.0; +http://webmeup-crawler.com/)"
157.90.177.227 - - [24/Jun/2022:10:25:41 +0200] "GET /sitemap HTTP/1.1" 404 - "-" "Mozilla/5.0 (compatible; BLEXBot/1.0; +http://webmeup-crawler.com/)"
157.90.177.227 - - [24/Jun/2022:10:25:43 +0200] "GET /sitemap.txt HTTP/1.1" 404 - "-" "Mozilla/5.0 (compatible; BLEXBot/1.0; +http://webmeup-crawler.com/)"
148.251.50.77 - - [24/Jun/2022:10:44:02 +0200] "GET /sonderthemen/sk2004.pdf HTTP/1.1" 404 - "-" "Mozilla/5.0 (Macintosh; Intel Mac OS X 10_15_6) AppleWebKit/605.1.15 (KHTML, like Gecko) Version/14.0 Safari/605.1.15"
138.201.11.237 - - [24/Jun/2022:10:46:53 +0200] "GET /sonderthemen/oekt_extra1.pdf HTTP/1.1" 404 - "-" "Mozilla/5.0 (Macintosh; Intel Mac OS X 10.16; rv:83.0) Gecko/20100101 Firefox/83.0"
188.255.52.244 - - [24/Jun/2022:10:48:41 +0200] "GET /sonderthemen/oekz2003.pdf HTTP/1.1" 404 - "-" "Mozilla/5.0 (Windows NT 10.0; Win64; x64) AppleWebKit/537.36 (KHTML, like Gecko) Chrome/101.0.4951.67 Safari/537.36 OPR/87.0.4390.45"
157.55.39.185 - - [24/Jun/2022:11:03:48 +0200] "GET /buecher/gesichter/17.jpg HTTP/1.1" 404 - "-" "Mozilla/5.0 (compatible; bingbot/2.0; +http://www.bing.com/bingbot.htm)"
78.46.94.83 - - [24/Jun/2022:11:45:27 +0200] "GET /sonderthemen/az1999.pdf HTTP/1.1" 404 - "-" "Mozilla/5.0 (Windows NT 10.0; Win64; x64) AppleWebKit/537.36 (KHTML, like Gecko) Chrome/86.0.4240.183 Safari/537.36 OPR/72.0.3815.320"
88.73.114.231 - - [24/Jun/2022:12:15:24 +0200] "GET /sonderthemen/az1999.pdf HTTP/1.1" 404 - "https://www.google.com/" "Mozilla/5.0 (Macintosh; Intel Mac OS X 10_15_6) AppleWebKit/605.1.15 (KHTML, like Gecko) Version/15.5 Safari/605.1.15"
88.73.114.231 - - [24/Jun/2022:12:15:24 +0200] "GET /favicon.ico HTTP/1.1" 404 - "http://www.morusverlag.de/sonderthemen/az1999.pdf" "Mozilla/5.0 (Macintosh; Intel Mac OS X 10_15_6) AppleWebKit/605.1.15 (KHTML, like Gecko) Version/15.5 Safari/605.1.15"
66.249.70.164 - - [24/Jun/2022:13:09:26 +0200] "GET /robots.txt HTTP/1.1" 404 - "-" "Mozilla/5.0 (compatible; Googlebot/2.1; +http://www.google.com/bot.html)"
66.249.70.161 - - [24/Jun/2022:13:09:26 +0200] "GET / HTTP/1.1" 404 - "-" "Mozilla/5.0 (Linux; Android 6.0.1; Nexus 5X Build/MMB29P) AppleWebKit/537.36 (KHTML, like Gecko) Chrome/102.0.5005.115 Mobile Safari/537.36 (compatible; Googlebot/2.1; +http://www.google.com/bot.html)"
66.249.70.164 - - [24/Jun/2022:13:09:36 +0200] "GET / HTTP/1.1" 404 - "-" "Mozilla/5.0 (compatible; Googlebot/2.1; +http://www.google.com/bot.html)"
66.249.70.164 - - [24/Jun/2022:13:09:36 +0200] "GET / HTTP/1.1" 404 - "-" "Mozilla/5.0 (Linux; Android 6.0.1; Nexus 5X Build/MMB29P) AppleWebKit/537.36 (KHTML, like Gecko) Chrome/99.0.4844.84 Mobile Safari/537.36 (compatible; Googlebot/2.1; +http://www.google.com/bot.html)"
66.249.70.164 - - [24/Jun/2022:13:31:56 +0200] "GET /buecher/rezensionen_nicht_auf_sand_gebaut.html HTTP/1.1" 404 - "-" "Mozilla/5.0 (Linux; Android 6.0.1; Nexus 5X Build/MMB29P) AppleWebKit/537.36 (KHTML, like Gecko) Chrome/102.0.5005.115 Mobile Safari/537.36 (compatible; Googlebot/2.1; +http://www.google.com/bot.html)"
66.249.70.161 - - [24/Jun/2022:14:32:31 +0200] "GET /sonderthemen/oekt_extra3.pdf HTTP/1.1" 404 - "-" "Mozilla/5.0 (Linux; Android 6.0.1; Nexus 5X Build/MMB29P) AppleWebKit/537.36 (KHTML, like Gecko) Chrome/102.0.5005.115 Mobile Safari/537.36 (compatible; Googlebot/2.1; +http://www.google.com/bot.html)"
66.249.70.167 - - [24/Jun/2022:14:55:01 +0200] "GET /sonderthemen/oekt_extra3.pdf HTTP/1.1" 404 - "-" "Mozilla/5.0 (Linux; Android 6.0.1; Nexus 5X Build/MMB29P) AppleWebKit/537.36 (KHTML, like Gecko) Chrome/102.0.5005.115 Mobile Safari/537.36 (compatible; Googlebot/2.1; +http://www.google.com/bot.html)"
66.249.70.164 - - [24/Jun/2022:15:24:25 +0200] "GET /sonderthemen/oekt_extra3.pdf HTTP/1.1" 404 - "-" "Mozilla/5.0 (Linux; Android 6.0.1; Nexus 5X Build/MMB29P) AppleWebKit/537.36 (KHTML, like Gecko) Chrome/102.0.5005.115 Mobile Safari/537.36 (compatible; Googlebot/2.1; +http://www.google.com/bot.html)"
78.46.90.120 - - [24/Jun/2022:15:26:14 +0200] "GET /sonderthemen/sk2000.pdf HTTP/1.1" 404 - "-" "Mozilla/5.0 (Macintosh; Intel Mac OS X 10_15_7) AppleWebKit/537.36 (KHTML, like Gecko) Chrome/86.0.4240.183 Safari/537.36"
42.236.10.89 - - [24/Jun/2022:15:33:18 +0200] "GET / HTTP/1.1" 404 - "http://www.morusverlag.de/" "Mozilla/5.0 (Windows NT 6.1; WOW64) AppleWebKit/537.36 (KHTML, like Gecko) Chrome/50.0.2661.102 Safari/537.36; 360Spider"
178.63.51.106 - - [24/Jun/2022:15:37:34 +0200] "GET /sonderthemen/oekt_extra1.pdf HTTP/1.1" 404 - "-" "Mozilla/5.0 (Windows NT 10.0; WOW64) AppleWebKit/537.36 (KHTML, like Gecko) Chrome/86.0.4240.198 Safari/537.36"
148.251.50.77 - - [24/Jun/2022:15:37:49 +0200] "GET /sonderthemen/oekt_extra1.pdf HTTP/1.1" 404 - "-" "Mozilla/5.0 (Windows NT 6.1; Win64; x64) AppleWebKit/537.36 (KHTML, like Gecko) Chrome/87.0.4280.88 Safari/537.36"
66.249.70.161 - - [24/Jun/2022:16:09:25 +0200] "GET /sonderthemen/oekt_extra3.pdf HTTP/1.1" 404 - "-" "Mozilla/5.0 (Linux; Android 6.0.1; Nexus 5X Build/MMB29P) AppleWebKit/537.36 (KHTML, like Gecko) Chrome/102.0.5005.115 Mobile Safari/537.36 (compatible; Googlebot/2.1; +http://www.google.com/bot.html)"
54.36.148.168 - - [24/Jun/2022:16:50:27 +0200] "GET /robots.txt HTTP/1.1" 404 - "-" "Mozilla/5.0 (compatible; AhrefsBot/7.0; +http://ahrefs.com/robot/)"
168.119.69.91 - - [24/Jun/2022:16:54:11 +0200] "GET /sonderthemen/sk2001.pdf HTTP/1.1" 404 - "-" "Mozilla/5.0 (Windows NT 10.0; Win64; x64) AppleWebKit/537.36 (KHTML, like Gecko) Chrome/87.0.4280.101 Safari/537.36"
66.249.70.164 - - [24/Jun/2022:16:54:25 +0200] "GET /sonderthemen/oekt_extra3.pdf HTTP/1.1" 404 - "-" "Mozilla/5.0 (Linux; Android 6.0.1; Nexus 5X Build/MMB29P) AppleWebKit/537.36 (KHTML, like Gecko) Chrome/102.0.5005.115 Mobile Safari/537.36 (compatible; Googlebot/2.1; +http://www.google.com/bot.html)"
92.209.135.142 - - [24/Jun/2022:17:23:53 +0200] "GET / HTTP/1.1" 404 - "-" "Mozilla/5.0 (Windows NT 10.0; Win64; x64) AppleWebKit/537.36 (KHTML, like Gecko) Chrome/101.0.4951.54 Safari/537.36"
66.249.70.161 - - [24/Jun/2022:17:39:25 +0200] "GET /sonderthemen/oekt_extra3.pdf HTTP/1.1" 404 - "-" "Mozilla/5.0 (Linux; Android 6.0.1; Nexus 5X Build/MMB29P) AppleWebKit/537.36 (KHTML, like Gecko) Chrome/102.0.5005.115 Mobile Safari/537.36 (compatible; Googlebot/2.1; +http://www.google.com/bot.html)"
95.163.255.18 - - [24/Jun/2022:17:53:19 +0200] "GET /robots.txt HTTP/1.0" 404 - "-" "Mozilla/5.0 (compatible; Linux x86_64; Mail.RU_Bot/2.0; +https://help.mail.ru/webmaster/indexing/robots)"
95.163.255.15 - - [24/Jun/2022:17:53:20 +0200] "GET / HTTP/1.1" 404 - "-" "Mozilla/5.0 (compatible; Linux x86_64; Mail.RU_Bot/2.0; +https://help.mail.ru/webmaster/indexing/robots)"
157.55.39.185 - - [24/Jun/2022:18:00:09 +0200] "GET /buecher/gesichter/11.jpg HTTP/1.1" 404 - "-" "Mozilla/5.0 (compatible; bingbot/2.0; +http://www.bing.com/bingbot.htm)"
66.249.70.167 - - [24/Jun/2022:18:08:44 +0200] "GET / HTTP/1.1" 404 - "-" "Mozilla/5.0 (Linux; Android 6.0.1; Nexus 5X Build/MMB29P) AppleWebKit/537.36 (KHTML, like Gecko) Chrome/102.0.5005.115 Mobile Safari/537.36 (compatible; Googlebot/2.1; +http://www.google.com/bot.html)"
66.249.70.161 - - [24/Jun/2022:18:09:08 +0200] "GET /favicon.ico HTTP/1.1" 404 - "-" "Googlebot-Image/1.0"
66.249.70.164 - - [24/Jun/2022:18:09:13 +0200] "GET / HTTP/1.1" 404 - "-" "Mozilla/5.0 (compatible; Googlebot/2.1; +http://www.google.com/bot.html)"
66.249.70.164 - - [24/Jun/2022:18:09:13 +0200] "GET / HTTP/1.1" 404 - "-" "Mozilla/5.0 (Linux; Android 6.0.1; Nexus 5X Build/MMB29P) AppleWebKit/537.36 (KHTML, like Gecko) Chrome/99.0.4844.84 Mobile Safari/537.36 (compatible; Googlebot/2.1; +http://www.google.com/bot.html)"
66.249.70.161 - - [24/Jun/2022:18:24:25 +0200] "GET /sonderthemen/oekt_extra3.pdf HTTP/1.1" 404 - "-" "Mozilla/5.0 (Linux; Android 6.0.1; Nexus 5X Build/MMB29P) AppleWebKit/537.36 (KHTML, like Gecko) Chrome/102.0.5005.115 Mobile Safari/537.36 (compatible; Googlebot/2.1; +http://www.google.com/bot.html)"
114.119.152.108 - - [24/Jun/2022:18:28:29 +0200] "GET /robots.txt HTTP/1.1" 404 - "-" "Mozilla/5.0 (compatible;PetalBot;+https://webmaster.petalsearch.com/site/petalbot)"
114.119.153.220 - - [24/Jun/2022:18:28:29 +0200] "GET /robots.txt HTTP/1.1" 404 - "-" "Mozilla/5.0 (compatible;PetalBot;+https://webmaster.petalsearch.com/site/petalbot)"
66.249.70.161 - - [24/Jun/2022:18:41:46 +0200] "GET /sonderthemen/oeaz2001.pdf HTTP/1.1" 404 - "-" "Mozilla/5.0 (Linux; Android 6.0.1; Nexus 5X Build/MMB29P) AppleWebKit/537.36 (KHTML, like Gecko) Chrome/102.0.5005.115 Mobile Safari/537.36 (compatible; Googlebot/2.1; +http://www.google.com/bot.html)"
54.36.148.2 - - [24/Jun/2022:18:56:16 +0200] "GET /buecher/index.html HTTP/1.1" 404 - "-" "Mozilla/5.0 (compatible; AhrefsBot/7.0; +http://ahrefs.com/robot/)"
138.201.11.237 - - [24/Jun/2022:19:07:23 +0200] "GET /sonderthemen/oekt_extra2.pdf HTTP/1.1" 404 - "-" "Mozilla/5.0 (Macintosh; Intel Mac OS X 10.15; rv:84.0) Gecko/20100101 Firefox/84.0"
144.76.168.111 - - [24/Jun/2022:19:07:23 +0200] "GET /sonderthemen/oekt_extra3.pdf HTTP/1.1" 404 - "-" "Mozilla/5.0 (Macintosh; Intel Mac OS X 10_15_7) AppleWebKit/605.1.15 (KHTML, like Gecko) Version/14.0 Safari/605.1.15"
66.249.70.167 - - [24/Jun/2022:19:09:25 +0200] "GET /sonderthemen/oekt_extra3.pdf HTTP/1.1" 404 - "-" "Mozilla/5.0 (Linux; Android 6.0.1; Nexus 5X Build/MMB29P) AppleWebKit/537.36 (KHTML, like Gecko) Chrome/102.0.5005.115 Mobile Safari/537.36 (compatible; Googlebot/2.1; +http://www.google.com/bot.html)"
78.46.94.83 - - [24/Jun/2022:19:13:18 +0200] "GET /buecher/ HTTP/1.1" 404 - "-" "Mozilla/5.0 (Windows NT 10.0; Win64; x64) AppleWebKit/537.36 (KHTML, like Gecko) Chrome/86.0.4240.198 Safari/537.36 OPR/72.0.3815.400"
66.249.70.167 - - [24/Jun/2022:19:44:47 +0200] "GET /sonderthemen/oekt_extra3.pdf HTTP/1.1" 404 - "-" "Mozilla/5.0 (Linux; Android 6.0.1; Nexus 5X Build/MMB29P) AppleWebKit/537.36 (KHTML, like Gecko) Chrome/102.0.5005.115 Mobile Safari/537.36 (compatible; Googlebot/2.1; +http://www.google.com/bot.html)"
157.55.39.144 - - [24/Jun/2022:19:51:41 +0200] "GET /buecher/gesichter/22.jpg HTTP/1.1" 404 - "-" "Mozilla/5.0 (compatible; bingbot/2.0; +http://www.bing.com/bingbot.htm)"
114.119.134.231 - - [24/Jun/2022:19:57:07 +0200] "GET /cds/index.html HTTP/1.1" 404 - "http://www.morusverlag.de/buecher/rezensionen_krise_zum_heil.html" "Mozilla/5.0 (Linux; Android 7.0;) AppleWebKit/537.36 (KHTML, like Gecko) Mobile Safari/537.36 (compatible; PetalBot;+https://webmaster.petalsearch.com/site/petalbot)"
66.249.70.161 - - [24/Jun/2022:20:11:46 +0200] "GET /sonderthemen/oekz2003_s01.pdf HTTP/1.1" 404 - "-" "Mozilla/5.0 (Linux; Android 6.0.1; Nexus 5X Build/MMB29P) AppleWebKit/537.36 (KHTML, like Gecko) Chrome/102.0.5005.115 Mobile Safari/537.36 (compatible; Googlebot/2.1; +http://www.google.com/bot.html)"
66.249.70.161 - - [24/Jun/2022:20:29:23 +0200] "GET /sonderthemen/oekt_extra3.pdf HTTP/1.1" 404 - "-" "Mozilla/5.0 (Linux; Android 6.0.1; Nexus 5X Build/MMB29P) AppleWebKit/537.36 (KHTML, like Gecko) Chrome/102.0.5005.115 Mobile Safari/537.36 (compatible; Googlebot/2.1; +http://www.google.com/bot.html)"
66.249.70.161 - - [24/Jun/2022:20:51:48 +0200] "GET /sonderthemen/oekt_extra3.pdf HTTP/1.1" 404 - "-" "Mozilla/5.0 (Linux; Android 6.0.1; Nexus 5X Build/MMB29P) AppleWebKit/537.36 (KHTML, like Gecko) Chrome/102.0.5005.115 Mobile Safari/537.36 (compatible; Googlebot/2.1; +http://www.google.com/bot.html)"
168.119.69.91 - - [24/Jun/2022:20:52:29 +0200] "GET /sonderthemen/oekt_extra2.pdf HTTP/1.1" 404 - "-" "Mozilla/5.0 (Windows NT 10.0; Win64; x64) AppleWebKit/537.36 (KHTML, like Gecko) Chrome/76.0.3809.100 Safari/537.36"
66.249.70.161 - - [24/Jun/2022:21:36:48 +0200] "GET /sonderthemen/oekt_extra3.pdf HTTP/1.1" 404 - "-" "Mozilla/5.0 (Linux; Android 6.0.1; Nexus 5X Build/MMB29P) AppleWebKit/537.36 (KHTML, like Gecko) Chrome/102.0.5005.115 Mobile Safari/537.36 (compatible; Googlebot/2.1; +http://www.google.com/bot.html)"
54.36.148.138 - - [24/Jun/2022:21:46:19 +0200] "GET /buecher/bestellung.php HTTP/1.1" 404 - "-" "Mozilla/5.0 (compatible; AhrefsBot/7.0; +http://ahrefs.com/robot/)"
66.249.70.167 - - [24/Jun/2022:22:06:48 +0200] "GET /sonderthemen/oekt_extra3.pdf HTTP/1.1" 404 - "-" "Mozilla/5.0 (Linux; Android 6.0.1; Nexus 5X Build/MMB29P) AppleWebKit/537.36 (KHTML, like Gecko) Chrome/102.0.5005.115 Mobile Safari/537.36 (compatible; Googlebot/2.1; +http://www.google.com/bot.html)"
144.76.102.243 - - [24/Jun/2022:22:24:46 +0200] "GET /sonderthemen/sk2000.pdf HTTP/1.1" 404 - "-" "Mozilla/5.0 (Windows NT 10.0; Win64; x64) AppleWebKit/537.36 (KHTML, like Gecko) Chrome/86.0.4240.198 Safari/537.36 Edg/86.0.622.69"
