40.77.167.102 - - [16/Jun/2022:18:08:50 +0200] "GET /robots.txt HTTP/1.1" 200 100 "-" "Mozilla/5.0 (compatible; bingbot/2.0; +http://www.bing.com/bingbot.htm)"
77.75.78.171 - - [16/Jun/2022:18:45:08 +0200] "GET /robots.txt HTTP/1.1" 200 100 "-" "Mozilla/5.0 (compatible; SeznamBot/3.2; +http://napoveda.seznam.cz/en/seznambot-intro/)"
77.75.78.171 - - [16/Jun/2022:18:45:08 +0200] "GET /buecher/veroeffentlichungsliste.html HTTP/1.1" 304 - "-" "Mozilla/5.0 (compatible; SeznamBot/3.2; +http://napoveda.seznam.cz/en/seznambot-intro/)"
54.36.149.36 - - [16/Jun/2022:18:56:51 +0200] "GET /cds/index.html HTTP/1.1" 200 7987 "-" "Mozilla/5.0 (compatible; AhrefsBot/7.0; +http://ahrefs.com/robot/)"
66.249.68.42 - - [16/Jun/2022:19:04:54 +0200] "GET /buecher/ HTTP/1.1" 304 - "-" "Mozilla/5.0 (Linux; Android 6.0.1; Nexus 5X Build/MMB29P) AppleWebKit/537.36 (KHTML, like Gecko) Chrome/102.0.5005.115 Mobile Safari/537.36 (compatible; Googlebot/2.1; +http://www.google.com/bot.html)"
77.75.76.160 - - [16/Jun/2022:19:07:15 +0200] "GET /robots.txt HTTP/1.1" 200 100 "-" "Mozilla/5.0 (compatible; SeznamBot/3.2; +http://napoveda.seznam.cz/en/seznambot-intro/)"
77.75.76.160 - - [16/Jun/2022:19:07:16 +0200] "GET /buecher/diskussion.html HTTP/1.1" 304 - "-" "Mozilla/5.0 (compatible; SeznamBot/3.2; +http://napoveda.seznam.cz/en/seznambot-intro/)"
66.249.68.47 - - [16/Jun/2022:19:49:54 +0200] "GET / HTTP/1.1" 200 9360 "-" "Mozilla/5.0 (Linux; Android 6.0.1; Nexus 5X Build/MMB29P) AppleWebKit/537.36 (KHTML, like Gecko) Chrome/102.0.5005.115 Mobile Safari/537.36 (compatible; Googlebot/2.1; +http://www.google.com/bot.html)"
66.249.68.45 - - [16/Jun/2022:20:03:09 +0200] "GET /cds/glockenspiel2.html HTTP/1.1" 200 9831 "-" "Mozilla/5.0 (Linux; Android 6.0.1; Nexus 5X Build/MMB29P) AppleWebKit/537.36 (KHTML, like Gecko) Chrome/102.0.5005.115 Mobile Safari/537.36 (compatible; Googlebot/2.1; +http://www.google.com/bot.html)"
148.251.50.77 - - [16/Jun/2022:20:14:49 +0200] "GET /sonderthemen/oekt_extra3.pdf HTTP/1.1" 200 2109745 "-" "Mozilla/5.0 (Windows NT 10.0; Win64; x64) AppleWebKit/537.36 (KHTML, like Gecko) Chrome/86.0.4240.183 Safari/537.36 OPR/72.0.3815.320"
88.198.90.9 - - [16/Jun/2022:20:14:49 +0200] "GET /sonderthemen/oekt_extra2.pdf HTTP/1.1" 200 1939949 "-" "Mozilla/5.0 (X11; Linux x86_64; rv:84.0) Gecko/20100101 Firefox/84.0"
46.4.83.150 - - [16/Jun/2022:20:15:03 +0200] "GET /sonderthemen/oekt_extra1.pdf HTTP/1.1" 200 1849015 "-" "Mozilla/5.0 (Macintosh; Intel Mac OS X 10_15_7) AppleWebKit/537.36 (KHTML, like Gecko) Chrome/87.0.4280.88 Safari/537.36"
178.63.51.106 - - [16/Jun/2022:20:14:50 +0200] "GET /sonderthemen/oekt_extra1.pdf HTTP/1.1" 200 1849015 "-" "Mozilla/5.0 (Macintosh; Intel Mac OS X 10.15; rv:83.0) Gecko/20100101 Firefox/83.0"
66.249.68.45 - - [16/Jun/2022:20:34:54 +0200] "GET / HTTP/1.1" 304 - "-" "Mozilla/5.0 (Linux; Android 6.0.1; Nexus 5X Build/MMB29P) AppleWebKit/537.36 (KHTML, like Gecko) Chrome/102.0.5005.115 Mobile Safari/537.36 (compatible; Googlebot/2.1; +http://www.google.com/bot.html)"
77.75.76.170 - - [16/Jun/2022:20:40:06 +0200] "GET /robots.txt HTTP/1.1" 200 100 "-" "Mozilla/5.0 (compatible; SeznamBot/3.2; +http://napoveda.seznam.cz/en/seznambot-intro/)"
77.75.76.170 - - [16/Jun/2022:20:40:06 +0200] "GET / HTTP/1.1" 304 - "-" "Mozilla/5.0 (compatible; SeznamBot/3.2; +http://napoveda.seznam.cz/en/seznambot-intro/)"
138.201.11.237 - - [16/Jun/2022:20:44:19 +0200] "GET /buecher/index.html HTTP/1.1" 200 25885 "-" "Mozilla/5.0 (Macintosh; Intel Mac OS X 10.16; rv:83.0) Gecko/20100101 Firefox/83.0"
168.119.11.187 - - [16/Jun/2022:20:44:20 +0200] "GET /buecher/ HTTP/1.1" 200 25885 "-" "Mozilla/5.0 (Windows NT 10.0; Win64; x64; rv:78.0) Gecko/20100101 Firefox/78.0"
80.85.139.166 - - [16/Jun/2022:20:52:39 +0200] "HEAD / HTTP/1.1" 200 - "https://legalsprav-spb.ru/medspravki-ot-vracha/profpatolog/" "Mozilla/8.0 (compatible; MSIE2.00; Windows 2007)"
80.85.142.44 - - [16/Jun/2022:20:52:39 +0200] "HEAD / HTTP/1.1" 200 - "https://euromc.ru/medspravki-ot-vracha/epileptolog/" "Mozilla/4.0 (compatible; MSIE7.00; Windows 2003)"
193.3.168.17 - - [16/Jun/2022:20:52:39 +0200] "HEAD / HTTP/1.1" 200 - "https://dobro-zdrav.ru/yalta/narkomaniya/" "Mozilla/7.0 (compatible; MSIE4.00; Windows 2004)"
80.85.136.157 - - [16/Jun/2022:20:52:40 +0200] "HEAD / HTTP/1.1" 200 - "https://prostory-spb.ru/meditsina/bolezn-parkinsona/" "Mozilla/3.0 (compatible; MSIE2.00; Windows 2006)"
80.85.136.159 - - [16/Jun/2022:20:52:40 +0200] "HEAD / HTTP/1.1" 200 - "https://detox-academy.ru/vyvod-iz-zapoya/stacionar/" "Mozilla/7.0 (compatible; MSIE7.00; Windows 2002)"
17.121.112.214 - - [16/Jun/2022:21:13:13 +0200] "GET /buecher/index.html HTTP/1.1" 200 25885 "-" "Mozilla/5.0 (Macintosh; Intel Mac OS X 10_15_5) AppleWebKit/605.1.15 (KHTML, like Gecko) Version/13.1.1 Safari/605.1.15 (Applebot/0.1; +http://www.apple.com/go/applebot)"
194.67.207.94 - - [16/Jun/2022:21:27:32 +0200] "HEAD / HTTP/1.1" 200 - "https://vet-krasnodar.ru/veterinar-ornitolog/" "Mozilla/3.0 (compatible; MSIE5.00; Windows 2005)"
185.5.249.185 - - [16/Jun/2022:21:27:32 +0200] "HEAD / HTTP/1.1" 200 - "https://profil-clinic.ru/dlya-otdyhayushikh/forma-072-u/" "Mozilla/7.0 (compatible; MSIE5.00; Windows 2004)"
185.191.171.15 - - [16/Jun/2022:21:39:39 +0200] "GET /robots.txt HTTP/1.1" 200 100 "-" "Mozilla/5.0 (compatible; SemrushBot/7~bl; +http://www.semrush.com/bot.html)"
185.191.171.39 - - [16/Jun/2022:21:39:39 +0200] "GET /cds/rosarium.html HTTP/1.1" 200 6680 "-" "Mozilla/5.0 (compatible; SemrushBot/7~bl; +http://www.semrush.com/bot.html)"
54.36.148.73 - - [16/Jun/2022:21:56:35 +0200] "GET /sonderthemen/index.html HTTP/1.1" 200 7102 "-" "Mozilla/5.0 (compatible; AhrefsBot/7.0; +http://ahrefs.com/robot/)"
92.200.161.207 - - [16/Jun/2022:22:43:20 +0200] "GET /cds/hymnos_akathistos.html HTTP/1.1" 200 11061 "https://www.google.com/" "Mozilla/5.0 (Windows NT 10.0; Win64; x64; rv:101.0) Gecko/20100101 Firefox/101.0"
92.200.161.207 - - [16/Jun/2022:22:43:20 +0200] "GET /main.css HTTP/1.1" 200 1439 "http://www.morusverlag.de/cds/hymnos_akathistos.html" "Mozilla/5.0 (Windows NT 10.0; Win64; x64; rv:101.0) Gecko/20100101 Firefox/101.0"
92.200.161.207 - - [16/Jun/2022:22:43:20 +0200] "GET /m.gif HTTP/1.1" 200 95 "http://www.morusverlag.de/cds/hymnos_akathistos.html" "Mozilla/5.0 (Windows NT 10.0; Win64; x64; rv:101.0) Gecko/20100101 Firefox/101.0"
92.200.161.207 - - [16/Jun/2022:22:43:20 +0200] "GET /mv_g.gif HTTP/1.1" 200 4070 "http://www.morusverlag.de/cds/hymnos_akathistos.html" "Mozilla/5.0 (Windows NT 10.0; Win64; x64; rv:101.0) Gecko/20100101 Firefox/101.0"
92.200.161.207 - - [16/Jun/2022:22:43:20 +0200] "GET /pf.gif HTTP/1.1" 200 62 "http://www.morusverlag.de/cds/hymnos_akathistos.html" "Mozilla/5.0 (Windows NT 10.0; Win64; x64; rv:101.0) Gecko/20100101 Firefox/101.0"
92.200.161.207 - - [16/Jun/2022:22:43:20 +0200] "GET /cds/hymnos.jpg HTTP/1.1" 200 27752 "http://www.morusverlag.de/cds/hymnos_akathistos.html" "Mozilla/5.0 (Windows NT 10.0; Win64; x64; rv:101.0) Gecko/20100101 Firefox/101.0"
92.200.161.207 - - [16/Jun/2022:22:43:20 +0200] "GET /logo_g.gif HTTP/1.1" 200 1301 "http://www.morusverlag.de/cds/hymnos_akathistos.html" "Mozilla/5.0 (Windows NT 10.0; Win64; x64; rv:101.0) Gecko/20100101 Firefox/101.0"
92.200.161.207 - - [16/Jun/2022:22:43:20 +0200] "GET /cds/hymnos_heft.jpg HTTP/1.1" 200 8653 "http://www.morusverlag.de/cds/hymnos_akathistos.html" "Mozilla/5.0 (Windows NT 10.0; Win64; x64; rv:101.0) Gecko/20100101 Firefox/101.0"
92.200.161.207 - - [16/Jun/2022:22:43:20 +0200] "GET /strich.gif HTTP/1.1" 200 45 "http://www.morusverlag.de/cds/hymnos_akathistos.html" "Mozilla/5.0 (Windows NT 10.0; Win64; x64; rv:101.0) Gecko/20100101 Firefox/101.0"
92.200.161.207 - - [16/Jun/2022:22:43:21 +0200] "GET /favicon.ico HTTP/1.1" 200 4286 "http://www.morusverlag.de/cds/hymnos_akathistos.html" "Mozilla/5.0 (Windows NT 10.0; Win64; x64; rv:101.0) Gecko/20100101 Firefox/101.0"
66.249.68.45 - - [16/Jun/2022:22:49:54 +0200] "GET /cds/astazi.html HTTP/1.1" 304 - "-" "Mozilla/5.0 (Linux; Android 6.0.1; Nexus 5X Build/MMB29P) AppleWebKit/537.36 (KHTML, like Gecko) Chrome/102.0.5005.115 Mobile Safari/537.36 (compatible; Googlebot/2.1; +http://www.google.com/bot.html)"
54.36.148.155 - - [16/Jun/2022:23:23:52 +0200] "GET /buecher/veroeffentlichungsliste.html HTTP/1.1" 200 129779 "-" "Mozilla/5.0 (compatible; AhrefsBot/7.0; +http://ahrefs.com/robot/)"
17.121.114.139 - - [17/Jun/2022:00:09:36 +0200] "GET /buecher/index.html HTTP/1.1" 200 25885 "-" "Mozilla/5.0 (Macintosh; Intel Mac OS X 10_15_5) AppleWebKit/605.1.15 (KHTML, like Gecko) Version/13.1.1 Safari/605.1.15 (Applebot/0.1; +http://www.apple.com/go/applebot)"
154.54.249.206 - - [17/Jun/2022:00:41:27 +0200] "GET /robots.txt HTTP/1.1" 200 100 "-" "Mozilla/5.0 (compatible; Barkrowler/0.9; +https://babbar.tech/crawler)"
154.54.249.206 - - [17/Jun/2022:00:41:42 +0200] "GET / HTTP/1.1" 304 - "-" "Mozilla/5.0 (compatible; Barkrowler/0.9; +https://babbar.tech/crawler)"
154.54.249.206 - - [17/Jun/2022:00:41:57 +0200] "GET /robots.txt HTTP/1.1" 200 100 "-" "Mozilla/5.0 (compatible; Barkrowler/0.9; +https://babbar.tech/crawler)"
154.54.249.206 - - [17/Jun/2022:00:42:13 +0200] "GET /index.html HTTP/1.1" 304 - "-" "Mozilla/5.0 (compatible; Barkrowler/0.9; +https://babbar.tech/crawler)"
154.54.249.206 - - [17/Jun/2022:00:42:28 +0200] "GET /buecher/ HTTP/1.1" 304 - "-" "Mozilla/5.0 (compatible; Barkrowler/0.9; +https://babbar.tech/crawler)"
154.54.249.206 - - [17/Jun/2022:00:42:43 +0200] "GET /impressum.html HTTP/1.1" 304 - "-" "Mozilla/5.0 (compatible; Barkrowler/0.9; +https://babbar.tech/crawler)"
154.54.249.206 - - [17/Jun/2022:00:42:59 +0200] "GET /cds/index.html HTTP/1.1" 304 - "-" "Mozilla/5.0 (compatible; Barkrowler/0.9; +https://babbar.tech/crawler)"
154.54.249.206 - - [17/Jun/2022:00:43:14 +0200] "GET /jahrbuch/index.html HTTP/1.1" 304 - "-" "Mozilla/5.0 (compatible; Barkrowler/0.9; +https://babbar.tech/crawler)"
114.119.146.29 - - [17/Jun/2022:01:47:35 +0200] "GET /robots.txt HTTP/1.1" 200 100 "-" "Mozilla/5.0 (compatible;PetalBot;+https://webmaster.petalsearch.com/site/petalbot)"
185.125.219.13 - - [17/Jun/2022:01:56:45 +0200] "HEAD / HTTP/1.1" 200 - "https://zolotoyvek-voronezh.ru/dom-v-borisoglebske/" "Mozilla/4.0 (compatible; MSIE7.00; Windows 2009)"
193.124.190.18 - - [17/Jun/2022:01:56:46 +0200] "HEAD / HTTP/1.1" 200 - "https://malinovskiyclinic.ru/psihiatriya/lechenie-hronicheskoy-ustalosti/" "Mozilla/2.0 (compatible; MSIE3.00; Windows 2006)"
194.67.210.77 - - [17/Jun/2022:01:56:46 +0200] "HEAD / HTTP/1.1" 200 - "https://zpansionat.ru/transportirovka-lezhachih-bolnyh/" "Mozilla/5.0 (compatible; MSIE4.00; Windows 2009)"
94.142.141.230 - - [17/Jun/2022:01:56:46 +0200] "HEAD / HTTP/1.1" 200 - "https://spb-medtest.ru/spravki-dlya-zanyatiya-sportom/marafon/" "Mozilla/2.0 (compatible; MSIE5.00; Windows 2008)"
194.67.207.9 - - [17/Jun/2022:01:56:46 +0200] "HEAD / HTTP/1.1" 200 - "https://zolotoyvek-saratov.ru/meditsina/invalidy-na-kolyaske/" "Mozilla/3.0 (compatible; MSIE4.00; Windows 2002)"
52.226.227.211 - - [17/Jun/2022:02:46:21 +0200] "GET /sonderthemen/mv.gif%090716596555 HTTP/1.1" 404 2381 "-" "Mozilla/5.0 (Windows NT 10.0; Win64; x64) AppleWebKit/537.36 (KHTML, like Gecko) Chrome/76.0.3809.100 Safari/537.36"
54.36.148.216 - - [17/Jun/2022:02:52:21 +0200] "GET / HTTP/1.1" 200 9360 "-" "Mozilla/5.0 (compatible; AhrefsBot/7.0; +http://ahrefs.com/robot/)"
144.76.162.206 - - [17/Jun/2022:03:58:46 +0200] "GET /sonderthemen/oeaz2001.pdf HTTP/1.1" 200 4496626 "-" "Mozilla/5.0 (Windows NT 10.0; Win64; x64) AppleWebKit/537.36 (KHTML, like Gecko) Chrome/87.0.4280.67 Safari/537.36 Edg/87.0.664.52"
144.76.162.206 - - [17/Jun/2022:03:58:56 +0200] "GET /sonderthemen/oeaz2001.pdf HTTP/1.1" 200 4496626 "-" "Mozilla/5.0 (Macintosh; Intel Mac OS X 10_15_7) AppleWebKit/537.36 (KHTML, like Gecko) Chrome/87.0.4280.88 Safari/537.36"
157.55.39.189 - - [17/Jun/2022:04:05:03 +0200] "GET /buecher/liebe_und_treue.jpg HTTP/1.1" 200 3067 "-" "Mozilla/5.0 (compatible; bingbot/2.0; +http://www.bing.com/bingbot.htm)"
34.77.246.194 - - [17/Jun/2022:04:16:39 +0200] "GET / HTTP/1.1" 200 9360 "-" "Mozilla/5.0 (Windows NT 10.0; Win64; x64) AppleWebKit/537.36 (KHTML, like Gecko) Chrome/84.0.4147.105 Safari/537.36"
178.63.51.106 - - [17/Jun/2022:04:40:36 +0200] "GET /buecher/index.html HTTP/1.1" 200 25885 "-" "Mozilla/5.0 (Windows NT 10.0; Win64; x64) AppleWebKit/537.36 (KHTML, like Gecko) Chrome/87.0.4280.67 Safari/537.36 Edg/87.0.664.55"
178.63.51.106 - - [17/Jun/2022:04:53:15 +0200] "GET /buecher/index.html HTTP/1.1" 200 25885 "-" "Mozilla/5.0 (Macintosh; Intel Mac OS X 11_1_0) AppleWebKit/537.36 (KHTML, like Gecko) Chrome/87.0.4280.88 Safari/537.36"
178.63.51.106 - - [17/Jun/2022:04:53:15 +0200] "GET /buecher/ HTTP/1.1" 200 25885 "-" "Mozilla/5.0 (Macintosh; Intel Mac OS X 11_1_0) AppleWebKit/537.36 (KHTML, like Gecko) Chrome/87.0.4280.88 Safari/537.36"
138.201.11.237 - - [17/Jun/2022:04:53:42 +0200] "GET /buecher/ HTTP/1.1" 200 25885 "-" "Mozilla/5.0 (Windows NT 6.3; Win64; x64) AppleWebKit/537.36 (KHTML, like Gecko) Chrome/87.0.4280.88 Safari/537.36"
148.251.50.77 - - [17/Jun/2022:04:54:50 +0200] "GET /buecher/ HTTP/1.1" 200 25885 "-" "Mozilla/5.0 (Windows NT 10.0; Win64; x64) AppleWebKit/537.36 (KHTML, like Gecko) Chrome/86.0.4240.111 Safari/537.36"
193.124.191.92 - - [17/Jun/2022:05:24:02 +0200] "HEAD / HTTP/1.1" 200 - "https://medtest-clinic.ru/spravki-dlya-detey/079-u/" "Mozilla/8.0 (compatible; MSIE5.00; Windows 2007)"
148.251.50.77 - - [17/Jun/2022:05:28:51 +0200] "GET /sonderthemen/az1999.pdf HTTP/1.1" 200 1842982 "-" "Mozilla/5.0 (Windows NT 10.0; Win64; x64) AppleWebKit/537.36 (KHTML, like Gecko) Chrome/85.0.4183.121 Safari/537.36"
193.124.188.83 - - [17/Jun/2022:05:34:27 +0200] "HEAD / HTTP/1.1" 200 - "https://eleana-med.ru/kodirovanie-ot-alkogolizma/vshivanie-ampuly/" "Mozilla/8.0 (compatible; MSIE3.00; Windows 2003)"
207.46.13.97 - - [17/Jun/2022:05:34:38 +0200] "GET /sonderthemen/akademieprogramm/03/pro_zei_03_s15.pdf HTTP/1.1" 404 2381 "-" "Mozilla/5.0 (compatible; bingbot/2.0; +http://www.bing.com/bingbot.htm)"
65.108.99.116 - - [17/Jun/2022:05:52:33 +0200] "GET /robots.txt HTTP/1.1" 200 100 "-" "Mozilla/5.0 (compatible; Optimizer)"
65.108.99.116 - - [17/Jun/2022:05:52:33 +0200] "HEAD / HTTP/1.1" 200 - "-" "Mozilla/5.0 (compatible; Optimizer)"
66.249.68.47 - - [17/Jun/2022:05:57:58 +0200] "GET /cds/hymnos_akathistos.html HTTP/1.1" 304 - "-" "Mozilla/5.0 (Linux; Android 6.0.1; Nexus 5X Build/MMB29P) AppleWebKit/537.36 (KHTML, like Gecko) Chrome/102.0.5005.115 Mobile Safari/537.36 (compatible; Googlebot/2.1; +http://www.google.com/bot.html)"
65.108.13.42 - - [17/Jun/2022:06:00:20 +0200] "GET /robots.txt HTTP/1.1" 200 100 "-" "Mozilla/5.0 (compatible; SeekportBot; +https://bot.seekport.com)"
65.108.13.42 - - [17/Jun/2022:06:00:21 +0200] "GET /buecher/diskussion.html HTTP/1.1" 200 9925 "-" "Mozilla/5.0 (compatible; SeekportBot; +https://bot.seekport.com)"
66.249.68.47 - - [17/Jun/2022:06:12:29 +0200] "GET /index.html HTTP/1.1" 200 9360 "-" "Mozilla/5.0 (Linux; Android 6.0.1; Nexus 5X Build/MMB29P) AppleWebKit/537.36 (KHTML, like Gecko) Chrome/102.0.5005.115 Mobile Safari/537.36 (compatible; Googlebot/2.1; +http://www.google.com/bot.html)"
46.4.83.150 - - [17/Jun/2022:06:27:40 +0200] "GET /sonderthemen/oekt_extra1.pdf HTTP/1.1" 200 1849015 "-" "Mozilla/5.0 (Macintosh; Intel Mac OS X 10_15_6) AppleWebKit/605.1.15 (KHTML, like Gecko) Version/14.0 Safari/605.1.15"
178.63.51.106 - - [17/Jun/2022:06:28:05 +0200] "GET /sonderthemen/oekt_extra1.pdf HTTP/1.1" 200 1849015 "-" "Mozilla/5.0 (Macintosh; Intel Mac OS X 10_15_6) AppleWebKit/605.1.15 (KHTML, like Gecko) Version/14.0 Safari/605.1.15"
216.244.66.237 - - [17/Jun/2022:07:07:24 +0200] "GET /robots.txt HTTP/1.1" 200 100 "-" "Mozilla/5.0 (compatible; DotBot/1.2; +https://opensiteexplorer.org/dotbot; help@moz.com)"
66.249.68.47 - - [17/Jun/2022:07:08:30 +0200] "GET /cds/rosarium.html HTTP/1.1" 200 6680 "-" "Mozilla/5.0 (compatible; Googlebot/2.1; +http://www.google.com/bot.html)"
91.143.88.40 - - [17/Jun/2022:07:08:44 +0200] "GET /robots.txt HTTP/1.1" 200 100 "-" "Mozilla/5.0 (compatible; InfoTigerBot/1.9; +https://infotiger.com/bot)"
91.143.88.40 - - [17/Jun/2022:07:08:44 +0200] "GET /cds/hymnos_akathistos.html HTTP/1.1" 200 11061 "-" "Mozilla/5.0 (compatible; InfoTigerBot/1.9; +https://infotiger.com/bot)"
162.210.196.97 - - [17/Jun/2022:07:12:50 +0200] "GET /robots.txt HTTP/1.1" 200 100 "-" "Mozilla/5.0 (compatible; MJ12bot/v1.4.8; http://mj12bot.com/)"
162.210.196.97 - - [17/Jun/2022:07:12:51 +0200] "GET / HTTP/1.1" 200 9360 "-" "Mozilla/5.0 (compatible; MJ12bot/v1.4.8; http://mj12bot.com/)"
216.244.66.237 - - [17/Jun/2022:07:12:58 +0200] "GET /sonderthemen/akademieprogramm/03/pro_zei_03_s15.pdf HTTP/1.1" 404 2381 "-" "Mozilla/5.0 (compatible; DotBot/1.2; +https://opensiteexplorer.org/dotbot; help@moz.com)"
91.143.88.40 - - [17/Jun/2022:07:52:42 +0200] "GET /buecher/rezensionen_chateaubriand.html HTTP/1.1" 200 47317 "-" "Mozilla/5.0 (compatible; InfoTigerBot/1.9; +https://infotiger.com/bot)"
216.244.66.237 - - [17/Jun/2022:07:55:01 +0200] "GET /robots.txt HTTP/1.1" 200 100 "-" "Mozilla/5.0 (compatible; DotBot/1.2; +https://opensiteexplorer.org/dotbot; help@moz.com)"
216.244.66.237 - - [17/Jun/2022:07:57:51 +0200] "GET /buecher/rezensionen_engel.html HTTP/1.1" 200 6598 "-" "Mozilla/5.0 (compatible; DotBot/1.2; +https://opensiteexplorer.org/dotbot; help@moz.com)"
157.90.177.227 - - [17/Jun/2022:08:02:58 +0200] "GET /robots.txt HTTP/1.1" 200 100 "-" "Mozilla/5.0 (compatible; BLEXBot/1.0; +http://webmeup-crawler.com/)"
157.90.177.227 - - [17/Jun/2022:08:03:01 +0200] "GET /sitemap HTTP/1.1" 404 2381 "-" "Mozilla/5.0 (compatible; BLEXBot/1.0; +http://webmeup-crawler.com/)"
157.90.177.227 - - [17/Jun/2022:08:03:33 +0200] "GET /sitemap.txt HTTP/1.1" 404 2381 "-" "Mozilla/5.0 (compatible; BLEXBot/1.0; +http://webmeup-crawler.com/)"
207.46.13.53 - - [17/Jun/2022:08:05:46 +0200] "GET /gotteslob/gotteslob_alle.jpg HTTP/1.1" 200 24560 "-" "Mozilla/5.0 AppleWebKit/537.36 (KHTML, like Gecko; compatible; bingbot/2.0; +http://www.bing.com/bingbot.htm) Chrome/100.0.4896.127 Safari/537.36"
91.143.88.40 - - [17/Jun/2022:08:20:28 +0200] "GET / HTTP/1.1" 200 9360 "-" "Mozilla/5.0 (compatible; InfoTigerBot/1.9; +https://infotiger.com/bot)"
185.191.171.44 - - [17/Jun/2022:08:32:41 +0200] "GET /robots.txt HTTP/1.1" 200 100 "-" "Mozilla/5.0 (compatible; SemrushBot/7~bl; +http://www.semrush.com/bot.html)"
185.191.171.37 - - [17/Jun/2022:08:32:41 +0200] "GET /cds/glockenspiel1.html HTTP/1.1" 200 9736 "-" "Mozilla/5.0 (compatible; SemrushBot/7~bl; +http://www.semrush.com/bot.html)"
66.249.68.47 - - [17/Jun/2022:09:00:32 +0200] "GET /buecher/rezensionen_le_saulchoir.html HTTP/1.1" 200 34009 "-" "Mozilla/5.0 (Linux; Android 6.0.1; Nexus 5X Build/MMB29P) AppleWebKit/537.36 (KHTML, like Gecko) Chrome/102.0.5005.115 Mobile Safari/537.36 (compatible; Googlebot/2.1; +http://www.google.com/bot.html)"
46.4.83.150 - - [17/Jun/2022:09:17:06 +0200] "GET /sonderthemen/oekz2003.pdf HTTP/1.1" 200 4017017 "-" "Mozilla/5.0 (X11; Linux x86_64) AppleWebKit/537.36 (KHTML, like Gecko) Chrome/86.0.4240.111 Safari/537.36"
66.249.68.47 - - [17/Jun/2022:09:56:32 +0200] "GET /buecher/ HTTP/1.1" 200 25885 "-" "Mozilla/5.0 (compatible; Googlebot/2.1; +http://www.google.com/bot.html)"
150.158.101.26 - - [17/Jun/2022:09:59:11 +0200] "GET /xmlrpc.php HTTP/1.1" 404 2381 "-" "Mozilla/5.0 (Windows NT 6.1; WOW64; rv:45.0) Gecko/20100101 Firefox/45.0"
136.243.17.161 - - [17/Jun/2022:10:02:28 +0200] "GET /sonderthemen/sk2001.pdf HTTP/1.1" 200 3098589 "-" "Mozilla/5.0 (Windows NT 10.0; Win64; x64; rv:78.0) Gecko/20100101 Firefox/78.0"
91.143.88.40 - - [17/Jun/2022:10:05:03 +0200] "GET /cds/index.html HTTP/1.1" 200 7987 "-" "Mozilla/5.0 (compatible; InfoTigerBot/1.9; +https://infotiger.com/bot)"
78.46.94.83 - - [17/Jun/2022:10:39:47 +0200] "GET /sonderthemen/oekz2003.pdf HTTP/1.1" 200 4017017 "-" "Mozilla/5.0 (Macintosh; Intel Mac OS X 10_15_7) AppleWebKit/537.36 (KHTML, like Gecko) Chrome/86.0.4240.183 Safari/537.36"
66.249.68.45 - - [17/Jun/2022:10:46:43 +0200] "GET /buecher/rezensionen_le_saulchoir.html HTTP/1.1" 304 - "-" "Mozilla/5.0 (Linux; Android 6.0.1; Nexus 5X Build/MMB29P) AppleWebKit/537.36 (KHTML, like Gecko) Chrome/102.0.5005.115 Mobile Safari/537.36 (compatible; Googlebot/2.1; +http://www.google.com/bot.html)"
66.249.68.47 - - [17/Jun/2022:10:46:43 +0200] "GET /robots.txt HTTP/1.1" 200 100 "-" "Mozilla/5.0 (compatible; Googlebot/2.1; +http://www.google.com/bot.html)"
46.4.83.150 - - [17/Jun/2022:11:02:12 +0200] "GET /sonderthemen/az1999.pdf HTTP/1.1" 200 1842982 "-" "Mozilla/5.0 (Windows NT 6.3; Win64; x64) AppleWebKit/537.36 (KHTML, like Gecko) Chrome/87.0.4280.88 Safari/537.36"
78.46.90.120 - - [17/Jun/2022:11:06:16 +0200] "GET /sonderthemen/oekt_extra1.pdf HTTP/1.1" 200 1849015 "-" "Mozilla/5.0 (Windows NT 10.0; Win64; x64) AppleWebKit/537.36 (KHTML, like Gecko) Chrome/87.0.4280.88 Safari/537.36 Edg/87.0.664.57"
17.121.112.151 - - [17/Jun/2022:11:07:20 +0200] "GET /robots.txt HTTP/1.1" 200 100 "-" "Mozilla/5.0 (Macintosh; Intel Mac OS X 10_15_5) AppleWebKit/605.1.15 (KHTML, like Gecko) Version/13.1.1 Safari/605.1.15 (Applebot/0.1; +http://www.apple.com/go/applebot)"
17.121.112.151 - - [17/Jun/2022:11:07:20 +0200] "GET /buecher/index.html HTTP/1.1" 200 25885 "-" "Mozilla/5.0 (Macintosh; Intel Mac OS X 10_15_5) AppleWebKit/605.1.15 (KHTML, like Gecko) Version/13.1.1 Safari/605.1.15 (Applebot/0.1; +http://www.apple.com/go/applebot)"
136.243.17.161 - - [17/Jun/2022:11:09:26 +0200] "GET /sonderthemen/sk2004.pdf HTTP/1.1" 200 1967215 "-" "Mozilla/5.0 (X11; Linux x86_64) AppleWebKit/537.36 (KHTML, like Gecko) Chrome/86.0.4240.111 Safari/537.36"
91.143.88.40 - - [17/Jun/2022:11:27:12 +0200] "GET /cds/rosarium.html HTTP/1.1" 200 6680 "-" "Mozilla/5.0 (compatible; InfoTigerBot/1.9; +https://infotiger.com/bot)"
66.249.68.42 - - [17/Jun/2022:11:31:43 +0200] "GET /sonderthemen/az2000.pdf HTTP/1.1" 304 - "-" "Mozilla/5.0 (Linux; Android 6.0.1; Nexus 5X Build/MMB29P) AppleWebKit/537.36 (KHTML, like Gecko) Chrome/102.0.5005.115 Mobile Safari/537.36 (compatible; Googlebot/2.1; +http://www.google.com/bot.html)"
91.143.88.40 - - [17/Jun/2022:11:48:58 +0200] "GET /sonderthemen/index.html HTTP/1.1" 200 7102 "-" "Mozilla/5.0 (compatible; InfoTigerBot/1.9; +https://infotiger.com/bot)"
91.143.88.40 - - [17/Jun/2022:11:57:21 +0200] "GET /cds/ignatius.html HTTP/1.1" 200 6576 "-" "Mozilla/5.0 (compatible; InfoTigerBot/1.9; +https://infotiger.com/bot)"
194.173.174.10 - - [17/Jun/2022:12:08:57 +0200] "HEAD / HTTP/1.1" 200 - "-" "Mozilla/5.0 (Windows NT 6.3; WOW64) AppleWebKit/537.36 (KHTML, like Gecko) Chrome/43.0.2357.134 Safari/537.36"
91.143.88.40 - - [17/Jun/2022:12:09:42 +0200] "GET /buecher/index.html HTTP/1.1" 200 25885 "-" "Mozilla/5.0 (compatible; InfoTigerBot/1.9; +https://infotiger.com/bot)"
42.236.10.112 - - [17/Jun/2022:12:21:45 +0200] "GET / HTTP/1.1" 200 9360 "http://www.morusverlag.de/" "Mozilla/5.0 (Windows NT 6.1; WOW64) AppleWebKit/537.36 (KHTML, like Gecko) Chrome/50.0.2661.102 Safari/537.36; 360Spider"
91.143.88.40 - - [17/Jun/2022:12:37:33 +0200] "GET /jahrbuch/index.html HTTP/1.1" 200 3956 "-" "Mozilla/5.0 (compatible; InfoTigerBot/1.9; +https://infotiger.com/bot)"
78.46.49.186 - - [17/Jun/2022:14:10:57 +0200] "GET /robots.txt HTTP/1.1" 200 100 "-" "ImplisenseBot 1.1"
78.46.49.186 - - [17/Jun/2022:14:10:57 +0200] "GET / HTTP/1.1" 200 9360 "-" "ImplisenseBot 1.1"
78.46.49.186 - - [17/Jun/2022:14:10:58 +0200] "GET /impressum.html HTTP/1.1" 200 2808 "-" "ImplisenseBot 1.1"
78.46.49.186 - - [17/Jun/2022:14:10:58 +0200] "GET /jahrbuch/index.html HTTP/1.1" 200 3956 "-" "ImplisenseBot 1.1"
78.46.49.186 - - [17/Jun/2022:14:10:59 +0200] "GET /kontakt/index.html HTTP/1.1" 200 2896 "-" "ImplisenseBot 1.1"
78.46.49.186 - - [17/Jun/2022:14:11:00 +0200] "GET /cds/hymnos_akathistos.html HTTP/1.1" 200 11061 "-" "ImplisenseBot 1.1"
78.46.49.186 - - [17/Jun/2022:14:11:01 +0200] "GET /cds/rosarium.html HTTP/1.1" 200 6680 "-" "ImplisenseBot 1.1"
78.46.49.186 - - [17/Jun/2022:14:11:02 +0200] "GET /sonderthemen/index.html HTTP/1.1" 200 7102 "-" "ImplisenseBot 1.1"
78.46.49.186 - - [17/Jun/2022:14:11:02 +0200] "GET /sonderthemen/presse.html HTTP/1.1" 200 5772 "-" "ImplisenseBot 1.1"
78.46.49.186 - - [17/Jun/2022:14:11:03 +0200] "GET /sonderthemen/archiv.html HTTP/1.1" 200 6959 "-" "ImplisenseBot 1.1"
78.46.49.186 - - [17/Jun/2022:14:11:04 +0200] "GET /jahrbuch/bestellung.php HTTP/1.1" 200 10316 "-" "ImplisenseBot 1.1"
78.46.49.186 - - [17/Jun/2022:14:11:05 +0200] "GET /buecher/index.html HTTP/1.1" 200 25885 "-" "ImplisenseBot 1.1"
78.46.49.186 - - [17/Jun/2022:14:11:06 +0200] "GET /buecher/rezensionen_psalmen.html HTTP/1.1" 200 6787 "-" "ImplisenseBot 1.1"
78.46.49.186 - - [17/Jun/2022:14:11:06 +0200] "GET /buecher/rezensionen_chateaubriand.html HTTP/1.1" 200 47317 "-" "ImplisenseBot 1.1"
78.46.49.186 - - [17/Jun/2022:14:11:07 +0200] "GET /cds/index.html HTTP/1.1" 200 7987 "-" "ImplisenseBot 1.1"
78.46.49.186 - - [17/Jun/2022:14:11:07 +0200] "GET /cds/astazi.html HTTP/1.1" 200 8453 "-" "ImplisenseBot 1.1"
78.46.49.186 - - [17/Jun/2022:14:11:08 +0200] "GET /gotteslob/index.html HTTP/1.1" 200 2770 "-" "ImplisenseBot 1.1"
78.46.49.186 - - [17/Jun/2022:14:11:08 +0200] "GET /index.html HTTP/1.1" 200 9360 "-" "ImplisenseBot 1.1"
78.46.49.186 - - [17/Jun/2022:14:11:09 +0200] "GET /buecher/veroeffentlichungsliste.html HTTP/1.1" 200 129779 "-" "ImplisenseBot 1.1"
78.46.49.186 - - [17/Jun/2022:14:11:09 +0200] "GET /cds/ignatius.html HTTP/1.1" 200 6576 "-" "ImplisenseBot 1.1"
78.46.49.186 - - [17/Jun/2022:14:11:10 +0200] "GET /buecher/bestellung.php HTTP/1.1" 200 10142 "-" "ImplisenseBot 1.1"
78.46.49.186 - - [17/Jun/2022:14:11:10 +0200] "GET /buecher/diskussion.html HTTP/1.1" 200 9925 "-" "ImplisenseBot 1.1"
78.46.49.186 - - [17/Jun/2022:14:11:11 +0200] "GET /buecher/rezensionen_engel.html HTTP/1.1" 200 6598 "-" "ImplisenseBot 1.1"
78.46.49.186 - - [17/Jun/2022:14:11:11 +0200] "GET /buecher/rezensionen.html HTTP/1.1" 200 6964 "-" "ImplisenseBot 1.1"
78.46.49.186 - - [17/Jun/2022:14:11:12 +0200] "GET /buecher/rezensionen_le_saulchoir.html HTTP/1.1" 200 34009 "-" "ImplisenseBot 1.1"
78.46.49.186 - - [17/Jun/2022:14:11:13 +0200] "GET /buecher/rezensionen_krise_zum_heil.html HTTP/1.1" 200 9828 "-" "ImplisenseBot 1.1"
78.46.49.186 - - [17/Jun/2022:14:11:14 +0200] "GET /buecher/rezensionen_nicht_auf_sand_gebaut.html HTTP/1.1" 200 6594 "-" "ImplisenseBot 1.1"
78.46.49.186 - - [17/Jun/2022:14:11:15 +0200] "GET /buecher/rezensionen_preysing.html HTTP/1.1" 200 9502 "-" "ImplisenseBot 1.1"
78.46.49.186 - - [17/Jun/2022:14:11:15 +0200] "GET /cds/lumina.html HTTP/1.1" 200 9000 "-" "ImplisenseBot 1.1"
78.46.49.186 - - [17/Jun/2022:14:11:15 +0200] "GET /buecher/rezensionen_leiblichkeit_und_zeitlichkeit.html HTTP/1.1" 200 8821 "-" "ImplisenseBot 1.1"
78.46.49.186 - - [17/Jun/2022:14:11:16 +0200] "GET /cds/glockenspiel1.html HTTP/1.1" 200 9736 "-" "ImplisenseBot 1.1"
78.46.90.120 - - [17/Jun/2022:14:31:36 +0200] "GET /sonderthemen/sk2000.pdf HTTP/1.1" 200 2925489 "-" "Mozilla/5.0 (X11; Fedora; Linux x86_64; rv:83.0) Gecko/20100101 Firefox/83.0"
207.46.13.153 - - [17/Jun/2022:14:58:52 +0200] "GET /jahrbuch/index.html HTTP/1.1" 304 - "-" "Mozilla/5.0 (compatible; bingbot/2.0; +http://www.bing.com/bingbot.htm)"
148.251.50.77 - - [17/Jun/2022:15:03:42 +0200] "GET /sonderthemen/oekt_extra1.pdf HTTP/1.1" 200 1849015 "-" "Mozilla/5.0 (Windows NT 10.0; Win64; x64) AppleWebKit/537.36 (KHTML, like Gecko) Chrome/87.0.4280.88 Safari/537.36"
168.119.11.187 - - [17/Jun/2022:16:20:53 +0200] "GET /sonderthemen/oekt_extra2.pdf HTTP/1.1" 200 1939949 "-" "Mozilla/5.0 (Windows NT 10.0; Win64; x64) AppleWebKit/537.36 (KHTML, like Gecko) Chrome/76.0.3809.100 Safari/537.36"
46.4.83.150 - - [17/Jun/2022:16:44:36 +0200] "GET /buecher/ HTTP/1.1" 200 25885 "-" "Mozilla/5.0 (Windows NT 10.0; Win64; x64) AppleWebKit/537.36 (KHTML, like Gecko) Chrome/86.0.4240.183 Safari/537.36 OPR/72.0.3815.320"
157.55.39.183 - - [17/Jun/2022:16:50:45 +0200] "GET /main.css HTTP/1.1" 200 1439 "-" "Mozilla/5.0 (compatible; bingbot/2.0; +http://www.bing.com/bingbot.htm)"
144.76.162.206 - - [17/Jun/2022:18:07:45 +0200] "GET /sonderthemen/sk2000.pdf HTTP/1.1" 200 2925489 "-" "Mozilla/5.0 (Macintosh; Intel Mac OS X 10_15_6) AppleWebKit/537.36 (KHTML, like Gecko) Chrome/87.0.4280.88 Safari/537.36"
144.76.168.111 - - [17/Jun/2022:18:07:58 +0200] "GET /sonderthemen/sk2000.pdf HTTP/1.1" 200 2925489 "-" "Mozilla/5.0 (Windows NT 10.0; Win64; x64) AppleWebKit/537.36 (KHTML, like Gecko) Chrome/87.0.4280.88 Safari/537.36 Edg/87.0.664.57"
88.198.90.9 - - [17/Jun/2022:18:30:41 +0200] "GET /sonderthemen/oekt_extra2.pdf HTTP/1.1" 200 1939949 "-" "Mozilla/5.0 (Macintosh; Intel Mac OS X 10_15_6) AppleWebKit/605.1.15 (KHTML, like Gecko) Version/14.0.2 Safari/605.1.15"
78.46.90.120 - - [17/Jun/2022:18:30:41 +0200] "GET /sonderthemen/oekt_extra3.pdf HTTP/1.1" 200 2109745 "-" "Mozilla/5.0 (Windows NT 6.1; Win64; x64) AppleWebKit/537.36 (KHTML, like Gecko) Chrome/87.0.4280.66 Safari/537.36"
17.121.112.219 - - [17/Jun/2022:19:03:53 +0200] "GET /buecher/rezensionen_nicht_auf_sand_gebaut.html HTTP/1.1" 200 6594 "-" "Mozilla/5.0 (Macintosh; Intel Mac OS X 10_15_5) AppleWebKit/605.1.15 (KHTML, like Gecko) Version/13.1.1 Safari/605.1.15 (Applebot/0.1; +http://www.apple.com/go/applebot)"
207.46.13.153 - - [17/Jun/2022:20:34:13 +0200] "GET /cds/rosarium.jpg HTTP/1.1" 200 21032 "-" "Mozilla/5.0 (compatible; bingbot/2.0; +http://www.bing.com/bingbot.htm)"
168.119.11.187 - - [17/Jun/2022:20:48:03 +0200] "GET /sonderthemen/az1999.pdf HTTP/1.1" 200 1842982 "-" "Mozilla/5.0 (X11; Linux x86_64; rv:83.0) Gecko/20100101 Firefox/83.0"
136.243.17.161 - - [17/Jun/2022:20:48:17 +0200] "GET /sonderthemen/az1999.pdf HTTP/1.1" 200 1842982 "-" "Mozilla/5.0 (X11; Linux x86_64; rv:78.0) Gecko/20100101 Firefox/78.0"
138.201.11.237 - - [17/Jun/2022:20:48:32 +0200] "GET /sonderthemen/az1999.pdf HTTP/1.1" 200 1842982 "-" "Mozilla/5.0 (Macintosh; Intel Mac OS X 10_15_5) AppleWebKit/537.36 (KHTML, like Gecko) Chrome/86.0.4240.198 Safari/537.36"
157.55.39.97 - - [17/Jun/2022:22:10:21 +0200] "GET /cds/index.html HTTP/1.1" 200 7987 "-" "Mozilla/5.0 (iPhone; CPU iPhone OS 7_0 like Mac OS X) AppleWebKit/537.51.1 (KHTML, like Gecko) Version/7.0 Mobile/11A465 Safari/9537.53 (compatible; bingbot/2.0; +http://www.bing.com/bingbot.htm)"
157.55.39.183 - - [17/Jun/2022:22:10:38 +0200] "GET /cds/ignatius_k.jpg HTTP/1.1" 200 3965 "-" "Mozilla/5.0 (iPhone; CPU iPhone OS 7_0 like Mac OS X) AppleWebKit/537.51.1 (KHTML, like Gecko) Version/7.0 Mobile/11A465 Safari/9537.53 (compatible; bingbot/2.0; +http://www.bing.com/bingbot.htm)"
157.55.39.97 - - [17/Jun/2022:22:10:40 +0200] "GET /m.gif HTTP/1.1" 200 95 "-" "Mozilla/5.0 (iPhone; CPU iPhone OS 7_0 like Mac OS X) AppleWebKit/537.51.1 (KHTML, like Gecko) Version/7.0 Mobile/11A465 Safari/9537.53 (compatible; bingbot/2.0; +http://www.bing.com/bingbot.htm)"
157.55.39.183 - - [17/Jun/2022:22:10:40 +0200] "GET /pf.gif HTTP/1.1" 200 62 "-" "Mozilla/5.0 (iPhone; CPU iPhone OS 7_0 like Mac OS X) AppleWebKit/537.51.1 (KHTML, like Gecko) Version/7.0 Mobile/11A465 Safari/9537.53 (compatible; bingbot/2.0; +http://www.bing.com/bingbot.htm)"
207.46.13.53 - - [17/Jun/2022:22:10:40 +0200] "GET /strich.gif HTTP/1.1" 200 45 "-" "Mozilla/5.0 (iPhone; CPU iPhone OS 7_0 like Mac OS X) AppleWebKit/537.51.1 (KHTML, like Gecko) Version/7.0 Mobile/11A465 Safari/9537.53 (compatible; bingbot/2.0; +http://www.bing.com/bingbot.htm)"
207.46.13.153 - - [17/Jun/2022:22:10:43 +0200] "GET /mv_g.gif HTTP/1.1" 200 4070 "-" "Mozilla/5.0 (iPhone; CPU iPhone OS 7_0 like Mac OS X) AppleWebKit/537.51.1 (KHTML, like Gecko) Version/7.0 Mobile/11A465 Safari/9537.53 (compatible; bingbot/2.0; +http://www.bing.com/bingbot.htm)"
78.46.94.83 - - [17/Jun/2022:23:09:08 +0200] "GET /buecher/ HTTP/1.1" 200 25885 "-" "Mozilla/5.0 (Macintosh; Intel Mac OS X 10.16; rv:83.0) Gecko/20100101 Firefox/83.0"
178.63.51.106 - - [17/Jun/2022:23:09:08 +0200] "GET /buecher/index.html HTTP/1.1" 200 25885 "-" "Mozilla/5.0 (Macintosh; Intel Mac OS X 10_13_6) AppleWebKit/537.36 (KHTML, like Gecko) Chrome/86.0.4240.198 Safari/537.36"
51.222.253.10 - - [17/Jun/2022:23:13:23 +0200] "GET /robots.txt HTTP/1.1" 200 100 "-" "Mozilla/5.0 (compatible; AhrefsBot/7.0; +http://ahrefs.com/robot/)"
54.36.148.234 - - [17/Jun/2022:23:13:25 +0200] "GET / HTTP/1.1" 200 9360 "-" "Mozilla/5.0 (compatible; AhrefsBot/7.0; +http://ahrefs.com/robot/)"
86.111.153.38 - - [17/Jun/2022:23:21:38 +0200] "GET /buecher/ HTTP/1.1" 200 25885 "https://www.google.com/" "Mozilla/5.0 (iPad; CPU OS 15_5 like Mac OS X) AppleWebKit/605.1.15 (KHTML, like Gecko) GSA/216.0.453113025 Mobile/15E148 Safari/604.1"
86.111.153.38 - - [17/Jun/2022:23:21:38 +0200] "GET /main.css HTTP/1.1" 200 1439 "http://www.morusverlag.de/buecher/" "Mozilla/5.0 (iPad; CPU OS 15_5 like Mac OS X) AppleWebKit/605.1.15 (KHTML, like Gecko) GSA/216.0.453113025 Mobile/15E148 Safari/604.1"
86.111.153.38 - - [17/Jun/2022:23:21:38 +0200] "GET /contentflow/contentflow.js HTTP/1.1" 200 42064 "http://www.morusverlag.de/buecher/" "Mozilla/5.0 (iPad; CPU OS 15_5 like Mac OS X) AppleWebKit/605.1.15 (KHTML, like Gecko) GSA/216.0.453113025 Mobile/15E148 Safari/604.1"
86.111.153.38 - - [17/Jun/2022:23:21:38 +0200] "GET /logo_g.gif HTTP/1.1" 200 1301 "http://www.morusverlag.de/buecher/" "Mozilla/5.0 (iPad; CPU OS 15_5 like Mac OS X) AppleWebKit/605.1.15 (KHTML, like Gecko) GSA/216.0.453113025 Mobile/15E148 Safari/604.1"
86.111.153.38 - - [17/Jun/2022:23:21:38 +0200] "GET /mv_g.gif HTTP/1.1" 200 4070 "http://www.morusverlag.de/buecher/" "Mozilla/5.0 (iPad; CPU OS 15_5 like Mac OS X) AppleWebKit/605.1.15 (KHTML, like Gecko) GSA/216.0.453113025 Mobile/15E148 Safari/604.1"
86.111.153.38 - - [17/Jun/2022:23:21:38 +0200] "GET /m.gif HTTP/1.1" 200 95 "http://www.morusverlag.de/buecher/" "Mozilla/5.0 (iPad; CPU OS 15_5 like Mac OS X) AppleWebKit/605.1.15 (KHTML, like Gecko) GSA/216.0.453113025 Mobile/15E148 Safari/604.1"
86.111.153.38 - - [17/Jun/2022:23:21:39 +0200] "GET /pf.gif HTTP/1.1" 200 62 "http://www.morusverlag.de/buecher/" "Mozilla/5.0 (iPad; CPU OS 15_5 like Mac OS X) AppleWebKit/605.1.15 (KHTML, like Gecko) GSA/216.0.453113025 Mobile/15E148 Safari/604.1"
86.111.153.38 - - [17/Jun/2022:23:21:39 +0200] "GET /buecher/gesichter.jpg HTTP/1.1" 200 7271 "http://www.morusverlag.de/buecher/" "Mozilla/5.0 (iPad; CPU OS 15_5 like Mac OS X) AppleWebKit/605.1.15 (KHTML, like Gecko) GSA/216.0.453113025 Mobile/15E148 Safari/604.1"
86.111.153.38 - - [17/Jun/2022:23:21:39 +0200] "GET /buecher/gesichter/01.jpg HTTP/1.1" 200 7981 "http://www.morusverlag.de/buecher/" "Mozilla/5.0 (iPad; CPU OS 15_5 like Mac OS X) AppleWebKit/605.1.15 (KHTML, like Gecko) GSA/216.0.453113025 Mobile/15E148 Safari/604.1"
86.111.153.38 - - [17/Jun/2022:23:21:39 +0200] "GET /contentflow/contentflow.css HTTP/1.1" 200 3109 "http://www.morusverlag.de/buecher/" "Mozilla/5.0 (iPad; CPU OS 15_5 like Mac OS X) AppleWebKit/605.1.15 (KHTML, like Gecko) GSA/216.0.453113025 Mobile/15E148 Safari/604.1"
86.111.153.38 - - [17/Jun/2022:23:21:39 +0200] "GET /contentflow/ContentFlowAddOn_white.js HTTP/1.1" 200 471 "http://www.morusverlag.de/buecher/" "Mozilla/5.0 (iPad; CPU OS 15_5 like Mac OS X) AppleWebKit/605.1.15 (KHTML, like Gecko) GSA/216.0.453113025 Mobile/15E148 Safari/604.1"
86.111.153.38 - - [17/Jun/2022:23:21:39 +0200] "GET /contentflow/mycontentflow.css HTTP/1.1" 404 2381 "http://www.morusverlag.de/buecher/" "Mozilla/5.0 (iPad; CPU OS 15_5 like Mac OS X) AppleWebKit/605.1.15 (KHTML, like Gecko) GSA/216.0.453113025 Mobile/15E148 Safari/604.1"
86.111.153.38 - - [17/Jun/2022:23:21:39 +0200] "GET /buecher/gesichter/02.jpg HTTP/1.1" 200 9266 "http://www.morusverlag.de/buecher/" "Mozilla/5.0 (iPad; CPU OS 15_5 like Mac OS X) AppleWebKit/605.1.15 (KHTML, like Gecko) GSA/216.0.453113025 Mobile/15E148 Safari/604.1"
86.111.153.38 - - [17/Jun/2022:23:21:39 +0200] "GET /buecher/gesichter/03.jpg HTTP/1.1" 200 10026 "http://www.morusverlag.de/buecher/" "Mozilla/5.0 (iPad; CPU OS 15_5 like Mac OS X) AppleWebKit/605.1.15 (KHTML, like Gecko) GSA/216.0.453113025 Mobile/15E148 Safari/604.1"
86.111.153.38 - - [17/Jun/2022:23:21:39 +0200] "GET /contentflow/ContentFlowAddOn_white.css HTTP/1.1" 200 3174 "http://www.morusverlag.de/buecher/" "Mozilla/5.0 (iPad; CPU OS 15_5 like Mac OS X) AppleWebKit/605.1.15 (KHTML, like Gecko) GSA/216.0.453113025 Mobile/15E148 Safari/604.1"
86.111.153.38 - - [17/Jun/2022:23:21:39 +0200] "GET /buecher/gesichter/04.jpg HTTP/1.1" 200 7078 "http://www.morusverlag.de/buecher/" "Mozilla/5.0 (iPad; CPU OS 15_5 like Mac OS X) AppleWebKit/605.1.15 (KHTML, like Gecko) GSA/216.0.453113025 Mobile/15E148 Safari/604.1"
86.111.153.38 - - [17/Jun/2022:23:21:39 +0200] "GET /buecher/gesichter/06.jpg HTTP/1.1" 200 8732 "http://www.morusverlag.de/buecher/" "Mozilla/5.0 (iPad; CPU OS 15_5 like Mac OS X) AppleWebKit/605.1.15 (KHTML, like Gecko) GSA/216.0.453113025 Mobile/15E148 Safari/604.1"
86.111.153.38 - - [17/Jun/2022:23:21:39 +0200] "GET /buecher/gesichter/07.jpg HTTP/1.1" 200 7301 "http://www.morusverlag.de/buecher/" "Mozilla/5.0 (iPad; CPU OS 15_5 like Mac OS X) AppleWebKit/605.1.15 (KHTML, like Gecko) GSA/216.0.453113025 Mobile/15E148 Safari/604.1"
86.111.153.38 - - [17/Jun/2022:23:21:39 +0200] "GET /contentflow/img/loader.gif HTTP/1.1" 200 8238 "http://www.morusverlag.de/buecher/" "Mozilla/5.0 (iPad; CPU OS 15_5 like Mac OS X) AppleWebKit/605.1.15 (KHTML, like Gecko) GSA/216.0.453113025 Mobile/15E148 Safari/604.1"
86.111.153.38 - - [17/Jun/2022:23:21:39 +0200] "GET /strich.gif HTTP/1.1" 200 45 "http://www.morusverlag.de/buecher/" "Mozilla/5.0 (iPad; CPU OS 15_5 like Mac OS X) AppleWebKit/605.1.15 (KHTML, like Gecko) GSA/216.0.453113025 Mobile/15E148 Safari/604.1"
86.111.153.38 - - [17/Jun/2022:23:21:39 +0200] "GET /buecher/gesichter/08.jpg HTTP/1.1" 200 10437 "http://www.morusverlag.de/buecher/" "Mozilla/5.0 (iPad; CPU OS 15_5 like Mac OS X) AppleWebKit/605.1.15 (KHTML, like Gecko) GSA/216.0.453113025 Mobile/15E148 Safari/604.1"
86.111.153.38 - - [17/Jun/2022:23:21:39 +0200] "GET /buecher/gesichter/09.jpg HTTP/1.1" 200 9739 "http://www.morusverlag.de/buecher/" "Mozilla/5.0 (iPad; CPU OS 15_5 like Mac OS X) AppleWebKit/605.1.15 (KHTML, like Gecko) GSA/216.0.453113025 Mobile/15E148 Safari/604.1"
86.111.153.38 - - [17/Jun/2022:23:21:39 +0200] "GET /buecher/gesichter/10.jpg HTTP/1.1" 200 7686 "http://www.morusverlag.de/buecher/" "Mozilla/5.0 (iPad; CPU OS 15_5 like Mac OS X) AppleWebKit/605.1.15 (KHTML, like Gecko) GSA/216.0.453113025 Mobile/15E148 Safari/604.1"
86.111.153.38 - - [17/Jun/2022:23:21:39 +0200] "GET /buecher/gesichter/11.jpg HTTP/1.1" 200 6175 "http://www.morusverlag.de/buecher/" "Mozilla/5.0 (iPad; CPU OS 15_5 like Mac OS X) AppleWebKit/605.1.15 (KHTML, like Gecko) GSA/216.0.453113025 Mobile/15E148 Safari/604.1"
86.111.153.38 - - [17/Jun/2022:23:21:39 +0200] "GET /buecher/gesichter/12.jpg HTTP/1.1" 200 6460 "http://www.morusverlag.de/buecher/" "Mozilla/5.0 (iPad; CPU OS 15_5 like Mac OS X) AppleWebKit/605.1.15 (KHTML, like Gecko) GSA/216.0.453113025 Mobile/15E148 Safari/604.1"
86.111.153.38 - - [17/Jun/2022:23:21:39 +0200] "GET /buecher/gesichter/14.jpg HTTP/1.1" 200 7847 "http://www.morusverlag.de/buecher/" "Mozilla/5.0 (iPad; CPU OS 15_5 like Mac OS X) AppleWebKit/605.1.15 (KHTML, like Gecko) GSA/216.0.453113025 Mobile/15E148 Safari/604.1"
86.111.153.38 - - [17/Jun/2022:23:21:39 +0200] "GET /buecher/gesichter/15.jpg HTTP/1.1" 200 7253 "http://www.morusverlag.de/buecher/" "Mozilla/5.0 (iPad; CPU OS 15_5 like Mac OS X) AppleWebKit/605.1.15 (KHTML, like Gecko) GSA/216.0.453113025 Mobile/15E148 Safari/604.1"
86.111.153.38 - - [17/Jun/2022:23:21:39 +0200] "GET /buecher/gesichter/13.jpg HTTP/1.1" 200 8373 "http://www.morusverlag.de/buecher/" "Mozilla/5.0 (iPad; CPU OS 15_5 like Mac OS X) AppleWebKit/605.1.15 (KHTML, like Gecko) GSA/216.0.453113025 Mobile/15E148 Safari/604.1"
86.111.153.38 - - [17/Jun/2022:23:21:39 +0200] "GET /buecher/gesichter/16.jpg HTTP/1.1" 200 8367 "http://www.morusverlag.de/buecher/" "Mozilla/5.0 (iPad; CPU OS 15_5 like Mac OS X) AppleWebKit/605.1.15 (KHTML, like Gecko) GSA/216.0.453113025 Mobile/15E148 Safari/604.1"
86.111.153.38 - - [17/Jun/2022:23:21:39 +0200] "GET /buecher/gesichter/17.jpg HTTP/1.1" 200 7587 "http://www.morusverlag.de/buecher/" "Mozilla/5.0 (iPad; CPU OS 15_5 like Mac OS X) AppleWebKit/605.1.15 (KHTML, like Gecko) GSA/216.0.453113025 Mobile/15E148 Safari/604.1"
86.111.153.38 - - [17/Jun/2022:23:21:39 +0200] "GET /buecher/gesichter/19.jpg HTTP/1.1" 200 8281 "http://www.morusverlag.de/buecher/" "Mozilla/5.0 (iPad; CPU OS 15_5 like Mac OS X) AppleWebKit/605.1.15 (KHTML, like Gecko) GSA/216.0.453113025 Mobile/15E148 Safari/604.1"
86.111.153.38 - - [17/Jun/2022:23:21:39 +0200] "GET /buecher/gesichter/18.jpg HTTP/1.1" 200 8757 "http://www.morusverlag.de/buecher/" "Mozilla/5.0 (iPad; CPU OS 15_5 like Mac OS X) AppleWebKit/605.1.15 (KHTML, like Gecko) GSA/216.0.453113025 Mobile/15E148 Safari/604.1"
86.111.153.38 - - [17/Jun/2022:23:21:39 +0200] "GET /buecher/gesichter/20.jpg HTTP/1.1" 200 8785 "http://www.morusverlag.de/buecher/" "Mozilla/5.0 (iPad; CPU OS 15_5 like Mac OS X) AppleWebKit/605.1.15 (KHTML, like Gecko) GSA/216.0.453113025 Mobile/15E148 Safari/604.1"
86.111.153.38 - - [17/Jun/2022:23:21:39 +0200] "GET /buecher/gesichter/21.jpg HTTP/1.1" 200 7433 "http://www.morusverlag.de/buecher/" "Mozilla/5.0 (iPad; CPU OS 15_5 like Mac OS X) AppleWebKit/605.1.15 (KHTML, like Gecko) GSA/216.0.453113025 Mobile/15E148 Safari/604.1"
86.111.153.38 - - [17/Jun/2022:23:21:39 +0200] "GET /buecher/gesichter/22.jpg HTTP/1.1" 200 8837 "http://www.morusverlag.de/buecher/" "Mozilla/5.0 (iPad; CPU OS 15_5 like Mac OS X) AppleWebKit/605.1.15 (KHTML, like Gecko) GSA/216.0.453113025 Mobile/15E148 Safari/604.1"
86.111.153.38 - - [17/Jun/2022:23:21:39 +0200] "GET /buecher/gesichter/23.jpg HTTP/1.1" 200 8706 "http://www.morusverlag.de/buecher/" "Mozilla/5.0 (iPad; CPU OS 15_5 like Mac OS X) AppleWebKit/605.1.15 (KHTML, like Gecko) GSA/216.0.453113025 Mobile/15E148 Safari/604.1"
86.111.153.38 - - [17/Jun/2022:23:21:39 +0200] "GET /buecher/gesichter/25.jpg HTTP/1.1" 200 7280 "http://www.morusverlag.de/buecher/" "Mozilla/5.0 (iPad; CPU OS 15_5 like Mac OS X) AppleWebKit/605.1.15 (KHTML, like Gecko) GSA/216.0.453113025 Mobile/15E148 Safari/604.1"
86.111.153.38 - - [17/Jun/2022:23:21:39 +0200] "GET /buecher/gesichter/24.jpg HTTP/1.1" 200 8021 "http://www.morusverlag.de/buecher/" "Mozilla/5.0 (iPad; CPU OS 15_5 like Mac OS X) AppleWebKit/605.1.15 (KHTML, like Gecko) GSA/216.0.453113025 Mobile/15E148 Safari/604.1"
86.111.153.38 - - [17/Jun/2022:23:21:39 +0200] "GET /buecher/gesichter/26.jpg HTTP/1.1" 200 8027 "http://www.morusverlag.de/buecher/" "Mozilla/5.0 (iPad; CPU OS 15_5 like Mac OS X) AppleWebKit/605.1.15 (KHTML, like Gecko) GSA/216.0.453113025 Mobile/15E148 Safari/604.1"
86.111.153.38 - - [17/Jun/2022:23:21:39 +0200] "GET /buecher/gesichter/27.jpg HTTP/1.1" 200 8110 "http://www.morusverlag.de/buecher/" "Mozilla/5.0 (iPad; CPU OS 15_5 like Mac OS X) AppleWebKit/605.1.15 (KHTML, like Gecko) GSA/216.0.453113025 Mobile/15E148 Safari/604.1"
86.111.153.38 - - [17/Jun/2022:23:21:39 +0200] "GET /buecher/gesichter/29.jpg HTTP/1.1" 200 9282 "http://www.morusverlag.de/buecher/" "Mozilla/5.0 (iPad; CPU OS 15_5 like Mac OS X) AppleWebKit/605.1.15 (KHTML, like Gecko) GSA/216.0.453113025 Mobile/15E148 Safari/604.1"
86.111.153.38 - - [17/Jun/2022:23:21:39 +0200] "GET /buecher/gesichter/28.jpg HTTP/1.1" 200 7684 "http://www.morusverlag.de/buecher/" "Mozilla/5.0 (iPad; CPU OS 15_5 like Mac OS X) AppleWebKit/605.1.15 (KHTML, like Gecko) GSA/216.0.453113025 Mobile/15E148 Safari/604.1"
86.111.153.38 - - [17/Jun/2022:23:21:39 +0200] "GET /buecher/gesichter/30.jpg HTTP/1.1" 200 8702 "http://www.morusverlag.de/buecher/" "Mozilla/5.0 (iPad; CPU OS 15_5 like Mac OS X) AppleWebKit/605.1.15 (KHTML, like Gecko) GSA/216.0.453113025 Mobile/15E148 Safari/604.1"
86.111.153.38 - - [17/Jun/2022:23:21:39 +0200] "GET /buecher/gesichter/31.jpg HTTP/1.1" 200 8424 "http://www.morusverlag.de/buecher/" "Mozilla/5.0 (iPad; CPU OS 15_5 like Mac OS X) AppleWebKit/605.1.15 (KHTML, like Gecko) GSA/216.0.453113025 Mobile/15E148 Safari/604.1"
86.111.153.38 - - [17/Jun/2022:23:21:39 +0200] "GET /buecher/gesichter/32.jpg HTTP/1.1" 200 8010 "http://www.morusverlag.de/buecher/" "Mozilla/5.0 (iPad; CPU OS 15_5 like Mac OS X) AppleWebKit/605.1.15 (KHTML, like Gecko) GSA/216.0.453113025 Mobile/15E148 Safari/604.1"
86.111.153.38 - - [17/Jun/2022:23:21:39 +0200] "GET /buecher/gesichter/05.jpg HTTP/1.1" 200 8981 "http://www.morusverlag.de/buecher/" "Mozilla/5.0 (iPad; CPU OS 15_5 like Mac OS X) AppleWebKit/605.1.15 (KHTML, like Gecko) GSA/216.0.453113025 Mobile/15E148 Safari/604.1"
86.111.153.38 - - [17/Jun/2022:23:21:39 +0200] "GET /buecher/chateaubriand.jpg HTTP/1.1" 200 2272 "http://www.morusverlag.de/buecher/" "Mozilla/5.0 (iPad; CPU OS 15_5 like Mac OS X) AppleWebKit/605.1.15 (KHTML, like Gecko) GSA/216.0.453113025 Mobile/15E148 Safari/604.1"
86.111.153.38 - - [17/Jun/2022:23:21:39 +0200] "GET /buecher/mein_atem.jpg HTTP/1.1" 200 4118 "http://www.morusverlag.de/buecher/" "Mozilla/5.0 (iPad; CPU OS 15_5 like Mac OS X) AppleWebKit/605.1.15 (KHTML, like Gecko) GSA/216.0.453113025 Mobile/15E148 Safari/604.1"
86.111.153.38 - - [17/Jun/2022:23:21:39 +0200] "GET /buecher/engel.jpg HTTP/1.1" 200 5414 "http://www.morusverlag.de/buecher/" "Mozilla/5.0 (iPad; CPU OS 15_5 like Mac OS X) AppleWebKit/605.1.15 (KHTML, like Gecko) GSA/216.0.453113025 Mobile/15E148 Safari/604.1"
86.111.153.38 - - [17/Jun/2022:23:21:39 +0200] "GET /buecher/liebe_und_treue.jpg HTTP/1.1" 200 3067 "http://www.morusverlag.de/buecher/" "Mozilla/5.0 (iPad; CPU OS 15_5 like Mac OS X) AppleWebKit/605.1.15 (KHTML, like Gecko) GSA/216.0.453113025 Mobile/15E148 Safari/604.1"
86.111.153.38 - - [17/Jun/2022:23:21:39 +0200] "GET /buecher/le_saulchoir.jpg HTTP/1.1" 200 2734 "http://www.morusverlag.de/buecher/" "Mozilla/5.0 (iPad; CPU OS 15_5 like Mac OS X) AppleWebKit/605.1.15 (KHTML, like Gecko) GSA/216.0.453113025 Mobile/15E148 Safari/604.1"
86.111.153.38 - - [17/Jun/2022:23:21:39 +0200] "GET /buecher/staatsaufgaben.jpg HTTP/1.1" 200 2204 "http://www.morusverlag.de/buecher/" "Mozilla/5.0 (iPad; CPU OS 15_5 like Mac OS X) AppleWebKit/605.1.15 (KHTML, like Gecko) GSA/216.0.453113025 Mobile/15E148 Safari/604.1"
86.111.153.38 - - [17/Jun/2022:23:21:39 +0200] "GET /buecher/krise_zum_heil.jpg HTTP/1.1" 200 1930 "http://www.morusverlag.de/buecher/" "Mozilla/5.0 (iPad; CPU OS 15_5 like Mac OS X) AppleWebKit/605.1.15 (KHTML, like Gecko) GSA/216.0.453113025 Mobile/15E148 Safari/604.1"
86.111.153.38 - - [17/Jun/2022:23:21:39 +0200] "GET /buecher/nichtaufsand.jpg HTTP/1.1" 200 3733 "http://www.morusverlag.de/buecher/" "Mozilla/5.0 (iPad; CPU OS 15_5 like Mac OS X) AppleWebKit/605.1.15 (KHTML, like Gecko) GSA/216.0.453113025 Mobile/15E148 Safari/604.1"
86.111.153.38 - - [17/Jun/2022:23:21:39 +0200] "GET /buecher/islam.jpg HTTP/1.1" 200 4080 "http://www.morusverlag.de/buecher/" "Mozilla/5.0 (iPad; CPU OS 15_5 like Mac OS X) AppleWebKit/605.1.15 (KHTML, like Gecko) GSA/216.0.453113025 Mobile/15E148 Safari/604.1"
86.111.153.38 - - [17/Jun/2022:23:21:39 +0200] "GET /buecher/leiblichkeit.jpg HTTP/1.1" 200 3929 "http://www.morusverlag.de/buecher/" "Mozilla/5.0 (iPad; CPU OS 15_5 like Mac OS X) AppleWebKit/605.1.15 (KHTML, like Gecko) GSA/216.0.453113025 Mobile/15E148 Safari/604.1"
86.111.153.38 - - [17/Jun/2022:23:21:39 +0200] "GET /contentflow/img/scrollbar_white.png HTTP/1.1" 200 82 "http://www.morusverlag.de/buecher/" "Mozilla/5.0 (iPad; CPU OS 15_5 like Mac OS X) AppleWebKit/605.1.15 (KHTML, like Gecko) GSA/216.0.453113025 Mobile/15E148 Safari/604.1"
86.111.153.38 - - [17/Jun/2022:23:21:39 +0200] "GET /buecher/preysing.jpg HTTP/1.1" 200 3799 "http://www.morusverlag.de/buecher/" "Mozilla/5.0 (iPad; CPU OS 15_5 like Mac OS X) AppleWebKit/605.1.15 (KHTML, like Gecko) GSA/216.0.453113025 Mobile/15E148 Safari/604.1"
86.111.153.38 - - [17/Jun/2022:23:21:39 +0200] "GET /contentflow/img/slider_white.png HTTP/1.1" 200 178 "http://www.morusverlag.de/buecher/" "Mozilla/5.0 (iPad; CPU OS 15_5 like Mac OS X) AppleWebKit/605.1.15 (KHTML, like Gecko) GSA/216.0.453113025 Mobile/15E148 Safari/604.1"
86.111.153.38 - - [17/Jun/2022:23:21:39 +0200] "GET /contentflow/img/1x1_0.5_white.png HTTP/1.1" 200 82 "http://www.morusverlag.de/buecher/" "Mozilla/5.0 (iPad; CPU OS 15_5 like Mac OS X) AppleWebKit/605.1.15 (KHTML, like Gecko) GSA/216.0.453113025 Mobile/15E148 Safari/604.1"
86.111.153.38 - - [17/Jun/2022:23:21:39 +0200] "GET /contentflow/img/loader_white.gif HTTP/1.1" 200 8238 "http://www.morusverlag.de/buecher/" "Mozilla/5.0 (iPad; CPU OS 15_5 like Mac OS X) AppleWebKit/605.1.15 (KHTML, like Gecko) GSA/216.0.453113025 Mobile/15E148 Safari/604.1"
86.111.153.38 - - [17/Jun/2022:23:21:39 +0200] "GET /contentflow/img/scrollbar_black.png HTTP/1.1" 200 82 "http://www.morusverlag.de/buecher/" "Mozilla/5.0 (iPad; CPU OS 15_5 like Mac OS X) AppleWebKit/605.1.15 (KHTML, like Gecko) GSA/216.0.453113025 Mobile/15E148 Safari/604.1"
86.111.153.38 - - [17/Jun/2022:23:21:39 +0200] "GET /contentflow/img/slider_black.png HTTP/1.1" 200 175 "http://www.morusverlag.de/buecher/" "Mozilla/5.0 (iPad; CPU OS 15_5 like Mac OS X) AppleWebKit/605.1.15 (KHTML, like Gecko) GSA/216.0.453113025 Mobile/15E148 Safari/604.1"
78.46.90.120 - - [17/Jun/2022:23:31:10 +0200] "GET /sonderthemen/oekt_extra2.pdf HTTP/1.1" 200 1939949 "-" "Mozilla/5.0 (X11; Linux x86_64; rv:82.0) Gecko/20100101 Firefox/82.0"
207.46.13.97 - - [17/Jun/2022:23:57:35 +0200] "GET /buecher/gesichter/18.jpg HTTP/1.1" 200 8757 "-" "Mozilla/5.0 (compatible; bingbot/2.0; +http://www.bing.com/bingbot.htm)"
