78.46.94.83 - - [26/Jun/2022:00:10:47 +0200] "GET /sonderthemen/oeaz2002.pdf HTTP/1.1" 404 - "-" "Mozilla/5.0 (Macintosh; Intel Mac OS X 10_14_6) AppleWebKit/537.36 (KHTML, like Gecko) Chrome/86.0.4240.198 Safari/537.36"
80.148.18.172 - - [26/Jun/2022:00:48:03 +0200] "GET / HTTP/1.1" 404 - "-" "Mozilla/5.0 (X11; Linux x86_64; rv:91.0) Gecko/20100101 Firefox/91.0"
42.236.10.103 - - [26/Jun/2022:02:07:57 +0200] "GET / HTTP/1.1" 404 - "http://www.morusverlag.de/" "Mozilla/5.0 (Windows NT 6.1; WOW64) AppleWebKit/537.36 (KHTML, like Gecko) Chrome/50.0.2661.102 Safari/537.36; 360Spider"
66.249.70.167 - - [26/Jun/2022:02:17:27 +0200] "GET /kontakt/ HTTP/1.1" 404 - "-" "Mozilla/5.0 (Linux; Android 6.0.1; Nexus 5X Build/MMB29P) AppleWebKit/537.36 (KHTML, like Gecko) Chrome/102.0.5005.115 Mobile Safari/537.36 (compatible; Googlebot/2.1; +http://www.google.com/bot.html)"
85.25.177.187 - - [26/Jun/2022:02:21:33 +0200] "GET /robots.txt HTTP/1.1" 404 - "-" "SEO Scanner/1.2.4 (SEO Crawler; seoscanners.info; info@seoscanners.info)"
85.25.177.187 - - [26/Jun/2022:02:21:33 +0200] "GET / HTTP/1.1" 404 - "-" "SEO Scanner/1.2.4 (SEO Crawler; seoscanners.info; info@seoscanners.info)"
77.75.76.172 - - [26/Jun/2022:02:22:53 +0200] "GET /robots.txt HTTP/1.1" 404 - "-" "Mozilla/5.0 (compatible; SeznamBot/3.2; +http://napoveda.seznam.cz/en/seznambot-intro/)"
77.75.76.172 - - [26/Jun/2022:02:22:54 +0200] "GET /sonderthemen/az2003.pdf HTTP/1.1" 404 - "-" "Mozilla/5.0 (compatible; SeznamBot/3.2; +http://napoveda.seznam.cz/en/seznambot-intro/)"
77.75.78.168 - - [26/Jun/2022:03:30:17 +0200] "GET /robots.txt HTTP/1.1" 404 - "-" "Mozilla/5.0 (compatible; SeznamBot/3.2; +http://napoveda.seznam.cz/en/seznambot-intro/)"
77.75.78.168 - - [26/Jun/2022:03:30:17 +0200] "GET /buecher/rezensionen.html HTTP/1.1" 404 - "-" "Mozilla/5.0 (compatible; SeznamBot/3.2; +http://napoveda.seznam.cz/en/seznambot-intro/)"
77.75.77.101 - - [26/Jun/2022:04:18:36 +0200] "GET /robots.txt HTTP/1.1" 404 - "-" "Mozilla/5.0 (compatible; SeznamBot/3.2; +http://napoveda.seznam.cz/en/seznambot-intro/)"
77.75.77.101 - - [26/Jun/2022:04:18:36 +0200] "GET /cds/glockenspiel2.html HTTP/1.1" 404 - "-" "Mozilla/5.0 (compatible; SeznamBot/3.2; +http://napoveda.seznam.cz/en/seznambot-intro/)"
85.25.177.187 - - [26/Jun/2022:04:29:48 +0200] "GET /robots.txt HTTP/1.1" 404 - "-" "SEO Scanner/1.2.4 (SEO Crawler; seoscanners.info; info@seoscanners.info)"
85.25.177.187 - - [26/Jun/2022:04:29:48 +0200] "GET / HTTP/1.1" 404 - "-" "SEO Scanner/1.2.4 (SEO Crawler; seoscanners.info; info@seoscanners.info)"
54.36.148.156 - - [26/Jun/2022:04:44:33 +0200] "GET /robots.txt HTTP/1.1" 404 - "-" "Mozilla/5.0 (compatible; AhrefsBot/7.0; +http://ahrefs.com/robot/)"
78.46.49.186 - - [26/Jun/2022:05:17:22 +0200] "GET / HTTP/1.1" 404 - "-" "Mozilla/5.0 (X11; Linux x86_64) AppleWebKit/537.36 (KHTML, like Gecko) HeadlessChrome/96.0.4664.110 Safari/537.36"
95.216.6.105 - - [26/Jun/2022:05:17:23 +0200] "GET /robots.txt HTTP/1.1" 404 - "-" "Mozilla/5.0 (Windows NT 10.0; Win64; x64) AppleWebKit/537.36 (KHTML, like Gecko) Chrome/79.0.3945.130 Safari/537.36"
77.75.79.101 - - [26/Jun/2022:05:47:27 +0200] "GET /robots.txt HTTP/1.1" 404 - "-" "Mozilla/5.0 (compatible; SeznamBot/3.2; +http://napoveda.seznam.cz/en/seznambot-intro/)"
77.75.79.101 - - [26/Jun/2022:05:47:33 +0200] "GET /jahrbuch/titelseiten/index.html HTTP/1.1" 404 - "-" "Mozilla/5.0 (compatible; SeznamBot/3.2; +http://napoveda.seznam.cz/en/seznambot-intro/)"
85.25.177.187 - - [26/Jun/2022:06:34:59 +0200] "GET /robots.txt HTTP/1.1" 404 - "-" "SEO Scanner/1.2.4 (SEO Crawler; seoscanners.info; info@seoscanners.info)"
85.25.177.187 - - [26/Jun/2022:06:35:00 +0200] "GET / HTTP/1.1" 404 - "-" "SEO Scanner/1.2.4 (SEO Crawler; seoscanners.info; info@seoscanners.info)"
66.249.70.164 - - [26/Jun/2022:07:26:39 +0200] "GET /robots.txt HTTP/1.1" 404 - "-" "Mozilla/5.0 (compatible; Googlebot/2.1; +http://www.google.com/bot.html)"
66.249.70.167 - - [26/Jun/2022:07:26:40 +0200] "GET /kontakt/ HTTP/1.1" 404 - "-" "Mozilla/5.0 (Linux; Android 6.0.1; Nexus 5X Build/MMB29P) AppleWebKit/537.36 (KHTML, like Gecko) Chrome/102.0.5005.115 Mobile Safari/537.36 (compatible; Googlebot/2.1; +http://www.google.com/bot.html)"
20.111.16.251 - - [26/Jun/2022:07:49:45 +0200] "GET /sonderthemen/sk2000.pdf HTTP/1.1" 404 - "-" "-"
194.173.174.10 - - [26/Jun/2022:08:24:53 +0200] "HEAD / HTTP/1.1" 404 - "-" "Mozilla/5.0 (Windows NT 6.3; WOW64) AppleWebKit/537.36 (KHTML, like Gecko) Chrome/43.0.2357.134 Safari/537.36"
194.173.174.10 - - [26/Jun/2022:08:24:53 +0200] "GET / HTTP/1.1" 404 - "-" "Mozilla/5.0 (Windows NT 6.3; WOW64) AppleWebKit/537.36 (KHTML, like Gecko) Chrome/43.0.2357.134 Safari/537.36"
85.25.177.187 - - [26/Jun/2022:09:17:27 +0200] "GET /robots.txt HTTP/1.1" 404 - "-" "SEO Scanner/1.2.4 (SEO Crawler; seoscanners.info; info@seoscanners.info)"
85.25.177.187 - - [26/Jun/2022:09:17:27 +0200] "GET / HTTP/1.1" 404 - "-" "SEO Scanner/1.2.4 (SEO Crawler; seoscanners.info; info@seoscanners.info)"
34.78.96.74 - - [26/Jun/2022:10:02:40 +0200] "GET / HTTP/1.1" 404 - "-" "Mozilla/5.0 (Windows NT 10.0; Win64; x64) AppleWebKit/537.36 (KHTML, like Gecko) Chrome/84.0.4147.105 Safari/537.36"
85.25.177.187 - - [26/Jun/2022:11:21:03 +0200] "GET /robots.txt HTTP/1.1" 404 - "-" "SEO Scanner/1.2.4 (SEO Crawler; seoscanners.info; info@seoscanners.info)"
85.25.177.187 - - [26/Jun/2022:11:21:03 +0200] "GET / HTTP/1.1" 404 - "-" "SEO Scanner/1.2.4 (SEO Crawler; seoscanners.info; info@seoscanners.info)"
66.249.70.161 - - [26/Jun/2022:12:13:48 +0200] "GET /buecher/rezensionen_krise_zum_heil.html HTTP/1.1" 404 - "-" "Mozilla/5.0 (Linux; Android 6.0.1; Nexus 5X Build/MMB29P) AppleWebKit/537.36 (KHTML, like Gecko) Chrome/102.0.5005.115 Mobile Safari/537.36 (compatible; Googlebot/2.1; +http://www.google.com/bot.html)"
207.46.13.236 - - [26/Jun/2022:12:52:49 +0200] "GET /robots.txt HTTP/1.1" 404 - "-" "Mozilla/5.0 (compatible; bingbot/2.0; +http://www.bing.com/bingbot.htm)"
157.55.39.144 - - [26/Jun/2022:12:52:58 +0200] "GET /cds/ignatius.html HTTP/1.1" 404 - "-" "Mozilla/5.0 (compatible; bingbot/2.0; +http://www.bing.com/bingbot.htm)"
154.54.249.207 - - [26/Jun/2022:13:06:10 +0200] "GET /robots.txt HTTP/1.1" 404 - "-" "Mozilla/5.0 (compatible; Barkrowler/0.9; +https://babbar.tech/crawler)"
154.54.249.207 - - [26/Jun/2022:13:06:59 +0200] "GET /kontakt/index.html HTTP/1.1" 404 - "-" "Mozilla/5.0 (compatible; Barkrowler/0.9; +https://babbar.tech/crawler)"
154.54.249.207 - - [26/Jun/2022:13:07:41 +0200] "GET /robots.txt HTTP/1.1" 404 - "-" "Mozilla/5.0 (compatible; Barkrowler/0.9; +https://babbar.tech/crawler)"
154.54.249.207 - - [26/Jun/2022:13:08:29 +0200] "GET /buecher/index.html HTTP/1.1" 404 - "-" "Mozilla/5.0 (compatible; Barkrowler/0.9; +https://babbar.tech/crawler)"
154.54.249.207 - - [26/Jun/2022:13:09:19 +0200] "GET /sonderthemen/index.html HTTP/1.1" 404 - "-" "Mozilla/5.0 (compatible; Barkrowler/0.9; +https://babbar.tech/crawler)"
154.54.249.207 - - [26/Jun/2022:13:10:02 +0200] "GET /sonderthemen/archiv.html HTTP/1.1" 404 - "-" "Mozilla/5.0 (compatible; Barkrowler/0.9; +https://babbar.tech/crawler)"
154.54.249.207 - - [26/Jun/2022:13:10:49 +0200] "GET /buecher/bestellung.php HTTP/1.1" 404 - "-" "Mozilla/5.0 (compatible; Barkrowler/0.9; +https://babbar.tech/crawler)"
154.54.249.207 - - [26/Jun/2022:13:12:00 +0200] "GET /cds/lumina.html HTTP/1.1" 404 - "-" "Mozilla/5.0 (compatible; Barkrowler/0.9; +https://babbar.tech/crawler)"
154.54.249.207 - - [26/Jun/2022:13:12:42 +0200] "GET /sonderthemen/presse.html HTTP/1.1" 404 - "-" "Mozilla/5.0 (compatible; Barkrowler/0.9; +https://babbar.tech/crawler)"
154.54.249.207 - - [26/Jun/2022:13:13:29 +0200] "GET /buecher/rezensionen.html HTTP/1.1" 404 - "-" "Mozilla/5.0 (compatible; Barkrowler/0.9; +https://babbar.tech/crawler)"
114.119.130.201 - - [26/Jun/2022:13:13:52 +0200] "GET /robots.txt HTTP/1.1" 404 - "-" "Mozilla/5.0 (compatible;PetalBot;+https://webmaster.petalsearch.com/site/petalbot)"
154.54.249.207 - - [26/Jun/2022:13:14:19 +0200] "GET /buecher/diskussion.html HTTP/1.1" 404 - "-" "Mozilla/5.0 (compatible; Barkrowler/0.9; +https://babbar.tech/crawler)"
154.54.249.207 - - [26/Jun/2022:13:15:01 +0200] "GET /cds/astazi.html HTTP/1.1" 404 - "-" "Mozilla/5.0 (compatible; Barkrowler/0.9; +https://babbar.tech/crawler)"
154.54.249.207 - - [26/Jun/2022:13:15:55 +0200] "GET /cds/ignatius.html HTTP/1.1" 404 - "-" "Mozilla/5.0 (compatible; Barkrowler/0.9; +https://babbar.tech/crawler)"
154.54.249.207 - - [26/Jun/2022:13:16:39 +0200] "GET /jahrbuch/bestellung.php HTTP/1.1" 404 - "-" "Mozilla/5.0 (compatible; Barkrowler/0.9; +https://babbar.tech/crawler)"
154.54.249.207 - - [26/Jun/2022:13:17:26 +0200] "GET /cds/rosarium.html HTTP/1.1" 404 - "-" "Mozilla/5.0 (compatible; Barkrowler/0.9; +https://babbar.tech/crawler)"
154.54.249.207 - - [26/Jun/2022:13:18:09 +0200] "GET /gotteslob/index.html HTTP/1.1" 404 - "-" "Mozilla/5.0 (compatible; Barkrowler/0.9; +https://babbar.tech/crawler)"
154.54.249.207 - - [26/Jun/2022:13:18:59 +0200] "GET /buecher/rezensionen_engel.html HTTP/1.1" 404 - "-" "Mozilla/5.0 (compatible; Barkrowler/0.9; +https://babbar.tech/crawler)"
154.54.249.207 - - [26/Jun/2022:13:19:47 +0200] "GET /cds/glockenspiel2.html HTTP/1.1" 404 - "-" "Mozilla/5.0 (compatible; Barkrowler/0.9; +https://babbar.tech/crawler)"
154.54.249.207 - - [26/Jun/2022:13:20:33 +0200] "GET /cds/glockenspiel1.html HTTP/1.1" 404 - "-" "Mozilla/5.0 (compatible; Barkrowler/0.9; +https://babbar.tech/crawler)"
154.54.249.207 - - [26/Jun/2022:13:21:19 +0200] "GET /robots.txt HTTP/1.1" 404 - "-" "Mozilla/5.0 (compatible; Barkrowler/0.9; +https://babbar.tech/crawler)"
154.54.249.207 - - [26/Jun/2022:13:22:05 +0200] "GET /jahrbuch/titelseiten/index.html HTTP/1.1" 404 - "-" "Mozilla/5.0 (compatible; Barkrowler/0.9; +https://babbar.tech/crawler)"
154.54.249.207 - - [26/Jun/2022:13:22:56 +0200] "GET /buecher/rezensionen_ignatius.html HTTP/1.1" 404 - "-" "Mozilla/5.0 (compatible; Barkrowler/0.9; +https://babbar.tech/crawler)"
154.54.249.207 - - [26/Jun/2022:13:23:40 +0200] "GET /buecher/rezensionen_psalmen.html HTTP/1.1" 404 - "-" "Mozilla/5.0 (compatible; Barkrowler/0.9; +https://babbar.tech/crawler)"
154.54.249.207 - - [26/Jun/2022:13:24:26 +0200] "GET /buecher/rezensionen_preysing.html HTTP/1.1" 404 - "-" "Mozilla/5.0 (compatible; Barkrowler/0.9; +https://babbar.tech/crawler)"
154.54.249.207 - - [26/Jun/2022:13:25:11 +0200] "GET /buecher/veroeffentlichungsliste.html HTTP/1.1" 404 - "-" "Mozilla/5.0 (compatible; Barkrowler/0.9; +https://babbar.tech/crawler)"
85.25.177.187 - - [26/Jun/2022:13:25:56 +0200] "GET /robots.txt HTTP/1.1" 404 - "-" "SEO Scanner/1.2.4 (SEO Crawler; seoscanners.info; info@seoscanners.info)"
85.25.177.187 - - [26/Jun/2022:13:25:56 +0200] "GET / HTTP/1.1" 404 - "-" "SEO Scanner/1.2.4 (SEO Crawler; seoscanners.info; info@seoscanners.info)"
154.54.249.207 - - [26/Jun/2022:13:25:58 +0200] "GET /cds/hymnos_akathistos.html HTTP/1.1" 404 - "-" "Mozilla/5.0 (compatible; Barkrowler/0.9; +https://babbar.tech/crawler)"
154.54.249.207 - - [26/Jun/2022:13:26:44 +0200] "GET /buecher/rezensionen_le_saulchoir.html HTTP/1.1" 404 - "-" "Mozilla/5.0 (compatible; Barkrowler/0.9; +https://babbar.tech/crawler)"
154.54.249.207 - - [26/Jun/2022:13:27:29 +0200] "GET /buecher/rezensionen_ungeteilt.html HTTP/1.1" 404 - "-" "Mozilla/5.0 (compatible; Barkrowler/0.9; +https://babbar.tech/crawler)"
154.54.249.207 - - [26/Jun/2022:13:28:14 +0200] "GET /buecher/rezensionen_chateaubriand.html HTTP/1.1" 404 - "-" "Mozilla/5.0 (compatible; Barkrowler/0.9; +https://babbar.tech/crawler)"
154.54.249.207 - - [26/Jun/2022:13:29:02 +0200] "GET /buecher/rezensionen_krise_zum_heil.html HTTP/1.1" 404 - "-" "Mozilla/5.0 (compatible; Barkrowler/0.9; +https://babbar.tech/crawler)"
154.54.249.207 - - [26/Jun/2022:13:29:44 +0200] "GET /buecher/rezensionen_leiblichkeit_und_zeitlichkeit.html HTTP/1.1" 404 - "-" "Mozilla/5.0 (compatible; Barkrowler/0.9; +https://babbar.tech/crawler)"
154.54.249.207 - - [26/Jun/2022:13:30:28 +0200] "GET /buecher/rezensionen_nicht_auf_sand_gebaut.html HTTP/1.1" 404 - "-" "Mozilla/5.0 (compatible; Barkrowler/0.9; +https://babbar.tech/crawler)"
54.36.148.166 - - [26/Jun/2022:14:47:09 +0200] "GET /buecher/rezensionen_psalmen.html HTTP/1.1" 404 - "-" "Mozilla/5.0 (compatible; AhrefsBot/7.0; +http://ahrefs.com/robot/)"
185.191.171.23 - - [26/Jun/2022:15:04:23 +0200] "GET /robots.txt HTTP/1.1" 404 - "-" "Mozilla/5.0 (compatible; SemrushBot/7~bl; +http://www.semrush.com/bot.html)"
185.191.171.22 - - [26/Jun/2022:15:04:23 +0200] "GET /buecher/rezensionen_ignatius.html HTTP/1.1" 404 - "-" "Mozilla/5.0 (compatible; SemrushBot/7~bl; +http://www.semrush.com/bot.html)"
207.46.13.175 - - [26/Jun/2022:15:28:29 +0200] "GET /gotteslob/index.html HTTP/1.1" 404 - "-" "Mozilla/5.0 (compatible; bingbot/2.0; +http://www.bing.com/bingbot.htm)"
185.191.171.11 - - [26/Jun/2022:15:31:06 +0200] "GET /sonderthemen/index.html HTTP/1.1" 404 - "-" "Mozilla/5.0 (compatible; SemrushBot/7~bl; +http://www.semrush.com/bot.html)"
51.222.253.14 - - [26/Jun/2022:16:59:29 +0200] "GET /robots.txt HTTP/1.1" 404 - "-" "Mozilla/5.0 (compatible; AhrefsBot/7.0; +http://ahrefs.com/robot/)"
54.36.148.26 - - [26/Jun/2022:16:59:29 +0200] "GET /buecher/rezensionen_le_saulchoir.html HTTP/1.1" 404 - "-" "Mozilla/5.0 (compatible; AhrefsBot/7.0; +http://ahrefs.com/robot/)"
194.173.174.10 - - [26/Jun/2022:17:04:14 +0200] "HEAD / HTTP/1.1" 404 - "-" "Mozilla/5.0 (Windows NT 6.3; WOW64) AppleWebKit/537.36 (KHTML, like Gecko) Chrome/43.0.2357.134 Safari/537.36"
194.173.174.10 - - [26/Jun/2022:17:04:14 +0200] "GET / HTTP/1.1" 404 - "-" "Mozilla/5.0 (Windows NT 6.3; WOW64) AppleWebKit/537.36 (KHTML, like Gecko) Chrome/43.0.2357.134 Safari/537.36"
85.25.177.187 - - [26/Jun/2022:17:08:08 +0200] "GET /robots.txt HTTP/1.1" 404 - "-" "SEO Scanner/1.2.4 (SEO Crawler; seoscanners.info; info@seoscanners.info)"
85.25.177.187 - - [26/Jun/2022:17:08:08 +0200] "GET /buecher/ HTTP/1.1" 404 - "-" "SEO Scanner/1.2.4 (SEO Crawler; seoscanners.info; info@seoscanners.info)"
80.148.18.172 - - [26/Jun/2022:17:10:02 +0200] "GET / HTTP/1.1" 404 - "-" "Mozilla/5.0 (X11; Ubuntu; Linux x86_64; rv:98.0) Gecko/20100101 Firefox/98.0"
178.63.51.106 - - [26/Jun/2022:18:25:23 +0200] "GET /sonderthemen/az2000.pdf HTTP/1.1" 404 - "-" "Mozilla/5.0 (Macintosh; Intel Mac OS X 10_14_6) AppleWebKit/605.1.15 (KHTML, like Gecko) Version/14.0.1 Safari/605.1.15"
78.46.94.83 - - [26/Jun/2022:18:25:37 +0200] "GET /sonderthemen/az2000.pdf HTTP/1.1" 404 - "-" "Mozilla/5.0 (Windows NT 6.1; Win64; x64) AppleWebKit/537.36 (KHTML, like Gecko) Chrome/87.0.4280.66 Safari/537.36"
168.119.11.187 - - [26/Jun/2022:18:25:51 +0200] "GET /sonderthemen/az2000.pdf HTTP/1.1" 404 - "-" "Mozilla/5.0 (Macintosh; Intel Mac OS X 10_15_4) AppleWebKit/605.1.15 (KHTML, like Gecko) Version/13.1 Safari/605.1.15"
213.83.37.145 - - [26/Jun/2022:18:30:16 +0200] "HEAD / HTTP/1.1" 404 - "-" "Mozilla/5.0 (Windows NT 6.1; rv:39.0) Gecko/20180101 Firefox/39.0"
213.83.37.145 - - [26/Jun/2022:18:30:18 +0200] "HEAD / HTTP/1.1" 404 - "-" "Mozilla/5.0 (Windows NT 6.1; rv:39.0) Gecko/20180101 Firefox/39.0"
157.55.39.144 - - [26/Jun/2022:18:56:02 +0200] "GET /buecher/gesichter.jpg HTTP/1.1" 404 - "-" "Mozilla/5.0 (compatible; bingbot/2.0; +http://www.bing.com/bingbot.htm)"
85.25.177.187 - - [26/Jun/2022:19:10:13 +0200] "GET /robots.txt HTTP/1.1" 404 - "-" "SEO Scanner/1.2.4 (SEO Crawler; seoscanners.info; info@seoscanners.info)"
85.25.177.187 - - [26/Jun/2022:19:10:13 +0200] "GET /buecher/ HTTP/1.1" 404 - "-" "SEO Scanner/1.2.4 (SEO Crawler; seoscanners.info; info@seoscanners.info)"
157.55.39.185 - - [26/Jun/2022:19:50:31 +0200] "GET /jahrbuch/titelseiten/index.html HTTP/1.1" 404 - "-" "Mozilla/5.0 (compatible; bingbot/2.0; +http://www.bing.com/bingbot.htm)"
51.15.209.146 - - [26/Jun/2022:19:52:13 +0200] "GET / HTTP/1.1" 404 - "-" "Mozilla/5.0 (Windows NT 10.0; Win64; x64; rv:89.0) Gecko/20100101 Firefox/89.0"
66.249.70.161 - - [26/Jun/2022:19:57:42 +0200] "GET /robots.txt HTTP/1.1" 404 - "-" "Mozilla/5.0 (compatible; Googlebot/2.1; +http://www.google.com/bot.html)"
66.249.70.167 - - [26/Jun/2022:19:57:43 +0200] "GET /sonderthemen/oekt_extra3.pdf HTTP/1.1" 404 - "-" "Mozilla/5.0 (Linux; Android 6.0.1; Nexus 5X Build/MMB29P) AppleWebKit/537.36 (KHTML, like Gecko) Chrome/102.0.5005.115 Mobile Safari/537.36 (compatible; Googlebot/2.1; +http://www.google.com/bot.html)"
66.249.70.161 - - [26/Jun/2022:20:12:42 +0200] "GET /kontakt/ HTTP/1.1" 404 - "-" "Mozilla/5.0 (Linux; Android 6.0.1; Nexus 5X Build/MMB29P) AppleWebKit/537.36 (KHTML, like Gecko) Chrome/102.0.5005.115 Mobile Safari/537.36 (compatible; Googlebot/2.1; +http://www.google.com/bot.html)"
66.249.70.164 - - [26/Jun/2022:20:27:42 +0200] "GET / HTTP/1.1" 404 - "-" "Mozilla/5.0 (Linux; Android 6.0.1; Nexus 5X Build/MMB29P) AppleWebKit/537.36 (KHTML, like Gecko) Chrome/102.0.5005.115 Mobile Safari/537.36 (compatible; Googlebot/2.1; +http://www.google.com/bot.html)"
85.25.177.187 - - [26/Jun/2022:21:13:12 +0200] "GET /robots.txt HTTP/1.1" 404 - "-" "SEO Scanner/1.2.4 (SEO Crawler; seoscanners.info; info@seoscanners.info)"
85.25.177.187 - - [26/Jun/2022:21:13:12 +0200] "GET /buecher/ HTTP/1.1" 404 - "-" "SEO Scanner/1.2.4 (SEO Crawler; seoscanners.info; info@seoscanners.info)"
66.249.70.167 - - [26/Jun/2022:21:20:12 +0200] "GET /buecher/rezensionen_nicht_auf_sand_gebaut.html HTTP/1.1" 404 - "-" "Mozilla/5.0 (Linux; Android 6.0.1; Nexus 5X Build/MMB29P) AppleWebKit/537.36 (KHTML, like Gecko) Chrome/102.0.5005.115 Mobile Safari/537.36 (compatible; Googlebot/2.1; +http://www.google.com/bot.html)"
54.36.148.39 - - [26/Jun/2022:21:33:09 +0200] "GET /cds/ignatius.html HTTP/1.1" 404 - "-" "Mozilla/5.0 (compatible; AhrefsBot/7.0; +http://ahrefs.com/robot/)"
66.249.70.161 - - [26/Jun/2022:22:56:43 +0200] "GET /index.html HTTP/1.1" 404 - "-" "Mozilla/5.0 (Linux; Android 6.0.1; Nexus 5X Build/MMB29P) AppleWebKit/537.36 (KHTML, like Gecko) Chrome/102.0.5005.115 Mobile Safari/537.36 (compatible; Googlebot/2.1; +http://www.google.com/bot.html)"
185.191.171.43 - - [26/Jun/2022:22:57:13 +0200] "GET /robots.txt HTTP/1.1" 404 - "-" "Mozilla/5.0 (compatible; SemrushBot/7~bl; +http://www.semrush.com/bot.html)"
185.191.171.18 - - [26/Jun/2022:22:57:13 +0200] "GET / HTTP/1.1" 404 - "-" "Mozilla/5.0 (compatible; SemrushBot/7~bl; +http://www.semrush.com/bot.html)"
83.135.240.46 - - [26/Jun/2022:23:21:04 +0200] "GET /cds/hymnos_akathistos.html HTTP/1.1" 404 - "-" "Mozilla/5.0 (iPhone; CPU iPhone OS 15_5 like Mac OS X) AppleWebKit/605.1.15 (KHTML, like Gecko) Version/15.5 Mobile/15E148 Safari/604.1"
83.135.240.46 - - [26/Jun/2022:23:21:04 +0200] "GET /favicon.ico HTTP/1.1" 404 - "http://www.morusverlag.de/" "Mozilla/5.0 (iPhone; CPU iPhone OS 15_5 like Mac OS X) AppleWebKit/605.1.15 (KHTML, like Gecko) Version/15.5 Mobile/15E148 Safari/604.1"
52.226.210.206 - - [26/Jun/2022:23:21:06 +0200] "GET / HTTP/1.1" 404 - "-" "Mozilla/5.0 (Windows NT 10.0; Win64; x64) AppleWebKit/537.36 (KHTML, like Gecko) Chrome/76.0.3809.100 Safari/537.36"
91.214.243.25 - - [26/Jun/2022:23:28:18 +0200] "GET /sonderthemen/oekz2003.pdf HTTP/1.1" 404 - "-" "Mozilla/5.0 (Windows NT 10.0; WOW64) AppleWebKit/537.36 (KHTML, like Gecko) Chrome/100.0.4896.160 YaBrowser/22.5.2.612 Yowser/2.5 Safari/537.36"
64.124.8.23 - - [26/Jun/2022:23:33:18 +0200] "GET /robots.txt HTTP/1.1" 404 - "-" "Mozilla/5.0 (X11; Linux x86_64) AppleWebKit/537.36 (KHTML, like Gecko) Chrome/61.0.3163.79 Safari/537.36"
64.124.8.23 - - [26/Jun/2022:23:33:19 +0200] "GET / HTTP/1.1" 404 - "-" "Mozilla/5.0 (X11; Linux x86_64) AppleWebKit/537.36 (KHTML, like Gecko) Chrome/61.0.3163.79 Safari/537.36"
66.249.70.161 - - [26/Jun/2022:23:47:30 +0200] "GET /buecher/rezensionen_ignatius.html HTTP/1.1" 404 - "-" "Mozilla/5.0 (Linux; Android 6.0.1; Nexus 5X Build/MMB29P) AppleWebKit/537.36 (KHTML, like Gecko) Chrome/102.0.5005.115 Mobile Safari/537.36 (compatible; Googlebot/2.1; +http://www.google.com/bot.html)"
168.119.69.91 - - [27/Jun/2022:00:46:50 +0200] "GET /sonderthemen/az2003.pdf HTTP/1.1" 404 - "-" "Mozilla/5.0 (Windows NT 10.0; WOW64) AppleWebKit/537.36 (KHTML, like Gecko) Chrome/86.0.4240.198 Safari/537.36"
148.251.50.77 - - [27/Jun/2022:00:46:50 +0200] "GET /sonderthemen/az2003.pdf HTTP/1.1" 404 - "-" "Mozilla/5.0 (Macintosh; Intel Mac OS X 10_15_6) AppleWebKit/605.1.15 (KHTML, like Gecko) Version/13.1.2 Safari/605.1.15"
144.76.102.243 - - [27/Jun/2022:00:46:56 +0200] "GET /sonderthemen/az2003.pdf HTTP/1.1" 404 - "-" "Mozilla/5.0 (Macintosh; Intel Mac OS X 10.16; rv:83.0) Gecko/20100101 Firefox/83.0"
88.198.90.9 - - [27/Jun/2022:00:47:09 +0200] "GET /sonderthemen/az2003.pdf HTTP/1.1" 404 - "-" "Mozilla/5.0 (X11; Linux x86_64; rv:83.0) Gecko/20100101 Firefox/83.0"
138.201.11.237 - - [27/Jun/2022:00:47:16 +0200] "GET /sonderthemen/az2003.pdf HTTP/1.1" 404 - "-" "Mozilla/5.0 (X11; Ubuntu; Linux x86_64; rv:84.0) Gecko/20100101 Firefox/84.0"
78.46.90.120 - - [27/Jun/2022:00:47:26 +0200] "GET /sonderthemen/az2003.pdf HTTP/1.1" 404 - "-" "Mozilla/5.0 (Macintosh; Intel Mac OS X 10_15_7) AppleWebKit/605.1.15 (KHTML, like Gecko) Version/14.0 Safari/605.1.15"
66.249.70.161 - - [27/Jun/2022:01:30:20 +0200] "GET / HTTP/1.1" 404 - "-" "Mozilla/5.0 (compatible; Googlebot/2.1; +http://www.google.com/bot.html)"
66.249.70.164 - - [27/Jun/2022:01:30:29 +0200] "GET / HTTP/1.1" 404 - "-" "Mozilla/5.0 (Linux; Android 6.0.1; Nexus 5X Build/MMB29P) AppleWebKit/537.36 (KHTML, like Gecko) Chrome/99.0.4844.84 Mobile Safari/537.36 (compatible; Googlebot/2.1; +http://www.google.com/bot.html)"
66.249.70.161 - - [27/Jun/2022:01:30:29 +0200] "GET / HTTP/1.1" 404 - "-" "Mozilla/5.0 (compatible; Googlebot/2.1; +http://www.google.com/bot.html)"
138.201.11.237 - - [27/Jun/2022:02:33:01 +0200] "GET /sonderthemen/sk2000.pdf HTTP/1.1" 404 - "-" "Mozilla/5.0 (Macintosh; Intel Mac OS X 10_15_7) AppleWebKit/537.36 (KHTML, like Gecko) Chrome/87.0.4280.67 Safari/537.36"
66.249.70.161 - - [27/Jun/2022:02:55:44 +0200] "GET /sonderthemen/oekt_extra3.pdf HTTP/1.1" 404 - "-" "Mozilla/5.0 (Linux; Android 6.0.1; Nexus 5X Build/MMB29P) AppleWebKit/537.36 (KHTML, like Gecko) Chrome/103.0.5060.53 Mobile Safari/537.36 (compatible; Googlebot/2.1; +http://www.google.com/bot.html)"
51.15.209.146 - - [27/Jun/2022:03:20:56 +0200] "GET / HTTP/1.1" 404 - "-" "Mozilla/5.0 (Windows NT 10.0; Win64; x64; rv:89.0) Gecko/20100101 Firefox/89.0"
85.25.177.187 - - [27/Jun/2022:03:22:16 +0200] "GET /robots.txt HTTP/1.1" 404 - "-" "SEO Scanner/1.2.4 (SEO Crawler; seoscanners.info; info@seoscanners.info)"
85.25.177.187 - - [27/Jun/2022:03:22:16 +0200] "GET /jahrbuch/index.html HTTP/1.1" 404 - "-" "SEO Scanner/1.2.4 (SEO Crawler; seoscanners.info; info@seoscanners.info)"
78.46.94.83 - - [27/Jun/2022:05:25:48 +0200] "GET /sonderthemen/sk2002.pdf HTTP/1.1" 404 - "-" "Mozilla/5.0 (Macintosh; Intel Mac OS X 10_13_6) AppleWebKit/605.1.15 (KHTML, like Gecko) Version/13.1.2 Safari/605.1.15"
85.25.177.187 - - [27/Jun/2022:05:26:36 +0200] "GET /robots.txt HTTP/1.1" 404 - "-" "SEO Scanner/1.2.4 (SEO Crawler; seoscanners.info; info@seoscanners.info)"
85.25.177.187 - - [27/Jun/2022:05:26:36 +0200] "GET /jahrbuch/index.html HTTP/1.1" 404 - "-" "SEO Scanner/1.2.4 (SEO Crawler; seoscanners.info; info@seoscanners.info)"
78.46.90.120 - - [27/Jun/2022:05:32:13 +0200] "GET /sonderthemen/oekt_extra1.pdf HTTP/1.1" 404 - "-" "Mozilla/5.0 (Macintosh; Intel Mac OS X 10_15_6) AppleWebKit/605.1.15 (KHTML, like Gecko) Version/13.1.2 Safari/605.1.15"
216.131.114.108 - - [27/Jun/2022:05:46:50 +0200] "GET / HTTP/1.0" 404 - "https://mostbet-giris-az.xyz" "Mozilla/5.0 (Windows NT 10.0; Win64; x64) AppleWebKit/537.36 (KHTML, like Gecko) Chrome/90.0.4430.85 Safari/537.36"
216.131.114.108 - - [27/Jun/2022:05:46:50 +0200] "GET / HTTP/1.0" 404 - "https://mostbet-giris-az.xyz" "Mozilla/5.0 (Windows NT 10.0; Win64; x64) AppleWebKit/537.36 (KHTML, like Gecko) Chrome/90.0.4430.85 Safari/537.36"
144.76.168.111 - - [27/Jun/2022:06:56:33 +0200] "GET /buecher/rezensionen_preysing.html HTTP/1.1" 404 - "-" "Mozilla/5.0 (Macintosh; Intel Mac OS X 10_15_6) AppleWebKit/537.36 (KHTML, like Gecko) Chrome/87.0.4280.88 Safari/537.36"
173.252.107.20 - - [27/Jun/2022:07:03:53 +0200] "GET /cds/hymnos_akathistos.html HTTP/1.1" 404 - "-" "facebookexternalhit/1.1 (+http://www.facebook.com/externalhit_uatext.php)"
54.36.148.77 - - [27/Jun/2022:07:04:04 +0200] "GET /robots.txt HTTP/1.1" 404 - "-" "Mozilla/5.0 (compatible; AhrefsBot/7.0; +http://ahrefs.com/robot/)"
54.36.148.105 - - [27/Jun/2022:07:04:05 +0200] "GET /buecher/diskussion.html HTTP/1.1" 404 - "-" "Mozilla/5.0 (compatible; AhrefsBot/7.0; +http://ahrefs.com/robot/)"
66.249.70.164 - - [27/Jun/2022:07:26:50 +0200] "GET /kontakt/ HTTP/1.1" 404 - "-" "Mozilla/5.0 (Linux; Android 6.0.1; Nexus 5X Build/MMB29P) AppleWebKit/537.36 (KHTML, like Gecko) Chrome/102.0.5005.115 Mobile Safari/537.36 (compatible; Googlebot/2.1; +http://www.google.com/bot.html)"
85.25.177.187 - - [27/Jun/2022:07:30:26 +0200] "GET /robots.txt HTTP/1.1" 404 - "-" "SEO Scanner/1.2.4 (SEO Crawler; seoscanners.info; info@seoscanners.info)"
85.25.177.187 - - [27/Jun/2022:07:30:26 +0200] "GET /jahrbuch/index.html HTTP/1.1" 404 - "-" "SEO Scanner/1.2.4 (SEO Crawler; seoscanners.info; info@seoscanners.info)"
144.76.162.206 - - [27/Jun/2022:08:03:00 +0200] "GET /sonderthemen/oekt_extra1.pdf HTTP/1.1" 404 - "-" "Mozilla/5.0 (Macintosh; Intel Mac OS X 10_13_6) AppleWebKit/537.36 (KHTML, like Gecko) Chrome/87.0.4280.67 Safari/537.36"
144.76.162.206 - - [27/Jun/2022:08:03:29 +0200] "GET /sonderthemen/oekt_extra1.pdf HTTP/1.1" 404 - "-" "Mozilla/5.0 (Windows NT 10.0; Win64; x64) AppleWebKit/537.36 (KHTML, like Gecko) Chrome/86.0.4240.198 Safari/537.36"
144.76.168.111 - - [27/Jun/2022:08:03:36 +0200] "GET /sonderthemen/oekt_extra1.pdf HTTP/1.1" 404 - "-" "Mozilla/5.0 (Macintosh; Intel Mac OS X 10.15; rv:84.0) Gecko/20100101 Firefox/84.0"
168.119.11.187 - - [27/Jun/2022:08:15:23 +0200] "GET /sonderthemen/sk2000.pdf HTTP/1.1" 404 - "-" "Mozilla/5.0 (Windows NT 6.1; Win64; x64) AppleWebKit/537.36 (KHTML, like Gecko) Chrome/87.0.4280.66 Safari/537.36"
78.46.94.83 - - [27/Jun/2022:08:15:23 +0200] "GET /sonderthemen/oeaz2001.pdf HTTP/1.1" 404 - "-" "Mozilla/5.0 (Windows NT 10.0; Win64; x64) AppleWebKit/537.36 (KHTML, like Gecko) Chrome/87.0.4280.67 Safari/537.36 Edg/87.0.664.47"
176.9.20.86 - - [27/Jun/2022:08:30:31 +0200] "GET / HTTP/1.1" 404 - "-" "Scrapy/2.4.1 (+https://scrapy.org)"
212.227.70.205 - - [27/Jun/2022:09:11:03 +0200] "GET //fw.php HTTP/1.1" 404 - "www.google.com" "Mozlila/5.0 (Linux; Android 7.0; SM-G892A Bulid/NRD90M; wv) AppleWebKit/537.36 (KHTML, like Gecko) Version/4.0 Chrome/60.0.3112.107 Moblie Safari/537.36"
212.227.70.205 - - [27/Jun/2022:09:11:06 +0200] "GET //defaul1.php HTTP/1.1" 404 - "www.google.com" "Mozlila/5.0 (Linux; Android 7.0; SM-G892A Bulid/NRD90M; wv) AppleWebKit/537.36 (KHTML, like Gecko) Version/4.0 Chrome/60.0.3112.107 Moblie Safari/537.36"
212.227.70.205 - - [27/Jun/2022:09:11:09 +0200] "GET //ffAA531.php HTTP/1.1" 404 - "www.google.com" "Mozlila/5.0 (Linux; Android 7.0; SM-G892A Bulid/NRD90M; wv) AppleWebKit/537.36 (KHTML, like Gecko) Version/4.0 Chrome/60.0.3112.107 Moblie Safari/537.36"
212.227.70.205 - - [27/Jun/2022:09:11:11 +0200] "GET //xleet-shell.php HTTP/1.1" 404 - "www.google.com" "Mozlila/5.0 (Linux; Android 7.0; SM-G892A Bulid/NRD90M; wv) AppleWebKit/537.36 (KHTML, like Gecko) Version/4.0 Chrome/60.0.3112.107 Moblie Safari/537.36"
212.227.70.205 - - [27/Jun/2022:09:11:14 +0200] "GET //inbexw.php HTTP/1.1" 404 - "www.google.com" "Mozlila/5.0 (Linux; Android 7.0; SM-G892A Bulid/NRD90M; wv) AppleWebKit/537.36 (KHTML, like Gecko) Version/4.0 Chrome/60.0.3112.107 Moblie Safari/537.36"
212.227.70.205 - - [27/Jun/2022:09:11:16 +0200] "GET //wp-content/plugins/apikey/nocap.php HTTP/1.1" 404 - "www.google.com" "Mozlila/5.0 (Linux; Android 7.0; SM-G892A Bulid/NRD90M; wv) AppleWebKit/537.36 (KHTML, like Gecko) Version/4.0 Chrome/60.0.3112.107 Moblie Safari/537.36"
212.227.70.205 - - [27/Jun/2022:09:11:19 +0200] "GET //modules/mod_ariimageslidersa/mod_ariimageslidersa.php HTTP/1.1" 404 - "www.google.com" "Mozlila/5.0 (Linux; Android 7.0; SM-G892A Bulid/NRD90M; wv) AppleWebKit/537.36 (KHTML, like Gecko) Version/4.0 Chrome/60.0.3112.107 Moblie Safari/537.36"
212.227.70.205 - - [27/Jun/2022:09:11:21 +0200] "GET //xl33t.php HTTP/1.1" 404 - "www.google.com" "Mozlila/5.0 (Linux; Android 7.0; SM-G892A Bulid/NRD90M; wv) AppleWebKit/537.36 (KHTML, like Gecko) Version/4.0 Chrome/60.0.3112.107 Moblie Safari/537.36"
212.227.70.205 - - [27/Jun/2022:09:11:24 +0200] "GET //wp-content/themes/twentyfive/include.php HTTP/1.1" 404 - "www.google.com" "Mozlila/5.0 (Linux; Android 7.0; SM-G892A Bulid/NRD90M; wv) AppleWebKit/537.36 (KHTML, like Gecko) Version/4.0 Chrome/60.0.3112.107 Moblie Safari/537.36"
212.227.70.205 - - [27/Jun/2022:09:11:27 +0200] "GET //wp-content/xleet.php HTTP/1.1" 404 - "www.google.com" "Mozlila/5.0 (Linux; Android 7.0; SM-G892A Bulid/NRD90M; wv) AppleWebKit/537.36 (KHTML, like Gecko) Version/4.0 Chrome/60.0.3112.107 Moblie Safari/537.36"
212.227.70.205 - - [27/Jun/2022:09:11:30 +0200] "GET //wordpress/wp-content/themes/twentyfive/include.php HTTP/1.1" 404 - "www.google.com" "Mozlila/5.0 (Linux; Android 7.0; SM-G892A Bulid/NRD90M; wv) AppleWebKit/537.36 (KHTML, like Gecko) Version/4.0 Chrome/60.0.3112.107 Moblie Safari/537.36"
212.227.70.205 - - [27/Jun/2022:09:11:32 +0200] "GET //wp-admin/images/xleet.php HTTP/1.1" 404 - "www.google.com" "Mozlila/5.0 (Linux; Android 7.0; SM-G892A Bulid/NRD90M; wv) AppleWebKit/537.36 (KHTML, like Gecko) Version/4.0 Chrome/60.0.3112.107 Moblie Safari/537.36"
212.227.70.205 - - [27/Jun/2022:09:11:34 +0200] "GET //wp-admin/maint/xleet.php HTTP/1.1" 404 - "www.google.com" "Mozlila/5.0 (Linux; Android 7.0; SM-G892A Bulid/NRD90M; wv) AppleWebKit/537.36 (KHTML, like Gecko) Version/4.0 Chrome/60.0.3112.107 Moblie Safari/537.36"
212.227.70.205 - - [27/Jun/2022:09:11:36 +0200] "GET //wp-admin/meta/xleet.php HTTP/1.1" 404 - "www.google.com" "Mozlila/5.0 (Linux; Android 7.0; SM-G892A Bulid/NRD90M; wv) AppleWebKit/537.36 (KHTML, like Gecko) Version/4.0 Chrome/60.0.3112.107 Moblie Safari/537.36"
212.227.70.205 - - [27/Jun/2022:09:11:38 +0200] "GET //wp-admin/network/xleet.php HTTP/1.1" 404 - "www.google.com" "Mozlila/5.0 (Linux; Android 7.0; SM-G892A Bulid/NRD90M; wv) AppleWebKit/537.36 (KHTML, like Gecko) Version/4.0 Chrome/60.0.3112.107 Moblie Safari/537.36"
212.227.70.205 - - [27/Jun/2022:09:11:41 +0200] "GET //wp-admin/xleet.php HTTP/1.1" 404 - "www.google.com" "Mozlila/5.0 (Linux; Android 7.0; SM-G892A Bulid/NRD90M; wv) AppleWebKit/537.36 (KHTML, like Gecko) Version/4.0 Chrome/60.0.3112.107 Moblie Safari/537.36"
212.227.70.205 - - [27/Jun/2022:09:11:44 +0200] "GET //wp-includes/xleet.php HTTP/1.1" 404 - "www.google.com" "Mozlila/5.0 (Linux; Android 7.0; SM-G892A Bulid/NRD90M; wv) AppleWebKit/537.36 (KHTML, like Gecko) Version/4.0 Chrome/60.0.3112.107 Moblie Safari/537.36"
212.227.70.205 - - [27/Jun/2022:09:11:46 +0200] "GET //wp-admin/includes/xleet.php HTTP/1.1" 404 - "www.google.com" "Mozlila/5.0 (Linux; Android 7.0; SM-G892A Bulid/NRD90M; wv) AppleWebKit/537.36 (KHTML, like Gecko) Version/4.0 Chrome/60.0.3112.107 Moblie Safari/537.36"
212.227.70.205 - - [27/Jun/2022:09:11:48 +0200] "GET //wp-admin/css/xleet.php HTTP/1.1" 404 - "www.google.com" "Mozlila/5.0 (Linux; Android 7.0; SM-G892A Bulid/NRD90M; wv) AppleWebKit/537.36 (KHTML, like Gecko) Version/4.0 Chrome/60.0.3112.107 Moblie Safari/537.36"
212.227.70.205 - - [27/Jun/2022:09:11:51 +0200] "GET //wp-includes/xleet.php HTTP/1.1" 404 - "www.google.com" "Mozlila/5.0 (Linux; Android 7.0; SM-G892A Bulid/NRD90M; wv) AppleWebKit/537.36 (KHTML, like Gecko) Version/4.0 Chrome/60.0.3112.107 Moblie Safari/537.36"
212.227.70.205 - - [27/Jun/2022:09:11:53 +0200] "GET //wp-content/uploads/xleet.php HTTP/1.1" 404 - "www.google.com" "Mozlila/5.0 (Linux; Android 7.0; SM-G892A Bulid/NRD90M; wv) AppleWebKit/537.36 (KHTML, like Gecko) Version/4.0 Chrome/60.0.3112.107 Moblie Safari/537.36"
212.227.70.205 - - [27/Jun/2022:09:11:55 +0200] "GET //.well-known/xleet.php HTTP/1.1" 404 - "www.google.com" "Mozlila/5.0 (Linux; Android 7.0; SM-G892A Bulid/NRD90M; wv) AppleWebKit/537.36 (KHTML, like Gecko) Version/4.0 Chrome/60.0.3112.107 Moblie Safari/537.36"
212.227.70.205 - - [27/Jun/2022:09:11:58 +0200] "GET //wp-2019.php HTTP/1.1" 404 - "www.google.com" "Mozlila/5.0 (Linux; Android 7.0; SM-G892A Bulid/NRD90M; wv) AppleWebKit/537.36 (KHTML, like Gecko) Version/4.0 Chrome/60.0.3112.107 Moblie Safari/537.36"
212.227.70.205 - - [27/Jun/2022:09:12:00 +0200] "GET //style.php HTTP/1.1" 404 - "www.google.com" "Mozlila/5.0 (Linux; Android 7.0; SM-G892A Bulid/NRD90M; wv) AppleWebKit/537.36 (KHTML, like Gecko) Version/4.0 Chrome/60.0.3112.107 Moblie Safari/537.36"
212.227.70.205 - - [27/Jun/2022:09:12:02 +0200] "GET //qws.php HTTP/1.1" 404 - "www.google.com" "Mozlila/5.0 (Linux; Android 7.0; SM-G892A Bulid/NRD90M; wv) AppleWebKit/537.36 (KHTML, like Gecko) Version/4.0 Chrome/60.0.3112.107 Moblie Safari/537.36"
212.227.70.205 - - [27/Jun/2022:09:12:04 +0200] "GET //shell20211028.php HTTP/1.1" 404 - "www.google.com" "Mozlila/5.0 (Linux; Android 7.0; SM-G892A Bulid/NRD90M; wv) AppleWebKit/537.36 (KHTML, like Gecko) Version/4.0 Chrome/60.0.3112.107 Moblie Safari/537.36"
212.227.70.205 - - [27/Jun/2022:09:12:06 +0200] "GET //1index.php HTTP/1.1" 404 - "www.google.com" "Mozlila/5.0 (Linux; Android 7.0; SM-G892A Bulid/NRD90M; wv) AppleWebKit/537.36 (KHTML, like Gecko) Version/4.0 Chrome/60.0.3112.107 Moblie Safari/537.36"
212.227.70.205 - - [27/Jun/2022:09:12:09 +0200] "GET //wp-includes/wp-class.php HTTP/1.1" 404 - "www.google.com" "Mozlila/5.0 (Linux; Android 7.0; SM-G892A Bulid/NRD90M; wv) AppleWebKit/537.36 (KHTML, like Gecko) Version/4.0 Chrome/60.0.3112.107 Moblie Safari/537.36"
212.227.70.205 - - [27/Jun/2022:09:12:11 +0200] "GET //alwso.php HTTP/1.1" 404 - "www.google.com" "Mozlila/5.0 (Linux; Android 7.0; SM-G892A Bulid/NRD90M; wv) AppleWebKit/537.36 (KHTML, like Gecko) Version/4.0 Chrome/60.0.3112.107 Moblie Safari/537.36"
212.227.70.205 - - [27/Jun/2022:09:12:14 +0200] "GET //cgi-etc/quti.php?pass=shell HTTP/1.1" 404 - "www.google.com" "Mozlila/5.0 (Linux; Android 7.0; SM-G892A Bulid/NRD90M; wv) AppleWebKit/537.36 (KHTML, like Gecko) Version/4.0 Chrome/60.0.3112.107 Moblie Safari/537.36"
212.227.70.205 - - [27/Jun/2022:09:12:17 +0200] "GET //varb.php HTTP/1.1" 404 - "www.google.com" "Mozlila/5.0 (Linux; Android 7.0; SM-G892A Bulid/NRD90M; wv) AppleWebKit/537.36 (KHTML, like Gecko) Version/4.0 Chrome/60.0.3112.107 Moblie Safari/537.36"
212.227.70.205 - - [27/Jun/2022:09:12:18 +0200] "GET //baindex.php HTTP/1.1" 404 - "www.google.com" "Mozlila/5.0 (Linux; Android 7.0; SM-G892A Bulid/NRD90M; wv) AppleWebKit/537.36 (KHTML, like Gecko) Version/4.0 Chrome/60.0.3112.107 Moblie Safari/537.36"
212.227.70.205 - - [27/Jun/2022:09:12:21 +0200] "GET //qindex.php HTTP/1.1" 404 - "www.google.com" "Mozlila/5.0 (Linux; Android 7.0; SM-G892A Bulid/NRD90M; wv) AppleWebKit/537.36 (KHTML, like Gecko) Version/4.0 Chrome/60.0.3112.107 Moblie Safari/537.36"
212.227.70.205 - - [27/Jun/2022:09:12:23 +0200] "GET //local.php HTTP/1.1" 404 - "www.google.com" "Mozlila/5.0 (Linux; Android 7.0; SM-G892A Bulid/NRD90M; wv) AppleWebKit/537.36 (KHTML, like Gecko) Version/4.0 Chrome/60.0.3112.107 Moblie Safari/537.36"
212.227.70.205 - - [27/Jun/2022:09:12:25 +0200] "GET //ups.php HTTP/1.1" 404 - "www.google.com" "Mozlila/5.0 (Linux; Android 7.0; SM-G892A Bulid/NRD90M; wv) AppleWebKit/537.36 (KHTML, like Gecko) Version/4.0 Chrome/60.0.3112.107 Moblie Safari/537.36"
212.227.70.205 - - [27/Jun/2022:09:12:27 +0200] "GET //x.php HTTP/1.1" 404 - "www.google.com" "Mozlila/5.0 (Linux; Android 7.0; SM-G892A Bulid/NRD90M; wv) AppleWebKit/537.36 (KHTML, like Gecko) Version/4.0 Chrome/60.0.3112.107 Moblie Safari/537.36"
212.227.70.205 - - [27/Jun/2022:09:12:29 +0200] "GET //admin.php HTTP/1.1" 404 - "www.google.com" "Mozlila/5.0 (Linux; Android 7.0; SM-G892A Bulid/NRD90M; wv) AppleWebKit/537.36 (KHTML, like Gecko) Version/4.0 Chrome/60.0.3112.107 Moblie Safari/537.36"
212.227.70.205 - - [27/Jun/2022:09:12:32 +0200] "GET //xleet.php HTTP/1.1" 404 - "www.google.com" "Mozlila/5.0 (Linux; Android 7.0; SM-G892A Bulid/NRD90M; wv) AppleWebKit/537.36 (KHTML, like Gecko) Version/4.0 Chrome/60.0.3112.107 Moblie Safari/537.36"
212.227.70.205 - - [27/Jun/2022:09:12:34 +0200] "GET //wp-content/plugins/ubh/up.php/.well-known/ HTTP/1.1" 404 - "www.google.com" "Mozlila/5.0 (Linux; Android 7.0; SM-G892A Bulid/NRD90M; wv) AppleWebKit/537.36 (KHTML, like Gecko) Version/4.0 Chrome/60.0.3112.107 Moblie Safari/537.36"
212.227.70.205 - - [27/Jun/2022:09:12:36 +0200] "GET /.well-known/acme-challenge/ HTTP/1.1" 404 - "www.google.com" "Mozlila/5.0 (Linux; Android 7.0; SM-G892A Bulid/NRD90M; wv) AppleWebKit/537.36 (KHTML, like Gecko) Version/4.0 Chrome/60.0.3112.107 Moblie Safari/537.36"
212.227.70.205 - - [27/Jun/2022:09:12:38 +0200] "GET /wp-includes/js/ HTTP/1.1" 404 - "www.google.com" "Mozlila/5.0 (Linux; Android 7.0; SM-G892A Bulid/NRD90M; wv) AppleWebKit/537.36 (KHTML, like Gecko) Version/4.0 Chrome/60.0.3112.107 Moblie Safari/537.36"
212.227.70.205 - - [27/Jun/2022:09:12:41 +0200] "GET /wp-admin/css/ HTTP/1.1" 404 - "www.google.com" "Mozlila/5.0 (Linux; Android 7.0; SM-G892A Bulid/NRD90M; wv) AppleWebKit/537.36 (KHTML, like Gecko) Version/4.0 Chrome/60.0.3112.107 Moblie Safari/537.36"
212.227.70.205 - - [27/Jun/2022:09:12:43 +0200] "GET /wp-includes/css/ HTTP/1.1" 404 - "www.google.com" "Mozlila/5.0 (Linux; Android 7.0; SM-G892A Bulid/NRD90M; wv) AppleWebKit/537.36 (KHTML, like Gecko) Version/4.0 Chrome/60.0.3112.107 Moblie Safari/537.36"
212.227.70.205 - - [27/Jun/2022:09:12:45 +0200] "GET /wp-includes/images/ HTTP/1.1" 404 - "www.google.com" "Mozlila/5.0 (Linux; Android 7.0; SM-G892A Bulid/NRD90M; wv) AppleWebKit/537.36 (KHTML, like Gecko) Version/4.0 Chrome/60.0.3112.107 Moblie Safari/537.36"
212.227.70.205 - - [27/Jun/2022:09:12:47 +0200] "GET /wp-admin/maint/ HTTP/1.1" 404 - "www.google.com" "Mozlila/5.0 (Linux; Android 7.0; SM-G892A Bulid/NRD90M; wv) AppleWebKit/537.36 (KHTML, like Gecko) Version/4.0 Chrome/60.0.3112.107 Moblie Safari/537.36"
212.227.70.205 - - [27/Jun/2022:09:12:49 +0200] "GET /wp-admin/network/ HTTP/1.1" 404 - "www.google.com" "Mozlila/5.0 (Linux; Android 7.0; SM-G892A Bulid/NRD90M; wv) AppleWebKit/537.36 (KHTML, like Gecko) Version/4.0 Chrome/60.0.3112.107 Moblie Safari/537.36"
212.227.70.205 - - [27/Jun/2022:09:12:51 +0200] "GET /wp-content/ HTTP/1.1" 404 - "www.google.com" "Mozlila/5.0 (Linux; Android 7.0; SM-G892A Bulid/NRD90M; wv) AppleWebKit/537.36 (KHTML, like Gecko) Version/4.0 Chrome/60.0.3112.107 Moblie Safari/537.36"
212.227.70.205 - - [27/Jun/2022:09:12:54 +0200] "GET /wp-content/plugins/ HTTP/1.1" 404 - "www.google.com" "Mozlila/5.0 (Linux; Android 7.0; SM-G892A Bulid/NRD90M; wv) AppleWebKit/537.36 (KHTML, like Gecko) Version/4.0 Chrome/60.0.3112.107 Moblie Safari/537.36"
212.227.70.205 - - [27/Jun/2022:09:12:55 +0200] "GET /upload/image/ HTTP/1.1" 404 - "www.google.com" "Mozlila/5.0 (Linux; Android 7.0; SM-G892A Bulid/NRD90M; wv) AppleWebKit/537.36 (KHTML, like Gecko) Version/4.0 Chrome/60.0.3112.107 Moblie Safari/537.36"
212.227.70.205 - - [27/Jun/2022:09:12:57 +0200] "GET /wp-content/plugins/ubh/ HTTP/1.1" 404 - "www.google.com" "Mozlila/5.0 (Linux; Android 7.0; SM-G892A Bulid/NRD90M; wv) AppleWebKit/537.36 (KHTML, like Gecko) Version/4.0 Chrome/60.0.3112.107 Moblie Safari/537.36"
212.227.70.205 - - [27/Jun/2022:09:12:59 +0200] "GET /wp-content/languages/ HTTP/1.1" 404 - "www.google.com" "Mozlila/5.0 (Linux; Android 7.0; SM-G892A Bulid/NRD90M; wv) AppleWebKit/537.36 (KHTML, like Gecko) Version/4.0 Chrome/60.0.3112.107 Moblie Safari/537.36"
212.227.70.205 - - [27/Jun/2022:09:13:01 +0200] "GET /wp-content/uploads/ HTTP/1.1" 404 - "www.google.com" "Mozlila/5.0 (Linux; Android 7.0; SM-G892A Bulid/NRD90M; wv) AppleWebKit/537.36 (KHTML, like Gecko) Version/4.0 Chrome/60.0.3112.107 Moblie Safari/537.36"
212.227.70.205 - - [27/Jun/2022:09:13:03 +0200] "GET /wp-includes/ HTTP/1.1" 404 - "www.google.com" "Mozlila/5.0 (Linux; Android 7.0; SM-G892A Bulid/NRD90M; wv) AppleWebKit/537.36 (KHTML, like Gecko) Version/4.0 Chrome/60.0.3112.107 Moblie Safari/537.36"
212.227.70.205 - - [27/Jun/2022:09:13:06 +0200] "GET /wp-includes/Text/Diff/Renderer/ HTTP/1.1" 404 - "www.google.com" "Mozlila/5.0 (Linux; Android 7.0; SM-G892A Bulid/NRD90M; wv) AppleWebKit/537.36 (KHTML, like Gecko) Version/4.0 Chrome/60.0.3112.107 Moblie Safari/537.36"
54.36.148.80 - - [27/Jun/2022:09:18:06 +0200] "GET /buecher/rezensionen_nicht_auf_sand_gebaut.html HTTP/1.1" 404 - "-" "Mozilla/5.0 (compatible; AhrefsBot/7.0; +http://ahrefs.com/robot/)"
66.249.70.161 - - [27/Jun/2022:09:35:01 +0200] "GET /robots.txt HTTP/1.1" 404 - "-" "Mozilla/5.0 (compatible; Googlebot/2.1; +http://www.google.com/bot.html)"
66.249.70.167 - - [27/Jun/2022:09:35:01 +0200] "GET /kontakt/index.html HTTP/1.1" 404 - "-" "Mozilla/5.0 (Linux; Android 6.0.1; Nexus 5X Build/MMB29P) AppleWebKit/537.36 (KHTML, like Gecko) Chrome/102.0.5005.115 Mobile Safari/537.36 (compatible; Googlebot/2.1; +http://www.google.com/bot.html)"
151.68.228.229 - - [27/Jun/2022:09:53:48 +0200] "GET /sonderthemen/sk2002.pdf HTTP/1.1" 404 - "https://www.google.com/" "Mozilla/5.0 (iPhone; CPU iPhone OS 15_5 like Mac OS X) AppleWebKit/605.1.15 (KHTML, like Gecko) CriOS/102.0.5005.87 Mobile/15E148 Safari/604.1"
151.68.228.229 - - [27/Jun/2022:09:53:50 +0200] "GET /favicon.ico HTTP/1.1" 404 - "-" "Mozilla/5.0 (iPhone; CPU iPhone OS 15_5 like Mac OS X) AppleWebKit/605.1.15 (KHTML, like Gecko) CriOS/102.0.5005.87 Mobile/15E148 Safari/604.1"
42.236.10.72 - - [27/Jun/2022:09:59:33 +0200] "GET / HTTP/1.1" 404 - "http://www.morusverlag.de/" "Mozilla/5.0 (Windows NT 6.1; WOW64) AppleWebKit/537.36 (KHTML, like Gecko) Chrome/50.0.2661.102 Safari/537.36; 360Spider"
141.8.142.94 - - [27/Jun/2022:10:20:26 +0200] "GET /robots.txt HTTP/1.1" 404 - "-" "Mozilla/5.0 (compatible; YandexBot/3.0; +http://yandex.com/bots)"
141.8.142.94 - - [27/Jun/2022:10:20:30 +0200] "GET /aktuell.html HTTP/1.1" 404 - "-" "Mozilla/5.0 (compatible; YandexBot/3.0; +http://yandex.com/bots)"
17.121.115.158 - - [27/Jun/2022:10:36:40 +0200] "GET /robots.txt HTTP/1.1" 404 - "-" "Mozilla/5.0 (Macintosh; Intel Mac OS X 10_15_5) AppleWebKit/605.1.15 (KHTML, like Gecko) Version/13.1.1 Safari/605.1.15 (Applebot/0.1; +http://www.apple.com/go/applebot)"
17.121.115.158 - - [27/Jun/2022:10:36:40 +0200] "GET / HTTP/1.1" 404 - "-" "Mozilla/5.0 (Macintosh; Intel Mac OS X 10_15_5) AppleWebKit/605.1.15 (KHTML, like Gecko) Version/13.1.1 Safari/605.1.15 (Applebot/0.1; +http://www.apple.com/go/applebot)"
54.36.149.15 - - [27/Jun/2022:11:35:49 +0200] "GET /buecher/rezensionen_preysing.html HTTP/1.1" 404 - "-" "Mozilla/5.0 (compatible; AhrefsBot/7.0; +http://ahrefs.com/robot/)"
46.4.83.150 - - [27/Jun/2022:11:51:21 +0200] "GET /sonderthemen/oekz2003.pdf HTTP/1.1" 404 - "-" "Mozilla/5.0 (X11; Linux x86_64) AppleWebKit/537.36 (KHTML, like Gecko) Chrome/87.0.4280.66 Safari/537.36"
168.119.11.187 - - [27/Jun/2022:11:52:01 +0200] "GET /sonderthemen/oeaz2001.pdf HTTP/1.1" 404 - "-" "Mozilla/5.0 (Macintosh; Intel Mac OS X 10.15; rv:83.0) Gecko/20100101 Firefox/83.0"
46.4.83.150 - - [27/Jun/2022:11:52:34 +0200] "GET /sonderthemen/oeaz2001.pdf HTTP/1.1" 404 - "-" "Mozilla/5.0 (Windows NT 6.1; Win64; x64; rv:83.0) Gecko/20100101 Firefox/83.0"
157.90.177.227 - - [27/Jun/2022:12:01:15 +0200] "GET /robots.txt HTTP/1.1" 404 - "-" "Mozilla/5.0 (compatible; BLEXBot/1.0; +http://webmeup-crawler.com/)"
157.90.177.227 - - [27/Jun/2022:12:01:15 +0200] "GET /sitemap HTTP/1.1" 404 - "-" "Mozilla/5.0 (compatible; BLEXBot/1.0; +http://webmeup-crawler.com/)"
157.90.177.227 - - [27/Jun/2022:12:01:45 +0200] "GET /sitemap.txt HTTP/1.1" 404 - "-" "Mozilla/5.0 (compatible; BLEXBot/1.0; +http://webmeup-crawler.com/)"
194.173.174.107 - - [27/Jun/2022:12:33:34 +0200] "HEAD / HTTP/1.1" 404 - "-" "Mozilla/5.0 (Windows NT 6.3; WOW64) AppleWebKit/537.36 (KHTML, like Gecko) Chrome/43.0.2357.134 Safari/537.36"
194.173.174.107 - - [27/Jun/2022:12:33:40 +0200] "GET / HTTP/1.1" 404 - "-" "Mozilla/5.0 (Windows NT 6.3; WOW64) AppleWebKit/537.36 (KHTML, like Gecko) Chrome/43.0.2357.134 Safari/537.36"
141.8.142.94 - - [27/Jun/2022:13:07:02 +0200] "GET /robots.txt HTTP/1.1" 404 - "-" "Mozilla/5.0 (compatible; YandexBot/3.0; +http://yandex.com/bots)"
141.8.142.94 - - [27/Jun/2022:13:07:06 +0200] "GET /favicon.ico HTTP/1.1" 404 - "-" "Mozilla/5.0 (compatible; YandexFavicons/1.0; +http://yandex.com/bots)"
168.119.11.187 - - [27/Jun/2022:13:19:38 +0200] "GET /sonderthemen/oekt_extra3.pdf HTTP/1.1" 404 - "-" "Mozilla/5.0 (X11; Ubuntu; Linux x86_64; rv:84.0) Gecko/20100101 Firefox/84.0"
136.243.17.161 - - [27/Jun/2022:14:12:45 +0200] "GET /sonderthemen/sk2000.pdf HTTP/1.1" 404 - "-" "Mozilla/5.0 (Macintosh; Intel Mac OS X 10_15_7) AppleWebKit/537.36 (KHTML, like Gecko) Chrome/87.0.4280.88 Safari/537.36"
144.76.168.111 - - [27/Jun/2022:14:23:24 +0200] "GET /sonderthemen/sk2000.pdf HTTP/1.1" 404 - "-" "Mozilla/5.0 (Macintosh; Intel Mac OS X 10_13_6) AppleWebKit/537.36 (KHTML, like Gecko) Chrome/86.0.4240.198 Safari/537.36"
83.135.41.162 - - [27/Jun/2022:15:23:48 +0200] "GET /buecher/ HTTP/1.1" 404 - "https://www.google.com/" "Mozilla/5.0 (Windows NT 10.0; Win64; x64; rv:91.0) Gecko/20100101 Firefox/91.0"
83.135.41.162 - - [27/Jun/2022:15:23:48 +0200] "GET /favicon.ico HTTP/1.1" 404 - "http://www.morusverlag.de/buecher/" "Mozilla/5.0 (Windows NT 10.0; Win64; x64; rv:91.0) Gecko/20100101 Firefox/91.0"
178.63.51.106 - - [27/Jun/2022:15:42:05 +0200] "GET /sonderthemen/oekt_extra2.pdf HTTP/1.1" 404 - "-" "Mozilla/5.0 (X11; Linux x86_64; rv:84.0) Gecko/20100101 Firefox/84.0"
178.63.51.106 - - [27/Jun/2022:15:42:05 +0200] "GET /sonderthemen/oekt_extra2.pdf HTTP/1.1" 404 - "-" "Mozilla/5.0 (Windows NT 10.0; Win64; x64) AppleWebKit/537.36 (KHTML, like Gecko) Chrome/87.0.4280.88 Safari/537.36 Edg/87.0.664.60"
136.243.17.161 - - [27/Jun/2022:15:42:05 +0200] "GET /sonderthemen/oekt_extra2.pdf HTTP/1.1" 404 - "-" "Mozilla/5.0 (Macintosh; Intel Mac OS X 10.15; rv:82.0) Gecko/20100101 Firefox/82.0"
138.201.11.237 - - [27/Jun/2022:15:42:17 +0200] "GET /sonderthemen/oekt_extra2.pdf HTTP/1.1" 404 - "-" "Mozilla/5.0 (Windows NT 10.0; Win64; x64) AppleWebKit/537.36 (KHTML, like Gecko) Chrome/87.0.4280.88 Safari/537.36 Edg/87.0.664.60"
114.119.145.123 - - [27/Jun/2022:16:53:31 +0200] "GET /robots.txt HTTP/1.1" 404 - "-" "Mozilla/5.0 (compatible;PetalBot;+https://webmaster.petalsearch.com/site/petalbot)"
157.55.39.144 - - [27/Jun/2022:16:54:50 +0200] "GET /cds/ignatius.html HTTP/1.1" 404 - "-" "Mozilla/5.0 (iPhone; CPU iPhone OS 7_0 like Mac OS X) AppleWebKit/537.51.1 (KHTML, like Gecko) Version/7.0 Mobile/11A465 Safari/9537.53 (compatible; bingbot/2.0; +http://www.bing.com/bingbot.htm)"
54.36.149.4 - - [27/Jun/2022:17:02:22 +0200] "GET / HTTP/1.1" 404 - "-" "Mozilla/5.0 (compatible; AhrefsBot/7.0; +http://ahrefs.com/robot/)"
216.131.114.151 - - [27/Jun/2022:17:04:22 +0200] "GET / HTTP/1.0" 404 - "https://olymprc.biz/" "Mozilla/5.0 (Windows NT 10.0; Win64; x64) AppleWebKit/537.36 (KHTML, like Gecko) Chrome/90.0.4430.72 Safari/537.36 Edg/90.0.818.42"
216.131.114.151 - - [27/Jun/2022:17:04:22 +0200] "GET / HTTP/1.0" 404 - "https://olymprc.biz/" "Mozilla/5.0 (Windows NT 10.0; Win64; x64) AppleWebKit/537.36 (KHTML, like Gecko) Chrome/90.0.4430.72 Safari/537.36 Edg/90.0.818.42"
46.4.83.150 - - [27/Jun/2022:17:04:37 +0200] "GET /buecher/diskussion.html HTTP/1.1" 404 - "-" "Mozilla/5.0 (Macintosh; Intel Mac OS X 10_15_5) AppleWebKit/537.36 (KHTML, like Gecko) Chrome/86.0.4240.198 Safari/537.36"
94.247.172.129 - - [27/Jun/2022:17:52:29 +0200] "GET / HTTP/1.1" 404 - "-" "Mozilla/5.0 (Macintosh; Intel Mac OS X 10_9_2)"
78.46.90.120 - - [27/Jun/2022:19:11:27 +0200] "GET /sonderthemen/oekt_extra3.pdf HTTP/1.1" 404 - "-" "Mozilla/5.0 (Macintosh; Intel Mac OS X 10.14; rv:83.0) Gecko/20100101 Firefox/83.0"
114.119.134.231 - - [27/Jun/2022:19:13:16 +0200] "GET /kontakt/index.html HTTP/1.1" 404 - "http://www.morusverlag.de/buecher/rezensionen_krise_zum_heil.html" "Mozilla/5.0 (Linux; Android 7.0;) AppleWebKit/537.36 (KHTML, like Gecko) Mobile Safari/537.36 (compatible; PetalBot;+https://webmaster.petalsearch.com/site/petalbot)"
51.222.253.7 - - [27/Jun/2022:19:16:53 +0200] "GET /robots.txt HTTP/1.1" 404 - "-" "Mozilla/5.0 (compatible; AhrefsBot/7.0; +http://ahrefs.com/robot/)"
54.36.148.124 - - [27/Jun/2022:19:16:55 +0200] "GET /impressum.html HTTP/1.1" 404 - "-" "Mozilla/5.0 (compatible; AhrefsBot/7.0; +http://ahrefs.com/robot/)"
207.46.13.175 - - [27/Jun/2022:19:23:38 +0200] "GET /gotteslob/gotteslob_alle.jpg HTTP/1.1" 404 - "-" "Mozilla/5.0 (compatible; bingbot/2.0; +http://www.bing.com/bingbot.htm)"
217.91.20.21 - - [27/Jun/2022:19:51:46 +0200] "GET / HTTP/1.1" 404 - "http://www.kathpedia.com/" "Mozilla/5.0 (Windows NT 10.0; Win64; x64) AppleWebKit/537.36 (KHTML, like Gecko) Chrome/103.0.0.0 Safari/537.36"
217.91.20.21 - - [27/Jun/2022:19:51:46 +0200] "GET /favicon.ico HTTP/1.1" 404 - "http://www.morusverlag.de/" "Mozilla/5.0 (Windows NT 10.0; Win64; x64) AppleWebKit/537.36 (KHTML, like Gecko) Chrome/103.0.0.0 Safari/537.36"
217.91.20.21 - - [27/Jun/2022:19:51:52 +0200] "GET /buecher/ HTTP/1.1" 404 - "https://www.google.com/" "Mozilla/5.0 (Windows NT 10.0; Win64; x64) AppleWebKit/537.36 (KHTML, like Gecko) Chrome/103.0.0.0 Safari/537.36"
217.91.20.21 - - [27/Jun/2022:19:51:58 +0200] "GET /main.css HTTP/1.1" 404 - "http://webcache.googleusercontent.com/" "Mozilla/5.0 (Windows NT 10.0; Win64; x64) AppleWebKit/537.36 (KHTML, like Gecko) Chrome/103.0.0.0 Safari/537.36"
