205.169.39.249 - - [05/Jun/2022:02:59:22 +0200] "GET /cds/hymnos_akathistos.html HTTP/1.1" 200 11061 "-" "Mozilla/5.0 (Windows NT 10.0; Win64; x64) AppleWebKit/537.36 (KHTML, like Gecko) Chrome/79.0.3945.79 Safari/537.36"
205.169.39.249 - - [05/Jun/2022:02:59:22 +0200] "GET /main.css HTTP/1.1" 200 1439 "http://www.morusverlag.de/cds/hymnos_akathistos.html" "Mozilla/5.0 (Windows NT 10.0; Win64; x64) AppleWebKit/537.36 (KHTML, like Gecko) Chrome/79.0.3945.79 Safari/537.36"
205.169.39.249 - - [05/Jun/2022:02:59:22 +0200] "GET /logo_g.gif HTTP/1.1" 200 1301 "http://www.morusverlag.de/cds/hymnos_akathistos.html" "Mozilla/5.0 (Windows NT 10.0; Win64; x64) AppleWebKit/537.36 (KHTML, like Gecko) Chrome/79.0.3945.79 Safari/537.36"
205.169.39.249 - - [05/Jun/2022:02:59:22 +0200] "GET /mv_g.gif HTTP/1.1" 200 4070 "http://www.morusverlag.de/cds/hymnos_akathistos.html" "Mozilla/5.0 (Windows NT 10.0; Win64; x64) AppleWebKit/537.36 (KHTML, like Gecko) Chrome/79.0.3945.79 Safari/537.36"
205.169.39.249 - - [05/Jun/2022:02:59:22 +0200] "GET /m.gif HTTP/1.1" 200 95 "http://www.morusverlag.de/cds/hymnos_akathistos.html" "Mozilla/5.0 (Windows NT 10.0; Win64; x64) AppleWebKit/537.36 (KHTML, like Gecko) Chrome/79.0.3945.79 Safari/537.36"
205.169.39.249 - - [05/Jun/2022:02:59:22 +0200] "GET /pf.gif HTTP/1.1" 200 62 "http://www.morusverlag.de/cds/hymnos_akathistos.html" "Mozilla/5.0 (Windows NT 10.0; Win64; x64) AppleWebKit/537.36 (KHTML, like Gecko) Chrome/79.0.3945.79 Safari/537.36"
205.169.39.249 - - [05/Jun/2022:02:59:22 +0200] "GET /strich.gif HTTP/1.1" 200 45 "http://www.morusverlag.de/cds/hymnos_akathistos.html" "Mozilla/5.0 (Windows NT 10.0; Win64; x64) AppleWebKit/537.36 (KHTML, like Gecko) Chrome/79.0.3945.79 Safari/537.36"
205.169.39.249 - - [05/Jun/2022:02:59:22 +0200] "GET /cds/hymnos_heft.jpg HTTP/1.1" 200 8653 "http://www.morusverlag.de/cds/hymnos_akathistos.html" "Mozilla/5.0 (Windows NT 10.0; Win64; x64) AppleWebKit/537.36 (KHTML, like Gecko) Chrome/79.0.3945.79 Safari/537.36"
205.169.39.249 - - [05/Jun/2022:02:59:22 +0200] "GET /cds/hymnos.jpg HTTP/1.1" 200 27752 "http://www.morusverlag.de/cds/hymnos_akathistos.html" "Mozilla/5.0 (Windows NT 10.0; Win64; x64) AppleWebKit/537.36 (KHTML, like Gecko) Chrome/79.0.3945.79 Safari/537.36"
157.55.39.189 - - [05/Jun/2022:03:08:22 +0200] "GET /buecher/rezensionen.html HTTP/1.1" 200 6964 "-" "Mozilla/5.0 (compatible; bingbot/2.0; +http://www.bing.com/bingbot.htm)"
157.90.177.227 - - [05/Jun/2022:03:28:36 +0200] "GET /robots.txt HTTP/1.1" 200 100 "-" "Mozilla/5.0 (compatible; BLEXBot/1.0; +http://webmeup-crawler.com/)"
157.90.177.227 - - [05/Jun/2022:03:28:39 +0200] "GET /sitemap HTTP/1.1" 404 2381 "-" "Mozilla/5.0 (compatible; BLEXBot/1.0; +http://webmeup-crawler.com/)"
157.90.177.227 - - [05/Jun/2022:03:28:41 +0200] "GET /sitemap.txt HTTP/1.1" 404 2381 "-" "Mozilla/5.0 (compatible; BLEXBot/1.0; +http://webmeup-crawler.com/)"
199.58.86.211 - - [05/Jun/2022:03:51:03 +0200] "GET /robots.txt HTTP/1.1" 200 100 "-" "Mozilla/5.0 (compatible; MJ12bot/v1.4.8; http://mj12bot.com/)"
199.58.86.211 - - [05/Jun/2022:03:51:06 +0200] "GET / HTTP/1.1" 200 9360 "-" "Mozilla/5.0 (compatible; MJ12bot/v1.4.8; http://mj12bot.com/)"
95.163.255.18 - - [05/Jun/2022:04:12:23 +0200] "GET /robots.txt HTTP/1.0" 200 100 "-" "Mozilla/5.0 (compatible; Linux x86_64; Mail.RU_Bot/2.0; +https://help.mail.ru/webmaster/indexing/robots)"
95.163.255.18 - - [05/Jun/2022:04:12:24 +0200] "GET / HTTP/1.1" 200 9360 "-" "Mozilla/5.0 (compatible; Linux x86_64; Mail.RU_Bot/2.0; +https://help.mail.ru/webmaster/indexing/robots)"
185.181.61.24 - - [05/Jun/2022:04:19:44 +0200] "GET / HTTP/1.1" 200 9360 "-" "Mozilla/5.0 (Windows NT 10.0; Win64; x64) AppleWebKit/537.36 (KHTML, like Gecko) Chrome/91.0.4472.114 Safari/537.36 Edg/91.0.864.54"
80.85.136.159 - - [05/Jun/2022:04:22:49 +0200] "HEAD / HTTP/1.1" 200 - "https://sizewheeltire.com/toyota-hilux-wheel-and-tire-sizes/" "Mozilla/3.0 (compatible; MSIE5.00; Windows 2009)"
193.3.168.17 - - [05/Jun/2022:04:22:49 +0200] "HEAD / HTTP/1.1" 200 - "https://specstch.com/" "Mozilla/4.0 (compatible; MSIE6.00; Windows 2003)"
80.85.136.157 - - [05/Jun/2022:04:22:49 +0200] "HEAD / HTTP/1.1" 200 - "https://www.mebel.vladimir.ru/ladies" "Mozilla/7.0 (compatible; MSIE5.00; Windows 2008)"
54.36.148.202 - - [05/Jun/2022:04:33:09 +0200] "GET /buecher/rezensionen_preysing.html HTTP/1.1" 200 9502 "-" "Mozilla/5.0 (compatible; AhrefsBot/7.0; +http://ahrefs.com/robot/)"
194.67.207.94 - - [05/Jun/2022:05:03:55 +0200] "HEAD / HTTP/1.1" 200 - "https://km-spb.su/krovlya/" "Mozilla/4.0 (compatible; MSIE6.00; Windows 2003)"
185.5.249.185 - - [05/Jun/2022:05:03:55 +0200] "HEAD / HTTP/1.1" 200 - "https://henessy42.ru/podarok-muzhchine-v-kemerovo/" "Mozilla/6.0 (compatible; MSIE6.00; Windows 2009)"
193.124.188.83 - - [05/Jun/2022:05:14:44 +0200] "HEAD / HTTP/1.1" 200 - "https://uzvo.ru/" "Mozilla/3.0 (compatible; MSIE5.00; Windows 2002)"
178.63.51.106 - - [05/Jun/2022:05:31:13 +0200] "GET /sonderthemen/az2000.pdf HTTP/1.1" 200 2253581 "-" "Mozilla/5.0 (Windows NT 6.3; Win64; x64; rv:83.0) Gecko/20100101 Firefox/83.0"
157.55.39.97 - - [05/Jun/2022:05:47:37 +0200] "GET /sonderthemen/sk2004.pdf HTTP/1.1" 304 - "-" "Mozilla/5.0 (compatible; bingbot/2.0; +http://www.bing.com/bingbot.htm)"
168.119.69.91 - - [05/Jun/2022:06:01:38 +0200] "GET /sonderthemen/oekt_extra1.pdf HTTP/1.1" 200 1849015 "-" "Mozilla/5.0 (Macintosh; Intel Mac OS X 10.15; rv:83.0) Gecko/20100101 Firefox/83.0"
54.36.149.2 - - [05/Jun/2022:06:18:32 +0200] "GET /buecher/rezensionen_nicht_auf_sand_gebaut.html HTTP/1.1" 200 6594 "-" "Mozilla/5.0 (compatible; AhrefsBot/7.0; +http://ahrefs.com/robot/)"
78.46.90.120 - - [05/Jun/2022:06:33:05 +0200] "GET /sonderthemen/oekt_extra3.pdf HTTP/1.1" 200 2109745 "-" "Mozilla/5.0 (Windows NT 6.1; Win64; x64) AppleWebKit/537.36 (KHTML, like Gecko) Chrome/86.0.4240.198 Safari/537.36"
63.35.188.77 - - [05/Jun/2022:06:39:11 +0200] "GET /robots.txt HTTP/1.0" 200 100 "http://www.morusverlag.de/" "Mozilla/5.0 (Macintosh; Intel Mac OS X 11_1) AppleWebKit/537.36 (KHTML, like Gecko) Chrome/87.0.4280.88 Safari/537.36"
94.142.141.230 - - [05/Jun/2022:06:51:34 +0200] "HEAD / HTTP/1.1" 200 - "https://tireclub.ru" "Mozilla/7.0 (compatible; MSIE4.00; Windows 2002)"
194.67.207.9 - - [05/Jun/2022:06:51:35 +0200] "HEAD / HTTP/1.1" 200 - "https://henessy042.ru/chastnye-massazhistki-dlja-muzhchin-sheregesh/" "Mozilla/7.0 (compatible; MSIE5.00; Windows 2006)"
194.67.210.77 - - [05/Jun/2022:06:51:35 +0200] "HEAD / HTTP/1.1" 200 - "https://henessy142.ru/podarok-rukovoditelju-v-novokuznecke/" "Mozilla/2.0 (compatible; MSIE7.00; Windows 2008)"
185.125.219.13 - - [05/Jun/2022:06:58:47 +0200] "HEAD / HTTP/1.1" 200 - "https://youtube-booster.space/" "Mozilla/7.0 (compatible; MSIE5.00; Windows 2004)"
193.124.191.92 - - [05/Jun/2022:06:58:47 +0200] "HEAD / HTTP/1.1" 200 - "https://rustrans.com.ua/transport" "Mozilla/4.0 (compatible; MSIE2.00; Windows 2007)"
193.124.190.18 - - [05/Jun/2022:06:58:48 +0200] "HEAD / HTTP/1.1" 200 - "https://pamjatnik.com.ua/nolink/ritualnaja-productions" "Mozilla/7.0 (compatible; MSIE6.00; Windows 2006)"
54.36.149.30 - - [05/Jun/2022:07:37:09 +0200] "GET /buecher/veroeffentlichungsliste.html HTTP/1.1" 200 129779 "-" "Mozilla/5.0 (compatible; AhrefsBot/7.0; +http://ahrefs.com/robot/)"
87.162.170.195 - - [05/Jun/2022:08:10:31 +0200] "GET /cds/ HTTP/1.1" 200 7987 "https://www.google.com/" "Mozilla/5.0 (Linux; Android 12; SM-A515F) AppleWebKit/537.36 (KHTML, like Gecko) Chrome/102.0.0.0 Mobile Safari/537.36"
87.162.170.195 - - [05/Jun/2022:08:10:31 +0200] "GET /main.css HTTP/1.1" 200 1439 "-" "Mozilla/5.0 (Linux; Android 12; SM-A515F) AppleWebKit/537.36 (KHTML, like Gecko) Chrome/102.0.0.0 Mobile Safari/537.36"
87.162.170.195 - - [05/Jun/2022:08:10:32 +0200] "GET /logo_g.gif HTTP/1.1" 200 1301 "http://www.morusverlag.de/cds/" "Mozilla/5.0 (Linux; Android 12; SM-A515F) AppleWebKit/537.36 (KHTML, like Gecko) Chrome/102.0.0.0 Mobile Safari/537.36"
87.162.170.195 - - [05/Jun/2022:08:10:32 +0200] "GET /mv_g.gif HTTP/1.1" 200 4070 "http://www.morusverlag.de/cds/" "Mozilla/5.0 (Linux; Android 12; SM-A515F) AppleWebKit/537.36 (KHTML, like Gecko) Chrome/102.0.0.0 Mobile Safari/537.36"
87.162.170.195 - - [05/Jun/2022:08:10:32 +0200] "GET /m.gif HTTP/1.1" 200 95 "http://www.morusverlag.de/cds/" "Mozilla/5.0 (Linux; Android 12; SM-A515F) AppleWebKit/537.36 (KHTML, like Gecko) Chrome/102.0.0.0 Mobile Safari/537.36"
87.162.170.195 - - [05/Jun/2022:08:10:32 +0200] "GET /strich.gif HTTP/1.1" 200 45 "http://www.morusverlag.de/cds/" "Mozilla/5.0 (Linux; Android 12; SM-A515F) AppleWebKit/537.36 (KHTML, like Gecko) Chrome/102.0.0.0 Mobile Safari/537.36"
87.162.170.195 - - [05/Jun/2022:08:10:32 +0200] "GET /pf.gif HTTP/1.1" 200 62 "http://www.morusverlag.de/cds/" "Mozilla/5.0 (Linux; Android 12; SM-A515F) AppleWebKit/537.36 (KHTML, like Gecko) Chrome/102.0.0.0 Mobile Safari/537.36"
87.162.170.195 - - [05/Jun/2022:08:10:32 +0200] "GET /cds/ignatius_k.jpg HTTP/1.1" 200 3965 "http://www.morusverlag.de/cds/" "Mozilla/5.0 (Linux; Android 12; SM-A515F) AppleWebKit/537.36 (KHTML, like Gecko) Chrome/102.0.0.0 Mobile Safari/537.36"
87.162.170.195 - - [05/Jun/2022:08:10:32 +0200] "GET /cds/rosarium_k.jpg HTTP/1.1" 200 3972 "http://www.morusverlag.de/cds/" "Mozilla/5.0 (Linux; Android 12; SM-A515F) AppleWebKit/537.36 (KHTML, like Gecko) Chrome/102.0.0.0 Mobile Safari/537.36"
87.162.170.195 - - [05/Jun/2022:08:10:32 +0200] "GET /cds/hymnos_k.jpg HTTP/1.1" 200 4986 "http://www.morusverlag.de/cds/" "Mozilla/5.0 (Linux; Android 12; SM-A515F) AppleWebKit/537.36 (KHTML, like Gecko) Chrome/102.0.0.0 Mobile Safari/537.36"
87.162.170.195 - - [05/Jun/2022:08:10:32 +0200] "GET /cds/glockenspiel1_k.jpg HTTP/1.1" 200 5641 "http://www.morusverlag.de/cds/" "Mozilla/5.0 (Linux; Android 12; SM-A515F) AppleWebKit/537.36 (KHTML, like Gecko) Chrome/102.0.0.0 Mobile Safari/537.36"
87.162.170.195 - - [05/Jun/2022:08:10:32 +0200] "GET /cds/glockenspiel2_k.jpg HTTP/1.1" 200 5265 "http://www.morusverlag.de/cds/" "Mozilla/5.0 (Linux; Android 12; SM-A515F) AppleWebKit/537.36 (KHTML, like Gecko) Chrome/102.0.0.0 Mobile Safari/537.36"
87.162.170.195 - - [05/Jun/2022:08:10:32 +0200] "GET /cds/lumina_k.jpg HTTP/1.1" 200 6053 "http://www.morusverlag.de/cds/" "Mozilla/5.0 (Linux; Android 12; SM-A515F) AppleWebKit/537.36 (KHTML, like Gecko) Chrome/102.0.0.0 Mobile Safari/537.36"
87.162.170.195 - - [05/Jun/2022:08:10:32 +0200] "GET /cds/astazi_k.jpg HTTP/1.1" 200 6049 "http://www.morusverlag.de/cds/" "Mozilla/5.0 (Linux; Android 12; SM-A515F) AppleWebKit/537.36 (KHTML, like Gecko) Chrome/102.0.0.0 Mobile Safari/537.36"
87.162.170.195 - - [05/Jun/2022:08:10:32 +0200] "GET /favicon.ico HTTP/1.1" 200 4286 "http://www.morusverlag.de/cds/" "Mozilla/5.0 (Linux; Android 12; SM-A515F) AppleWebKit/537.36 (KHTML, like Gecko) Chrome/102.0.0.0 Mobile Safari/537.36"
87.162.170.195 - - [05/Jun/2022:08:10:55 +0200] "GET /cds/ HTTP/1.1" 304 - "https://www.google.com/" "Mozilla/5.0 (Linux; Android 12; SM-A515F) AppleWebKit/537.36 (KHTML, like Gecko) Chrome/102.0.0.0 Mobile Safari/537.36"
144.76.168.111 - - [05/Jun/2022:08:34:43 +0200] "GET /sonderthemen/oekt_extra3.pdf HTTP/1.1" 200 2109745 "-" "Mozilla/5.0 (Macintosh; Intel Mac OS X 10_15_6) AppleWebKit/605.1.15 (KHTML, like Gecko) Version/14.0.1 Safari/605.1.15"
144.76.168.111 - - [05/Jun/2022:09:07:39 +0200] "GET /sonderthemen/sk2000.pdf HTTP/1.1" 200 2925489 "-" "Mozilla/5.0 (Macintosh; Intel Mac OS X 10_15_6) AppleWebKit/605.1.15 (KHTML, like Gecko) Version/14.0.1 Safari/605.1.15"
157.55.39.97 - - [05/Jun/2022:09:56:42 +0200] "GET /buecher/index.html HTTP/1.1" 200 25885 "-" "Mozilla/5.0 (compatible; bingbot/2.0; +http://www.bing.com/bingbot.htm)"
88.152.9.104 - - [05/Jun/2022:10:08:28 +0200] "GET /sonderthemen/az2000.pdf HTTP/1.1" 200 2253581 "-" "Dalvik/2.1.0 (Linux; U; Android 11; SM-A127F Build/RP1A.200720.012)"
88.198.90.9 - - [05/Jun/2022:10:10:51 +0200] "GET /sonderthemen/sk2004.pdf HTTP/1.1" 200 1967215 "-" "Mozilla/5.0 (Macintosh; Intel Mac OS X 10.16; rv:83.0) Gecko/20100101 Firefox/83.0"
78.46.94.83 - - [05/Jun/2022:10:29:10 +0200] "GET /sonderthemen/az2003.pdf HTTP/1.1" 200 4864675 "-" "Mozilla/5.0 (Windows NT 10.0; WOW64; Trident/7.0; rv:11.0) like Gecko"
144.76.162.206 - - [05/Jun/2022:10:54:13 +0200] "GET /sonderthemen/oekt_extra3.pdf HTTP/1.1" 200 2109745 "-" "Mozilla/5.0 (Windows NT 10.0; WOW64) AppleWebKit/537.36 (KHTML, like Gecko) Chrome/86.0.4240.198 Safari/537.36"
54.36.148.209 - - [05/Jun/2022:10:57:31 +0200] "GET /robots.txt HTTP/1.1" 200 100 "-" "Mozilla/5.0 (compatible; AhrefsBot/7.0; +http://ahrefs.com/robot/)"
54.36.149.3 - - [05/Jun/2022:10:57:32 +0200] "GET /sonderthemen/index.html HTTP/1.1" 200 7102 "-" "Mozilla/5.0 (compatible; AhrefsBot/7.0; +http://ahrefs.com/robot/)"
46.4.83.150 - - [05/Jun/2022:11:45:49 +0200] "GET /sonderthemen/sk2002.pdf HTTP/1.1" 200 2628923 "-" "Mozilla/5.0 (Windows NT 10.0; Win64; x64; rv:83.0) Gecko/20100101 Firefox/83.0"
138.201.11.237 - - [05/Jun/2022:11:45:49 +0200] "GET /sonderthemen/sk2001.pdf HTTP/1.1" 200 3098589 "-" "Mozilla/5.0 (Windows NT 6.3; Win64; x64; rv:83.0) Gecko/20100101 Firefox/83.0"
157.55.39.189 - - [05/Jun/2022:12:05:00 +0200] "GET /cds/ HTTP/1.1" 200 7987 "-" "Mozilla/5.0 (compatible; bingbot/2.0; +http://www.bing.com/bingbot.htm)"
168.119.69.91 - - [05/Jun/2022:12:21:42 +0200] "GET /sonderthemen/oeaz2001.pdf HTTP/1.1" 200 4496626 "-" "Mozilla/5.0 (Windows NT 10.0; rv:78.0) Gecko/20100101 Firefox/78.0"
194.173.174.10 - - [05/Jun/2022:13:09:51 +0200] "HEAD / HTTP/1.1" 200 - "-" "Mozilla/5.0 (Windows NT 6.3; WOW64) AppleWebKit/537.36 (KHTML, like Gecko) Chrome/43.0.2357.134 Safari/537.36"
114.119.134.231 - - [05/Jun/2022:13:40:33 +0200] "GET / HTTP/1.1" 200 9360 "-" "Mozilla/5.0 (Linux; Android 7.0;) AppleWebKit/537.36 (KHTML, like Gecko) Mobile Safari/537.36 (compatible; PetalBot;+https://webmaster.petalsearch.com/site/petalbot)"
207.46.13.53 - - [05/Jun/2022:13:50:12 +0200] "GET /gotteslob/index.html HTTP/1.1" 200 2770 "-" "Mozilla/5.0 (compatible; bingbot/2.0; +http://www.bing.com/bingbot.htm)"
144.76.102.243 - - [05/Jun/2022:14:12:23 +0200] "GET /sonderthemen/oekt_extra2.pdf HTTP/1.1" 200 1939949 "-" "Mozilla/5.0 (Windows NT 10.0; Win64; x64) AppleWebKit/537.36 (KHTML, like Gecko) Chrome/86.0.4240.198 Safari/537.36 OPR/72.0.3815.400"
144.76.168.111 - - [05/Jun/2022:14:42:17 +0200] "GET /sonderthemen/oekt_extra2.pdf HTTP/1.1" 200 1939949 "-" "Mozilla/5.0 (Windows NT 10.0; Win64; x64) AppleWebKit/537.36 (KHTML, like Gecko) Chrome/76.0.3809.100 Safari/537.36"
66.249.68.39 - - [05/Jun/2022:14:48:58 +0200] "GET /buecher/rezensionen_nicht_auf_sand_gebaut.html HTTP/1.1" 304 - "-" "Mozilla/5.0 (Linux; Android 6.0.1; Nexus 5X Build/MMB29P) AppleWebKit/537.36 (KHTML, like Gecko) Chrome/101.0.4951.64 Mobile Safari/537.36 (compatible; Googlebot/2.1; +http://www.google.com/bot.html)"
173.231.60.195 - - [05/Jun/2022:15:35:24 +0200] "GET /robots.txt HTTP/1.1" 200 100 "-" "Mozilla/5.0 (compatible; Adsbot/3.1; +https://seostar.co/robot/)"
173.231.60.195 - - [05/Jun/2022:15:35:33 +0200] "GET / HTTP/1.1" 200 9360 "-" "Mozilla/5.0 (compatible; Adsbot/3.1; +https://seostar.co/robot/)"
173.231.60.195 - - [05/Jun/2022:15:35:39 +0200] "GET /cds/index.html HTTP/1.1" 200 7987 "http://www.morusverlag.de/" "Mozilla/5.0 (compatible; Adsbot/3.1; +https://seostar.co/robot/)"
173.231.60.195 - - [05/Jun/2022:15:35:45 +0200] "GET /impressum.html HTTP/1.1" 200 2808 "http://www.morusverlag.de/" "Mozilla/5.0 (compatible; Adsbot/3.1; +https://seostar.co/robot/)"
173.231.60.195 - - [05/Jun/2022:15:35:51 +0200] "GET /cds/ignatius.html HTTP/1.1" 200 6576 "http://www.morusverlag.de/" "Mozilla/5.0 (compatible; Adsbot/3.1; +https://seostar.co/robot/)"
173.231.60.195 - - [05/Jun/2022:15:35:57 +0200] "GET /cds/rosarium.html HTTP/1.1" 200 6680 "http://www.morusverlag.de/" "Mozilla/5.0 (compatible; Adsbot/3.1; +https://seostar.co/robot/)"
173.231.60.195 - - [05/Jun/2022:15:36:03 +0200] "GET /buecher/index.html HTTP/1.1" 200 25885 "http://www.morusverlag.de/" "Mozilla/5.0 (compatible; Adsbot/3.1; +https://seostar.co/robot/)"
173.231.60.195 - - [05/Jun/2022:15:36:09 +0200] "GET /kontakt/index.html HTTP/1.1" 200 2896 "http://www.morusverlag.de/" "Mozilla/5.0 (compatible; Adsbot/3.1; +https://seostar.co/robot/)"
173.231.60.195 - - [05/Jun/2022:15:36:15 +0200] "GET /jahrbuch/index.html HTTP/1.1" 200 3956 "http://www.morusverlag.de/" "Mozilla/5.0 (compatible; Adsbot/3.1; +https://seostar.co/robot/)"
173.231.60.195 - - [05/Jun/2022:15:36:21 +0200] "GET /gotteslob/index.html HTTP/1.1" 200 2770 "http://www.morusverlag.de/" "Mozilla/5.0 (compatible; Adsbot/3.1; +https://seostar.co/robot/)"
173.231.60.195 - - [05/Jun/2022:15:36:26 +0200] "GET /sonderthemen/index.html HTTP/1.1" 200 7102 "http://www.morusverlag.de/" "Mozilla/5.0 (compatible; Adsbot/3.1; +https://seostar.co/robot/)"
193.3.168.17 - - [05/Jun/2022:15:41:46 +0200] "HEAD / HTTP/1.1" 200 - "https://www.prjadko.kiev.ua/ritualnye-uslugi/pokhorony.html" "Mozilla/5.0 (compatible; MSIE3.00; Windows 2004)"
80.85.136.157 - - [05/Jun/2022:15:41:46 +0200] "HEAD / HTTP/1.1" 200 - "https://nicola.top/filtry-poiskovyh-sistem/" "Mozilla/6.0 (compatible; MSIE3.00; Windows 2009)"
80.85.136.159 - - [05/Jun/2022:15:41:47 +0200] "HEAD / HTTP/1.1" 200 - "https://kupime.kz/elektronika/bytovaya-tehnika/" "Mozilla/3.0 (compatible; MSIE3.00; Windows 2008)"
185.5.249.185 - - [05/Jun/2022:16:15:37 +0200] "HEAD / HTTP/1.1" 200 - "https://alljus.ru/zhilishhnoe-pravo/nedvizhimost/obmen-chastnogo-doma-na-kvartiru.html" "Mozilla/5.0 (compatible; MSIE4.00; Windows 2006)"
194.67.207.94 - - [05/Jun/2022:16:15:37 +0200] "HEAD / HTTP/1.1" 200 - "https://moresliv.com/forums/webformyself.95/" "Mozilla/5.0 (compatible; MSIE6.00; Windows 2009)"
144.76.162.206 - - [05/Jun/2022:17:03:21 +0200] "GET /sonderthemen/sk2002.pdf HTTP/1.1" 200 2628923 "-" "Mozilla/5.0 (Macintosh; Intel Mac OS X 10_15_7) AppleWebKit/537.36 (KHTML, like Gecko) Chrome/87.0.4280.88 Safari/537.36"
78.46.94.83 - - [05/Jun/2022:17:03:35 +0200] "GET /sonderthemen/sk2002.pdf HTTP/1.1" 200 2628923 "-" "Mozilla/5.0 (X11; Linux x86_64; rv:78.0) Gecko/20100101 Firefox/78.0"
168.119.69.91 - - [05/Jun/2022:17:03:50 +0200] "GET /sonderthemen/sk2002.pdf HTTP/1.1" 200 2628923 "-" "Mozilla/5.0 (Macintosh; Intel Mac OS X 10_15_7) AppleWebKit/537.36 (KHTML, like Gecko) Chrome/87.0.4280.88 Safari/537.36"
157.55.39.189 - - [05/Jun/2022:17:10:58 +0200] "GET /sonderthemen/wichern.jpg HTTP/1.1" 200 1994 "-" "Mozilla/5.0 (compatible; bingbot/2.0; +http://www.bing.com/bingbot.htm)"
178.63.51.106 - - [05/Jun/2022:17:19:04 +0200] "GET /sonderthemen/sk2004.pdf HTTP/1.1" 200 1967215 "-" "Mozilla/5.0 (Macintosh; Intel Mac OS X 10_13_6) AppleWebKit/537.36 (KHTML, like Gecko) Chrome/86.0.4240.198 Safari/537.36"
78.46.94.83 - - [05/Jun/2022:17:19:18 +0200] "GET /sonderthemen/sk2004.pdf HTTP/1.1" 200 1967215 "-" "Mozilla/5.0 (Windows NT 6.1; Win64; x64) AppleWebKit/537.36 (KHTML, like Gecko) Chrome/87.0.4280.88 Safari/537.36"
20.191.45.212 - - [05/Jun/2022:17:23:36 +0200] "GET / HTTP/1.1" 200 9360 "http://www.morusverlag.de/" "Mozilla/5.0 (compatible; DuckDuckGo-Favicons-Bot/1.0; +http://duckduckgo.com)"
20.191.45.212 - - [05/Jun/2022:17:23:36 +0200] "GET /favicon.ico HTTP/1.1" 200 4286 "http://www.morusverlag.de/favicon.ico" "Mozilla/5.0 (compatible; DuckDuckGo-Favicons-Bot/1.0; +http://duckduckgo.com)"
173.231.60.195 - - [05/Jun/2022:17:59:19 +0200] "GET /cds/hymnos_akathistos.html HTTP/1.1" 200 11061 "http://www.morusverlag.de/" "Mozilla/5.0 (compatible; Adsbot/3.1; +https://seostar.co/robot/)"
173.231.60.195 - - [05/Jun/2022:17:59:24 +0200] "GET /buecher/veroeffentlichungsliste.html HTTP/1.1" 200 129779 "http://www.morusverlag.de/" "Mozilla/5.0 (compatible; Adsbot/3.1; +https://seostar.co/robot/)"
148.251.50.77 - - [05/Jun/2022:17:59:25 +0200] "GET /sonderthemen/sk2004.pdf HTTP/1.1" 200 1967215 "-" "Mozilla/5.0 (Macintosh; Intel Mac OS X 10_13_6) AppleWebKit/605.1.15 (KHTML, like Gecko) Version/13.1.2 Safari/605.1.15"
173.231.60.195 - - [05/Jun/2022:17:59:32 +0200] "GET /buecher/rezensionen_chateaubriand.html HTTP/1.1" 200 47317 "http://www.morusverlag.de/" "Mozilla/5.0 (compatible; Adsbot/3.1; +https://seostar.co/robot/)"
173.231.60.195 - - [05/Jun/2022:17:59:39 +0200] "GET /index.html HTTP/1.1" 200 9360 "http://www.morusverlag.de/" "Mozilla/5.0 (compatible; Adsbot/3.1; +https://seostar.co/robot/)"
173.231.60.195 - - [05/Jun/2022:17:59:45 +0200] "GET /sonderthemen/ HTTP/1.1" 200 7102 "http://www.morusverlag.de/" "Mozilla/5.0 (compatible; Adsbot/3.1; +https://seostar.co/robot/)"
173.231.60.195 - - [05/Jun/2022:17:59:54 +0200] "GET /cds/astazi.html HTTP/1.1" 200 8453 "http://www.morusverlag.de/" "Mozilla/5.0 (compatible; Adsbot/3.1; +https://seostar.co/robot/)"
173.231.60.195 - - [05/Jun/2022:18:00:00 +0200] "GET /cds/lumina.html HTTP/1.1" 200 9000 "http://www.morusverlag.de/" "Mozilla/5.0 (compatible; Adsbot/3.1; +https://seostar.co/robot/)"
173.231.60.195 - - [05/Jun/2022:18:00:06 +0200] "GET /buecher/bestellung.php HTTP/1.1" 200 10142 "http://www.morusverlag.de/" "Mozilla/5.0 (compatible; Adsbot/3.1; +https://seostar.co/robot/)"
173.231.60.195 - - [05/Jun/2022:18:00:12 +0200] "GET /cds/glockenspiel1.html HTTP/1.1" 200 9736 "http://www.morusverlag.de/" "Mozilla/5.0 (compatible; Adsbot/3.1; +https://seostar.co/robot/)"
173.231.60.195 - - [05/Jun/2022:18:00:18 +0200] "GET /cds/glockenspiel2.html HTTP/1.1" 200 9831 "http://www.morusverlag.de/" "Mozilla/5.0 (compatible; Adsbot/3.1; +https://seostar.co/robot/)"
135.181.78.179 - - [05/Jun/2022:18:13:53 +0200] "GET /sonderthemen/sk2000.pdf HTTP/1.1" 200 2925489 "-" "Mozilla/5.0 (compatible; Seekport Crawler; http://seekport.com/)"
135.181.78.179 - - [05/Jun/2022:18:13:54 +0200] "GET /sonderthemen/oeaz2001.pdf HTTP/1.1" 200 4496626 "-" "Mozilla/5.0 (compatible; Seekport Crawler; http://seekport.com/)"
135.181.78.179 - - [05/Jun/2022:18:13:55 +0200] "GET /sonderthemen/az2003.pdf HTTP/1.1" 200 4864675 "-" "Mozilla/5.0 (compatible; Seekport Crawler; http://seekport.com/)"
135.181.78.179 - - [05/Jun/2022:18:13:56 +0200] "GET /sonderthemen/az1999.pdf HTTP/1.1" 200 1842982 "-" "Mozilla/5.0 (compatible; Seekport Crawler; http://seekport.com/)"
135.181.78.179 - - [05/Jun/2022:18:13:57 +0200] "GET /sonderthemen/az2000.pdf HTTP/1.1" 200 2253581 "-" "Mozilla/5.0 (compatible; Seekport Crawler; http://seekport.com/)"
135.181.78.179 - - [05/Jun/2022:18:13:58 +0200] "GET /sonderthemen/sk2002.pdf HTTP/1.1" 200 2628923 "-" "Mozilla/5.0 (compatible; Seekport Crawler; http://seekport.com/)"
135.181.78.179 - - [05/Jun/2022:18:13:59 +0200] "GET /sonderthemen/oeaz2002.pdf HTTP/1.1" 200 3161455 "-" "Mozilla/5.0 (compatible; Seekport Crawler; http://seekport.com/)"
135.181.78.179 - - [05/Jun/2022:18:14:00 +0200] "GET /sonderthemen/oekz2003.pdf HTTP/1.1" 200 4017017 "-" "Mozilla/5.0 (compatible; Seekport Crawler; http://seekport.com/)"
135.181.78.179 - - [05/Jun/2022:18:14:01 +0200] "GET /sonderthemen/sk2001.pdf HTTP/1.1" 200 3098589 "-" "Mozilla/5.0 (compatible; Seekport Crawler; http://seekport.com/)"
135.181.78.179 - - [05/Jun/2022:18:14:02 +0200] "GET /sonderthemen/oekt_extra2.pdf HTTP/1.1" 200 1939949 "-" "Mozilla/5.0 (compatible; Seekport Crawler; http://seekport.com/)"
66.249.68.33 - - [05/Jun/2022:18:32:01 +0200] "GET /sonderthemen/oekt_extra1.pdf HTTP/1.1" 304 - "-" "Mozilla/5.0 (Linux; Android 6.0.1; Nexus 5X Build/MMB29P) AppleWebKit/537.36 (KHTML, like Gecko) Chrome/101.0.4951.64 Mobile Safari/537.36 (compatible; Googlebot/2.1; +http://www.google.com/bot.html)"
94.142.141.230 - - [05/Jun/2022:18:32:59 +0200] "HEAD / HTTP/1.1" 200 - "https://anhealth.ru/" "Mozilla/7.0 (compatible; MSIE4.00; Windows 2003)"
194.67.210.77 - - [05/Jun/2022:18:32:59 +0200] "HEAD / HTTP/1.1" 200 - "https://sberbank-business.ru/" "Mozilla/6.0 (compatible; MSIE4.00; Windows 2006)"
194.67.207.9 - - [05/Jun/2022:18:32:59 +0200] "HEAD / HTTP/1.1" 200 - "https://mixfilms.cc/" "Mozilla/2.0 (compatible; MSIE4.00; Windows 2002)"
85.25.177.187 - - [05/Jun/2022:18:45:15 +0200] "GET / HTTP/1.1" 200 9360 "-" "SEO Scanner/1.2.4 (SEO Crawler; seoscanners.info; info@seoscanners.info)"
85.25.177.187 - - [05/Jun/2022:18:54:29 +0200] "GET /buecher/veroeffentlichungsliste.html HTTP/1.1" 200 129779 "-" "SEO Scanner/1.2.4 (SEO Crawler; seoscanners.info; info@seoscanners.info)"
193.124.190.18 - - [05/Jun/2022:18:56:06 +0200] "HEAD / HTTP/1.1" 200 - "https://psyban.ru/" "Mozilla/4.0 (compatible; MSIE2.00; Windows 2009)"
185.125.219.13 - - [05/Jun/2022:18:56:07 +0200] "HEAD / HTTP/1.1" 200 - "https://actkino.ru/" "Mozilla/4.0 (compatible; MSIE7.00; Windows 2008)"
85.25.177.187 - - [05/Jun/2022:19:00:17 +0200] "GET /buecher/rezensionen_chateaubriand.html HTTP/1.1" 200 47317 "-" "SEO Scanner/1.2.4 (SEO Crawler; seoscanners.info; info@seoscanners.info)"
85.25.177.187 - - [05/Jun/2022:19:16:17 +0200] "GET /robots.txt HTTP/1.1" 200 100 "-" "SEO Scanner/1.2.4 (SEO Crawler; seoscanners.info; info@seoscanners.info)"
85.25.177.187 - - [05/Jun/2022:19:16:17 +0200] "GET /cds/index.html HTTP/1.1" 200 7987 "-" "SEO Scanner/1.2.4 (SEO Crawler; seoscanners.info; info@seoscanners.info)"
213.83.37.145 - - [05/Jun/2022:19:23:47 +0200] "HEAD / HTTP/1.1" 200 - "-" "Mozilla/5.0 (Windows NT 6.1; rv:39.0) Gecko/20180101 Firefox/39.0"
213.83.37.145 - - [05/Jun/2022:19:23:47 +0200] "HEAD / HTTP/1.1" 200 - "-" "Mozilla/5.0 (Windows NT 6.1; rv:39.0) Gecko/20180101 Firefox/39.0"
213.83.37.145 - - [05/Jun/2022:19:23:48 +0200] "HEAD / HTTP/1.1" 200 - "-" "Mozilla/5.0 (Windows NT 6.1; rv:39.0) Gecko/20180101 Firefox/39.0"
213.83.37.145 - - [05/Jun/2022:19:23:48 +0200] "HEAD / HTTP/1.1" 200 - "-" "Mozilla/5.0 (Windows NT 6.1; rv:39.0) Gecko/20180101 Firefox/39.0"
173.231.60.195 - - [05/Jun/2022:19:24:51 +0200] "GET /buecher/diskussion.html HTTP/1.1" 200 9925 "http://www.morusverlag.de/" "Mozilla/5.0 (compatible; Adsbot/3.1; +https://seostar.co/robot/)"
173.231.60.195 - - [05/Jun/2022:19:24:57 +0200] "GET /jahrbuch/bestellung.php HTTP/1.1" 200 10316 "http://www.morusverlag.de/" "Mozilla/5.0 (compatible; Adsbot/3.1; +https://seostar.co/robot/)"
173.231.60.195 - - [05/Jun/2022:19:25:03 +0200] "GET /buecher/rezensionen.html HTTP/1.1" 200 6964 "http://www.morusverlag.de/" "Mozilla/5.0 (compatible; Adsbot/3.1; +https://seostar.co/robot/)"
173.231.60.195 - - [05/Jun/2022:19:25:09 +0200] "GET /sonderthemen/archiv.html HTTP/1.1" 200 6959 "http://www.morusverlag.de/" "Mozilla/5.0 (compatible; Adsbot/3.1; +https://seostar.co/robot/)"
173.231.60.195 - - [05/Jun/2022:19:25:16 +0200] "GET /sonderthemen/presse.html HTTP/1.1" 200 5772 "http://www.morusverlag.de/" "Mozilla/5.0 (compatible; Adsbot/3.1; +https://seostar.co/robot/)"
173.231.60.195 - - [05/Jun/2022:19:25:22 +0200] "GET /buecher/rezensionen_engel.html HTTP/1.1" 200 6598 "http://www.morusverlag.de/" "Mozilla/5.0 (compatible; Adsbot/3.1; +https://seostar.co/robot/)"
173.231.60.195 - - [05/Jun/2022:19:25:27 +0200] "GET /jahrbuch/titelseiten/index.html HTTP/1.1" 200 6735 "http://www.morusverlag.de/" "Mozilla/5.0 (compatible; Adsbot/3.1; +https://seostar.co/robot/)"
173.231.60.195 - - [05/Jun/2022:19:25:33 +0200] "GET /buecher/rezensionen_psalmen.html HTTP/1.1" 200 6787 "http://www.morusverlag.de/" "Mozilla/5.0 (compatible; Adsbot/3.1; +https://seostar.co/robot/)"
173.231.60.195 - - [05/Jun/2022:19:25:39 +0200] "GET /buecher/rezensionen_ignatius.html HTTP/1.1" 200 8182 "http://www.morusverlag.de/" "Mozilla/5.0 (compatible; Adsbot/3.1; +https://seostar.co/robot/)"
173.231.60.195 - - [05/Jun/2022:19:25:45 +0200] "GET /buecher/rezensionen_preysing.html HTTP/1.1" 200 9502 "http://www.morusverlag.de/" "Mozilla/5.0 (compatible; Adsbot/3.1; +https://seostar.co/robot/)"
40.77.167.102 - - [05/Jun/2022:19:28:58 +0200] "GET /robots.txt HTTP/1.1" 200 100 "-" "Mozilla/5.0 (compatible; bingbot/2.0; +http://www.bing.com/bingbot.htm)"
157.55.39.97 - - [05/Jun/2022:19:29:04 +0200] "GET /buecher/gesichter/20.jpg HTTP/1.1" 200 8785 "-" "Mozilla/5.0 (compatible; bingbot/2.0; +http://www.bing.com/bingbot.htm)"
85.25.177.187 - - [05/Jun/2022:19:40:22 +0200] "GET /index.html HTTP/1.1" 200 9360 "-" "SEO Scanner/1.2.4 (SEO Crawler; seoscanners.info; info@seoscanners.info)"
85.25.177.187 - - [05/Jun/2022:19:41:41 +0200] "GET /cds/ignatius.html HTTP/1.1" 200 6576 "-" "SEO Scanner/1.2.4 (SEO Crawler; seoscanners.info; info@seoscanners.info)"
85.25.177.187 - - [05/Jun/2022:19:52:04 +0200] "GET /impressum.html HTTP/1.1" 200 2808 "-" "SEO Scanner/1.2.4 (SEO Crawler; seoscanners.info; info@seoscanners.info)"
85.25.177.187 - - [05/Jun/2022:19:52:28 +0200] "GET /buecher/index.html HTTP/1.1" 200 25885 "-" "SEO Scanner/1.2.4 (SEO Crawler; seoscanners.info; info@seoscanners.info)"
85.25.177.187 - - [05/Jun/2022:20:04:43 +0200] "GET /sonderthemen/index.html HTTP/1.1" 200 7102 "-" "SEO Scanner/1.2.4 (SEO Crawler; seoscanners.info; info@seoscanners.info)"
85.25.177.187 - - [05/Jun/2022:20:24:56 +0200] "GET / HTTP/1.1" 200 9360 "-" "SEO Scanner/1.2.4 (SEO Crawler; seoscanners.info; info@seoscanners.info)"
85.25.177.187 - - [05/Jun/2022:20:31:37 +0200] "GET /buecher/rezensionen_ignatius.html HTTP/1.1" 200 8182 "-" "SEO Scanner/1.2.4 (SEO Crawler; seoscanners.info; info@seoscanners.info)"
66.249.68.39 - - [05/Jun/2022:20:40:24 +0200] "GET /robots.txt HTTP/1.1" 200 100 "-" "Mozilla/5.0 (compatible; Googlebot/2.1; +http://www.google.com/bot.html)"
66.249.68.36 - - [05/Jun/2022:20:40:24 +0200] "GET /index.html HTTP/1.1" 200 9360 "-" "Mozilla/5.0 (Linux; Android 6.0.1; Nexus 5X Build/MMB29P) AppleWebKit/537.36 (KHTML, like Gecko) Chrome/102.0.5005.61 Mobile Safari/537.36 (compatible; Googlebot/2.1; +http://www.google.com/bot.html)"
85.25.177.187 - - [05/Jun/2022:20:41:25 +0200] "GET /cds/glockenspiel1.html HTTP/1.1" 200 9736 "-" "SEO Scanner/1.2.4 (SEO Crawler; seoscanners.info; info@seoscanners.info)"
168.119.69.91 - - [05/Jun/2022:20:46:02 +0200] "GET /buecher/ HTTP/1.1" 200 25885 "-" "Mozilla/5.0 (Windows NT 10.0; Win64; x64) AppleWebKit/537.36 (KHTML, like Gecko) Chrome/87.0.4280.88 Safari/537.36 Edg/87.0.664.57"
173.231.60.195 - - [05/Jun/2022:20:46:16 +0200] "GET /buecher/rezensionen_le_saulchoir.html HTTP/1.1" 200 34009 "http://www.morusverlag.de/" "Mozilla/5.0 (compatible; Adsbot/3.1; +https://seostar.co/robot/)"
173.231.60.195 - - [05/Jun/2022:20:46:22 +0200] "GET /buecher/rezensionen_krise_zum_heil.html HTTP/1.1" 200 9828 "http://www.morusverlag.de/" "Mozilla/5.0 (compatible; Adsbot/3.1; +https://seostar.co/robot/)"
173.231.60.195 - - [05/Jun/2022:20:46:28 +0200] "GET /buecher/rezensionen_nicht_auf_sand_gebaut.html HTTP/1.1" 200 6594 "http://www.morusverlag.de/" "Mozilla/5.0 (compatible; Adsbot/3.1; +https://seostar.co/robot/)"
173.231.60.195 - - [05/Jun/2022:20:46:34 +0200] "GET /buecher/rezensionen_leiblichkeit_und_zeitlichkeit.html HTTP/1.1" 200 8821 "http://www.morusverlag.de/" "Mozilla/5.0 (compatible; Adsbot/3.1; +https://seostar.co/robot/)"
173.231.60.195 - - [05/Jun/2022:20:46:39 +0200] "GET /buecher/ HTTP/1.1" 200 25885 "http://www.morusverlag.de/" "Mozilla/5.0 (compatible; Adsbot/3.1; +https://seostar.co/robot/)"
173.231.60.195 - - [05/Jun/2022:20:46:46 +0200] "GET /buecher/rezensionen_ungeteilt.html HTTP/1.1" 200 9764 "http://www.morusverlag.de/" "Mozilla/5.0 (compatible; Adsbot/3.1; +https://seostar.co/robot/)"
85.25.177.187 - - [05/Jun/2022:20:49:38 +0200] "GET /cds/lumina.html HTTP/1.1" 200 9000 "-" "SEO Scanner/1.2.4 (SEO Crawler; seoscanners.info; info@seoscanners.info)"
85.25.177.187 - - [05/Jun/2022:20:59:05 +0200] "GET /cds/astazi.html HTTP/1.1" 200 8453 "-" "SEO Scanner/1.2.4 (SEO Crawler; seoscanners.info; info@seoscanners.info)"
85.25.177.187 - - [05/Jun/2022:21:07:25 +0200] "GET /cds/glockenspiel2.html HTTP/1.1" 200 9831 "-" "SEO Scanner/1.2.4 (SEO Crawler; seoscanners.info; info@seoscanners.info)"
66.249.68.33 - - [05/Jun/2022:21:09:17 +0200] "GET / HTTP/1.1" 200 9360 "-" "Mozilla/5.0 (Linux; Android 6.0.1; Nexus 5X Build/MMB29P) AppleWebKit/537.36 (KHTML, like Gecko) Chrome/102.0.5005.61 Mobile Safari/537.36 (compatible; Googlebot/2.1; +http://www.google.com/bot.html)"
85.25.177.187 - - [05/Jun/2022:21:16:11 +0200] "GET /cds/rosarium.html HTTP/1.1" 200 6680 "-" "SEO Scanner/1.2.4 (SEO Crawler; seoscanners.info; info@seoscanners.info)"
85.25.177.187 - - [05/Jun/2022:21:19:05 +0200] "GET /buecher/diskussion.html HTTP/1.1" 200 9925 "-" "SEO Scanner/1.2.4 (SEO Crawler; seoscanners.info; info@seoscanners.info)"
85.25.177.187 - - [05/Jun/2022:21:23:30 +0200] "GET /buecher/rezensionen_preysing.html HTTP/1.1" 200 9502 "-" "SEO Scanner/1.2.4 (SEO Crawler; seoscanners.info; info@seoscanners.info)"
66.249.68.33 - - [05/Jun/2022:21:27:00 +0200] "GET /cds/hymnos_akathistos.html HTTP/1.1" 200 11061 "-" "Mozilla/5.0 (compatible; Googlebot/2.1; +http://www.google.com/bot.html)"
193.3.168.17 - - [05/Jun/2022:21:27:01 +0200] "HEAD / HTTP/1.1" 200 - "https://enter-life.site/" "Mozilla/4.0 (compatible; MSIE3.00; Windows 2006)"
80.85.136.157 - - [05/Jun/2022:21:27:02 +0200] "HEAD / HTTP/1.1" 200 - "https://wfishing.ru/" "Mozilla/7.0 (compatible; MSIE4.00; Windows 2005)"
80.85.136.159 - - [05/Jun/2022:21:27:10 +0200] "HEAD / HTTP/1.1" 200 - "https://go2house.ru/" "Mozilla/6.0 (compatible; MSIE5.00; Windows 2003)"
85.25.177.187 - - [05/Jun/2022:21:29:36 +0200] "GET /buecher/rezensionen_engel.html HTTP/1.1" 200 6598 "-" "SEO Scanner/1.2.4 (SEO Crawler; seoscanners.info; info@seoscanners.info)"
85.25.177.187 - - [05/Jun/2022:21:36:53 +0200] "GET /buecher/rezensionen_nicht_auf_sand_gebaut.html HTTP/1.1" 200 6594 "-" "SEO Scanner/1.2.4 (SEO Crawler; seoscanners.info; info@seoscanners.info)"
85.25.177.187 - - [05/Jun/2022:21:44:07 +0200] "GET /buecher/rezensionen_leiblichkeit_und_zeitlichkeit.html HTTP/1.1" 200 8821 "-" "SEO Scanner/1.2.4 (SEO Crawler; seoscanners.info; info@seoscanners.info)"
85.25.177.187 - - [05/Jun/2022:21:47:18 +0200] "GET /buecher/rezensionen_le_saulchoir.html HTTP/1.1" 200 34009 "-" "SEO Scanner/1.2.4 (SEO Crawler; seoscanners.info; info@seoscanners.info)"
85.25.177.187 - - [05/Jun/2022:21:59:04 +0200] "GET /kontakt/index.html HTTP/1.1" 200 2896 "-" "SEO Scanner/1.2.4 (SEO Crawler; seoscanners.info; info@seoscanners.info)"
85.25.177.187 - - [05/Jun/2022:22:02:06 +0200] "GET /buecher/rezensionen_krise_zum_heil.html HTTP/1.1" 200 9828 "-" "SEO Scanner/1.2.4 (SEO Crawler; seoscanners.info; info@seoscanners.info)"
85.25.177.187 - - [05/Jun/2022:22:06:22 +0200] "GET /buecher/bestellung.php HTTP/1.1" 200 10142 "-" "SEO Scanner/1.2.4 (SEO Crawler; seoscanners.info; info@seoscanners.info)"
85.25.177.187 - - [05/Jun/2022:22:09:23 +0200] "GET /buecher/rezensionen_psalmen.html HTTP/1.1" 200 6787 "-" "SEO Scanner/1.2.4 (SEO Crawler; seoscanners.info; info@seoscanners.info)"
85.25.177.187 - - [05/Jun/2022:22:10:10 +0200] "GET /cds/hymnos_akathistos.html HTTP/1.1" 200 11061 "-" "SEO Scanner/1.2.4 (SEO Crawler; seoscanners.info; info@seoscanners.info)"
85.25.177.187 - - [05/Jun/2022:22:25:16 +0200] "GET /buecher/rezension_gesichter_u_geschichten.pdf HTTP/1.1" 200 223287 "-" "SEO Scanner/1.2.4 (SEO Crawler; seoscanners.info; info@seoscanners.info)"
85.25.177.187 - - [05/Jun/2022:22:32:18 +0200] "GET /sonderthemen/archiv.html HTTP/1.1" 200 6959 "-" "SEO Scanner/1.2.4 (SEO Crawler; seoscanners.info; info@seoscanners.info)"
85.25.177.187 - - [05/Jun/2022:22:33:59 +0200] "GET /jahrbuch/index.html HTTP/1.1" 200 3956 "-" "SEO Scanner/1.2.4 (SEO Crawler; seoscanners.info; info@seoscanners.info)"
66.249.68.39 - - [05/Jun/2022:22:34:30 +0200] "GET /buecher/ HTTP/1.1" 304 - "-" "Mozilla/5.0 (Linux; Android 6.0.1; Nexus 5X Build/MMB29P) AppleWebKit/537.36 (KHTML, like Gecko) Chrome/101.0.4951.64 Mobile Safari/537.36 (compatible; Googlebot/2.1; +http://www.google.com/bot.html)"
85.25.177.187 - - [05/Jun/2022:22:39:44 +0200] "GET /sonderthemen/sk2004_s01.pdf HTTP/1.1" 200 162742 "-" "SEO Scanner/1.2.4 (SEO Crawler; seoscanners.info; info@seoscanners.info)"
85.25.177.187 - - [05/Jun/2022:22:49:50 +0200] "GET /sonderthemen/sk2004.pdf HTTP/1.1" 200 1967215 "-" "SEO Scanner/1.2.4 (SEO Crawler; seoscanners.info; info@seoscanners.info)"
85.25.177.187 - - [05/Jun/2022:22:55:54 +0200] "GET /sonderthemen/oekz2003.pdf HTTP/1.1" 200 4017017 "-" "SEO Scanner/1.2.4 (SEO Crawler; seoscanners.info; info@seoscanners.info)"
85.25.177.187 - - [05/Jun/2022:22:56:58 +0200] "GET /gotteslob/index.html HTTP/1.1" 200 2770 "-" "SEO Scanner/1.2.4 (SEO Crawler; seoscanners.info; info@seoscanners.info)"
66.249.68.33 - - [05/Jun/2022:22:59:15 +0200] "GET /buecher/rezension_gesichter_u_geschichten.pdf HTTP/1.1" 200 223287 "-" "Mozilla/5.0 (Linux; Android 6.0.1; Nexus 5X Build/MMB29P) AppleWebKit/537.36 (KHTML, like Gecko) Chrome/101.0.4951.64 Mobile Safari/537.36 (compatible; Googlebot/2.1; +http://www.google.com/bot.html)"
85.25.177.187 - - [05/Jun/2022:23:00:20 +0200] "GET /sonderthemen/oekt_extra2.pdf HTTP/1.1" 200 1939949 "-" "SEO Scanner/1.2.4 (SEO Crawler; seoscanners.info; info@seoscanners.info)"
85.25.177.187 - - [05/Jun/2022:23:04:03 +0200] "GET /sonderthemen/az2003_s01.pdf HTTP/1.1" 200 120642 "-" "SEO Scanner/1.2.4 (SEO Crawler; seoscanners.info; info@seoscanners.info)"
85.25.177.187 - - [05/Jun/2022:23:14:49 +0200] "GET /buecher/rezensionen.html HTTP/1.1" 200 6964 "-" "SEO Scanner/1.2.4 (SEO Crawler; seoscanners.info; info@seoscanners.info)"
85.25.177.187 - - [05/Jun/2022:23:15:16 +0200] "GET /sonderthemen/az2003.pdf HTTP/1.1" 200 4864675 "-" "SEO Scanner/1.2.4 (SEO Crawler; seoscanners.info; info@seoscanners.info)"
85.25.177.187 - - [05/Jun/2022:23:22:43 +0200] "GET /sonderthemen/oekt_extra3.pdf HTTP/1.1" 200 2109745 "-" "SEO Scanner/1.2.4 (SEO Crawler; seoscanners.info; info@seoscanners.info)"
85.25.177.187 - - [05/Jun/2022:23:24:35 +0200] "GET /sonderthemen/sk2002.pdf HTTP/1.1" 200 2628923 "-" "SEO Scanner/1.2.4 (SEO Crawler; seoscanners.info; info@seoscanners.info)"
85.25.177.187 - - [05/Jun/2022:23:27:03 +0200] "GET /sonderthemen/presse.html HTTP/1.1" 200 5772 "-" "SEO Scanner/1.2.4 (SEO Crawler; seoscanners.info; info@seoscanners.info)"
85.25.177.187 - - [05/Jun/2022:23:34:34 +0200] "GET /sonderthemen/oekz2003_s01.pdf HTTP/1.1" 200 66807 "-" "SEO Scanner/1.2.4 (SEO Crawler; seoscanners.info; info@seoscanners.info)"
194.173.174.10 - - [05/Jun/2022:23:43:25 +0200] "HEAD / HTTP/1.1" 200 - "-" "Mozilla/5.0 (Windows NT 6.3; WOW64) AppleWebKit/537.36 (KHTML, like Gecko) Chrome/43.0.2357.134 Safari/537.36"
85.25.177.187 - - [05/Jun/2022:23:44:01 +0200] "GET /sonderthemen/oeaz2002.pdf HTTP/1.1" 200 3161455 "-" "SEO Scanner/1.2.4 (SEO Crawler; seoscanners.info; info@seoscanners.info)"
85.25.177.187 - - [05/Jun/2022:23:47:56 +0200] "GET /sonderthemen/sk2001.pdf HTTP/1.1" 200 3098589 "-" "SEO Scanner/1.2.4 (SEO Crawler; seoscanners.info; info@seoscanners.info)"
85.25.177.187 - - [05/Jun/2022:23:51:19 +0200] "GET /sonderthemen/az2000.pdf HTTP/1.1" 200 2253581 "-" "SEO Scanner/1.2.4 (SEO Crawler; seoscanners.info; info@seoscanners.info)"
157.55.39.189 - - [05/Jun/2022:23:55:17 +0200] "GET /buecher/gesichter/05.jpg HTTP/1.1" 200 8981 "-" "Mozilla/5.0 (compatible; bingbot/2.0; +http://www.bing.com/bingbot.htm)"
85.25.177.187 - - [05/Jun/2022:23:55:19 +0200] "GET /sonderthemen/oeaz2001.pdf HTTP/1.1" 200 4496626 "-" "SEO Scanner/1.2.4 (SEO Crawler; seoscanners.info; info@seoscanners.info)"
17.121.114.196 - - [05/Jun/2022:23:56:36 +0200] "GET /robots.txt HTTP/1.1" 200 100 "-" "Mozilla/5.0 (Macintosh; Intel Mac OS X 10_15_5) AppleWebKit/605.1.15 (KHTML, like Gecko) Version/13.1.1 Safari/605.1.15 (Applebot/0.1; +http://www.apple.com/go/applebot)"
17.121.114.196 - - [05/Jun/2022:23:56:36 +0200] "GET /buecher/index.html HTTP/1.1" 200 25885 "-" "Mozilla/5.0 (Macintosh; Intel Mac OS X 10_15_5) AppleWebKit/605.1.15 (KHTML, like Gecko) Version/13.1.1 Safari/605.1.15 (Applebot/0.1; +http://www.apple.com/go/applebot)"
85.25.177.187 - - [05/Jun/2022:23:57:44 +0200] "GET /sonderthemen/sk2000.pdf HTTP/1.1" 200 2925489 "-" "SEO Scanner/1.2.4 (SEO Crawler; seoscanners.info; info@seoscanners.info)"
85.25.177.187 - - [05/Jun/2022:23:59:03 +0200] "GET /jahrbuch/titelseiten/index.html HTTP/1.1" 200 6735 "-" "SEO Scanner/1.2.4 (SEO Crawler; seoscanners.info; info@seoscanners.info)"
85.25.177.187 - - [06/Jun/2022:00:04:27 +0200] "GET /jahrbuch/bestellung.php HTTP/1.1" 200 10316 "-" "SEO Scanner/1.2.4 (SEO Crawler; seoscanners.info; info@seoscanners.info)"
85.25.177.187 - - [06/Jun/2022:00:07:33 +0200] "GET /sonderthemen/oekt_extra1.pdf HTTP/1.1" 200 1849015 "-" "SEO Scanner/1.2.4 (SEO Crawler; seoscanners.info; info@seoscanners.info)"
85.25.177.187 - - [06/Jun/2022:00:12:55 +0200] "GET /buecher/rezensionen_ungeteilt.html HTTP/1.1" 200 9764 "-" "SEO Scanner/1.2.4 (SEO Crawler; seoscanners.info; info@seoscanners.info)"
157.55.39.97 - - [06/Jun/2022:00:33:55 +0200] "GET /buecher/index.html HTTP/1.1" 200 25885 "-" "Mozilla/5.0 (compatible; bingbot/2.0; +http://www.bing.com/bingbot.htm)"
85.25.177.187 - - [06/Jun/2022:00:54:14 +0200] "GET /sonderthemen/sk2004.pdf HTTP/1.1" 200 1967215 "-" "SEO Scanner/1.2.4 (SEO Crawler; seoscanners.info; info@seoscanners.info)"
66.249.68.33 - - [06/Jun/2022:00:58:01 +0200] "GET /sonderthemen/oeaz2001.pdf HTTP/1.1" 304 - "-" "Mozilla/5.0 (Linux; Android 6.0.1; Nexus 5X Build/MMB29P) AppleWebKit/537.36 (KHTML, like Gecko) Chrome/101.0.4951.64 Mobile Safari/537.36 (compatible; Googlebot/2.1; +http://www.google.com/bot.html)"
66.249.68.39 - - [06/Jun/2022:01:03:03 +0200] "GET / HTTP/1.1" 200 9360 "-" "Mozilla/5.0 (compatible; Googlebot/2.1; +http://www.google.com/bot.html)"
178.63.51.106 - - [06/Jun/2022:01:32:00 +0200] "GET /buecher/rezensionen_engel.html HTTP/1.1" 200 6598 "-" "Mozilla/5.0 (X11; Linux x86_64) AppleWebKit/537.36 (KHTML, like Gecko) Chrome/86.0.4240.198 Safari/537.36"
42.236.10.120 - - [06/Jun/2022:01:39:04 +0200] "GET / HTTP/1.1" 200 9360 "http://www.morusverlag.de/" "Mozilla/5.0 (Windows NT 6.1; WOW64) AppleWebKit/537.36 (KHTML, like Gecko) Chrome/50.0.2661.102 Safari/537.36; 360Spider"
85.25.177.187 - - [06/Jun/2022:01:47:32 +0200] "GET /sonderthemen/oeaz2002.pdf HTTP/1.1" 200 3161455 "-" "SEO Scanner/1.2.4 (SEO Crawler; seoscanners.info; info@seoscanners.info)"
66.249.68.39 - - [06/Jun/2022:01:48:03 +0200] "GET /cds/rosarium.html HTTP/1.1" 200 6680 "-" "Mozilla/5.0 (Linux; Android 6.0.1; Nexus 5X Build/MMB29P) AppleWebKit/537.36 (KHTML, like Gecko) Chrome/101.0.4951.64 Mobile Safari/537.36 (compatible; Googlebot/2.1; +http://www.google.com/bot.html)"
144.76.102.243 - - [06/Jun/2022:01:48:57 +0200] "GET /sonderthemen/oekt_extra3.pdf HTTP/1.1" 200 2109745 "-" "Mozilla/5.0 (Windows NT 10.0; Win64; x64) AppleWebKit/537.36 (KHTML, like Gecko) Chrome/86.0.4240.198 Safari/537.36 Edg/86.0.622.69"
144.76.102.243 - - [06/Jun/2022:02:47:01 +0200] "GET /sonderthemen/oekt_extra2.pdf HTTP/1.1" 200 1939949 "-" "Mozilla/5.0 (Windows NT 10.0; WOW64; Trident/7.0; rv:11.0) like Gecko"
80.85.136.157 - - [06/Jun/2022:02:58:42 +0200] "HEAD / HTTP/1.1" 200 - "https://alljus.ru/avtoyurist/proverka-avtomobilya-po-vin-kodu.html" "Mozilla/5.0 (compatible; MSIE2.00; Windows 2009)"
66.249.68.33 - - [06/Jun/2022:03:14:02 +0200] "GET /cds/hymnos_akathistos.html HTTP/1.1" 200 11061 "-" "Mozilla/5.0 (Linux; Android 6.0.1; Nexus 5X Build/MMB29P) AppleWebKit/537.36 (KHTML, like Gecko) Chrome/101.0.4951.64 Mobile Safari/537.36 (compatible; Googlebot/2.1; +http://www.google.com/bot.html)"
207.241.231.143 - - [06/Jun/2022:03:24:46 +0200] "GET /robots.txt HTTP/1.0" 200 100 "-" "Mozilla/5.0 (compatible; special_archiver/3.1.1 +http://www.archive.org/details/archive.org_bot)"
207.241.231.143 - - [06/Jun/2022:03:24:47 +0200] "GET /main.css HTTP/1.0" 200 1439 "http://www.morusverlag.de/" "Mozilla/5.0 (compatible; special_archiver/3.1.1 +http://www.archive.org/details/archive.org_bot)"
91.179.126.8 - - [06/Jun/2022:03:29:17 +0200] "GET /sonderthemen/sk2001.pdf HTTP/1.1" 200 3098589 "https://www.google.com/" "Mozilla/5.0 (Windows NT 10.0; Win64; x64; rv:101.0) Gecko/20100101 Firefox/101.0"
193.3.168.17 - - [06/Jun/2022:03:31:37 +0200] "HEAD / HTTP/1.1" 200 - "https://pamjatnik.com.ua/productions" "Mozilla/5.0 (compatible; MSIE5.00; Windows 2007)"
80.85.136.159 - - [06/Jun/2022:03:31:37 +0200] "HEAD / HTTP/1.1" 200 - "https://rustrans.com.ua/uslugi/gruz-200" "Mozilla/5.0 (compatible; MSIE4.00; Windows 2005)"
185.5.249.185 - - [06/Jun/2022:03:38:27 +0200] "HEAD / HTTP/1.1" 200 - "https://www.mebel.vladimir.ru/mebel-dlya-balkona" "Mozilla/5.0 (compatible; MSIE3.00; Windows 2008)"
194.67.207.94 - - [06/Jun/2022:03:38:27 +0200] "HEAD / HTTP/1.1" 200 - "https://sizewheeltire.com/cadillac-ats-wheel-and-tire-sizes/" "Mozilla/2.0 (compatible; MSIE5.00; Windows 2009)"
193.124.191.92 - - [06/Jun/2022:03:52:22 +0200] "HEAD / HTTP/1.1" 200 - "https://aplaster.ru/styazhka-pola-v-novostrojke/" "Mozilla/2.0 (compatible; MSIE6.00; Windows 2003)"
66.249.68.39 - - [06/Jun/2022:04:14:01 +0200] "GET /sonderthemen/az1999.pdf HTTP/1.1" 200 1842982 "-" "Mozilla/5.0 (Linux; Android 6.0.1; Nexus 5X Build/MMB29P) AppleWebKit/537.36 (KHTML, like Gecko) Chrome/101.0.4951.64 Mobile Safari/537.36 (compatible; Googlebot/2.1; +http://www.google.com/bot.html)"
193.124.188.83 - - [06/Jun/2022:04:27:56 +0200] "HEAD / HTTP/1.1" 200 - "https://xn--365-5cd3ay1ci1j.xn--p1ai/polusuhaya-styazhka-pola-v-chehove" "Mozilla/6.0 (compatible; MSIE4.00; Windows 2004)"
157.55.39.97 - - [06/Jun/2022:05:02:59 +0200] "GET /buecher/gesichter/04.jpg HTTP/1.1" 200 7078 "-" "Mozilla/5.0 (compatible; bingbot/2.0; +http://www.bing.com/bingbot.htm)"
66.249.68.36 - - [06/Jun/2022:05:44:02 +0200] "GET /cds/rosarium.html HTTP/1.1" 200 6680 "-" "Mozilla/5.0 (compatible; Googlebot/2.1; +http://www.google.com/bot.html)"
94.142.141.230 - - [06/Jun/2022:05:44:17 +0200] "HEAD / HTTP/1.1" 200 - "https://uzvo.ru/" "Mozilla/6.0 (compatible; MSIE3.00; Windows 2005)"
194.67.210.77 - - [06/Jun/2022:05:44:17 +0200] "HEAD / HTTP/1.1" 200 - "https://km-spb.su/ograzhdeniya/" "Mozilla/3.0 (compatible; MSIE6.00; Windows 2004)"
185.125.219.13 - - [06/Jun/2022:05:44:17 +0200] "HEAD / HTTP/1.1" 200 - "https://youtube-booster.space/" "Mozilla/2.0 (compatible; MSIE5.00; Windows 2006)"
157.55.39.189 - - [06/Jun/2022:05:47:32 +0200] "GET /cds/ HTTP/1.1" 200 7987 "-" "Mozilla/5.0 (compatible; bingbot/2.0; +http://www.bing.com/bingbot.htm)"
108.59.8.80 - - [06/Jun/2022:06:05:23 +0200] "GET /robots.txt HTTP/1.1" 200 100 "-" "Mozilla/5.0 (compatible; MJ12bot/v1.4.8; http://mj12bot.com/)"
108.59.8.80 - - [06/Jun/2022:06:05:25 +0200] "GET / HTTP/1.1" 200 9360 "-" "Mozilla/5.0 (compatible; MJ12bot/v1.4.8; http://mj12bot.com/)"
157.90.177.227 - - [06/Jun/2022:06:22:16 +0200] "GET /robots.txt HTTP/1.1" 200 100 "-" "Mozilla/5.0 (compatible; BLEXBot/1.0; +http://webmeup-crawler.com/)"
157.90.177.227 - - [06/Jun/2022:06:22:18 +0200] "GET /sitemap HTTP/1.1" 404 2381 "-" "Mozilla/5.0 (compatible; BLEXBot/1.0; +http://webmeup-crawler.com/)"
157.90.177.227 - - [06/Jun/2022:06:22:21 +0200] "GET /sitemap.txt HTTP/1.1" 404 2381 "-" "Mozilla/5.0 (compatible; BLEXBot/1.0; +http://webmeup-crawler.com/)"
194.67.207.9 - - [06/Jun/2022:06:35:03 +0200] "HEAD / HTTP/1.1" 200 - "https://sberbank-business.ru/" "Mozilla/2.0 (compatible; MSIE6.00; Windows 2002)"
114.119.134.231 - - [06/Jun/2022:06:40:08 +0200] "GET /buecher/rezensionen_chateaubriand.html HTTP/1.1" 200 47317 "http://www.morusverlag.de/" "Mozilla/5.0 (Linux; Android 7.0;) AppleWebKit/537.36 (KHTML, like Gecko) Mobile Safari/537.36 (compatible; PetalBot;+https://webmaster.petalsearch.com/site/petalbot)"
157.55.39.189 - - [06/Jun/2022:06:48:38 +0200] "GET /buecher/rezensionen.html HTTP/1.1" 200 6964 "-" "Mozilla/5.0 (compatible; bingbot/2.0; +http://www.bing.com/bingbot.htm)"
114.119.136.86 - - [06/Jun/2022:07:05:31 +0200] "GET /robots.txt HTTP/1.1" 200 100 "-" "Mozilla/5.0 (compatible;PetalBot;+https://webmaster.petalsearch.com/site/petalbot)"
144.76.102.243 - - [06/Jun/2022:07:39:03 +0200] "GET /sonderthemen/sk2002.pdf HTTP/1.1" 200 2628923 "-" "Mozilla/5.0 (Windows NT 10.0; Win64; x64) AppleWebKit/537.36 (KHTML, like Gecko) Chrome/86.0.4240.193 Safari/537.36"
88.198.90.9 - - [06/Jun/2022:07:39:03 +0200] "GET /sonderthemen/sk2001.pdf HTTP/1.1" 200 3098589 "-" "Mozilla/5.0 (Windows NT 6.3; Win64; x64) AppleWebKit/537.36 (KHTML, like Gecko) Chrome/87.0.4280.88 Safari/537.36"
148.251.50.77 - - [06/Jun/2022:07:39:03 +0200] "GET /sonderthemen/oeaz2001.pdf HTTP/1.1" 200 4496626 "-" "Mozilla/5.0 (Macintosh; Intel Mac OS X 10_13_6) AppleWebKit/537.36 (KHTML, like Gecko) Chrome/86.0.4240.198 Safari/537.36"
136.243.17.161 - - [06/Jun/2022:07:39:17 +0200] "GET /sonderthemen/oeaz2001.pdf HTTP/1.1" 200 4496626 "-" "Mozilla/5.0 (Windows NT 10.0; Win64; x64) AppleWebKit/537.36 (KHTML, like Gecko) Chrome/86.0.4240.75 Safari/537.36"
144.76.168.111 - - [06/Jun/2022:07:39:32 +0200] "GET /sonderthemen/oeaz2001.pdf HTTP/1.1" 200 4496626 "-" "Mozilla/5.0 (X11; Linux x86_64; rv:82.0) Gecko/20100101 Firefox/82.0"
95.163.255.208 - - [06/Jun/2022:08:07:21 +0200] "GET /robots.txt HTTP/1.0" 200 100 "-" "Mozilla/5.0 (compatible; Linux x86_64; Mail.RU_Bot/2.0; +https://help.mail.ru/webmaster/indexing/robots)"
95.163.255.206 - - [06/Jun/2022:08:07:23 +0200] "GET / HTTP/1.1" 200 9360 "-" "Mozilla/5.0 (compatible; Linux x86_64; Mail.RU_Bot/2.0; +https://help.mail.ru/webmaster/indexing/robots)"
194.173.174.10 - - [06/Jun/2022:09:01:38 +0200] "HEAD / HTTP/1.1" 200 - "-" "Mozilla/5.0 (Windows NT 6.3; WOW64) AppleWebKit/537.36 (KHTML, like Gecko) Chrome/43.0.2357.134 Safari/537.36"
85.25.177.187 - - [06/Jun/2022:09:54:46 +0200] "GET /buecher/ HTTP/1.1" 200 25885 "-" "SEO Scanner/1.2.4 (SEO Crawler; seoscanners.info; info@seoscanners.info)"
51.222.253.15 - - [06/Jun/2022:09:55:42 +0200] "GET /robots.txt HTTP/1.1" 200 100 "-" "Mozilla/5.0 (compatible; AhrefsBot/7.0; +http://ahrefs.com/robot/)"
157.55.39.183 - - [06/Jun/2022:09:56:07 +0200] "GET /buecher/gesichter/27.jpg HTTP/1.1" 200 8110 "-" "Mozilla/5.0 (compatible; bingbot/2.0; +http://www.bing.com/bingbot.htm)"
