213.61.218.57 - - [01/Jun/2022:00:00:22 +0200] "GET / HTTP/1.1" 200 9360 "http://www.google.de/" "finbot"
213.61.218.57 - - [01/Jun/2022:00:00:22 +0200] "GET /impressum.html HTTP/1.1" 200 2808 "http://www.google.de/" "finbot"
85.25.177.187 - - [01/Jun/2022:00:02:29 +0200] "GET /sonderthemen/sk2004_s01.pdf HTTP/1.1" 200 162742 "-" "SEO Scanner/1.2.4 (SEO Crawler; seoscanners.info; info@seoscanners.info)"
85.25.177.187 - - [01/Jun/2022:00:04:58 +0200] "GET /sonderthemen/sk2004.pdf HTTP/1.1" 200 1967215 "-" "SEO Scanner/1.2.4 (SEO Crawler; seoscanners.info; info@seoscanners.info)"
85.25.177.187 - - [01/Jun/2022:00:10:28 +0200] "GET /sonderthemen/oekz2003.pdf HTTP/1.1" 200 4017017 "-" "SEO Scanner/1.2.4 (SEO Crawler; seoscanners.info; info@seoscanners.info)"
85.25.177.187 - - [01/Jun/2022:00:13:39 +0200] "GET /sonderthemen/sk2002.pdf HTTP/1.1" 200 2628923 "-" "SEO Scanner/1.2.4 (SEO Crawler; seoscanners.info; info@seoscanners.info)"
85.25.177.187 - - [01/Jun/2022:00:20:29 +0200] "GET /sonderthemen/az2000.pdf HTTP/1.1" 200 2253581 "-" "SEO Scanner/1.2.4 (SEO Crawler; seoscanners.info; info@seoscanners.info)"
85.25.177.187 - - [01/Jun/2022:00:27:38 +0200] "GET /sonderthemen/az1999.pdf HTTP/1.1" 200 1842982 "-" "SEO Scanner/1.2.4 (SEO Crawler; seoscanners.info; info@seoscanners.info)"
85.25.177.187 - - [01/Jun/2022:00:35:21 +0200] "GET /buecher/rezensionen_ignatius.html HTTP/1.1" 200 8182 "-" "SEO Scanner/1.2.4 (SEO Crawler; seoscanners.info; info@seoscanners.info)"
85.25.177.187 - - [01/Jun/2022:00:41:02 +0200] "GET /sonderthemen/sk2000.pdf HTTP/1.1" 200 2925489 "-" "SEO Scanner/1.2.4 (SEO Crawler; seoscanners.info; info@seoscanners.info)"
54.36.148.214 - - [01/Jun/2022:00:45:00 +0200] "GET /cds/hymnos_akathistos.html HTTP/1.1" 200 11061 "-" "Mozilla/5.0 (compatible; AhrefsBot/7.0; +http://ahrefs.com/robot/)"
40.77.167.8 - - [01/Jun/2022:00:46:20 +0200] "GET /buecher/veroeffentlichungsliste.html HTTP/1.1" 200 129779 "-" "Mozilla/5.0 (compatible; bingbot/2.0; +http://www.bing.com/bingbot.htm)"
85.25.177.187 - - [01/Jun/2022:00:50:05 +0200] "GET /buecher/rezensionen_ungeteilt.html HTTP/1.1" 200 9764 "-" "SEO Scanner/1.2.4 (SEO Crawler; seoscanners.info; info@seoscanners.info)"
85.25.177.187 - - [01/Jun/2022:00:51:15 +0200] "GET /sonderthemen/oeaz2001.pdf HTTP/1.1" 200 4496626 "-" "SEO Scanner/1.2.4 (SEO Crawler; seoscanners.info; info@seoscanners.info)"
34.78.96.74 - - [01/Jun/2022:00:52:28 +0200] "GET / HTTP/1.1" 200 9360 "-" "Mozilla/5.0 (Windows NT 10.0; Win64; x64) AppleWebKit/537.36 (KHTML, like Gecko) Chrome/84.0.4147.105 Safari/537.36"
85.25.177.187 - - [01/Jun/2022:00:58:23 +0200] "GET /jahrbuch/titelseiten/index.html HTTP/1.1" 200 6735 "-" "SEO Scanner/1.2.4 (SEO Crawler; seoscanners.info; info@seoscanners.info)"
85.25.177.187 - - [01/Jun/2022:00:58:53 +0200] "GET /sonderthemen/sk2001.pdf HTTP/1.1" 200 3098589 "-" "SEO Scanner/1.2.4 (SEO Crawler; seoscanners.info; info@seoscanners.info)"
85.25.177.187 - - [01/Jun/2022:01:00:46 +0200] "GET /jahrbuch/bestellung.php HTTP/1.1" 200 10316 "-" "SEO Scanner/1.2.4 (SEO Crawler; seoscanners.info; info@seoscanners.info)"
85.25.177.187 - - [01/Jun/2022:01:13:22 +0200] "GET /sonderthemen/oeaz2002.pdf HTTP/1.1" 200 3161455 "-" "SEO Scanner/1.2.4 (SEO Crawler; seoscanners.info; info@seoscanners.info)"
85.25.177.187 - - [01/Jun/2022:02:31:01 +0200] "GET /sonderthemen/az1999.pdf HTTP/1.1" 200 1842982 "-" "SEO Scanner/1.2.4 (SEO Crawler; seoscanners.info; info@seoscanners.info)"
138.201.11.237 - - [01/Jun/2022:02:38:29 +0200] "GET /sonderthemen/sk2001.pdf HTTP/1.1" 200 3098589 "-" "Mozilla/5.0 (Windows NT 10.0; Win64; x64) AppleWebKit/537.36 (KHTML, like Gecko) Chrome/86.0.4240.111 Safari/537.36"
80.85.136.157 - - [01/Jun/2022:04:08:38 +0200] "HEAD / HTTP/1.1" 200 - "https://prodiau.ru/category/zlaki" "Mozilla/3.0 (compatible; MSIE5.00; Windows 2004)"
80.85.136.159 - - [01/Jun/2022:04:08:38 +0200] "HEAD / HTTP/1.1" 200 - "https://golden-rus-travel.ru/e107_plugins/trips/trips_categories.php?cat=203" "Mozilla/8.0 (compatible; MSIE2.00; Windows 2002)"
193.3.168.17 - - [01/Jun/2022:04:08:45 +0200] "HEAD / HTTP/1.1" 200 - "https://www.kolavent.ru" "Mozilla/6.0 (compatible; MSIE6.00; Windows 2002)"
54.36.149.48 - - [01/Jun/2022:04:19:56 +0200] "GET /buecher/rezensionen_leiblichkeit_und_zeitlichkeit.html HTTP/1.1" 200 8821 "-" "Mozilla/5.0 (compatible; AhrefsBot/7.0; +http://ahrefs.com/robot/)"
194.67.207.94 - - [01/Jun/2022:04:52:34 +0200] "HEAD / HTTP/1.1" 200 - "https://999fm.ru/category/nedvizhimost/" "Mozilla/8.0 (compatible; MSIE6.00; Windows 2006)"
185.5.249.185 - - [01/Jun/2022:04:52:34 +0200] "HEAD / HTTP/1.1" 200 - "https://semilia42.ru" "Mozilla/4.0 (compatible; MSIE5.00; Windows 2002)"
85.25.177.187 - - [01/Jun/2022:05:54:20 +0200] "GET /buecher/ HTTP/1.1" 200 25885 "-" "SEO Scanner/1.2.4 (SEO Crawler; seoscanners.info; info@seoscanners.info)"
165.227.125.117 - - [01/Jun/2022:06:07:09 +0200] "GET / HTTP/1.0" 200 9360 "-" "Mozilla/5.0 (compatible; NetcraftSurveyAgent/1.0; +info@netcraft.com)"
94.142.141.230 - - [01/Jun/2022:06:26:49 +0200] "HEAD / HTTP/1.1" 200 - "https://specstch.com/caterpillar-246b-skid-steer-loader/" "Mozilla/2.0 (compatible; MSIE6.00; Windows 2003)"
193.124.191.92 - - [01/Jun/2022:06:26:49 +0200] "HEAD / HTTP/1.1" 200 - "https://sizewheeltire.com/toyota-hilux-wheel-and-tire-sizes/" "Mozilla/4.0 (compatible; MSIE7.00; Windows 2004)"
194.67.210.77 - - [01/Jun/2022:06:26:49 +0200] "HEAD / HTTP/1.1" 200 - "https://ooogms.ru" "Mozilla/8.0 (compatible; MSIE6.00; Windows 2004)"
193.124.190.18 - - [01/Jun/2022:06:26:49 +0200] "HEAD / HTTP/1.1" 200 - "https://myaircraftcost.com/" "Mozilla/3.0 (compatible; MSIE7.00; Windows 2004)"
185.125.219.13 - - [01/Jun/2022:06:26:49 +0200] "HEAD / HTTP/1.1" 200 - "https://60specs.com/" "Mozilla/6.0 (compatible; MSIE3.00; Windows 2004)"
148.251.50.77 - - [01/Jun/2022:06:35:52 +0200] "GET /sonderthemen/sk2000.pdf HTTP/1.1" 200 2925489 "-" "Mozilla/5.0 (Windows NT 10.0; Win64; x64) AppleWebKit/537.36 (KHTML, like Gecko) Chrome/87.0.4280.67 Safari/537.36"
162.210.196.97 - - [01/Jun/2022:06:36:38 +0200] "GET /robots.txt HTTP/1.1" 200 100 "-" "Mozilla/5.0 (compatible; MJ12bot/v1.4.8; http://mj12bot.com/)"
162.210.196.97 - - [01/Jun/2022:06:36:41 +0200] "GET / HTTP/1.1" 200 9360 "-" "Mozilla/5.0 (compatible; MJ12bot/v1.4.8; http://mj12bot.com/)"
46.4.83.150 - - [01/Jun/2022:06:52:57 +0200] "GET /sonderthemen/sk2000.pdf HTTP/1.1" 200 2925489 "-" "Mozilla/5.0 (X11; Linux x86_64) AppleWebKit/537.36 (KHTML, like Gecko) Chrome/87.0.4280.88 Safari/537.36"
144.76.162.206 - - [01/Jun/2022:07:41:19 +0200] "GET /sonderthemen/oekz2003_s01.pdf HTTP/1.1" 200 66807 "-" "Mozilla/5.0 (Macintosh; Intel Mac OS X 10_13_6) AppleWebKit/537.36 (KHTML, like Gecko) Chrome/87.0.4280.67 Safari/537.36"
168.119.11.187 - - [01/Jun/2022:07:41:33 +0200] "GET /sonderthemen/oekz2003.pdf HTTP/1.1" 200 4017017 "-" "Mozilla/5.0 (Macintosh; Intel Mac OS X 10_15_6) AppleWebKit/605.1.15 (KHTML, like Gecko) Version/14.0 Safari/605.1.15"
168.119.11.187 - - [01/Jun/2022:07:41:19 +0200] "GET /sonderthemen/oekz2003.pdf HTTP/1.1" 200 4017017 "-" "Mozilla/5.0 (X11; Linux x86_64) AppleWebKit/537.36 (KHTML, like Gecko) Chrome/87.0.4280.88 Safari/537.36"
194.67.207.9 - - [01/Jun/2022:07:54:47 +0200] "HEAD / HTTP/1.1" 200 - "https://kupime.kz/rabota/" "Mozilla/3.0 (compatible; MSIE6.00; Windows 2007)"
144.76.168.111 - - [01/Jun/2022:08:39:23 +0200] "GET /sonderthemen/az2000.pdf HTTP/1.1" 200 2253581 "-" "Mozilla/5.0 (Macintosh; Intel Mac OS X 10_15_7) AppleWebKit/537.36 (KHTML, like Gecko) Chrome/86.0.4240.198 Safari/537.36"
54.36.148.37 - - [01/Jun/2022:08:57:12 +0200] "GET /buecher/rezensionen_krise_zum_heil.html HTTP/1.1" 200 9828 "-" "Mozilla/5.0 (compatible; AhrefsBot/7.0; +http://ahrefs.com/robot/)"
168.119.11.187 - - [01/Jun/2022:09:38:39 +0200] "GET /sonderthemen/az2000.pdf HTTP/1.1" 200 2253581 "-" "Mozilla/5.0 (Macintosh; Intel Mac OS X 10_15_7) AppleWebKit/605.1.15 (KHTML, like Gecko) Version/14.0 Safari/605.1.15"
78.46.94.83 - - [01/Jun/2022:10:34:28 +0200] "GET /sonderthemen/sk2002.pdf HTTP/1.1" 200 2628923 "-" "Mozilla/5.0 (Macintosh; Intel Mac OS X 10_14_6) AppleWebKit/605.1.15 (KHTML, like Gecko) Version/14.0.1 Safari/605.1.15"
66.249.66.7 - - [01/Jun/2022:11:07:06 +0200] "GET /sonderthemen/oekt_extra2.pdf HTTP/1.1" 304 - "-" "Mozilla/5.0 (Linux; Android 6.0.1; Nexus 5X Build/MMB29P) AppleWebKit/537.36 (KHTML, like Gecko) Chrome/101.0.4951.64 Mobile Safari/537.36 (compatible; Googlebot/2.1; +http://www.google.com/bot.html)"
168.119.69.91 - - [01/Jun/2022:11:41:30 +0200] "GET /sonderthemen/az2003.pdf HTTP/1.1" 200 4864675 "-" "Mozilla/5.0 (Windows NT 10.0; Win64; x64) AppleWebKit/537.36 (KHTML, like Gecko) Chrome/86.0.4240.111 Safari/537.36"
91.143.88.40 - - [01/Jun/2022:12:39:35 +0200] "GET /robots.txt HTTP/1.1" 200 100 "-" "Mozilla/5.0 (compatible; InfoTigerBot/1.9; +https://infotiger.com/bot)"
91.143.88.40 - - [01/Jun/2022:12:39:35 +0200] "GET /cds/hymnos_akathistos.html HTTP/1.1" 200 11061 "-" "Mozilla/5.0 (compatible; InfoTigerBot/1.9; +https://infotiger.com/bot)"
168.119.69.91 - - [01/Jun/2022:12:41:57 +0200] "GET /sonderthemen/oeaz2001.pdf HTTP/1.1" 200 4496626 "-" "Mozilla/5.0 (Macintosh; Intel Mac OS X 10_15_6) AppleWebKit/605.1.15 (KHTML, like Gecko) Version/13.1.2 Safari/605.1.15"
168.119.69.91 - - [01/Jun/2022:12:55:59 +0200] "GET /buecher/index.html HTTP/1.1" 200 25885 "-" "Mozilla/5.0 (Macintosh; Intel Mac OS X 10_15_6) AppleWebKit/605.1.15 (KHTML, like Gecko) Version/14.0.2 Safari/605.1.15"
188.26.222.186 - - [01/Jun/2022:13:05:30 +0200] "GET /favicon.ico HTTP/1.1" 200 4286 "http://www.morusverlag.de/sonderthemen/oeaz2001.pdf" "Mozilla/5.0 (Windows NT 6.1; Win64; x64) AppleWebKit/537.36 (KHTML, like Gecko) Chrome/101.0.4951.54 Safari/537.36"
188.26.222.186 - - [01/Jun/2022:13:05:29 +0200] "GET /sonderthemen/oeaz2001.pdf HTTP/1.1" 200 4496626 "https://www.google.com/" "Mozilla/5.0 (Windows NT 6.1; Win64; x64) AppleWebKit/537.36 (KHTML, like Gecko) Chrome/101.0.4951.54 Safari/537.36"
78.46.94.83 - - [01/Jun/2022:13:14:05 +0200] "GET /sonderthemen/az2003.pdf HTTP/1.1" 200 4864675 "-" "Mozilla/5.0 (Windows NT 10.0; Win64; x64; rv:84.0) Gecko/20100101 Firefox/84.0"
168.119.69.91 - - [01/Jun/2022:13:14:34 +0200] "GET /sonderthemen/az2003.pdf HTTP/1.1" 200 4864675 "-" "Mozilla/5.0 (Macintosh; Intel Mac OS X 10_14_6) AppleWebKit/537.36 (KHTML, like Gecko) Chrome/87.0.4280.88 Safari/537.36"
178.63.51.106 - - [01/Jun/2022:13:14:19 +0200] "GET /sonderthemen/az2003.pdf HTTP/1.1" 200 4864675 "-" "Mozilla/5.0 (Windows NT 6.1; Win64; x64) AppleWebKit/537.36 (KHTML, like Gecko) Chrome/87.0.4280.88 Safari/537.36"
80.85.136.157 - - [01/Jun/2022:13:43:13 +0200] "HEAD / HTTP/1.1" 200 - "https://petritual.kiev.ua" "Mozilla/6.0 (compatible; MSIE5.00; Windows 2002)"
193.3.168.17 - - [01/Jun/2022:13:43:13 +0200] "HEAD / HTTP/1.1" 200 - "https://sberbank-business.ru/" "Mozilla/6.0 (compatible; MSIE4.00; Windows 2006)"
80.85.136.159 - - [01/Jun/2022:13:43:13 +0200] "HEAD / HTTP/1.1" 200 - "https://alljus.ru/obshhie-voprosy/besplatnyj-vopros-yuristu-onlajn-bez-telefona.html" "Mozilla/8.0 (compatible; MSIE6.00; Windows 2008)"
91.143.88.40 - - [01/Jun/2022:13:48:27 +0200] "GET /buecher/rezensionen_chateaubriand.html HTTP/1.1" 200 47317 "-" "Mozilla/5.0 (compatible; InfoTigerBot/1.9; +https://infotiger.com/bot)"
185.5.249.185 - - [01/Jun/2022:14:10:48 +0200] "HEAD / HTTP/1.1" 200 - "https://velesritual.com.ua/funeral.html" "Mozilla/5.0 (compatible; MSIE3.00; Windows 2005)"
91.143.88.40 - - [01/Jun/2022:14:13:09 +0200] "GET / HTTP/1.1" 200 9360 "-" "Mozilla/5.0 (compatible; InfoTigerBot/1.9; +https://infotiger.com/bot)"
194.67.207.94 - - [01/Jun/2022:14:22:58 +0200] "HEAD / HTTP/1.1" 200 - "https://ritual.net.ua/tovary/urny.html" "Mozilla/8.0 (compatible; MSIE3.00; Windows 2005)"
54.36.149.24 - - [01/Jun/2022:14:31:15 +0200] "GET / HTTP/1.1" 200 9360 "-" "Mozilla/5.0 (compatible; AhrefsBot/7.0; +http://ahrefs.com/robot/)"
65.21.35.205 - - [01/Jun/2022:14:36:10 +0200] "GET /sonderthemen/sk2000.pdf HTTP/1.1" 200 2925489 "-" "Mozilla/5.0 (compatible; Seekport Crawler; http://seekport.com/)"
65.21.35.205 - - [01/Jun/2022:14:36:11 +0200] "GET /sonderthemen/oeaz2001.pdf HTTP/1.1" 200 4496626 "-" "Mozilla/5.0 (compatible; Seekport Crawler; http://seekport.com/)"
65.21.35.205 - - [01/Jun/2022:14:36:12 +0200] "GET /sonderthemen/az2003.pdf HTTP/1.1" 200 4864675 "-" "Mozilla/5.0 (compatible; Seekport Crawler; http://seekport.com/)"
65.21.35.205 - - [01/Jun/2022:14:36:13 +0200] "GET /sonderthemen/az1999.pdf HTTP/1.1" 200 1842982 "-" "Mozilla/5.0 (compatible; Seekport Crawler; http://seekport.com/)"
65.21.35.205 - - [01/Jun/2022:14:36:14 +0200] "GET /sonderthemen/az2000.pdf HTTP/1.1" 200 2253581 "-" "Mozilla/5.0 (compatible; Seekport Crawler; http://seekport.com/)"
65.21.35.205 - - [01/Jun/2022:14:36:15 +0200] "GET /sonderthemen/sk2002.pdf HTTP/1.1" 200 2628923 "-" "Mozilla/5.0 (compatible; Seekport Crawler; http://seekport.com/)"
65.21.35.205 - - [01/Jun/2022:14:36:16 +0200] "GET /sonderthemen/oeaz2002.pdf HTTP/1.1" 200 3161455 "-" "Mozilla/5.0 (compatible; Seekport Crawler; http://seekport.com/)"
65.21.35.205 - - [01/Jun/2022:14:36:17 +0200] "GET /sonderthemen/oekz2003.pdf HTTP/1.1" 200 4017017 "-" "Mozilla/5.0 (compatible; Seekport Crawler; http://seekport.com/)"
65.21.35.205 - - [01/Jun/2022:14:36:18 +0200] "GET /sonderthemen/sk2001.pdf HTTP/1.1" 200 3098589 "-" "Mozilla/5.0 (compatible; Seekport Crawler; http://seekport.com/)"
65.21.35.205 - - [01/Jun/2022:14:36:19 +0200] "GET /sonderthemen/oekt_extra2.pdf HTTP/1.1" 200 1939949 "-" "Mozilla/5.0 (compatible; Seekport Crawler; http://seekport.com/)"
31.148.131.139 - - [01/Jun/2022:14:44:06 +0200] "GET /sonderthemen/oekt_extra3.pdf HTTP/1.1" 200 2109745 "-" "Mozilla/5.0 (Windows NT 10.0; WOW64) AppleWebKit/537.36 (KHTML, like Gecko) Chrome/100.0.4896.160 YaBrowser/22.5.1.971 Yowser/2.5 Safari/537.36"
77.75.78.166 - - [01/Jun/2022:14:46:31 +0200] "GET /robots.txt HTTP/1.1" 200 100 "-" "Mozilla/5.0 (compatible; SeznamBot/3.2; +http://napoveda.seznam.cz/en/seznambot-intro/)"
77.75.78.166 - - [01/Jun/2022:14:46:31 +0200] "GET /cds/rosarium.html HTTP/1.1" 304 - "-" "Mozilla/5.0 (compatible; SeznamBot/3.2; +http://napoveda.seznam.cz/en/seznambot-intro/)"
77.75.78.166 - - [01/Jun/2022:14:46:32 +0200] "GET /jahrbuch/index.html HTTP/1.1" 304 - "-" "Mozilla/5.0 (compatible; SeznamBot/3.2; +http://napoveda.seznam.cz/en/seznambot-intro/)"
193.124.188.83 - - [01/Jun/2022:15:12:35 +0200] "HEAD / HTTP/1.1" 200 - "https://www.mebel.vladimir.ru/wall" "Mozilla/3.0 (compatible; MSIE5.00; Windows 2008)"
91.143.88.40 - - [01/Jun/2022:15:26:17 +0200] "GET /cds/index.html HTTP/1.1" 200 7987 "-" "Mozilla/5.0 (compatible; InfoTigerBot/1.9; +https://infotiger.com/bot)"
77.75.78.167 - - [01/Jun/2022:15:26:51 +0200] "GET /robots.txt HTTP/1.1" 200 100 "-" "Mozilla/5.0 (compatible; SeznamBot/3.2; +http://napoveda.seznam.cz/en/seznambot-intro/)"
77.75.78.167 - - [01/Jun/2022:15:26:51 +0200] "GET /buecher/bestellung.php HTTP/1.1" 200 10142 "-" "Mozilla/5.0 (compatible; SeznamBot/3.2; +http://napoveda.seznam.cz/en/seznambot-intro/)"
136.243.17.161 - - [01/Jun/2022:15:34:07 +0200] "GET /sonderthemen/sk2001.pdf HTTP/1.1" 200 3098589 "-" "Mozilla/5.0 (Windows NT 10.0; Win64; x64) AppleWebKit/537.36 (KHTML, like Gecko) Chrome/86.0.4240.198 Safari/537.36 OPR/72.0.3815.400"
178.63.51.106 - - [01/Jun/2022:15:53:09 +0200] "GET /sonderthemen/sk2000.pdf HTTP/1.1" 200 2925489 "-" "Mozilla/5.0 (Windows NT 10.0; Win64; x64) AppleWebKit/537.36 (KHTML, like Gecko) Chrome/86.0.4240.198 Safari/537.36"
144.76.168.111 - - [01/Jun/2022:15:53:52 +0200] "GET /sonderthemen/sk2000.pdf HTTP/1.1" 200 2925489 "-" "Mozilla/5.0 (Macintosh; Intel Mac OS X 11_0_1) AppleWebKit/537.36 (KHTML, like Gecko) Chrome/87.0.4280.88 Safari/537.36"
66.249.66.7 - - [01/Jun/2022:16:07:37 +0200] "GET /robots.txt HTTP/1.1" 200 100 "-" "Mozilla/5.0 (compatible; Googlebot/2.1; +http://www.google.com/bot.html)"
66.249.66.195 - - [01/Jun/2022:16:07:37 +0200] "GET /sonderthemen/oekt_extra1.pdf HTTP/1.1" 304 - "-" "Mozilla/5.0 (Linux; Android 6.0.1; Nexus 5X Build/MMB29P) AppleWebKit/537.36 (KHTML, like Gecko) Chrome/101.0.4951.64 Mobile Safari/537.36 (compatible; Googlebot/2.1; +http://www.google.com/bot.html)"
40.77.167.102 - - [01/Jun/2022:16:13:05 +0200] "GET /robots.txt HTTP/1.1" 200 100 "-" "Mozilla/5.0 (compatible; bingbot/2.0; +http://www.bing.com/bingbot.htm)"
40.77.167.8 - - [01/Jun/2022:16:13:07 +0200] "GET /cds/ignatius.html HTTP/1.1" 200 6576 "-" "Mozilla/5.0 (compatible; bingbot/2.0; +http://www.bing.com/bingbot.htm)"
77.75.78.167 - - [01/Jun/2022:16:20:31 +0200] "GET /robots.txt HTTP/1.1" 200 100 "-" "Mozilla/5.0 (compatible; SeznamBot/3.2; +http://napoveda.seznam.cz/en/seznambot-intro/)"
77.75.78.167 - - [01/Jun/2022:16:20:32 +0200] "GET /buecher/rezensionen_chateaubriand.html HTTP/1.1" 304 - "-" "Mozilla/5.0 (compatible; SeznamBot/3.2; +http://napoveda.seznam.cz/en/seznambot-intro/)"
193.124.190.18 - - [01/Jun/2022:16:23:48 +0200] "HEAD / HTTP/1.1" 200 - "https://aryazancev.ru/stati/" "Mozilla/4.0 (compatible; MSIE5.00; Windows 2009)"
185.125.219.13 - - [01/Jun/2022:16:23:48 +0200] "HEAD / HTTP/1.1" 200 - "https://zelands.ru/otzyvy-chitatelej/" "Mozilla/6.0 (compatible; MSIE6.00; Windows 2005)"
194.67.210.77 - - [01/Jun/2022:16:23:48 +0200] "HEAD / HTTP/1.1" 200 - "https://ua.velesritual.com.ua/improvement.html" "Mozilla/4.0 (compatible; MSIE6.00; Windows 2009)"
94.142.141.230 - - [01/Jun/2022:16:23:49 +0200] "HEAD / HTTP/1.1" 200 - "https://henessy42.ru/" "Mozilla/5.0 (compatible; MSIE5.00; Windows 2007)"
77.75.78.162 - - [01/Jun/2022:17:03:16 +0200] "GET /robots.txt HTTP/1.1" 200 100 "-" "Mozilla/5.0 (compatible; SeznamBot/3.2; +http://napoveda.seznam.cz/en/seznambot-intro/)"
77.75.78.162 - - [01/Jun/2022:17:03:16 +0200] "GET /sonderthemen/presse.html HTTP/1.1" 304 - "-" "Mozilla/5.0 (compatible; SeznamBot/3.2; +http://napoveda.seznam.cz/en/seznambot-intro/)"
91.143.88.40 - - [01/Jun/2022:17:24:59 +0200] "GET /cds/rosarium.html HTTP/1.1" 200 6680 "-" "Mozilla/5.0 (compatible; InfoTigerBot/1.9; +https://infotiger.com/bot)"
91.143.88.40 - - [01/Jun/2022:17:32:00 +0200] "GET /sonderthemen/index.html HTTP/1.1" 200 7102 "-" "Mozilla/5.0 (compatible; InfoTigerBot/1.9; +https://infotiger.com/bot)"
91.143.88.40 - - [01/Jun/2022:17:38:41 +0200] "GET /buecher/index.html HTTP/1.1" 200 25885 "-" "Mozilla/5.0 (compatible; InfoTigerBot/1.9; +https://infotiger.com/bot)"
91.143.88.40 - - [01/Jun/2022:18:03:05 +0200] "GET /jahrbuch/index.html HTTP/1.1" 200 3956 "-" "Mozilla/5.0 (compatible; InfoTigerBot/1.9; +https://infotiger.com/bot)"
193.124.191.92 - - [01/Jun/2022:18:11:32 +0200] "HEAD / HTTP/1.1" 200 - "https://henessy142.ru/massazh-dlja-muzhchin-v-novokuznecke/" "Mozilla/2.0 (compatible; MSIE6.00; Windows 2002)"
77.75.77.17 - - [01/Jun/2022:18:21:38 +0200] "GET /robots.txt HTTP/1.1" 200 100 "-" "Mozilla/5.0 (compatible; SeznamBot/3.2; +http://napoveda.seznam.cz/en/seznambot-intro/)"
77.75.77.17 - - [01/Jun/2022:18:21:38 +0200] "GET /cds/hymnos_akathistos.html HTTP/1.1" 304 - "-" "Mozilla/5.0 (compatible; SeznamBot/3.2; +http://napoveda.seznam.cz/en/seznambot-intro/)"
91.143.88.40 - - [01/Jun/2022:18:26:59 +0200] "GET /cds/ignatius.html HTTP/1.1" 200 6576 "-" "Mozilla/5.0 (compatible; InfoTigerBot/1.9; +https://infotiger.com/bot)"
154.28.188.88 - - [01/Jun/2022:18:43:09 +0200] "GET / HTTP/1.1" 200 9360 "-" "Mozilla/5.0 (X11; Linux x86_64; rv:91.0) Gecko/20100101 Firefox/91.0"
154.28.188.88 - - [01/Jun/2022:18:43:10 +0200] "GET /main.css HTTP/1.1" 200 1439 "http://www.morusverlag.de/" "Mozilla/5.0 (X11; Linux x86_64; rv:91.0) Gecko/20100101 Firefox/91.0"
154.28.188.88 - - [01/Jun/2022:18:43:10 +0200] "GET /logo_g.gif HTTP/1.1" 200 1301 "http://www.morusverlag.de/" "Mozilla/5.0 (X11; Linux x86_64; rv:91.0) Gecko/20100101 Firefox/91.0"
154.28.188.88 - - [01/Jun/2022:18:43:10 +0200] "GET /mv_g.gif HTTP/1.1" 200 4070 "http://www.morusverlag.de/" "Mozilla/5.0 (X11; Linux x86_64; rv:91.0) Gecko/20100101 Firefox/91.0"
154.28.188.88 - - [01/Jun/2022:18:43:10 +0200] "GET /mv_gr_w.gif HTTP/1.1" 200 2005 "http://www.morusverlag.de/" "Mozilla/5.0 (X11; Linux x86_64; rv:91.0) Gecko/20100101 Firefox/91.0"
154.28.188.88 - - [01/Jun/2022:18:43:10 +0200] "GET /jahrbuch_k.jpg HTTP/1.1" 200 3719 "http://www.morusverlag.de/" "Mozilla/5.0 (X11; Linux x86_64; rv:91.0) Gecko/20100101 Firefox/91.0"
154.28.188.88 - - [01/Jun/2022:18:43:10 +0200] "GET /pf.gif HTTP/1.1" 200 62 "http://www.morusverlag.de/" "Mozilla/5.0 (X11; Linux x86_64; rv:91.0) Gecko/20100101 Firefox/91.0"
154.28.188.88 - - [01/Jun/2022:18:43:10 +0200] "GET /buecher/gesichter.jpg HTTP/1.1" 200 7271 "http://www.morusverlag.de/" "Mozilla/5.0 (X11; Linux x86_64; rv:91.0) Gecko/20100101 Firefox/91.0"
154.28.188.88 - - [01/Jun/2022:18:43:10 +0200] "GET /cds/ignatius_k.jpg HTTP/1.1" 200 3965 "http://www.morusverlag.de/" "Mozilla/5.0 (X11; Linux x86_64; rv:91.0) Gecko/20100101 Firefox/91.0"
154.28.188.88 - - [01/Jun/2022:18:43:10 +0200] "GET /cds/rosarium_k.jpg HTTP/1.1" 200 3972 "http://www.morusverlag.de/" "Mozilla/5.0 (X11; Linux x86_64; rv:91.0) Gecko/20100101 Firefox/91.0"
154.28.188.88 - - [01/Jun/2022:18:43:10 +0200] "GET /cds/astazi_k.jpg HTTP/1.1" 200 6049 "http://www.morusverlag.de/" "Mozilla/5.0 (X11; Linux x86_64; rv:91.0) Gecko/20100101 Firefox/91.0"
154.28.188.88 - - [01/Jun/2022:18:43:10 +0200] "GET /gotteslob.jpg HTTP/1.1" 200 9390 "http://www.morusverlag.de/" "Mozilla/5.0 (X11; Linux x86_64; rv:91.0) Gecko/20100101 Firefox/91.0"
154.28.188.88 - - [01/Jun/2022:18:43:10 +0200] "GET /strich.gif HTTP/1.1" 200 45 "http://www.morusverlag.de/" "Mozilla/5.0 (X11; Linux x86_64; rv:91.0) Gecko/20100101 Firefox/91.0"
154.28.188.88 - - [01/Jun/2022:18:43:10 +0200] "GET /buecher/engel.jpg HTTP/1.1" 200 5414 "http://www.morusverlag.de/" "Mozilla/5.0 (X11; Linux x86_64; rv:91.0) Gecko/20100101 Firefox/91.0"
154.28.188.88 - - [01/Jun/2022:18:43:10 +0200] "GET /cds/hymnos_k.jpg HTTP/1.1" 200 4986 "http://www.morusverlag.de/" "Mozilla/5.0 (X11; Linux x86_64; rv:91.0) Gecko/20100101 Firefox/91.0"
154.28.188.88 - - [01/Jun/2022:18:43:10 +0200] "GET /buecher/chateaubriand.jpg HTTP/1.1" 200 2272 "http://www.morusverlag.de/" "Mozilla/5.0 (X11; Linux x86_64; rv:91.0) Gecko/20100101 Firefox/91.0"
154.28.188.88 - - [01/Jun/2022:18:43:10 +0200] "GET /buch_k.jpg HTTP/1.1" 200 4591 "http://www.morusverlag.de/" "Mozilla/5.0 (X11; Linux x86_64; rv:91.0) Gecko/20100101 Firefox/91.0"
62.75.158.192 - - [01/Jun/2022:19:50:44 +0200] "HEAD / HTTP/1.1" 200 - "-" "onlinestreet Bot: URL Status Check (https://onlinestreet.de/)"
40.77.167.8 - - [01/Jun/2022:19:52:28 +0200] "GET /sonderthemen/akademieprogramm/03/pro_zei_03_s15.pdf HTTP/1.1" 404 2381 "-" "Mozilla/5.0 (compatible; bingbot/2.0; +http://www.bing.com/bingbot.htm)"
168.119.11.187 - - [01/Jun/2022:19:56:28 +0200] "GET /sonderthemen/oeaz2001.pdf HTTP/1.1" 200 4496626 "-" "Mozilla/5.0 (Macintosh; Intel Mac OS X 10_15_7) AppleWebKit/605.1.15 (KHTML, like Gecko) Version/14.0 Safari/605.1.15"
78.46.94.83 - - [01/Jun/2022:19:57:00 +0200] "GET /sonderthemen/oeaz2001.pdf HTTP/1.1" 200 4496626 "-" "Mozilla/5.0 (Macintosh; Intel Mac OS X 10_15_7) AppleWebKit/537.36 (KHTML, like Gecko) Chrome/86.0.4240.183 Safari/537.36"
144.76.102.243 - - [01/Jun/2022:19:57:11 +0200] "GET /sonderthemen/oeaz2001.pdf HTTP/1.1" 200 4496626 "-" "Mozilla/5.0 (Macintosh; Intel Mac OS X 10_15_6) AppleWebKit/537.36 (KHTML, like Gecko) Chrome/87.0.4280.88 Safari/537.36"
194.67.207.9 - - [01/Jun/2022:20:31:35 +0200] "HEAD / HTTP/1.1" 200 - "https://agrovita.org.ua/" "Mozilla/7.0 (compatible; MSIE2.00; Windows 2008)"
80.85.136.157 - - [01/Jun/2022:21:04:32 +0200] "HEAD / HTTP/1.1" 200 - "https://tireclub.ru" "Mozilla/4.0 (compatible; MSIE2.00; Windows 2004)"
193.3.168.17 - - [01/Jun/2022:21:04:32 +0200] "HEAD / HTTP/1.1" 200 - "https://13kaprizov.ru" "Mozilla/2.0 (compatible; MSIE3.00; Windows 2005)"
80.85.136.159 - - [01/Jun/2022:21:04:33 +0200] "HEAD / HTTP/1.1" 200 - "https://henessy042.ru/" "Mozilla/6.0 (compatible; MSIE5.00; Windows 2007)"
46.4.83.150 - - [01/Jun/2022:21:39:53 +0200] "GET /sonderthemen/oekt_extra2.pdf HTTP/1.1" 200 1939949 "-" "Mozilla/5.0 (Macintosh; Intel Mac OS X 10_15_7) AppleWebKit/537.36 (KHTML, like Gecko) Chrome/87.0.4280.88 Safari/537.36"
103.253.147.252 - - [01/Jun/2022:21:44:28 +0200] "POST /wp-plain.php HTTP/1.1" 404 2381 "www.google.com" "Mozlila/5.0 (Linux; Android 7.0; SM-G892A Bulid/NRD90M; wv) AppleWebKit/537.36 (KHTML, like Gecko) Version/4.0 Chrome/60.0.3112.107 Moblie Safari/537.36"
103.253.147.252 - - [01/Jun/2022:21:44:28 +0200] "GET /xoqsulko.php?Fox=d3wL7 HTTP/1.1" 404 2381 "www.google.com" "Mozlila/5.0 (Linux; Android 7.0; SM-G892A Bulid/NRD90M; wv) AppleWebKit/537.36 (KHTML, like Gecko) Version/4.0 Chrome/60.0.3112.107 Moblie Safari/537.36"
40.77.167.8 - - [01/Jun/2022:23:20:08 +0200] "GET /buecher/veroeffentlichungsliste.html HTTP/1.1" 200 129779 "-" "Mozilla/5.0 (compatible; bingbot/2.0; +http://www.bing.com/bingbot.htm)"
178.63.51.106 - - [01/Jun/2022:23:49:37 +0200] "GET /sonderthemen/sk2002.pdf HTTP/1.1" 200 2628923 "-" "Mozilla/5.0 (Windows NT 10.0; Win64; x64) AppleWebKit/537.36 (KHTML, like Gecko) Chrome/87.0.4280.88 Safari/537.36"
78.46.94.83 - - [01/Jun/2022:23:49:50 +0200] "GET /buecher/ HTTP/1.1" 200 25885 "-" "Mozilla/5.0 (Macintosh; Intel Mac OS X 10_15_7) AppleWebKit/537.36 (KHTML, like Gecko) Chrome/86.0.4240.183 Safari/537.36"
144.76.162.206 - - [01/Jun/2022:23:49:59 +0200] "GET /sonderthemen/sk2002.pdf HTTP/1.1" 200 2628923 "-" "Mozilla/5.0 (Windows NT 10.0; Win64; x64) AppleWebKit/537.36 (KHTML, like Gecko) Chrome/87.0.4280.67 Safari/537.36"
144.76.102.243 - - [01/Jun/2022:23:50:07 +0200] "GET /buecher/ HTTP/1.1" 200 25885 "-" "Mozilla/5.0 (Macintosh; Intel Mac OS X 11_0_1) AppleWebKit/537.36 (KHTML, like Gecko) Chrome/87.0.4280.67 Safari/537.36"
168.119.69.91 - - [01/Jun/2022:23:50:18 +0200] "GET /buecher/ HTTP/1.1" 200 25885 "-" "Mozilla/5.0 (X11; Ubuntu; Linux x86_64; rv:84.0) Gecko/20100101 Firefox/84.0"
104.196.165.78 - - [02/Jun/2022:00:01:07 +0200] "GET /robots.txt HTTP/1.0" 200 100 "-" "ZoominfoBot (zoominfobot at zoominfo dot com)"
104.196.165.78 - - [02/Jun/2022:00:01:07 +0200] "GET / HTTP/1.0" 200 9360 "-" "ZoominfoBot (zoominfobot at zoominfo dot com)"
66.249.66.84 - - [02/Jun/2022:00:24:36 +0200] "GET /buecher/rezensionen_ignatius.html HTTP/1.1" 304 - "-" "Mozilla/5.0 (Linux; Android 6.0.1; Nexus 5X Build/MMB29P) AppleWebKit/537.36 (KHTML, like Gecko) Chrome/101.0.4951.64 Mobile Safari/537.36 (compatible; Googlebot/2.1; +http://www.google.com/bot.html)"
35.227.98.204 - - [02/Jun/2022:00:55:09 +0200] "GET /robots.txt HTTP/1.0" 200 100 "-" "ZoominfoBot (zoominfobot at zoominfo dot com)"
35.227.98.204 - - [02/Jun/2022:00:55:10 +0200] "GET /cds/ignatius.html HTTP/1.0" 200 6576 "-" "ZoominfoBot (zoominfobot at zoominfo dot com)"
35.227.98.204 - - [02/Jun/2022:01:11:40 +0200] "GET /buecher/veroeffentlichungsliste.html HTTP/1.0" 200 129779 "-" "ZoominfoBot (zoominfobot at zoominfo dot com)"
35.227.98.204 - - [02/Jun/2022:01:17:45 +0200] "GET /cds/hymnos_akathistos.html HTTP/1.0" 200 11061 "-" "ZoominfoBot (zoominfobot at zoominfo dot com)"
35.227.98.204 - - [02/Jun/2022:01:17:57 +0200] "GET /jahrbuch/index.html HTTP/1.0" 200 3956 "-" "ZoominfoBot (zoominfobot at zoominfo dot com)"
35.227.98.204 - - [02/Jun/2022:01:32:10 +0200] "GET /buecher/rezensionen_chateaubriand.html HTTP/1.0" 200 47317 "-" "ZoominfoBot (zoominfobot at zoominfo dot com)"
35.227.98.204 - - [02/Jun/2022:01:35:08 +0200] "GET /kontakt/index.html HTTP/1.0" 200 2896 "-" "ZoominfoBot (zoominfobot at zoominfo dot com)"
114.119.134.231 - - [02/Jun/2022:01:35:24 +0200] "GET /kontakt/ HTTP/1.1" 200 2896 "-" "Mozilla/5.0 (Linux; Android 7.0;) AppleWebKit/537.36 (KHTML, like Gecko) Mobile Safari/537.36 (compatible; PetalBot;+https://webmaster.petalsearch.com/site/petalbot)"
35.227.98.204 - - [02/Jun/2022:01:38:20 +0200] "GET /cds/rosarium.html HTTP/1.0" 200 6680 "-" "ZoominfoBot (zoominfobot at zoominfo dot com)"
46.4.83.150 - - [02/Jun/2022:01:43:35 +0200] "GET /sonderthemen/sk2001.pdf HTTP/1.1" 200 3098589 "-" "Mozilla/5.0 (Windows NT 6.1; Win64; x64) AppleWebKit/537.36 (KHTML, like Gecko) Chrome/86.0.4240.198 Safari/537.36 OPR/72.0.3815.400"
66.249.66.195 - - [02/Jun/2022:02:01:21 +0200] "GET /buecher/ HTTP/1.1" 304 - "-" "Mozilla/5.0 (Linux; Android 6.0.1; Nexus 5X Build/MMB29P) AppleWebKit/537.36 (KHTML, like Gecko) Chrome/101.0.4951.64 Mobile Safari/537.36 (compatible; Googlebot/2.1; +http://www.google.com/bot.html)"
66.249.66.84 - - [02/Jun/2022:02:03:20 +0200] "GET /sonderthemen/az2000.pdf HTTP/1.1" 304 - "-" "Mozilla/5.0 (Linux; Android 6.0.1; Nexus 5X Build/MMB29P) AppleWebKit/537.36 (KHTML, like Gecko) Chrome/101.0.4951.64 Mobile Safari/537.36 (compatible; Googlebot/2.1; +http://www.google.com/bot.html)"
66.249.66.83 - - [02/Jun/2022:02:04:43 +0200] "GET /buecher/rezensionen_ungeteilt.html HTTP/1.1" 304 - "-" "Mozilla/5.0 (Linux; Android 6.0.1; Nexus 5X Build/MMB29P) AppleWebKit/537.36 (KHTML, like Gecko) Chrome/101.0.4951.64 Mobile Safari/537.36 (compatible; Googlebot/2.1; +http://www.google.com/bot.html)"
66.249.66.7 - - [02/Jun/2022:02:05:06 +0200] "GET / HTTP/1.1" 200 9360 "-" "Mozilla/5.0 (Linux; Android 6.0.1; Nexus 5X Build/MMB29P) AppleWebKit/537.36 (KHTML, like Gecko) Chrome/101.0.4951.64 Mobile Safari/537.36 (compatible; Googlebot/2.1; +http://www.google.com/bot.html)"
66.249.66.223 - - [02/Jun/2022:02:05:29 +0200] "GET /sonderthemen/sk2000.pdf HTTP/1.1" 304 - "-" "Mozilla/5.0 (Linux; Android 6.0.1; Nexus 5X Build/MMB29P) AppleWebKit/537.36 (KHTML, like Gecko) Chrome/101.0.4951.64 Mobile Safari/537.36 (compatible; Googlebot/2.1; +http://www.google.com/bot.html)"
66.249.66.45 - - [02/Jun/2022:02:08:41 +0200] "GET /buecher/rezensionen_psalmen.html HTTP/1.1" 304 - "-" "Mozilla/5.0 (Linux; Android 6.0.1; Nexus 5X Build/MMB29P) AppleWebKit/537.36 (KHTML, like Gecko) Chrome/101.0.4951.64 Mobile Safari/537.36 (compatible; Googlebot/2.1; +http://www.google.com/bot.html)"
35.227.98.204 - - [02/Jun/2022:02:18:58 +0200] "GET /impressum.html HTTP/1.0" 200 2808 "-" "ZoominfoBot (zoominfobot at zoominfo dot com)"
35.227.98.204 - - [02/Jun/2022:02:21:31 +0200] "GET /gotteslob/index.html HTTP/1.0" 200 2770 "-" "ZoominfoBot (zoominfobot at zoominfo dot com)"
66.249.66.83 - - [02/Jun/2022:02:21:33 +0200] "GET /buecher/rezensionen_nicht_auf_sand_gebaut.html HTTP/1.1" 304 - "-" "Mozilla/5.0 (Linux; Android 6.0.1; Nexus 5X Build/MMB29P) AppleWebKit/537.36 (KHTML, like Gecko) Chrome/101.0.4951.64 Mobile Safari/537.36 (compatible; Googlebot/2.1; +http://www.google.com/bot.html)"
66.249.66.45 - - [02/Jun/2022:02:23:50 +0200] "GET /buecher/der_neunte_tag.html HTTP/1.1" 304 - "-" "Mozilla/5.0 (Linux; Android 6.0.1; Nexus 5X Build/MMB29P) AppleWebKit/537.36 (KHTML, like Gecko) Chrome/101.0.4951.64 Mobile Safari/537.36 (compatible; Googlebot/2.1; +http://www.google.com/bot.html)"
35.227.98.204 - - [02/Jun/2022:02:27:15 +0200] "GET /sonderthemen/index.html HTTP/1.0" 200 7102 "-" "ZoominfoBot (zoominfobot at zoominfo dot com)"
66.249.66.42 - - [02/Jun/2022:02:30:25 +0200] "GET /sonderthemen/az1999.pdf HTTP/1.1" 304 - "-" "Mozilla/5.0 (Linux; Android 6.0.1; Nexus 5X Build/MMB29P) AppleWebKit/537.36 (KHTML, like Gecko) Chrome/101.0.4951.64 Mobile Safari/537.36 (compatible; Googlebot/2.1; +http://www.google.com/bot.html)"
35.227.98.204 - - [02/Jun/2022:02:32:39 +0200] "GET /cds/index.html HTTP/1.0" 200 7987 "-" "ZoominfoBot (zoominfobot at zoominfo dot com)"
35.227.98.204 - - [02/Jun/2022:02:33:19 +0200] "GET /buecher/index.html HTTP/1.0" 200 25885 "-" "ZoominfoBot (zoominfobot at zoominfo dot com)"
66.249.66.195 - - [02/Jun/2022:02:38:39 +0200] "GET /sonderthemen/presse.html HTTP/1.1" 200 5772 "-" "Mozilla/5.0 (Linux; Android 6.0.1; Nexus 5X Build/MMB29P) AppleWebKit/537.36 (KHTML, like Gecko) Chrome/101.0.4951.64 Mobile Safari/537.36 (compatible; Googlebot/2.1; +http://www.google.com/bot.html)"
193.3.168.17 - - [02/Jun/2022:04:11:38 +0200] "HEAD / HTTP/1.1" 200 - "https://unlock-unlock.ru/" "Mozilla/8.0 (compatible; MSIE3.00; Windows 2006)"
80.85.136.157 - - [02/Jun/2022:04:11:38 +0200] "HEAD / HTTP/1.1" 200 - "https://60specs.com/" "Mozilla/5.0 (compatible; MSIE2.00; Windows 2002)"
80.85.136.159 - - [02/Jun/2022:04:11:38 +0200] "HEAD / HTTP/1.1" 200 - "https://prodiau.ru/category/zlaki" "Mozilla/4.0 (compatible; MSIE4.00; Windows 2008)"
199.58.86.211 - - [02/Jun/2022:04:42:29 +0200] "GET /robots.txt HTTP/1.1" 200 100 "-" "Mozilla/5.0 (compatible; MJ12bot/v1.4.8; http://mj12bot.com/)"
199.58.86.211 - - [02/Jun/2022:04:42:32 +0200] "GET / HTTP/1.1" 200 9360 "-" "Mozilla/5.0 (compatible; MJ12bot/v1.4.8; http://mj12bot.com/)"
194.67.207.94 - - [02/Jun/2022:04:55:44 +0200] "HEAD / HTTP/1.1" 200 - "https://myaircraftcost.com/atr-72-600/" "Mozilla/3.0 (compatible; MSIE3.00; Windows 2008)"
185.5.249.185 - - [02/Jun/2022:04:55:44 +0200] "HEAD / HTTP/1.1" 200 - "https://specstch.com/bobcat-v518-telescopic-forklift/" "Mozilla/3.0 (compatible; MSIE7.00; Windows 2002)"
168.119.11.187 - - [02/Jun/2022:05:06:22 +0200] "GET /buecher/index.html HTTP/1.1" 200 25885 "-" "Mozilla/5.0 (Windows NT 6.3; Win64; x64; rv:83.0) Gecko/20100101 Firefox/83.0"
168.119.11.187 - - [02/Jun/2022:05:06:22 +0200] "GET /buecher/ HTTP/1.1" 200 25885 "-" "Mozilla/5.0 (Macintosh; Intel Mac OS X 10_13_6) AppleWebKit/537.36 (KHTML, like Gecko) Chrome/87.0.4280.67 Safari/537.36"
178.63.51.106 - - [02/Jun/2022:05:06:36 +0200] "GET /buecher/index.html HTTP/1.1" 200 25885 "-" "Mozilla/5.0 (Windows NT 10.0; Win64; x64) AppleWebKit/537.36 (KHTML, like Gecko) Chrome/87.0.4280.88 Safari/537.36"
78.46.94.83 - - [02/Jun/2022:05:07:12 +0200] "GET /buecher/ HTTP/1.1" 200 25885 "-" "Mozilla/5.0 (Windows NT 6.1; Win64; x64) AppleWebKit/537.36 (KHTML, like Gecko) Chrome/87.0.4280.88 Safari/537.36"
94.142.141.230 - - [02/Jun/2022:06:13:13 +0200] "HEAD / HTTP/1.1" 200 - "https://semilia42.ru" "Mozilla/5.0 (compatible; MSIE4.00; Windows 2007)"
193.124.191.92 - - [02/Jun/2022:06:13:13 +0200] "HEAD / HTTP/1.1" 200 - "https://www.kolavent.ru" "Mozilla/7.0 (compatible; MSIE3.00; Windows 2003)"
193.124.190.18 - - [02/Jun/2022:06:13:13 +0200] "HEAD / HTTP/1.1" 200 - "https://ua.velesritual.com.ua" "Mozilla/4.0 (compatible; MSIE6.00; Windows 2008)"
194.67.210.77 - - [02/Jun/2022:06:13:13 +0200] "HEAD / HTTP/1.1" 200 - "https://sizewheeltire.com/ford-f-350-wheel-and-tire-sizes-2/" "Mozilla/6.0 (compatible; MSIE2.00; Windows 2002)"
194.67.207.9 - - [02/Jun/2022:06:13:13 +0200] "HEAD / HTTP/1.1" 200 - "https://999fm.ru/category/dom-i-sad/" "Mozilla/3.0 (compatible; MSIE7.00; Windows 2004)"
185.125.219.13 - - [02/Jun/2022:06:13:14 +0200] "HEAD / HTTP/1.1" 200 - "https://www.mebel.vladimir.ru/bed" "Mozilla/5.0 (compatible; MSIE7.00; Windows 2004)"
54.36.149.100 - - [02/Jun/2022:06:14:48 +0200] "GET /robots.txt HTTP/1.1" 200 100 "-" "Mozilla/5.0 (compatible; AhrefsBot/7.0; +http://ahrefs.com/robot/)"
54.36.148.215 - - [02/Jun/2022:06:14:48 +0200] "GET / HTTP/1.1" 200 9360 "-" "Mozilla/5.0 (compatible; AhrefsBot/7.0; +http://ahrefs.com/robot/)"
114.119.151.152 - - [02/Jun/2022:06:19:06 +0200] "GET /robots.txt HTTP/1.1" 200 100 "-" "Mozilla/5.0 (compatible;PetalBot;+https://webmaster.petalsearch.com/site/petalbot)"
192.99.37.133 - - [02/Jun/2022:07:14:47 +0200] "GET /robots.txt HTTP/1.1" 200 100 "-" "Mozilla/5.0 (compatible; MJ12bot/v1.4.8; http://mj12bot.com/)"
192.99.37.133 - - [02/Jun/2022:07:15:03 +0200] "GET /buecher/index.html HTTP/1.1" 200 25885 "-" "Mozilla/5.0 (compatible; MJ12bot/v1.4.8; http://mj12bot.com/)"
192.99.37.133 - - [02/Jun/2022:07:15:14 +0200] "GET /buecher/rezensionen_chateaubriand.html HTTP/1.1" 200 47317 "-" "Mozilla/5.0 (compatible; MJ12bot/v1.4.8; http://mj12bot.com/)"
192.99.37.133 - - [02/Jun/2022:07:15:23 +0200] "GET /buecher/veroeffentlichungsliste.html HTTP/1.1" 200 129779 "-" "Mozilla/5.0 (compatible; MJ12bot/v1.4.8; http://mj12bot.com/)"
192.99.37.133 - - [02/Jun/2022:07:15:33 +0200] "GET /cds/hymnos_akathistos.html HTTP/1.1" 200 11061 "-" "Mozilla/5.0 (compatible; MJ12bot/v1.4.8; http://mj12bot.com/)"
192.99.37.133 - - [02/Jun/2022:07:15:50 +0200] "GET /cds/ignatius.html HTTP/1.1" 200 6576 "-" "Mozilla/5.0 (compatible; MJ12bot/v1.4.8; http://mj12bot.com/)"
192.99.37.133 - - [02/Jun/2022:07:15:59 +0200] "GET /cds/index.html HTTP/1.1" 200 7987 "-" "Mozilla/5.0 (compatible; MJ12bot/v1.4.8; http://mj12bot.com/)"
192.99.37.133 - - [02/Jun/2022:07:16:12 +0200] "GET /cds/rosarium.html HTTP/1.1" 200 6680 "-" "Mozilla/5.0 (compatible; MJ12bot/v1.4.8; http://mj12bot.com/)"
192.99.37.133 - - [02/Jun/2022:07:16:26 +0200] "GET /gotteslob/index.html HTTP/1.1" 200 2770 "-" "Mozilla/5.0 (compatible; MJ12bot/v1.4.8; http://mj12bot.com/)"
192.99.37.133 - - [02/Jun/2022:07:16:39 +0200] "GET /impressum.html HTTP/1.1" 200 2808 "-" "Mozilla/5.0 (compatible; MJ12bot/v1.4.8; http://mj12bot.com/)"
192.99.37.133 - - [02/Jun/2022:07:16:53 +0200] "GET /jahrbuch/index.html HTTP/1.1" 200 3956 "-" "Mozilla/5.0 (compatible; MJ12bot/v1.4.8; http://mj12bot.com/)"
192.99.37.133 - - [02/Jun/2022:07:17:03 +0200] "GET /kontakt/index.html HTTP/1.1" 200 2896 "-" "Mozilla/5.0 (compatible; MJ12bot/v1.4.8; http://mj12bot.com/)"
192.99.37.133 - - [02/Jun/2022:07:17:13 +0200] "GET /sonderthemen/index.html HTTP/1.1" 200 7102 "-" "Mozilla/5.0 (compatible; MJ12bot/v1.4.8; http://mj12bot.com/)"
144.76.168.111 - - [02/Jun/2022:07:17:35 +0200] "GET /sonderthemen/sk2001.pdf HTTP/1.1" 200 3098589 "-" "Mozilla/5.0 (X11; Linux x86_64; rv:78.0) Gecko/20100101 Firefox/78.0"
78.46.90.120 - - [02/Jun/2022:07:28:40 +0200] "GET /sonderthemen/sk2001.pdf HTTP/1.1" 200 3098589 "-" "Mozilla/5.0 (Macintosh; Intel Mac OS X 11_0_1) AppleWebKit/537.36 (KHTML, like Gecko) Chrome/87.0.4280.88 Safari/537.36"
78.46.90.120 - - [02/Jun/2022:07:28:54 +0200] "GET /sonderthemen/sk2001.pdf HTTP/1.1" 200 3098589 "-" "Mozilla/5.0 (Macintosh; Intel Mac OS X 10_15_7) AppleWebKit/537.36 (KHTML, like Gecko) Chrome/86.0.4240.198 Safari/537.36"
78.46.94.83 - - [02/Jun/2022:07:51:49 +0200] "GET /buecher/ HTTP/1.1" 200 25885 "-" "Mozilla/5.0 (Macintosh; Intel Mac OS X 10.15; rv:83.0) Gecko/20100101 Firefox/83.0"
78.46.90.120 - - [02/Jun/2022:08:41:50 +0200] "GET /impressum.html HTTP/1.1" 200 2808 "-" "Mozilla/5.0 (Windows NT 10.0; Win64; x64) AppleWebKit/537.36 (KHTML, like Gecko) Chrome/76.0.3809.100 Safari/537.36"
78.46.90.120 - - [02/Jun/2022:08:41:51 +0200] "GET /kontakt/index.html HTTP/1.1" 200 2896 "-" "Mozilla/5.0 (X11; Linux x86_64) AppleWebKit/537.36 (KHTML, like Gecko) Chrome/87.0.4280.67 Safari/537.36"
78.46.90.120 - - [02/Jun/2022:08:41:53 +0200] "GET / HTTP/1.1" 200 9360 "-" "Mozilla/5.0 (X11; Linux x86_64) AppleWebKit/537.36 (KHTML, like Gecko) Chrome/86.0.4240.111 Safari/537.36"
78.46.90.120 - - [02/Jun/2022:08:41:56 +0200] "GET /sonderthemen/index.html HTTP/1.1" 200 7102 "-" "Mozilla/5.0 (Macintosh; Intel Mac OS X 10_14_6) AppleWebKit/537.36 (KHTML, like Gecko) Chrome/87.0.4280.67 Safari/537.36"
78.46.90.120 - - [02/Jun/2022:08:41:56 +0200] "GET /cds/rosarium.html HTTP/1.1" 200 6680 "-" "Mozilla/5.0 (X11; Fedora; Linux x86_64; rv:83.0) Gecko/20100101 Firefox/83.0"
78.46.90.120 - - [02/Jun/2022:08:41:56 +0200] "GET /cds/ignatius.html HTTP/1.1" 200 6576 "-" "Mozilla/5.0 (Windows NT 10.0; Win64; x64) AppleWebKit/537.36 (KHTML, like Gecko) Chrome/87.0.4280.66 Safari/537.36"
78.46.90.120 - - [02/Jun/2022:08:41:56 +0200] "GET /gotteslob/index.html HTTP/1.1" 200 2770 "-" "Mozilla/5.0 (Windows NT 10.0; Win64; x64) AppleWebKit/537.36 (KHTML, like Gecko) Chrome/87.0.4280.67 Safari/537.36 Edg/87.0.664.52"
78.46.90.120 - - [02/Jun/2022:08:41:56 +0200] "GET /cds/hymnos_akathistos.html HTTP/1.1" 200 11061 "-" "Mozilla/5.0 (X11; Ubuntu; Linux x86_64; rv:84.0) Gecko/20100101 Firefox/84.0"
78.46.90.120 - - [02/Jun/2022:08:41:56 +0200] "GET /cds/index.html HTTP/1.1" 200 7987 "-" "Mozilla/5.0 (Windows NT 10.0; Win64; x64) AppleWebKit/537.36 (KHTML, like Gecko) Chrome/86.0.4240.183 Safari/537.36 OPR/72.0.3815.320"
78.46.90.120 - - [02/Jun/2022:08:42:01 +0200] "GET /sonderthemen/presse.html HTTP/1.1" 200 5772 "-" "Mozilla/5.0 (X11; Linux x86_64) AppleWebKit/537.36 (KHTML, like Gecko) Chrome/86.0.4240.111 Safari/537.36"
78.46.90.120 - - [02/Jun/2022:08:42:01 +0200] "GET /index.html HTTP/1.1" 200 9360 "-" "Mozilla/5.0 (Windows NT 10.0; Win64; x64) AppleWebKit/537.36 (KHTML, like Gecko) Chrome/86.0.4240.198 Safari/537.36"
78.46.90.120 - - [02/Jun/2022:08:42:01 +0200] "GET /cds/glockenspiel2.html HTTP/1.1" 200 9831 "-" "Mozilla/5.0 (Windows NT 10.0; Win64; x64) AppleWebKit/537.36 (KHTML, like Gecko) Chrome/86.0.4240.75 Safari/537.36"
78.46.90.120 - - [02/Jun/2022:08:42:01 +0200] "GET /cds/glockenspiel1.html HTTP/1.1" 200 9736 "-" "Mozilla/5.0 (X11; Linux x86_64; rv:82.0) Gecko/20100101 Firefox/82.0"
78.46.90.120 - - [02/Jun/2022:08:42:01 +0200] "GET /cds/lumina.html HTTP/1.1" 200 9000 "-" "Mozilla/5.0 (Windows NT 6.1; Win64; x64) AppleWebKit/537.36 (KHTML, like Gecko) Chrome/86.0.4240.198 Safari/537.36 OPR/72.0.3815.400"
78.46.90.120 - - [02/Jun/2022:08:42:01 +0200] "GET /sonderthemen/archiv.html HTTP/1.1" 200 6959 "-" "Mozilla/5.0 (Macintosh; Intel Mac OS X 10.15; rv:84.0) Gecko/20100101 Firefox/84.0"
78.46.90.120 - - [02/Jun/2022:08:42:01 +0200] "GET /cds/astazi.html HTTP/1.1" 200 8453 "-" "Mozilla/5.0 (X11; Linux x86_64) AppleWebKit/537.36 (KHTML, like Gecko) Chrome/86.0.4240.198 Safari/537.36"
46.4.83.150 - - [02/Jun/2022:08:44:51 +0200] "GET /sonderthemen/oeaz2002.pdf HTTP/1.1" 200 3161455 "-" "Mozilla/5.0 (Macintosh; Intel Mac OS X 10_14_6) AppleWebKit/537.36 (KHTML, like Gecko) Chrome/87.0.4280.88 Safari/537.36"
46.4.83.150 - - [02/Jun/2022:08:44:51 +0200] "GET /sonderthemen/oekz2003.pdf HTTP/1.1" 200 4017017 "-" "Mozilla/5.0 (Windows NT 10.0; rv:78.0) Gecko/20100101 Firefox/78.0"
168.119.11.187 - - [02/Jun/2022:08:44:52 +0200] "GET /sonderthemen/oeaz2002.pdf HTTP/1.1" 200 3161455 "-" "Mozilla/5.0 (Macintosh; Intel Mac OS X 11_1_0) AppleWebKit/537.36 (KHTML, like Gecko) Chrome/87.0.4280.88 Safari/537.36"
148.251.50.77 - - [02/Jun/2022:08:45:24 +0200] "GET /sonderthemen/oeaz2002.pdf HTTP/1.1" 200 3161455 "-" "Mozilla/5.0 (X11; Linux x86_64) AppleWebKit/537.36 (KHTML, like Gecko) Chrome/87.0.4280.88 Safari/537.36"
148.251.50.77 - - [02/Jun/2022:08:45:24 +0200] "GET /sonderthemen/oekz2003.pdf HTTP/1.1" 200 4017017 "-" "Mozilla/5.0 (X11; Ubuntu; Linux x86_64; rv:84.0) Gecko/20100101 Firefox/84.0"
168.119.11.187 - - [02/Jun/2022:08:44:52 +0200] "GET /sonderthemen/oekz2003.pdf HTTP/1.1" 200 4017017 "-" "Mozilla/5.0 (X11; Linux x86_64) AppleWebKit/537.36 (KHTML, like Gecko) Chrome/87.0.4280.67 Safari/537.36"
66.249.66.5 - - [02/Jun/2022:08:47:43 +0200] "GET /buecher/ HTTP/1.1" 200 25885 "-" "Mozilla/5.0 (compatible; Googlebot/2.1; +http://www.google.com/bot.html)"
66.249.66.2 - - [02/Jun/2022:08:47:47 +0200] "GET /contentflow/contentflow.js HTTP/1.1" 200 42064 "http://www.morusverlag.de/buecher/" "Mozilla/5.0 AppleWebKit/537.36 (KHTML, like Gecko; compatible; Googlebot/2.1; +http://www.google.com/bot.html) Chrome/101.0.4951.64 Safari/537.36"
66.249.66.5 - - [02/Jun/2022:08:47:48 +0200] "GET /contentflow/mycontentflow.css HTTP/1.1" 404 2381 "http://www.morusverlag.de/buecher/" "Mozilla/5.0 AppleWebKit/537.36 (KHTML, like Gecko; compatible; Googlebot/2.1; +http://www.google.com/bot.html) Chrome/101.0.4951.64 Safari/537.36"
144.76.168.111 - - [02/Jun/2022:08:50:48 +0200] "GET /sonderthemen/oekt_extra3.pdf HTTP/1.1" 200 2109745 "-" "Mozilla/5.0 (Windows NT 10.0; Win64; x64) AppleWebKit/537.36 (KHTML, like Gecko) Chrome/85.0.4183.121 Safari/537.36"
144.76.162.206 - - [02/Jun/2022:08:51:16 +0200] "GET /sonderthemen/oekt_extra3.pdf HTTP/1.1" 200 2109745 "-" "Mozilla/5.0 (Windows NT 10.0; Win64; x64) AppleWebKit/537.36 (KHTML, like Gecko) Chrome/76.0.3809.100 Safari/537.36"
88.198.90.9 - - [02/Jun/2022:08:52:34 +0200] "GET /sonderthemen/oekt_extra2.pdf HTTP/1.1" 200 1939949 "-" "Mozilla/5.0 (Windows NT 10.0; Win64; x64) AppleWebKit/537.36 (KHTML, like Gecko) Chrome/87.0.4280.88 Safari/537.36 Edg/87.0.664.57"
66.249.66.7 - - [02/Jun/2022:09:32:43 +0200] "GET /buecher/rezensionen_krise_zum_heil.html HTTP/1.1" 304 - "-" "Mozilla/5.0 (Linux; Android 6.0.1; Nexus 5X Build/MMB29P) AppleWebKit/537.36 (KHTML, like Gecko) Chrome/101.0.4951.64 Mobile Safari/537.36 (compatible; Googlebot/2.1; +http://www.google.com/bot.html)"
150.158.135.112 - - [02/Jun/2022:09:40:44 +0200] "GET /xmlrpc.php HTTP/1.1" 404 2381 "-" "Mozilla/5.0 (Windows NT 6.1; WOW64; rv:45.0) Gecko/20100101 Firefox/45.0"
66.249.66.5 - - [02/Jun/2022:10:17:43 +0200] "GET / HTTP/1.1" 200 9360 "-" "Mozilla/5.0 (Linux; Android 6.0.1; Nexus 5X Build/MMB29P) AppleWebKit/537.36 (KHTML, like Gecko) Chrome/101.0.4951.64 Mobile Safari/537.36 (compatible; Googlebot/2.1; +http://www.google.com/bot.html)"
66.249.66.7 - - [02/Jun/2022:10:19:40 +0200] "GET /main.css HTTP/1.1" 200 1439 "http://www.morusverlag.de/" "Mozilla/5.0 (Linux; Android 6.0.1; Nexus 5X Build/MMB29P) AppleWebKit/537.36 (KHTML, like Gecko) Chrome/101.0.4951.64 Mobile Safari/537.36 (compatible; Googlebot/2.1; +http://www.google.com/bot.html)"
54.36.149.80 - - [02/Jun/2022:10:19:44 +0200] "GET /impressum.html HTTP/1.1" 200 2808 "-" "Mozilla/5.0 (compatible; AhrefsBot/7.0; +http://ahrefs.com/robot/)"
193.124.188.83 - - [02/Jun/2022:10:40:22 +0200] "HEAD / HTTP/1.1" 200 - "https://moresliv.com/forums/vkontakte.103/" "Mozilla/7.0 (compatible; MSIE6.00; Windows 2009)"
66.249.66.5 - - [02/Jun/2022:11:02:43 +0200] "GET / HTTP/1.1" 304 - "-" "Mozilla/5.0 (Linux; Android 6.0.1; Nexus 5X Build/MMB29P) AppleWebKit/537.36 (KHTML, like Gecko) Chrome/101.0.4951.64 Mobile Safari/537.36 (compatible; Googlebot/2.1; +http://www.google.com/bot.html)"
27.115.124.96 - - [02/Jun/2022:11:28:34 +0200] "GET / HTTP/1.1" 200 9360 "http://www.morusverlag.de/" "Mozilla/5.0(compatible;MSIE9.0;WindowsNT6.1;Trident/5.0)"
27.115.124.104 - - [02/Jun/2022:11:28:43 +0200] "GET / HTTP/1.1" 200 9360 "http://www.morusverlag.de/" "Mozilla/5.0(compatible;MSIE9.0;WindowsNT6.1;Trident/5.0)"
66.249.66.2 - - [02/Jun/2022:11:56:55 +0200] "GET / HTTP/1.1" 200 9360 "-" "Mozilla/5.0 (compatible; Googlebot/2.1; +http://www.google.com/bot.html)"
66.249.66.7 - - [02/Jun/2022:11:56:56 +0200] "GET / HTTP/1.1" 200 9360 "-" "Mozilla/5.0 (Linux; Android 6.0.1; Nexus 5X Build/MMB29P) AppleWebKit/537.36 (KHTML, like Gecko) Chrome/99.0.4844.84 Mobile Safari/537.36 (compatible; Googlebot/2.1; +http://www.google.com/bot.html)"
66.249.66.2 - - [02/Jun/2022:11:56:57 +0200] "GET /favicon.ico HTTP/1.1" 200 4286 "-" "Googlebot-Image/1.0"
168.119.11.187 - - [02/Jun/2022:12:13:11 +0200] "GET /sonderthemen/sk2000.pdf HTTP/1.1" 200 2925489 "-" "Mozilla/5.0 (Macintosh; Intel Mac OS X 10_15_5) AppleWebKit/537.36 (KHTML, like Gecko) Chrome/86.0.4240.198 Safari/537.36"
144.76.102.243 - - [02/Jun/2022:12:13:19 +0200] "GET /sonderthemen/sk2000.pdf HTTP/1.1" 200 2925489 "-" "Mozilla/5.0 (Macintosh; Intel Mac OS X 10.15; rv:83.0) Gecko/20100101 Firefox/83.0"
168.119.69.91 - - [02/Jun/2022:12:13:29 +0200] "GET /sonderthemen/sk2000.pdf HTTP/1.1" 200 2925489 "-" "Mozilla/5.0 (Windows NT 10.0; Win64; x64; rv:84.0) Gecko/20100101 Firefox/84.0"
144.76.168.111 - - [02/Jun/2022:12:13:38 +0200] "GET /sonderthemen/sk2000.pdf HTTP/1.1" 200 2925489 "-" "Mozilla/5.0 (Windows NT 6.1; Win64; x64) AppleWebKit/537.36 (KHTML, like Gecko) Chrome/87.0.4280.66 Safari/537.36"
136.243.17.161 - - [02/Jun/2022:12:13:53 +0200] "GET /sonderthemen/sk2000.pdf HTTP/1.1" 200 2925489 "-" "Mozilla/5.0 (Windows NT 10.0; Win64; x64) AppleWebKit/537.36 (KHTML, like Gecko) Chrome/87.0.4280.88 Safari/537.36 Edg/87.0.664.60"
144.76.102.243 - - [02/Jun/2022:12:49:47 +0200] "GET /buecher/index.html HTTP/1.1" 200 25885 "-" "Mozilla/5.0 (Macintosh; Intel Mac OS X 10_14_6) AppleWebKit/537.36 (KHTML, like Gecko) Chrome/87.0.4280.88 Safari/537.36"
65.108.140.46 - - [02/Jun/2022:13:05:09 +0200] "GET /robots.txt HTTP/1.1" 200 100 "-" "Mozilla/5.0 (compatible; MJ12bot/v1.4.8; http://mj12bot.com/)"
65.108.140.46 - - [02/Jun/2022:13:05:11 +0200] "GET /index.html HTTP/1.1" 200 9360 "-" "Mozilla/5.0 (compatible; MJ12bot/v1.4.8; http://mj12bot.com/)"
65.21.226.48 - - [02/Jun/2022:13:26:08 +0200] "GET /robots.txt HTTP/1.1" 200 100 "-" "Mozilla/5.0 (compatible; SEOkicks; +https://www.seokicks.de/robot.html)"
65.21.226.48 - - [02/Jun/2022:13:26:09 +0200] "GET / HTTP/1.1" 200 9360 "-" "Mozilla/5.0 (compatible; SEOkicks; +https://www.seokicks.de/robot.html)"
65.21.226.48 - - [02/Jun/2022:13:26:10 +0200] "GET /buecher/index.html HTTP/1.1" 200 25885 "http://www.morusverlag.de/" "Mozilla/5.0 (compatible; SEOkicks; +https://www.seokicks.de/robot.html)"
65.21.226.48 - - [02/Jun/2022:13:26:12 +0200] "GET /cds/index.html HTTP/1.1" 200 7987 "http://www.morusverlag.de/" "Mozilla/5.0 (compatible; SEOkicks; +https://www.seokicks.de/robot.html)"
65.21.226.48 - - [02/Jun/2022:13:26:13 +0200] "GET /gotteslob/index.html HTTP/1.1" 200 2770 "http://www.morusverlag.de/" "Mozilla/5.0 (compatible; SEOkicks; +https://www.seokicks.de/robot.html)"
65.21.226.48 - - [02/Jun/2022:13:26:14 +0200] "GET /jahrbuch/index.html HTTP/1.1" 200 3956 "http://www.morusverlag.de/" "Mozilla/5.0 (compatible; SEOkicks; +https://www.seokicks.de/robot.html)"
65.21.226.48 - - [02/Jun/2022:13:26:15 +0200] "GET /sonderthemen/index.html HTTP/1.1" 200 7102 "http://www.morusverlag.de/" "Mozilla/5.0 (compatible; SEOkicks; +https://www.seokicks.de/robot.html)"
65.21.226.48 - - [02/Jun/2022:13:26:17 +0200] "GET /kontakt/index.html HTTP/1.1" 200 2896 "http://www.morusverlag.de/" "Mozilla/5.0 (compatible; SEOkicks; +https://www.seokicks.de/robot.html)"
65.21.226.48 - - [02/Jun/2022:13:26:18 +0200] "GET /impressum.html HTTP/1.1" 200 2808 "http://www.morusverlag.de/" "Mozilla/5.0 (compatible; SEOkicks; +https://www.seokicks.de/robot.html)"
