151.106.169.76 - - [10/Apr/2025:18:46:04 +0200] "GET /jahrbuch/titelseiten/2001.jpg HTTP/1.1" 404 - "-" "Mozilla/5.0 (X11; Ubuntu; Linux x86_64; rv:72.0) Gecko/20100101 Firefox/72.0"
151.106.169.76 - - [10/Apr/2025:18:46:04 +0200] "GET /jahrbuch/titelseiten/2001.jpg HTTP/1.1" 404 - "-" "Mozilla/5.0 (X11; Ubuntu; Linux x86_64; rv:72.0) Gecko/20100101 Firefox/72.0"
151.106.191.239 - - [10/Apr/2025:19:27:46 +0200] "GET /m.gif HTTP/1.1" 404 - "-" "Mozilla/5.0 (X11; Ubuntu; Linux x86_64; rv:72.0) Gecko/20100101 Firefox/72.0"
151.106.191.239 - - [10/Apr/2025:19:27:46 +0200] "GET /m.gif HTTP/1.1" 404 - "-" "Mozilla/5.0 (X11; Ubuntu; Linux x86_64; rv:72.0) Gecko/20100101 Firefox/72.0"
151.106.191.239 - - [10/Apr/2025:19:27:46 +0200] "GET /m.gif HTTP/1.1" 404 - "-" "Mozilla/5.0 (X11; Ubuntu; Linux x86_64; rv:72.0) Gecko/20100101 Firefox/72.0"
66.249.66.162 - - [10/Apr/2025:20:10:21 +0200] "GET / HTTP/1.1" 404 - "-" "Mozilla/5.0 (Linux; Android 6.0.1; Nexus 5X Build/MMB29P) AppleWebKit/537.36 (KHTML, like Gecko) Chrome/135.0.7049.52 Mobile Safari/537.36 (compatible; GoogleOther)"
66.249.66.164 - - [10/Apr/2025:20:10:24 +0200] "GET /gotteslob/gotteslob_alle.jpg HTTP/1.1" 404 - "-" "Googlebot-Image/1.0"
151.106.186.76 - - [10/Apr/2025:20:19:18 +0200] "GET /jahrbuch/titelseiten/1964.jpg HTTP/1.1" 404 - "-" "Mozilla/5.0 (X11; Ubuntu; Linux x86_64; rv:72.0) Gecko/20100101 Firefox/72.0"
151.106.186.76 - - [10/Apr/2025:20:19:18 +0200] "GET /jahrbuch/titelseiten/1964.jpg HTTP/1.1" 404 - "-" "Mozilla/5.0 (X11; Ubuntu; Linux x86_64; rv:72.0) Gecko/20100101 Firefox/72.0"
151.106.186.76 - - [10/Apr/2025:20:19:19 +0200] "GET /jahrbuch/titelseiten/1964.jpg HTTP/1.1" 404 - "-" "Mozilla/5.0 (X11; Ubuntu; Linux x86_64; rv:72.0) Gecko/20100101 Firefox/72.0"
66.249.66.162 - - [10/Apr/2025:23:08:38 +0200] "GET /cds/hymnos.jpg HTTP/1.1" 404 - "-" "Googlebot-Image/1.0"
142.132.235.69 - - [10/Apr/2025:23:46:05 +0200] "GET / HTTP/1.1" 404 - "-" "Mozilla/5.0 (Windows NT 10.0; WOW64) AppleWebKit/537.36 (KHTML, like Gecko) Chrome/49.0.2623.112 Safari/537.36"
157.90.155.34 - - [10/Apr/2025:23:46:05 +0200] "GET / HTTP/1.1" 404 - "-" "Mozilla/5.0 (Windows NT 10.0; WOW64) AppleWebKit/537.36 (KHTML, like Gecko) Chrome/49.0.2623.112 Safari/537.36"
44.236.60.222 - - [10/Apr/2025:23:54:43 +0200] "HEAD / HTTP/1.1" 404 - "-" "axios/1.6.2"
151.106.164.217 - - [11/Apr/2025:00:36:11 +0200] "GET /cds/ignatius.jpg HTTP/1.1" 404 - "-" "Mozilla/5.0 (X11; Ubuntu; Linux x86_64; rv:72.0) Gecko/20100101 Firefox/72.0"
151.106.164.217 - - [11/Apr/2025:00:36:11 +0200] "GET /cds/ignatius.jpg HTTP/1.1" 404 - "-" "Mozilla/5.0 (X11; Ubuntu; Linux x86_64; rv:72.0) Gecko/20100101 Firefox/72.0"
151.106.164.217 - - [11/Apr/2025:00:36:11 +0200] "GET /cds/ignatius.jpg HTTP/1.1" 404 - "-" "Mozilla/5.0 (X11; Ubuntu; Linux x86_64; rv:72.0) Gecko/20100101 Firefox/72.0"
151.106.162.30 - - [11/Apr/2025:00:41:16 +0200] "GET /sonderthemen/oekz2003.jpg HTTP/1.1" 404 - "-" "Mozilla/5.0 (X11; Ubuntu; Linux x86_64; rv:72.0) Gecko/20100101 Firefox/72.0"
43.157.149.188 - - [11/Apr/2025:01:00:52 +0200] "GET / HTTP/1.1" 404 - "-" "Mozilla/5.0 (iPhone; CPU iPhone OS 13_2_3 like Mac OS X) AppleWebKit/605.1.15 (KHTML, like Gecko) Version/13.0.3 Mobile/15E148 Safari/604.1"
216.244.66.237 - - [11/Apr/2025:03:18:59 +0200] "GET /robots.txt HTTP/1.1" 404 - "-" "Mozilla/5.0 (compatible; DotBot/1.2; +https://opensiteexplorer.org/dotbot; help@moz.com)"
216.244.66.237 - - [11/Apr/2025:03:24:24 +0200] "GET /buecher/index.html HTTP/1.1" 404 - "-" "Mozilla/5.0 (compatible; DotBot/1.2; +https://opensiteexplorer.org/dotbot; help@moz.com)"
151.106.164.217 - - [11/Apr/2025:03:46:10 +0200] "GET /jahrbuch/titelseiten/1980.jpg HTTP/1.1" 404 - "-" "Mozilla/5.0 (X11; Ubuntu; Linux x86_64; rv:72.0) Gecko/20100101 Firefox/72.0"
151.106.164.217 - - [11/Apr/2025:03:46:10 +0200] "GET /jahrbuch/titelseiten/1980.jpg HTTP/1.1" 404 - "-" "Mozilla/5.0 (X11; Ubuntu; Linux x86_64; rv:72.0) Gecko/20100101 Firefox/72.0"
151.106.164.217 - - [11/Apr/2025:03:46:10 +0200] "GET /jahrbuch/titelseiten/1980.jpg HTTP/1.1" 404 - "-" "Mozilla/5.0 (X11; Ubuntu; Linux x86_64; rv:72.0) Gecko/20100101 Firefox/72.0"
151.106.162.30 - - [11/Apr/2025:03:46:58 +0200] "GET /jahrbuch/titelseiten/1999.jpg HTTP/1.1" 404 - "-" "Mozilla/5.0 (X11; Ubuntu; Linux x86_64; rv:72.0) Gecko/20100101 Firefox/72.0"
151.106.162.30 - - [11/Apr/2025:03:46:58 +0200] "GET /jahrbuch/titelseiten/1999.jpg HTTP/1.1" 404 - "-" "Mozilla/5.0 (X11; Ubuntu; Linux x86_64; rv:72.0) Gecko/20100101 Firefox/72.0"
216.244.66.237 - - [11/Apr/2025:04:49:41 +0200] "GET /robots.txt HTTP/1.1" 404 - "-" "Mozilla/5.0 (compatible; DotBot/1.2; +https://opensiteexplorer.org/dotbot; help@moz.com)"
216.244.66.237 - - [11/Apr/2025:04:52:47 +0200] "GET /cds/hymnos_akathistos.html HTTP/1.1" 404 - "-" "Mozilla/5.0 (compatible; DotBot/1.2; +https://opensiteexplorer.org/dotbot; help@moz.com)"
124.156.157.91 - - [11/Apr/2025:05:29:16 +0200] "GET /buecher/ HTTP/1.1" 404 - "-" "Mozilla/5.0 (iPhone; CPU iPhone OS 13_2_3 like Mac OS X) AppleWebKit/605.1.15 (KHTML, like Gecko) Version/13.0.3 Mobile/15E148 Safari/604.1"
151.106.186.76 - - [11/Apr/2025:06:39:19 +0200] "GET /gotteslob/schwarz_gross.jpg HTTP/1.1" 404 - "-" "Mozilla/5.0 (X11; Ubuntu; Linux x86_64; rv:72.0) Gecko/20100101 Firefox/72.0"
151.106.186.76 - - [11/Apr/2025:06:39:19 +0200] "GET /gotteslob/schwarz_gross.jpg HTTP/1.1" 404 - "-" "Mozilla/5.0 (X11; Ubuntu; Linux x86_64; rv:72.0) Gecko/20100101 Firefox/72.0"
151.106.186.76 - - [11/Apr/2025:06:39:20 +0200] "GET /gotteslob/schwarz_gross.jpg HTTP/1.1" 404 - "-" "Mozilla/5.0 (X11; Ubuntu; Linux x86_64; rv:72.0) Gecko/20100101 Firefox/72.0"
43.156.168.214 - - [11/Apr/2025:06:51:33 +0200] "GET / HTTP/1.1" 404 - "-" "Mozilla/5.0 (iPhone; CPU iPhone OS 13_2_3 like Mac OS X) AppleWebKit/605.1.15 (KHTML, like Gecko) Version/13.0.3 Mobile/15E148 Safari/604.1"
151.106.160.158 - - [11/Apr/2025:09:19:20 +0200] "GET /buecher/ungeteilt_im_geteilten.jpg HTTP/1.1" 404 - "-" "Mozilla/5.0 (X11; Ubuntu; Linux x86_64; rv:72.0) Gecko/20100101 Firefox/72.0"
151.106.160.158 - - [11/Apr/2025:09:19:20 +0200] "GET /buecher/ungeteilt_im_geteilten.jpg HTTP/1.1" 404 - "-" "Mozilla/5.0 (X11; Ubuntu; Linux x86_64; rv:72.0) Gecko/20100101 Firefox/72.0"
151.106.160.158 - - [11/Apr/2025:09:19:21 +0200] "GET /buecher/ungeteilt_im_geteilten.jpg HTTP/1.1" 404 - "-" "Mozilla/5.0 (X11; Ubuntu; Linux x86_64; rv:72.0) Gecko/20100101 Firefox/72.0"
213.147.165.196 - - [11/Apr/2025:10:48:57 +0200] "GET /cds/hymnos_akathistos.html HTTP/1.1" 404 - "https://de.m.wikipedia.org/" "Mozilla/5.0 (Linux; Android 10; K) AppleWebKit/537.36 (KHTML, like Gecko) Chrome/134.0.0.0 Mobile Safari/537.36"
213.147.165.196 - - [11/Apr/2025:10:48:57 +0200] "GET /favicon.ico HTTP/1.1" 404 - "http://www.morusverlag.de/cds/hymnos_akathistos.html" "Mozilla/5.0 (Linux; Android 10; K) AppleWebKit/537.36 (KHTML, like Gecko) Chrome/134.0.0.0 Mobile Safari/537.36"
213.147.165.196 - - [11/Apr/2025:10:49:08 +0200] "GET /cds/hymnos_akathistos.html HTTP/1.1" 404 - "https://de.m.wikipedia.org/" "Mozilla/5.0 (Linux; Android 10; K) AppleWebKit/537.36 (KHTML, like Gecko) Chrome/134.0.0.0 Mobile Safari/537.36"
40.77.167.184 - - [11/Apr/2025:11:25:49 +0200] "GET /robots.txt HTTP/1.1" 404 - "-" "Mozilla/5.0 AppleWebKit/537.36 (KHTML, like Gecko; compatible; bingbot/2.0; +http://www.bing.com/bingbot.htm) Chrome/116.0.1938.76 Safari/537.36"
40.77.167.144 - - [11/Apr/2025:11:25:58 +0200] "GET /buecher/rezensionen_engel.html HTTP/1.1" 404 - "-" "Mozilla/5.0 AppleWebKit/537.36 (KHTML, like Gecko; compatible; bingbot/2.0; +http://www.bing.com/bingbot.htm) Chrome/116.0.1938.76 Safari/537.36"
167.253.34.3 - - [11/Apr/2025:11:31:38 +0200] "GET /robots.txt HTTP/1.0" 404 - "-" "Mozilla/4.0 (compatible; fluid/0.0; +http://www.leak.info/bot.html)"
151.106.168.134 - - [11/Apr/2025:11:43:36 +0200] "GET /jahrbuch/titelseiten/1965.jpg HTTP/1.1" 404 - "-" "Mozilla/5.0 (X11; Ubuntu; Linux x86_64; rv:72.0) Gecko/20100101 Firefox/72.0"
151.106.168.134 - - [11/Apr/2025:11:43:36 +0200] "GET /jahrbuch/titelseiten/1965.jpg HTTP/1.1" 404 - "-" "Mozilla/5.0 (X11; Ubuntu; Linux x86_64; rv:72.0) Gecko/20100101 Firefox/72.0"
151.106.168.134 - - [11/Apr/2025:11:43:36 +0200] "GET /jahrbuch/titelseiten/1965.jpg HTTP/1.1" 404 - "-" "Mozilla/5.0 (X11; Ubuntu; Linux x86_64; rv:72.0) Gecko/20100101 Firefox/72.0"
151.106.191.138 - - [11/Apr/2025:12:22:58 +0200] "GET /cds/hymnos.jpg HTTP/1.1" 404 - "-" "Mozilla/5.0 (X11; Ubuntu; Linux x86_64; rv:72.0) Gecko/20100101 Firefox/72.0"
151.106.191.138 - - [11/Apr/2025:12:22:58 +0200] "GET /cds/hymnos.jpg HTTP/1.1" 404 - "-" "Mozilla/5.0 (X11; Ubuntu; Linux x86_64; rv:72.0) Gecko/20100101 Firefox/72.0"
151.106.191.138 - - [11/Apr/2025:12:22:59 +0200] "GET /cds/hymnos.jpg HTTP/1.1" 404 - "-" "Mozilla/5.0 (X11; Ubuntu; Linux x86_64; rv:72.0) Gecko/20100101 Firefox/72.0"
66.249.66.163 - - [11/Apr/2025:13:18:41 +0200] "GET /robots.txt HTTP/1.1" 404 - "-" "Mozilla/5.0 (compatible; Googlebot/2.1; +http://www.google.com/bot.html)"
66.249.66.163 - - [11/Apr/2025:13:18:41 +0200] "GET /cds/astazi_k.jpg HTTP/1.1" 404 - "-" "Googlebot-Image/1.0"
151.106.161.79 - - [11/Apr/2025:14:18:30 +0200] "GET /sonderthemen/az2003.jpg HTTP/1.1" 404 - "-" "Mozilla/5.0 (X11; Ubuntu; Linux x86_64; rv:72.0) Gecko/20100101 Firefox/72.0"
151.106.161.79 - - [11/Apr/2025:14:18:30 +0200] "GET /sonderthemen/az2003.jpg HTTP/1.1" 404 - "-" "Mozilla/5.0 (X11; Ubuntu; Linux x86_64; rv:72.0) Gecko/20100101 Firefox/72.0"
151.106.161.79 - - [11/Apr/2025:14:18:31 +0200] "GET /sonderthemen/az2003.jpg HTTP/1.1" 404 - "-" "Mozilla/5.0 (X11; Ubuntu; Linux x86_64; rv:72.0) Gecko/20100101 Firefox/72.0"
151.106.191.138 - - [11/Apr/2025:16:00:38 +0200] "GET /cds/rosarium.jpg HTTP/1.1" 404 - "-" "Mozilla/5.0 (X11; Ubuntu; Linux x86_64; rv:72.0) Gecko/20100101 Firefox/72.0"
151.106.191.138 - - [11/Apr/2025:16:00:38 +0200] "GET /cds/rosarium.jpg HTTP/1.1" 404 - "-" "Mozilla/5.0 (X11; Ubuntu; Linux x86_64; rv:72.0) Gecko/20100101 Firefox/72.0"
151.106.191.138 - - [11/Apr/2025:16:00:38 +0200] "GET /cds/rosarium.jpg HTTP/1.1" 404 - "-" "Mozilla/5.0 (X11; Ubuntu; Linux x86_64; rv:72.0) Gecko/20100101 Firefox/72.0"
66.249.66.163 - - [11/Apr/2025:16:18:41 +0200] "GET /buch_k.jpg HTTP/1.1" 404 - "-" "Googlebot-Image/1.0"
151.106.166.201 - - [11/Apr/2025:16:18:49 +0200] "GET /buecher/der_neunte_tag.jpg HTTP/1.1" 404 - "-" "Mozilla/5.0 (X11; Ubuntu; Linux x86_64; rv:72.0) Gecko/20100101 Firefox/72.0"
151.106.166.201 - - [11/Apr/2025:16:18:49 +0200] "GET /buecher/der_neunte_tag.jpg HTTP/1.1" 404 - "-" "Mozilla/5.0 (X11; Ubuntu; Linux x86_64; rv:72.0) Gecko/20100101 Firefox/72.0"
151.106.166.201 - - [11/Apr/2025:16:18:49 +0200] "GET /buecher/der_neunte_tag.jpg HTTP/1.1" 404 - "-" "Mozilla/5.0 (X11; Ubuntu; Linux x86_64; rv:72.0) Gecko/20100101 Firefox/72.0"
85.25.185.102 - - [11/Apr/2025:16:41:58 +0200] "GET /favicon.ico HTTP/1.1" 404 - "-" "onlinestreet Bot: Favicon Check (https://onlinestreet.de/)"
85.25.185.102 - - [11/Apr/2025:16:41:58 +0200] "GET / HTTP/1.1" 404 - "-" "onlinestreet Bot: Favicon Check (https://onlinestreet.de/)"
43.133.187.11 - - [11/Apr/2025:18:07:55 +0200] "GET / HTTP/1.1" 404 - "-" "Mozilla/5.0 (iPhone; CPU iPhone OS 13_2_3 like Mac OS X) AppleWebKit/605.1.15 (KHTML, like Gecko) Version/13.0.3 Mobile/15E148 Safari/604.1"
47.79.2.223 - - [11/Apr/2025:18:44:02 +0200] "GET /contentflow/contentflow.js.map HTTP/1.1" 404 - "-" "Mozilla/5.0 (Windows NT 10.0; Win64; x64) AppleWebKit/537.36 (KHTML, like Gecko) Chrome/114.0.0.0 Safari/537.36 Edg/114.0.1823.43"
170.106.72.93 - - [11/Apr/2025:19:01:05 +0200] "GET /jahrbuch/index.html HTTP/1.1" 404 - "-" "Mozilla/5.0 (iPhone; CPU iPhone OS 13_2_3 like Mac OS X) AppleWebKit/605.1.15 (KHTML, like Gecko) Version/13.0.3 Mobile/15E148 Safari/604.1"
205.210.31.57 - - [11/Apr/2025:20:29:24 +0200] "GET / HTTP/1.1" 404 - "-" "-"
151.106.169.235 - - [11/Apr/2025:21:43:26 +0200] "GET /jahrbuch/titelseiten/1960.jpg HTTP/1.1" 404 - "-" "Mozilla/5.0 (X11; Ubuntu; Linux x86_64; rv:72.0) Gecko/20100101 Firefox/72.0"
151.106.169.235 - - [11/Apr/2025:21:43:27 +0200] "GET /jahrbuch/titelseiten/1960.jpg HTTP/1.1" 404 - "-" "Mozilla/5.0 (X11; Ubuntu; Linux x86_64; rv:72.0) Gecko/20100101 Firefox/72.0"
151.106.169.235 - - [11/Apr/2025:21:43:27 +0200] "GET /jahrbuch/titelseiten/1960.jpg HTTP/1.1" 404 - "-" "Mozilla/5.0 (X11; Ubuntu; Linux x86_64; rv:72.0) Gecko/20100101 Firefox/72.0"
151.106.181.99 - - [11/Apr/2025:23:43:22 +0200] "GET /sonderthemen/az2000.jpg HTTP/1.1" 404 - "-" "Mozilla/5.0 (X11; Ubuntu; Linux x86_64; rv:72.0) Gecko/20100101 Firefox/72.0"
151.106.181.99 - - [11/Apr/2025:23:43:22 +0200] "GET /sonderthemen/az2000.jpg HTTP/1.1" 404 - "-" "Mozilla/5.0 (X11; Ubuntu; Linux x86_64; rv:72.0) Gecko/20100101 Firefox/72.0"
151.106.181.99 - - [11/Apr/2025:23:43:23 +0200] "GET /sonderthemen/az2000.jpg HTTP/1.1" 404 - "-" "Mozilla/5.0 (X11; Ubuntu; Linux x86_64; rv:72.0) Gecko/20100101 Firefox/72.0"
66.249.66.163 - - [11/Apr/2025:23:44:48 +0200] "GET /buecher/gesichter/12.jpg HTTP/1.1" 404 - "-" "Googlebot-Image/1.0"
151.106.166.60 - - [12/Apr/2025:00:29:34 +0200] "GET /jahrbuch/titelseiten/1979.jpg HTTP/1.1" 404 - "-" "Mozilla/5.0 (X11; Ubuntu; Linux x86_64; rv:72.0) Gecko/20100101 Firefox/72.0"
151.106.166.60 - - [12/Apr/2025:00:29:34 +0200] "GET /jahrbuch/titelseiten/1979.jpg HTTP/1.1" 404 - "-" "Mozilla/5.0 (X11; Ubuntu; Linux x86_64; rv:72.0) Gecko/20100101 Firefox/72.0"
151.106.166.60 - - [12/Apr/2025:00:29:34 +0200] "GET /jahrbuch/titelseiten/1979.jpg HTTP/1.1" 404 - "-" "Mozilla/5.0 (X11; Ubuntu; Linux x86_64; rv:72.0) Gecko/20100101 Firefox/72.0"
151.106.183.52 - - [12/Apr/2025:01:36:16 +0200] "GET /buecher/schenuit.jpg HTTP/1.1" 404 - "-" "Mozilla/5.0 (X11; Ubuntu; Linux x86_64; rv:72.0) Gecko/20100101 Firefox/72.0"
151.106.183.52 - - [12/Apr/2025:01:36:16 +0200] "GET /buecher/schenuit.jpg HTTP/1.1" 404 - "-" "Mozilla/5.0 (X11; Ubuntu; Linux x86_64; rv:72.0) Gecko/20100101 Firefox/72.0"
151.106.183.52 - - [12/Apr/2025:01:36:17 +0200] "GET /buecher/schenuit.jpg HTTP/1.1" 404 - "-" "Mozilla/5.0 (X11; Ubuntu; Linux x86_64; rv:72.0) Gecko/20100101 Firefox/72.0"
68.183.224.57 - - [12/Apr/2025:01:54:21 +0200] "GET /pf.gif HTTP/1.1" 404 - "-" "Mozilla/5.0 (Macintosh; Intel Mac OS X 10_15_7) AppleWebKit/537.36 (KHTML, like Gecko) Chrome/122.0.0.0 Safari/537.36"
194.173.174.107 - - [12/Apr/2025:03:58:56 +0200] "HEAD / HTTP/1.1" 404 - "-" "Mozilla/5.0 (Windows NT 6.3; WOW64) AppleWebKit/537.36 (KHTML, like Gecko) Chrome/43.0.2357.134 Safari/537.36"
194.173.174.107 - - [12/Apr/2025:03:59:02 +0200] "GET / HTTP/1.1" 404 - "-" "Mozilla/5.0 (Windows NT 6.3; WOW64) AppleWebKit/537.36 (KHTML, like Gecko) Chrome/43.0.2357.134 Safari/537.36"
151.106.171.1 - - [12/Apr/2025:04:52:48 +0200] "GET /cds/glockenspiel2.jpg HTTP/1.1" 404 - "-" "Mozilla/5.0 (X11; Ubuntu; Linux x86_64; rv:72.0) Gecko/20100101 Firefox/72.0"
151.106.171.1 - - [12/Apr/2025:04:52:49 +0200] "GET /cds/glockenspiel2.jpg HTTP/1.1" 404 - "-" "Mozilla/5.0 (X11; Ubuntu; Linux x86_64; rv:72.0) Gecko/20100101 Firefox/72.0"
151.106.171.1 - - [12/Apr/2025:04:52:49 +0200] "GET /cds/glockenspiel2.jpg HTTP/1.1" 404 - "-" "Mozilla/5.0 (X11; Ubuntu; Linux x86_64; rv:72.0) Gecko/20100101 Firefox/72.0"
66.249.66.164 - - [12/Apr/2025:04:59:36 +0200] "GET /robots.txt HTTP/1.1" 404 - "-" "Mozilla/5.0 (compatible; Googlebot/2.1; +http://www.google.com/bot.html)"
66.249.66.163 - - [12/Apr/2025:04:59:37 +0200] "GET / HTTP/1.1" 404 - "-" "Mozilla/5.0 (Linux; Android 6.0.1; Nexus 5X Build/MMB29P) AppleWebKit/537.36 (KHTML, like Gecko) Chrome/135.0.7049.84 Mobile Safari/537.36 (compatible; Googlebot/2.1; +http://www.google.com/bot.html)"
43.153.74.75 - - [12/Apr/2025:06:26:32 +0200] "GET / HTTP/1.1" 404 - "-" "Mozilla/5.0 (iPhone; CPU iPhone OS 13_2_3 like Mac OS X) AppleWebKit/605.1.15 (KHTML, like Gecko) Version/13.0.3 Mobile/15E148 Safari/604.1"
151.106.166.201 - - [12/Apr/2025:08:51:58 +0200] "GET /gotteslob.jpg HTTP/1.1" 404 - "-" "Mozilla/5.0 (X11; Ubuntu; Linux x86_64; rv:72.0) Gecko/20100101 Firefox/72.0"
151.106.166.201 - - [12/Apr/2025:08:51:58 +0200] "GET /gotteslob.jpg HTTP/1.1" 404 - "-" "Mozilla/5.0 (X11; Ubuntu; Linux x86_64; rv:72.0) Gecko/20100101 Firefox/72.0"
151.106.166.201 - - [12/Apr/2025:08:51:59 +0200] "GET /gotteslob.jpg HTTP/1.1" 404 - "-" "Mozilla/5.0 (X11; Ubuntu; Linux x86_64; rv:72.0) Gecko/20100101 Firefox/72.0"
151.106.162.214 - - [12/Apr/2025:09:29:15 +0200] "GET /jahrbuch/titelseiten/2002.jpg HTTP/1.1" 404 - "-" "Mozilla/5.0 (X11; Ubuntu; Linux x86_64; rv:72.0) Gecko/20100101 Firefox/72.0"
151.106.162.214 - - [12/Apr/2025:09:29:16 +0200] "GET /jahrbuch/titelseiten/2002.jpg HTTP/1.1" 404 - "-" "Mozilla/5.0 (X11; Ubuntu; Linux x86_64; rv:72.0) Gecko/20100101 Firefox/72.0"
151.106.162.214 - - [12/Apr/2025:09:29:16 +0200] "GET /jahrbuch/titelseiten/2002.jpg HTTP/1.1" 404 - "-" "Mozilla/5.0 (X11; Ubuntu; Linux x86_64; rv:72.0) Gecko/20100101 Firefox/72.0"
51.222.253.10 - - [12/Apr/2025:11:21:29 +0200] "GET /robots.txt HTTP/1.1" 404 - "-" "Mozilla/5.0 (compatible; AhrefsBot/7.0; +http://ahrefs.com/robot/)"
151.106.164.42 - - [12/Apr/2025:11:48:44 +0200] "GET /buecher/leiblichkeit.jpg HTTP/1.1" 404 - "-" "Mozilla/5.0 (X11; Ubuntu; Linux x86_64; rv:72.0) Gecko/20100101 Firefox/72.0"
151.106.164.42 - - [12/Apr/2025:11:48:45 +0200] "GET /buecher/leiblichkeit.jpg HTTP/1.1" 404 - "-" "Mozilla/5.0 (X11; Ubuntu; Linux x86_64; rv:72.0) Gecko/20100101 Firefox/72.0"
151.106.164.42 - - [12/Apr/2025:11:48:45 +0200] "GET /buecher/leiblichkeit.jpg HTTP/1.1" 404 - "-" "Mozilla/5.0 (X11; Ubuntu; Linux x86_64; rv:72.0) Gecko/20100101 Firefox/72.0"
151.106.186.76 - - [12/Apr/2025:11:56:37 +0200] "GET /jahrbuch/titelseiten/1990.jpg HTTP/1.1" 404 - "-" "Mozilla/5.0 (X11; Ubuntu; Linux x86_64; rv:72.0) Gecko/20100101 Firefox/72.0"
151.106.186.76 - - [12/Apr/2025:11:56:37 +0200] "GET /jahrbuch/titelseiten/1990.jpg HTTP/1.1" 404 - "-" "Mozilla/5.0 (X11; Ubuntu; Linux x86_64; rv:72.0) Gecko/20100101 Firefox/72.0"
151.106.186.76 - - [12/Apr/2025:11:56:37 +0200] "GET /jahrbuch/titelseiten/1990.jpg HTTP/1.1" 404 - "-" "Mozilla/5.0 (X11; Ubuntu; Linux x86_64; rv:72.0) Gecko/20100101 Firefox/72.0"
151.106.184.192 - - [12/Apr/2025:14:05:35 +0200] "GET /jahrbuch/titelseiten/1989.jpg HTTP/1.1" 404 - "-" "Mozilla/5.0 (X11; Ubuntu; Linux x86_64; rv:72.0) Gecko/20100101 Firefox/72.0"
151.106.184.192 - - [12/Apr/2025:14:05:36 +0200] "GET /jahrbuch/titelseiten/1989.jpg HTTP/1.1" 404 - "-" "Mozilla/5.0 (X11; Ubuntu; Linux x86_64; rv:72.0) Gecko/20100101 Firefox/72.0"
151.106.184.192 - - [12/Apr/2025:14:05:36 +0200] "GET /jahrbuch/titelseiten/1989.jpg HTTP/1.1" 404 - "-" "Mozilla/5.0 (X11; Ubuntu; Linux x86_64; rv:72.0) Gecko/20100101 Firefox/72.0"
136.243.83.54 - - [12/Apr/2025:15:05:38 +0200] "GET /robots.txt HTTP/1.1" 404 - "-" "Mozilla/5.0 (compatible; MetaJobBot; https://www.metajob.de/crawler)"
136.243.83.54 - - [12/Apr/2025:15:05:38 +0200] "GET / HTTP/1.1" 404 - "-" "Mozilla/5.0 (compatible; MetaJobBot; https://www.metajob.de/crawler)"
34.66.2.10 - - [12/Apr/2025:15:27:13 +0200] "GET / HTTP/1.1" 404 - "-" "Mozilla/5.0 (X11; CrOS i686 3912.101.0) AppleWebKit/537.36 (KHTML, like Gecko) Chrome/27.0.1453.116 Safari/537.36"
89.58.29.225 - - [12/Apr/2025:15:52:29 +0200] "GET /buecher/rezensionen_christliche_frauen.html HTTP/1.1" 404 - "-" "Mozilla/5.0 (Windows NT 10.0; Win64; x64) AppleWebKit/537.36 (KHTML, like Gecko) Chrome/100.0.7521.528 Safari/537.36"
194.173.174.107 - - [12/Apr/2025:16:01:02 +0200] "HEAD / HTTP/1.1" 404 - "-" "Mozilla/5.0 (Windows NT 6.3; WOW64) AppleWebKit/537.36 (KHTML, like Gecko) Chrome/43.0.2357.134 Safari/537.36"
194.173.174.107 - - [12/Apr/2025:16:01:08 +0200] "GET / HTTP/1.1" 404 - "-" "Mozilla/5.0 (Windows NT 6.3; WOW64) AppleWebKit/537.36 (KHTML, like Gecko) Chrome/43.0.2357.134 Safari/537.36"
43.165.70.220 - - [12/Apr/2025:16:33:20 +0200] "GET / HTTP/1.1" 404 - "-" "Mozilla/5.0 (iPhone; CPU iPhone OS 13_2_3 like Mac OS X) AppleWebKit/605.1.15 (KHTML, like Gecko) Version/13.0.3 Mobile/15E148 Safari/604.1"
35.93.91.9 - - [12/Apr/2025:16:35:47 +0200] "HEAD / HTTP/1.1" 404 - "-" "Opera/9.80 (Windows NT 6.1; U; cs) Presto/2.2.15 Version/10.00"
5.161.102.43 - - [12/Apr/2025:19:06:08 +0200] "GET /cds/glockenspiel2.html HTTP/1.1" 404 - "-" "Mozilla/5.0 (Windows NT 10.0; Win64; x64) AppleWebKit/537.36 (KHTML, like Gecko) Chrome/84.0.4147.105 Safari/537.36"
5.161.204.59 - - [12/Apr/2025:19:06:08 +0200] "GET /cds/glockenspiel1.html HTTP/1.1" 404 - "-" "Mozilla/5.0 (Windows NT 10.0; Win64; x64) AppleWebKit/537.36 (KHTML, like Gecko) Chrome/84.0.4147.105 Safari/537.36"
178.156.137.37 - - [12/Apr/2025:20:18:59 +0200] "GET /buecher/rezensionen_ignatius.html HTTP/1.1" 404 - "-" "Mozilla/5.0 (Windows NT 10.0; Win64; x64) AppleWebKit/537.36 (KHTML, like Gecko) Chrome/84.0.4147.105 Safari/537.36"
35.205.53.89 - - [12/Apr/2025:21:45:23 +0200] "GET / HTTP/1.1" 404 - "-" "Mozilla/5.0 (Windows NT 10.0; Win64; x64) AppleWebKit/537.36 (KHTML, like Gecko) Chrome/84.0.4147.105 Safari/537.36"
185.4.176.103 - - [12/Apr/2025:22:04:54 +0200] "GET /robots.txt HTTP/1.1" 404 - "-" "Mozilla/5.0 (compatible; MJ12bot/v2.0.0; http://mj12bot.com/)"
185.4.176.103 - - [12/Apr/2025:22:04:54 +0200] "GET / HTTP/1.1" 404 - "-" "Mozilla/5.0 (compatible; MJ12bot/v2.0.0; http://mj12bot.com/)"
114.119.156.59 - - [12/Apr/2025:22:49:30 +0200] "GET /robots.txt HTTP/1.1" 404 - "-" "Mozilla/5.0 (compatible;PetalBot;+https://webmaster.petalsearch.com/site/petalbot)"
54.196.199.72 - - [13/Apr/2025:00:11:27 +0200] "GET / HTTP/1.1" 404 - "-" "Mozilla/5.0 (Windows NT 10.0; Win64; x64) AppleWebKit/537.36 (KHTML, like Gecko) Chrome/86.0.4240.75 Safari/537.36"
213.159.11.26 - - [13/Apr/2025:00:11:28 +0200] "GET / HTTP/1.1" 404 - "-" "Mozilla/5.0 (Windows NT 10.0; Win64; x64) AppleWebKit/537.36 (KHTML, like Gecko) Chrome/86.0.4240.75 Safari/537.36"
89.200.205.45 - - [13/Apr/2025:00:46:45 +0200] "GET / HTTP/1.1" 404 - "-" "Mozilla/5.0 (compatible; OpenindexSpider; +https://www.openindex.io/saas/about-our-spider/)"
151.106.165.204 - - [13/Apr/2025:01:10:16 +0200] "GET /jahrbuch/titelseiten/1940.jpg HTTP/1.1" 404 - "-" "Mozilla/5.0 (X11; Ubuntu; Linux x86_64; rv:72.0) Gecko/20100101 Firefox/72.0"
151.106.165.204 - - [13/Apr/2025:01:10:16 +0200] "GET /jahrbuch/titelseiten/1940.jpg HTTP/1.1" 404 - "-" "Mozilla/5.0 (X11; Ubuntu; Linux x86_64; rv:72.0) Gecko/20100101 Firefox/72.0"
151.106.165.204 - - [13/Apr/2025:01:10:17 +0200] "GET /jahrbuch/titelseiten/1940.jpg HTTP/1.1" 404 - "-" "Mozilla/5.0 (X11; Ubuntu; Linux x86_64; rv:72.0) Gecko/20100101 Firefox/72.0"
195.191.219.133 - - [13/Apr/2025:02:23:55 +0200] "GET /robots.txt HTTP/1.1" 404 - "-" "Mozilla/5.0 (compatible; MJ12bot/v2.0.0; http://mj12bot.com/)"
195.191.219.133 - - [13/Apr/2025:02:23:55 +0200] "GET / HTTP/1.1" 404 - "-" "Mozilla/5.0 (compatible; MJ12bot/v2.0.0; http://mj12bot.com/)"
78.153.140.222 - - [13/Apr/2025:03:26:38 +0200] "GET /.env HTTP/1.1" 404 - "-" "Mozilla/5.0 (Windows NT 6.0; WOW64; rv:19.0) Gecko/20100101 Firefox/19.0"
78.153.140.222 - - [13/Apr/2025:03:26:39 +0200] "GET /.aws/credentials HTTP/1.1" 404 - "-" "Mozilla/5.0 (Windows NT 6.1; Win64; x64; rv:59.0) Gecko/20100101 Firefox/59.0"
78.153.140.222 - - [13/Apr/2025:03:26:39 +0200] "GET /.env.example HTTP/1.1" 404 - "-" "Mozilla/5.0 (Windows NT 5.1) AppleWebKit/537.36 (KHTML, like Gecko) Chrome/38.0.2125.122 Safari/537.36 SE 2.X MetaSr 1.0"
78.153.140.222 - - [13/Apr/2025:03:26:39 +0200] "GET /.env.production HTTP/1.1" 404 - "-" "Mozilla/5.0 (Windows NT 10.0; Win64; x64) AppleWebKit/537.36 (KHTML, like Gecko) Chrome/64.0.3282.140 Safari/537.36 OPR/51.0.2830.34"
78.153.140.222 - - [13/Apr/2025:03:26:40 +0200] "GET /admin/.env HTTP/1.1" 404 - "-" "Mozilla/5.0 (X11; Linux i686; rv:10.0.2) Gecko/20100101 Firefox/10.0.2"
78.153.140.222 - - [13/Apr/2025:03:26:43 +0200] "GET /api/.env HTTP/1.1" 404 - "-" "Mozilla/5.0 (Windows; U; Windows NT 5.1; ja; rv:1.8.1.17) Gecko/20080829 Firefox/2.0.0.17"
78.153.140.222 - - [13/Apr/2025:03:26:44 +0200] "GET /app/.env HTTP/1.1" 404 - "-" "Mozilla/5.0 (Linux; U; Android 4.1.1; en-us; Prism II Build/HuaweiU8686) AppleWebKit/534.30 (KHTML, like Gecko) Version/4.0 Mobile Safari/534.30"
78.153.140.222 - - [13/Apr/2025:03:26:44 +0200] "GET /app_dev.php/_profiler/open?file=app/config/parameters.yml HTTP/1.1" 404 - "-" "Mozilla/5.0 (X11; Ubuntu; Linux x86_64; rv:49.0) Gecko/20100101 Firefox/49.0"
78.153.140.222 - - [13/Apr/2025:03:26:45 +0200] "GET /app_dev.php/_profiler/phpinfo HTTP/1.1" 404 - "-" "Mozilla/5.0 (X11; Linux i686; rv:14.0) Gecko/20100101 Firefox/14.0.1"
78.153.140.222 - - [13/Apr/2025:03:26:45 +0200] "GET /backend/.env HTTP/1.1" 404 - "-" "Mozilla/5.0 (X11; U; Linux i686; pl-PL; rv:1.8.1.10) Gecko/20071213 Fedora/2.0.0.10-3.fc8 Firefox/2.0.0.10"
78.153.140.222 - - [13/Apr/2025:03:26:45 +0200] "GET /core/.env HTTP/1.1" 404 - "-" "Mozilla/5.0 (X11; Linux x86_64) AppleWebKit/537.36 (KHTML, like Gecko) Chrome/39.0.2171.59 Safari/537.36 OPR/26.0.1656.87080"
78.153.140.222 - - [13/Apr/2025:03:26:46 +0200] "GET /credentials HTTP/1.1" 404 - "-" "Mozilla/5.0 (Windows NT 6.1; Win64; x64) AppleWebKit/537.36 (KHTML, like Gecko) Chrome/65.0.3325.181 Safari/537.36"
78.153.140.222 - - [13/Apr/2025:03:26:46 +0200] "GET /crm/.env HTTP/1.1" 404 - "-" "Mozilla/5.0 (Linux; Android 6.0.1; SAMSUNG SM-J500F Build/MMB29M) AppleWebKit/537.36 (KHTML, like Gecko) SamsungBrowser/4.0 Chrome/44.0.2403.133 Mobile Safari/537.36"
78.153.140.222 - - [13/Apr/2025:03:26:47 +0200] "GET /demo/.env HTTP/1.1" 404 - "-" "Mozilla/4.0 (compatible; MSIE 8.0; Windows NT 5.1; Trident/4.0; .NET CLR 2.0.50727; .NET CLR 3.0.4506.2152; .NET CLR 3.5.30729; .NET4.0C; .NET CLR 1.1.4322)"
78.153.140.222 - - [13/Apr/2025:03:26:48 +0200] "GET /info/ HTTP/1.1" 404 - "-" "Mozilla/5.0 (Linux; Android 7.0; SM-J727T1 Build/NRD90M) AppleWebKit/537.36 (KHTML, like Gecko) Chrome/65.0.3325.109 Mobile Safari/537.36"
78.153.140.222 - - [13/Apr/2025:03:26:50 +0200] "GET /infos/ HTTP/1.1" 404 - "-" "Mozilla/5.0 (Macintosh; Intel Mac OS X 10_11_0) AppleWebKit/537.36 (KHTML, like Gecko) Chrome/49.0.2623.75 Safari/537.36"
78.153.140.222 - - [13/Apr/2025:03:26:51 +0200] "GET /pinfo.php HTTP/1.1" 404 - "-" "Mozilla/5.0 (Windows NT 6.1; WOW64) AppleWebKit/537.36 (KHTML, like Gecko) Chrome/54.0.2840.59 Safari/537.36"
78.153.140.222 - - [13/Apr/2025:03:26:51 +0200] "GET /vendor/.env HTTP/1.1" 404 - "-" "Mozilla/5.0 (X11; Linux i686; rv:2.0) Gecko/20100101 Firefox/3.6"
49.51.39.209 - - [13/Apr/2025:03:40:36 +0200] "GET / HTTP/1.1" 404 - "-" "Mozilla/5.0 (iPhone; CPU iPhone OS 13_2_3 like Mac OS X) AppleWebKit/605.1.15 (KHTML, like Gecko) Version/13.0.3 Mobile/15E148 Safari/604.1"
151.106.183.52 - - [13/Apr/2025:07:03:11 +0200] "GET /jahrbuch/titelseiten/1967.jpg HTTP/1.1" 404 - "-" "Mozilla/5.0 (X11; Ubuntu; Linux x86_64; rv:72.0) Gecko/20100101 Firefox/72.0"
151.106.163.149 - - [13/Apr/2025:07:16:25 +0200] "GET /jahrbuch/titelseiten/2012.jpg HTTP/1.1" 404 - "-" "Mozilla/5.0 (X11; Ubuntu; Linux x86_64; rv:72.0) Gecko/20100101 Firefox/72.0"
151.106.163.149 - - [13/Apr/2025:07:16:25 +0200] "GET /jahrbuch/titelseiten/2012.jpg HTTP/1.1" 404 - "-" "Mozilla/5.0 (X11; Ubuntu; Linux x86_64; rv:72.0) Gecko/20100101 Firefox/72.0"
151.106.163.149 - - [13/Apr/2025:07:16:26 +0200] "GET /jahrbuch/titelseiten/2012.jpg HTTP/1.1" 404 - "-" "Mozilla/5.0 (X11; Ubuntu; Linux x86_64; rv:72.0) Gecko/20100101 Firefox/72.0"
185.4.176.103 - - [13/Apr/2025:07:30:37 +0200] "GET /robots.txt HTTP/1.1" 404 - "-" "Mozilla/5.0 (compatible; MJ12bot/v2.0.0; http://mj12bot.com/)"
185.4.176.103 - - [13/Apr/2025:07:30:37 +0200] "GET / HTTP/1.1" 404 - "-" "Mozilla/5.0 (compatible; MJ12bot/v2.0.0; http://mj12bot.com/)"
114.119.155.23 - - [13/Apr/2025:12:49:09 +0200] "GET /robots.txt HTTP/1.1" 404 - "-" "Mozilla/5.0 (compatible;PetalBot;+https://webmaster.petalsearch.com/site/petalbot)"
43.166.237.57 - - [13/Apr/2025:13:14:03 +0200] "GET / HTTP/1.1" 404 - "-" "Mozilla/5.0 (iPhone; CPU iPhone OS 13_2_3 like Mac OS X) AppleWebKit/605.1.15 (KHTML, like Gecko) Version/13.0.3 Mobile/15E148 Safari/604.1"
151.106.165.0 - - [13/Apr/2025:15:42:21 +0200] "GET /cds/lumina.jpg HTTP/1.1" 404 - "-" "Mozilla/5.0 (X11; Ubuntu; Linux x86_64; rv:72.0) Gecko/20100101 Firefox/72.0"
151.106.165.0 - - [13/Apr/2025:15:42:22 +0200] "GET /cds/lumina.jpg HTTP/1.1" 404 - "-" "Mozilla/5.0 (X11; Ubuntu; Linux x86_64; rv:72.0) Gecko/20100101 Firefox/72.0"
151.106.165.0 - - [13/Apr/2025:15:42:22 +0200] "GET /cds/lumina.jpg HTTP/1.1" 404 - "-" "Mozilla/5.0 (X11; Ubuntu; Linux x86_64; rv:72.0) Gecko/20100101 Firefox/72.0"
62.138.2.214 - - [13/Apr/2025:16:42:07 +0200] "GET /robots.txt HTTP/1.1" 404 - "-" "Mozilla/5.0 (X11; Linux x86_64) AppleWebKit/537.36 (KHTML, like Gecko) Chrome/124.0.0.0 Safari/537.36"
62.138.2.214 - - [13/Apr/2025:16:42:07 +0200] "GET / HTTP/1.1" 404 - "-" "Mozilla/5.0 (X11; Linux x86_64) AppleWebKit/537.36 (KHTML, like Gecko) Chrome/124.0.0.0 Safari/537.36"
40.77.167.184 - - [13/Apr/2025:17:20:05 +0200] "GET /robots.txt HTTP/1.1" 404 - "-" "Mozilla/5.0 AppleWebKit/537.36 (KHTML, like Gecko; compatible; bingbot/2.0; +http://www.bing.com/bingbot.htm) Chrome/116.0.1938.76 Safari/537.36"
52.167.144.162 - - [13/Apr/2025:17:20:08 +0200] "GET /cds/astazi.html HTTP/1.1" 404 - "-" "Mozilla/5.0 AppleWebKit/537.36 (KHTML, like Gecko; compatible; bingbot/2.0; +http://www.bing.com/bingbot.htm) Chrome/116.0.1938.76 Safari/537.36"
62.138.2.214 - - [13/Apr/2025:18:46:44 +0200] "GET /robots.txt HTTP/1.1" 404 - "-" "Mozilla/5.0 (X11; Linux x86_64) AppleWebKit/537.36 (KHTML, like Gecko) Chrome/124.0.0.0 Safari/537.36"
62.138.2.214 - - [13/Apr/2025:18:46:44 +0200] "GET / HTTP/1.1" 404 - "-" "Mozilla/5.0 (X11; Linux x86_64) AppleWebKit/537.36 (KHTML, like Gecko) Chrome/124.0.0.0 Safari/537.36"
151.106.162.214 - - [13/Apr/2025:20:03:35 +0200] "GET /jahrbuch/titelseiten/2004.jpg HTTP/1.1" 404 - "-" "Mozilla/5.0 (X11; Ubuntu; Linux x86_64; rv:72.0) Gecko/20100101 Firefox/72.0"
151.106.162.214 - - [13/Apr/2025:20:03:35 +0200] "GET /jahrbuch/titelseiten/2004.jpg HTTP/1.1" 404 - "-" "Mozilla/5.0 (X11; Ubuntu; Linux x86_64; rv:72.0) Gecko/20100101 Firefox/72.0"
151.106.162.214 - - [13/Apr/2025:20:03:35 +0200] "GET /jahrbuch/titelseiten/2004.jpg HTTP/1.1" 404 - "-" "Mozilla/5.0 (X11; Ubuntu; Linux x86_64; rv:72.0) Gecko/20100101 Firefox/72.0"
152.42.241.97 - - [13/Apr/2025:20:40:22 +0200] "GET /cds/astazi_k.jpg HTTP/1.1" 404 - "-" "Mozilla/5.0 (iPhone; CPU iPhone OS 17_2 like Mac OS X) AppleWebKit/605.1.15 (KHTML, like Gecko) EdgiOS/121.0.2277.99 Version/17.0 Mobile/15E148 Safari/604.1"
43.129.51.239 - - [13/Apr/2025:20:47:19 +0200] "GET / HTTP/1.1" 404 - "-" "Mozilla/5.0 (iPhone; CPU iPhone OS 13_2_3 like Mac OS X) AppleWebKit/605.1.15 (KHTML, like Gecko) Version/13.0.3 Mobile/15E148 Safari/604.1"
62.138.2.214 - - [13/Apr/2025:20:54:00 +0200] "GET /robots.txt HTTP/1.1" 404 - "-" "Mozilla/5.0 (X11; Linux x86_64) AppleWebKit/537.36 (KHTML, like Gecko) Chrome/124.0.0.0 Safari/537.36"
62.138.2.214 - - [13/Apr/2025:20:54:00 +0200] "GET / HTTP/1.1" 404 - "-" "Mozilla/5.0 (X11; Linux x86_64) AppleWebKit/537.36 (KHTML, like Gecko) Chrome/124.0.0.0 Safari/537.36"
151.106.191.138 - - [13/Apr/2025:21:17:04 +0200] "GET /cds/glockenspiel2_k.jpg HTTP/1.1" 404 - "-" "Mozilla/5.0 (X11; Ubuntu; Linux x86_64; rv:72.0) Gecko/20100101 Firefox/72.0"
151.106.191.138 - - [13/Apr/2025:21:17:05 +0200] "GET /cds/glockenspiel2_k.jpg HTTP/1.1" 404 - "-" "Mozilla/5.0 (X11; Ubuntu; Linux x86_64; rv:72.0) Gecko/20100101 Firefox/72.0"
151.106.191.138 - - [13/Apr/2025:21:17:05 +0200] "GET /cds/glockenspiel2_k.jpg HTTP/1.1" 404 - "-" "Mozilla/5.0 (X11; Ubuntu; Linux x86_64; rv:72.0) Gecko/20100101 Firefox/72.0"
213.83.37.145 - - [13/Apr/2025:23:25:11 +0200] "HEAD / HTTP/1.1" 404 - "-" "Mozilla/5.0 (Windows NT 6.1; rv:39.0) Gecko/20180101 Firefox/39.0"
213.83.37.145 - - [13/Apr/2025:23:25:13 +0200] "HEAD / HTTP/1.1" 404 - "-" "Mozilla/5.0 (Windows NT 6.1; rv:39.0) Gecko/20180101 Firefox/39.0"
151.106.173.252 - - [14/Apr/2025:00:32:34 +0200] "GET /jahrbuch/titelseiten/1991.jpg HTTP/1.1" 404 - "-" "Mozilla/5.0 (X11; Ubuntu; Linux x86_64; rv:72.0) Gecko/20100101 Firefox/72.0"
151.106.173.252 - - [14/Apr/2025:00:32:34 +0200] "GET /jahrbuch/titelseiten/1991.jpg HTTP/1.1" 404 - "-" "Mozilla/5.0 (X11; Ubuntu; Linux x86_64; rv:72.0) Gecko/20100101 Firefox/72.0"
151.106.173.252 - - [14/Apr/2025:00:32:35 +0200] "GET /jahrbuch/titelseiten/1991.jpg HTTP/1.1" 404 - "-" "Mozilla/5.0 (X11; Ubuntu; Linux x86_64; rv:72.0) Gecko/20100101 Firefox/72.0"
151.106.166.60 - - [14/Apr/2025:01:02:41 +0200] "GET /gotteslob/neu_schwarz.jpg HTTP/1.1" 404 - "-" "Mozilla/5.0 (X11; Ubuntu; Linux x86_64; rv:72.0) Gecko/20100101 Firefox/72.0"
151.106.166.60 - - [14/Apr/2025:01:02:41 +0200] "GET /gotteslob/neu_schwarz.jpg HTTP/1.1" 404 - "-" "Mozilla/5.0 (X11; Ubuntu; Linux x86_64; rv:72.0) Gecko/20100101 Firefox/72.0"
151.106.166.60 - - [14/Apr/2025:01:02:42 +0200] "GET /gotteslob/neu_schwarz.jpg HTTP/1.1" 404 - "-" "Mozilla/5.0 (X11; Ubuntu; Linux x86_64; rv:72.0) Gecko/20100101 Firefox/72.0"
139.59.248.181 - - [14/Apr/2025:02:21:21 +0200] "GET /cds/hymnos_k.jpg HTTP/1.1" 404 - "-" "Mozilla/5.0 (Windows NT 10.0; Win64; x64) AppleWebKit/537.36 (KHTML, like Gecko) Chrome/121.0.0.0 Safari/537.36 Edg/121.0.0.0"
151.106.184.192 - - [14/Apr/2025:03:25:44 +0200] "GET /jahrbuch/titelseiten/1961.jpg HTTP/1.1" 404 - "-" "Mozilla/5.0 (X11; Ubuntu; Linux x86_64; rv:72.0) Gecko/20100101 Firefox/72.0"
151.106.184.192 - - [14/Apr/2025:03:25:45 +0200] "GET /jahrbuch/titelseiten/1961.jpg HTTP/1.1" 404 - "-" "Mozilla/5.0 (X11; Ubuntu; Linux x86_64; rv:72.0) Gecko/20100101 Firefox/72.0"
151.106.184.192 - - [14/Apr/2025:03:25:45 +0200] "GET /jahrbuch/titelseiten/1961.jpg HTTP/1.1" 404 - "-" "Mozilla/5.0 (X11; Ubuntu; Linux x86_64; rv:72.0) Gecko/20100101 Firefox/72.0"
43.153.74.75 - - [14/Apr/2025:04:10:38 +0200] "GET / HTTP/1.1" 404 - "-" "Mozilla/5.0 (iPhone; CPU iPhone OS 13_2_3 like Mac OS X) AppleWebKit/605.1.15 (KHTML, like Gecko) Version/13.0.3 Mobile/15E148 Safari/604.1"
66.249.66.163 - - [14/Apr/2025:06:23:43 +0200] "GET /robots.txt HTTP/1.1" 404 - "-" "Mozilla/5.0 (compatible; Googlebot/2.1; +http://www.google.com/bot.html)"
66.249.66.164 - - [14/Apr/2025:06:23:43 +0200] "GET / HTTP/1.1" 404 - "-" "Mozilla/5.0 (Linux; Android 6.0.1; Nexus 5X Build/MMB29P) AppleWebKit/537.36 (KHTML, like Gecko) Chrome/135.0.7049.84 Mobile Safari/537.36 (compatible; Googlebot/2.1; +http://www.google.com/bot.html)"
151.106.177.184 - - [14/Apr/2025:06:55:02 +0200] "GET /buecher/gesichter.jpg HTTP/1.1" 404 - "-" "Mozilla/5.0 (X11; Ubuntu; Linux x86_64; rv:72.0) Gecko/20100101 Firefox/72.0"
151.106.177.184 - - [14/Apr/2025:06:55:02 +0200] "GET /buecher/gesichter.jpg HTTP/1.1" 404 - "-" "Mozilla/5.0 (X11; Ubuntu; Linux x86_64; rv:72.0) Gecko/20100101 Firefox/72.0"
151.106.177.184 - - [14/Apr/2025:06:55:02 +0200] "GET /buecher/gesichter.jpg HTTP/1.1" 404 - "-" "Mozilla/5.0 (X11; Ubuntu; Linux x86_64; rv:72.0) Gecko/20100101 Firefox/72.0"
54.36.149.85 - - [14/Apr/2025:09:43:53 +0200] "GET /robots.txt HTTP/1.1" 404 - "-" "Mozilla/5.0 (compatible; AhrefsBot/7.0; +http://ahrefs.com/robot/)"
79.210.244.3 - - [14/Apr/2025:09:51:24 +0200] "GET /cds/hymnos_akathistos.html HTTP/1.1" 404 - "-" "Mozilla/5.0 (Macintosh; Intel Mac OS X 10_15_7) AppleWebKit/605.1.15 (KHTML, like Gecko)"
79.210.244.3 - - [14/Apr/2025:09:51:24 +0200] "GET /apple-touch-icon-precomposed.png HTTP/1.1" 404 - "-" "Safari/20621.1.15.11.10 CFNetwork/3826.500.111.1.1 Darwin/24.4.0"
79.210.244.3 - - [14/Apr/2025:09:51:24 +0200] "GET /apple-touch-icon.png HTTP/1.1" 404 - "-" "Safari/20621.1.15.11.10 CFNetwork/3826.500.111.1.1 Darwin/24.4.0"
79.210.244.3 - - [14/Apr/2025:09:51:24 +0200] "GET /favicon.ico HTTP/1.1" 404 - "-" "Safari/20621.1.15.11.10 CFNetwork/3826.500.111.1.1 Darwin/24.4.0"
79.210.244.3 - - [14/Apr/2025:09:51:24 +0200] "GET /apple-touch-icon-precomposed.png HTTP/1.1" 404 - "-" "Safari/20621.1.15.11.10 CFNetwork/3826.500.111.1.1 Darwin/24.4.0"
79.210.244.3 - - [14/Apr/2025:09:51:24 +0200] "GET /apple-touch-icon.png HTTP/1.1" 404 - "-" "Safari/20621.1.15.11.10 CFNetwork/3826.500.111.1.1 Darwin/24.4.0"
79.210.244.3 - - [14/Apr/2025:09:51:24 +0200] "GET /favicon.ico HTTP/1.1" 404 - "-" "Safari/20621.1.15.11.10 CFNetwork/3826.500.111.1.1 Darwin/24.4.0"
79.210.244.3 - - [14/Apr/2025:09:51:24 +0200] "GET /cds/hymnos_akathistos.html HTTP/1.1" 404 - "-" "Mozilla/5.0 (iPhone; CPU iPhone OS 18_4 like Mac OS X) AppleWebKit/605.1.15 (KHTML, like Gecko) Version/18.4 Mobile/15E148 Safari/604.1"
79.210.244.3 - - [14/Apr/2025:09:51:24 +0200] "GET /apple-touch-icon-precomposed.png HTTP/1.1" 404 - "-" "Safari/20621.1.15.11.10 CFNetwork/3826.500.111.1.1 Darwin/24.4.0"
79.210.244.3 - - [14/Apr/2025:09:51:25 +0200] "GET /apple-touch-icon.png HTTP/1.1" 404 - "-" "Safari/20621.1.15.11.10 CFNetwork/3826.500.111.1.1 Darwin/24.4.0"
79.210.244.3 - - [14/Apr/2025:09:51:25 +0200] "GET /favicon.ico HTTP/1.1" 404 - "-" "Safari/20621.1.15.11.10 CFNetwork/3826.500.111.1.1 Darwin/24.4.0"
79.210.244.3 - - [14/Apr/2025:09:51:25 +0200] "GET /apple-touch-icon-precomposed.png HTTP/1.1" 404 - "-" "Safari/20621.1.15.11.10 CFNetwork/3826.500.111.1.1 Darwin/24.4.0"
79.210.244.3 - - [14/Apr/2025:09:51:25 +0200] "GET /apple-touch-icon.png HTTP/1.1" 404 - "-" "Safari/20621.1.15.11.10 CFNetwork/3826.500.111.1.1 Darwin/24.4.0"
79.210.244.3 - - [14/Apr/2025:09:51:25 +0200] "GET /favicon.ico HTTP/1.1" 404 - "-" "Safari/20621.1.15.11.10 CFNetwork/3826.500.111.1.1 Darwin/24.4.0"
216.244.66.237 - - [14/Apr/2025:10:20:55 +0200] "GET /robots.txt HTTP/1.1" 404 - "-" "Mozilla/5.0 (compatible; DotBot/1.2; +https://opensiteexplorer.org/dotbot; help@moz.com)"
151.106.164.42 - - [14/Apr/2025:10:26:06 +0200] "GET /jahrbuch/titelseiten/1959.jpg HTTP/1.1" 404 - "-" "Mozilla/5.0 (X11; Ubuntu; Linux x86_64; rv:72.0) Gecko/20100101 Firefox/72.0"
151.106.164.42 - - [14/Apr/2025:10:26:07 +0200] "GET /jahrbuch/titelseiten/1959.jpg HTTP/1.1" 404 - "-" "Mozilla/5.0 (X11; Ubuntu; Linux x86_64; rv:72.0) Gecko/20100101 Firefox/72.0"
216.244.66.237 - - [14/Apr/2025:10:26:52 +0200] "GET /buecher/index.html HTTP/1.1" 404 - "-" "Mozilla/5.0 (compatible; DotBot/1.2; +https://opensiteexplorer.org/dotbot; help@moz.com)"
151.106.160.247 - - [14/Apr/2025:10:54:51 +0200] "GET /jahrbuch/titelseiten/2005.jpg HTTP/1.1" 404 - "-" "Mozilla/5.0 (X11; Ubuntu; Linux x86_64; rv:72.0) Gecko/20100101 Firefox/72.0"
151.106.160.247 - - [14/Apr/2025:10:54:52 +0200] "GET /jahrbuch/titelseiten/2005.jpg HTTP/1.1" 404 - "-" "Mozilla/5.0 (X11; Ubuntu; Linux x86_64; rv:72.0) Gecko/20100101 Firefox/72.0"
151.106.160.247 - - [14/Apr/2025:10:54:52 +0200] "GET /jahrbuch/titelseiten/2005.jpg HTTP/1.1" 404 - "-" "Mozilla/5.0 (X11; Ubuntu; Linux x86_64; rv:72.0) Gecko/20100101 Firefox/72.0"
162.62.213.165 - - [14/Apr/2025:10:58:01 +0200] "GET / HTTP/1.1" 404 - "-" "Mozilla/5.0 (iPhone; CPU iPhone OS 13_2_3 like Mac OS X) AppleWebKit/605.1.15 (KHTML, like Gecko) Version/13.0.3 Mobile/15E148 Safari/604.1"
216.244.66.237 - - [14/Apr/2025:11:54:13 +0200] "GET /robots.txt HTTP/1.1" 404 - "-" "Mozilla/5.0 (compatible; DotBot/1.2; +https://opensiteexplorer.org/dotbot; help@moz.com)"
216.244.66.237 - - [14/Apr/2025:11:57:23 +0200] "GET /cds/hymnos_akathistos.html HTTP/1.1" 404 - "-" "Mozilla/5.0 (compatible; DotBot/1.2; +https://opensiteexplorer.org/dotbot; help@moz.com)"
151.106.173.252 - - [14/Apr/2025:12:55:18 +0200] "GET /jahrbuch/titelseiten/1974.jpg HTTP/1.1" 404 - "-" "Mozilla/5.0 (X11; Ubuntu; Linux x86_64; rv:72.0) Gecko/20100101 Firefox/72.0"
151.106.173.252 - - [14/Apr/2025:12:55:18 +0200] "GET /jahrbuch/titelseiten/1974.jpg HTTP/1.1" 404 - "-" "Mozilla/5.0 (X11; Ubuntu; Linux x86_64; rv:72.0) Gecko/20100101 Firefox/72.0"
151.106.173.252 - - [14/Apr/2025:12:55:18 +0200] "GET /jahrbuch/titelseiten/1974.jpg HTTP/1.1" 404 - "-" "Mozilla/5.0 (X11; Ubuntu; Linux x86_64; rv:72.0) Gecko/20100101 Firefox/72.0"
79.117.194.212 - - [14/Apr/2025:12:58:38 +0200] "GET / HTTP/1.1" 404 - "-" "Java/1.8.0_361"
151.106.173.252 - - [14/Apr/2025:13:52:49 +0200] "GET /jahrbuch/titelseiten/1966.jpg HTTP/1.1" 404 - "-" "Mozilla/5.0 (X11; Ubuntu; Linux x86_64; rv:72.0) Gecko/20100101 Firefox/72.0"
151.106.173.252 - - [14/Apr/2025:13:52:49 +0200] "GET /jahrbuch/titelseiten/1966.jpg HTTP/1.1" 404 - "-" "Mozilla/5.0 (X11; Ubuntu; Linux x86_64; rv:72.0) Gecko/20100101 Firefox/72.0"
151.106.173.252 - - [14/Apr/2025:13:52:50 +0200] "GET /jahrbuch/titelseiten/1966.jpg HTTP/1.1" 404 - "-" "Mozilla/5.0 (X11; Ubuntu; Linux x86_64; rv:72.0) Gecko/20100101 Firefox/72.0"
134.122.55.91 - - [14/Apr/2025:13:58:32 +0200] "GET / HTTP/1.1" 404 - "-" "Mozilla/5.0 (compatible)"
134.122.55.91 - - [14/Apr/2025:13:58:32 +0200] "GET /favicon.ico HTTP/1.1" 404 - "http://www.morusverlag.de/" "Mozilla/5.0 (compatible)"
134.122.55.91 - - [14/Apr/2025:13:58:32 +0200] "GET /ads.txt HTTP/1.1" 404 - "-" "Mozilla/5.0 (compatible)"
151.106.166.60 - - [14/Apr/2025:14:06:56 +0200] "GET /jahrbuch/titelseiten/1935.jpg HTTP/1.1" 404 - "-" "Mozilla/5.0 (X11; Ubuntu; Linux x86_64; rv:72.0) Gecko/20100101 Firefox/72.0"
151.106.166.60 - - [14/Apr/2025:14:06:57 +0200] "GET /jahrbuch/titelseiten/1935.jpg HTTP/1.1" 404 - "-" "Mozilla/5.0 (X11; Ubuntu; Linux x86_64; rv:72.0) Gecko/20100101 Firefox/72.0"
151.106.166.60 - - [14/Apr/2025:14:06:57 +0200] "GET /jahrbuch/titelseiten/1935.jpg HTTP/1.1" 404 - "-" "Mozilla/5.0 (X11; Ubuntu; Linux x86_64; rv:72.0) Gecko/20100101 Firefox/72.0"
43.153.76.247 - - [14/Apr/2025:16:49:49 +0200] "GET / HTTP/1.1" 404 - "-" "Mozilla/5.0 (iPhone; CPU iPhone OS 13_2_3 like Mac OS X) AppleWebKit/605.1.15 (KHTML, like Gecko) Version/13.0.3 Mobile/15E148 Safari/604.1"
151.106.160.158 - - [14/Apr/2025:18:20:59 +0200] "GET /buecher/preysing.jpg HTTP/1.1" 404 - "-" "Mozilla/5.0 (X11; Ubuntu; Linux x86_64; rv:72.0) Gecko/20100101 Firefox/72.0"
151.106.160.158 - - [14/Apr/2025:18:20:59 +0200] "GET /buecher/preysing.jpg HTTP/1.1" 404 - "-" "Mozilla/5.0 (X11; Ubuntu; Linux x86_64; rv:72.0) Gecko/20100101 Firefox/72.0"
151.106.160.158 - - [14/Apr/2025:18:20:59 +0200] "GET /buecher/preysing.jpg HTTP/1.1" 404 - "-" "Mozilla/5.0 (X11; Ubuntu; Linux x86_64; rv:72.0) Gecko/20100101 Firefox/72.0"
20.19.33.44 - - [14/Apr/2025:19:02:51 +0200] "GET /.env HTTP/1.1" 404 - "-" "Mozilla/5.0 (Macintosh; Intel Mac OS X 10_10_1) AppleWebKit/537.36 (KHTML, like Gecko) Chrome/39.0.2171.95 Safari/537.36"
20.19.33.44 - - [14/Apr/2025:19:02:51 +0200] "GET /sendgrid.env HTTP/1.1" 404 - "-" "Mozilla/5.0 (Macintosh; Intel Mac OS X 10_10_1) AppleWebKit/537.36 (KHTML, like Gecko) Chrome/39.0.2171.95 Safari/537.36"
20.19.33.44 - - [14/Apr/2025:19:02:51 +0200] "GET /core/.env HTTP/1.1" 404 - "-" "Mozilla/5.0 (Macintosh; Intel Mac OS X 10_10_1) AppleWebKit/537.36 (KHTML, like Gecko) Chrome/39.0.2171.95 Safari/537.36"
20.19.33.44 - - [14/Apr/2025:19:02:51 +0200] "GET /vendor/.env HTTP/1.1" 404 - "-" "Mozilla/5.0 (Macintosh; Intel Mac OS X 10_10_1) AppleWebKit/537.36 (KHTML, like Gecko) Chrome/39.0.2171.95 Safari/537.36"
20.19.33.44 - - [14/Apr/2025:19:02:51 +0200] "GET /assets/.env HTTP/1.1" 404 - "-" "Mozilla/5.0 (Macintosh; Intel Mac OS X 10_10_1) AppleWebKit/537.36 (KHTML, like Gecko) Chrome/39.0.2171.95 Safari/537.36"
20.19.33.44 - - [14/Apr/2025:19:02:51 +0200] "GET /storage/.env HTTP/1.1" 404 - "-" "Mozilla/5.0 (Macintosh; Intel Mac OS X 10_10_1) AppleWebKit/537.36 (KHTML, like Gecko) Chrome/39.0.2171.95 Safari/537.36"
20.19.33.44 - - [14/Apr/2025:19:02:51 +0200] "GET /public/.env HTTP/1.1" 404 - "-" "Mozilla/5.0 (Macintosh; Intel Mac OS X 10_10_1) AppleWebKit/537.36 (KHTML, like Gecko) Chrome/39.0.2171.95 Safari/537.36"
20.19.33.44 - - [14/Apr/2025:19:02:51 +0200] "GET /app/.env HTTP/1.1" 404 - "-" "Mozilla/5.0 (Macintosh; Intel Mac OS X 10_10_1) AppleWebKit/537.36 (KHTML, like Gecko) Chrome/39.0.2171.95 Safari/537.36"
20.19.33.44 - - [14/Apr/2025:19:02:51 +0200] "GET /admin/.env HTTP/1.1" 404 - "-" "Mozilla/5.0 (Macintosh; Intel Mac OS X 10_10_1) AppleWebKit/537.36 (KHTML, like Gecko) Chrome/39.0.2171.95 Safari/537.36"
20.19.33.44 - - [14/Apr/2025:19:02:51 +0200] "GET /laravel/.env HTTP/1.1" 404 - "-" "Mozilla/5.0 (Macintosh; Intel Mac OS X 10_10_1) AppleWebKit/537.36 (KHTML, like Gecko) Chrome/39.0.2171.95 Safari/537.36"
20.19.33.44 - - [14/Apr/2025:19:02:51 +0200] "POST / HTTP/1.1" 404 - "-" "Mozilla/5.0 (Macintosh; Intel Mac OS X 10_10_1) AppleWebKit/537.36 (KHTML, like Gecko) Chrome/39.0.2171.95 Safari/537.36"
20.19.33.44 - - [14/Apr/2025:19:02:52 +0200] "GET /vendor/phpunit/phpunit/src/Util/PHP/eval-stdin.php HTTP/1.1" 404 - "-" "Mozilla/5.0 (Macintosh; Intel Mac OS X 10_10_1) AppleWebKit/537.36 (KHTML, like Gecko) Chrome/39.0.2171.95 Safari/537.36"
20.19.33.44 - - [14/Apr/2025:19:02:57 +0200] "GET /vendor/phpunit/phpunit/src/Util/PHP/eval-stdin.php HTTP/1.1" 404 - "-" "Mozilla/5.0 (Macintosh; Intel Mac OS X 10_10_1) AppleWebKit/537.36 (KHTML, like Gecko) Chrome/39.0.2171.95 Safari/537.36"
66.249.66.164 - - [14/Apr/2025:19:21:14 +0200] "GET /robots.txt HTTP/1.1" 404 - "-" "Mozilla/5.0 (compatible; Googlebot/2.1; +http://www.google.com/bot.html)"
66.249.66.164 - - [14/Apr/2025:19:21:14 +0200] "GET /buecher/gesichter/25.jpg HTTP/1.1" 404 - "-" "Googlebot-Image/1.0"
151.106.167.56 - - [14/Apr/2025:21:30:52 +0200] "GET /jahrbuch/titelseiten/1986.jpg HTTP/1.1" 404 - "-" "Mozilla/5.0 (X11; Ubuntu; Linux x86_64; rv:72.0) Gecko/20100101 Firefox/72.0"
151.106.167.56 - - [14/Apr/2025:21:30:53 +0200] "GET /jahrbuch/titelseiten/1986.jpg HTTP/1.1" 404 - "-" "Mozilla/5.0 (X11; Ubuntu; Linux x86_64; rv:72.0) Gecko/20100101 Firefox/72.0"
151.106.167.56 - - [14/Apr/2025:21:30:53 +0200] "GET /jahrbuch/titelseiten/1986.jpg HTTP/1.1" 404 - "-" "Mozilla/5.0 (X11; Ubuntu; Linux x86_64; rv:72.0) Gecko/20100101 Firefox/72.0"
139.59.250.1 - - [14/Apr/2025:21:45:01 +0200] "GET /mv_g.gif HTTP/1.1" 404 - "-" "Mozilla/5.0 (iPad; CPU OS 17_0 like Mac OS X) AppleWebKit/605.1.15 (KHTML, like Gecko) Version/17.0 Mobile/15E148 Safari/604.1"
151.106.162.214 - - [14/Apr/2025:22:27:06 +0200] "GET /gotteslob/leder.jpg HTTP/1.1" 404 - "-" "Mozilla/5.0 (X11; Ubuntu; Linux x86_64; rv:72.0) Gecko/20100101 Firefox/72.0"
151.106.162.214 - - [14/Apr/2025:22:27:07 +0200] "GET /gotteslob/leder.jpg HTTP/1.1" 404 - "-" "Mozilla/5.0 (X11; Ubuntu; Linux x86_64; rv:72.0) Gecko/20100101 Firefox/72.0"
151.106.162.214 - - [14/Apr/2025:22:27:07 +0200] "GET /gotteslob/leder.jpg HTTP/1.1" 404 - "-" "Mozilla/5.0 (X11; Ubuntu; Linux x86_64; rv:72.0) Gecko/20100101 Firefox/72.0"
66.249.66.163 - - [14/Apr/2025:22:35:25 +0200] "GET /robots.txt HTTP/1.1" 404 - "-" "Mozilla/5.0 (compatible; Googlebot/2.1; +http://www.google.com/bot.html)"
124.156.225.181 - - [14/Apr/2025:22:50:26 +0200] "GET / HTTP/1.1" 404 - "-" "Mozilla/5.0 (iPhone; CPU iPhone OS 13_2_3 like Mac OS X) AppleWebKit/605.1.15 (KHTML, like Gecko) Version/13.0.3 Mobile/15E148 Safari/604.1"
66.249.66.163 - - [15/Apr/2025:00:22:35 +0200] "GET /gotteslob/gotteslob_alle.jpg HTTP/1.1" 404 - "-" "Googlebot-Image/1.0"
151.106.169.235 - - [15/Apr/2025:00:33:23 +0200] "GET /buecher/spiegel.jpg HTTP/1.1" 404 - "-" "Mozilla/5.0 (X11; Ubuntu; Linux x86_64; rv:72.0) Gecko/20100101 Firefox/72.0"
151.106.169.235 - - [15/Apr/2025:00:33:24 +0200] "GET /buecher/spiegel.jpg HTTP/1.1" 404 - "-" "Mozilla/5.0 (X11; Ubuntu; Linux x86_64; rv:72.0) Gecko/20100101 Firefox/72.0"
151.106.169.235 - - [15/Apr/2025:00:33:24 +0200] "GET /buecher/spiegel.jpg HTTP/1.1" 404 - "-" "Mozilla/5.0 (X11; Ubuntu; Linux x86_64; rv:72.0) Gecko/20100101 Firefox/72.0"
151.106.163.240 - - [15/Apr/2025:01:26:02 +0200] "GET /jahrbuch/titelseiten/1970.jpg HTTP/1.1" 404 - "-" "Mozilla/5.0 (X11; Ubuntu; Linux x86_64; rv:72.0) Gecko/20100101 Firefox/72.0"
151.106.163.240 - - [15/Apr/2025:01:26:02 +0200] "GET /jahrbuch/titelseiten/1970.jpg HTTP/1.1" 404 - "-" "Mozilla/5.0 (X11; Ubuntu; Linux x86_64; rv:72.0) Gecko/20100101 Firefox/72.0"
151.106.163.240 - - [15/Apr/2025:01:26:02 +0200] "GET /jahrbuch/titelseiten/1970.jpg HTTP/1.1" 404 - "-" "Mozilla/5.0 (X11; Ubuntu; Linux x86_64; rv:72.0) Gecko/20100101 Firefox/72.0"
151.106.161.79 - - [15/Apr/2025:02:02:31 +0200] "GET /gotteslob/orgel.jpg HTTP/1.1" 404 - "-" "Mozilla/5.0 (X11; Ubuntu; Linux x86_64; rv:72.0) Gecko/20100101 Firefox/72.0"
151.106.161.79 - - [15/Apr/2025:02:02:31 +0200] "GET /gotteslob/orgel.jpg HTTP/1.1" 404 - "-" "Mozilla/5.0 (X11; Ubuntu; Linux x86_64; rv:72.0) Gecko/20100101 Firefox/72.0"
151.106.161.79 - - [15/Apr/2025:02:02:31 +0200] "GET /gotteslob/orgel.jpg HTTP/1.1" 404 - "-" "Mozilla/5.0 (X11; Ubuntu; Linux x86_64; rv:72.0) Gecko/20100101 Firefox/72.0"
43.159.152.4 - - [15/Apr/2025:04:34:08 +0200] "GET / HTTP/1.1" 404 - "-" "Mozilla/5.0 (iPhone; CPU iPhone OS 13_2_3 like Mac OS X) AppleWebKit/605.1.15 (KHTML, like Gecko) Version/13.0.3 Mobile/15E148 Safari/604.1"
51.222.253.10 - - [15/Apr/2025:05:05:36 +0200] "GET /robots.txt HTTP/1.1" 404 - "-" "Mozilla/5.0 (compatible; AhrefsBot/7.0; +http://ahrefs.com/robot/)"
51.77.53.52 - - [15/Apr/2025:06:02:04 +0200] "GET / HTTP/1.1" 404 - "-" "Mozilla/5.0 (compatible; IACAPFIScraper/1.0; +http://example.com/bot)"
151.106.162.8 - - [15/Apr/2025:07:07:03 +0200] "GET /sonderthemen/sk2002.jpg HTTP/1.1" 404 - "-" "Mozilla/5.0 (X11; Ubuntu; Linux x86_64; rv:72.0) Gecko/20100101 Firefox/72.0"
151.106.162.8 - - [15/Apr/2025:07:07:03 +0200] "GET /sonderthemen/sk2002.jpg HTTP/1.1" 404 - "-" "Mozilla/5.0 (X11; Ubuntu; Linux x86_64; rv:72.0) Gecko/20100101 Firefox/72.0"
151.106.162.8 - - [15/Apr/2025:07:07:03 +0200] "GET /sonderthemen/sk2002.jpg HTTP/1.1" 404 - "-" "Mozilla/5.0 (X11; Ubuntu; Linux x86_64; rv:72.0) Gecko/20100101 Firefox/72.0"
66.249.66.162 - - [15/Apr/2025:07:11:26 +0200] "GET /cds/hymnos.jpg HTTP/1.1" 404 - "-" "Googlebot-Image/1.0"
151.106.169.76 - - [15/Apr/2025:07:30:30 +0200] "GET /jahrbuch/titelseiten/1985.jpg HTTP/1.1" 404 - "-" "Mozilla/5.0 (X11; Ubuntu; Linux x86_64; rv:72.0) Gecko/20100101 Firefox/72.0"
