85.25.185.196 - - [01/May/2023:00:30:14 +0200] "GET /robots.txt HTTP/1.1" 404 - "-" "Mozilla/5.0 (Macintosh; Intel Mac OS X 10.15; rv:103.0) Gecko/20100101 Firefox/103.0"
85.25.185.196 - - [01/May/2023:00:30:14 +0200] "GET /sitemap.xml HTTP/1.1" 404 - "-" "Mozilla/5.0 (Macintosh; Intel Mac OS X 10.15; rv:103.0) Gecko/20100101 Firefox/103.0"
85.25.185.196 - - [01/May/2023:00:30:20 +0200] "GET / HTTP/1.1" 404 - "-" "Mozilla/5.0 (Macintosh; Intel Mac OS X 10.15; rv:103.0) Gecko/20100101 Firefox/103.0"
114.119.136.203 - - [01/May/2023:02:00:10 +0200] "GET /robots.txt HTTP/1.1" 404 - "-" "Mozilla/5.0 (compatible;PetalBot;+https://webmaster.petalsearch.com/site/petalbot)"
54.36.148.241 - - [01/May/2023:05:01:58 +0200] "GET /robots.txt HTTP/1.1" 404 - "-" "Mozilla/5.0 (compatible; AhrefsBot/7.0; +http://ahrefs.com/robot/)"
54.36.148.82 - - [01/May/2023:05:01:59 +0200] "GET / HTTP/1.1" 404 - "-" "Mozilla/5.0 (compatible; AhrefsBot/7.0; +http://ahrefs.com/robot/)"
102.165.51.104 - - [01/May/2023:12:38:25 +0200] "HEAD /adminer.php HTTP/1.1" 404 - "-" "curl/7.68.0"
102.165.51.104 - - [01/May/2023:12:38:26 +0200] "GET /adminer.php HTTP/1.1" 404 - "-" "curl/7.68.0"
3.138.122.206 - - [01/May/2023:14:48:40 +0200] "GET / HTTP/1.1" 404 - "-" "Mozilla/5.0 (Macintosh; Intel Mac OS X 10_15_7) AppleWebKit/537.36 (KHTML, like Gecko) Chrome/91.0.4472.114 Safari/537.36"
3.138.122.206 - - [01/May/2023:14:48:42 +0200] "GET / HTTP/1.1" 404 - "-" "Mozilla/5.0 (Macintosh; Intel Mac OS X 10_15_7) AppleWebKit/537.36 (KHTML, like Gecko) Chrome/91.0.4472.114 Safari/537.36"
3.138.122.206 - - [01/May/2023:14:48:43 +0200] "GET /favicon.ico HTTP/1.1" 404 - "http://www.morusverlag.de/" "Mozilla/5.0 (Macintosh; Intel Mac OS X 10_15_7) AppleWebKit/537.36 (KHTML, like Gecko) Chrome/91.0.4472.114 Safari/537.36"
66.249.74.91 - - [01/May/2023:16:08:12 +0200] "GET /robots.txt HTTP/1.1" 404 - "-" "Mozilla/5.0 (compatible; Googlebot/2.1; +http://www.google.com/bot.html)"
66.249.74.95 - - [01/May/2023:16:08:13 +0200] "GET /favicon.ico HTTP/1.1" 404 - "-" "Googlebot-Image/1.0"
66.249.74.91 - - [01/May/2023:19:45:50 +0200] "GET / HTTP/1.1" 404 - "-" "Mozilla/5.0 (Linux; Android 6.0.1; Nexus 5X Build/MMB29P) AppleWebKit/537.36 (KHTML, like Gecko) Chrome/112.0.5615.142 Mobile Safari/537.36 (compatible; Googlebot/2.1; +http://www.google.com/bot.html)"
66.249.74.91 - - [01/May/2023:20:59:59 +0200] "GET / HTTP/1.1" 404 - "-" "Mozilla/5.0 (compatible; Googlebot/2.1; +http://www.google.com/bot.html)"
66.249.74.91 - - [01/May/2023:21:29:59 +0200] "GET /buecher/rezensionen_psalmen.html HTTP/1.1" 404 - "-" "Mozilla/5.0 (compatible; Googlebot/2.1; +http://www.google.com/bot.html)"
40.77.167.184 - - [01/May/2023:21:35:24 +0200] "GET /robots.txt HTTP/1.1" 404 - "-" "Mozilla/5.0 AppleWebKit/537.36 (KHTML, like Gecko; compatible; bingbot/2.0; +http://www.bing.com/bingbot.htm) Chrome/103.0.5060.134 Safari/537.36"
40.77.167.100 - - [01/May/2023:21:35:32 +0200] "GET /buecher/gesichter/25.jpg HTTP/1.1" 404 - "-" "Mozilla/5.0 AppleWebKit/537.36 (KHTML, like Gecko; compatible; bingbot/2.0; +http://www.bing.com/bingbot.htm) Chrome/103.0.5060.134 Safari/537.36"
40.77.167.100 - - [01/May/2023:21:35:32 +0200] "GET /buecher/gesichter/28.jpg HTTP/1.1" 404 - "-" "Mozilla/5.0 AppleWebKit/537.36 (KHTML, like Gecko; compatible; bingbot/2.0; +http://www.bing.com/bingbot.htm) Chrome/103.0.5060.134 Safari/537.36"
52.167.144.94 - - [01/May/2023:21:35:36 +0200] "GET /buecher/gesichter/30.jpg HTTP/1.1" 404 - "-" "Mozilla/5.0 AppleWebKit/537.36 (KHTML, like Gecko; compatible; bingbot/2.0; +http://www.bing.com/bingbot.htm) Chrome/103.0.5060.134 Safari/537.36"
40.77.167.208 - - [01/May/2023:21:35:41 +0200] "GET /buecher/gesichter/06.jpg HTTP/1.1" 404 - "-" "Mozilla/5.0 AppleWebKit/537.36 (KHTML, like Gecko; compatible; bingbot/2.0; +http://www.bing.com/bingbot.htm) Chrome/103.0.5060.134 Safari/537.36"
40.77.167.208 - - [01/May/2023:21:35:41 +0200] "GET /buecher/gesichter/09.jpg HTTP/1.1" 404 - "-" "Mozilla/5.0 AppleWebKit/537.36 (KHTML, like Gecko; compatible; bingbot/2.0; +http://www.bing.com/bingbot.htm) Chrome/103.0.5060.134 Safari/537.36"
34.74.6.52 - - [01/May/2023:21:41:34 +0200] "GET /robots.txt HTTP/1.0" 404 - "-" "ZoominfoBot (zoominfobot at zoominfo dot com)"
34.74.6.52 - - [01/May/2023:21:41:34 +0200] "GET / HTTP/1.0" 404 - "-" "ZoominfoBot (zoominfobot at zoominfo dot com)"
40.77.167.208 - - [01/May/2023:22:57:32 +0200] "GET /buecher/gesichter/06.jpg HTTP/1.1" 404 - "-" "Mozilla/5.0 AppleWebKit/537.36 (KHTML, like Gecko; compatible; bingbot/2.0; +http://www.bing.com/bingbot.htm) Chrome/103.0.5060.134 Safari/537.36"
40.77.167.208 - - [01/May/2023:22:57:32 +0200] "GET /buecher/gesichter/06.jpg HTTP/1.1" 404 - "-" "Mozilla/5.0 AppleWebKit/537.36 (KHTML, like Gecko; compatible; bingbot/2.0; +http://www.bing.com/bingbot.htm) Chrome/103.0.5060.134 Safari/537.36"
40.77.167.208 - - [01/May/2023:22:57:32 +0200] "GET /buecher/gesichter/09.jpg HTTP/1.1" 404 - "-" "Mozilla/5.0 AppleWebKit/537.36 (KHTML, like Gecko; compatible; bingbot/2.0; +http://www.bing.com/bingbot.htm) Chrome/103.0.5060.134 Safari/537.36"
40.77.167.208 - - [01/May/2023:22:57:33 +0200] "GET /buecher/gesichter/09.jpg HTTP/1.1" 404 - "-" "Mozilla/5.0 AppleWebKit/537.36 (KHTML, like Gecko; compatible; bingbot/2.0; +http://www.bing.com/bingbot.htm) Chrome/103.0.5060.134 Safari/537.36"
40.77.167.208 - - [01/May/2023:22:57:33 +0200] "GET /buecher/gesichter/09.jpg HTTP/1.1" 404 - "-" "Mozilla/5.0 AppleWebKit/537.36 (KHTML, like Gecko; compatible; bingbot/2.0; +http://www.bing.com/bingbot.htm) Chrome/103.0.5060.134 Safari/537.36"
52.167.144.94 - - [01/May/2023:22:57:37 +0200] "GET /buecher/gesichter/30.jpg HTTP/1.1" 404 - "-" "Mozilla/5.0 AppleWebKit/537.36 (KHTML, like Gecko; compatible; bingbot/2.0; +http://www.bing.com/bingbot.htm) Chrome/103.0.5060.134 Safari/537.36"
40.77.167.100 - - [01/May/2023:22:57:41 +0200] "GET /buecher/gesichter/25.jpg HTTP/1.1" 404 - "-" "Mozilla/5.0 AppleWebKit/537.36 (KHTML, like Gecko; compatible; bingbot/2.0; +http://www.bing.com/bingbot.htm) Chrome/103.0.5060.134 Safari/537.36"
40.77.167.100 - - [01/May/2023:22:57:42 +0200] "GET /buecher/gesichter/25.jpg HTTP/1.1" 404 - "-" "Mozilla/5.0 AppleWebKit/537.36 (KHTML, like Gecko; compatible; bingbot/2.0; +http://www.bing.com/bingbot.htm) Chrome/103.0.5060.134 Safari/537.36"
40.77.167.100 - - [01/May/2023:22:57:42 +0200] "GET /buecher/gesichter/28.jpg HTTP/1.1" 404 - "-" "Mozilla/5.0 AppleWebKit/537.36 (KHTML, like Gecko; compatible; bingbot/2.0; +http://www.bing.com/bingbot.htm) Chrome/103.0.5060.134 Safari/537.36"
40.77.167.100 - - [01/May/2023:22:57:42 +0200] "GET /buecher/gesichter/28.jpg HTTP/1.1" 404 - "-" "Mozilla/5.0 AppleWebKit/537.36 (KHTML, like Gecko; compatible; bingbot/2.0; +http://www.bing.com/bingbot.htm) Chrome/103.0.5060.134 Safari/537.36"
66.249.74.93 - - [01/May/2023:23:46:48 +0200] "GET /buecher/rezensionen_psalmen.html HTTP/1.1" 404 - "-" "Mozilla/5.0 (Linux; Android 6.0.1; Nexus 5X Build/MMB29P) AppleWebKit/537.36 (KHTML, like Gecko) Chrome/112.0.5615.142 Mobile Safari/537.36 (compatible; Googlebot/2.1; +http://www.google.com/bot.html)"
172.177.206.10 - - [01/May/2023:23:58:52 +0200] "GET / HTTP/1.1" 404 - "-" "Mozilla/5.0 (Windows NT 10.0; Win64; x64) AppleWebKit/537.36 (KHTML, like Gecko) Chrome/105.0.0.0 Safari/537.36"
66.249.74.93 - - [02/May/2023:00:01:48 +0200] "GET /sonderthemen/az1999.pdf HTTP/1.1" 404 - "-" "Mozilla/5.0 (compatible; Googlebot/2.1; +http://www.google.com/bot.html)"
66.249.74.91 - - [02/May/2023:00:16:48 +0200] "GET /sonderthemen/az1999.pdf HTTP/1.1" 404 - "-" "Mozilla/5.0 (Linux; Android 6.0.1; Nexus 5X Build/MMB29P) AppleWebKit/537.36 (KHTML, like Gecko) Chrome/112.0.5615.142 Mobile Safari/537.36 (compatible; Googlebot/2.1; +http://www.google.com/bot.html)"
34.89.198.81 - - [02/May/2023:01:07:34 +0200] "GET /robots.txt HTTP/1.1" 404 - "-" "Mozilla/5.0 (compatible; Googlebot/2.1; +http://www.google.com/bot.html)"
34.89.198.83 - - [02/May/2023:01:07:35 +0200] "GET / HTTP/1.1" 404 - "-" "Mozilla/5.0 (compatible; Googlebot/2.1; +http://www.google.com/bot.html)"
34.216.222.78 - - [02/May/2023:03:28:38 +0200] "GET /robots.txt HTTP/1.1" 404 - "-" "Mozilla/5.0 (Windows NT 10.0; Win64; x64) AppleWebKit/537.36 (KHTML, like Gecko) Chrome/106.0.0.0 Safari/537.36 Edg/106.0.1370.52"
34.216.222.78 - - [02/May/2023:03:28:39 +0200] "GET / HTTP/1.1" 404 - "-" "Mozilla/5.0 (Windows NT 10.0; Win64; x64) AppleWebKit/537.36 (KHTML, like Gecko) Chrome/106.0.0.0 Safari/537.36 Edg/106.0.1370.52"
54.188.75.106 - - [02/May/2023:03:29:40 +0200] "GET /robots.txt HTTP/1.1" 404 - "-" "Mozilla/5.0 (Windows NT 10.0; Win64; x64) AppleWebKit/537.36 (KHTML, like Gecko) Chrome/106.0.0.0 Safari/537.36 Edg/106.0.1370.52"
54.188.75.106 - - [02/May/2023:03:29:40 +0200] "GET / HTTP/1.1" 404 - "-" "Mozilla/5.0 (Windows NT 10.0; Win64; x64) AppleWebKit/537.36 (KHTML, like Gecko) Chrome/106.0.0.0 Safari/537.36 Edg/106.0.1370.52"
114.119.153.186 - - [02/May/2023:04:31:54 +0200] "GET /robots.txt HTTP/1.1" 404 - "-" "Mozilla/5.0 (compatible;PetalBot;+https://webmaster.petalsearch.com/site/petalbot)"
66.249.74.91 - - [02/May/2023:05:07:33 +0200] "GET /robots.txt HTTP/1.1" 404 - "-" "Mozilla/5.0 (compatible; Googlebot/2.1; +http://www.google.com/bot.html)"
66.249.74.93 - - [02/May/2023:05:07:33 +0200] "GET / HTTP/1.1" 404 - "-" "Mozilla/5.0 (compatible; Googlebot/2.1; +http://www.google.com/bot.html)"
34.220.110.132 - - [02/May/2023:08:32:47 +0200] "GET /robots.txt HTTP/1.1" 404 - "-" "Mozilla/5.0 (Windows NT 10.0; Win64; x64) AppleWebKit/537.36 (KHTML, like Gecko) Chrome/106.0.0.0 Safari/537.36 Edg/106.0.1370.52"
34.220.110.132 - - [02/May/2023:08:32:47 +0200] "GET / HTTP/1.1" 404 - "-" "Mozilla/5.0 (Windows NT 10.0; Win64; x64) AppleWebKit/537.36 (KHTML, like Gecko) Chrome/106.0.0.0 Safari/537.36 Edg/106.0.1370.52"
54.218.81.111 - - [02/May/2023:08:34:08 +0200] "GET /robots.txt HTTP/1.1" 404 - "-" "Mozilla/5.0 (Windows NT 10.0; Win64; x64) AppleWebKit/537.36 (KHTML, like Gecko) Chrome/106.0.0.0 Safari/537.36 Edg/106.0.1370.52"
54.218.81.111 - - [02/May/2023:08:34:08 +0200] "GET / HTTP/1.1" 404 - "-" "Mozilla/5.0 (Windows NT 10.0; Win64; x64) AppleWebKit/537.36 (KHTML, like Gecko) Chrome/106.0.0.0 Safari/537.36 Edg/106.0.1370.52"
52.167.144.94 - - [02/May/2023:08:50:45 +0200] "GET /buecher/gesichter/30.jpg HTTP/1.1" 404 - "-" "Mozilla/5.0 AppleWebKit/537.36 (KHTML, like Gecko; compatible; bingbot/2.0; +http://www.bing.com/bingbot.htm) Chrome/103.0.5060.134 Safari/537.36"
40.77.167.208 - - [02/May/2023:08:50:50 +0200] "GET /buecher/gesichter/06.jpg HTTP/1.1" 404 - "-" "Mozilla/5.0 AppleWebKit/537.36 (KHTML, like Gecko; compatible; bingbot/2.0; +http://www.bing.com/bingbot.htm) Chrome/103.0.5060.134 Safari/537.36"
40.77.167.208 - - [02/May/2023:08:50:50 +0200] "GET /buecher/gesichter/09.jpg HTTP/1.1" 404 - "-" "Mozilla/5.0 AppleWebKit/537.36 (KHTML, like Gecko; compatible; bingbot/2.0; +http://www.bing.com/bingbot.htm) Chrome/103.0.5060.134 Safari/537.36"
40.77.167.100 - - [02/May/2023:08:50:55 +0200] "GET /buecher/gesichter/25.jpg HTTP/1.1" 404 - "-" "Mozilla/5.0 AppleWebKit/537.36 (KHTML, like Gecko; compatible; bingbot/2.0; +http://www.bing.com/bingbot.htm) Chrome/103.0.5060.134 Safari/537.36"
40.77.167.100 - - [02/May/2023:08:50:55 +0200] "GET /buecher/gesichter/28.jpg HTTP/1.1" 404 - "-" "Mozilla/5.0 AppleWebKit/537.36 (KHTML, like Gecko; compatible; bingbot/2.0; +http://www.bing.com/bingbot.htm) Chrome/103.0.5060.134 Safari/537.36"
4.246.124.237 - - [02/May/2023:11:07:40 +0200] "GET /robots.txt HTTP/1.1" 404 - "-" "Mozilla/5.0 (Windows NT 10.0; Win64; x64) AppleWebKit/537.36 (KHTML, like Gecko) Chrome/110.0.0.0 Safari/537.36 Edg/110.0.1587.57"
4.246.124.237 - - [02/May/2023:11:07:40 +0200] "GET /buecher/gesichter/25.jpg HTTP/1.1" 404 - "-" "Mozilla/5.0 (Windows NT 10.0; Win64; x64) AppleWebKit/537.36 (KHTML, like Gecko) Chrome/110.0.0.0 Safari/537.36 Edg/110.0.1587.57"
35.196.21.185 - - [02/May/2023:12:14:14 +0200] "GET /robots.txt HTTP/1.0" 404 - "-" "ZoominfoBot (zoominfobot at zoominfo dot com)"
35.196.21.185 - - [02/May/2023:12:14:14 +0200] "GET / HTTP/1.0" 404 - "-" "ZoominfoBot (zoominfobot at zoominfo dot com)"
4.246.124.237 - - [02/May/2023:14:10:04 +0200] "GET /robots.txt HTTP/1.1" 404 - "-" "Mozilla/5.0 (Windows NT 10.0; Win64; x64) AppleWebKit/537.36 (KHTML, like Gecko) Chrome/110.0.0.0 Safari/537.36 Edg/110.0.1587.57"
4.246.124.237 - - [02/May/2023:14:10:05 +0200] "GET /buecher/gesichter/28.jpg HTTP/1.1" 404 - "-" "Mozilla/5.0 (Windows NT 10.0; Win64; x64) AppleWebKit/537.36 (KHTML, like Gecko) Chrome/110.0.0.0 Safari/537.36 Edg/110.0.1587.57"
4.246.124.237 - - [02/May/2023:14:24:04 +0200] "GET /robots.txt HTTP/1.1" 404 - "-" "Mozilla/5.0 (Windows NT 10.0; Win64; x64) AppleWebKit/537.36 (KHTML, like Gecko) Chrome/110.0.0.0 Safari/537.36 Edg/110.0.1587.57"
4.246.124.237 - - [02/May/2023:14:24:04 +0200] "GET /buecher/gesichter/30.jpg HTTP/1.1" 404 - "-" "Mozilla/5.0 (Windows NT 10.0; Win64; x64) AppleWebKit/537.36 (KHTML, like Gecko) Chrome/110.0.0.0 Safari/537.36 Edg/110.0.1587.57"
5.161.145.167 - - [02/May/2023:15:01:23 +0200] "GET /cds/hymnos_akathistos.html HTTP/1.1" 404 - "-" "Mozilla/5.0 (Windows NT 10.0; Win64; x64) AppleWebKit/537.36 (KHTML, like Gecko) Chrome/84.0.4147.105 Safari/537.36"
66.249.68.59 - - [02/May/2023:15:29:52 +0200] "GET /cds/simplay_control.swf HTTP/1.1" 404 - "-" "Mozilla/5.0 (Linux; Android 6.0.1; Nexus 5X Build/MMB29P) AppleWebKit/537.36 (KHTML, like Gecko) Chrome/112.0.5615.142 Mobile Safari/537.36 (compatible; Googlebot/2.1; +http://www.google.com/bot.html)"
66.249.68.59 - - [02/May/2023:15:44:52 +0200] "GET /buecher/guardini/bd6.jpg HTTP/1.1" 404 - "-" "Googlebot-Image/1.0"
35.86.143.137 - - [02/May/2023:16:35:03 +0200] "GET /robots.txt HTTP/1.1" 404 - "-" "Mozilla/5.0 (Windows NT 10.0; Win64; x64) AppleWebKit/537.36 (KHTML, like Gecko) Chrome/106.0.0.0 Safari/537.36 Edg/106.0.1370.52"
35.86.143.137 - - [02/May/2023:16:35:03 +0200] "GET / HTTP/1.1" 404 - "-" "Mozilla/5.0 (Windows NT 10.0; Win64; x64) AppleWebKit/537.36 (KHTML, like Gecko) Chrome/106.0.0.0 Safari/537.36 Edg/106.0.1370.52"
34.79.174.58 - - [02/May/2023:17:20:03 +0200] "GET / HTTP/1.1" 404 - "-" "Mozilla/5.0 (Windows NT 10.0; Win64; x64) AppleWebKit/537.36 (KHTML, like Gecko) Chrome/84.0.4147.105 Safari/537.36"
216.244.66.237 - - [02/May/2023:18:27:13 +0200] "GET /robots.txt HTTP/1.1" 404 - "-" "Mozilla/5.0 (compatible; DotBot/1.2; +https://opensiteexplorer.org/dotbot; help@moz.com)"
216.244.66.237 - - [02/May/2023:18:33:22 +0200] "GET /gotteslob/gotteslob_alle.jpg HTTP/1.1" 404 - "-" "Mozilla/5.0 (compatible; DotBot/1.2; +https://opensiteexplorer.org/dotbot; help@moz.com)"
52.167.144.94 - - [02/May/2023:18:53:43 +0200] "GET /buecher/gesichter/30.jpg HTTP/1.1" 404 - "-" "Mozilla/5.0 AppleWebKit/537.36 (KHTML, like Gecko; compatible; bingbot/2.0; +http://www.bing.com/bingbot.htm) Chrome/103.0.5060.134 Safari/537.36"
40.77.167.208 - - [02/May/2023:18:53:47 +0200] "GET /buecher/gesichter/06.jpg HTTP/1.1" 404 - "-" "Mozilla/5.0 AppleWebKit/537.36 (KHTML, like Gecko; compatible; bingbot/2.0; +http://www.bing.com/bingbot.htm) Chrome/103.0.5060.134 Safari/537.36"
40.77.167.208 - - [02/May/2023:18:53:47 +0200] "GET /buecher/gesichter/09.jpg HTTP/1.1" 404 - "-" "Mozilla/5.0 AppleWebKit/537.36 (KHTML, like Gecko; compatible; bingbot/2.0; +http://www.bing.com/bingbot.htm) Chrome/103.0.5060.134 Safari/537.36"
40.77.167.208 - - [02/May/2023:18:53:47 +0200] "GET /buecher/gesichter/09.jpg HTTP/1.1" 404 - "-" "Mozilla/5.0 AppleWebKit/537.36 (KHTML, like Gecko; compatible; bingbot/2.0; +http://www.bing.com/bingbot.htm) Chrome/103.0.5060.134 Safari/537.36"
40.77.167.100 - - [02/May/2023:18:53:47 +0200] "GET /buecher/gesichter/25.jpg HTTP/1.1" 404 - "-" "Mozilla/5.0 AppleWebKit/537.36 (KHTML, like Gecko; compatible; bingbot/2.0; +http://www.bing.com/bingbot.htm) Chrome/103.0.5060.134 Safari/537.36"
40.77.167.100 - - [02/May/2023:18:53:57 +0200] "GET /buecher/gesichter/28.jpg HTTP/1.1" 404 - "-" "Mozilla/5.0 AppleWebKit/537.36 (KHTML, like Gecko; compatible; bingbot/2.0; +http://www.bing.com/bingbot.htm) Chrome/103.0.5060.134 Safari/537.36"
34.23.43.174 - - [02/May/2023:19:02:09 +0200] "GET /robots.txt HTTP/1.0" 404 - "-" "ZoominfoBot (zoominfobot at zoominfo dot com)"
34.23.43.174 - - [02/May/2023:19:02:09 +0200] "GET / HTTP/1.0" 404 - "-" "ZoominfoBot (zoominfobot at zoominfo dot com)"
66.249.68.59 - - [02/May/2023:22:44:58 +0200] "GET /robots.txt HTTP/1.1" 404 - "-" "Mozilla/5.0 (compatible; Googlebot/2.1; +http://www.google.com/bot.html)"
66.249.68.61 - - [02/May/2023:22:44:58 +0200] "GET /leserreisen HTTP/1.1" 404 - "-" "Mozilla/5.0 (Linux; Android 6.0.1; Nexus 5X Build/MMB29P) AppleWebKit/537.36 (KHTML, like Gecko) Chrome/112.0.5615.142 Mobile Safari/537.36 (compatible; Googlebot/2.1; +http://www.google.com/bot.html)"
85.25.185.196 - - [02/May/2023:23:22:35 +0200] "GET /robots.txt HTTP/1.1" 404 - "-" "Mozilla/5.0 (Macintosh; Intel Mac OS X 10.15; rv:103.0) Gecko/20100101 Firefox/103.0"
85.25.185.196 - - [02/May/2023:23:22:35 +0200] "GET /sitemap.xml HTTP/1.1" 404 - "-" "Mozilla/5.0 (Macintosh; Intel Mac OS X 10.15; rv:103.0) Gecko/20100101 Firefox/103.0"
85.25.185.196 - - [02/May/2023:23:22:39 +0200] "GET / HTTP/1.1" 404 - "-" "Mozilla/5.0 (Macintosh; Intel Mac OS X 10.15; rv:103.0) Gecko/20100101 Firefox/103.0"
174.138.68.153 - - [03/May/2023:02:20:32 +0200] "GET /aktuell.html HTTP/1.1" 404 - "-" "WPMU DEV Broken Link Checker Spider"
52.167.144.94 - - [03/May/2023:04:50:29 +0200] "GET /buecher/gesichter/30.jpg HTTP/1.1" 404 - "-" "Mozilla/5.0 AppleWebKit/537.36 (KHTML, like Gecko; compatible; bingbot/2.0; +http://www.bing.com/bingbot.htm) Chrome/103.0.5060.134 Safari/537.36"
40.77.167.100 - - [03/May/2023:04:50:33 +0200] "GET /buecher/gesichter/25.jpg HTTP/1.1" 404 - "-" "Mozilla/5.0 AppleWebKit/537.36 (KHTML, like Gecko; compatible; bingbot/2.0; +http://www.bing.com/bingbot.htm) Chrome/103.0.5060.134 Safari/537.36"
40.77.167.208 - - [03/May/2023:04:50:33 +0200] "GET /buecher/gesichter/06.jpg HTTP/1.1" 404 - "-" "Mozilla/5.0 AppleWebKit/537.36 (KHTML, like Gecko; compatible; bingbot/2.0; +http://www.bing.com/bingbot.htm) Chrome/103.0.5060.134 Safari/537.36"
40.77.167.208 - - [03/May/2023:04:50:33 +0200] "GET /buecher/gesichter/09.jpg HTTP/1.1" 404 - "-" "Mozilla/5.0 AppleWebKit/537.36 (KHTML, like Gecko; compatible; bingbot/2.0; +http://www.bing.com/bingbot.htm) Chrome/103.0.5060.134 Safari/537.36"
40.77.167.100 - - [03/May/2023:04:50:43 +0200] "GET /buecher/gesichter/28.jpg HTTP/1.1" 404 - "-" "Mozilla/5.0 AppleWebKit/537.36 (KHTML, like Gecko; compatible; bingbot/2.0; +http://www.bing.com/bingbot.htm) Chrome/103.0.5060.134 Safari/537.36"
54.215.83.81 - - [03/May/2023:06:28:36 +0200] "GET / HTTP/1.1" 404 - "-" "Apache-HttpClient/4.5.9 (Java/1.8.0_372)"
54.215.83.81 - - [03/May/2023:06:39:38 +0200] "GET / HTTP/1.1" 404 - "-" "Apache-HttpClient/4.5.9 (Java/1.8.0_372)"
85.25.185.196 - - [03/May/2023:06:53:01 +0200] "GET /robots.txt HTTP/1.1" 404 - "-" "Mozilla/5.0 (Macintosh; Intel Mac OS X 10.15; rv:103.0) Gecko/20100101 Firefox/103.0"
85.25.185.196 - - [03/May/2023:06:53:01 +0200] "GET /sitemap.xml HTTP/1.1" 404 - "-" "Mozilla/5.0 (Macintosh; Intel Mac OS X 10.15; rv:103.0) Gecko/20100101 Firefox/103.0"
35.196.220.236 - - [03/May/2023:07:08:49 +0200] "GET /robots.txt HTTP/1.0" 404 - "-" "ZoominfoBot (zoominfobot at zoominfo dot com)"
35.196.220.236 - - [03/May/2023:07:08:50 +0200] "GET / HTTP/1.0" 404 - "-" "ZoominfoBot (zoominfobot at zoominfo dot com)"
114.119.154.118 - - [03/May/2023:09:16:25 +0200] "GET /robots.txt HTTP/1.1" 404 - "-" "Mozilla/5.0 (compatible;PetalBot;+https://webmaster.petalsearch.com/site/petalbot)"
85.25.185.196 - - [03/May/2023:11:05:12 +0200] "GET /robots.txt HTTP/1.1" 404 - "-" "Mozilla/5.0 (Macintosh; Intel Mac OS X 10.15; rv:103.0) Gecko/20100101 Firefox/103.0"
85.25.185.196 - - [03/May/2023:11:05:12 +0200] "GET /sitemap.xml HTTP/1.1" 404 - "-" "Mozilla/5.0 (Macintosh; Intel Mac OS X 10.15; rv:103.0) Gecko/20100101 Firefox/103.0"
85.25.185.196 - - [03/May/2023:11:05:22 +0200] "GET / HTTP/1.1" 404 - "-" "Mozilla/5.0 (Macintosh; Intel Mac OS X 10.15; rv:103.0) Gecko/20100101 Firefox/103.0"
54.179.220.255 - - [03/May/2023:11:11:39 +0200] "GET / HTTP/1.1" 404 - "-" "'Mozilla/5.0 (Linux; Android 6.0; Nexus 5 Build/MRA58N) AppleWebKit/537.36 (KHTML, like Gecko) Chrome/65.0.3325.181 Mobile Safari/537.36'Bytespider;https://zhanzhang.toutiao.com/"
46.137.234.97 - - [03/May/2023:11:15:37 +0200] "GET /robots.txt HTTP/1.1" 404 - "-" "'Mozilla/5.0 (Linux; Android 6.0; Nexus 5 Build/MRA58N) AppleWebKit/537.36 (KHTML, like Gecko) Chrome/65.0.3325.181 Mobile Safari/537.36'Bytespider;https://zhanzhang.toutiao.com/"
51.222.253.10 - - [03/May/2023:14:20:02 +0200] "GET /robots.txt HTTP/1.1" 404 - "-" "Mozilla/5.0 (compatible; AhrefsBot/7.0; +http://ahrefs.com/robot/)"
40.77.167.208 - - [03/May/2023:16:53:48 +0200] "GET /buecher/gesichter/06.jpg HTTP/1.1" 404 - "-" "Mozilla/5.0 AppleWebKit/537.36 (KHTML, like Gecko; compatible; bingbot/2.0; +http://www.bing.com/bingbot.htm) Chrome/103.0.5060.134 Safari/537.36"
40.77.167.208 - - [03/May/2023:16:53:48 +0200] "GET /buecher/gesichter/09.jpg HTTP/1.1" 404 - "-" "Mozilla/5.0 AppleWebKit/537.36 (KHTML, like Gecko; compatible; bingbot/2.0; +http://www.bing.com/bingbot.htm) Chrome/103.0.5060.134 Safari/537.36"
52.167.144.94 - - [03/May/2023:16:53:58 +0200] "GET /buecher/gesichter/30.jpg HTTP/1.1" 404 - "-" "Mozilla/5.0 AppleWebKit/537.36 (KHTML, like Gecko; compatible; bingbot/2.0; +http://www.bing.com/bingbot.htm) Chrome/103.0.5060.134 Safari/537.36"
40.77.167.100 - - [03/May/2023:16:54:02 +0200] "GET /buecher/gesichter/25.jpg HTTP/1.1" 404 - "-" "Mozilla/5.0 AppleWebKit/537.36 (KHTML, like Gecko; compatible; bingbot/2.0; +http://www.bing.com/bingbot.htm) Chrome/103.0.5060.134 Safari/537.36"
40.77.167.100 - - [03/May/2023:16:54:02 +0200] "GET /buecher/gesichter/28.jpg HTTP/1.1" 404 - "-" "Mozilla/5.0 AppleWebKit/537.36 (KHTML, like Gecko; compatible; bingbot/2.0; +http://www.bing.com/bingbot.htm) Chrome/103.0.5060.134 Safari/537.36"
77.75.76.163 - - [03/May/2023:17:52:35 +0200] "GET /robots.txt HTTP/1.1" 404 - "-" "Mozilla/5.0 (compatible; SeznamBot/4.0-RC1; +http://napoveda.seznam.cz/seznambot-intro/)"
77.75.78.171 - - [03/May/2023:17:52:35 +0200] "GET /jahrbuch/index.html HTTP/1.1" 404 - "-" "Mozilla/5.0 (compatible; SeznamBot/4.0-RC1; +http://napoveda.seznam.cz/seznambot-intro/)"
34.148.141.36 - - [03/May/2023:18:16:52 +0200] "GET /robots.txt HTTP/1.0" 404 - "-" "ZoominfoBot (zoominfobot at zoominfo dot com)"
34.148.141.36 - - [03/May/2023:18:16:52 +0200] "GET / HTTP/1.0" 404 - "-" "ZoominfoBot (zoominfobot at zoominfo dot com)"
52.215.182.250 - - [03/May/2023:18:55:35 +0200] "GET / HTTP/1.0" 404 - "-" "Mozilla/5.0 (compatible; NetcraftSurveyAgent/1.0; +info@netcraft.com)"
85.25.185.196 - - [03/May/2023:19:17:20 +0200] "GET /robots.txt HTTP/1.1" 404 - "-" "Mozilla/5.0 (Macintosh; Intel Mac OS X 10.15; rv:103.0) Gecko/20100101 Firefox/103.0"
85.25.185.196 - - [03/May/2023:19:17:20 +0200] "GET /sitemap.xml HTTP/1.1" 404 - "-" "Mozilla/5.0 (Macintosh; Intel Mac OS X 10.15; rv:103.0) Gecko/20100101 Firefox/103.0"
85.25.185.196 - - [03/May/2023:19:17:26 +0200] "GET / HTTP/1.1" 404 - "-" "Mozilla/5.0 (Macintosh; Intel Mac OS X 10.15; rv:103.0) Gecko/20100101 Firefox/103.0"
4.246.124.237 - - [03/May/2023:20:33:36 +0200] "GET /robots.txt HTTP/1.1" 404 - "-" "Mozilla/5.0 (Windows NT 10.0; Win64; x64) AppleWebKit/537.36 (KHTML, like Gecko) Chrome/110.0.0.0 Safari/537.36 Edg/110.0.1587.57"
4.246.124.237 - - [03/May/2023:20:33:36 +0200] "GET /buecher/gesichter/06.jpg HTTP/1.1" 404 - "-" "Mozilla/5.0 (Windows NT 10.0; Win64; x64) AppleWebKit/537.36 (KHTML, like Gecko) Chrome/110.0.0.0 Safari/537.36 Edg/110.0.1587.57"
54.78.105.166 - - [04/May/2023:00:54:57 +0200] "GET /robots.txt HTTP/1.1" 404 - "-" "Mozilla/5.0 (Macintosh; Intel Mac OS X 10_15_5) AppleWebKit/537.36 (KHTML, like Gecko) Chrome/83.0.4103.61 Safari/537.36"
54.78.105.166 - - [04/May/2023:00:55:00 +0200] "GET /jahrbuch/index.html HTTP/1.1" 404 - "http://bela-loewenherz.de/schreiben-reden-handeln/statements-veroeffentlichungen/" "Mozilla/5.0 (Macintosh; Intel Mac OS X 10_15_5) AppleWebKit/537.36 (KHTML, like Gecko) Chrome/83.0.4103.61 Safari/537.36"
34.76.177.194 - - [04/May/2023:02:06:48 +0200] "GET /robots.txt HTTP/1.1" 404 - "-" "DnBCrawler-Analytics"
34.76.177.194 - - [04/May/2023:02:06:48 +0200] "GET / HTTP/1.1" 404 - "-" "DnBCrawler-Analytics"
114.119.143.225 - - [04/May/2023:04:07:17 +0200] "GET /robots.txt HTTP/1.1" 404 - "-" "Mozilla/5.0 (compatible;PetalBot;+https://webmaster.petalsearch.com/site/petalbot)"
40.77.167.184 - - [04/May/2023:05:05:07 +0200] "GET /robots.txt HTTP/1.1" 404 - "-" "Mozilla/5.0 AppleWebKit/537.36 (KHTML, like Gecko; compatible; bingbot/2.0; +http://www.bing.com/bingbot.htm) Chrome/103.0.5060.134 Safari/537.36"
40.77.167.208 - - [04/May/2023:05:05:17 +0200] "GET /buecher/gesichter/06.jpg HTTP/1.1" 404 - "-" "Mozilla/5.0 AppleWebKit/537.36 (KHTML, like Gecko; compatible; bingbot/2.0; +http://www.bing.com/bingbot.htm) Chrome/103.0.5060.134 Safari/537.36"
40.77.167.208 - - [04/May/2023:05:05:18 +0200] "GET /buecher/gesichter/09.jpg HTTP/1.1" 404 - "-" "Mozilla/5.0 AppleWebKit/537.36 (KHTML, like Gecko; compatible; bingbot/2.0; +http://www.bing.com/bingbot.htm) Chrome/103.0.5060.134 Safari/537.36"
40.77.167.100 - - [04/May/2023:05:05:19 +0200] "GET /buecher/gesichter/25.jpg HTTP/1.1" 404 - "-" "Mozilla/5.0 AppleWebKit/537.36 (KHTML, like Gecko; compatible; bingbot/2.0; +http://www.bing.com/bingbot.htm) Chrome/103.0.5060.134 Safari/537.36"
52.167.144.94 - - [04/May/2023:05:05:22 +0200] "GET /buecher/gesichter/30.jpg HTTP/1.1" 404 - "-" "Mozilla/5.0 AppleWebKit/537.36 (KHTML, like Gecko; compatible; bingbot/2.0; +http://www.bing.com/bingbot.htm) Chrome/103.0.5060.134 Safari/537.36"
40.77.167.100 - - [04/May/2023:05:05:28 +0200] "GET /buecher/gesichter/28.jpg HTTP/1.1" 404 - "-" "Mozilla/5.0 AppleWebKit/537.36 (KHTML, like Gecko; compatible; bingbot/2.0; +http://www.bing.com/bingbot.htm) Chrome/103.0.5060.134 Safari/537.36"
40.77.167.100 - - [04/May/2023:05:05:28 +0200] "GET /buecher/gesichter/28.jpg HTTP/1.1" 404 - "-" "Mozilla/5.0 AppleWebKit/537.36 (KHTML, like Gecko; compatible; bingbot/2.0; +http://www.bing.com/bingbot.htm) Chrome/103.0.5060.134 Safari/537.36"
177.75.16.226 - - [04/May/2023:05:25:52 +0200] "GET /wp-content/updates.php HTTP/1.1" 404 - "www.google.com" "Mozlila/5.0 (Linux; Android 7.0; SM-G892A Bulid/NRD90M; wv) AppleWebKit/537.36 (KHTML, like Gecko) Version/4.0 Chrome/60.0.3112.107 Moblie Safari/537.36"
34.23.216.22 - - [04/May/2023:09:37:11 +0200] "GET /robots.txt HTTP/1.0" 404 - "-" "ZoominfoBot (zoominfobot at zoominfo dot com)"
34.23.216.22 - - [04/May/2023:09:37:11 +0200] "GET / HTTP/1.0" 404 - "-" "ZoominfoBot (zoominfobot at zoominfo dot com)"
54.36.149.0 - - [04/May/2023:10:02:05 +0200] "GET /robots.txt HTTP/1.1" 404 - "-" "Mozilla/5.0 (compatible; AhrefsBot/7.0; +http://ahrefs.com/robot/)"
54.36.149.89 - - [04/May/2023:10:02:06 +0200] "GET / HTTP/1.1" 404 - "-" "Mozilla/5.0 (compatible; AhrefsBot/7.0; +http://ahrefs.com/robot/)"
66.249.70.187 - - [04/May/2023:13:30:21 +0200] "GET /robots.txt HTTP/1.1" 404 - "-" "Mozilla/5.0 (compatible; Googlebot/2.1; +http://www.google.com/bot.html)"
66.249.70.191 - - [04/May/2023:13:30:21 +0200] "GET /logo_g.gif HTTP/1.1" 404 - "-" "Googlebot-Image/1.0"
66.249.70.189 - - [04/May/2023:16:01:24 +0200] "GET /buecher/guardini/bd6.jpg HTTP/1.1" 404 - "-" "Googlebot-Image/1.0"
40.77.167.208 - - [04/May/2023:17:21:46 +0200] "GET /buecher/gesichter/06.jpg HTTP/1.1" 404 - "-" "Mozilla/5.0 AppleWebKit/537.36 (KHTML, like Gecko; compatible; bingbot/2.0; +http://www.bing.com/bingbot.htm) Chrome/103.0.5060.134 Safari/537.36"
40.77.167.208 - - [04/May/2023:17:21:46 +0200] "GET /buecher/gesichter/09.jpg HTTP/1.1" 404 - "-" "Mozilla/5.0 AppleWebKit/537.36 (KHTML, like Gecko; compatible; bingbot/2.0; +http://www.bing.com/bingbot.htm) Chrome/103.0.5060.134 Safari/537.36"
40.77.167.100 - - [04/May/2023:17:21:48 +0200] "GET /buecher/gesichter/25.jpg HTTP/1.1" 404 - "-" "Mozilla/5.0 AppleWebKit/537.36 (KHTML, like Gecko; compatible; bingbot/2.0; +http://www.bing.com/bingbot.htm) Chrome/103.0.5060.134 Safari/537.36"
52.167.144.94 - - [04/May/2023:17:21:50 +0200] "GET /buecher/gesichter/30.jpg HTTP/1.1" 404 - "-" "Mozilla/5.0 AppleWebKit/537.36 (KHTML, like Gecko; compatible; bingbot/2.0; +http://www.bing.com/bingbot.htm) Chrome/103.0.5060.134 Safari/537.36"
40.77.167.100 - - [04/May/2023:17:21:58 +0200] "GET /buecher/gesichter/25.jpg HTTP/1.1" 404 - "-" "Mozilla/5.0 AppleWebKit/537.36 (KHTML, like Gecko; compatible; bingbot/2.0; +http://www.bing.com/bingbot.htm) Chrome/103.0.5060.134 Safari/537.36"
40.77.167.100 - - [04/May/2023:17:21:58 +0200] "GET /buecher/gesichter/28.jpg HTTP/1.1" 404 - "-" "Mozilla/5.0 AppleWebKit/537.36 (KHTML, like Gecko; compatible; bingbot/2.0; +http://www.bing.com/bingbot.htm) Chrome/103.0.5060.134 Safari/537.36"
40.77.167.100 - - [04/May/2023:17:21:58 +0200] "GET /buecher/gesichter/28.jpg HTTP/1.1" 404 - "-" "Mozilla/5.0 AppleWebKit/537.36 (KHTML, like Gecko; compatible; bingbot/2.0; +http://www.bing.com/bingbot.htm) Chrome/103.0.5060.134 Safari/537.36"
34.76.146.130 - - [04/May/2023:20:41:06 +0200] "GET / HTTP/1.1" 404 - "-" "Mozilla/5.0 (Windows NT 10.0; Win64; x64) AppleWebKit/537.36 (KHTML, like Gecko) Chrome/84.0.4147.105 Safari/537.36"
66.249.70.187 - - [04/May/2023:21:53:26 +0200] "GET /cds/simplay_control.swf HTTP/1.1" 404 - "-" "Mozilla/5.0 (Linux; Android 6.0.1; Nexus 5X Build/MMB29P) AppleWebKit/537.36 (KHTML, like Gecko) Chrome/112.0.5615.142 Mobile Safari/537.36 (compatible; Googlebot/2.1; +http://www.google.com/bot.html)"
216.244.66.237 - - [04/May/2023:23:42:53 +0200] "GET /robots.txt HTTP/1.1" 404 - "-" "Mozilla/5.0 (compatible; DotBot/1.2; +https://opensiteexplorer.org/dotbot; help@moz.com)"
216.244.66.237 - - [04/May/2023:23:45:41 +0200] "GET /buecher/rezensionen_chateaubriand.html HTTP/1.1" 404 - "-" "Mozilla/5.0 (compatible; DotBot/1.2; +https://opensiteexplorer.org/dotbot; help@moz.com)"
69.63.184.3 - - [05/May/2023:00:42:33 +0200] "GET /cds/hymnos.jpg HTTP/1.1" 404 - "-" "facebookexternalhit/1.1 (+http://www.facebook.com/externalhit_uatext.php)"
69.63.184.118 - - [05/May/2023:00:42:34 +0200] "GET /cds/hymnos.jpg HTTP/1.1" 404 - "-" "facebookexternalhit/1.1 (+http://www.facebook.com/externalhit_uatext.php)"
51.222.253.8 - - [05/May/2023:01:00:14 +0200] "GET /robots.txt HTTP/1.1" 404 - "-" "Mozilla/5.0 (compatible; AhrefsBot/7.0; +http://ahrefs.com/robot/)"
40.77.167.208 - - [05/May/2023:02:27:01 +0200] "GET /kontakt/index.html HTTP/1.1" 404 - "-" "Mozilla/5.0 AppleWebKit/537.36 (KHTML, like Gecko; compatible; bingbot/2.0; +http://www.bing.com/bingbot.htm) Chrome/103.0.5060.134 Safari/537.36"
65.109.145.232 - - [05/May/2023:03:51:20 +0200] "GET / HTTP/1.1" 404 - "-" "Mozilla/5.0 (Macintosh; Intel Mac OS X 10_15_7) AppleWebKit/537.36 (KHTML, like Gecko) Chrome/104.0.0.0 Safari/537.36"
52.167.144.94 - - [05/May/2023:06:23:59 +0200] "GET /buecher/gesichter/30.jpg HTTP/1.1" 404 - "-" "Mozilla/5.0 AppleWebKit/537.36 (KHTML, like Gecko; compatible; bingbot/2.0; +http://www.bing.com/bingbot.htm) Chrome/103.0.5060.134 Safari/537.36"
40.77.167.208 - - [05/May/2023:06:24:03 +0200] "GET /buecher/gesichter/06.jpg HTTP/1.1" 404 - "-" "Mozilla/5.0 AppleWebKit/537.36 (KHTML, like Gecko; compatible; bingbot/2.0; +http://www.bing.com/bingbot.htm) Chrome/103.0.5060.134 Safari/537.36"
40.77.167.100 - - [05/May/2023:06:24:04 +0200] "GET /buecher/gesichter/25.jpg HTTP/1.1" 404 - "-" "Mozilla/5.0 AppleWebKit/537.36 (KHTML, like Gecko; compatible; bingbot/2.0; +http://www.bing.com/bingbot.htm) Chrome/103.0.5060.134 Safari/537.36"
40.77.167.100 - - [05/May/2023:06:24:04 +0200] "GET /buecher/gesichter/25.jpg HTTP/1.1" 404 - "-" "Mozilla/5.0 AppleWebKit/537.36 (KHTML, like Gecko; compatible; bingbot/2.0; +http://www.bing.com/bingbot.htm) Chrome/103.0.5060.134 Safari/537.36"
40.77.167.100 - - [05/May/2023:06:24:04 +0200] "GET /buecher/gesichter/28.jpg HTTP/1.1" 404 - "-" "Mozilla/5.0 AppleWebKit/537.36 (KHTML, like Gecko; compatible; bingbot/2.0; +http://www.bing.com/bingbot.htm) Chrome/103.0.5060.134 Safari/537.36"
40.77.167.100 - - [05/May/2023:06:24:04 +0200] "GET /buecher/gesichter/28.jpg HTTP/1.1" 404 - "-" "Mozilla/5.0 AppleWebKit/537.36 (KHTML, like Gecko; compatible; bingbot/2.0; +http://www.bing.com/bingbot.htm) Chrome/103.0.5060.134 Safari/537.36"
40.77.167.208 - - [05/May/2023:06:24:12 +0200] "GET /buecher/gesichter/09.jpg HTTP/1.1" 404 - "-" "Mozilla/5.0 AppleWebKit/537.36 (KHTML, like Gecko; compatible; bingbot/2.0; +http://www.bing.com/bingbot.htm) Chrome/103.0.5060.134 Safari/537.36"
66.249.70.187 - - [05/May/2023:07:31:29 +0200] "GET /robots.txt HTTP/1.1" 404 - "-" "Mozilla/5.0 (compatible; Googlebot/2.1; +http://www.google.com/bot.html)"
66.249.70.187 - - [05/May/2023:07:31:29 +0200] "GET /buecher/ HTTP/1.1" 404 - "-" "Mozilla/5.0 (Linux; Android 6.0.1; Nexus 5X Build/MMB29P) AppleWebKit/537.36 (KHTML, like Gecko) Chrome/112.0.5615.142 Mobile Safari/537.36 (compatible; Googlebot/2.1; +http://www.google.com/bot.html)"
213.133.123.177 - - [05/May/2023:08:48:03 +0200] "GET / HTTP/1.1" 404 - "-" "Go-http-client/1.1"
52.1.150.219 - - [05/May/2023:09:24:57 +0200] "GET / HTTP/1.1" 404 - "-" "Mozilla/5.0 (Macintosh; Intel Mac OS X 10_12_6) AppleWebKit/537.36 (KHTML, like Gecko) Chrome/61.0.3163.100 Safari/537.36"
114.119.137.141 - - [05/May/2023:10:19:37 +0200] "GET /robots.txt HTTP/1.1" 404 - "-" "Mozilla/5.0 (compatible;PetalBot;+https://webmaster.petalsearch.com/site/petalbot)"
85.25.185.196 - - [05/May/2023:11:41:34 +0200] "GET /robots.txt HTTP/1.1" 404 - "-" "Mozilla/5.0 (Macintosh; Intel Mac OS X 10.15; rv:103.0) Gecko/20100101 Firefox/103.0"
85.25.185.196 - - [05/May/2023:11:41:34 +0200] "GET /sitemap.xml HTTP/1.1" 404 - "-" "Mozilla/5.0 (Macintosh; Intel Mac OS X 10.15; rv:103.0) Gecko/20100101 Firefox/103.0"
85.25.185.196 - - [05/May/2023:11:41:39 +0200] "GET / HTTP/1.1" 404 - "-" "Mozilla/5.0 (Macintosh; Intel Mac OS X 10.15; rv:103.0) Gecko/20100101 Firefox/103.0"
185.246.220.26 - - [05/May/2023:14:11:28 +0200] "HEAD / HTTP/1.1" 404 - "http://www.morusverlag.de" "Mozilla/5.0 (compatible; Baiduspider/2.0; +http://www.baidu.com/search/spider.html)"
185.246.220.26 - - [05/May/2023:14:11:28 +0200] "HEAD /editor/assetmanager/style.css HTTP/1.1" 404 - "http://www.morusverlag.de/editor/assetmanager/style.css" "Mozilla/5.0 (compatible; Baiduspider/2.0; +http://www.baidu.com/search/spider.html)"
185.246.220.26 - - [05/May/2023:14:11:28 +0200] "HEAD /LiveEditor/assetmanager/asset.aspx HTTP/1.1" 404 - "http://www.morusverlag.de/LiveEditor/assetmanager/asset.aspx" "Mozilla/5.0 (compatible; Baiduspider/2.0; +http://www.baidu.com/search/spider.html)"
185.246.220.26 - - [05/May/2023:14:11:28 +0200] "HEAD /LiveEditor/assetmanager/asset.asp HTTP/1.1" 404 - "http://www.morusverlag.de/LiveEditor/assetmanager/asset.asp" "Mozilla/5.0 (compatible; Baiduspider/2.0; +http://www.baidu.com/search/spider.html)"
185.246.220.26 - - [05/May/2023:14:11:28 +0200] "HEAD /assetmanager/style.css HTTP/1.1" 404 - "http://www.morusverlag.de/assetmanager/style.css" "Mozilla/5.0 (compatible; Baiduspider/2.0; +http://www.baidu.com/search/spider.html)"
185.246.220.26 - - [05/May/2023:14:11:28 +0200] "HEAD /webadmin/editor/assetmanager/style.css HTTP/1.1" 404 - "http://www.morusverlag.de/webadmin/editor/assetmanager/style.css" "Mozilla/5.0 (compatible; Baiduspider/2.0; +http://www.baidu.com/search/spider.html)"
185.246.220.26 - - [05/May/2023:14:11:28 +0200] "HEAD /webadmin/assetmanager/style.css HTTP/1.1" 404 - "http://www.morusverlag.de/webadmin/assetmanager/style.css" "Mozilla/5.0 (compatible; Baiduspider/2.0; +http://www.baidu.com/search/spider.html)"
185.246.220.26 - - [05/May/2023:14:11:28 +0200] "HEAD /siteadmin/assetmanager/style.css HTTP/1.1" 404 - "http://www.morusverlag.de/siteadmin/assetmanager/style.css" "Mozilla/5.0 (compatible; Baiduspider/2.0; +http://www.baidu.com/search/spider.html)"
185.246.220.26 - - [05/May/2023:14:11:28 +0200] "HEAD /webmaster/assetmanager/style.css HTTP/1.1" 404 - "http://www.morusverlag.de/webmaster/assetmanager/style.css" "Mozilla/5.0 (compatible; Baiduspider/2.0; +http://www.baidu.com/search/spider.html)"
185.246.220.26 - - [05/May/2023:14:11:28 +0200] "HEAD /admincp/assetmanager/style.css HTTP/1.1" 404 - "http://www.morusverlag.de/admincp/assetmanager/style.css" "Mozilla/5.0 (compatible; Baiduspider/2.0; +http://www.baidu.com/search/spider.html)"
185.246.220.26 - - [05/May/2023:14:11:28 +0200] "HEAD /editor/assetmanager/asset.asp HTTP/1.1" 404 - "http://www.morusverlag.de/editor/assetmanager/asset.asp" "Mozilla/5.0 (compatible; Baiduspider/2.0; +http://www.baidu.com/search/spider.html)"
185.246.220.26 - - [05/May/2023:14:11:28 +0200] "HEAD /editor/assetmanager/asset.aspx HTTP/1.1" 404 - "http://www.morusverlag.de/editor/assetmanager/asset.aspx" "Mozilla/5.0 (compatible; Baiduspider/2.0; +http://www.baidu.com/search/spider.html)"
185.246.220.26 - - [05/May/2023:14:11:28 +0200] "HEAD /admin/editor/assetmanager/asset.asp HTTP/1.1" 404 - "http://www.morusverlag.de/admin/editor/assetmanager/asset.asp" "Mozilla/5.0 (compatible; Baiduspider/2.0; +http://www.baidu.com/search/spider.html)"
185.246.220.26 - - [05/May/2023:14:11:28 +0200] "HEAD /admin/editor/assetmanager/style.css HTTP/1.1" 404 - "http://www.morusverlag.de/admin/editor/assetmanager/style.css" "Mozilla/5.0 (compatible; Baiduspider/2.0; +http://www.baidu.com/search/spider.html)"
185.246.220.26 - - [05/May/2023:14:11:28 +0200] "HEAD /admin/editor/assetmanager/asset.aspx HTTP/1.1" 404 - "http://www.morusverlag.de/admin/editor/assetmanager/asset.aspx" "Mozilla/5.0 (compatible; Baiduspider/2.0; +http://www.baidu.com/search/spider.html)"
185.246.220.26 - - [05/May/2023:14:11:28 +0200] "HEAD /js/editor/assetmanager/style.css HTTP/1.1" 404 - "http://www.morusverlag.de/js/editor/assetmanager/style.css" "Mozilla/5.0 (compatible; Baiduspider/2.0; +http://www.baidu.com/search/spider.html)"
185.246.220.26 - - [05/May/2023:14:11:29 +0200] "HEAD /includes/editor/assetmanager/style.css HTTP/1.1" 404 - "http://www.morusverlag.de/includes/editor/assetmanager/style.css" "Mozilla/5.0 (compatible; Baiduspider/2.0; +http://www.baidu.com/search/spider.html)"
185.246.220.26 - - [05/May/2023:14:11:29 +0200] "HEAD /LiveEditor/assetmanager/ HTTP/1.1" 404 - "http://www.morusverlag.de/LiveEditor/assetmanager/" "Mozilla/5.0 (compatible; Baiduspider/2.0; +http://www.baidu.com/search/spider.html)"
185.246.220.26 - - [05/May/2023:14:11:29 +0200] "HEAD /fileman/dev.html HTTP/1.1" 404 - "http://www.morusverlag.de/fileman/dev.html" "Mozilla/5.0 (compatible; Baiduspider/2.0; +http://www.baidu.com/search/spider.html)"
185.246.220.26 - - [05/May/2023:14:11:29 +0200] "HEAD /content/fileman/dev.html HTTP/1.1" 404 - "http://www.morusverlag.de/content/fileman/dev.html" "Mozilla/5.0 (compatible; Baiduspider/2.0; +http://www.baidu.com/search/spider.html)"
185.246.220.26 - - [05/May/2023:14:11:29 +0200] "HEAD /lib/roxy_fileman/dev.html HTTP/1.1" 404 - "http://www.morusverlag.de/lib/roxy_fileman/dev.html" "Mozilla/5.0 (compatible; Baiduspider/2.0; +http://www.baidu.com/search/spider.html)"
185.246.220.26 - - [05/May/2023:14:11:29 +0200] "HEAD /plugins/fileman/dev.html HTTP/1.1" 404 - "http://www.morusverlag.de/plugins/fileman/dev.html" "Mozilla/5.0 (compatible; Baiduspider/2.0; +http://www.baidu.com/search/spider.html)"
185.246.220.26 - - [05/May/2023:14:11:29 +0200] "HEAD /admin/js/fileman/dev.html HTTP/1.1" 404 - "http://www.morusverlag.de/admin/js/fileman/dev.html" "Mozilla/5.0 (compatible; Baiduspider/2.0; +http://www.baidu.com/search/spider.html)"
185.246.220.26 - - [05/May/2023:14:11:29 +0200] "HEAD /Content/Roxy_Fileman/dev.html HTTP/1.1" 404 - "http://www.morusverlag.de/Content/Roxy_Fileman/dev.html" "Mozilla/5.0 (compatible; Baiduspider/2.0; +http://www.baidu.com/search/spider.html)"
185.246.220.26 - - [05/May/2023:14:11:29 +0200] "HEAD /Content/filemanager/dev.html HTTP/1.1" 404 - "http://www.morusverlag.de/Content/filemanager/dev.html" "Mozilla/5.0 (compatible; Baiduspider/2.0; +http://www.baidu.com/search/spider.html)"
185.246.220.26 - - [05/May/2023:14:11:29 +0200] "HEAD /panel/fileman/dev.html HTTP/1.1" 404 - "http://www.morusverlag.de/panel/fileman/dev.html" "Mozilla/5.0 (compatible; Baiduspider/2.0; +http://www.baidu.com/search/spider.html)"
185.246.220.26 - - [05/May/2023:14:11:29 +0200] "HEAD /mypanel/fileman/dev.html HTTP/1.1" 404 - "http://www.morusverlag.de/mypanel/fileman/dev.html" "Mozilla/5.0 (compatible; Baiduspider/2.0; +http://www.baidu.com/search/spider.html)"
185.246.220.26 - - [05/May/2023:14:11:29 +0200] "HEAD /myadmin/fileman/dev.html HTTP/1.1" 404 - "http://www.morusverlag.de/myadmin/fileman/dev.html" "Mozilla/5.0 (compatible; Baiduspider/2.0; +http://www.baidu.com/search/spider.html)"
185.246.220.26 - - [05/May/2023:14:11:29 +0200] "HEAD /editor/roxyfileman/dev.html HTTP/1.1" 404 - "http://www.morusverlag.de/editor/roxyfileman/dev.html" "Mozilla/5.0 (compatible; Baiduspider/2.0; +http://www.baidu.com/search/spider.html)"
185.246.220.26 - - [05/May/2023:14:11:29 +0200] "HEAD /admin/fileman/dev.html HTTP/1.1" 404 - "http://www.morusverlag.de/admin/fileman/dev.html" "Mozilla/5.0 (compatible; Baiduspider/2.0; +http://www.baidu.com/search/spider.html)"
185.246.220.26 - - [05/May/2023:14:11:29 +0200] "HEAD /roxyfileman/dev.html HTTP/1.1" 404 - "http://www.morusverlag.de/roxyfileman/dev.html" "Mozilla/5.0 (compatible; Baiduspider/2.0; +http://www.baidu.com/search/spider.html)"
185.246.220.26 - - [05/May/2023:14:11:29 +0200] "HEAD /roxy_fileman/dev.html HTTP/1.1" 404 - "http://www.morusverlag.de/roxy_fileman/dev.html" "Mozilla/5.0 (compatible; Baiduspider/2.0; +http://www.baidu.com/search/spider.html)"
185.246.220.26 - - [05/May/2023:14:11:29 +0200] "HEAD /js/fileman/dev.html HTTP/1.1" 404 - "http://www.morusverlag.de/js/fileman/dev.html" "Mozilla/5.0 (compatible; Baiduspider/2.0; +http://www.baidu.com/search/spider.html)"
185.246.220.26 - - [05/May/2023:14:11:29 +0200] "HEAD /scripts/fileman/dev.html HTTP/1.1" 404 - "http://www.morusverlag.de/scripts/fileman/dev.html" "Mozilla/5.0 (compatible; Baiduspider/2.0; +http://www.baidu.com/search/spider.html)"
185.246.220.26 - - [05/May/2023:14:11:29 +0200] "HEAD /lib/fileman/dev.html HTTP/1.1" 404 - "http://www.morusverlag.de/lib/fileman/dev.html" "Mozilla/5.0 (compatible; Baiduspider/2.0; +http://www.baidu.com/search/spider.html)"
185.246.220.26 - - [05/May/2023:14:11:29 +0200] "HEAD /editor/fileman/dev.html HTTP/1.1" 404 - "http://www.morusverlag.de/editor/fileman/dev.html" "Mozilla/5.0 (compatible; Baiduspider/2.0; +http://www.baidu.com/search/spider.html)"
185.246.220.26 - - [05/May/2023:14:11:29 +0200] "HEAD /vendor/fileman/dev.html HTTP/1.1" 404 - "http://www.morusverlag.de/vendor/fileman/dev.html" "Mozilla/5.0 (compatible; Baiduspider/2.0; +http://www.baidu.com/search/spider.html)"
185.246.220.26 - - [05/May/2023:14:11:29 +0200] "HEAD /vendors/fileman/dev.html HTTP/1.1" 404 - "http://www.morusverlag.de/vendors/fileman/dev.html" "Mozilla/5.0 (compatible; Baiduspider/2.0; +http://www.baidu.com/search/spider.html)"
185.246.220.26 - - [05/May/2023:14:11:29 +0200] "HEAD /uploadTester.asp HTTP/1.1" 404 - "http://www.morusverlag.de/uploadTester.asp" "Mozilla/5.0 (compatible; Baiduspider/2.0; +http://www.baidu.com/search/spider.html)"
185.246.220.26 - - [05/May/2023:14:11:29 +0200] "HEAD /App_Master/Telerik.Web.UI.DialogHandler.aspx HTTP/1.1" 404 - "http://www.morusverlag.de/App_Master/Telerik.Web.UI.DialogHandler.aspx" "Mozilla/5.0 (compatible; Baiduspider/2.0; +http://www.baidu.com/search/spider.html)"
185.246.220.26 - - [05/May/2023:14:11:29 +0200] "HEAD /common/admin/PhotoGallery2/Telerik.Web.UI.DialogHandler.aspx HTTP/1.1" 404 - "http://www.morusverlag.de/common/admin/PhotoGallery2/Telerik.Web.UI.DialogHandler.aspx" "Mozilla/5.0 (compatible; Baiduspider/2.0; +http://www.baidu.com/search/spider.html)"
185.246.220.26 - - [05/May/2023:14:11:29 +0200] "HEAD /dashboard/UserControl/CMS/Page/Telerik.Web.UI.DialogHandler.aspx HTTP/1.1" 404 - "http://www.morusverlag.de/dashboard/UserControl/CMS/Page/Telerik.Web.UI.DialogHandler.aspx" "Mozilla/5.0 (compatible; Baiduspider/2.0; +http://www.baidu.com/search/spider.html)"
185.246.220.26 - - [05/May/2023:14:11:29 +0200] "HEAD /cms/portlets/Telerik.Web.UI.DialogHandler.aspx HTTP/1.1" 404 - "http://www.morusverlag.de/cms/portlets/Telerik.Web.UI.DialogHandler.aspx" "Mozilla/5.0 (compatible; Baiduspider/2.0; +http://www.baidu.com/search/spider.html)"
185.246.220.26 - - [05/May/2023:14:11:29 +0200] "HEAD /common/admin/Calendar/Telerik.Web.UI.DialogHandler.aspx HTTP/1.1" 404 - "http://www.morusverlag.de/common/admin/Calendar/Telerik.Web.UI.DialogHandler.aspx" "Mozilla/5.0 (compatible; Baiduspider/2.0; +http://www.baidu.com/search/spider.html)"
185.246.220.26 - - [05/May/2023:14:11:29 +0200] "HEAD /DesktopModules/TNComments/Telerik.Web.UI.DialogHandler.aspx HTTP/1.1" 404 - "http://www.morusverlag.de/DesktopModules/TNComments/Telerik.Web.UI.DialogHandler.aspx" "Mozilla/5.0 (compatible; Baiduspider/2.0; +http://www.baidu.com/search/spider.html)"
185.246.220.26 - - [05/May/2023:14:11:29 +0200] "HEAD /Modules/CMS/Telerik.Web.UI.DialogHandler.aspx HTTP/1.1" 404 - "http://www.morusverlag.de/Modules/CMS/Telerik.Web.UI.DialogHandler.aspx" "Mozilla/5.0 (compatible; Baiduspider/2.0; +http://www.baidu.com/search/spider.html)"
185.246.220.26 - - [05/May/2023:14:11:29 +0200] "HEAD /DesktopModules/TelerikWebUI/RadEditorProvider/Telerik.Web.UI.DialogHandler.aspx HTTP/1.1" 404 - "http://www.morusverlag.de/DesktopModules/TelerikWebUI/RadEditorProvider/Telerik.Web.UI.DialogHandler.aspx" "Mozilla/5.0 (compatible; Baiduspider/2.0; +http://www.baidu.com/search/spider.html)"
185.246.220.26 - - [05/May/2023:14:11:29 +0200] "HEAD /Providers/HtmlEditorProviders/Telerik/Telerik.Web.UI.DialogHandler.aspx HTTP/1.1" 404 - "http://www.morusverlag.de/Providers/HtmlEditorProviders/Telerik/Telerik.Web.UI.DialogHandler.aspx" "Mozilla/5.0 (compatible; Baiduspider/2.0; +http://www.baidu.com/search/spider.html)"
185.246.220.26 - - [05/May/2023:14:11:29 +0200] "HEAD /DesktopModules/Admin/RadEditorProvider/DialogHandler.aspx HTTP/1.1" 404 - "http://www.morusverlag.de/DesktopModules/Admin/RadEditorProvider/DialogHandler.aspx" "Mozilla/5.0 (compatible; Baiduspider/2.0; +http://www.baidu.com/search/spider.html)"
185.246.220.26 - - [05/May/2023:14:11:29 +0200] "HEAD /DesktopModules/dnnWerk.RadEditorProvider/DialogHandler.aspx HTTP/1.1" 404 - "http://www.morusverlag.de/DesktopModules/dnnWerk.RadEditorProvider/DialogHandler.aspx" "Mozilla/5.0 (compatible; Baiduspider/2.0; +http://www.baidu.com/search/spider.html)"
185.246.220.26 - - [05/May/2023:14:11:29 +0200] "HEAD /common/admin/Jobs2/Telerik.Web.UI.DialogHandler.aspx HTTP/1.1" 404 - "http://www.morusverlag.de/common/admin/Jobs2/Telerik.Web.UI.DialogHandler.aspx" "Mozilla/5.0 (compatible; Baiduspider/2.0; +http://www.baidu.com/search/spider.html)"
185.246.220.26 - - [05/May/2023:14:11:29 +0200] "HEAD /Telerik.Web.UI.DialogHandler.aspx HTTP/1.1" 404 - "http://www.morusverlag.de/Telerik.Web.UI.DialogHandler.aspx" "Mozilla/5.0 (compatible; Baiduspider/2.0; +http://www.baidu.com/search/spider.html)"
185.246.220.26 - - [05/May/2023:14:11:29 +0200] "HEAD /Components/General/Admin/UserControl/Telerik.Web.UI.DialogHandler.aspx HTTP/1.1" 404 - "http://www.morusverlag.de/Components/General/Admin/UserControl/Telerik.Web.UI.DialogHandler.aspx" "Mozilla/5.0 (compatible; Baiduspider/2.0; +http://www.baidu.com/search/spider.html)"
185.246.220.26 - - [05/May/2023:14:11:29 +0200] "HEAD /_controls/responsive/Telerik.Web.UI.DialogHandler.aspx HTTP/1.1" 404 - "http://www.morusverlag.de/_controls/responsive/Telerik.Web.UI.DialogHandler.aspx" "Mozilla/5.0 (compatible; Baiduspider/2.0; +http://www.baidu.com/search/spider.html)"
85.25.185.196 - - [05/May/2023:14:41:18 +0200] "GET /robots.txt HTTP/1.1" 404 - "-" "Mozilla/5.0 (Macintosh; Intel Mac OS X 10.15; rv:103.0) Gecko/20100101 Firefox/103.0"
85.25.185.196 - - [05/May/2023:14:41:18 +0200] "GET /sitemap.xml HTTP/1.1" 404 - "-" "Mozilla/5.0 (Macintosh; Intel Mac OS X 10.15; rv:103.0) Gecko/20100101 Firefox/103.0"
52.167.144.94 - - [05/May/2023:16:55:49 +0200] "GET /buecher/gesichter/30.jpg HTTP/1.1" 404 - "-" "Mozilla/5.0 AppleWebKit/537.36 (KHTML, like Gecko; compatible; bingbot/2.0; +http://www.bing.com/bingbot.htm) Chrome/103.0.5060.134 Safari/537.36"
40.77.167.100 - - [05/May/2023:16:55:53 +0200] "GET /buecher/gesichter/25.jpg HTTP/1.1" 404 - "-" "Mozilla/5.0 AppleWebKit/537.36 (KHTML, like Gecko; compatible; bingbot/2.0; +http://www.bing.com/bingbot.htm) Chrome/103.0.5060.134 Safari/537.36"
40.77.167.208 - - [05/May/2023:16:55:54 +0200] "GET /buecher/gesichter/06.jpg HTTP/1.1" 404 - "-" "Mozilla/5.0 AppleWebKit/537.36 (KHTML, like Gecko; compatible; bingbot/2.0; +http://www.bing.com/bingbot.htm) Chrome/103.0.5060.134 Safari/537.36"
40.77.167.208 - - [05/May/2023:16:55:54 +0200] "GET /buecher/gesichter/09.jpg HTTP/1.1" 404 - "-" "Mozilla/5.0 AppleWebKit/537.36 (KHTML, like Gecko; compatible; bingbot/2.0; +http://www.bing.com/bingbot.htm) Chrome/103.0.5060.134 Safari/537.36"
40.77.167.100 - - [05/May/2023:16:56:03 +0200] "GET /buecher/gesichter/28.jpg HTTP/1.1" 404 - "-" "Mozilla/5.0 AppleWebKit/537.36 (KHTML, like Gecko; compatible; bingbot/2.0; +http://www.bing.com/bingbot.htm) Chrome/103.0.5060.134 Safari/537.36"
85.25.185.196 - - [05/May/2023:20:08:48 +0200] "GET /robots.txt HTTP/1.1" 404 - "-" "Mozilla/5.0 (Macintosh; Intel Mac OS X 10.15; rv:103.0) Gecko/20100101 Firefox/103.0"
