42.236.10.116 - - [03/Jan/2021:17:44:22 +0100] "GET / HTTP/1.1" 200 9360 "http://www.morusverlag.de/" "Mozilla/5.0 (Windows NT 6.1; WOW64) AppleWebKit/537.36 (KHTML, like Gecko) Chrome/50.4.2661.102 Safari/537.36; 360Spider"
54.36.149.31 - - [03/Jan/2021:17:50:40 +0100] "GET /sonderthemen/index.html HTTP/1.1" 200 7102 "-" "Mozilla/5.0 (compatible; AhrefsBot/7.0; +http://ahrefs.com/robot/)"
89.1.51.34 - - [03/Jan/2021:17:51:46 +0100] "GET / HTTP/1.1" 200 9360 "-" "Mozilla/5.0 (iPhone; CPU iPhone OS 13_6_1 like Mac OS X) AppleWebKit/605.1.15 (KHTML, like Gecko) Version/13.1.2 Mobile/15E148 Safari/604.1"
89.1.51.34 - - [03/Jan/2021:17:51:46 +0100] "GET /main.css HTTP/1.1" 200 1439 "http://www.morusverlag.de/" "Mozilla/5.0 (iPhone; CPU iPhone OS 13_6_1 like Mac OS X) AppleWebKit/605.1.15 (KHTML, like Gecko) Version/13.1.2 Mobile/15E148 Safari/604.1"
89.1.51.34 - - [03/Jan/2021:17:51:46 +0100] "GET /mv_gr_w.gif HTTP/1.1" 200 2005 "http://www.morusverlag.de/" "Mozilla/5.0 (iPhone; CPU iPhone OS 13_6_1 like Mac OS X) AppleWebKit/605.1.15 (KHTML, like Gecko) Version/13.1.2 Mobile/15E148 Safari/604.1"
89.1.51.34 - - [03/Jan/2021:17:51:46 +0100] "GET /logo_g.gif HTTP/1.1" 200 1301 "http://www.morusverlag.de/" "Mozilla/5.0 (iPhone; CPU iPhone OS 13_6_1 like Mac OS X) AppleWebKit/605.1.15 (KHTML, like Gecko) Version/13.1.2 Mobile/15E148 Safari/604.1"
89.1.51.34 - - [03/Jan/2021:17:51:46 +0100] "GET /mv_g.gif HTTP/1.1" 200 4070 "http://www.morusverlag.de/" "Mozilla/5.0 (iPhone; CPU iPhone OS 13_6_1 like Mac OS X) AppleWebKit/605.1.15 (KHTML, like Gecko) Version/13.1.2 Mobile/15E148 Safari/604.1"
89.1.51.34 - - [03/Jan/2021:17:51:46 +0100] "GET /jahrbuch_k.jpg HTTP/1.1" 200 3719 "http://www.morusverlag.de/" "Mozilla/5.0 (iPhone; CPU iPhone OS 13_6_1 like Mac OS X) AppleWebKit/605.1.15 (KHTML, like Gecko) Version/13.1.2 Mobile/15E148 Safari/604.1"
89.1.51.34 - - [03/Jan/2021:17:51:46 +0100] "GET /pf.gif HTTP/1.1" 200 62 "http://www.morusverlag.de/" "Mozilla/5.0 (iPhone; CPU iPhone OS 13_6_1 like Mac OS X) AppleWebKit/605.1.15 (KHTML, like Gecko) Version/13.1.2 Mobile/15E148 Safari/604.1"
89.1.51.34 - - [03/Jan/2021:17:51:46 +0100] "GET /buecher/gesichter.jpg HTTP/1.1" 200 7271 "http://www.morusverlag.de/" "Mozilla/5.0 (iPhone; CPU iPhone OS 13_6_1 like Mac OS X) AppleWebKit/605.1.15 (KHTML, like Gecko) Version/13.1.2 Mobile/15E148 Safari/604.1"
89.1.51.34 - - [03/Jan/2021:17:51:46 +0100] "GET /cds/rosarium_k.jpg HTTP/1.1" 200 3972 "http://www.morusverlag.de/" "Mozilla/5.0 (iPhone; CPU iPhone OS 13_6_1 like Mac OS X) AppleWebKit/605.1.15 (KHTML, like Gecko) Version/13.1.2 Mobile/15E148 Safari/604.1"
89.1.51.34 - - [03/Jan/2021:17:51:46 +0100] "GET /cds/ignatius_k.jpg HTTP/1.1" 200 3965 "http://www.morusverlag.de/" "Mozilla/5.0 (iPhone; CPU iPhone OS 13_6_1 like Mac OS X) AppleWebKit/605.1.15 (KHTML, like Gecko) Version/13.1.2 Mobile/15E148 Safari/604.1"
89.1.51.34 - - [03/Jan/2021:17:51:46 +0100] "GET /cds/astazi_k.jpg HTTP/1.1" 200 6049 "http://www.morusverlag.de/" "Mozilla/5.0 (iPhone; CPU iPhone OS 13_6_1 like Mac OS X) AppleWebKit/605.1.15 (KHTML, like Gecko) Version/13.1.2 Mobile/15E148 Safari/604.1"
89.1.51.34 - - [03/Jan/2021:17:51:46 +0100] "GET /cds/hymnos_k.jpg HTTP/1.1" 200 4986 "http://www.morusverlag.de/" "Mozilla/5.0 (iPhone; CPU iPhone OS 13_6_1 like Mac OS X) AppleWebKit/605.1.15 (KHTML, like Gecko) Version/13.1.2 Mobile/15E148 Safari/604.1"
89.1.51.34 - - [03/Jan/2021:17:51:46 +0100] "GET /gotteslob.jpg HTTP/1.1" 200 9390 "http://www.morusverlag.de/" "Mozilla/5.0 (iPhone; CPU iPhone OS 13_6_1 like Mac OS X) AppleWebKit/605.1.15 (KHTML, like Gecko) Version/13.1.2 Mobile/15E148 Safari/604.1"
89.1.51.34 - - [03/Jan/2021:17:51:46 +0100] "GET /buecher/engel.jpg HTTP/1.1" 200 5414 "http://www.morusverlag.de/" "Mozilla/5.0 (iPhone; CPU iPhone OS 13_6_1 like Mac OS X) AppleWebKit/605.1.15 (KHTML, like Gecko) Version/13.1.2 Mobile/15E148 Safari/604.1"
89.1.51.34 - - [03/Jan/2021:17:51:46 +0100] "GET /buecher/chateaubriand.jpg HTTP/1.1" 200 2272 "http://www.morusverlag.de/" "Mozilla/5.0 (iPhone; CPU iPhone OS 13_6_1 like Mac OS X) AppleWebKit/605.1.15 (KHTML, like Gecko) Version/13.1.2 Mobile/15E148 Safari/604.1"
89.1.51.34 - - [03/Jan/2021:17:51:47 +0100] "GET /buch_k.jpg HTTP/1.1" 200 4591 "http://www.morusverlag.de/" "Mozilla/5.0 (iPhone; CPU iPhone OS 13_6_1 like Mac OS X) AppleWebKit/605.1.15 (KHTML, like Gecko) Version/13.1.2 Mobile/15E148 Safari/604.1"
89.1.51.34 - - [03/Jan/2021:17:51:47 +0100] "GET /strich.gif HTTP/1.1" 200 45 "http://www.morusverlag.de/" "Mozilla/5.0 (iPhone; CPU iPhone OS 13_6_1 like Mac OS X) AppleWebKit/605.1.15 (KHTML, like Gecko) Version/13.1.2 Mobile/15E148 Safari/604.1"
88.198.43.207 - - [03/Jan/2021:17:58:24 +0100] "GET /buecher/rezensionen_le_saulchoir.html HTTP/1.1" 200 34009 "-" "Mozilla/5.0 (Windows NT 10.0; Win64; x64; rv:83.0) Gecko/20100101 Firefox/83.0"
194.173.174.10 - - [03/Jan/2021:18:30:56 +0100] "HEAD / HTTP/1.1" 200 - "-" "Mozilla/5.0 (Windows NT 6.3; WOW64) AppleWebKit/537.36 (KHTML, like Gecko) Chrome/43.0.2357.134 Safari/537.36"
216.244.66.237 - - [03/Jan/2021:18:31:36 +0100] "GET /robots.txt HTTP/1.1" 200 100 "-" "Mozilla/5.0 (compatible; DotBot/1.1; http://www.opensiteexplorer.org/dotbot, help@moz.com)"
216.244.66.237 - - [03/Jan/2021:18:39:58 +0100] "GET /sonderthemen/presse.html HTTP/1.1" 200 5772 "-" "Mozilla/5.0 (compatible; DotBot/1.1; http://www.opensiteexplorer.org/dotbot, help@moz.com)"
148.251.50.77 - - [03/Jan/2021:19:01:06 +0100] "GET /sonderthemen/az2003.pdf HTTP/1.1" 200 4864675 "-" "Mozilla/5.0 (X11; Linux x86_64) AppleWebKit/537.36 (KHTML, like Gecko) Chrome/87.0.4280.66 Safari/537.36"
88.198.43.207 - - [03/Jan/2021:19:09:06 +0100] "GET /sonderthemen/sk2000.pdf HTTP/1.1" 200 2925489 "-" "Mozilla/5.0 (Windows NT 10.0; Win64; x64) AppleWebKit/537.36 (KHTML, like Gecko) Chrome/86.0.4240.75 Safari/537.36"
77.220.215.153 - - [03/Jan/2021:19:20:58 +0100] "HEAD / HTTP/1.1" 200 - "https://erikaretouch.com/" "Mozilla/7.0 (compatible; MSIE2.00; Windows 2005)"
185.209.20.147 - - [03/Jan/2021:19:20:58 +0100] "HEAD / HTTP/1.1" 200 - "https://star-cats.com/" "Mozilla/8.0 (compatible; MSIE3.00; Windows 2005)"
185.203.240.129 - - [03/Jan/2021:19:20:58 +0100] "HEAD / HTTP/1.1" 200 - "https://ryazan.dienai.ru/" "Mozilla/4.0 (compatible; MSIE5.00; Windows 2008)"
212.86.109.31 - - [03/Jan/2021:19:20:58 +0100] "HEAD / HTTP/1.1" 200 - "https://waysi.ru/" "Mozilla/3.0 (compatible; MSIE7.00; Windows 2002)"
85.209.89.205 - - [03/Jan/2021:19:22:42 +0100] "HEAD / HTTP/1.1" 200 - "https://ohitalia.ru/" "Mozilla/3.0 (compatible; MSIE3.00; Windows 2002)"
85.209.89.217 - - [03/Jan/2021:19:22:42 +0100] "HEAD / HTTP/1.1" 200 - "https://www.zlatvrata.ru/" "Mozilla/6.0 (compatible; MSIE3.00; Windows 2004)"
77.75.76.166 - - [03/Jan/2021:19:24:21 +0100] "GET /robots.txt HTTP/1.1" 200 100 "-" "Mozilla/5.0 (compatible; SeznamBot/3.2; +http://napoveda.seznam.cz/en/seznambot-intro/)"
77.75.76.166 - - [03/Jan/2021:19:24:22 +0100] "GET /jahrbuch/bestellung.php HTTP/1.1" 200 10316 "-" "Mozilla/5.0 (compatible; SeznamBot/3.2; +http://napoveda.seznam.cz/en/seznambot-intro/)"
85.209.89.224 - - [03/Jan/2021:19:26:22 +0100] "HEAD / HTTP/1.1" 200 - "https://sochi.melanikalab.ru/" "Mozilla/2.0 (compatible; MSIE3.00; Windows 2002)"
91.18.121.169 - - [03/Jan/2021:19:49:30 +0100] "GET /sonderthemen/sk2002.pdf HTTP/1.1" 200 2628923 "https://www.google.com/" "Mozilla/5.0 (Windows NT 10.0; Win64; x64; rv:84.0) Gecko/20100101 Firefox/84.0"
91.18.121.169 - - [03/Jan/2021:19:49:31 +0100] "GET /favicon.ico HTTP/1.1" 200 4286 "http://www.morusverlag.de/sonderthemen/sk2002.pdf" "Mozilla/5.0 (Windows NT 10.0; Win64; x64; rv:84.0) Gecko/20100101 Firefox/84.0"
95.163.255.12 - - [03/Jan/2021:19:51:47 +0100] "GET /robots.txt HTTP/1.0" 200 100 "-" "Mozilla/5.0 (compatible; Linux x86_64; Mail.RU_Bot/2.0; +http://go.mail.ru/help/robots)"
95.163.255.12 - - [03/Jan/2021:19:51:49 +0100] "GET /sonderthemen/archiv.html HTTP/1.1" 200 6959 "-" "Mozilla/5.0 (compatible; Linux x86_64; Mail.RU_Bot/2.0; +http://go.mail.ru/help/robots)"
185.224.132.45 - - [03/Jan/2021:19:54:03 +0100] "HEAD / HTTP/1.1" 200 - "https://kursk.dienai.ru/" "Mozilla/8.0 (compatible; MSIE6.00; Windows 2008)"
45.132.107.248 - - [03/Jan/2021:19:59:32 +0100] "HEAD / HTTP/1.1" 200 - "https://maykop.dienai.ru/" "Mozilla/6.0 (compatible; MSIE2.00; Windows 2009)"
185.241.52.68 - - [03/Jan/2021:19:59:33 +0100] "HEAD / HTTP/1.1" 200 - "https://pskov.dienai.ru/" "Mozilla/4.0 (compatible; MSIE6.00; Windows 2008)"
17.58.101.79 - - [03/Jan/2021:20:00:34 +0100] "GET /robots.txt HTTP/1.1" 200 100 "-" "Mozilla/5.0 (Macintosh; Intel Mac OS X 10_15_5) AppleWebKit/605.1.15 (KHTML, like Gecko) Version/13.1.1 Safari/605.1.15 (Applebot/0.1; +http://www.apple.com/go/applebot)"
17.58.96.106 - - [03/Jan/2021:20:00:34 +0100] "GET /cds/hymnos.jpg HTTP/1.1" 200 27752 "-" "Mozilla/5.0 (Macintosh; Intel Mac OS X 10_15_5) AppleWebKit/605.1.15 (KHTML, like Gecko) Version/13.1.1 Safari/605.1.15 (Applebot/0.1; +http://www.apple.com/go/applebot)"
85.209.89.241 - - [03/Jan/2021:20:02:43 +0100] "HEAD / HTTP/1.1" 200 - "https://tver.dienai.ru/" "Mozilla/4.0 (compatible; MSIE4.00; Windows 2006)"
85.209.89.216 - - [03/Jan/2021:20:02:43 +0100] "HEAD / HTTP/1.1" 200 - "https://dapsi.com.ua/g61675226-salyuty-fejerverki" "Mozilla/4.0 (compatible; MSIE7.00; Windows 2003)"
207.46.13.86 - - [03/Jan/2021:20:04:15 +0100] "GET /gotteslob/gotteslob_alle.jpg HTTP/1.1" 200 24560 "-" "Mozilla/5.0 (compatible; bingbot/2.0; +http://www.bing.com/bingbot.htm)"
168.119.69.91 - - [03/Jan/2021:20:16:59 +0100] "GET /sonderthemen/sk2002.pdf HTTP/1.1" 200 2628923 "-" "Mozilla/5.0 (Windows NT 10.0; Win64; x64; rv:78.0) Gecko/20100101 Firefox/78.0"
77.75.79.109 - - [03/Jan/2021:20:32:09 +0100] "GET /robots.txt HTTP/1.1" 200 100 "-" "Mozilla/5.0 (compatible; SeznamBot/3.2; +http://napoveda.seznam.cz/en/seznambot-intro/)"
77.75.79.109 - - [03/Jan/2021:20:32:09 +0100] "GET /buecher/index.html HTTP/1.1" 200 25885 "-" "Mozilla/5.0 (compatible; SeznamBot/3.2; +http://napoveda.seznam.cz/en/seznambot-intro/)"
95.90.236.114 - - [03/Jan/2021:20:40:44 +0100] "GET /sonderthemen/az2000.pdf HTTP/1.1" 200 2253581 "https://www.google.de/" "Mozilla/5.0 (iPhone; CPU iPhone OS 14_3 like Mac OS X) AppleWebKit/605.1.15 (KHTML, like Gecko) Version/14.0.2 Mobile/15E148 Safari/604.1"
95.90.236.114 - - [03/Jan/2021:20:40:45 +0100] "GET /favicon.ico HTTP/1.1" 200 4286 "http://www.morusverlag.de/sonderthemen/az2000.pdf" "Mozilla/5.0 (iPhone; CPU iPhone OS 14_3 like Mac OS X) AppleWebKit/605.1.15 (KHTML, like Gecko) Version/14.0.2 Mobile/15E148 Safari/604.1"
193.124.188.188 - - [03/Jan/2021:20:53:46 +0100] "HEAD / HTTP/1.1" 200 - "https://turvpolshu.ru/" "Mozilla/8.0 (compatible; MSIE2.00; Windows 2003)"
193.124.188.83 - - [03/Jan/2021:20:53:46 +0100] "HEAD / HTTP/1.1" 200 - "https://enresurs24.ru/" "Mozilla/2.0 (compatible; MSIE7.00; Windows 2007)"
194.67.210.77 - - [03/Jan/2021:20:53:47 +0100] "HEAD / HTTP/1.1" 200 - "https://apple-tree.com.ua/" "Mozilla/6.0 (compatible; MSIE4.00; Windows 2005)"
193.124.190.18 - - [03/Jan/2021:20:53:47 +0100] "HEAD / HTTP/1.1" 200 - "http://firstsmi.ru/" "Mozilla/8.0 (compatible; MSIE4.00; Windows 2009)"
185.125.219.13 - - [03/Jan/2021:20:53:47 +0100] "HEAD / HTTP/1.1" 200 - "https://big-data.dev/" "Mozilla/7.0 (compatible; MSIE3.00; Windows 2008)"
194.67.207.9 - - [03/Jan/2021:20:53:48 +0100] "HEAD / HTTP/1.1" 200 - "https://freelancehack.ru/" "Mozilla/8.0 (compatible; MSIE2.00; Windows 2009)"
185.5.249.185 - - [03/Jan/2021:20:53:51 +0100] "HEAD / HTTP/1.1" 200 - "https://mosad.online/" "Mozilla/4.0 (compatible; MSIE6.00; Windows 2005)"
194.67.207.94 - - [03/Jan/2021:20:58:23 +0100] "HEAD / HTTP/1.1" 200 - "https://bystik.net/" "Mozilla/4.0 (compatible; MSIE2.00; Windows 2002)"
168.119.11.187 - - [03/Jan/2021:21:31:58 +0100] "GET /sonderthemen/az1999.pdf HTTP/1.1" 200 1842982 "-" "Mozilla/5.0 (Windows NT 10.0; Win64; x64) AppleWebKit/537.36 (KHTML, like Gecko) Chrome/87.0.4280.67 Safari/537.36 Edg/87.0.664.55"
77.75.77.36 - - [03/Jan/2021:21:40:10 +0100] "GET /robots.txt HTTP/1.1" 200 100 "-" "Mozilla/5.0 (compatible; SeznamBot/3.2; +http://napoveda.seznam.cz/en/seznambot-intro/)"
77.75.77.36 - - [03/Jan/2021:21:40:10 +0100] "GET /kontakt/index.html HTTP/1.1" 304 - "-" "Mozilla/5.0 (compatible; SeznamBot/3.2; +http://napoveda.seznam.cz/en/seznambot-intro/)"
216.244.66.237 - - [03/Jan/2021:23:02:11 +0100] "GET /robots.txt HTTP/1.1" 200 100 "-" "Mozilla/5.0 (compatible; DotBot/1.1; http://www.opensiteexplorer.org/dotbot, help@moz.com)"
54.36.148.244 - - [03/Jan/2021:23:10:06 +0100] "GET /buecher/veroeffentlichungsliste.html HTTP/1.1" 200 129779 "-" "Mozilla/5.0 (compatible; AhrefsBot/7.0; +http://ahrefs.com/robot/)"
95.217.221.137 - - [03/Jan/2021:23:10:20 +0100] "GET / HTTP/1.1" 200 9360 "-" "Mozilla/5.0 (Windows NT 10.0; Win64; x64) AppleWebKit/537.36 (KHTML, like Gecko) Chrome/58.0.3029.110 Safari/537.36"
95.217.221.137 - - [03/Jan/2021:23:10:20 +0100] "GET /impressum.html HTTP/1.1" 200 2808 "-" "Mozilla/5.0 (Windows NT 10.0; Win64; x64) AppleWebKit/537.36 (KHTML, like Gecko) Chrome/58.0.3029.110 Safari/537.36"
216.244.66.237 - - [03/Jan/2021:23:14:38 +0100] "GET /buecher/gesichter.jpg HTTP/1.1" 200 7271 "-" "Mozilla/5.0 (compatible; DotBot/1.1; http://www.opensiteexplorer.org/dotbot, help@moz.com)"
213.83.37.145 - - [03/Jan/2021:23:40:35 +0100] "HEAD / HTTP/1.1" 200 - "-" "Mozilla/5.0 (Windows NT 6.1; rv:39.0) Gecko/20180101 Firefox/39.0"
213.83.37.145 - - [03/Jan/2021:23:40:35 +0100] "HEAD / HTTP/1.1" 200 - "-" "Mozilla/5.0 (Windows NT 6.1; rv:39.0) Gecko/20180101 Firefox/39.0"
213.83.37.145 - - [03/Jan/2021:23:40:35 +0100] "HEAD / HTTP/1.1" 200 - "-" "Mozilla/5.0 (Windows NT 6.1; rv:39.0) Gecko/20180101 Firefox/39.0"
213.83.37.145 - - [03/Jan/2021:23:40:35 +0100] "HEAD / HTTP/1.1" 200 - "-" "Mozilla/5.0 (Windows NT 6.1; rv:39.0) Gecko/20180101 Firefox/39.0"
78.46.90.120 - - [04/Jan/2021:02:39:05 +0100] "GET /sonderthemen/oekt_extra1.pdf HTTP/1.1" 200 1849015 "-" "Mozilla/5.0 (Windows NT 10.0; Win64; x64; rv:83.0) Gecko/20100101 Firefox/83.0"
144.76.102.243 - - [04/Jan/2021:02:39:11 +0100] "GET /sonderthemen/oekt_extra1.pdf HTTP/1.1" 200 1849015 "-" "Mozilla/5.0 (Windows NT 6.1; Win64; x64; rv:83.0) Gecko/20100101 Firefox/83.0"
88.198.36.62 - - [04/Jan/2021:02:39:26 +0100] "GET /sonderthemen/oekt_extra1.pdf HTTP/1.1" 200 1849015 "-" "Mozilla/5.0 (Macintosh; Intel Mac OS X 10.14; rv:83.0) Gecko/20100101 Firefox/83.0"
95.216.137.125 - - [04/Jan/2021:02:50:46 +0100] "GET / HTTP/1.1" 200 9360 "" "Mozilla/5.0 (Windows NT 6.1; WOW64; rv:31.0) Gecko/20100101 Firefox/41.0"
66.249.69.109 - - [04/Jan/2021:02:50:50 +0100] "GET /cds/hymnos.jpg HTTP/1.1" 200 27752 "-" "Googlebot-Image/1.0"
140.203.12.4 - - [04/Jan/2021:03:24:33 +0100] "HEAD / HTTP/1.1" 200 - "-" "Java/1.6.0_23"
46.4.83.150 - - [04/Jan/2021:03:41:49 +0100] "GET /sonderthemen/az1999.pdf HTTP/1.1" 200 1842982 "-" "Mozilla/5.0 (Macintosh; Intel Mac OS X 10_15_7) AppleWebKit/537.36 (KHTML, like Gecko) Chrome/87.0.4280.88 Safari/537.36"
78.46.90.120 - - [04/Jan/2021:03:41:50 +0100] "GET /sonderthemen/sk2000.pdf HTTP/1.1" 200 2925489 "-" "Mozilla/5.0 (Macintosh; Intel Mac OS X 11_0_0) AppleWebKit/537.36 (KHTML, like Gecko) Chrome/86.0.4240.198 Safari/537.36"
185.181.246.168 - - [04/Jan/2021:03:45:34 +0100] "HEAD /?author=1 HTTP/1.1" 200 - "-" "Mozilla/5.0 (Windows NT 10.0; Win64; x64; rv:77.0) Gecko/20100101 Firefox/77.0"
13.66.139.80 - - [04/Jan/2021:04:05:29 +0100] "GET /buecher/gesichter/01.jpg HTTP/1.1" 200 7981 "-" "Mozilla/5.0 (compatible; bingbot/2.0; +http://www.bing.com/bingbot.htm)"
54.36.148.46 - - [04/Jan/2021:04:07:34 +0100] "GET /robots.txt HTTP/1.1" 200 100 "-" "Mozilla/5.0 (compatible; AhrefsBot/6.1; +http://ahrefs.com/robot/)"
54.36.148.244 - - [04/Jan/2021:04:07:35 +0100] "GET / HTTP/1.1" 200 9360 "-" "Mozilla/5.0 (compatible; AhrefsBot/7.0; +http://ahrefs.com/robot/)"
168.119.69.91 - - [04/Jan/2021:04:08:49 +0100] "GET /buecher/ HTTP/1.1" 200 25885 "-" "Mozilla/5.0 (X11; Ubuntu; Linux x86_64; rv:83.0) Gecko/20100101 Firefox/83.0"
168.119.11.187 - - [04/Jan/2021:04:08:49 +0100] "GET /buecher/index.html HTTP/1.1" 200 25885 "-" "Mozilla/5.0 (X11; Ubuntu; Linux x86_64; rv:84.0) Gecko/20100101 Firefox/84.0"
78.46.94.83 - - [04/Jan/2021:04:09:03 +0100] "GET /buecher/ HTTP/1.1" 200 25885 "-" "Mozilla/5.0 (Windows NT 10.0; Win64; x64) AppleWebKit/537.36 (KHTML, like Gecko) Chrome/86.0.4240.198 Safari/537.36 OPR/72.0.3815.400"
88.198.36.62 - - [04/Jan/2021:04:09:18 +0100] "GET /buecher/ HTTP/1.1" 200 25885 "-" "Mozilla/5.0 (Windows NT 6.1; Win64; x64) AppleWebKit/537.36 (KHTML, like Gecko) Chrome/87.0.4280.66 Safari/537.36"
17.58.96.106 - - [04/Jan/2021:04:23:01 +0100] "GET /cds/hymnos_heft.jpg HTTP/1.1" 200 8653 "-" "Mozilla/5.0 (Macintosh; Intel Mac OS X 10_15_5) AppleWebKit/605.1.15 (KHTML, like Gecko) Version/13.1.1 Safari/605.1.15 (Applebot/0.1; +http://www.apple.com/go/applebot)"
193.124.191.92 - - [04/Jan/2021:04:34:35 +0100] "HEAD / HTTP/1.1" 200 - "https://digestinvest.ru/investidei/zpify" "Mozilla/6.0 (compatible; MSIE2.00; Windows 2009)"
148.251.50.77 - - [04/Jan/2021:04:43:26 +0100] "GET /sonderthemen/az1999.pdf HTTP/1.1" 200 1842982 "-" "Mozilla/5.0 (Windows NT 6.3; Win64; x64; rv:83.0) Gecko/20100101 Firefox/83.0"
168.119.11.187 - - [04/Jan/2021:04:43:32 +0100] "GET /sonderthemen/az2000.pdf HTTP/1.1" 200 2253581 "-" "Mozilla/5.0 (Macintosh; Intel Mac OS X 10_15_6) AppleWebKit/605.1.15 (KHTML, like Gecko) Version/13.1.2 Safari/605.1.15"
168.119.69.91 - - [04/Jan/2021:04:43:47 +0100] "GET /sonderthemen/az2000.pdf HTTP/1.1" 200 2253581 "-" "Mozilla/5.0 (Windows NT 10.0; Win64; x64) AppleWebKit/537.36 (KHTML, like Gecko) Chrome/87.0.4280.67 Safari/537.36"
168.119.11.187 - - [04/Jan/2021:04:54:19 +0100] "GET /sonderthemen/az2000.pdf HTTP/1.1" 200 2253581 "-" "Mozilla/5.0 (X11; Ubuntu; Linux x86_64; rv:83.0) Gecko/20100101 Firefox/83.0"
207.46.13.86 - - [04/Jan/2021:05:47:25 +0100] "GET /buecher/gesichter/15.jpg HTTP/1.1" 200 7253 "-" "Mozilla/5.0 (compatible; bingbot/2.0; +http://www.bing.com/bingbot.htm)"
114.119.132.187 - - [04/Jan/2021:06:12:19 +0100] "GET /robots.txt HTTP/1.1" 200 100 "-" "(compatible;PetalBot;+https://aspiegel.com/petalbot)"
194.173.174.10 - - [04/Jan/2021:06:38:17 +0100] "HEAD / HTTP/1.1" 200 - "-" "Mozilla/5.0 (Windows NT 6.3; WOW64) AppleWebKit/537.36 (KHTML, like Gecko) Chrome/43.0.2357.134 Safari/537.36"
193.124.188.188 - - [04/Jan/2021:08:30:31 +0100] "HEAD / HTTP/1.1" 200 - "https://pipeplast.com.ua/" "Mozilla/7.0 (compatible; MSIE7.00; Windows 2008)"
193.124.188.83 - - [04/Jan/2021:08:30:31 +0100] "HEAD / HTTP/1.1" 200 - "http://tv-express.ru/obcshestvo" "Mozilla/6.0 (compatible; MSIE4.00; Windows 2007)"
194.67.210.77 - - [04/Jan/2021:08:30:31 +0100] "HEAD / HTTP/1.1" 200 - "http://gubernya63.ru/Lichnost-v-istorii/syzran/" "Mozilla/2.0 (compatible; MSIE4.00; Windows 2004)"
193.124.190.18 - - [04/Jan/2021:08:30:31 +0100] "HEAD / HTTP/1.1" 200 - "http://dab-info.ru/" "Mozilla/6.0 (compatible; MSIE5.00; Windows 2006)"
194.67.207.9 - - [04/Jan/2021:08:30:37 +0100] "HEAD / HTTP/1.1" 200 - "https://metaphysican.com" "Mozilla/5.0 (compatible; MSIE5.00; Windows 2003)"
194.67.207.94 - - [04/Jan/2021:08:30:37 +0100] "HEAD / HTTP/1.1" 200 - "https://dontimes.news/sujeti/koronavirus-covid-19/" "Mozilla/8.0 (compatible; MSIE3.00; Windows 2006)"
185.5.249.185 - - [04/Jan/2021:08:30:37 +0100] "HEAD / HTTP/1.1" 200 - "https://polotsk-portal.ru" "Mozilla/6.0 (compatible; MSIE6.00; Windows 2003)"
45.132.107.248 - - [04/Jan/2021:08:36:30 +0100] "HEAD / HTTP/1.1" 200 - "https://clinic-ultra.ru/narko-dispanser/" "Mozilla/6.0 (compatible; MSIE7.00; Windows 2006)"
185.224.132.45 - - [04/Jan/2021:08:36:30 +0100] "HEAD / HTTP/1.1" 200 - "http://advoka-t.ru/yuridicheskim-licam" "Mozilla/5.0 (compatible; MSIE4.00; Windows 2005)"
185.241.52.68 - - [04/Jan/2021:08:36:31 +0100] "HEAD / HTTP/1.1" 200 - "https://foiz.ru" "Mozilla/4.0 (compatible; MSIE4.00; Windows 2009)"
185.203.240.129 - - [04/Jan/2021:08:36:31 +0100] "HEAD / HTTP/1.1" 200 - "https://autovteme.ru/cars-pod-nalog/cars-pod-nalog-250ls" "Mozilla/7.0 (compatible; MSIE6.00; Windows 2008)"
77.220.215.153 - - [04/Jan/2021:08:36:31 +0100] "HEAD / HTTP/1.1" 200 - "https://cool-answers.ru/23-strany-i-proizvoditeli-fotoapparatov.html" "Mozilla/7.0 (compatible; MSIE5.00; Windows 2003)"
212.86.109.31 - - [04/Jan/2021:08:36:31 +0100] "HEAD / HTTP/1.1" 200 - "https://generals-igracomp.ru/27-igra-generaly-chas-rasplaty.html" "Mozilla/3.0 (compatible; MSIE7.00; Windows 2002)"
185.209.20.147 - - [04/Jan/2021:08:36:31 +0100] "HEAD / HTTP/1.1" 200 - "https://generals-cncrts.blog/73-kompjuternaja-igra-war-thunder.html" "Mozilla/3.0 (compatible; MSIE7.00; Windows 2006)"
85.209.89.217 - - [04/Jan/2021:08:42:57 +0100] "HEAD / HTTP/1.1" 200 - "https://fonarikitop.ru/luchshie-velosipednye-fonari/" "Mozilla/2.0 (compatible; MSIE3.00; Windows 2003)"
85.209.89.205 - - [04/Jan/2021:08:42:57 +0100] "HEAD / HTTP/1.1" 200 - "https://veb-whatsapp.ru/kak-sdelat-videozvonok-web-whatsapp/" "Mozilla/2.0 (compatible; MSIE5.00; Windows 2007)"
85.209.89.224 - - [04/Jan/2021:08:42:57 +0100] "HEAD / HTTP/1.1" 200 - "https://kak-pochemy.ru/top-luchshih-tovarov-dlya-avto-s-aliekspress/" "Mozilla/7.0 (compatible; MSIE5.00; Windows 2008)"
85.209.89.241 - - [04/Jan/2021:08:42:57 +0100] "HEAD / HTTP/1.1" 200 - "https://xn----8sbnvfrsgc5d5a.xn--p1ai/category/%d0%b1%d0%b8%d0%be%d1%85%d0%b8%d0%bc%d0%b8%d1%8f/" "Mozilla/8.0 (compatible; MSIE6.00; Windows 2007)"
85.209.89.216 - - [04/Jan/2021:08:45:26 +0100] "HEAD / HTTP/1.1" 200 - "https://inzuro.ru/osago/hmao/surgut/" "Mozilla/7.0 (compatible; MSIE7.00; Windows 2007)"
185.125.219.13 - - [04/Jan/2021:08:48:29 +0100] "HEAD / HTTP/1.1" 200 - "https://xn--80aea1cgpdh6f.xn--p1ai/katalog" "Mozilla/7.0 (compatible; MSIE6.00; Windows 2002)"
114.119.154.65 - - [04/Jan/2021:09:30:05 +0100] "GET /robots.txt HTTP/1.1" 200 100 "-" "Mozilla/5.0 (Linux; Android 7.0;) AppleWebKit/537.36 (KHTML, like Gecko) Mobile Safari/537.36 (compatible; PetalBot;+https://aspiegel.com/petalbot)"
37.113.188.247 - - [04/Jan/2021:09:59:52 +0100] "GET / HTTP/1.1" 200 9360 "https://lanet.help/ru/" "Mozilla/5.0 (Windows NT 6.1; rv:28.0) Gecko/20100101 Firefox/28.0"
37.113.188.247 - - [04/Jan/2021:10:00:07 +0100] "GET / HTTP/1.1" 200 9360 "https://lanet.help/ru/" "Mozilla/5.0 (Windows NT 6.1; rv:28.0) Gecko/20100101 Firefox/28.0"
37.113.188.247 - - [04/Jan/2021:10:00:10 +0100] "GET / HTTP/1.1" 200 9360 "https://lanet.help/ru/" "Mozilla/5.0 (Windows NT 6.1; rv:28.0) Gecko/20100101 Firefox/28.0"
54.36.148.244 - - [04/Jan/2021:10:03:24 +0100] "GET /impressum.html HTTP/1.1" 200 2808 "-" "Mozilla/5.0 (compatible; AhrefsBot/7.0; +http://ahrefs.com/robot/)"
144.76.162.206 - - [04/Jan/2021:10:33:47 +0100] "GET /sonderthemen/oekt_extra3.pdf HTTP/1.1" 200 2109745 "-" "Mozilla/5.0 (Windows NT 10.0; rv:78.0) Gecko/20100101 Firefox/78.0"
88.198.90.9 - - [04/Jan/2021:11:03:37 +0100] "GET /sonderthemen/oeaz2001.pdf HTTP/1.1" 200 4496626 "-" "Mozilla/5.0 (Macintosh; Intel Mac OS X 10_14_6) AppleWebKit/537.36 (KHTML, like Gecko) Chrome/87.0.4280.88 Safari/537.36"
78.46.94.83 - - [04/Jan/2021:11:06:36 +0100] "GET /sonderthemen/az2000.pdf HTTP/1.1" 200 2253581 "-" "Mozilla/5.0 (Windows NT 10.0; Win64; x64) AppleWebKit/537.36 (KHTML, like Gecko) Chrome/86.0.4240.198 Safari/537.36"
88.198.90.9 - - [04/Jan/2021:11:40:08 +0100] "GET /sonderthemen/az1999.pdf HTTP/1.1" 200 1842982 "-" "Mozilla/5.0 (X11; Linux x86_64) AppleWebKit/537.36 (KHTML, like Gecko) Chrome/87.0.4280.66 Safari/537.36"
93.219.62.193 - - [04/Jan/2021:12:28:51 +0100] "GET /favicon.ico HTTP/1.1" 200 4286 "http://www.morusverlag.de/sonderthemen/oekt_extra1.pdf" "Mozilla/5.0 (Windows NT 10.0; Win64; x64) AppleWebKit/537.36 (KHTML, like Gecko) Chrome/87.0.4280.88 Safari/537.36"
93.219.62.193 - - [04/Jan/2021:12:28:51 +0100] "GET /sonderthemen/oekt_extra1.pdf HTTP/1.1" 200 1849015 "https://www.google.com/" "Mozilla/5.0 (Windows NT 10.0; Win64; x64) AppleWebKit/537.36 (KHTML, like Gecko) Chrome/87.0.4280.88 Safari/537.36"
144.76.162.206 - - [04/Jan/2021:12:39:51 +0100] "GET /sonderthemen/oekz2003.pdf HTTP/1.1" 200 4017017 "-" "Mozilla/5.0 (Macintosh; Intel Mac OS X 10_13_6) AppleWebKit/537.36 (KHTML, like Gecko) Chrome/87.0.4280.67 Safari/537.36"
178.63.51.106 - - [04/Jan/2021:12:40:05 +0100] "GET /sonderthemen/oekz2003.pdf HTTP/1.1" 200 4017017 "-" "Mozilla/5.0 (Windows NT 10.0; Win64; x64; rv:78.0) Gecko/20100101 Firefox/78.0"
91.55.99.209 - - [04/Jan/2021:12:56:32 +0100] "GET / HTTP/1.1" 200 9360 "-" "Mozilla/5.0 (Windows NT 10.0; Win64; x64) AppleWebKit/537.36 (KHTML, like Gecko) Chrome/87.0.4280.88 Safari/537.36 Edg/87.0.664.66"
91.55.99.209 - - [04/Jan/2021:12:56:32 +0100] "GET /main.css HTTP/1.1" 200 1439 "http://www.morusverlag.de/" "Mozilla/5.0 (Windows NT 10.0; Win64; x64) AppleWebKit/537.36 (KHTML, like Gecko) Chrome/87.0.4280.88 Safari/537.36 Edg/87.0.664.66"
91.55.99.209 - - [04/Jan/2021:12:56:32 +0100] "GET /logo_g.gif HTTP/1.1" 200 1301 "http://www.morusverlag.de/" "Mozilla/5.0 (Windows NT 10.0; Win64; x64) AppleWebKit/537.36 (KHTML, like Gecko) Chrome/87.0.4280.88 Safari/537.36 Edg/87.0.664.66"
91.55.99.209 - - [04/Jan/2021:12:56:32 +0100] "GET /mv_g.gif HTTP/1.1" 200 4070 "http://www.morusverlag.de/" "Mozilla/5.0 (Windows NT 10.0; Win64; x64) AppleWebKit/537.36 (KHTML, like Gecko) Chrome/87.0.4280.88 Safari/537.36 Edg/87.0.664.66"
91.55.99.209 - - [04/Jan/2021:12:56:32 +0100] "GET /mv_gr_w.gif HTTP/1.1" 200 2005 "http://www.morusverlag.de/" "Mozilla/5.0 (Windows NT 10.0; Win64; x64) AppleWebKit/537.36 (KHTML, like Gecko) Chrome/87.0.4280.88 Safari/537.36 Edg/87.0.664.66"
91.55.99.209 - - [04/Jan/2021:12:56:32 +0100] "GET /jahrbuch_k.jpg HTTP/1.1" 200 3719 "http://www.morusverlag.de/" "Mozilla/5.0 (Windows NT 10.0; Win64; x64) AppleWebKit/537.36 (KHTML, like Gecko) Chrome/87.0.4280.88 Safari/537.36 Edg/87.0.664.66"
91.55.99.209 - - [04/Jan/2021:12:56:32 +0100] "GET /pf.gif HTTP/1.1" 200 62 "http://www.morusverlag.de/" "Mozilla/5.0 (Windows NT 10.0; Win64; x64) AppleWebKit/537.36 (KHTML, like Gecko) Chrome/87.0.4280.88 Safari/537.36 Edg/87.0.664.66"
91.55.99.209 - - [04/Jan/2021:12:56:32 +0100] "GET /buecher/gesichter.jpg HTTP/1.1" 200 7271 "http://www.morusverlag.de/" "Mozilla/5.0 (Windows NT 10.0; Win64; x64) AppleWebKit/537.36 (KHTML, like Gecko) Chrome/87.0.4280.88 Safari/537.36 Edg/87.0.664.66"
91.55.99.209 - - [04/Jan/2021:12:56:32 +0100] "GET /cds/rosarium_k.jpg HTTP/1.1" 200 3972 "http://www.morusverlag.de/" "Mozilla/5.0 (Windows NT 10.0; Win64; x64) AppleWebKit/537.36 (KHTML, like Gecko) Chrome/87.0.4280.88 Safari/537.36 Edg/87.0.664.66"
91.55.99.209 - - [04/Jan/2021:12:56:32 +0100] "GET /cds/hymnos_k.jpg HTTP/1.1" 200 4986 "http://www.morusverlag.de/" "Mozilla/5.0 (Windows NT 10.0; Win64; x64) AppleWebKit/537.36 (KHTML, like Gecko) Chrome/87.0.4280.88 Safari/537.36 Edg/87.0.664.66"
91.55.99.209 - - [04/Jan/2021:12:56:32 +0100] "GET /strich.gif HTTP/1.1" 200 45 "http://www.morusverlag.de/" "Mozilla/5.0 (Windows NT 10.0; Win64; x64) AppleWebKit/537.36 (KHTML, like Gecko) Chrome/87.0.4280.88 Safari/537.36 Edg/87.0.664.66"
91.55.99.209 - - [04/Jan/2021:12:56:32 +0100] "GET /gotteslob.jpg HTTP/1.1" 200 9390 "http://www.morusverlag.de/" "Mozilla/5.0 (Windows NT 10.0; Win64; x64) AppleWebKit/537.36 (KHTML, like Gecko) Chrome/87.0.4280.88 Safari/537.36 Edg/87.0.664.66"
91.55.99.209 - - [04/Jan/2021:12:56:32 +0100] "GET /cds/ignatius_k.jpg HTTP/1.1" 200 3965 "http://www.morusverlag.de/" "Mozilla/5.0 (Windows NT 10.0; Win64; x64) AppleWebKit/537.36 (KHTML, like Gecko) Chrome/87.0.4280.88 Safari/537.36 Edg/87.0.664.66"
91.55.99.209 - - [04/Jan/2021:12:56:32 +0100] "GET /buch_k.jpg HTTP/1.1" 200 4591 "http://www.morusverlag.de/" "Mozilla/5.0 (Windows NT 10.0; Win64; x64) AppleWebKit/537.36 (KHTML, like Gecko) Chrome/87.0.4280.88 Safari/537.36 Edg/87.0.664.66"
91.55.99.209 - - [04/Jan/2021:12:56:32 +0100] "GET /buecher/chateaubriand.jpg HTTP/1.1" 200 2272 "http://www.morusverlag.de/" "Mozilla/5.0 (Windows NT 10.0; Win64; x64) AppleWebKit/537.36 (KHTML, like Gecko) Chrome/87.0.4280.88 Safari/537.36 Edg/87.0.664.66"
91.55.99.209 - - [04/Jan/2021:12:56:32 +0100] "GET /buecher/engel.jpg HTTP/1.1" 200 5414 "http://www.morusverlag.de/" "Mozilla/5.0 (Windows NT 10.0; Win64; x64) AppleWebKit/537.36 (KHTML, like Gecko) Chrome/87.0.4280.88 Safari/537.36 Edg/87.0.664.66"
91.55.99.209 - - [04/Jan/2021:12:56:32 +0100] "GET /cds/astazi_k.jpg HTTP/1.1" 200 6049 "http://www.morusverlag.de/" "Mozilla/5.0 (Windows NT 10.0; Win64; x64) AppleWebKit/537.36 (KHTML, like Gecko) Chrome/87.0.4280.88 Safari/537.36 Edg/87.0.664.66"
91.55.99.209 - - [04/Jan/2021:12:56:32 +0100] "GET /favicon.ico HTTP/1.1" 200 4286 "http://www.morusverlag.de/" "Mozilla/5.0 (Windows NT 10.0; Win64; x64) AppleWebKit/537.36 (KHTML, like Gecko) Chrome/87.0.4280.88 Safari/537.36 Edg/87.0.664.66"
91.55.99.209 - - [04/Jan/2021:12:56:43 +0100] "GET /cds/hymnos_akathistos.html HTTP/1.1" 200 11061 "http://www.morusverlag.de/" "Mozilla/5.0 (Windows NT 10.0; Win64; x64) AppleWebKit/537.36 (KHTML, like Gecko) Chrome/87.0.4280.88 Safari/537.36 Edg/87.0.664.66"
91.55.99.209 - - [04/Jan/2021:12:56:43 +0100] "GET /m.gif HTTP/1.1" 200 95 "http://www.morusverlag.de/cds/hymnos_akathistos.html" "Mozilla/5.0 (Windows NT 10.0; Win64; x64) AppleWebKit/537.36 (KHTML, like Gecko) Chrome/87.0.4280.88 Safari/537.36 Edg/87.0.664.66"
91.55.99.209 - - [04/Jan/2021:12:56:43 +0100] "GET /cds/hymnos.jpg HTTP/1.1" 200 27752 "http://www.morusverlag.de/cds/hymnos_akathistos.html" "Mozilla/5.0 (Windows NT 10.0; Win64; x64) AppleWebKit/537.36 (KHTML, like Gecko) Chrome/87.0.4280.88 Safari/537.36 Edg/87.0.664.66"
91.55.99.209 - - [04/Jan/2021:12:56:43 +0100] "GET /cds/hymnos_heft.jpg HTTP/1.1" 200 8653 "http://www.morusverlag.de/cds/hymnos_akathistos.html" "Mozilla/5.0 (Windows NT 10.0; Win64; x64) AppleWebKit/537.36 (KHTML, like Gecko) Chrome/87.0.4280.88 Safari/537.36 Edg/87.0.664.66"
91.55.99.209 - - [04/Jan/2021:12:56:50 +0100] "GET /cds/index.html HTTP/1.1" 200 7987 "http://www.morusverlag.de/cds/hymnos_akathistos.html" "Mozilla/5.0 (Windows NT 10.0; Win64; x64) AppleWebKit/537.36 (KHTML, like Gecko) Chrome/87.0.4280.88 Safari/537.36 Edg/87.0.664.66"
91.55.99.209 - - [04/Jan/2021:12:56:50 +0100] "GET /cds/glockenspiel1_k.jpg HTTP/1.1" 200 5641 "http://www.morusverlag.de/cds/index.html" "Mozilla/5.0 (Windows NT 10.0; Win64; x64) AppleWebKit/537.36 (KHTML, like Gecko) Chrome/87.0.4280.88 Safari/537.36 Edg/87.0.664.66"
91.55.99.209 - - [04/Jan/2021:12:56:50 +0100] "GET /cds/glockenspiel2_k.jpg HTTP/1.1" 200 5265 "http://www.morusverlag.de/cds/index.html" "Mozilla/5.0 (Windows NT 10.0; Win64; x64) AppleWebKit/537.36 (KHTML, like Gecko) Chrome/87.0.4280.88 Safari/537.36 Edg/87.0.664.66"
91.55.99.209 - - [04/Jan/2021:12:56:50 +0100] "GET /cds/lumina_k.jpg HTTP/1.1" 200 6053 "http://www.morusverlag.de/cds/index.html" "Mozilla/5.0 (Windows NT 10.0; Win64; x64) AppleWebKit/537.36 (KHTML, like Gecko) Chrome/87.0.4280.88 Safari/537.36 Edg/87.0.664.66"
168.119.11.187 - - [04/Jan/2021:13:08:47 +0100] "GET /sonderthemen/oekt_extra1.pdf HTTP/1.1" 200 1849015 "-" "Mozilla/5.0 (Windows NT 10.0; Win64; x64) AppleWebKit/537.36 (KHTML, like Gecko) Chrome/86.0.4240.75 Safari/537.36"
148.251.50.77 - - [04/Jan/2021:13:51:12 +0100] "GET /sonderthemen/oekt_extra1.pdf HTTP/1.1" 200 1849015 "-" "Mozilla/5.0 (Windows NT 10.0; Win64; x64) AppleWebKit/537.36 (KHTML, like Gecko) Chrome/86.0.4240.198 Safari/537.36 OPR/72.0.3815.400"
46.4.83.150 - - [04/Jan/2021:13:51:12 +0100] "GET /sonderthemen/oekt_extra3.pdf HTTP/1.1" 200 2109745 "-" "Mozilla/5.0 (Macintosh; Intel Mac OS X 10_13_6) AppleWebKit/537.36 (KHTML, like Gecko) Chrome/86.0.4240.198 Safari/537.36"
148.251.50.77 - - [04/Jan/2021:13:51:26 +0100] "GET /sonderthemen/oekt_extra3.pdf HTTP/1.1" 200 2109745 "-" "Mozilla/5.0 (Windows NT 10.0; Win64; x64) AppleWebKit/537.36 (KHTML, like Gecko) Chrome/86.0.4240.75 Safari/537.36"
62.138.2.214 - - [04/Jan/2021:13:58:43 +0100] "GET /robots.txt HTTP/1.1" 200 100 "-" "Mozilla/5.0 (X11; Linux x86_64; rv:81.0) Gecko/20100101 Firefox/81.0"
62.138.2.214 - - [04/Jan/2021:13:58:43 +0100] "GET / HTTP/1.1" 200 9360 "-" "Mozilla/5.0 (X11; Linux x86_64; rv:81.0) Gecko/20100101 Firefox/81.0"
62.138.2.214 - - [04/Jan/2021:14:15:09 +0100] "GET /robots.txt HTTP/1.1" 200 100 "-" "Mozilla/5.0 (X11; Linux x86_64; rv:81.0) Gecko/20100101 Firefox/81.0"
62.138.2.214 - - [04/Jan/2021:14:15:09 +0100] "GET /jahrbuch/index.html HTTP/1.1" 200 3956 "-" "Mozilla/5.0 (X11; Linux x86_64; rv:81.0) Gecko/20100101 Firefox/81.0"
78.46.94.83 - - [04/Jan/2021:14:45:01 +0100] "GET /sonderthemen/sk2004.pdf HTTP/1.1" 200 1967215 "-" "Mozilla/5.0 (X11; Ubuntu; Linux x86_64; rv:82.0) Gecko/20100101 Firefox/82.0"
178.63.51.106 - - [04/Jan/2021:14:47:22 +0100] "GET /sonderthemen/sk2002.pdf HTTP/1.1" 200 2628923 "-" "Mozilla/5.0 (Macintosh; Intel Mac OS X 11_0_1) AppleWebKit/537.36 (KHTML, like Gecko) Chrome/87.0.4280.67 Safari/537.36"
17.58.96.106 - - [04/Jan/2021:14:52:15 +0100] "GET /sonderthemen/presse.html HTTP/1.1" 200 5772 "-" "Mozilla/5.0 (Macintosh; Intel Mac OS X 10_15_5) AppleWebKit/605.1.15 (KHTML, like Gecko) Version/13.1.1 Safari/605.1.15 (Applebot/0.1; +http://www.apple.com/go/applebot)"
46.4.83.150 - - [04/Jan/2021:14:57:24 +0100] "GET /sonderthemen/az2000.pdf HTTP/1.1" 200 2253581 "-" "Mozilla/5.0 (Windows NT 10.0; Win64; x64; rv:78.0) Gecko/20100101 Firefox/78.0"
62.138.2.214 - - [04/Jan/2021:15:15:51 +0100] "GET /robots.txt HTTP/1.1" 200 100 "-" "Mozilla/5.0 (X11; Linux x86_64; rv:81.0) Gecko/20100101 Firefox/81.0"
62.138.2.214 - - [04/Jan/2021:15:15:52 +0100] "GET /gotteslob/index.html HTTP/1.1" 200 2770 "-" "Mozilla/5.0 (X11; Linux x86_64; rv:81.0) Gecko/20100101 Firefox/81.0"
47.56.16.178 - - [04/Jan/2021:15:17:55 +0100] "GET /xmlrpc.php HTTP/1.1" 404 2381 "-" "Mozilla/5.0 (Windows NT 6.1; WOW64; rv:45.0) Gecko/20100101 Firefox/45.0"
47.56.106.198 - - [04/Jan/2021:15:17:56 +0100] "GET /xmlrpc.php HTTP/1.1" 404 2381 "-" "Mozilla/5.0 (Windows NT 6.1; WOW64; rv:45.0) Gecko/20100101 Firefox/45.0"
47.56.9.124 - - [04/Jan/2021:15:17:56 +0100] "GET /xmlrpc.php HTTP/1.1" 404 2381 "-" "Mozilla/5.0 (Windows NT 6.1; WOW64; rv:45.0) Gecko/20100101 Firefox/45.0"
54.36.148.244 - - [04/Jan/2021:15:30:31 +0100] "GET /sonderthemen/archiv.html HTTP/1.1" 200 6959 "-" "Mozilla/5.0 (compatible; AhrefsBot/7.0; +http://ahrefs.com/robot/)"
62.138.2.214 - - [04/Jan/2021:16:07:57 +0100] "GET /buecher/index.html HTTP/1.1" 200 25885 "-" "Mozilla/5.0 (X11; Linux x86_64; rv:81.0) Gecko/20100101 Firefox/81.0"
13.66.139.25 - - [04/Jan/2021:16:14:58 +0100] "GET /sonderthemen/index.html HTTP/1.1" 200 7102 "-" "Mozilla/5.0 (compatible; bingbot/2.0; +http://www.bing.com/bingbot.htm)"
88.198.90.9 - - [04/Jan/2021:16:20:45 +0100] "GET /sonderthemen/oeaz2001.pdf HTTP/1.1" 200 4496626 "-" "Mozilla/5.0 (X11; Linux x86_64; rv:83.0) Gecko/20100101 Firefox/83.0"
168.119.11.187 - - [04/Jan/2021:16:20:26 +0100] "GET /sonderthemen/oeaz2001.pdf HTTP/1.1" 200 4496626 "-" "Mozilla/5.0 (X11; Fedora; Linux x86_64; rv:83.0) Gecko/20100101 Firefox/83.0"
62.138.2.214 - - [04/Jan/2021:16:22:56 +0100] "GET /cds/ignatius.html HTTP/1.1" 200 6576 "-" "Mozilla/5.0 (X11; Linux x86_64; rv:81.0) Gecko/20100101 Firefox/81.0"
148.251.50.77 - - [04/Jan/2021:16:29:58 +0100] "GET /sonderthemen/az1999.pdf HTTP/1.1" 200 1842982 "-" "Mozilla/5.0 (Macintosh; Intel Mac OS X 11_0_1) AppleWebKit/537.36 (KHTML, like Gecko) Chrome/87.0.4280.67 Safari/537.36"
62.138.2.214 - - [04/Jan/2021:16:35:42 +0100] "GET /buecher/rezensionen_chateaubriand.html HTTP/1.1" 200 47317 "-" "Mozilla/5.0 (X11; Linux x86_64; rv:81.0) Gecko/20100101 Firefox/81.0"
62.138.2.214 - - [04/Jan/2021:16:55:36 +0100] "GET /jahrbuch/bestellung.php HTTP/1.1" 200 10316 "-" "Mozilla/5.0 (X11; Linux x86_64; rv:81.0) Gecko/20100101 Firefox/81.0"
62.138.2.214 - - [04/Jan/2021:17:20:27 +0100] "GET /jahrbuch/titelseiten/index.html HTTP/1.1" 200 6735 "-" "Mozilla/5.0 (X11; Linux x86_64; rv:81.0) Gecko/20100101 Firefox/81.0"
88.198.90.9 - - [04/Jan/2021:17:37:44 +0100] "GET /sonderthemen/oeaz2001.pdf HTTP/1.1" 200 4496626 "-" "Mozilla/5.0 (Macintosh; Intel Mac OS X 10_14_6) AppleWebKit/537.36 (KHTML, like Gecko) Chrome/87.0.4280.88 Safari/537.36"
66.249.69.107 - - [04/Jan/2021:18:05:06 +0100] "GET /robots.txt HTTP/1.1" 200 100 "-" "Mozilla/5.0 (compatible; Googlebot/2.1; +http://www.google.com/bot.html)"
62.138.2.214 - - [04/Jan/2021:18:20:20 +0100] "GET /buecher/rezensionen_ignatius.html HTTP/1.1" 200 8182 "-" "Mozilla/5.0 (X11; Linux x86_64; rv:81.0) Gecko/20100101 Firefox/81.0"
88.198.43.207 - - [04/Jan/2021:18:21:45 +0100] "GET /buecher/rezensionen_nicht_auf_sand_gebaut.html HTTP/1.1" 200 6594 "-" "Mozilla/5.0 (Windows NT 10.0; Win64; x64) AppleWebKit/537.36 (KHTML, like Gecko) Chrome/87.0.4280.88 Safari/537.36 Edg/87.0.664.57"
185.224.132.45 - - [04/Jan/2021:18:24:41 +0100] "HEAD / HTTP/1.1" 200 - "https://lbuckshee.com/" "Mozilla/8.0 (compatible; MSIE6.00; Windows 2008)"
45.132.107.248 - - [04/Jan/2021:18:24:41 +0100] "HEAD / HTTP/1.1" 200 - "https://woplan.net/" "Mozilla/7.0 (compatible; MSIE2.00; Windows 2002)"
77.220.215.153 - - [04/Jan/2021:18:24:41 +0100] "HEAD / HTTP/1.1" 200 - "https://thezabor.ru/" "Mozilla/5.0 (compatible; MSIE2.00; Windows 2002)"
212.86.109.31 - - [04/Jan/2021:18:24:41 +0100] "HEAD / HTTP/1.1" 200 - "https://elkivastane.kz/" "Mozilla/3.0 (compatible; MSIE7.00; Windows 2004)"
185.209.20.147 - - [04/Jan/2021:18:24:41 +0100] "HEAD / HTTP/1.1" 200 - "https://saryarkatour.kz/" "Mozilla/6.0 (compatible; MSIE3.00; Windows 2004)"
185.203.240.129 - - [04/Jan/2021:18:24:41 +0100] "HEAD / HTTP/1.1" 200 - "https://shoustar.com/" "Mozilla/5.0 (compatible; MSIE7.00; Windows 2004)"
85.209.89.217 - - [04/Jan/2021:18:24:42 +0100] "HEAD / HTTP/1.1" 200 - "https://bymosque.ru/" "Mozilla/4.0 (compatible; MSIE4.00; Windows 2003)"
85.209.89.205 - - [04/Jan/2021:18:24:42 +0100] "HEAD / HTTP/1.1" 200 - "https://realty-konsult.ru/" "Mozilla/5.0 (compatible; MSIE6.00; Windows 2002)"
85.209.89.224 - - [04/Jan/2021:18:24:47 +0100] "HEAD / HTTP/1.1" 200 - "https://kompleksnoe-zdorovie.ru/" "Mozilla/2.0 (compatible; MSIE5.00; Windows 2004)"
185.241.52.68 - - [04/Jan/2021:18:26:24 +0100] "HEAD / HTTP/1.1" 200 - "https://rfserials.online/" "Mozilla/6.0 (compatible; MSIE3.00; Windows 2006)"
85.209.89.241 - - [04/Jan/2021:18:26:24 +0100] "HEAD / HTTP/1.1" 200 - "https://krym-stopalko.ru/" "Mozilla/6.0 (compatible; MSIE4.00; Windows 2006)"
193.124.188.83 - - [04/Jan/2021:18:35:29 +0100] "HEAD / HTTP/1.1" 200 - "https://autorazborka.kiev.ua/" "Mozilla/6.0 (compatible; MSIE7.00; Windows 2009)"
194.67.210.77 - - [04/Jan/2021:18:35:34 +0100] "HEAD / HTTP/1.1" 200 - "https://lawsexp.com/" "Mozilla/2.0 (compatible; MSIE2.00; Windows 2003)"
88.198.36.62 - - [04/Jan/2021:18:38:00 +0100] "GET /sonderthemen/oekz2003.pdf HTTP/1.1" 200 4017017 "-" "Mozilla/5.0 (Windows NT 10.0; Win64; x64; rv:78.0) Gecko/20100101 Firefox/78.0"
194.67.207.9 - - [04/Jan/2021:18:41:49 +0100] "HEAD / HTTP/1.1" 200 - "https://avtovykup-24.ru/" "Mozilla/5.0 (compatible; MSIE2.00; Windows 2002)"
185.125.219.13 - - [04/Jan/2021:18:41:49 +0100] "HEAD / HTTP/1.1" 200 - "https://all-my-services.com/" "Mozilla/8.0 (compatible; MSIE7.00; Windows 2004)"
194.67.207.94 - - [04/Jan/2021:18:41:49 +0100] "HEAD / HTTP/1.1" 200 - "https://sekret.me/" "Mozilla/2.0 (compatible; MSIE3.00; Windows 2007)"
185.5.249.185 - - [04/Jan/2021:18:41:50 +0100] "HEAD / HTTP/1.1" 200 - "https://www.remontradiatorov.com/" "Mozilla/7.0 (compatible; MSIE4.00; Windows 2005)"
85.209.89.216 - - [04/Jan/2021:18:44:56 +0100] "HEAD / HTTP/1.1" 200 - "https://vetamed.ru/" "Mozilla/7.0 (compatible; MSIE4.00; Windows 2002)"
164.68.111.45 - - [04/Jan/2021:18:47:06 +0100] "GET /robots.txt HTTP/1.1" 200 100 "-" "Mozilla/5.0 (compatible; MJ12bot/v1.4.8; http://mj12bot.com/)"
164.68.111.45 - - [04/Jan/2021:18:47:20 +0100] "GET / HTTP/1.1" 200 9360 "-" "Mozilla/5.0 (compatible; MJ12bot/v1.4.8; http://mj12bot.com/)"
66.249.70.105 - - [04/Jan/2021:19:49:02 +0100] "GET /cds/glockenspiel1.html HTTP/1.1" 304 - "-" "Mozilla/5.0 (Linux; Android 6.0.1; Nexus 5X Build/MMB29P) AppleWebKit/537.36 (KHTML, like Gecko) Chrome/87.0.4280.90 Mobile Safari/537.36 (compatible; Googlebot/2.1; +http://www.google.com/bot.html)"
62.138.2.214 - - [04/Jan/2021:20:05:45 +0100] "GET /buecher/veroeffentlichungsliste.html HTTP/1.1" 200 129779 "-" "Mozilla/5.0 (X11; Linux x86_64; rv:81.0) Gecko/20100101 Firefox/81.0"
62.138.2.214 - - [04/Jan/2021:20:32:51 +0100] "GET /index.html HTTP/1.1" 200 9360 "-" "Mozilla/5.0 (X11; Linux x86_64; rv:81.0) Gecko/20100101 Firefox/81.0"
88.130.48.213 - - [04/Jan/2021:20:43:45 +0100] "GET / HTTP/1.1" 200 9360 "http://www.teol.de/zeitschr.htm" "Mozilla/5.0 (Windows NT 10.0; Win64; x64; rv:84.0) Gecko/20100101 Firefox/84.0"
88.130.48.213 - - [04/Jan/2021:20:43:45 +0100] "GET /main.css HTTP/1.1" 200 1439 "http://www.morusverlag.de/" "Mozilla/5.0 (Windows NT 10.0; Win64; x64; rv:84.0) Gecko/20100101 Firefox/84.0"
88.130.48.213 - - [04/Jan/2021:20:43:45 +0100] "GET /cds/rosarium_k.jpg HTTP/1.1" 200 3972 "http://www.morusverlag.de/" "Mozilla/5.0 (Windows NT 10.0; Win64; x64; rv:84.0) Gecko/20100101 Firefox/84.0"
88.130.48.213 - - [04/Jan/2021:20:43:45 +0100] "GET /cds/ignatius_k.jpg HTTP/1.1" 200 3965 "http://www.morusverlag.de/" "Mozilla/5.0 (Windows NT 10.0; Win64; x64; rv:84.0) Gecko/20100101 Firefox/84.0"
88.130.48.213 - - [04/Jan/2021:20:43:45 +0100] "GET /cds/hymnos_k.jpg HTTP/1.1" 200 4986 "http://www.morusverlag.de/" "Mozilla/5.0 (Windows NT 10.0; Win64; x64; rv:84.0) Gecko/20100101 Firefox/84.0"
88.130.48.213 - - [04/Jan/2021:20:43:45 +0100] "GET /gotteslob.jpg HTTP/1.1" 200 9390 "http://www.morusverlag.de/" "Mozilla/5.0 (Windows NT 10.0; Win64; x64; rv:84.0) Gecko/20100101 Firefox/84.0"
88.130.48.213 - - [04/Jan/2021:20:43:45 +0100] "GET /mv_g.gif HTTP/1.1" 200 4070 "http://www.morusverlag.de/" "Mozilla/5.0 (Windows NT 10.0; Win64; x64; rv:84.0) Gecko/20100101 Firefox/84.0"
88.130.48.213 - - [04/Jan/2021:20:43:45 +0100] "GET /logo_g.gif HTTP/1.1" 200 1301 "http://www.morusverlag.de/" "Mozilla/5.0 (Windows NT 10.0; Win64; x64; rv:84.0) Gecko/20100101 Firefox/84.0"
88.130.48.213 - - [04/Jan/2021:20:43:45 +0100] "GET /mv_gr_w.gif HTTP/1.1" 200 2005 "http://www.morusverlag.de/" "Mozilla/5.0 (Windows NT 10.0; Win64; x64; rv:84.0) Gecko/20100101 Firefox/84.0"
88.130.48.213 - - [04/Jan/2021:20:43:45 +0100] "GET /jahrbuch_k.jpg HTTP/1.1" 200 3719 "http://www.morusverlag.de/" "Mozilla/5.0 (Windows NT 10.0; Win64; x64; rv:84.0) Gecko/20100101 Firefox/84.0"
88.130.48.213 - - [04/Jan/2021:20:43:45 +0100] "GET /pf.gif HTTP/1.1" 200 62 "http://www.morusverlag.de/" "Mozilla/5.0 (Windows NT 10.0; Win64; x64; rv:84.0) Gecko/20100101 Firefox/84.0"
88.130.48.213 - - [04/Jan/2021:20:43:45 +0100] "GET /buecher/gesichter.jpg HTTP/1.1" 200 7271 "http://www.morusverlag.de/" "Mozilla/5.0 (Windows NT 10.0; Win64; x64; rv:84.0) Gecko/20100101 Firefox/84.0"
88.130.48.213 - - [04/Jan/2021:20:43:45 +0100] "GET /cds/astazi_k.jpg HTTP/1.1" 200 6049 "http://www.morusverlag.de/" "Mozilla/5.0 (Windows NT 10.0; Win64; x64; rv:84.0) Gecko/20100101 Firefox/84.0"
88.130.48.213 - - [04/Jan/2021:20:43:45 +0100] "GET /buecher/engel.jpg HTTP/1.1" 200 5414 "http://www.morusverlag.de/" "Mozilla/5.0 (Windows NT 10.0; Win64; x64; rv:84.0) Gecko/20100101 Firefox/84.0"
88.130.48.213 - - [04/Jan/2021:20:43:45 +0100] "GET /buecher/chateaubriand.jpg HTTP/1.1" 200 2272 "http://www.morusverlag.de/" "Mozilla/5.0 (Windows NT 10.0; Win64; x64; rv:84.0) Gecko/20100101 Firefox/84.0"
88.130.48.213 - - [04/Jan/2021:20:43:45 +0100] "GET /buch_k.jpg HTTP/1.1" 200 4591 "http://www.morusverlag.de/" "Mozilla/5.0 (Windows NT 10.0; Win64; x64; rv:84.0) Gecko/20100101 Firefox/84.0"
88.130.48.213 - - [04/Jan/2021:20:43:45 +0100] "GET /strich.gif HTTP/1.1" 200 45 "http://www.morusverlag.de/" "Mozilla/5.0 (Windows NT 10.0; Win64; x64; rv:84.0) Gecko/20100101 Firefox/84.0"
88.130.48.213 - - [04/Jan/2021:20:43:45 +0100] "GET /favicon.ico HTTP/1.1" 200 4286 "http://www.morusverlag.de/" "Mozilla/5.0 (Windows NT 10.0; Win64; x64; rv:84.0) Gecko/20100101 Firefox/84.0"
62.138.2.214 - - [04/Jan/2021:20:52:47 +0100] "GET /cds/index.html HTTP/1.1" 200 7987 "-" "Mozilla/5.0 (X11; Linux x86_64; rv:81.0) Gecko/20100101 Firefox/81.0"
88.198.36.62 - - [04/Jan/2021:21:08:24 +0100] "GET /sonderthemen/az1999.pdf HTTP/1.1" 200 1842982 "-" "Mozilla/5.0 (Macintosh; Intel Mac OS X 10_15_7) AppleWebKit/537.36 (KHTML, like Gecko) Chrome/87.0.4280.88 Safari/537.36"
62.138.2.214 - - [04/Jan/2021:21:12:15 +0100] "GET /impressum.html HTTP/1.1" 200 2808 "-" "Mozilla/5.0 (X11; Linux x86_64; rv:81.0) Gecko/20100101 Firefox/81.0"
62.138.2.214 - - [04/Jan/2021:21:14:07 +0100] "GET /kontakt/index.html HTTP/1.1" 200 2896 "-" "Mozilla/5.0 (X11; Linux x86_64; rv:81.0) Gecko/20100101 Firefox/81.0"
78.46.94.83 - - [04/Jan/2021:21:16:02 +0100] "GET /sonderthemen/sk2000.pdf HTTP/1.1" 200 2925489 "-" "Mozilla/5.0 (Macintosh; Intel Mac OS X 10_15_6) AppleWebKit/605.1.15 (KHTML, like Gecko) Version/13.1.2 Safari/605.1.15"
62.138.2.214 - - [04/Jan/2021:21:27:51 +0100] "GET /sonderthemen/index.html HTTP/1.1" 200 7102 "-" "Mozilla/5.0 (X11; Linux x86_64; rv:81.0) Gecko/20100101 Firefox/81.0"
77.8.241.253 - - [04/Jan/2021:21:33:46 +0100] "GET /favicon.ico HTTP/1.1" 200 4286 "http://www.morusverlag.de/sonderthemen/oeaz2002.pdf" "Mozilla/5.0 (Windows NT 10.0; Win64; x64) AppleWebKit/537.36 (KHTML, like Gecko) Chrome/87.0.4280.88 Safari/537.36"
77.8.241.253 - - [04/Jan/2021:21:33:46 +0100] "GET /sonderthemen/oeaz2002.pdf HTTP/1.1" 200 3161455 "https://www.google.com/" "Mozilla/5.0 (Windows NT 10.0; Win64; x64) AppleWebKit/537.36 (KHTML, like Gecko) Chrome/87.0.4280.88 Safari/537.36"
62.138.2.214 - - [04/Jan/2021:21:37:57 +0100] "GET /cds/hymnos_akathistos.html HTTP/1.1" 200 11061 "-" "Mozilla/5.0 (X11; Linux x86_64; rv:81.0) Gecko/20100101 Firefox/81.0"
54.36.148.47 - - [04/Jan/2021:21:48:40 +0100] "GET /sonderthemen/presse.html HTTP/1.1" 200 5772 "-" "Mozilla/5.0 (compatible; AhrefsBot/7.0; +http://ahrefs.com/robot/)"
62.138.2.214 - - [04/Jan/2021:22:08:33 +0100] "GET /cds/rosarium.html HTTP/1.1" 200 6680 "-" "Mozilla/5.0 (X11; Linux x86_64; rv:81.0) Gecko/20100101 Firefox/81.0"
93.227.189.240 - - [04/Jan/2021:22:13:28 +0100] "GET /favicon.ico HTTP/1.1" 200 4286 "http://www.morusverlag.de/sonderthemen/sk2001.pdf" "Mozilla/5.0 (Windows NT 6.1; rv:84.0) Gecko/20100101 Firefox/84.0"
93.227.189.240 - - [04/Jan/2021:22:13:28 +0100] "GET /sonderthemen/sk2001.pdf HTTP/1.1" 206 65536 "https://www.google.com/" "Mozilla/5.0 (Windows NT 6.1; rv:84.0) Gecko/20100101 Firefox/84.0"
93.227.189.240 - - [04/Jan/2021:22:13:28 +0100] "GET /sonderthemen/sk2001.pdf HTTP/1.1" 206 18397 "https://www.google.com/" "Mozilla/5.0 (Windows NT 6.1; rv:84.0) Gecko/20100101 Firefox/84.0"
93.227.189.240 - - [04/Jan/2021:22:13:28 +0100] "GET /sonderthemen/sk2001.pdf HTTP/1.1" 200 3098589 "https://www.google.com/" "Mozilla/5.0 (Windows NT 6.1; rv:84.0) Gecko/20100101 Firefox/84.0"
93.227.189.240 - - [04/Jan/2021:22:13:28 +0100] "GET /sonderthemen/sk2001.pdf HTTP/1.1" 206 65536 "https://www.google.com/" "Mozilla/5.0 (Windows NT 6.1; rv:84.0) Gecko/20100101 Firefox/84.0"
93.227.189.240 - - [04/Jan/2021:22:22:01 +0100] "GET /sonderthemen/sk2001.pdf HTTP/1.1" 206 18397 "-" "Mozilla/5.0 (Windows NT 6.1; rv:84.0) Gecko/20100101 Firefox/84.0"
93.227.189.240 - - [04/Jan/2021:22:22:01 +0100] "GET /favicon.ico HTTP/1.1" 200 4286 "http://www.morusverlag.de/sonderthemen/sk2001.pdf" "Mozilla/5.0 (Windows NT 6.1; rv:84.0) Gecko/20100101 Firefox/84.0"
93.227.189.240 - - [04/Jan/2021:22:22:01 +0100] "GET /sonderthemen/sk2001.pdf HTTP/1.1" 200 3098589 "-" "Mozilla/5.0 (Windows NT 6.1; rv:84.0) Gecko/20100101 Firefox/84.0"
93.227.189.240 - - [04/Jan/2021:22:22:02 +0100] "GET /sonderthemen/sk2001.pdf HTTP/1.1" 206 65536 "-" "Mozilla/5.0 (Windows NT 6.1; rv:84.0) Gecko/20100101 Firefox/84.0"
62.138.2.214 - - [04/Jan/2021:22:58:01 +0100] "GET /buecher/rezensionen_krise_zum_heil.html HTTP/1.1" 200 9828 "-" "Mozilla/5.0 (X11; Linux x86_64; rv:81.0) Gecko/20100101 Firefox/81.0"
62.138.2.214 - - [04/Jan/2021:23:00:47 +0100] "GET /cds/astazi.html HTTP/1.1" 200 8453 "-" "Mozilla/5.0 (X11; Linux x86_64; rv:81.0) Gecko/20100101 Firefox/81.0"
62.138.2.214 - - [04/Jan/2021:23:12:57 +0100] "GET /cds/glockenspiel1.html HTTP/1.1" 200 9736 "-" "Mozilla/5.0 (X11; Linux x86_64; rv:81.0) Gecko/20100101 Firefox/81.0"
62.138.2.214 - - [04/Jan/2021:23:42:58 +0100] "GET /cds/lumina.html HTTP/1.1" 200 9000 "-" "Mozilla/5.0 (X11; Linux x86_64; rv:81.0) Gecko/20100101 Firefox/81.0"
62.138.2.214 - - [04/Jan/2021:23:47:33 +0100] "GET /cds/glockenspiel2.html HTTP/1.1" 200 9831 "-" "Mozilla/5.0 (X11; Linux x86_64; rv:81.0) Gecko/20100101 Firefox/81.0"
37.201.192.63 - - [04/Jan/2021:23:48:28 +0100] "GET /buecher/ HTTP/1.1" 200 25885 "-" "Mozilla/5.0 (Linux; Android 10; SAMSUNG SM-G980F) AppleWebKit/537.36 (KHTML, like Gecko) SamsungBrowser/13.0 Chrome/83.0.4103.106 Mobile Safari/537.36"
37.201.192.63 - - [04/Jan/2021:23:48:28 +0100] "GET /main.css HTTP/1.1" 200 1439 "http://www.morusverlag.de/buecher/" "Mozilla/5.0 (Linux; Android 10; SAMSUNG SM-G980F) AppleWebKit/537.36 (KHTML, like Gecko) SamsungBrowser/13.0 Chrome/83.0.4103.106 Mobile Safari/537.36"
37.201.192.63 - - [04/Jan/2021:23:48:28 +0100] "GET /contentflow/contentflow.js HTTP/1.1" 200 42064 "http://www.morusverlag.de/buecher/" "Mozilla/5.0 (Linux; Android 10; SAMSUNG SM-G980F) AppleWebKit/537.36 (KHTML, like Gecko) SamsungBrowser/13.0 Chrome/83.0.4103.106 Mobile Safari/537.36"
37.201.192.63 - - [04/Jan/2021:23:48:28 +0100] "GET /logo_g.gif HTTP/1.1" 200 1301 "http://www.morusverlag.de/buecher/" "Mozilla/5.0 (Linux; Android 10; SAMSUNG SM-G980F) AppleWebKit/537.36 (KHTML, like Gecko) SamsungBrowser/13.0 Chrome/83.0.4103.106 Mobile Safari/537.36"
