85.25.185.196 - - [26/Jan/2021:16:00:38 +0100] "GET /buch_k.jpg HTTP/1.1" 200 4591 "-" "Mozilla/5.0 (compatible; adscanner/)/1.0 (Mozilla/5.0 (compatible; seoscanners.net/1.0; +spider@seoscanners.net); http://seoscanners.net; spider@seoscanners.net)"
85.25.185.103 - - [26/Jan/2021:16:00:38 +0100] "GET /cds/hymnos_k.jpg HTTP/1.1" 200 4986 "-" "Mozilla/5.0 (compatible; adscanner/)/1.0 (Mozilla/5.0 (compatible; seoscanners.net/1.0; +spider@seoscanners.net); http://seoscanners.net; spider@seoscanners.net)"
85.25.185.196 - - [26/Jan/2021:16:00:39 +0100] "GET /buecher/chateaubriand.jpg HTTP/1.1" 200 2272 "-" "Mozilla/5.0 (compatible; adscanner/)/1.0 (Mozilla/5.0 (compatible; seoscanners.net/1.0; +spider@seoscanners.net); http://seoscanners.net; spider@seoscanners.net)"
85.25.210.23 - - [26/Jan/2021:16:00:39 +0100] "GET /pf.gif HTTP/1.1" 200 62 "-" "Mozilla/5.0 (compatible; adscanner/)/1.0 (Mozilla/5.0 (compatible; seoscanners.net/1.0; +spider@seoscanners.net); http://seoscanners.net; spider@seoscanners.net)"
85.25.185.196 - - [26/Jan/2021:16:00:39 +0100] "GET /cds/rosarium_k.jpg HTTP/1.1" 200 3972 "-" "Mozilla/5.0 (compatible; adscanner/)/1.0 (Mozilla/5.0 (compatible; seoscanners.net/1.0; +spider@seoscanners.net); http://seoscanners.net; spider@seoscanners.net)"
62.138.2.160 - - [26/Jan/2021:16:00:39 +0100] "GET /cds/astazi_k.jpg HTTP/1.1" 200 6049 "-" "Mozilla/5.0 (compatible; adscanner/)/1.0 (Mozilla/5.0 (compatible; seoscanners.net/1.0; +spider@seoscanners.net); http://seoscanners.net; spider@seoscanners.net)"
62.138.2.160 - - [26/Jan/2021:16:00:41 +0100] "GET /buecher/engel.jpg HTTP/1.1" 200 5414 "-" "Mozilla/5.0 (compatible; adscanner/)/1.0 (Mozilla/5.0 (compatible; seoscanners.net/1.0; +spider@seoscanners.net); http://seoscanners.net; spider@seoscanners.net)"
62.138.2.214 - - [26/Jan/2021:16:19:08 +0100] "GET /robots.txt HTTP/1.1" 200 100 "-" "Mozilla/5.0 (X11; Linux x86_64; rv:81.0) Gecko/20100101 Firefox/81.0"
62.138.2.214 - - [26/Jan/2021:16:19:08 +0100] "GET /buecher/index.html HTTP/1.1" 200 25885 "-" "Mozilla/5.0 (X11; Linux x86_64; rv:81.0) Gecko/20100101 Firefox/81.0"
178.63.51.106 - - [26/Jan/2021:16:32:21 +0100] "GET /sonderthemen/oeaz2002.pdf HTTP/1.1" 200 3161455 "-" "Mozilla/5.0 (Macintosh; Intel Mac OS X 10_13_6) AppleWebKit/537.36 (KHTML, like Gecko) Chrome/87.0.4280.67 Safari/537.36"
54.36.149.98 - - [26/Jan/2021:16:37:21 +0100] "GET /buecher/rezensionen_chateaubriand.html HTTP/1.1" 200 47317 "-" "Mozilla/5.0 (compatible; AhrefsBot/7.0; +http://ahrefs.com/robot/)"
62.138.2.214 - - [26/Jan/2021:16:38:02 +0100] "GET /impressum.html HTTP/1.1" 200 2808 "-" "Mozilla/5.0 (X11; Linux x86_64; rv:81.0) Gecko/20100101 Firefox/81.0"
157.55.39.148 - - [26/Jan/2021:16:41:58 +0100] "GET /buecher/le_saulchoir.jpg HTTP/1.1" 200 2734 "-" "Mozilla/5.0 (compatible; bingbot/2.0; +http://www.bing.com/bingbot.htm)"
66.249.66.203 - - [26/Jan/2021:16:51:45 +0100] "GET /buecher/der_neunte_tag.html HTTP/1.1" 304 - "-" "Mozilla/5.0 (compatible; Googlebot/2.1; +http://www.google.com/bot.html)"
157.55.39.194 - - [26/Jan/2021:17:14:08 +0100] "GET /buecher/gesichter/13.jpg HTTP/1.1" 200 8373 "-" "Mozilla/5.0 (compatible; bingbot/2.0; +http://www.bing.com/bingbot.htm)"
40.77.167.64 - - [26/Jan/2021:17:19:36 +0100] "GET /buecher/gesichter/14.jpg HTTP/1.1" 200 7847 "-" "Mozilla/5.0 (compatible; bingbot/2.0; +http://www.bing.com/bingbot.htm)"
18.158.106.204 - - [26/Jan/2021:17:41:25 +0100] "GET /buecher/gesichter/04.jpg HTTP/1.1" 200 7078 "-" "willnorris/imageproxy"
18.158.106.204 - - [26/Jan/2021:17:41:27 +0100] "GET /buecher/gesichter/17.jpg HTTP/1.1" 200 7587 "-" "willnorris/imageproxy"
62.138.2.214 - - [26/Jan/2021:17:43:23 +0100] "GET /cds/rosarium.html HTTP/1.1" 200 6680 "-" "Mozilla/5.0 (X11; Linux x86_64; rv:81.0) Gecko/20100101 Firefox/81.0"
66.249.66.201 - - [26/Jan/2021:17:51:45 +0100] "GET /buecher/rezension_gesichter_u_geschichten.pdf HTTP/1.1" 304 - "-" "Mozilla/5.0 (Linux; Android 6.0.1; Nexus 5X Build/MMB29P) AppleWebKit/537.36 (KHTML, like Gecko) Chrome/88.0.4324.112 Mobile Safari/537.36 (compatible; Googlebot/2.1; +http://www.google.com/bot.html)"
66.249.66.201 - - [26/Jan/2021:18:12:15 +0100] "GET /buecher/rezensionen_ignatius.html HTTP/1.1" 304 - "-" "Mozilla/5.0 (Linux; Android 6.0.1; Nexus 5X Build/MMB29P) AppleWebKit/537.36 (KHTML, like Gecko) Chrome/88.0.4324.113 Mobile Safari/537.36 (compatible; Googlebot/2.1; +http://www.google.com/bot.html)"
168.119.11.187 - - [26/Jan/2021:18:21:14 +0100] "GET /sonderthemen/oekt_extra3.pdf HTTP/1.1" 200 2109745 "-" "Mozilla/5.0 (X11; Fedora; Linux x86_64; rv:83.0) Gecko/20100101 Firefox/83.0"
13.66.139.116 - - [26/Jan/2021:18:48:34 +0100] "GET /cds/index.html HTTP/1.1" 200 7987 "-" "Mozilla/5.0 (compatible; bingbot/2.0; +http://www.bing.com/bingbot.htm)"
13.66.139.116 - - [26/Jan/2021:18:48:35 +0100] "GET /buecher/rezensionen_krise_zum_heil.html HTTP/1.1" 200 9828 "-" "Mozilla/5.0 (compatible; bingbot/2.0; +http://www.bing.com/bingbot.htm)"
13.66.139.116 - - [26/Jan/2021:18:48:35 +0100] "GET /sonderthemen/sk2004.pdf HTTP/1.1" 200 1967215 "-" "Mozilla/5.0 (compatible; bingbot/2.0; +http://www.bing.com/bingbot.htm)"
13.66.139.35 - - [26/Jan/2021:18:48:39 +0100] "GET /cds/hymnos_akathistos.html HTTP/1.1" 200 11061 "-" "Mozilla/5.0 (compatible; bingbot/2.0; +http://www.bing.com/bingbot.htm)"
13.66.139.35 - - [26/Jan/2021:18:48:39 +0100] "GET /buecher/veroeffentlichungsliste.html HTTP/1.1" 200 129779 "-" "Mozilla/5.0 (compatible; bingbot/2.0; +http://www.bing.com/bingbot.htm)"
13.66.139.116 - - [26/Jan/2021:18:51:05 +0100] "GET /index.html HTTP/1.1" 200 9360 "-" "Mozilla/5.0 (compatible; bingbot/2.0; +http://www.bing.com/bingbot.htm)"
157.55.39.194 - - [26/Jan/2021:19:02:52 +0100] "GET /buecher/gesichter/13.jpg HTTP/1.1" 200 8373 "-" "Mozilla/5.0 (compatible; bingbot/2.0; +http://www.bing.com/bingbot.htm)"
62.138.2.214 - - [26/Jan/2021:19:23:27 +0100] "GET /cds/hymnos_akathistos.html HTTP/1.1" 200 11061 "-" "Mozilla/5.0 (X11; Linux x86_64; rv:81.0) Gecko/20100101 Firefox/81.0"
66.249.66.201 - - [26/Jan/2021:19:26:47 +0100] "GET /jahrbuch/titelseiten/2001.jpg HTTP/1.1" 200 7909 "-" "Googlebot-Image/1.0"
157.55.39.148 - - [26/Jan/2021:19:37:12 +0100] "GET /buecher/le_saulchoir.jpg HTTP/1.1" 200 2734 "-" "Mozilla/5.0 (compatible; bingbot/2.0; +http://www.bing.com/bingbot.htm)"
78.46.90.120 - - [26/Jan/2021:19:46:07 +0100] "GET /sonderthemen/az2003.pdf HTTP/1.1" 200 4864675 "-" "Mozilla/5.0 (Windows NT 10.0; WOW64) AppleWebKit/537.36 (KHTML, like Gecko) Chrome/86.0.4240.198 Safari/537.36"
168.119.69.91 - - [26/Jan/2021:19:46:38 +0100] "GET /sonderthemen/az2003.pdf HTTP/1.1" 200 4864675 "-" "Mozilla/5.0 (Windows NT 6.3; Win64; x64; rv:83.0) Gecko/20100101 Firefox/83.0"
88.198.90.9 - - [26/Jan/2021:19:46:42 +0100] "GET /sonderthemen/az2003.pdf HTTP/1.1" 200 4864675 "-" "Mozilla/5.0 (Windows NT 10.0; Win64; x64; rv:78.0) Gecko/20100101 Firefox/78.0"
66.249.66.203 - - [26/Jan/2021:19:56:47 +0100] "GET /buecher/1gott3wahrheiten.jpg HTTP/1.1" 200 4764 "-" "Googlebot-Image/1.0"
62.138.2.214 - - [26/Jan/2021:20:18:37 +0100] "GET /sonderthemen/index.html HTTP/1.1" 200 7102 "-" "Mozilla/5.0 (X11; Linux x86_64; rv:81.0) Gecko/20100101 Firefox/81.0"
66.249.66.201 - - [26/Jan/2021:20:26:47 +0100] "GET /jahrbuch/titelseiten/2011.jpg HTTP/1.1" 200 8403 "-" "Googlebot-Image/1.0"
62.138.2.214 - - [26/Jan/2021:20:36:11 +0100] "GET / HTTP/1.1" 200 9360 "-" "Mozilla/5.0 (X11; Linux x86_64; rv:81.0) Gecko/20100101 Firefox/81.0"
168.119.88.226 - - [26/Jan/2021:20:51:45 +0100] "GET /robots.txt HTTP/1.1" 200 100 "-" "MTRobot/0.2 (Metrics Tools Analytics Crawler; https://metrics-tools.de/robot.html; crawler@metrics-tools.de)"
168.119.88.226 - - [26/Jan/2021:20:51:45 +0100] "GET /sonderthemen/sk2002.pdf HTTP/1.1" 200 2628923 "-" "MTRobot/0.2 (Metrics Tools Analytics Crawler; https://metrics-tools.de/robot.html; crawler@metrics-tools.de)"
62.138.2.214 - - [26/Jan/2021:20:53:25 +0100] "GET /buecher/rezensionen_psalmen.html HTTP/1.1" 200 6787 "-" "Mozilla/5.0 (X11; Linux x86_64; rv:81.0) Gecko/20100101 Firefox/81.0"
66.249.66.203 - - [26/Jan/2021:20:56:47 +0100] "GET /mv_g.gif HTTP/1.1" 304 - "-" "Googlebot-Image/1.0"
66.249.66.205 - - [26/Jan/2021:21:03:24 +0100] "GET /buecher/rezensionen_le_saulchoir.html HTTP/1.1" 200 34009 "-" "Mozilla/5.0 (Linux; Android 6.0.1; Nexus 5X Build/MMB29P) AppleWebKit/537.36 (KHTML, like Gecko) Chrome/88.0.4324.113 Mobile Safari/537.36 (compatible; Googlebot/2.1; +http://www.google.com/bot.html)"
91.47.168.209 - - [26/Jan/2021:21:05:14 +0100] "GET /main.css HTTP/1.1" 200 1439 "http://www.morusverlag.de/buecher/rezensionen_le_saulchoir.html" "Mozilla/5.0 (Windows NT 6.1; Win64; x64; rv:84.0) Gecko/20100101 Firefox/84.0"
91.47.168.209 - - [26/Jan/2021:21:05:14 +0100] "GET /logo_g.gif HTTP/1.1" 200 1301 "http://www.morusverlag.de/buecher/rezensionen_le_saulchoir.html" "Mozilla/5.0 (Windows NT 6.1; Win64; x64; rv:84.0) Gecko/20100101 Firefox/84.0"
91.47.168.209 - - [26/Jan/2021:21:05:14 +0100] "GET /pf.gif HTTP/1.1" 200 62 "http://www.morusverlag.de/buecher/rezensionen_le_saulchoir.html" "Mozilla/5.0 (Windows NT 6.1; Win64; x64; rv:84.0) Gecko/20100101 Firefox/84.0"
91.47.168.209 - - [26/Jan/2021:21:05:14 +0100] "GET /mv_g.gif HTTP/1.1" 200 4070 "http://www.morusverlag.de/buecher/rezensionen_le_saulchoir.html" "Mozilla/5.0 (Windows NT 6.1; Win64; x64; rv:84.0) Gecko/20100101 Firefox/84.0"
91.47.168.209 - - [26/Jan/2021:21:05:15 +0100] "GET /strich.gif HTTP/1.1" 200 45 "http://www.morusverlag.de/buecher/rezensionen_le_saulchoir.html" "Mozilla/5.0 (Windows NT 6.1; Win64; x64; rv:84.0) Gecko/20100101 Firefox/84.0"
91.47.168.209 - - [26/Jan/2021:21:05:14 +0100] "GET /buecher/rezensionen_le_saulchoir.html HTTP/1.1" 200 34009 "https://www.google.com/" "Mozilla/5.0 (Windows NT 6.1; Win64; x64; rv:84.0) Gecko/20100101 Firefox/84.0"
91.47.168.209 - - [26/Jan/2021:21:05:15 +0100] "GET /buecher/le_saulchoir.jpg HTTP/1.1" 200 2734 "http://www.morusverlag.de/buecher/rezensionen_le_saulchoir.html" "Mozilla/5.0 (Windows NT 6.1; Win64; x64; rv:84.0) Gecko/20100101 Firefox/84.0"
91.47.168.209 - - [26/Jan/2021:21:05:15 +0100] "GET /m.gif HTTP/1.1" 200 95 "http://www.morusverlag.de/buecher/rezensionen_le_saulchoir.html" "Mozilla/5.0 (Windows NT 6.1; Win64; x64; rv:84.0) Gecko/20100101 Firefox/84.0"
91.47.168.209 - - [26/Jan/2021:21:05:15 +0100] "GET /favicon.ico HTTP/1.1" 200 4286 "http://www.morusverlag.de/buecher/rezensionen_le_saulchoir.html" "Mozilla/5.0 (Windows NT 6.1; Win64; x64; rv:84.0) Gecko/20100101 Firefox/84.0"
62.138.2.214 - - [26/Jan/2021:21:06:46 +0100] "GET /buecher/rezensionen_le_saulchoir.html HTTP/1.1" 200 34009 "-" "Mozilla/5.0 (X11; Linux x86_64; rv:81.0) Gecko/20100101 Firefox/81.0"
84.119.241.169 - - [26/Jan/2021:21:08:10 +0100] "GET / HTTP/1.1" 200 9360 "https://de.m.wikipedia.org/" "Mozilla/5.0 (Linux; Android 8.0.0; SAMSUNG SM-A520F) AppleWebKit/537.36 (KHTML, like Gecko) SamsungBrowser/13.2 Chrome/83.0.4103.106 Mobile Safari/537.36"
84.119.241.169 - - [26/Jan/2021:21:08:10 +0100] "GET /main.css HTTP/1.1" 200 1439 "http://www.morusverlag.de/" "Mozilla/5.0 (Linux; Android 8.0.0; SAMSUNG SM-A520F) AppleWebKit/537.36 (KHTML, like Gecko) SamsungBrowser/13.2 Chrome/83.0.4103.106 Mobile Safari/537.36"
84.119.241.169 - - [26/Jan/2021:21:08:11 +0100] "GET /logo_g.gif HTTP/1.1" 200 1301 "http://www.morusverlag.de/" "Mozilla/5.0 (Linux; Android 8.0.0; SAMSUNG SM-A520F) AppleWebKit/537.36 (KHTML, like Gecko) SamsungBrowser/13.2 Chrome/83.0.4103.106 Mobile Safari/537.36"
84.119.241.169 - - [26/Jan/2021:21:08:11 +0100] "GET /mv_g.gif HTTP/1.1" 200 4070 "http://www.morusverlag.de/" "Mozilla/5.0 (Linux; Android 8.0.0; SAMSUNG SM-A520F) AppleWebKit/537.36 (KHTML, like Gecko) SamsungBrowser/13.2 Chrome/83.0.4103.106 Mobile Safari/537.36"
84.119.241.169 - - [26/Jan/2021:21:08:11 +0100] "GET /mv_gr_w.gif HTTP/1.1" 200 2005 "http://www.morusverlag.de/" "Mozilla/5.0 (Linux; Android 8.0.0; SAMSUNG SM-A520F) AppleWebKit/537.36 (KHTML, like Gecko) SamsungBrowser/13.2 Chrome/83.0.4103.106 Mobile Safari/537.36"
84.119.241.169 - - [26/Jan/2021:21:08:11 +0100] "GET /jahrbuch_k.jpg HTTP/1.1" 200 3719 "http://www.morusverlag.de/" "Mozilla/5.0 (Linux; Android 8.0.0; SAMSUNG SM-A520F) AppleWebKit/537.36 (KHTML, like Gecko) SamsungBrowser/13.2 Chrome/83.0.4103.106 Mobile Safari/537.36"
84.119.241.169 - - [26/Jan/2021:21:08:11 +0100] "GET /pf.gif HTTP/1.1" 200 62 "http://www.morusverlag.de/" "Mozilla/5.0 (Linux; Android 8.0.0; SAMSUNG SM-A520F) AppleWebKit/537.36 (KHTML, like Gecko) SamsungBrowser/13.2 Chrome/83.0.4103.106 Mobile Safari/537.36"
84.119.241.169 - - [26/Jan/2021:21:08:11 +0100] "GET /buecher/gesichter.jpg HTTP/1.1" 200 7271 "http://www.morusverlag.de/" "Mozilla/5.0 (Linux; Android 8.0.0; SAMSUNG SM-A520F) AppleWebKit/537.36 (KHTML, like Gecko) SamsungBrowser/13.2 Chrome/83.0.4103.106 Mobile Safari/537.36"
84.119.241.169 - - [26/Jan/2021:21:08:11 +0100] "GET /cds/rosarium_k.jpg HTTP/1.1" 200 3972 "http://www.morusverlag.de/" "Mozilla/5.0 (Linux; Android 8.0.0; SAMSUNG SM-A520F) AppleWebKit/537.36 (KHTML, like Gecko) SamsungBrowser/13.2 Chrome/83.0.4103.106 Mobile Safari/537.36"
84.119.241.169 - - [26/Jan/2021:21:08:11 +0100] "GET /gotteslob.jpg HTTP/1.1" 200 9390 "http://www.morusverlag.de/" "Mozilla/5.0 (Linux; Android 8.0.0; SAMSUNG SM-A520F) AppleWebKit/537.36 (KHTML, like Gecko) SamsungBrowser/13.2 Chrome/83.0.4103.106 Mobile Safari/537.36"
84.119.241.169 - - [26/Jan/2021:21:08:11 +0100] "GET /strich.gif HTTP/1.1" 200 45 "http://www.morusverlag.de/" "Mozilla/5.0 (Linux; Android 8.0.0; SAMSUNG SM-A520F) AppleWebKit/537.36 (KHTML, like Gecko) SamsungBrowser/13.2 Chrome/83.0.4103.106 Mobile Safari/537.36"
84.119.241.169 - - [26/Jan/2021:21:08:11 +0100] "GET /buecher/chateaubriand.jpg HTTP/1.1" 200 2272 "http://www.morusverlag.de/" "Mozilla/5.0 (Linux; Android 8.0.0; SAMSUNG SM-A520F) AppleWebKit/537.36 (KHTML, like Gecko) SamsungBrowser/13.2 Chrome/83.0.4103.106 Mobile Safari/537.36"
84.119.241.169 - - [26/Jan/2021:21:08:11 +0100] "GET /buecher/engel.jpg HTTP/1.1" 200 5414 "http://www.morusverlag.de/" "Mozilla/5.0 (Linux; Android 8.0.0; SAMSUNG SM-A520F) AppleWebKit/537.36 (KHTML, like Gecko) SamsungBrowser/13.2 Chrome/83.0.4103.106 Mobile Safari/537.36"
84.119.241.169 - - [26/Jan/2021:21:08:11 +0100] "GET /cds/ignatius_k.jpg HTTP/1.1" 200 3965 "http://www.morusverlag.de/" "Mozilla/5.0 (Linux; Android 8.0.0; SAMSUNG SM-A520F) AppleWebKit/537.36 (KHTML, like Gecko) SamsungBrowser/13.2 Chrome/83.0.4103.106 Mobile Safari/537.36"
84.119.241.169 - - [26/Jan/2021:21:08:11 +0100] "GET /cds/hymnos_k.jpg HTTP/1.1" 200 4986 "http://www.morusverlag.de/" "Mozilla/5.0 (Linux; Android 8.0.0; SAMSUNG SM-A520F) AppleWebKit/537.36 (KHTML, like Gecko) SamsungBrowser/13.2 Chrome/83.0.4103.106 Mobile Safari/537.36"
84.119.241.169 - - [26/Jan/2021:21:08:11 +0100] "GET /cds/astazi_k.jpg HTTP/1.1" 200 6049 "http://www.morusverlag.de/" "Mozilla/5.0 (Linux; Android 8.0.0; SAMSUNG SM-A520F) AppleWebKit/537.36 (KHTML, like Gecko) SamsungBrowser/13.2 Chrome/83.0.4103.106 Mobile Safari/537.36"
84.119.241.169 - - [26/Jan/2021:21:08:11 +0100] "GET /buch_k.jpg HTTP/1.1" 200 4591 "http://www.morusverlag.de/" "Mozilla/5.0 (Linux; Android 8.0.0; SAMSUNG SM-A520F) AppleWebKit/537.36 (KHTML, like Gecko) SamsungBrowser/13.2 Chrome/83.0.4103.106 Mobile Safari/537.36"
84.119.241.169 - - [26/Jan/2021:21:08:12 +0100] "GET /favicon.ico HTTP/1.1" 200 4286 "http://www.morusverlag.de/" "Mozilla/5.0 (Linux; Android 8.0.0; SAMSUNG SM-A520F) AppleWebKit/537.36 (KHTML, like Gecko) SamsungBrowser/13.2 Chrome/83.0.4103.106 Mobile Safari/537.36"
84.119.241.169 - - [26/Jan/2021:21:09:01 +0100] "GET /cds/hymnos_akathistos.html HTTP/1.1" 200 11061 "http://www.morusverlag.de/" "Mozilla/5.0 (Linux; Android 8.0.0; SAMSUNG SM-A520F) AppleWebKit/537.36 (KHTML, like Gecko) SamsungBrowser/13.2 Chrome/83.0.4103.106 Mobile Safari/537.36"
84.119.241.169 - - [26/Jan/2021:21:09:05 +0100] "GET /m.gif HTTP/1.1" 200 95 "http://www.morusverlag.de/cds/hymnos_akathistos.html" "Mozilla/5.0 (Linux; Android 8.0.0; SAMSUNG SM-A520F) AppleWebKit/537.36 (KHTML, like Gecko) SamsungBrowser/13.2 Chrome/83.0.4103.106 Mobile Safari/537.36"
84.119.241.169 - - [26/Jan/2021:21:09:05 +0100] "GET /cds/hymnos.jpg HTTP/1.1" 200 27752 "http://www.morusverlag.de/cds/hymnos_akathistos.html" "Mozilla/5.0 (Linux; Android 8.0.0; SAMSUNG SM-A520F) AppleWebKit/537.36 (KHTML, like Gecko) SamsungBrowser/13.2 Chrome/83.0.4103.106 Mobile Safari/537.36"
84.119.241.169 - - [26/Jan/2021:21:09:05 +0100] "GET /cds/hymnos_heft.jpg HTTP/1.1" 200 8653 "http://www.morusverlag.de/cds/hymnos_akathistos.html" "Mozilla/5.0 (Linux; Android 8.0.0; SAMSUNG SM-A520F) AppleWebKit/537.36 (KHTML, like Gecko) SamsungBrowser/13.2 Chrome/83.0.4103.106 Mobile Safari/537.36"
157.55.39.62 - - [26/Jan/2021:21:09:11 +0100] "GET /buecher/gesichter/29.jpg HTTP/1.1" 200 9282 "-" "Mozilla/5.0 (compatible; bingbot/2.0; +http://www.bing.com/bingbot.htm)"
62.138.2.214 - - [26/Jan/2021:21:21:47 +0100] "GET /kontakt/index.html HTTP/1.1" 200 2896 "-" "Mozilla/5.0 (X11; Linux x86_64; rv:81.0) Gecko/20100101 Firefox/81.0"
62.138.2.214 - - [26/Jan/2021:21:31:45 +0100] "GET /buecher/rezensionen_krise_zum_heil.html HTTP/1.1" 200 9828 "-" "Mozilla/5.0 (X11; Linux x86_64; rv:81.0) Gecko/20100101 Firefox/81.0"
13.66.139.16 - - [26/Jan/2021:21:38:05 +0100] "GET /buecher/rezensionen_ignatius.html HTTP/1.1" 200 8182 "-" "Mozilla/5.0 (compatible; bingbot/2.0; +http://www.bing.com/bingbot.htm)"
62.138.2.214 - - [26/Jan/2021:21:48:22 +0100] "GET /buecher/bestellung.php HTTP/1.1" 200 10142 "-" "Mozilla/5.0 (X11; Linux x86_64; rv:81.0) Gecko/20100101 Firefox/81.0"
66.249.66.201 - - [26/Jan/2021:21:56:47 +0100] "GET /jahrbuch/titelseiten/1978.jpg HTTP/1.1" 200 12057 "-" "Googlebot-Image/1.0"
88.198.43.207 - - [26/Jan/2021:22:05:24 +0100] "GET /sonderthemen/oeaz2002.pdf HTTP/1.1" 200 3161455 "-" "Mozilla/5.0 (Macintosh; Intel Mac OS X 10_15_6) AppleWebKit/605.1.15 (KHTML, like Gecko) Version/14.0 Safari/605.1.15"
78.46.90.120 - - [26/Jan/2021:22:05:36 +0100] "GET /sonderthemen/sk2002.pdf HTTP/1.1" 200 2628923 "-" "Mozilla/5.0 (Windows NT 10.0; WOW64) AppleWebKit/537.36 (KHTML, like Gecko) Chrome/86.0.4240.198 Safari/537.36"
157.55.39.194 - - [26/Jan/2021:22:11:44 +0100] "GET /buecher/gesichter/16.jpg HTTP/1.1" 200 8367 "-" "Mozilla/5.0 (compatible; bingbot/2.0; +http://www.bing.com/bingbot.htm)"
46.4.83.150 - - [26/Jan/2021:22:13:03 +0100] "GET /sonderthemen/oeaz2001.pdf HTTP/1.1" 200 4496626 "-" "Mozilla/5.0 (Windows NT 10.0; Win64; x64) AppleWebKit/537.36 (KHTML, like Gecko) Chrome/87.0.4280.67 Safari/537.36 Edg/87.0.664.55"
157.55.39.194 - - [26/Jan/2021:22:27:57 +0100] "GET /buecher/gesichter/16.jpg HTTP/1.1" 200 8367 "-" "Mozilla/5.0 (compatible; bingbot/2.0; +http://www.bing.com/bingbot.htm)"
62.138.2.214 - - [26/Jan/2021:22:45:12 +0100] "GET /index.html HTTP/1.1" 200 9360 "-" "Mozilla/5.0 (X11; Linux x86_64; rv:81.0) Gecko/20100101 Firefox/81.0"
66.249.66.205 - - [26/Jan/2021:22:56:47 +0100] "GET /buecher/schenuit.jpg HTTP/1.1" 200 2024 "-" "Googlebot-Image/1.0"
62.138.2.214 - - [26/Jan/2021:23:02:32 +0100] "GET /buecher/rezension_gesichter_u_geschichten.pdf HTTP/1.1" 200 223287 "-" "Mozilla/5.0 (X11; Linux x86_64; rv:81.0) Gecko/20100101 Firefox/81.0"
62.138.2.214 - - [27/Jan/2021:00:00:47 +0100] "GET /gotteslob/index.html HTTP/1.1" 200 2770 "-" "Mozilla/5.0 (X11; Linux x86_64; rv:81.0) Gecko/20100101 Firefox/81.0"
62.138.2.214 - - [27/Jan/2021:00:09:07 +0100] "GET /jahrbuch/index.html HTTP/1.1" 200 3956 "-" "Mozilla/5.0 (X11; Linux x86_64; rv:81.0) Gecko/20100101 Firefox/81.0"
62.138.2.214 - - [27/Jan/2021:00:23:24 +0100] "GET /cds/index.html HTTP/1.1" 200 7987 "-" "Mozilla/5.0 (X11; Linux x86_64; rv:81.0) Gecko/20100101 Firefox/81.0"
62.138.2.214 - - [27/Jan/2021:00:44:34 +0100] "GET /buecher/diskussion.html HTTP/1.1" 200 9925 "-" "Mozilla/5.0 (X11; Linux x86_64; rv:81.0) Gecko/20100101 Firefox/81.0"
85.25.185.103 - - [27/Jan/2021:00:54:11 +0100] "GET /buecher/gesichter/25.jpg HTTP/1.1" 200 7280 "-" "Mozilla/5.0 (compatible; adscanner/)/1.0 (Mozilla/5.0 (compatible; seoscanners.net/1.0; +spider@seoscanners.net); http://seoscanners.net; spider@seoscanners.net)"
85.25.185.103 - - [27/Jan/2021:00:54:11 +0100] "GET /buecher/gesichter/18.jpg HTTP/1.1" 200 8757 "-" "Mozilla/5.0 (compatible; adscanner/)/1.0 (Mozilla/5.0 (compatible; seoscanners.net/1.0; +spider@seoscanners.net); http://seoscanners.net; spider@seoscanners.net)"
85.25.185.103 - - [27/Jan/2021:00:54:11 +0100] "GET /buecher/gesichter/06.jpg HTTP/1.1" 200 8732 "-" "Mozilla/5.0 (compatible; adscanner/)/1.0 (Mozilla/5.0 (compatible; seoscanners.net/1.0; +spider@seoscanners.net); http://seoscanners.net; spider@seoscanners.net)"
85.25.185.103 - - [27/Jan/2021:00:54:11 +0100] "GET /buecher/gesichter/13.jpg HTTP/1.1" 200 8373 "-" "Mozilla/5.0 (compatible; adscanner/)/1.0 (Mozilla/5.0 (compatible; seoscanners.net/1.0; +spider@seoscanners.net); http://seoscanners.net; spider@seoscanners.net)"
85.25.177.139 - - [27/Jan/2021:00:54:11 +0100] "GET /buecher/gesichter/01.jpg HTTP/1.1" 200 7981 "-" "Mozilla/5.0 (compatible; adscanner/)/1.0 (Mozilla/5.0 (compatible; seoscanners.net/1.0; +spider@seoscanners.net); http://seoscanners.net; spider@seoscanners.net)"
85.25.177.139 - - [27/Jan/2021:00:54:11 +0100] "GET /buecher/gesichter/02.jpg HTTP/1.1" 200 9266 "-" "Mozilla/5.0 (compatible; adscanner/)/1.0 (Mozilla/5.0 (compatible; seoscanners.net/1.0; +spider@seoscanners.net); http://seoscanners.net; spider@seoscanners.net)"
85.25.177.139 - - [27/Jan/2021:00:54:11 +0100] "GET /buecher/le_saulchoir.jpg HTTP/1.1" 200 2734 "-" "Mozilla/5.0 (compatible; adscanner/)/1.0 (Mozilla/5.0 (compatible; seoscanners.net/1.0; +spider@seoscanners.net); http://seoscanners.net; spider@seoscanners.net)"
85.25.177.139 - - [27/Jan/2021:00:54:11 +0100] "GET /buecher/gesichter/09.jpg HTTP/1.1" 200 9739 "-" "Mozilla/5.0 (compatible; adscanner/)/1.0 (Mozilla/5.0 (compatible; seoscanners.net/1.0; +spider@seoscanners.net); http://seoscanners.net; spider@seoscanners.net)"
85.25.177.219 - - [27/Jan/2021:00:54:11 +0100] "GET /buecher/gesichter/04.jpg HTTP/1.1" 200 7078 "-" "Mozilla/5.0 (compatible; adscanner/)/1.0 (Mozilla/5.0 (compatible; seoscanners.net/1.0; +spider@seoscanners.net); http://seoscanners.net; spider@seoscanners.net)"
85.25.177.219 - - [27/Jan/2021:00:54:11 +0100] "GET /m.gif HTTP/1.1" 200 95 "-" "Mozilla/5.0 (compatible; adscanner/)/1.0 (Mozilla/5.0 (compatible; seoscanners.net/1.0; +spider@seoscanners.net); http://seoscanners.net; spider@seoscanners.net)"
85.25.177.187 - - [27/Jan/2021:00:54:11 +0100] "GET /buecher/gesichter/17.jpg HTTP/1.1" 200 7587 "-" "Mozilla/5.0 (compatible; adscanner/)/1.0 (Mozilla/5.0 (compatible; seoscanners.net/1.0; +spider@seoscanners.net); http://seoscanners.net; spider@seoscanners.net)"
85.25.185.103 - - [27/Jan/2021:00:54:11 +0100] "GET /buecher/gesichter/32.jpg HTTP/1.1" 200 8010 "-" "Mozilla/5.0 (compatible; adscanner/)/1.0 (Mozilla/5.0 (compatible; seoscanners.net/1.0; +spider@seoscanners.net); http://seoscanners.net; spider@seoscanners.net)"
85.25.185.103 - - [27/Jan/2021:00:54:11 +0100] "GET /buecher/gesichter/08.jpg HTTP/1.1" 200 10437 "-" "Mozilla/5.0 (compatible; adscanner/)/1.0 (Mozilla/5.0 (compatible; seoscanners.net/1.0; +spider@seoscanners.net); http://seoscanners.net; spider@seoscanners.net)"
85.25.177.139 - - [27/Jan/2021:00:54:11 +0100] "GET /buecher/preysing.jpg HTTP/1.1" 200 3799 "-" "Mozilla/5.0 (compatible; adscanner/)/1.0 (Mozilla/5.0 (compatible; seoscanners.net/1.0; +spider@seoscanners.net); http://seoscanners.net; spider@seoscanners.net)"
85.25.177.139 - - [27/Jan/2021:00:54:11 +0100] "GET /buecher/gesichter/30.jpg HTTP/1.1" 200 8702 "-" "Mozilla/5.0 (compatible; adscanner/)/1.0 (Mozilla/5.0 (compatible; seoscanners.net/1.0; +spider@seoscanners.net); http://seoscanners.net; spider@seoscanners.net)"
85.25.185.103 - - [27/Jan/2021:00:54:11 +0100] "GET /buecher/nichtaufsand.jpg HTTP/1.1" 200 3733 "-" "Mozilla/5.0 (compatible; adscanner/)/1.0 (Mozilla/5.0 (compatible; seoscanners.net/1.0; +spider@seoscanners.net); http://seoscanners.net; spider@seoscanners.net)"
85.25.185.103 - - [27/Jan/2021:00:54:11 +0100] "GET /buecher/gesichter/14.jpg HTTP/1.1" 200 7847 "-" "Mozilla/5.0 (compatible; adscanner/)/1.0 (Mozilla/5.0 (compatible; seoscanners.net/1.0; +spider@seoscanners.net); http://seoscanners.net; spider@seoscanners.net)"
85.25.177.139 - - [27/Jan/2021:00:54:11 +0100] "GET /buecher/gesichter/26.jpg HTTP/1.1" 200 8027 "-" "Mozilla/5.0 (compatible; adscanner/)/1.0 (Mozilla/5.0 (compatible; seoscanners.net/1.0; +spider@seoscanners.net); http://seoscanners.net; spider@seoscanners.net)"
85.25.177.187 - - [27/Jan/2021:00:54:11 +0100] "GET /buecher/gesichter/20.jpg HTTP/1.1" 200 8785 "-" "Mozilla/5.0 (compatible; adscanner/)/1.0 (Mozilla/5.0 (compatible; seoscanners.net/1.0; +spider@seoscanners.net); http://seoscanners.net; spider@seoscanners.net)"
85.25.185.103 - - [27/Jan/2021:00:54:11 +0100] "GET /buecher/staatsaufgaben.jpg HTTP/1.1" 200 2204 "-" "Mozilla/5.0 (compatible; adscanner/)/1.0 (Mozilla/5.0 (compatible; seoscanners.net/1.0; +spider@seoscanners.net); http://seoscanners.net; spider@seoscanners.net)"
85.25.177.139 - - [27/Jan/2021:00:54:11 +0100] "GET /buecher/gesichter/23.jpg HTTP/1.1" 200 8706 "-" "Mozilla/5.0 (compatible; adscanner/)/1.0 (Mozilla/5.0 (compatible; seoscanners.net/1.0; +spider@seoscanners.net); http://seoscanners.net; spider@seoscanners.net)"
85.25.177.139 - - [27/Jan/2021:00:54:11 +0100] "GET /buecher/leiblichkeit.jpg HTTP/1.1" 200 3929 "-" "Mozilla/5.0 (compatible; adscanner/)/1.0 (Mozilla/5.0 (compatible; seoscanners.net/1.0; +spider@seoscanners.net); http://seoscanners.net; spider@seoscanners.net)"
85.25.185.103 - - [27/Jan/2021:00:54:11 +0100] "GET /buecher/gesichter/07.jpg HTTP/1.1" 200 7301 "-" "Mozilla/5.0 (compatible; adscanner/)/1.0 (Mozilla/5.0 (compatible; seoscanners.net/1.0; +spider@seoscanners.net); http://seoscanners.net; spider@seoscanners.net)"
85.25.177.139 - - [27/Jan/2021:00:54:11 +0100] "GET /buecher/gesichter/15.jpg HTTP/1.1" 200 7253 "-" "Mozilla/5.0 (compatible; adscanner/)/1.0 (Mozilla/5.0 (compatible; seoscanners.net/1.0; +spider@seoscanners.net); http://seoscanners.net; spider@seoscanners.net)"
85.25.177.187 - - [27/Jan/2021:00:54:12 +0100] "GET /buecher/liebe_und_treue.jpg HTTP/1.1" 200 3067 "-" "Mozilla/5.0 (compatible; adscanner/)/1.0 (Mozilla/5.0 (compatible; seoscanners.net/1.0; +spider@seoscanners.net); http://seoscanners.net; spider@seoscanners.net)"
85.25.185.196 - - [27/Jan/2021:00:54:12 +0100] "GET /buecher/gesichter/28.jpg HTTP/1.1" 200 7684 "-" "Mozilla/5.0 (compatible; adscanner/)/1.0 (Mozilla/5.0 (compatible; seoscanners.net/1.0; +spider@seoscanners.net); http://seoscanners.net; spider@seoscanners.net)"
85.25.185.196 - - [27/Jan/2021:00:54:13 +0100] "GET /buecher/islam.jpg HTTP/1.1" 200 4080 "-" "Mozilla/5.0 (compatible; adscanner/)/1.0 (Mozilla/5.0 (compatible; seoscanners.net/1.0; +spider@seoscanners.net); http://seoscanners.net; spider@seoscanners.net)"
85.25.185.196 - - [27/Jan/2021:00:54:13 +0100] "GET /buecher/gesichter/10.jpg HTTP/1.1" 200 7686 "-" "Mozilla/5.0 (compatible; adscanner/)/1.0 (Mozilla/5.0 (compatible; seoscanners.net/1.0; +spider@seoscanners.net); http://seoscanners.net; spider@seoscanners.net)"
85.25.185.196 - - [27/Jan/2021:00:54:13 +0100] "GET /buecher/krise_zum_heil.jpg HTTP/1.1" 200 1930 "-" "Mozilla/5.0 (compatible; adscanner/)/1.0 (Mozilla/5.0 (compatible; seoscanners.net/1.0; +spider@seoscanners.net); http://seoscanners.net; spider@seoscanners.net)"
85.25.210.23 - - [27/Jan/2021:00:54:13 +0100] "GET /buecher/gesichter/12.jpg HTTP/1.1" 200 6460 "-" "Mozilla/5.0 (compatible; adscanner/)/1.0 (Mozilla/5.0 (compatible; seoscanners.net/1.0; +spider@seoscanners.net); http://seoscanners.net; spider@seoscanners.net)"
62.138.2.160 - - [27/Jan/2021:00:54:13 +0100] "GET /buecher/gesichter/29.jpg HTTP/1.1" 200 9282 "-" "Mozilla/5.0 (compatible; adscanner/)/1.0 (Mozilla/5.0 (compatible; seoscanners.net/1.0; +spider@seoscanners.net); http://seoscanners.net; spider@seoscanners.net)"
85.25.185.196 - - [27/Jan/2021:00:54:13 +0100] "GET /buecher/gesichter/03.jpg HTTP/1.1" 200 10026 "-" "Mozilla/5.0 (compatible; adscanner/)/1.0 (Mozilla/5.0 (compatible; seoscanners.net/1.0; +spider@seoscanners.net); http://seoscanners.net; spider@seoscanners.net)"
85.25.185.196 - - [27/Jan/2021:00:54:13 +0100] "GET /buecher/gesichter/31.jpg HTTP/1.1" 200 8424 "-" "Mozilla/5.0 (compatible; adscanner/)/1.0 (Mozilla/5.0 (compatible; seoscanners.net/1.0; +spider@seoscanners.net); http://seoscanners.net; spider@seoscanners.net)"
85.25.210.23 - - [27/Jan/2021:00:54:14 +0100] "GET /buecher/gesichter/19.jpg HTTP/1.1" 200 8281 "-" "Mozilla/5.0 (compatible; adscanner/)/1.0 (Mozilla/5.0 (compatible; seoscanners.net/1.0; +spider@seoscanners.net); http://seoscanners.net; spider@seoscanners.net)"
62.138.2.160 - - [27/Jan/2021:00:54:14 +0100] "GET /buecher/gesichter/27.jpg HTTP/1.1" 200 8110 "-" "Mozilla/5.0 (compatible; adscanner/)/1.0 (Mozilla/5.0 (compatible; seoscanners.net/1.0; +spider@seoscanners.net); http://seoscanners.net; spider@seoscanners.net)"
62.138.2.160 - - [27/Jan/2021:00:54:14 +0100] "GET /buecher/gesichter/24.jpg HTTP/1.1" 200 8021 "-" "Mozilla/5.0 (compatible; adscanner/)/1.0 (Mozilla/5.0 (compatible; seoscanners.net/1.0; +spider@seoscanners.net); http://seoscanners.net; spider@seoscanners.net)"
62.138.2.160 - - [27/Jan/2021:00:54:14 +0100] "GET /buecher/gesichter/16.jpg HTTP/1.1" 200 8367 "-" "Mozilla/5.0 (compatible; adscanner/)/1.0 (Mozilla/5.0 (compatible; seoscanners.net/1.0; +spider@seoscanners.net); http://seoscanners.net; spider@seoscanners.net)"
85.25.210.23 - - [27/Jan/2021:00:54:14 +0100] "GET /buecher/gesichter/21.jpg HTTP/1.1" 200 7433 "-" "Mozilla/5.0 (compatible; adscanner/)/1.0 (Mozilla/5.0 (compatible; seoscanners.net/1.0; +spider@seoscanners.net); http://seoscanners.net; spider@seoscanners.net)"
62.138.2.160 - - [27/Jan/2021:00:54:14 +0100] "GET /buecher/gesichter/05.jpg HTTP/1.1" 200 8981 "-" "Mozilla/5.0 (compatible; adscanner/)/1.0 (Mozilla/5.0 (compatible; seoscanners.net/1.0; +spider@seoscanners.net); http://seoscanners.net; spider@seoscanners.net)"
62.138.2.160 - - [27/Jan/2021:00:54:14 +0100] "GET /buecher/mein_atem.jpg HTTP/1.1" 200 4118 "-" "Mozilla/5.0 (compatible; adscanner/)/1.0 (Mozilla/5.0 (compatible; seoscanners.net/1.0; +spider@seoscanners.net); http://seoscanners.net; spider@seoscanners.net)"
62.138.2.160 - - [27/Jan/2021:00:54:14 +0100] "GET /buecher/gesichter/22.jpg HTTP/1.1" 200 8837 "-" "Mozilla/5.0 (compatible; adscanner/)/1.0 (Mozilla/5.0 (compatible; seoscanners.net/1.0; +spider@seoscanners.net); http://seoscanners.net; spider@seoscanners.net)"
85.25.210.23 - - [27/Jan/2021:00:54:14 +0100] "GET /buecher/gesichter/11.jpg HTTP/1.1" 200 6175 "-" "Mozilla/5.0 (compatible; adscanner/)/1.0 (Mozilla/5.0 (compatible; seoscanners.net/1.0; +spider@seoscanners.net); http://seoscanners.net; spider@seoscanners.net)"
62.138.2.214 - - [27/Jan/2021:00:54:33 +0100] "GET /buecher/rezensionen_engel.html HTTP/1.1" 200 6598 "-" "Mozilla/5.0 (X11; Linux x86_64; rv:81.0) Gecko/20100101 Firefox/81.0"
157.55.39.62 - - [27/Jan/2021:00:58:53 +0100] "GET /cds/hymnos_akathistos.html HTTP/1.1" 304 - "-" "Mozilla/5.0 (compatible; bingbot/2.0; +http://www.bing.com/bingbot.htm)"
62.138.2.214 - - [27/Jan/2021:01:13:12 +0100] "GET /cds/ignatius.html HTTP/1.1" 200 6576 "-" "Mozilla/5.0 (X11; Linux x86_64; rv:81.0) Gecko/20100101 Firefox/81.0"
66.249.66.203 - - [27/Jan/2021:01:16:54 +0100] "GET /robots.txt HTTP/1.1" 200 100 "-" "Mozilla/5.0 (compatible; Googlebot/2.1; +http://www.google.com/bot.html)"
66.249.66.205 - - [27/Jan/2021:01:16:54 +0100] "GET /buecher/rezensionen_engel.html HTTP/1.1" 200 6598 "-" "Mozilla/5.0 (Linux; Android 6.0.1; Nexus 5X Build/MMB29P) AppleWebKit/537.36 (KHTML, like Gecko) Chrome/88.0.4324.113 Mobile Safari/537.36 (compatible; Googlebot/2.1; +http://www.google.com/bot.html)"
66.249.66.205 - - [27/Jan/2021:01:16:57 +0100] "GET /main.css HTTP/1.1" 200 1439 "http://www.morusverlag.de/buecher/rezensionen_engel.html" "Mozilla/5.0 (Linux; Android 6.0.1; Nexus 5X Build/MMB29P) AppleWebKit/537.36 (KHTML, like Gecko) Chrome/87.0.4280.90 Mobile Safari/537.36 (compatible; Googlebot/2.1; +http://www.google.com/bot.html)"
157.55.39.62 - - [27/Jan/2021:01:26:11 +0100] "GET /buecher/gesichter/29.jpg HTTP/1.1" 200 9282 "-" "Mozilla/5.0 (compatible; bingbot/2.0; +http://www.bing.com/bingbot.htm)"
62.138.2.214 - - [27/Jan/2021:01:28:21 +0100] "GET /buecher/veroeffentlichungsliste.html HTTP/1.1" 200 129779 "-" "Mozilla/5.0 (X11; Linux x86_64; rv:81.0) Gecko/20100101 Firefox/81.0"
62.138.2.214 - - [27/Jan/2021:01:32:42 +0100] "GET /buecher/rezensionen_chateaubriand.html HTTP/1.1" 200 47317 "-" "Mozilla/5.0 (X11; Linux x86_64; rv:81.0) Gecko/20100101 Firefox/81.0"
62.138.2.214 - - [27/Jan/2021:01:36:16 +0100] "GET /buecher/rezensionen_preysing.html HTTP/1.1" 200 9502 "-" "Mozilla/5.0 (X11; Linux x86_64; rv:81.0) Gecko/20100101 Firefox/81.0"
62.138.2.214 - - [27/Jan/2021:01:46:17 +0100] "GET /buecher/rezensionen_nicht_auf_sand_gebaut.html HTTP/1.1" 200 6594 "-" "Mozilla/5.0 (X11; Linux x86_64; rv:81.0) Gecko/20100101 Firefox/81.0"
62.138.2.214 - - [27/Jan/2021:02:06:16 +0100] "GET /buecher/rezensionen_leiblichkeit_und_zeitlichkeit.html HTTP/1.1" 200 8821 "-" "Mozilla/5.0 (X11; Linux x86_64; rv:81.0) Gecko/20100101 Firefox/81.0"
62.138.2.214 - - [27/Jan/2021:02:23:22 +0100] "GET /buecher/rezensionen.html HTTP/1.1" 200 6964 "-" "Mozilla/5.0 (X11; Linux x86_64; rv:81.0) Gecko/20100101 Firefox/81.0"
62.138.2.214 - - [27/Jan/2021:02:43:21 +0100] "GET /jahrbuch/titelseiten/index.html HTTP/1.1" 200 6735 "-" "Mozilla/5.0 (X11; Linux x86_64; rv:81.0) Gecko/20100101 Firefox/81.0"
66.249.66.203 - - [27/Jan/2021:02:52:03 +0100] "GET /sonderthemen/akademieprogramm/04/pro_zei_04_s15.pdf HTTP/1.1" 404 2381 "-" "Mozilla/5.0 (Linux; Android 6.0.1; Nexus 5X Build/MMB29P) AppleWebKit/537.36 (KHTML, like Gecko) Chrome/88.0.4324.113 Mobile Safari/537.36 (compatible; Googlebot/2.1; +http://www.google.com/bot.html)"
168.119.88.190 - - [27/Jan/2021:02:59:48 +0100] "GET /robots.txt HTTP/1.1" 200 100 "-" "MTRobot/0.2 (Metrics Tools Analytics Crawler; https://metrics-tools.de/robot.html; crawler@metrics-tools.de)"
168.119.88.190 - - [27/Jan/2021:02:59:48 +0100] "GET / HTTP/1.1" 200 9360 "-" "MTRobot/0.2 (Metrics Tools Analytics Crawler; https://metrics-tools.de/robot.html; crawler@metrics-tools.de)"
62.138.2.214 - - [27/Jan/2021:03:02:22 +0100] "GET /sonderthemen/oekt_extra2.pdf HTTP/1.1" 200 1939949 "-" "Mozilla/5.0 (X11; Linux x86_64; rv:81.0) Gecko/20100101 Firefox/81.0"
62.138.2.214 - - [27/Jan/2021:03:07:24 +0100] "GET /jahrbuch/bestellung.php HTTP/1.1" 200 10316 "-" "Mozilla/5.0 (X11; Linux x86_64; rv:81.0) Gecko/20100101 Firefox/81.0"
95.217.76.237 - - [27/Jan/2021:03:11:58 +0100] "GET / HTTP/1.1" 200 9360 "-" "BacklinkCrawler (http://www.backlinktest.com/crawler.html)"
95.217.76.237 - - [27/Jan/2021:03:11:58 +0100] "GET /robots.txt HTTP/1.1" 200 100 "-" "BacklinkCrawler (http://www.backlinktest.com/crawler.html)"
95.217.76.237 - - [27/Jan/2021:03:12:01 +0100] "GET /buecher/veroeffentlichungsliste.html HTTP/1.1" 200 129779 "-" "BacklinkCrawler (http://www.backlinktest.com/crawler.html)"
95.217.76.237 - - [27/Jan/2021:03:12:04 +0100] "GET /index.html HTTP/1.1" 200 9360 "-" "BacklinkCrawler (http://www.backlinktest.com/crawler.html)"
95.217.76.237 - - [27/Jan/2021:03:12:07 +0100] "GET /buecher/rezensionen_chateaubriand.html HTTP/1.1" 200 47317 "-" "BacklinkCrawler (http://www.backlinktest.com/crawler.html)"
95.217.76.237 - - [27/Jan/2021:03:12:10 +0100] "GET /buecher/rezensionen.html HTTP/1.1" 200 6964 "-" "BacklinkCrawler (http://www.backlinktest.com/crawler.html)"
95.217.76.237 - - [27/Jan/2021:03:12:13 +0100] "GET /buecher/rezensionen_ungeteilt.html HTTP/1.1" 200 9764 "-" "BacklinkCrawler (http://www.backlinktest.com/crawler.html)"
95.217.76.237 - - [27/Jan/2021:03:12:16 +0100] "GET /buecher/rezensionen_preysing.html HTTP/1.1" 200 9502 "-" "BacklinkCrawler (http://www.backlinktest.com/crawler.html)"
95.217.76.237 - - [27/Jan/2021:03:12:18 +0100] "GET /buecher/rezensionen_leiblichkeit_und_zeitlichkeit.html HTTP/1.1" 200 8821 "-" "BacklinkCrawler (http://www.backlinktest.com/crawler.html)"
95.217.76.237 - - [27/Jan/2021:03:12:21 +0100] "GET /buecher/rezensionen_nicht_auf_sand_gebaut.html HTTP/1.1" 200 6594 "-" "BacklinkCrawler (http://www.backlinktest.com/crawler.html)"
95.217.76.237 - - [27/Jan/2021:03:12:23 +0100] "GET /buecher/rezensionen_le_saulchoir.html HTTP/1.1" 200 34009 "-" "BacklinkCrawler (http://www.backlinktest.com/crawler.html)"
95.217.76.237 - - [27/Jan/2021:03:12:25 +0100] "GET /buecher/rezensionen_krise_zum_heil.html HTTP/1.1" 200 9828 "-" "BacklinkCrawler (http://www.backlinktest.com/crawler.html)"
95.217.76.237 - - [27/Jan/2021:03:12:27 +0100] "GET /buecher/rezensionen_ignatius.html HTTP/1.1" 200 8182 "-" "BacklinkCrawler (http://www.backlinktest.com/crawler.html)"
95.217.76.237 - - [27/Jan/2021:03:12:30 +0100] "GET /buecher/rezensionen_engel.html HTTP/1.1" 200 6598 "-" "BacklinkCrawler (http://www.backlinktest.com/crawler.html)"
95.217.76.237 - - [27/Jan/2021:03:12:32 +0100] "GET /buecher/rezensionen_psalmen.html HTTP/1.1" 200 6787 "-" "BacklinkCrawler (http://www.backlinktest.com/crawler.html)"
95.217.76.237 - - [27/Jan/2021:03:12:35 +0100] "GET /cds/hymnos_akathistos.html HTTP/1.1" 200 11061 "-" "BacklinkCrawler (http://www.backlinktest.com/crawler.html)"
95.217.76.237 - - [27/Jan/2021:03:12:38 +0100] "GET /cds/ignatius.html HTTP/1.1" 200 6576 "-" "BacklinkCrawler (http://www.backlinktest.com/crawler.html)"
95.217.76.237 - - [27/Jan/2021:03:12:41 +0100] "GET /cds/rosarium.html HTTP/1.1" 200 6680 "-" "BacklinkCrawler (http://www.backlinktest.com/crawler.html)"
95.217.76.237 - - [27/Jan/2021:03:12:45 +0100] "GET /impressum.html HTTP/1.1" 200 2808 "-" "BacklinkCrawler (http://www.backlinktest.com/crawler.html)"
95.217.76.237 - - [27/Jan/2021:03:12:47 +0100] "GET /kontakt/index.html HTTP/1.1" 200 2896 "-" "BacklinkCrawler (http://www.backlinktest.com/crawler.html)"
95.217.76.237 - - [27/Jan/2021:03:12:49 +0100] "GET /sonderthemen/index.html HTTP/1.1" 200 7102 "-" "BacklinkCrawler (http://www.backlinktest.com/crawler.html)"
95.217.76.237 - - [27/Jan/2021:03:12:52 +0100] "GET /sonderthemen/presse.html HTTP/1.1" 200 5772 "-" "BacklinkCrawler (http://www.backlinktest.com/crawler.html)"
95.217.76.237 - - [27/Jan/2021:03:12:55 +0100] "GET /sonderthemen/archiv.html HTTP/1.1" 200 6959 "-" "BacklinkCrawler (http://www.backlinktest.com/crawler.html)"
95.217.76.237 - - [27/Jan/2021:03:12:58 +0100] "GET /jahrbuch/index.html HTTP/1.1" 200 3956 "-" "BacklinkCrawler (http://www.backlinktest.com/crawler.html)"
95.217.76.237 - - [27/Jan/2021:03:13:01 +0100] "GET /jahrbuch/bestellung.php HTTP/1.1" 200 10316 "-" "BacklinkCrawler (http://www.backlinktest.com/crawler.html)"
95.217.76.237 - - [27/Jan/2021:03:13:03 +0100] "GET /jahrbuch/titelseiten/index.html HTTP/1.1" 200 6735 "-" "BacklinkCrawler (http://www.backlinktest.com/crawler.html)"
95.217.76.237 - - [27/Jan/2021:03:13:05 +0100] "GET /gotteslob/index.html HTTP/1.1" 200 2770 "-" "BacklinkCrawler (http://www.backlinktest.com/crawler.html)"
95.217.76.237 - - [27/Jan/2021:03:13:08 +0100] "GET /cds/index.html HTTP/1.1" 200 7987 "-" "BacklinkCrawler (http://www.backlinktest.com/crawler.html)"
95.217.76.237 - - [27/Jan/2021:03:13:12 +0100] "GET /cds/astazi.html HTTP/1.1" 200 8453 "-" "BacklinkCrawler (http://www.backlinktest.com/crawler.html)"
95.217.76.237 - - [27/Jan/2021:03:13:15 +0100] "GET /cds/lumina.html HTTP/1.1" 200 9000 "-" "BacklinkCrawler (http://www.backlinktest.com/crawler.html)"
95.217.76.237 - - [27/Jan/2021:03:13:18 +0100] "GET /cds/glockenspiel2.html HTTP/1.1" 200 9831 "-" "BacklinkCrawler (http://www.backlinktest.com/crawler.html)"
95.217.76.237 - - [27/Jan/2021:03:13:21 +0100] "GET /cds/glockenspiel1.html HTTP/1.1" 200 9736 "-" "BacklinkCrawler (http://www.backlinktest.com/crawler.html)"
95.217.76.237 - - [27/Jan/2021:03:13:24 +0100] "GET /buecher/index.html HTTP/1.1" 200 25885 "-" "BacklinkCrawler (http://www.backlinktest.com/crawler.html)"
95.217.76.237 - - [27/Jan/2021:03:13:27 +0100] "GET /buecher/diskussion.html HTTP/1.1" 200 9925 "-" "BacklinkCrawler (http://www.backlinktest.com/crawler.html)"
95.217.76.237 - - [27/Jan/2021:03:13:29 +0100] "GET /buecher/bestellung.php HTTP/1.1" 200 10142 "-" "BacklinkCrawler (http://www.backlinktest.com/crawler.html)"
140.203.12.4 - - [27/Jan/2021:03:24:25 +0100] "HEAD / HTTP/1.1" 200 - "-" "Java/1.6.0_23"
62.138.2.214 - - [27/Jan/2021:03:39:28 +0100] "GET /sonderthemen/az2003_s01.pdf HTTP/1.1" 200 120642 "-" "Mozilla/5.0 (X11; Linux x86_64; rv:81.0) Gecko/20100101 Firefox/81.0"
62.138.2.214 - - [27/Jan/2021:03:44:44 +0100] "GET /cds/glockenspiel1.html HTTP/1.1" 200 9736 "-" "Mozilla/5.0 (X11; Linux x86_64; rv:81.0) Gecko/20100101 Firefox/81.0"
62.138.2.214 - - [27/Jan/2021:04:05:18 +0100] "GET /cds/astazi.html HTTP/1.1" 200 8453 "-" "Mozilla/5.0 (X11; Linux x86_64; rv:81.0) Gecko/20100101 Firefox/81.0"
185.224.132.45 - - [27/Jan/2021:04:11:07 +0100] "HEAD / HTTP/1.1" 200 - "https://dontimes.news" "Mozilla/4.0 (compatible; MSIE2.00; Windows 2005)"
62.138.2.214 - - [27/Jan/2021:04:16:50 +0100] "GET /cds/glockenspiel2.html HTTP/1.1" 200 9831 "-" "Mozilla/5.0 (X11; Linux x86_64; rv:81.0) Gecko/20100101 Firefox/81.0"
62.138.2.214 - - [27/Jan/2021:04:23:15 +0100] "GET /cds/lumina.html HTTP/1.1" 200 9000 "-" "Mozilla/5.0 (X11; Linux x86_64; rv:81.0) Gecko/20100101 Firefox/81.0"
66.249.66.205 - - [27/Jan/2021:04:26:01 +0100] "GET /sonderthemen/oekt_extra3.pdf HTTP/1.1" 200 2109745 "-" "Mozilla/5.0 (Linux; Android 6.0.1; Nexus 5X Build/MMB29P) AppleWebKit/537.36 (KHTML, like Gecko) Chrome/88.0.4324.113 Mobile Safari/537.36 (compatible; Googlebot/2.1; +http://www.google.com/bot.html)"
194.67.210.77 - - [27/Jan/2021:04:34:58 +0100] "HEAD / HTTP/1.1" 200 - "https://www.drive2.ru/o/Evakyatorkh" "Mozilla/8.0 (compatible; MSIE4.00; Windows 2006)"
193.124.188.188 - - [27/Jan/2021:04:34:58 +0100] "HEAD / HTTP/1.1" 200 - "https://poltava.sq.com.ua" "Mozilla/3.0 (compatible; MSIE4.00; Windows 2006)"
194.67.207.9 - - [27/Jan/2021:04:34:58 +0100] "HEAD / HTTP/1.1" 200 - "https://pko-rts.ru/uslugi/mech-obrabotka-metalla" "Mozilla/5.0 (compatible; MSIE5.00; Windows 2003)"
193.124.188.83 - - [27/Jan/2021:04:34:58 +0100] "HEAD / HTTP/1.1" 200 - "http://makrab.news" "Mozilla/7.0 (compatible; MSIE6.00; Windows 2004)"
193.124.190.18 - - [27/Jan/2021:04:34:58 +0100] "HEAD / HTTP/1.1" 200 - "http://pupilby.net" "Mozilla/4.0 (compatible; MSIE2.00; Windows 2006)"
185.5.249.185 - - [27/Jan/2021:04:34:58 +0100] "HEAD / HTTP/1.1" 200 - "https://pulkevich.ru/kakie-zakony-reguliruyut-predprinimatelskuyu-deyatelnost-v-rossii" "Mozilla/3.0 (compatible; MSIE2.00; Windows 2007)"
185.125.219.13 - - [27/Jan/2021:04:34:59 +0100] "HEAD / HTTP/1.1" 200 - "https://mymedsklad.ru/med-tehnika/" "Mozilla/3.0 (compatible; MSIE3.00; Windows 2009)"
194.67.207.94 - - [27/Jan/2021:04:34:59 +0100] "HEAD / HTTP/1.1" 200 - "https://dnisolutions.com.ua/oborudovanie/sverlilnye-stanki-s-chpu/" "Mozilla/5.0 (compatible; MSIE4.00; Windows 2004)"
45.132.107.248 - - [27/Jan/2021:04:35:03 +0100] "HEAD / HTTP/1.1" 200 - "https://texoled.com" "Mozilla/8.0 (compatible; MSIE5.00; Windows 2005)"
185.241.52.68 - - [27/Jan/2021:04:35:04 +0100] "HEAD / HTTP/1.1" 200 - "https://reshu-gdz.ru/math5vil.html" "Mozilla/7.0 (compatible; MSIE5.00; Windows 2009)"
185.209.20.147 - - [27/Jan/2021:04:35:05 +0100] "HEAD / HTTP/1.1" 200 - "https://www.xn----7sbkgnercp0argnfc6jpa.kiev.ua/perevozka-umershikh.html" "Mozilla/5.0 (compatible; MSIE6.00; Windows 2002)"
185.203.240.129 - - [27/Jan/2021:04:35:05 +0100] "HEAD / HTTP/1.1" 200 - "https://www.prjadko.kiev.ua/ritualnye-uslugi/mezhdunarodnye-ritualnye-perevozki.html" "Mozilla/7.0 (compatible; MSIE3.00; Windows 2009)"
212.86.109.31 - - [27/Jan/2021:04:35:06 +0100] "HEAD / HTTP/1.1" 200 - "https://prjadko.com.ua/ritualnie_uslugi.html" "Mozilla/2.0 (compatible; MSIE7.00; Windows 2005)"
85.209.89.224 - - [27/Jan/2021:04:35:13 +0100] "HEAD / HTTP/1.1" 200 - "https://hotkitchenspb.ru" "Mozilla/3.0 (compatible; MSIE5.00; Windows 2003)"
85.209.89.217 - - [27/Jan/2021:04:35:14 +0100] "HEAD / HTTP/1.1" 200 - "https://www.gudzik.kiev.ua/iglu-mashinnue" "Mozilla/5.0 (compatible; MSIE5.00; Windows 2005)"
85.209.89.205 - - [27/Jan/2021:04:35:15 +0100] "HEAD / HTTP/1.1" 200 - "https://www.black-buttons.com/metallofyrnityra/blochki" "Mozilla/4.0 (compatible; MSIE4.00; Windows 2006)"
85.209.89.216 - - [27/Jan/2021:04:35:16 +0100] "HEAD / HTTP/1.1" 200 - "https://met-avia.ru" "Mozilla/5.0 (compatible; MSIE5.00; Windows 2006)"
85.209.89.241 - - [27/Jan/2021:04:35:18 +0100] "HEAD / HTTP/1.1" 200 - "http://pr.ua/catalog/news/108" "Mozilla/7.0 (compatible; MSIE7.00; Windows 2004)"
77.220.215.153 - - [27/Jan/2021:04:35:18 +0100] "HEAD / HTTP/1.1" 200 - "https://www.gruz200.com.ua" "Mozilla/4.0 (compatible; MSIE5.00; Windows 2008)"
62.138.2.214 - - [27/Jan/2021:04:36:37 +0100] "GET /sonderthemen/oekt_extra1.pdf HTTP/1.1" 200 1849015 "-" "Mozilla/5.0 (X11; Linux x86_64; rv:81.0) Gecko/20100101 Firefox/81.0"
62.138.2.214 - - [27/Jan/2021:04:42:20 +0100] "GET /sonderthemen/oekz2003_s01.pdf HTTP/1.1" 200 66807 "-" "Mozilla/5.0 (X11; Linux x86_64; rv:81.0) Gecko/20100101 Firefox/81.0"
66.249.66.205 - - [27/Jan/2021:04:45:35 +0100] "GET /jahrbuch/titelseiten/index.html HTTP/1.1" 304 - "-" "Mozilla/5.0 (Linux; Android 6.0.1; Nexus 5X Build/MMB29P) AppleWebKit/537.36 (KHTML, like Gecko) Chrome/88.0.4324.113 Mobile Safari/537.36 (compatible; Googlebot/2.1; +http://www.google.com/bot.html)"
193.124.191.92 - - [27/Jan/2021:04:46:41 +0100] "HEAD / HTTP/1.1" 200 - "http://znamenitosti.info" "Mozilla/7.0 (compatible; MSIE7.00; Windows 2005)"
62.138.2.214 - - [27/Jan/2021:04:51:54 +0100] "GET /sonderthemen/sk2004_s01.pdf HTTP/1.1" 200 162742 "-" "Mozilla/5.0 (X11; Linux x86_64; rv:81.0) Gecko/20100101 Firefox/81.0"
88.198.36.62 - - [27/Jan/2021:04:58:01 +0100] "GET /sonderthemen/oekt_extra2.pdf HTTP/1.1" 200 1939949 "-" "Mozilla/5.0 (X11; Linux x86_64; rv:84.0) Gecko/20100101 Firefox/84.0"
62.138.2.214 - - [27/Jan/2021:05:05:07 +0100] "GET /sonderthemen/oekz2003.pdf HTTP/1.1" 200 4017017 "-" "Mozilla/5.0 (X11; Linux x86_64; rv:81.0) Gecko/20100101 Firefox/81.0"
157.55.39.62 - - [27/Jan/2021:05:15:07 +0100] "GET /buecher/gesichter/15.jpg HTTP/1.1" 200 7253 "-" "Mozilla/5.0 (compatible; bingbot/2.0; +http://www.bing.com/bingbot.htm)"
62.138.2.214 - - [27/Jan/2021:05:18:05 +0100] "GET /sonderthemen/sk2004.pdf HTTP/1.1" 200 1967215 "-" "Mozilla/5.0 (X11; Linux x86_64; rv:81.0) Gecko/20100101 Firefox/81.0"
62.138.2.214 - - [27/Jan/2021:05:32:42 +0100] "GET /sonderthemen/archiv.html HTTP/1.1" 200 6959 "-" "Mozilla/5.0 (X11; Linux x86_64; rv:81.0) Gecko/20100101 Firefox/81.0"
54.36.148.99 - - [27/Jan/2021:05:33:59 +0100] "GET /impressum.html HTTP/1.1" 200 2808 "-" "Mozilla/5.0 (compatible; AhrefsBot/7.0; +http://ahrefs.com/robot/)"
47.242.158.40 - - [27/Jan/2021:05:35:07 +0100] "GET / HTTP/1.1" 200 9360 "-" "Mozilla/5.0 (Windows NT 6.1; Win64; x64) AppleWebKit/537.36 (KHTML, like Gecko) Chrome/79.0.3945.88 Safari/537.36"
62.138.2.214 - - [27/Jan/2021:05:55:18 +0100] "GET /sonderthemen/presse.html HTTP/1.1" 200 5772 "-" "Mozilla/5.0 (X11; Linux x86_64; rv:81.0) Gecko/20100101 Firefox/81.0"
62.138.2.214 - - [27/Jan/2021:05:58:58 +0100] "GET /sonderthemen/oekt_extra3.pdf HTTP/1.1" 200 2109745 "-" "Mozilla/5.0 (X11; Linux x86_64; rv:81.0) Gecko/20100101 Firefox/81.0"
62.138.2.214 - - [27/Jan/2021:06:03:13 +0100] "GET /sonderthemen/az2003.pdf HTTP/1.1" 200 4864675 "-" "Mozilla/5.0 (X11; Linux x86_64; rv:81.0) Gecko/20100101 Firefox/81.0"
62.138.2.214 - - [27/Jan/2021:06:06:27 +0100] "GET /buecher/rezensionen_ignatius.html HTTP/1.1" 200 8182 "-" "Mozilla/5.0 (X11; Linux x86_64; rv:81.0) Gecko/20100101 Firefox/81.0"
62.138.2.214 - - [27/Jan/2021:06:12:43 +0100] "GET /buecher/rezensionen_ungeteilt.html HTTP/1.1" 200 9764 "-" "Mozilla/5.0 (X11; Linux x86_64; rv:81.0) Gecko/20100101 Firefox/81.0"
62.138.2.214 - - [27/Jan/2021:06:20:17 +0100] "GET /sonderthemen/az1999.pdf HTTP/1.1" 200 1842982 "-" "Mozilla/5.0 (X11; Linux x86_64; rv:81.0) Gecko/20100101 Firefox/81.0"
62.138.2.214 - - [27/Jan/2021:06:25:41 +0100] "GET /sonderthemen/oeaz2002.pdf HTTP/1.1" 200 3161455 "-" "Mozilla/5.0 (X11; Linux x86_64; rv:81.0) Gecko/20100101 Firefox/81.0"
62.138.2.214 - - [27/Jan/2021:06:28:16 +0100] "GET /sonderthemen/sk2001.pdf HTTP/1.1" 200 3098589 "-" "Mozilla/5.0 (X11; Linux x86_64; rv:81.0) Gecko/20100101 Firefox/81.0"
62.138.2.214 - - [27/Jan/2021:06:38:26 +0100] "GET /sonderthemen/oekt_extra1.pdf HTTP/1.1" 200 1849015 "-" "Mozilla/5.0 (X11; Linux x86_64; rv:81.0) Gecko/20100101 Firefox/81.0"
62.138.2.214 - - [27/Jan/2021:06:39:54 +0100] "GET /sonderthemen/sk2000.pdf HTTP/1.1" 200 2925489 "-" "Mozilla/5.0 (X11; Linux x86_64; rv:81.0) Gecko/20100101 Firefox/81.0"
66.249.66.201 - - [27/Jan/2021:06:47:51 +0100] "GET /buecher/rezension_gesichter_u_geschichten.pdf HTTP/1.1" 304 - "-" "Mozilla/5.0 (compatible; Googlebot/2.1; +http://www.google.com/bot.html)"
62.138.2.214 - - [27/Jan/2021:06:54:53 +0100] "GET /sonderthemen/az2000.pdf HTTP/1.1" 200 2253581 "-" "Mozilla/5.0 (X11; Linux x86_64; rv:81.0) Gecko/20100101 Firefox/81.0"
62.138.2.214 - - [27/Jan/2021:06:58:39 +0100] "GET /sonderthemen/sk2002.pdf HTTP/1.1" 200 2628923 "-" "Mozilla/5.0 (X11; Linux x86_64; rv:81.0) Gecko/20100101 Firefox/81.0"
217.93.87.166 - - [27/Jan/2021:07:01:02 +0100] "GET /buecher/rezensionen_le_saulchoir.html HTTP/1.1" 200 34009 "https://www.google.com/" "Mozilla/5.0 (Windows NT 10.0; Win64; x64; rv:85.0) Gecko/20100101 Firefox/85.0"
