62.138.2.214 - - [19/Jan/2021:19:44:00 +0100] "GET /sonderthemen/oekz2003.pdf HTTP/1.1" 200 4017017 "-" "Mozilla/5.0 (X11; Linux x86_64; rv:81.0) Gecko/20100101 Firefox/81.0"
62.138.2.214 - - [19/Jan/2021:19:56:07 +0100] "GET /sonderthemen/sk2004.pdf HTTP/1.1" 200 1967215 "-" "Mozilla/5.0 (X11; Linux x86_64; rv:81.0) Gecko/20100101 Firefox/81.0"
62.138.2.214 - - [19/Jan/2021:20:11:32 +0100] "GET /sonderthemen/oekt_extra1.pdf HTTP/1.1" 200 1849015 "-" "Mozilla/5.0 (X11; Linux x86_64; rv:81.0) Gecko/20100101 Firefox/81.0"
62.138.2.214 - - [19/Jan/2021:20:18:02 +0100] "GET /sonderthemen/az2000.pdf HTTP/1.1" 200 2253581 "-" "Mozilla/5.0 (X11; Linux x86_64; rv:81.0) Gecko/20100101 Firefox/81.0"
185.191.171.25 - - [19/Jan/2021:20:26:11 +0100] "GET /robots.txt HTTP/1.1" 200 100 "-" "Mozilla/5.0 (compatible; SemrushBot/7~bl; +http://www.semrush.com/bot.html)"
185.191.171.9 - - [19/Jan/2021:20:26:11 +0100] "GET /buecher/rezensionen_engel.html HTTP/1.1" 200 6598 "-" "Mozilla/5.0 (compatible; SemrushBot/7~bl; +http://www.semrush.com/bot.html)"
62.138.2.214 - - [19/Jan/2021:20:38:02 +0100] "GET /sonderthemen/oekz2003_s01.pdf HTTP/1.1" 200 66807 "-" "Mozilla/5.0 (X11; Linux x86_64; rv:81.0) Gecko/20100101 Firefox/81.0"
54.36.148.54 - - [19/Jan/2021:20:39:53 +0100] "GET /buecher/rezensionen.html HTTP/1.1" 200 6964 "-" "Mozilla/5.0 (compatible; AhrefsBot/7.0; +http://ahrefs.com/robot/)"
62.138.2.214 - - [19/Jan/2021:20:46:54 +0100] "GET /sonderthemen/sk2002.pdf HTTP/1.1" 200 2628923 "-" "Mozilla/5.0 (X11; Linux x86_64; rv:81.0) Gecko/20100101 Firefox/81.0"
62.138.2.214 - - [19/Jan/2021:21:01:46 +0100] "GET /sonderthemen/az1999.pdf HTTP/1.1" 200 1842982 "-" "Mozilla/5.0 (X11; Linux x86_64; rv:81.0) Gecko/20100101 Firefox/81.0"
65.132.59.34 - - [19/Jan/2021:21:05:54 +0100] "GET /robots.txt HTTP/1.1" 200 100 "-" "Gigabot (https://www.gigablast.com/)"
65.132.59.34 - - [19/Jan/2021:21:05:55 +0100] "GET /sonderthemen/sk2004.pdf HTTP/1.1" 200 1967215 "-" "Gigabot (https://www.gigablast.com/)"
62.138.2.214 - - [19/Jan/2021:21:14:46 +0100] "GET /sonderthemen/sk2000.pdf HTTP/1.1" 200 2925489 "-" "Mozilla/5.0 (X11; Linux x86_64; rv:81.0) Gecko/20100101 Firefox/81.0"
178.63.51.106 - - [19/Jan/2021:21:22:55 +0100] "GET /sonderthemen/oeaz2002.pdf HTTP/1.1" 200 3161455 "-" "Mozilla/5.0 (Windows NT 10.0; rv:78.0) Gecko/20100101 Firefox/78.0"
78.46.94.83 - - [19/Jan/2021:21:23:09 +0100] "GET /sonderthemen/oeaz2002.pdf HTTP/1.1" 200 3161455 "-" "Mozilla/5.0 (Macintosh; Intel Mac OS X 10_15_7) AppleWebKit/537.36 (KHTML, like Gecko) Chrome/87.0.4280.88 Safari/537.36"
95.216.96.243 - - [19/Jan/2021:21:27:07 +0100] "GET /robots.txt HTTP/1.1" 200 100 "-" "Mozilla/5.0 (compatible; SEOkicks; +https://www.seokicks.de/robot.html)"
95.216.96.243 - - [19/Jan/2021:21:27:08 +0100] "GET / HTTP/1.1" 200 9360 "-" "Mozilla/5.0 (compatible; SEOkicks; +https://www.seokicks.de/robot.html)"
95.216.96.243 - - [19/Jan/2021:21:27:09 +0100] "GET /buecher/index.html HTTP/1.1" 200 25885 "http://www.morusverlag.de/" "Mozilla/5.0 (compatible; SEOkicks; +https://www.seokicks.de/robot.html)"
95.216.96.243 - - [19/Jan/2021:21:27:11 +0100] "GET /cds/index.html HTTP/1.1" 200 7987 "http://www.morusverlag.de/" "Mozilla/5.0 (compatible; SEOkicks; +https://www.seokicks.de/robot.html)"
95.216.96.243 - - [19/Jan/2021:21:27:12 +0100] "GET /gotteslob/index.html HTTP/1.1" 200 2770 "http://www.morusverlag.de/" "Mozilla/5.0 (compatible; SEOkicks; +https://www.seokicks.de/robot.html)"
95.216.96.243 - - [19/Jan/2021:21:27:13 +0100] "GET /jahrbuch/index.html HTTP/1.1" 200 3956 "http://www.morusverlag.de/" "Mozilla/5.0 (compatible; SEOkicks; +https://www.seokicks.de/robot.html)"
95.216.96.243 - - [19/Jan/2021:21:27:14 +0100] "GET /sonderthemen/index.html HTTP/1.1" 200 7102 "http://www.morusverlag.de/" "Mozilla/5.0 (compatible; SEOkicks; +https://www.seokicks.de/robot.html)"
95.216.96.243 - - [19/Jan/2021:21:27:15 +0100] "GET /kontakt/index.html HTTP/1.1" 200 2896 "http://www.morusverlag.de/" "Mozilla/5.0 (compatible; SEOkicks; +https://www.seokicks.de/robot.html)"
95.216.96.243 - - [19/Jan/2021:21:27:16 +0100] "GET /impressum.html HTTP/1.1" 200 2808 "http://www.morusverlag.de/" "Mozilla/5.0 (compatible; SEOkicks; +https://www.seokicks.de/robot.html)"
95.216.96.243 - - [19/Jan/2021:21:27:17 +0100] "GET /cds/rosarium.html HTTP/1.1" 200 6680 "http://www.morusverlag.de/" "Mozilla/5.0 (compatible; SEOkicks; +https://www.seokicks.de/robot.html)"
62.138.2.214 - - [19/Jan/2021:21:27:17 +0100] "GET /sonderthemen/oeaz2001.pdf HTTP/1.1" 200 4496626 "-" "Mozilla/5.0 (X11; Linux x86_64; rv:81.0) Gecko/20100101 Firefox/81.0"
62.138.2.214 - - [19/Jan/2021:21:29:53 +0100] "GET /sonderthemen/oeaz2002.pdf HTTP/1.1" 200 3161455 "-" "Mozilla/5.0 (X11; Linux x86_64; rv:81.0) Gecko/20100101 Firefox/81.0"
185.191.171.25 - - [19/Jan/2021:21:38:16 +0100] "GET /robots.txt HTTP/1.1" 200 100 "-" "Mozilla/5.0 (compatible; SemrushBot/7~bl; +http://www.semrush.com/bot.html)"
185.191.171.42 - - [19/Jan/2021:21:38:16 +0100] "GET /cds/ignatius.html HTTP/1.1" 200 6576 "-" "Mozilla/5.0 (compatible; SemrushBot/7~bl; +http://www.semrush.com/bot.html)"
62.138.2.214 - - [19/Jan/2021:21:40:48 +0100] "GET /sonderthemen/sk2001.pdf HTTP/1.1" 200 3098589 "-" "Mozilla/5.0 (X11; Linux x86_64; rv:81.0) Gecko/20100101 Firefox/81.0"
78.46.94.83 - - [19/Jan/2021:22:03:03 +0100] "GET /sonderthemen/sk2000.pdf HTTP/1.1" 200 2925489 "-" "Mozilla/5.0 (Windows NT 10.0; Win64; x64) AppleWebKit/537.36 (KHTML, like Gecko) Chrome/87.0.4280.67 Safari/537.36 Edg/87.0.664.55"
46.4.83.150 - - [19/Jan/2021:22:03:04 +0100] "GET /sonderthemen/oekt_extra2.pdf HTTP/1.1" 200 1939949 "-" "Mozilla/5.0 (Windows NT 10.0; Win64; x64) AppleWebKit/537.36 (KHTML, like Gecko) Chrome/87.0.4280.67 Safari/537.36 Edg/87.0.664.52"
78.46.94.83 - - [19/Jan/2021:22:06:54 +0100] "GET /sonderthemen/oeaz2002.pdf HTTP/1.1" 200 3161455 "-" "Mozilla/5.0 (Macintosh; Intel Mac OS X 10_13_6) AppleWebKit/537.36 (KHTML, like Gecko) Chrome/87.0.4280.67 Safari/537.36"
65.132.59.34 - - [19/Jan/2021:22:07:29 +0100] "GET /robots.txt HTTP/1.1" 200 100 "-" "Gigabot (https://www.gigablast.com/)"
65.132.59.34 - - [19/Jan/2021:22:07:29 +0100] "GET /sonderthemen/az2003_s01.pdf HTTP/1.1" 200 120642 "-" "Gigabot (https://www.gigablast.com/)"
65.132.59.34 - - [19/Jan/2021:22:25:45 +0100] "GET /robots.txt HTTP/1.1" 200 100 "-" "Gigabot (https://www.gigablast.com/)"
65.132.59.34 - - [19/Jan/2021:22:25:45 +0100] "GET /sonderthemen/oekz2003.pdf HTTP/1.1" 200 4017017 "-" "Gigabot (https://www.gigablast.com/)"
65.132.59.34 - - [19/Jan/2021:22:59:08 +0100] "GET /sonderthemen/oekz2003_s01.pdf HTTP/1.1" 200 66807 "-" "Gigabot (https://www.gigablast.com/)"
54.36.148.244 - - [19/Jan/2021:23:00:47 +0100] "GET /buecher/diskussion.html HTTP/1.1" 200 9925 "-" "Mozilla/5.0 (compatible; AhrefsBot/7.0; +http://ahrefs.com/robot/)"
42.236.10.93 - - [19/Jan/2021:23:14:36 +0100] "GET / HTTP/1.1" 200 9360 "http://baidu.com/" "Mozilla/5.0 (Linux; U; Android 8.1.0; zh-CN; EML-AL00 Build/HUAWEIEML-AL00) AppleWebKit/537.36 (KHTML, like Gecko) Version/4.0 Chrome/57.0.2987.108 baidu.sogo.uc.UCBrowser/11.9.4.974 UWS/2.13.1.48 Mobile Safari/537.36 AliApp(DingTalk/4.5.11) com.alibaba.android.rimet/10487439 Channel/227200 language/zh-CN"
42.236.10.93 - - [19/Jan/2021:23:14:41 +0100] "GET /main.css HTTP/1.1" 200 1439 "http://www.morusverlag.de/" "Mozilla/5.0 (Linux; U; Android 8.1.0; zh-CN; EML-AL00 Build/HUAWEIEML-AL00) AppleWebKit/537.36 (KHTML, like Gecko) Version/4.0 Chrome/57.0.2987.108 baidu.sogo.uc.UCBrowser/11.9.4.974 UWS/2.13.1.48 Mobile Safari/537.36 AliApp(DingTalk/4.5.11) com.alibaba.android.rimet/10487439 Channel/227200 language/zh-CN"
42.236.10.93 - - [19/Jan/2021:23:14:44 +0100] "GET /logo_g.gif HTTP/1.1" 200 1301 "http://www.morusverlag.de/" "Mozilla/5.0 (Linux; U; Android 8.1.0; zh-CN; EML-AL00 Build/HUAWEIEML-AL00) AppleWebKit/537.36 (KHTML, like Gecko) Version/4.0 Chrome/57.0.2987.108 baidu.sogo.uc.UCBrowser/11.9.4.974 UWS/2.13.1.48 Mobile Safari/537.36 AliApp(DingTalk/4.5.11) com.alibaba.android.rimet/10487439 Channel/227200 language/zh-CN"
42.236.10.84 - - [19/Jan/2021:23:14:44 +0100] "GET /mv_gr_w.gif HTTP/1.1" 200 2005 "http://www.morusverlag.de/" "Mozilla/5.0 (Linux; U; Android 8.1.0; zh-CN; EML-AL00 Build/HUAWEIEML-AL00) AppleWebKit/537.36 (KHTML, like Gecko) Version/4.0 Chrome/57.0.2987.108 baidu.sogo.uc.UCBrowser/11.9.4.974 UWS/2.13.1.48 Mobile Safari/537.36 AliApp(DingTalk/4.5.11) com.alibaba.android.rimet/10487439 Channel/227200 language/zh-CN"
42.236.10.93 - - [19/Jan/2021:23:14:44 +0100] "GET /mv_g.gif HTTP/1.1" 200 4070 "http://www.morusverlag.de/" "Mozilla/5.0 (Linux; U; Android 8.1.0; zh-CN; EML-AL00 Build/HUAWEIEML-AL00) AppleWebKit/537.36 (KHTML, like Gecko) Version/4.0 Chrome/57.0.2987.108 baidu.sogo.uc.UCBrowser/11.9.4.974 UWS/2.13.1.48 Mobile Safari/537.36 AliApp(DingTalk/4.5.11) com.alibaba.android.rimet/10487439 Channel/227200 language/zh-CN"
42.236.10.78 - - [19/Jan/2021:23:14:44 +0100] "GET /jahrbuch_k.jpg HTTP/1.1" 200 3719 "http://www.morusverlag.de/" "Mozilla/5.0 (Linux; U; Android 8.1.0; zh-CN; EML-AL00 Build/HUAWEIEML-AL00) AppleWebKit/537.36 (KHTML, like Gecko) Version/4.0 Chrome/57.0.2987.108 baidu.sogo.uc.UCBrowser/11.9.4.974 UWS/2.13.1.48 Mobile Safari/537.36 AliApp(DingTalk/4.5.11) com.alibaba.android.rimet/10487439 Channel/227200 language/zh-CN"
42.236.10.93 - - [19/Jan/2021:23:14:47 +0100] "GET /buecher/chateaubriand.jpg HTTP/1.1" 200 2272 "http://www.morusverlag.de/" "Mozilla/5.0 (Linux; U; Android 8.1.0; zh-CN; EML-AL00 Build/HUAWEIEML-AL00) AppleWebKit/537.36 (KHTML, like Gecko) Version/4.0 Chrome/57.0.2987.108 baidu.sogo.uc.UCBrowser/11.9.4.974 UWS/2.13.1.48 Mobile Safari/537.36 AliApp(DingTalk/4.5.11) com.alibaba.android.rimet/10487439 Channel/227200 language/zh-CN"
42.236.10.93 - - [19/Jan/2021:23:14:47 +0100] "GET /buch_k.jpg HTTP/1.1" 200 4591 "http://www.morusverlag.de/" "Mozilla/5.0 (Linux; U; Android 8.1.0; zh-CN; EML-AL00 Build/HUAWEIEML-AL00) AppleWebKit/537.36 (KHTML, like Gecko) Version/4.0 Chrome/57.0.2987.108 baidu.sogo.uc.UCBrowser/11.9.4.974 UWS/2.13.1.48 Mobile Safari/537.36 AliApp(DingTalk/4.5.11) com.alibaba.android.rimet/10487439 Channel/227200 language/zh-CN"
42.236.10.75 - - [19/Jan/2021:23:14:47 +0100] "GET /buecher/gesichter.jpg HTTP/1.1" 200 7271 "http://www.morusverlag.de/" "Mozilla/5.0 (Linux; U; Android 8.1.0; zh-CN; EML-AL00 Build/HUAWEIEML-AL00) AppleWebKit/537.36 (KHTML, like Gecko) Version/4.0 Chrome/57.0.2987.108 baidu.sogo.uc.UCBrowser/11.9.4.974 UWS/2.13.1.48 Mobile Safari/537.36 AliApp(DingTalk/4.5.11) com.alibaba.android.rimet/10487439 Channel/227200 language/zh-CN"
42.236.10.84 - - [19/Jan/2021:23:14:47 +0100] "GET /buecher/engel.jpg HTTP/1.1" 200 5414 "http://www.morusverlag.de/" "Mozilla/5.0 (Linux; U; Android 8.1.0; zh-CN; EML-AL00 Build/HUAWEIEML-AL00) AppleWebKit/537.36 (KHTML, like Gecko) Version/4.0 Chrome/57.0.2987.108 baidu.sogo.uc.UCBrowser/11.9.4.974 UWS/2.13.1.48 Mobile Safari/537.36 AliApp(DingTalk/4.5.11) com.alibaba.android.rimet/10487439 Channel/227200 language/zh-CN"
42.236.10.78 - - [19/Jan/2021:23:14:47 +0100] "GET /gotteslob.jpg HTTP/1.1" 200 9390 "http://www.morusverlag.de/" "Mozilla/5.0 (Linux; U; Android 8.1.0; zh-CN; EML-AL00 Build/HUAWEIEML-AL00) AppleWebKit/537.36 (KHTML, like Gecko) Version/4.0 Chrome/57.0.2987.108 baidu.sogo.uc.UCBrowser/11.9.4.974 UWS/2.13.1.48 Mobile Safari/537.36 AliApp(DingTalk/4.5.11) com.alibaba.android.rimet/10487439 Channel/227200 language/zh-CN"
42.236.10.93 - - [19/Jan/2021:23:14:51 +0100] "GET /cds/ignatius_k.jpg HTTP/1.1" 200 3965 "http://www.morusverlag.de/" "Mozilla/5.0 (Linux; U; Android 8.1.0; zh-CN; EML-AL00 Build/HUAWEIEML-AL00) AppleWebKit/537.36 (KHTML, like Gecko) Version/4.0 Chrome/57.0.2987.108 baidu.sogo.uc.UCBrowser/11.9.4.974 UWS/2.13.1.48 Mobile Safari/537.36 AliApp(DingTalk/4.5.11) com.alibaba.android.rimet/10487439 Channel/227200 language/zh-CN"
42.236.10.84 - - [19/Jan/2021:23:14:51 +0100] "GET /cds/rosarium_k.jpg HTTP/1.1" 200 3972 "http://www.morusverlag.de/" "Mozilla/5.0 (Linux; U; Android 8.1.0; zh-CN; EML-AL00 Build/HUAWEIEML-AL00) AppleWebKit/537.36 (KHTML, like Gecko) Version/4.0 Chrome/57.0.2987.108 baidu.sogo.uc.UCBrowser/11.9.4.974 UWS/2.13.1.48 Mobile Safari/537.36 AliApp(DingTalk/4.5.11) com.alibaba.android.rimet/10487439 Channel/227200 language/zh-CN"
42.236.10.78 - - [19/Jan/2021:23:14:51 +0100] "GET /cds/astazi_k.jpg HTTP/1.1" 200 6049 "http://www.morusverlag.de/" "Mozilla/5.0 (Linux; U; Android 8.1.0; zh-CN; EML-AL00 Build/HUAWEIEML-AL00) AppleWebKit/537.36 (KHTML, like Gecko) Version/4.0 Chrome/57.0.2987.108 baidu.sogo.uc.UCBrowser/11.9.4.974 UWS/2.13.1.48 Mobile Safari/537.36 AliApp(DingTalk/4.5.11) com.alibaba.android.rimet/10487439 Channel/227200 language/zh-CN"
42.236.10.75 - - [19/Jan/2021:23:14:51 +0100] "GET /cds/hymnos_k.jpg HTTP/1.1" 200 4986 "http://www.morusverlag.de/" "Mozilla/5.0 (Linux; U; Android 8.1.0; zh-CN; EML-AL00 Build/HUAWEIEML-AL00) AppleWebKit/537.36 (KHTML, like Gecko) Version/4.0 Chrome/57.0.2987.108 baidu.sogo.uc.UCBrowser/11.9.4.974 UWS/2.13.1.48 Mobile Safari/537.36 AliApp(DingTalk/4.5.11) com.alibaba.android.rimet/10487439 Channel/227200 language/zh-CN"
42.236.10.93 - - [19/Jan/2021:23:14:52 +0100] "GET /pf.gif HTTP/1.1" 200 62 "http://www.morusverlag.de/" "Mozilla/5.0 (Linux; U; Android 8.1.0; zh-CN; EML-AL00 Build/HUAWEIEML-AL00) AppleWebKit/537.36 (KHTML, like Gecko) Version/4.0 Chrome/57.0.2987.108 baidu.sogo.uc.UCBrowser/11.9.4.974 UWS/2.13.1.48 Mobile Safari/537.36 AliApp(DingTalk/4.5.11) com.alibaba.android.rimet/10487439 Channel/227200 language/zh-CN"
42.236.10.78 - - [19/Jan/2021:23:14:52 +0100] "GET /strich.gif HTTP/1.1" 200 45 "http://www.morusverlag.de/" "Mozilla/5.0 (Linux; U; Android 8.1.0; zh-CN; EML-AL00 Build/HUAWEIEML-AL00) AppleWebKit/537.36 (KHTML, like Gecko) Version/4.0 Chrome/57.0.2987.108 baidu.sogo.uc.UCBrowser/11.9.4.974 UWS/2.13.1.48 Mobile Safari/537.36 AliApp(DingTalk/4.5.11) com.alibaba.android.rimet/10487439 Channel/227200 language/zh-CN"
62.138.2.214 - - [19/Jan/2021:23:31:33 +0100] "GET /sonderthemen/oeaz2001.pdf HTTP/1.1" 200 4496626 "-" "Mozilla/5.0 (X11; Linux x86_64; rv:81.0) Gecko/20100101 Firefox/81.0"
157.55.39.47 - - [19/Jan/2021:23:41:01 +0100] "GET /robots.txt HTTP/1.1" 200 100 "-" "Mozilla/5.0 (compatible; bingbot/2.0; +http://www.bing.com/bingbot.htm)"
13.66.139.81 - - [19/Jan/2021:23:41:06 +0100] "GET /buecher/gesichter/08.jpg HTTP/1.1" 200 10437 "-" "Mozilla/5.0 (compatible; bingbot/2.0; +http://www.bing.com/bingbot.htm)"
168.119.69.91 - - [19/Jan/2021:23:45:22 +0100] "GET /sonderthemen/az2003.pdf HTTP/1.1" 200 4864675 "-" "Mozilla/5.0 (X11; Linux x86_64) AppleWebKit/537.36 (KHTML, like Gecko) Chrome/87.0.4280.67 Safari/537.36"
46.4.83.150 - - [19/Jan/2021:23:45:26 +0100] "GET /sonderthemen/az2003_s01.pdf HTTP/1.1" 200 120642 "-" "Mozilla/5.0 (Windows NT 6.1; Win64; x64) AppleWebKit/537.36 (KHTML, like Gecko) Chrome/86.0.4240.198 Safari/537.36"
46.4.83.150 - - [19/Jan/2021:23:45:26 +0100] "GET /buecher/rezension_gesichter_u_geschichten.pdf HTTP/1.1" 200 223287 "-" "Mozilla/5.0 (Windows NT 6.1; Win64; x64) AppleWebKit/537.36 (KHTML, like Gecko) Chrome/87.0.4280.66 Safari/537.36"
168.119.11.187 - - [19/Jan/2021:23:45:36 +0100] "GET /sonderthemen/az2003_s01.pdf HTTP/1.1" 200 120642 "-" "Mozilla/5.0 (X11; Linux x86_64) AppleWebKit/537.36 (KHTML, like Gecko) Chrome/86.0.4240.111 Safari/537.36"
168.119.11.187 - - [19/Jan/2021:23:45:36 +0100] "GET /buecher/rezension_gesichter_u_geschichten.pdf HTTP/1.1" 200 223287 "-" "Mozilla/5.0 (Windows NT 10.0; Win64; x64) AppleWebKit/537.36 (KHTML, like Gecko) Chrome/87.0.4280.67 Safari/537.36 Edg/87.0.664.47"
148.251.50.77 - - [19/Jan/2021:23:45:42 +0100] "GET /sonderthemen/az2003.pdf HTTP/1.1" 200 4864675 "-" "Mozilla/5.0 (Windows NT 10.0; Win64; x64) AppleWebKit/537.36 (KHTML, like Gecko) Chrome/87.0.4280.67 Safari/537.36 Edg/87.0.664.55"
144.76.162.206 - - [19/Jan/2021:23:45:52 +0100] "GET /sonderthemen/az2003_s01.pdf HTTP/1.1" 200 120642 "-" "Mozilla/5.0 (Windows NT 10.0; WOW64) AppleWebKit/537.36 (KHTML, like Gecko) Chrome/86.0.4240.198 Safari/537.36"
144.76.162.206 - - [19/Jan/2021:23:45:52 +0100] "GET /buecher/rezension_gesichter_u_geschichten.pdf HTTP/1.1" 200 223287 "-" "Mozilla/5.0 (X11; Ubuntu; Linux x86_64; rv:82.0) Gecko/20100101 Firefox/82.0"
78.46.94.83 - - [19/Jan/2021:23:45:59 +0100] "GET /sonderthemen/az2003.pdf HTTP/1.1" 200 4864675 "-" "Mozilla/5.0 (Macintosh; Intel Mac OS X 11_0_1) AppleWebKit/537.36 (KHTML, like Gecko) Chrome/87.0.4280.88 Safari/537.36"
88.198.19.75 - - [19/Jan/2021:23:54:15 +0100] "GET /robots.txt HTTP/1.1" 200 100 "-" "MTRobot/0.2 (Metrics Tools Analytics Crawler; https://metrics-tools.de/robot.html; crawler@metrics-tools.de)"
88.198.19.75 - - [19/Jan/2021:23:54:15 +0100] "GET /sonderthemen/sk2002.pdf HTTP/1.1" 200 2628923 "-" "MTRobot/0.2 (Metrics Tools Analytics Crawler; https://metrics-tools.de/robot.html; crawler@metrics-tools.de)"
148.251.50.77 - - [20/Jan/2021:00:18:42 +0100] "GET /buecher/index.html HTTP/1.1" 200 25885 "-" "Mozilla/5.0 (Windows NT 6.3; Win64; x64) AppleWebKit/537.36 (KHTML, like Gecko) Chrome/87.0.4280.88 Safari/537.36"
13.66.139.81 - - [20/Jan/2021:00:40:42 +0100] "GET /buecher/gesichter/25.jpg HTTP/1.1" 200 7280 "-" "Mozilla/5.0 (compatible; bingbot/2.0; +http://www.bing.com/bingbot.htm)"
54.36.148.228 - - [20/Jan/2021:01:21:16 +0100] "GET /buecher/rezensionen_preysing.html HTTP/1.1" 200 9502 "-" "Mozilla/5.0 (compatible; AhrefsBot/7.0; +http://ahrefs.com/robot/)"
40.77.167.68 - - [20/Jan/2021:01:26:49 +0100] "GET /cds/glockenspiel2.html HTTP/1.1" 304 - "-" "Mozilla/5.0 (compatible; bingbot/2.0; +http://www.bing.com/bingbot.htm)"
95.216.96.243 - - [20/Jan/2021:02:12:46 +0100] "GET /cds/ignatius.html HTTP/1.1" 200 6576 "http://www.morusverlag.de/" "Mozilla/5.0 (compatible; SEOkicks; +https://www.seokicks.de/robot.html)"
95.216.96.243 - - [20/Jan/2021:02:12:48 +0100] "GET /cds/hymnos_akathistos.html HTTP/1.1" 200 11061 "http://www.morusverlag.de/" "Mozilla/5.0 (compatible; SEOkicks; +https://www.seokicks.de/robot.html)"
95.216.96.243 - - [20/Jan/2021:02:12:51 +0100] "GET /buecher/rezensionen_chateaubriand.html HTTP/1.1" 200 47317 "http://www.morusverlag.de/" "Mozilla/5.0 (compatible; SEOkicks; +https://www.seokicks.de/robot.html)"
95.216.96.243 - - [20/Jan/2021:02:12:53 +0100] "GET /buecher/veroeffentlichungsliste.html HTTP/1.1" 200 129779 "http://www.morusverlag.de/" "Mozilla/5.0 (compatible; SEOkicks; +https://www.seokicks.de/robot.html)"
95.216.96.243 - - [20/Jan/2021:02:12:55 +0100] "GET /index.html HTTP/1.1" 200 9360 "http://www.morusverlag.de/buecher/index.html" "Mozilla/5.0 (compatible; SEOkicks; +https://www.seokicks.de/robot.html)"
95.216.96.243 - - [20/Jan/2021:02:12:57 +0100] "GET /buecher/bestellung.php HTTP/1.1" 200 10142 "http://www.morusverlag.de/buecher/index.html" "Mozilla/5.0 (compatible; SEOkicks; +https://www.seokicks.de/robot.html)"
95.216.96.243 - - [20/Jan/2021:02:12:58 +0100] "GET /buecher/rezensionen_psalmen.html HTTP/1.1" 200 6787 "http://www.morusverlag.de/buecher/index.html" "Mozilla/5.0 (compatible; SEOkicks; +https://www.seokicks.de/robot.html)"
95.216.96.243 - - [20/Jan/2021:02:13:00 +0100] "GET /buecher/rezensionen_engel.html HTTP/1.1" 200 6598 "http://www.morusverlag.de/buecher/index.html" "Mozilla/5.0 (compatible; SEOkicks; +https://www.seokicks.de/robot.html)"
95.216.96.243 - - [20/Jan/2021:02:13:02 +0100] "GET /buecher/diskussion.html HTTP/1.1" 200 9925 "http://www.morusverlag.de/buecher/index.html" "Mozilla/5.0 (compatible; SEOkicks; +https://www.seokicks.de/robot.html)"
95.216.96.243 - - [20/Jan/2021:02:13:03 +0100] "GET /buecher/rezensionen_le_saulchoir.html HTTP/1.1" 200 34009 "http://www.morusverlag.de/buecher/index.html" "Mozilla/5.0 (compatible; SEOkicks; +https://www.seokicks.de/robot.html)"
95.216.96.243 - - [20/Jan/2021:02:13:05 +0100] "GET /buecher/rezensionen_krise_zum_heil.html HTTP/1.1" 200 9828 "http://www.morusverlag.de/buecher/index.html" "Mozilla/5.0 (compatible; SEOkicks; +https://www.seokicks.de/robot.html)"
185.209.20.147 - - [20/Jan/2021:02:21:34 +0100] "HEAD / HTTP/1.1" 200 - "https://reshu-gdz.ru/mat2moro.html" "Mozilla/4.0 (compatible; MSIE4.00; Windows 2007)"
65.132.59.34 - - [20/Jan/2021:02:23:27 +0100] "GET /robots.txt HTTP/1.1" 200 100 "-" "Gigabot (https://www.gigablast.com/)"
65.132.59.34 - - [20/Jan/2021:02:23:28 +0100] "GET /sonderthemen/az2003.pdf HTTP/1.1" 200 4864675 "-" "Gigabot (https://www.gigablast.com/)"
54.36.148.41 - - [20/Jan/2021:02:24:14 +0100] "GET /robots.txt HTTP/1.1" 200 100 "-" "Mozilla/5.0 (compatible; AhrefsBot/6.1; +http://ahrefs.com/robot/)"
13.66.139.21 - - [20/Jan/2021:02:39:52 +0100] "GET /buecher/gesichter/27.jpg HTTP/1.1" 200 8110 "-" "Mozilla/5.0 (compatible; bingbot/2.0; +http://www.bing.com/bingbot.htm)"
42.236.10.113 - - [20/Jan/2021:02:58:22 +0100] "GET / HTTP/1.1" 200 9360 "http://www.morusverlag.de/" "Mozilla/5.0 (Windows NT 6.1; WOW64) AppleWebKit/537.36 (KHTML, like Gecko) Chrome/50.4.2661.102 Safari/537.36; 360Spider"
140.203.12.6 - - [20/Jan/2021:03:20:47 +0100] "HEAD / HTTP/1.1" 200 - "-" "Java/1.6.0_23"
13.66.139.21 - - [20/Jan/2021:03:21:48 +0100] "GET /buecher/gesichter/20.jpg HTTP/1.1" 200 8785 "-" "Mozilla/5.0 (compatible; bingbot/2.0; +http://www.bing.com/bingbot.htm)"
54.36.148.140 - - [20/Jan/2021:04:37:28 +0100] "GET /jahrbuch/bestellung.php HTTP/1.1" 200 10316 "-" "Mozilla/5.0 (compatible; AhrefsBot/7.0; +http://ahrefs.com/robot/)"
185.224.132.45 - - [20/Jan/2021:05:05:12 +0100] "HEAD / HTTP/1.1" 200 - "https://mastera.org.ua/Kompjuternyj-master/" "Mozilla/5.0 (compatible; MSIE5.00; Windows 2007)"
45.132.107.248 - - [20/Jan/2021:05:05:12 +0100] "HEAD / HTTP/1.1" 200 - "https://tbox.kz/technika/microwave/" "Mozilla/8.0 (compatible; MSIE7.00; Windows 2007)"
185.241.52.68 - - [20/Jan/2021:05:05:12 +0100] "HEAD / HTTP/1.1" 200 - "https://otoplenie-pro.com/oborudovanie-i-avtomatika/" "Mozilla/3.0 (compatible; MSIE4.00; Windows 2003)"
212.86.109.31 - - [20/Jan/2021:05:05:12 +0100] "HEAD / HTTP/1.1" 200 - "https://urok-otvet.ru" "Mozilla/6.0 (compatible; MSIE6.00; Windows 2005)"
77.220.215.153 - - [20/Jan/2021:05:05:12 +0100] "HEAD / HTTP/1.1" 200 - "https://forvard42.ru" "Mozilla/2.0 (compatible; MSIE3.00; Windows 2009)"
185.203.240.129 - - [20/Jan/2021:05:05:13 +0100] "HEAD / HTTP/1.1" 200 - "http://kosmet.by/catalog/parfyumeriya" "Mozilla/5.0 (compatible; MSIE6.00; Windows 2008)"
85.209.89.224 - - [20/Jan/2021:05:05:14 +0100] "HEAD / HTTP/1.1" 200 - "https://restvannaspb.ru/service/" "Mozilla/5.0 (compatible; MSIE5.00; Windows 2008)"
85.209.89.241 - - [20/Jan/2021:05:05:15 +0100] "HEAD / HTTP/1.1" 200 - "https://lemurmedia.ru" "Mozilla/2.0 (compatible; MSIE2.00; Windows 2002)"
85.209.89.205 - - [20/Jan/2021:05:05:15 +0100] "HEAD / HTTP/1.1" 200 - "https://dlpsoftware.ru/" "Mozilla/7.0 (compatible; MSIE3.00; Windows 2008)"
85.209.89.217 - - [20/Jan/2021:05:05:15 +0100] "HEAD / HTTP/1.1" 200 - "https://pishestroy.ru" "Mozilla/2.0 (compatible; MSIE2.00; Windows 2009)"
85.209.89.216 - - [20/Jan/2021:05:05:15 +0100] "HEAD / HTTP/1.1" 200 - "https://alfa-helping.ru/azon-vhod-v-alfa-bank" "Mozilla/4.0 (compatible; MSIE7.00; Windows 2007)"
185.125.219.13 - - [20/Jan/2021:05:18:17 +0100] "HEAD / HTTP/1.1" 200 - "https://www.yoga-books.ru" "Mozilla/4.0 (compatible; MSIE3.00; Windows 2002)"
194.67.207.9 - - [20/Jan/2021:05:40:22 +0100] "HEAD / HTTP/1.1" 200 - "https://resurs-2012.ru/zakazat-kursovuyu-rabotu" "Mozilla/3.0 (compatible; MSIE7.00; Windows 2006)"
13.66.139.15 - - [20/Jan/2021:05:43:08 +0100] "GET /cds/lumina.jpg HTTP/1.1" 200 31150 "-" "Mozilla/5.0 (compatible; bingbot/2.0; +http://www.bing.com/bingbot.htm)"
216.18.204.198 - - [20/Jan/2021:05:46:42 +0100] "GET /robots.txt HTTP/1.1" 200 100 "-" "Mozilla/5.0 (compatible; Adsbot/3.1)"
216.18.204.198 - - [20/Jan/2021:05:46:50 +0100] "GET / HTTP/1.1" 200 9360 "-" "Mozilla/5.0 (compatible; Adsbot/3.1)"
13.66.139.21 - - [20/Jan/2021:06:18:38 +0100] "GET /sitemap.txt HTTP/1.1" 404 2381 "-" "Mozilla/5.0 (compatible; bingbot/2.0; +http://www.bing.com/bingbot.htm)"
13.66.139.21 - - [20/Jan/2021:06:19:31 +0100] "GET /buecher/gesichter/09.jpg HTTP/1.1" 200 9739 "-" "Mozilla/5.0 (compatible; bingbot/2.0; +http://www.bing.com/bingbot.htm)"
194.67.207.94 - - [20/Jan/2021:06:20:42 +0100] "HEAD / HTTP/1.1" 200 - "https://konica.kz/konica-minolta/" "Mozilla/8.0 (compatible; MSIE5.00; Windows 2007)"
87.185.198.1 - - [20/Jan/2021:07:16:50 +0100] "GET /cds/hymnos_akathistos.html HTTP/1.1" 200 11061 "-" "Mozilla/5.0 (Macintosh; Intel Mac OS X 10_15_6) AppleWebKit/605.1.15 (KHTML, like Gecko)"
87.185.198.1 - - [20/Jan/2021:07:16:50 +0100] "GET /apple-touch-icon-precomposed.png HTTP/1.1" 404 2381 "-" "Safari/16610.3.7.1.9 CFNetwork/1209.1 Darwin/20.2.0"
87.185.198.1 - - [20/Jan/2021:07:16:50 +0100] "GET /apple-touch-icon.png HTTP/1.1" 404 2381 "-" "Safari/16610.3.7.1.9 CFNetwork/1209.1 Darwin/20.2.0"
87.185.198.1 - - [20/Jan/2021:07:16:50 +0100] "GET /favicon.ico HTTP/1.1" 200 4286 "-" "Safari/16610.3.7.1.9 CFNetwork/1209.1 Darwin/20.2.0"
87.185.198.1 - - [20/Jan/2021:07:16:50 +0100] "GET /cds/hymnos_akathistos.html HTTP/1.1" 200 11061 "-" "Mozilla/5.0 (iPhone; CPU iPhone OS 13_1_3 like Mac OS X) AppleWebKit/605.1.15 (KHTML, like Gecko) Version/13.0.1 Mobile/15E148 Safari/604.1"
54.36.149.84 - - [20/Jan/2021:07:55:40 +0100] "GET /buecher/rezensionen_krise_zum_heil.html HTTP/1.1" 200 9828 "-" "Mozilla/5.0 (compatible; AhrefsBot/7.0; +http://ahrefs.com/robot/)"
114.119.142.43 - - [20/Jan/2021:08:07:24 +0100] "GET /robots.txt HTTP/1.1" 200 100 "-" "(compatible;PetalBot;+https://aspiegel.com/petalbot)"
13.66.139.15 - - [20/Jan/2021:08:11:19 +0100] "GET /buecher/gesichter/32.jpg HTTP/1.1" 200 8010 "-" "Mozilla/5.0 (compatible; bingbot/2.0; +http://www.bing.com/bingbot.htm)"
168.119.69.91 - - [20/Jan/2021:08:28:06 +0100] "GET /sonderthemen/oekt_extra1.pdf HTTP/1.1" 200 1849015 "-" "Mozilla/5.0 (Macintosh; Intel Mac OS X 10_14_6) AppleWebKit/605.1.15 (KHTML, like Gecko) Version/14.0.1 Safari/605.1.15"
216.244.66.237 - - [20/Jan/2021:08:37:53 +0100] "GET /robots.txt HTTP/1.1" 200 100 "-" "Mozilla/5.0 (compatible; DotBot/1.1; http://www.opensiteexplorer.org/dotbot, help@moz.com)"
95.216.96.243 - - [20/Jan/2021:08:41:57 +0100] "GET /buecher/rezensionen_nicht_auf_sand_gebaut.html HTTP/1.1" 200 6594 "http://www.morusverlag.de/buecher/index.html" "Mozilla/5.0 (compatible; SEOkicks; +https://www.seokicks.de/robot.html)"
95.216.96.243 - - [20/Jan/2021:08:42:00 +0100] "GET /buecher/rezensionen_leiblichkeit_und_zeitlichkeit.html HTTP/1.1" 200 8821 "http://www.morusverlag.de/buecher/index.html" "Mozilla/5.0 (compatible; SEOkicks; +https://www.seokicks.de/robot.html)"
95.216.96.243 - - [20/Jan/2021:08:42:02 +0100] "GET /buecher/rezensionen_preysing.html HTTP/1.1" 200 9502 "http://www.morusverlag.de/buecher/index.html" "Mozilla/5.0 (compatible; SEOkicks; +https://www.seokicks.de/robot.html)"
95.216.96.243 - - [20/Jan/2021:08:42:03 +0100] "GET /cds/glockenspiel1.html HTTP/1.1" 200 9736 "http://www.morusverlag.de/cds/index.html" "Mozilla/5.0 (compatible; SEOkicks; +https://www.seokicks.de/robot.html)"
95.216.96.243 - - [20/Jan/2021:08:42:06 +0100] "GET /cds/glockenspiel2.html HTTP/1.1" 200 9831 "http://www.morusverlag.de/cds/index.html" "Mozilla/5.0 (compatible; SEOkicks; +https://www.seokicks.de/robot.html)"
95.216.96.243 - - [20/Jan/2021:08:42:07 +0100] "GET /cds/lumina.html HTTP/1.1" 200 9000 "http://www.morusverlag.de/cds/index.html" "Mozilla/5.0 (compatible; SEOkicks; +https://www.seokicks.de/robot.html)"
95.216.96.243 - - [20/Jan/2021:08:42:12 +0100] "GET /cds/astazi.html HTTP/1.1" 200 8453 "http://www.morusverlag.de/cds/index.html" "Mozilla/5.0 (compatible; SEOkicks; +https://www.seokicks.de/robot.html)"
95.216.96.243 - - [20/Jan/2021:08:42:15 +0100] "GET /jahrbuch/titelseiten/index.html HTTP/1.1" 200 6735 "http://www.morusverlag.de/jahrbuch/index.html" "Mozilla/5.0 (compatible; SEOkicks; +https://www.seokicks.de/robot.html)"
95.216.96.243 - - [20/Jan/2021:08:42:17 +0100] "GET /jahrbuch/bestellung.php HTTP/1.1" 200 10316 "http://www.morusverlag.de/jahrbuch/index.html" "Mozilla/5.0 (compatible; SEOkicks; +https://www.seokicks.de/robot.html)"
95.216.96.243 - - [20/Jan/2021:08:42:52 +0100] "GET /sonderthemen/archiv.html HTTP/1.1" 200 6959 "http://www.morusverlag.de/sonderthemen/index.html" "Mozilla/5.0 (compatible; SEOkicks; +https://www.seokicks.de/robot.html)"
95.216.96.243 - - [20/Jan/2021:08:42:55 +0100] "GET /sonderthemen/presse.html HTTP/1.1" 200 5772 "http://www.morusverlag.de/sonderthemen/index.html" "Mozilla/5.0 (compatible; SEOkicks; +https://www.seokicks.de/robot.html)"
216.244.66.237 - - [20/Jan/2021:08:43:45 +0100] "GET /buecher/guardini/ HTTP/1.1" 404 2381 "-" "Mozilla/5.0 (compatible; DotBot/1.1; http://www.opensiteexplorer.org/dotbot, help@moz.com)"
13.66.139.144 - - [20/Jan/2021:08:59:42 +0100] "GET /buecher/der_neunte_tag.jpg HTTP/1.1" 200 6411 "-" "Mozilla/5.0 (compatible; bingbot/2.0; +http://www.bing.com/bingbot.htm)"
88.198.36.62 - - [20/Jan/2021:09:34:34 +0100] "GET /sonderthemen/oekz2003.pdf HTTP/1.1" 200 4017017 "-" "Mozilla/5.0 (Macintosh; Intel Mac OS X 11_1_0) AppleWebKit/537.36 (KHTML, like Gecko) Chrome/87.0.4280.88 Safari/537.36"
88.198.36.62 - - [20/Jan/2021:09:34:34 +0100] "GET /sonderthemen/az2003.pdf HTTP/1.1" 200 4864675 "-" "Mozilla/5.0 (Windows NT 6.3; Win64; x64; rv:83.0) Gecko/20100101 Firefox/83.0"
88.198.43.207 - - [20/Jan/2021:09:35:05 +0100] "GET /sonderthemen/az2003.pdf HTTP/1.1" 200 4864675 "-" "Mozilla/5.0 (Macintosh; Intel Mac OS X 10_15_6) AppleWebKit/605.1.15 (KHTML, like Gecko) Version/14.0.1 Safari/605.1.15"
88.198.43.207 - - [20/Jan/2021:09:35:05 +0100] "GET /sonderthemen/oekz2003.pdf HTTP/1.1" 200 4017017 "-" "Mozilla/5.0 (Macintosh; Intel Mac OS X 11_0_1) AppleWebKit/537.36 (KHTML, like Gecko) Chrome/87.0.4280.88 Safari/537.36"
66.249.72.73 - - [20/Jan/2021:09:55:52 +0100] "GET /robots.txt HTTP/1.1" 200 100 "-" "Mozilla/5.0 (compatible; Googlebot/2.1; +http://www.google.com/bot.html)"
66.249.72.77 - - [20/Jan/2021:09:55:52 +0100] "GET /cds/rosarium.html HTTP/1.1" 304 - "-" "Mozilla/5.0 (Linux; Android 6.0.1; Nexus 5X Build/MMB29P) AppleWebKit/537.36 (KHTML, like Gecko) Chrome/87.0.4280.90 Mobile Safari/537.36 (compatible; Googlebot/2.1; +http://www.google.com/bot.html)"
13.66.139.15 - - [20/Jan/2021:10:15:16 +0100] "GET /cds/rosarium.jpg HTTP/1.1" 200 21032 "-" "Mozilla/5.0 (compatible; bingbot/2.0; +http://www.bing.com/bingbot.htm)"
13.66.139.2 - - [20/Jan/2021:10:32:02 +0100] "GET /buecher/gesichter/28.jpg HTTP/1.1" 200 7684 "-" "Mozilla/5.0 (compatible; bingbot/2.0; +http://www.bing.com/bingbot.htm)"
193.124.188.83 - - [20/Jan/2021:10:51:15 +0100] "HEAD / HTTP/1.1" 200 - "http://pupilby.net" "Mozilla/3.0 (compatible; MSIE3.00; Windows 2004)"
193.124.188.188 - - [20/Jan/2021:10:51:15 +0100] "HEAD / HTTP/1.1" 200 - "https://poltava.sq.com.ua" "Mozilla/6.0 (compatible; MSIE2.00; Windows 2002)"
193.124.190.18 - - [20/Jan/2021:10:51:15 +0100] "HEAD / HTTP/1.1" 200 - "http://makrab.news" "Mozilla/6.0 (compatible; MSIE5.00; Windows 2005)"
5.183.92.236 - - [20/Jan/2021:10:52:35 +0100] "GET / HTTP/1.0" 200 9360 "https://jobhype.ru" "Mozilla/5.0 (Windows NT 10.0; Win64; x64) AppleWebKit/537.36 (KHTML, like Gecko) Chrome/83.0.4103.24 Safari/537.36"
78.46.90.120 - - [20/Jan/2021:10:54:20 +0100] "GET /sonderthemen/sk2004_s01.pdf HTTP/1.1" 200 162742 "-" "Mozilla/5.0 (Macintosh; Intel Mac OS X 10_15_7) AppleWebKit/537.36 (KHTML, like Gecko) Chrome/87.0.4280.88 Safari/537.36"
88.198.36.62 - - [20/Jan/2021:10:54:30 +0100] "GET /sonderthemen/sk2004_s01.pdf HTTP/1.1" 200 162742 "-" "Mozilla/5.0 (Windows NT 10.0; Win64; x64) AppleWebKit/537.36 (KHTML, like Gecko) Chrome/87.0.4280.66 Safari/537.36 Edg/87.0.664.41"
185.191.171.4 - - [20/Jan/2021:11:01:51 +0100] "GET /robots.txt HTTP/1.1" 200 100 "-" "Mozilla/5.0 (compatible; SemrushBot/7~bl; +http://www.semrush.com/bot.html)"
185.191.171.10 - - [20/Jan/2021:11:01:51 +0100] "GET /cds/rosarium.html HTTP/1.1" 200 6680 "-" "Mozilla/5.0 (compatible; SemrushBot/7~bl; +http://www.semrush.com/bot.html)"
51.141.186.118 - - [20/Jan/2021:11:08:34 +0100] "GET / HTTP/1.1" 200 9360 "-" "Mozilla/5.0 (compatible; MSIE 10.0; Windows NT 6.1; WOW64; Trident/6.0)"
51.141.186.118 - - [20/Jan/2021:11:08:34 +0100] "GET /main.css HTTP/1.1" 200 1439 "-" "Mozilla/5.0 (compatible; MSIE 10.0; Windows NT 6.1; WOW64; Trident/6.0)"
51.141.186.118 - - [20/Jan/2021:11:08:34 +0100] "GET /buecher/index.html HTTP/1.1" 200 25885 "-" "Mozilla/5.0 (compatible; MSIE 10.0; Windows NT 6.1; WOW64; Trident/6.0)"
51.141.186.118 - - [20/Jan/2021:11:08:35 +0100] "GET /cds/index.html HTTP/1.1" 200 7987 "-" "Mozilla/5.0 (compatible; MSIE 10.0; Windows NT 6.1; WOW64; Trident/6.0)"
51.141.186.118 - - [20/Jan/2021:11:08:35 +0100] "GET /gotteslob/index.html HTTP/1.1" 200 2770 "-" "Mozilla/5.0 (compatible; MSIE 10.0; Windows NT 6.1; WOW64; Trident/6.0)"
51.141.186.118 - - [20/Jan/2021:11:08:36 +0100] "GET /jahrbuch/index.html HTTP/1.1" 200 3956 "-" "Mozilla/5.0 (compatible; MSIE 10.0; Windows NT 6.1; WOW64; Trident/6.0)"
51.141.186.118 - - [20/Jan/2021:11:08:36 +0100] "GET /sonderthemen/index.html HTTP/1.1" 200 7102 "-" "Mozilla/5.0 (compatible; MSIE 10.0; Windows NT 6.1; WOW64; Trident/6.0)"
51.141.186.118 - - [20/Jan/2021:11:08:36 +0100] "GET /kontakt/index.html HTTP/1.1" 200 2896 "-" "Mozilla/5.0 (compatible; MSIE 10.0; Windows NT 6.1; WOW64; Trident/6.0)"
51.141.186.118 - - [20/Jan/2021:11:08:36 +0100] "GET /impressum.html HTTP/1.1" 200 2808 "-" "Mozilla/5.0 (compatible; MSIE 10.0; Windows NT 6.1; WOW64; Trident/6.0)"
51.141.186.118 - - [20/Jan/2021:11:08:36 +0100] "GET /cds/rosarium.html HTTP/1.1" 200 6680 "-" "Mozilla/5.0 (compatible; MSIE 10.0; Windows NT 6.1; WOW64; Trident/6.0)"
51.141.186.118 - - [20/Jan/2021:11:08:37 +0100] "GET /cds/ignatius.html HTTP/1.1" 200 6576 "-" "Mozilla/5.0 (compatible; MSIE 10.0; Windows NT 6.1; WOW64; Trident/6.0)"
51.141.186.118 - - [20/Jan/2021:11:08:37 +0100] "GET /cds/hymnos_akathistos.html HTTP/1.1" 200 11061 "-" "Mozilla/5.0 (compatible; MSIE 10.0; Windows NT 6.1; WOW64; Trident/6.0)"
51.141.186.118 - - [20/Jan/2021:11:08:37 +0100] "GET /buecher/rezensionen_chateaubriand.html HTTP/1.1" 200 47317 "-" "Mozilla/5.0 (compatible; MSIE 10.0; Windows NT 6.1; WOW64; Trident/6.0)"
51.141.186.118 - - [20/Jan/2021:11:08:38 +0100] "GET /buecher/veroeffentlichungsliste.html HTTP/1.1" 200 129779 "-" "Mozilla/5.0 (compatible; MSIE 10.0; Windows NT 6.1; WOW64; Trident/6.0)"
193.124.191.92 - - [20/Jan/2021:11:10:07 +0100] "HEAD / HTTP/1.1" 200 - "https://dontimes.news" "Mozilla/2.0 (compatible; MSIE3.00; Windows 2008)"
54.36.148.211 - - [20/Jan/2021:11:17:39 +0100] "GET /buecher/rezensionen_nicht_auf_sand_gebaut.html HTTP/1.1" 200 6594 "-" "Mozilla/5.0 (compatible; AhrefsBot/7.0; +http://ahrefs.com/robot/)"
194.67.210.77 - - [20/Jan/2021:11:29:58 +0100] "HEAD / HTTP/1.1" 200 - "https://texoled.com" "Mozilla/2.0 (compatible; MSIE2.00; Windows 2007)"
185.5.249.185 - - [20/Jan/2021:11:40:19 +0100] "HEAD / HTTP/1.1" 200 - "http://znamenitosti.info" "Mozilla/4.0 (compatible; MSIE5.00; Windows 2003)"
5.183.92.236 - - [20/Jan/2021:11:40:29 +0100] "GET / HTTP/1.0" 200 9360 "https://bodrus.com/tam-tranzit/tam_procedura" "Mozilla/5.0 (Windows NT 6.1; Win64; x64) AppleWebKit/537.36 (KHTML, like Gecko) Chrome/83.0.4103.61 Safari/537.36"
185.191.171.21 - - [20/Jan/2021:12:58:51 +0100] "GET /robots.txt HTTP/1.1" 200 100 "-" "Mozilla/5.0 (compatible; SemrushBot/7~bl; +http://www.semrush.com/bot.html)"
185.191.171.4 - - [20/Jan/2021:12:58:52 +0100] "GET /buecher/rezensionen_leiblichkeit_und_zeitlichkeit.html HTTP/1.1" 200 8821 "-" "Mozilla/5.0 (compatible; SemrushBot/7~bl; +http://www.semrush.com/bot.html)"
46.4.83.150 - - [20/Jan/2021:13:09:18 +0100] "GET /sonderthemen/oekt_extra1.pdf HTTP/1.1" 200 1849015 "-" "Mozilla/5.0 (Macintosh; Intel Mac OS X 10.14; rv:82.0) Gecko/20100101 Firefox/82.0"
78.46.90.120 - - [20/Jan/2021:13:09:44 +0100] "GET /sonderthemen/oekt_extra1.pdf HTTP/1.1" 200 1849015 "-" "Mozilla/5.0 (Windows NT 10.0; Win64; x64; rv:84.0) Gecko/20100101 Firefox/84.0"
185.141.64.170 - - [20/Jan/2021:13:23:55 +0100] "GET / HTTP/1.1" 200 9360 "https://www.google.com/" "Mozilla/5.0 (Macintosh; Intel Mac OS X 10.15; rv:84.0) Gecko/20100101 Firefox/84.0"
185.141.64.170 - - [20/Jan/2021:13:23:56 +0100] "GET /main.css HTTP/1.1" 200 1439 "http://www.morusverlag.de/" "Mozilla/5.0 (Macintosh; Intel Mac OS X 10.15; rv:84.0) Gecko/20100101 Firefox/84.0"
185.141.64.170 - - [20/Jan/2021:13:23:56 +0100] "GET /gotteslob.jpg HTTP/1.1" 200 9390 "http://www.morusverlag.de/" "Mozilla/5.0 (Macintosh; Intel Mac OS X 10.15; rv:84.0) Gecko/20100101 Firefox/84.0"
185.141.64.170 - - [20/Jan/2021:13:23:56 +0100] "GET /cds/hymnos_k.jpg HTTP/1.1" 200 4986 "http://www.morusverlag.de/" "Mozilla/5.0 (Macintosh; Intel Mac OS X 10.15; rv:84.0) Gecko/20100101 Firefox/84.0"
185.141.64.170 - - [20/Jan/2021:13:23:56 +0100] "GET /cds/ignatius_k.jpg HTTP/1.1" 200 3965 "http://www.morusverlag.de/" "Mozilla/5.0 (Macintosh; Intel Mac OS X 10.15; rv:84.0) Gecko/20100101 Firefox/84.0"
185.141.64.170 - - [20/Jan/2021:13:23:56 +0100] "GET /cds/astazi_k.jpg HTTP/1.1" 200 6049 "http://www.morusverlag.de/" "Mozilla/5.0 (Macintosh; Intel Mac OS X 10.15; rv:84.0) Gecko/20100101 Firefox/84.0"
185.141.64.170 - - [20/Jan/2021:13:23:56 +0100] "GET /buch_k.jpg HTTP/1.1" 200 4591 "http://www.morusverlag.de/" "Mozilla/5.0 (Macintosh; Intel Mac OS X 10.15; rv:84.0) Gecko/20100101 Firefox/84.0"
185.141.64.170 - - [20/Jan/2021:13:23:56 +0100] "GET /buecher/chateaubriand.jpg HTTP/1.1" 200 2272 "http://www.morusverlag.de/" "Mozilla/5.0 (Macintosh; Intel Mac OS X 10.15; rv:84.0) Gecko/20100101 Firefox/84.0"
185.141.64.170 - - [20/Jan/2021:13:23:56 +0100] "GET /logo_g.gif HTTP/1.1" 200 1301 "http://www.morusverlag.de/" "Mozilla/5.0 (Macintosh; Intel Mac OS X 10.15; rv:84.0) Gecko/20100101 Firefox/84.0"
185.141.64.170 - - [20/Jan/2021:13:23:56 +0100] "GET /mv_g.gif HTTP/1.1" 200 4070 "http://www.morusverlag.de/" "Mozilla/5.0 (Macintosh; Intel Mac OS X 10.15; rv:84.0) Gecko/20100101 Firefox/84.0"
185.141.64.170 - - [20/Jan/2021:13:23:56 +0100] "GET /mv_gr_w.gif HTTP/1.1" 200 2005 "http://www.morusverlag.de/" "Mozilla/5.0 (Macintosh; Intel Mac OS X 10.15; rv:84.0) Gecko/20100101 Firefox/84.0"
185.141.64.170 - - [20/Jan/2021:13:23:56 +0100] "GET /strich.gif HTTP/1.1" 200 45 "http://www.morusverlag.de/" "Mozilla/5.0 (Macintosh; Intel Mac OS X 10.15; rv:84.0) Gecko/20100101 Firefox/84.0"
185.141.64.170 - - [20/Jan/2021:13:23:56 +0100] "GET /jahrbuch_k.jpg HTTP/1.1" 200 3719 "http://www.morusverlag.de/" "Mozilla/5.0 (Macintosh; Intel Mac OS X 10.15; rv:84.0) Gecko/20100101 Firefox/84.0"
185.141.64.170 - - [20/Jan/2021:13:23:56 +0100] "GET /pf.gif HTTP/1.1" 200 62 "http://www.morusverlag.de/" "Mozilla/5.0 (Macintosh; Intel Mac OS X 10.15; rv:84.0) Gecko/20100101 Firefox/84.0"
185.141.64.170 - - [20/Jan/2021:13:23:56 +0100] "GET /buecher/gesichter.jpg HTTP/1.1" 200 7271 "http://www.morusverlag.de/" "Mozilla/5.0 (Macintosh; Intel Mac OS X 10.15; rv:84.0) Gecko/20100101 Firefox/84.0"
185.141.64.170 - - [20/Jan/2021:13:23:56 +0100] "GET /cds/rosarium_k.jpg HTTP/1.1" 200 3972 "http://www.morusverlag.de/" "Mozilla/5.0 (Macintosh; Intel Mac OS X 10.15; rv:84.0) Gecko/20100101 Firefox/84.0"
185.141.64.170 - - [20/Jan/2021:13:23:56 +0100] "GET /buecher/engel.jpg HTTP/1.1" 200 5414 "http://www.morusverlag.de/" "Mozilla/5.0 (Macintosh; Intel Mac OS X 10.15; rv:84.0) Gecko/20100101 Firefox/84.0"
185.141.64.170 - - [20/Jan/2021:13:23:56 +0100] "GET /favicon.ico HTTP/1.1" 200 4286 "http://www.morusverlag.de/" "Mozilla/5.0 (Macintosh; Intel Mac OS X 10.15; rv:84.0) Gecko/20100101 Firefox/84.0"
185.141.64.170 - - [20/Jan/2021:13:24:08 +0100] "POST /search.php HTTP/1.1" 200 2038 "http://www.morusverlag.de/" "Mozilla/5.0 (Macintosh; Intel Mac OS X 10.15; rv:84.0) Gecko/20100101 Firefox/84.0"
185.141.64.170 - - [20/Jan/2021:13:24:08 +0100] "GET /favicon.ico HTTP/1.1" 200 4286 "http://www.morusverlag.de/search.php" "Mozilla/5.0 (Macintosh; Intel Mac OS X 10.15; rv:84.0) Gecko/20100101 Firefox/84.0"
185.141.64.170 - - [20/Jan/2021:13:24:11 +0100] "GET /kontakt/index.html HTTP/1.1" 200 2896 "http://www.morusverlag.de/search.php" "Mozilla/5.0 (Macintosh; Intel Mac OS X 10.15; rv:84.0) Gecko/20100101 Firefox/84.0"
185.141.64.170 - - [20/Jan/2021:13:24:11 +0100] "GET /m.gif HTTP/1.1" 200 95 "http://www.morusverlag.de/kontakt/index.html" "Mozilla/5.0 (Macintosh; Intel Mac OS X 10.15; rv:84.0) Gecko/20100101 Firefox/84.0"
185.141.64.170 - - [20/Jan/2021:13:24:11 +0100] "GET /favicon.ico HTTP/1.1" 200 4286 "http://www.morusverlag.de/kontakt/index.html" "Mozilla/5.0 (Macintosh; Intel Mac OS X 10.15; rv:84.0) Gecko/20100101 Firefox/84.0"
185.141.64.170 - - [20/Jan/2021:14:30:29 +0100] "GET /impressum.html HTTP/1.1" 200 2808 "http://www.morusverlag.de/kontakt/index.html" "Mozilla/5.0 (Macintosh; Intel Mac OS X 10.15; rv:84.0) Gecko/20100101 Firefox/84.0"
185.141.64.170 - - [20/Jan/2021:14:30:30 +0100] "GET /favicon.ico HTTP/1.1" 200 4286 "http://www.morusverlag.de/impressum.html" "Mozilla/5.0 (Macintosh; Intel Mac OS X 10.15; rv:84.0) Gecko/20100101 Firefox/84.0"
95.216.96.243 - - [20/Jan/2021:15:00:51 +0100] "GET /buecher/rezensionen_ignatius.html HTTP/1.1" 200 8182 "http://www.morusverlag.de/cds/ignatius.html" "Mozilla/5.0 (compatible; SEOkicks; +https://www.seokicks.de/robot.html)"
95.216.96.243 - - [20/Jan/2021:15:00:54 +0100] "GET /buecher/rezensionen.html HTTP/1.1" 200 6964 "http://www.morusverlag.de/buecher/rezensionen_chateaubriand.html" "Mozilla/5.0 (compatible; SEOkicks; +https://www.seokicks.de/robot.html)"
95.216.96.243 - - [20/Jan/2021:15:00:56 +0100] "GET /buecher/rezensionen_ungeteilt.html HTTP/1.1" 200 9764 "http://www.morusverlag.de/buecher/rezensionen.html" "Mozilla/5.0 (compatible; SEOkicks; +https://www.seokicks.de/robot.html)"
54.36.148.244 - - [20/Jan/2021:15:47:50 +0100] "GET / HTTP/1.1" 200 9360 "-" "Mozilla/5.0 (compatible; AhrefsBot/7.0; +http://ahrefs.com/robot/)"
185.209.20.147 - - [20/Jan/2021:15:57:23 +0100] "HEAD / HTTP/1.1" 200 - "https://www.tsekhovik.com.ua/pamyatniki/pamyatniki-iz-mramora.html" "Mozilla/4.0 (compatible; MSIE6.00; Windows 2004)"
212.86.109.31 - - [20/Jan/2021:15:57:23 +0100] "HEAD / HTTP/1.1" 200 - "https://gooool365.org" "Mozilla/5.0 (compatible; MSIE7.00; Windows 2003)"
185.203.240.129 - - [20/Jan/2021:15:57:23 +0100] "HEAD / HTTP/1.1" 200 - "https://zelands.ru/tafti-zhrica-guljanie-zhivem-v-kinokartine/" "Mozilla/2.0 (compatible; MSIE5.00; Windows 2003)"
62.138.2.214 - - [20/Jan/2021:17:06:34 +0100] "GET / HTTP/1.1" 200 9360 "-" "Mozilla/5.0 (X11; Linux x86_64; rv:81.0) Gecko/20100101 Firefox/81.0"
5.183.92.236 - - [20/Jan/2021:17:18:10 +0100] "GET / HTTP/1.0" 200 9360 "https://tranzit-rtk.ru/uslugi/" "Mozilla/5.0 (Windows NT 10.0; ) AppleWebKit/537.36 (KHTML, like Gecko) Chrome/83.0.4103.34 Safari/537.36 Edg/83.0.478.25"
62.138.2.214 - - [20/Jan/2021:17:34:44 +0100] "GET /gotteslob/index.html HTTP/1.1" 200 2770 "-" "Mozilla/5.0 (X11; Linux x86_64; rv:81.0) Gecko/20100101 Firefox/81.0"
168.119.69.91 - - [20/Jan/2021:17:47:14 +0100] "GET /buecher/rezensionen_nicht_auf_sand_gebaut.html HTTP/1.1" 200 6594 "-" "Mozilla/5.0 (X11; Ubuntu; Linux x86_64; rv:77.0) Gecko/20100101 Firefox/77.0"
168.119.69.91 - - [20/Jan/2021:17:47:14 +0100] "GET /buecher/ HTTP/1.1" 200 25885 "-" "Mozilla/5.0 (Macintosh; Intel Mac OS X 10_15_6) AppleWebKit/537.36 (KHTML, like Gecko) Chrome/87.0.4280.88 Safari/537.36"
168.119.69.91 - - [20/Jan/2021:17:47:25 +0100] "GET /buecher/ HTTP/1.1" 200 25885 "-" "Mozilla/5.0 (Windows NT 10.0; Win64; x64) AppleWebKit/537.36 (KHTML, like Gecko) Chrome/87.0.4280.67 Safari/537.36"
168.119.69.91 - - [20/Jan/2021:17:47:26 +0100] "GET /buecher/rezensionen_nicht_auf_sand_gebaut.html HTTP/1.1" 200 6594 "-" "Mozilla/5.0 (Macintosh; Intel Mac OS X 10_15_6) AppleWebKit/537.36 (KHTML, like Gecko) Chrome/86.0.4240.198 Safari/537.36"
54.36.148.244 - - [20/Jan/2021:18:10:57 +0100] "GET /buecher/rezensionen_chateaubriand.html HTTP/1.1" 200 47317 "-" "Mozilla/5.0 (compatible; AhrefsBot/7.0; +http://ahrefs.com/robot/)"
85.25.185.196 - - [20/Jan/2021:18:26:13 +0100] "GET /gotteslob.jpg HTTP/1.1" 200 9390 "-" "Mozilla/5.0 (compatible; adscanner/)/1.0 (Mozilla/5.0 (compatible; seoscanners.net/1.0; +spider@seoscanners.net); http://seoscanners.net; spider@seoscanners.net)"
85.25.185.196 - - [20/Jan/2021:18:26:13 +0100] "GET /buecher/engel.jpg HTTP/1.1" 200 5414 "-" "Mozilla/5.0 (compatible; adscanner/)/1.0 (Mozilla/5.0 (compatible; seoscanners.net/1.0; +spider@seoscanners.net); http://seoscanners.net; spider@seoscanners.net)"
85.25.185.196 - - [20/Jan/2021:18:26:13 +0100] "GET /buecher/chateaubriand.jpg HTTP/1.1" 200 2272 "-" "Mozilla/5.0 (compatible; adscanner/)/1.0 (Mozilla/5.0 (compatible; seoscanners.net/1.0; +spider@seoscanners.net); http://seoscanners.net; spider@seoscanners.net)"
85.25.177.219 - - [20/Jan/2021:18:26:13 +0100] "GET /buch_k.jpg HTTP/1.1" 200 4591 "-" "Mozilla/5.0 (compatible; adscanner/)/1.0 (Mozilla/5.0 (compatible; seoscanners.net/1.0; +spider@seoscanners.net); http://seoscanners.net; spider@seoscanners.net)"
85.25.185.103 - - [20/Jan/2021:18:26:13 +0100] "GET /buecher/gesichter.jpg HTTP/1.1" 200 7271 "-" "Mozilla/5.0 (compatible; adscanner/)/1.0 (Mozilla/5.0 (compatible; seoscanners.net/1.0; +spider@seoscanners.net); http://seoscanners.net; spider@seoscanners.net)"
85.25.177.139 - - [20/Jan/2021:18:26:13 +0100] "GET /logo_g.gif HTTP/1.1" 200 1301 "-" "Mozilla/5.0 (compatible; adscanner/)/1.0 (Mozilla/5.0 (compatible; seoscanners.net/1.0; +spider@seoscanners.net); http://seoscanners.net; spider@seoscanners.net)"
85.25.177.139 - - [20/Jan/2021:18:26:13 +0100] "GET /pf.gif HTTP/1.1" 200 62 "-" "Mozilla/5.0 (compatible; adscanner/)/1.0 (Mozilla/5.0 (compatible; seoscanners.net/1.0; +spider@seoscanners.net); http://seoscanners.net; spider@seoscanners.net)"
85.25.177.187 - - [20/Jan/2021:18:26:13 +0100] "GET /mv_g.gif HTTP/1.1" 200 4070 "-" "Mozilla/5.0 (compatible; adscanner/)/1.0 (Mozilla/5.0 (compatible; seoscanners.net/1.0; +spider@seoscanners.net); http://seoscanners.net; spider@seoscanners.net)"
62.138.2.160 - - [20/Jan/2021:18:26:13 +0100] "GET /cds/ignatius_k.jpg HTTP/1.1" 200 3965 "-" "Mozilla/5.0 (compatible; adscanner/)/1.0 (Mozilla/5.0 (compatible; seoscanners.net/1.0; +spider@seoscanners.net); http://seoscanners.net; spider@seoscanners.net)"
62.138.2.160 - - [20/Jan/2021:18:26:13 +0100] "GET /cds/hymnos_k.jpg HTTP/1.1" 200 4986 "-" "Mozilla/5.0 (compatible; adscanner/)/1.0 (Mozilla/5.0 (compatible; seoscanners.net/1.0; +spider@seoscanners.net); http://seoscanners.net; spider@seoscanners.net)"
85.25.185.196 - - [20/Jan/2021:18:26:13 +0100] "GET /cds/astazi_k.jpg HTTP/1.1" 200 6049 "-" "Mozilla/5.0 (compatible; adscanner/)/1.0 (Mozilla/5.0 (compatible; seoscanners.net/1.0; +spider@seoscanners.net); http://seoscanners.net; spider@seoscanners.net)"
85.25.185.103 - - [20/Jan/2021:18:26:14 +0100] "GET /mv_gr_w.gif HTTP/1.1" 200 2005 "-" "Mozilla/5.0 (compatible; adscanner/)/1.0 (Mozilla/5.0 (compatible; seoscanners.net/1.0; +spider@seoscanners.net); http://seoscanners.net; spider@seoscanners.net)"
85.25.185.103 - - [20/Jan/2021:18:26:14 +0100] "GET /jahrbuch_k.jpg HTTP/1.1" 200 3719 "-" "Mozilla/5.0 (compatible; adscanner/)/1.0 (Mozilla/5.0 (compatible; seoscanners.net/1.0; +spider@seoscanners.net); http://seoscanners.net; spider@seoscanners.net)"
85.25.185.103 - - [20/Jan/2021:18:26:15 +0100] "GET /cds/rosarium_k.jpg HTTP/1.1" 200 3972 "-" "Mozilla/5.0 (compatible; adscanner/)/1.0 (Mozilla/5.0 (compatible; seoscanners.net/1.0; +spider@seoscanners.net); http://seoscanners.net; spider@seoscanners.net)"
62.138.2.214 - - [20/Jan/2021:18:39:19 +0100] "GET /robots.txt HTTP/1.1" 200 100 "-" "Mozilla/5.0 (X11; Linux x86_64; rv:81.0) Gecko/20100101 Firefox/81.0"
62.138.2.214 - - [20/Jan/2021:18:39:20 +0100] "GET /cds/index.html HTTP/1.1" 200 7987 "-" "Mozilla/5.0 (X11; Linux x86_64; rv:81.0) Gecko/20100101 Firefox/81.0"
62.138.2.214 - - [20/Jan/2021:18:57:48 +0100] "GET /cds/ignatius.html HTTP/1.1" 200 6576 "-" "Mozilla/5.0 (X11; Linux x86_64; rv:81.0) Gecko/20100101 Firefox/81.0"
78.46.94.83 - - [20/Jan/2021:19:20:26 +0100] "GET /buecher/index.html HTTP/1.1" 200 25885 "-" "Mozilla/5.0 (Windows NT 10.0; Win64; x64) AppleWebKit/537.36 (KHTML, like Gecko) Chrome/86.0.4240.198 Safari/537.36 OPR/72.0.3815.400"
144.76.102.243 - - [20/Jan/2021:19:20:41 +0100] "GET /buecher/index.html HTTP/1.1" 200 25885 "-" "Mozilla/5.0 (Macintosh; Intel Mac OS X 10_15_6) AppleWebKit/605.1.15 (KHTML, like Gecko) Version/13.1.2 Safari/605.1.15"
78.46.94.83 - - [20/Jan/2021:19:20:56 +0100] "GET /buecher/index.html HTTP/1.1" 200 25885 "-" "Mozilla/5.0 (Windows NT 10.0; Win64; x64) AppleWebKit/537.36 (KHTML, like Gecko) Chrome/87.0.4280.66 Safari/537.36"
62.138.2.214 - - [20/Jan/2021:19:45:26 +0100] "GET /buecher/index.html HTTP/1.1" 200 25885 "-" "Mozilla/5.0 (X11; Linux x86_64; rv:81.0) Gecko/20100101 Firefox/81.0"
17.58.96.106 - - [20/Jan/2021:19:55:58 +0100] "GET /robots.txt HTTP/1.1" 200 100 "-" "Mozilla/5.0 (Macintosh; Intel Mac OS X 10_15_5) AppleWebKit/605.1.15 (KHTML, like Gecko) Version/13.1.1 Safari/605.1.15 (Applebot/0.1; +http://www.apple.com/go/applebot)"
17.58.96.106 - - [20/Jan/2021:19:55:58 +0100] "GET /buecher/schenuit.jpg HTTP/1.1" 200 2024 "-" "Mozilla/5.0 (Macintosh; Intel Mac OS X 10_15_5) AppleWebKit/605.1.15 (KHTML, like Gecko) Version/13.1.1 Safari/605.1.15 (Applebot/0.1; +http://www.apple.com/go/applebot)"
62.138.2.214 - - [20/Jan/2021:20:07:50 +0100] "GET /buecher/rezensionen_chateaubriand.html HTTP/1.1" 200 47317 "-" "Mozilla/5.0 (X11; Linux x86_64; rv:81.0) Gecko/20100101 Firefox/81.0"
157.55.39.199 - - [20/Jan/2021:20:28:28 +0100] "GET /sonderthemen/sk2004.pdf HTTP/1.1" 304 - "-" "Mozilla/5.0 (compatible; bingbot/2.0; +http://www.bing.com/bingbot.htm)"
