216.18.204.198 - - [13/Jan/2021:11:45:15 +0100] "GET /buecher/bestellung.php HTTP/1.1" 200 10142 "http://www.morusverlag.de/" "Mozilla/5.0 (compatible; Adsbot/3.1)"
216.18.204.198 - - [13/Jan/2021:11:45:22 +0100] "GET /cds/glockenspiel1.html HTTP/1.1" 200 9736 "http://www.morusverlag.de/" "Mozilla/5.0 (compatible; Adsbot/3.1)"
216.18.204.198 - - [13/Jan/2021:11:45:33 +0100] "GET /cds/glockenspiel2.html HTTP/1.1" 200 9831 "http://www.morusverlag.de/" "Mozilla/5.0 (compatible; Adsbot/3.1)"
216.18.204.198 - - [13/Jan/2021:11:45:42 +0100] "GET /buecher/diskussion.html HTTP/1.1" 200 9925 "http://www.morusverlag.de/" "Mozilla/5.0 (compatible; Adsbot/3.1)"
216.18.204.198 - - [13/Jan/2021:11:45:55 +0100] "GET /jahrbuch/bestellung.php HTTP/1.1" 200 10316 "http://www.morusverlag.de/" "Mozilla/5.0 (compatible; Adsbot/3.1)"
216.18.204.198 - - [13/Jan/2021:11:46:08 +0100] "GET /buecher/rezensionen.html HTTP/1.1" 200 6964 "http://www.morusverlag.de/" "Mozilla/5.0 (compatible; Adsbot/3.1)"
216.18.204.198 - - [13/Jan/2021:11:46:15 +0100] "GET /sonderthemen/archiv.html HTTP/1.1" 200 6959 "http://www.morusverlag.de/" "Mozilla/5.0 (compatible; Adsbot/3.1)"
216.18.204.198 - - [13/Jan/2021:11:46:23 +0100] "GET /sonderthemen/presse.html HTTP/1.1" 200 5772 "http://www.morusverlag.de/" "Mozilla/5.0 (compatible; Adsbot/3.1)"
216.18.204.198 - - [13/Jan/2021:11:46:30 +0100] "GET /buecher/rezensionen_engel.html HTTP/1.1" 200 6598 "http://www.morusverlag.de/" "Mozilla/5.0 (compatible; Adsbot/3.1)"
216.18.204.198 - - [13/Jan/2021:11:46:38 +0100] "GET /jahrbuch/titelseiten/index.html HTTP/1.1" 200 6735 "http://www.morusverlag.de/" "Mozilla/5.0 (compatible; Adsbot/3.1)"
216.18.204.198 - - [13/Jan/2021:11:46:45 +0100] "GET /buecher/rezensionen_psalmen.html HTTP/1.1" 200 6787 "http://www.morusverlag.de/" "Mozilla/5.0 (compatible; Adsbot/3.1)"
216.18.204.198 - - [13/Jan/2021:11:46:51 +0100] "GET /buecher/rezensionen_ignatius.html HTTP/1.1" 200 8182 "http://www.morusverlag.de/" "Mozilla/5.0 (compatible; Adsbot/3.1)"
216.18.204.198 - - [13/Jan/2021:11:46:58 +0100] "GET /buecher/rezensionen_preysing.html HTTP/1.1" 200 9502 "http://www.morusverlag.de/" "Mozilla/5.0 (compatible; Adsbot/3.1)"
216.18.204.198 - - [13/Jan/2021:11:47:04 +0100] "GET /buecher/rezensionen_le_saulchoir.html HTTP/1.1" 200 34009 "http://www.morusverlag.de/" "Mozilla/5.0 (compatible; Adsbot/3.1)"
216.18.204.198 - - [13/Jan/2021:11:47:14 +0100] "GET /buecher/rezensionen_krise_zum_heil.html HTTP/1.1" 200 9828 "http://www.morusverlag.de/" "Mozilla/5.0 (compatible; Adsbot/3.1)"
216.18.204.198 - - [13/Jan/2021:11:47:21 +0100] "GET /buecher/rezensionen_nicht_auf_sand_gebaut.html HTTP/1.1" 200 6594 "http://www.morusverlag.de/" "Mozilla/5.0 (compatible; Adsbot/3.1)"
216.18.204.198 - - [13/Jan/2021:11:47:31 +0100] "GET /buecher/rezensionen_leiblichkeit_und_zeitlichkeit.html HTTP/1.1" 200 8821 "http://www.morusverlag.de/" "Mozilla/5.0 (compatible; Adsbot/3.1)"
88.198.90.9 - - [13/Jan/2021:12:01:46 +0100] "GET /sonderthemen/sk2002.pdf HTTP/1.1" 200 2628923 "-" "Mozilla/5.0 (Windows NT 6.1; Win64; x64) AppleWebKit/537.36 (KHTML, like Gecko) Chrome/87.0.4280.66 Safari/537.36"
193.124.188.83 - - [13/Jan/2021:12:37:21 +0100] "HEAD / HTTP/1.1" 200 - "https://yandex.ru/search/?text=%D0%B7%D0%B0%D0%B9%D0%BC%20%D0%BE%D0%BD%D0%BB%D0%B0%D0%B9%D0%BD&lr=1&site=zaym-onlayn24.ru" "Mozilla/5.0 (compatible; MSIE7.00; Windows 2005)"
42.236.102.157 - - [13/Jan/2021:12:38:39 +0100] "GET / HTTP/1.1" 200 9360 "http://www.morusverlag.de/" "Mozilla/5.0 (Windows NT 6.1; WOW64) AppleWebKit/537.36 (KHTML, like Gecko) Chrome/50.4.2661.102 Safari/537.36; 360Spider"
157.55.39.205 - - [13/Jan/2021:12:51:28 +0100] "GET /buecher/gesichter/28.jpg HTTP/1.1" 200 7684 "-" "Mozilla/5.0 (compatible; bingbot/2.0; +http://www.bing.com/bingbot.htm)"
62.210.149.60 - - [13/Jan/2021:12:56:12 +0100] "GET /robots.txt HTTP/1.1" 200 100 "-" "Mozilla/5.0 (compatible; Barkrowler/0.9; +https://babbar.tech/crawler)"
62.210.149.60 - - [13/Jan/2021:12:56:21 +0100] "GET /sonderthemen/presse.html HTTP/1.1" 200 5772 "-" "Mozilla/5.0 (compatible; Barkrowler/0.9; +https://babbar.tech/crawler)"
62.210.149.60 - - [13/Jan/2021:12:56:30 +0100] "GET /buecher/rezensionen.html HTTP/1.1" 200 6964 "-" "Mozilla/5.0 (compatible; Barkrowler/0.9; +https://babbar.tech/crawler)"
62.210.149.60 - - [13/Jan/2021:12:56:39 +0100] "GET /buecher/diskussion.html HTTP/1.1" 200 9925 "-" "Mozilla/5.0 (compatible; Barkrowler/0.9; +https://babbar.tech/crawler)"
62.210.149.60 - - [13/Jan/2021:12:56:53 +0100] "GET /cds/astazi.html HTTP/1.1" 200 8453 "-" "Mozilla/5.0 (compatible; Barkrowler/0.9; +https://babbar.tech/crawler)"
62.210.149.60 - - [13/Jan/2021:12:57:02 +0100] "GET /jahrbuch/bestellung.php HTTP/1.1" 200 10316 "-" "Mozilla/5.0 (compatible; Barkrowler/0.9; +https://babbar.tech/crawler)"
62.210.149.60 - - [13/Jan/2021:12:57:11 +0100] "GET /cds/rosarium.html HTTP/1.1" 200 6680 "-" "Mozilla/5.0 (compatible; Barkrowler/0.9; +https://babbar.tech/crawler)"
62.210.149.60 - - [13/Jan/2021:12:57:20 +0100] "GET /gotteslob/index.html HTTP/1.1" 200 2770 "-" "Mozilla/5.0 (compatible; Barkrowler/0.9; +https://babbar.tech/crawler)"
62.210.149.60 - - [13/Jan/2021:12:57:29 +0100] "GET /buecher/rezensionen_engel.html HTTP/1.1" 200 6598 "-" "Mozilla/5.0 (compatible; Barkrowler/0.9; +https://babbar.tech/crawler)"
62.210.149.60 - - [13/Jan/2021:12:57:38 +0100] "GET /cds/glockenspiel2.html HTTP/1.1" 200 9831 "-" "Mozilla/5.0 (compatible; Barkrowler/0.9; +https://babbar.tech/crawler)"
62.210.149.60 - - [13/Jan/2021:12:57:47 +0100] "GET /cds/glockenspiel1.html HTTP/1.1" 200 9736 "-" "Mozilla/5.0 (compatible; Barkrowler/0.9; +https://babbar.tech/crawler)"
62.210.149.60 - - [13/Jan/2021:12:57:56 +0100] "GET /jahrbuch/titelseiten/index.html HTTP/1.1" 200 6735 "-" "Mozilla/5.0 (compatible; Barkrowler/0.9; +https://babbar.tech/crawler)"
185.5.249.185 - - [13/Jan/2021:13:04:07 +0100] "HEAD / HTTP/1.1" 200 - "https://dlpsoftware.ru/" "Mozilla/6.0 (compatible; MSIE6.00; Windows 2003)"
54.36.148.190 - - [13/Jan/2021:13:06:40 +0100] "GET /robots.txt HTTP/1.1" 200 100 "-" "Mozilla/5.0 (compatible; AhrefsBot/6.1; +http://ahrefs.com/robot/)"
54.36.148.249 - - [13/Jan/2021:13:06:40 +0100] "GET /index.html HTTP/1.1" 200 9360 "-" "Mozilla/5.0 (compatible; AhrefsBot/7.0; +http://ahrefs.com/robot/)"
78.46.90.120 - - [13/Jan/2021:13:15:48 +0100] "GET /sonderthemen/oekz2003.pdf HTTP/1.1" 200 4017017 "-" "Mozilla/5.0 (Macintosh; Intel Mac OS X 10_15_7) AppleWebKit/537.36 (KHTML, like Gecko) Chrome/87.0.4280.88 Safari/537.36"
78.46.94.83 - - [13/Jan/2021:13:58:22 +0100] "GET /sonderthemen/oekt_extra3.pdf HTTP/1.1" 200 2109745 "-" "Mozilla/5.0 (Macintosh; Intel Mac OS X 10_15_4) AppleWebKit/605.1.15 (KHTML, like Gecko) Version/13.1 Safari/605.1.15"
40.77.167.12 - - [13/Jan/2021:14:13:51 +0100] "GET /contentflow/contentflow.js HTTP/1.1" 200 42064 "-" "Mozilla/5.0 (compatible; bingbot/2.0; +http://www.bing.com/bingbot.htm)"
157.55.39.162 - - [13/Jan/2021:14:13:56 +0100] "GET /robots.txt HTTP/1.1" 200 100 "-" "Mozilla/5.0 (compatible; bingbot/2.0; +http://www.bing.com/bingbot.htm)"
13.66.139.18 - - [13/Jan/2021:14:37:08 +0100] "GET /sitemap.txt HTTP/1.1" 404 2381 "-" "Mozilla/5.0 (compatible; bingbot/2.0; +http://www.bing.com/bingbot.htm)"
216.18.204.198 - - [13/Jan/2021:15:01:03 +0100] "GET /buecher/ HTTP/1.1" 200 25885 "http://www.morusverlag.de/" "Mozilla/5.0 (compatible; Adsbot/3.1)"
216.18.204.198 - - [13/Jan/2021:15:01:16 +0100] "GET /buecher/rezensionen_ungeteilt.html HTTP/1.1" 200 9764 "http://www.morusverlag.de/" "Mozilla/5.0 (compatible; Adsbot/3.1)"
40.77.167.12 - - [13/Jan/2021:15:15:17 +0100] "GET /contentflow/contentflow.js HTTP/1.1" 200 42064 "-" "Mozilla/5.0 (compatible; bingbot/2.0; +http://www.bing.com/bingbot.htm)"
66.249.68.41 - - [13/Jan/2021:16:03:00 +0100] "GET /cds/glockenspiel1.html HTTP/1.1" 304 - "-" "Mozilla/5.0 (Linux; Android 6.0.1; Nexus 5X Build/MMB29P) AppleWebKit/537.36 (KHTML, like Gecko) Chrome/87.0.4280.90 Mobile Safari/537.36 (compatible; Googlebot/2.1; +http://www.google.com/bot.html)"
13.66.139.18 - - [13/Jan/2021:16:23:38 +0100] "GET /buecher/rezensionen_krise_zum_heil.html HTTP/1.1" 200 9828 "-" "Mozilla/5.0 (compatible; bingbot/2.0; +http://www.bing.com/bingbot.htm)"
62.138.2.214 - - [13/Jan/2021:17:46:30 +0100] "GET / HTTP/1.1" 200 9360 "-" "Mozilla/5.0 (X11; Linux x86_64; rv:81.0) Gecko/20100101 Firefox/81.0"
216.244.66.237 - - [13/Jan/2021:18:03:02 +0100] "GET /robots.txt HTTP/1.1" 200 100 "-" "Mozilla/5.0 (compatible; DotBot/1.1; http://www.opensiteexplorer.org/dotbot, help@moz.com)"
216.244.66.237 - - [13/Jan/2021:18:11:58 +0100] "GET /sonderthemen/archiv.html HTTP/1.1" 200 6959 "-" "Mozilla/5.0 (compatible; DotBot/1.1; http://www.opensiteexplorer.org/dotbot, help@moz.com)"
185.138.241.128 - - [13/Jan/2021:18:44:42 +0100] "GET /robots.txt HTTP/1.1" 200 100 "-" "Mozilla/5.0 (Windows NT 6.1; WOW64; rv:54.0) Gecko/20100101 Firefox/73.0"
185.138.241.128 - - [13/Jan/2021:18:45:13 +0100] "GET / HTTP/1.1" 200 9360 "-" "Mozilla/5.0 (Windows NT 6.1; WOW64; rv:54.0) Gecko/20100101 Firefox/73.0"
185.138.241.128 - - [13/Jan/2021:18:45:33 +0100] "GET / HTTP/1.1" 200 9360 "-" "Mozilla/5.0 (Windows NT 6.1; WOW64; rv:54.0) Gecko/20100101 Firefox/73.0"
185.138.241.128 - - [13/Jan/2021:18:45:38 +0100] "GET /sonderthemen/index.html HTTP/1.1" 200 7102 "-" "Mozilla/5.0 (Windows NT 6.1; WOW64; rv:54.0) Gecko/20100101 Firefox/73.0"
185.138.241.128 - - [13/Jan/2021:18:45:44 +0100] "GET /cds/index.html HTTP/1.1" 200 7987 "-" "Mozilla/5.0 (Windows NT 6.1; WOW64; rv:54.0) Gecko/20100101 Firefox/73.0"
185.138.241.128 - - [13/Jan/2021:18:45:49 +0100] "GET /cds/rosarium.html HTTP/1.1" 200 6680 "-" "Mozilla/5.0 (Windows NT 6.1; WOW64; rv:54.0) Gecko/20100101 Firefox/73.0"
185.138.241.128 - - [13/Jan/2021:18:45:54 +0100] "GET /jahrbuch/index.html HTTP/1.1" 200 3956 "-" "Mozilla/5.0 (Windows NT 6.1; WOW64; rv:54.0) Gecko/20100101 Firefox/73.0"
185.138.241.128 - - [13/Jan/2021:18:45:59 +0100] "GET /cds/ignatius.html HTTP/1.1" 200 6576 "-" "Mozilla/5.0 (Windows NT 6.1; WOW64; rv:54.0) Gecko/20100101 Firefox/73.0"
185.138.241.128 - - [13/Jan/2021:18:46:04 +0100] "GET /buecher/index.html HTTP/1.1" 200 25885 "-" "Mozilla/5.0 (Windows NT 6.1; WOW64; rv:54.0) Gecko/20100101 Firefox/73.0"
185.138.241.128 - - [13/Jan/2021:18:46:09 +0100] "GET /buecher/veroeffentlichungsliste.html HTTP/1.1" 200 129779 "-" "Mozilla/5.0 (Windows NT 6.1; WOW64; rv:54.0) Gecko/20100101 Firefox/73.0"
185.138.241.128 - - [13/Jan/2021:18:46:14 +0100] "GET /kontakt/index.html HTTP/1.1" 200 2896 "-" "Mozilla/5.0 (Windows NT 6.1; WOW64; rv:54.0) Gecko/20100101 Firefox/73.0"
185.138.241.128 - - [13/Jan/2021:18:46:20 +0100] "GET /impressum.html HTTP/1.1" 200 2808 "-" "Mozilla/5.0 (Windows NT 6.1; WOW64; rv:54.0) Gecko/20100101 Firefox/73.0"
185.138.241.128 - - [13/Jan/2021:18:46:25 +0100] "GET /cds/hymnos_akathistos.html HTTP/1.1" 200 11061 "-" "Mozilla/5.0 (Windows NT 6.1; WOW64; rv:54.0) Gecko/20100101 Firefox/73.0"
185.138.241.128 - - [13/Jan/2021:18:46:30 +0100] "GET /buecher/rezensionen_chateaubriand.html HTTP/1.1" 200 47317 "-" "Mozilla/5.0 (Windows NT 6.1; WOW64; rv:54.0) Gecko/20100101 Firefox/73.0"
185.138.241.128 - - [13/Jan/2021:18:46:35 +0100] "GET /gotteslob/index.html HTTP/1.1" 200 2770 "-" "Mozilla/5.0 (Windows NT 6.1; WOW64; rv:54.0) Gecko/20100101 Firefox/73.0"
185.203.240.129 - - [13/Jan/2021:19:07:26 +0100] "HEAD / HTTP/1.1" 200 - "http://firstsmi.ru/" "Mozilla/6.0 (compatible; MSIE3.00; Windows 2009)"
77.220.215.153 - - [13/Jan/2021:19:07:26 +0100] "HEAD / HTTP/1.1" 200 - "http://dab-info.ru/" "Mozilla/6.0 (compatible; MSIE7.00; Windows 2009)"
212.86.109.31 - - [13/Jan/2021:19:07:26 +0100] "HEAD / HTTP/1.1" 200 - "https://pipeplast.com.ua/" "Mozilla/4.0 (compatible; MSIE6.00; Windows 2006)"
85.209.89.205 - - [13/Jan/2021:19:11:06 +0100] "HEAD / HTTP/1.1" 200 - "https://centraltv.net/" "Mozilla/4.0 (compatible; MSIE3.00; Windows 2005)"
85.209.89.217 - - [13/Jan/2021:19:11:06 +0100] "HEAD / HTTP/1.1" 200 - "https://piteika.com/" "Mozilla/5.0 (compatible; MSIE2.00; Windows 2008)"
85.209.89.224 - - [13/Jan/2021:19:13:49 +0100] "HEAD / HTTP/1.1" 200 - "http://teledays.net/" "Mozilla/2.0 (compatible; MSIE3.00; Windows 2004)"
85.209.89.241 - - [13/Jan/2021:19:16:15 +0100] "HEAD / HTTP/1.1" 200 - "https://inspina.ru/" "Mozilla/2.0 (compatible; MSIE4.00; Windows 2004)"
62.138.2.214 - - [13/Jan/2021:19:51:31 +0100] "GET /buecher/index.html HTTP/1.1" 200 25885 "-" "Mozilla/5.0 (X11; Linux x86_64; rv:81.0) Gecko/20100101 Firefox/81.0"
118.24.14.106 - - [13/Jan/2021:20:07:17 +0100] "GET /wp-login.php HTTP/1.1" 404 2381 "-" "Apache-HttpClient/4.5.2 (Java/1.8.0_151)"
118.24.14.106 - - [13/Jan/2021:20:07:17 +0100] "GET /?author=1 HTTP/1.1" 200 9360 "-" "Apache-HttpClient/4.5.2 (Java/1.8.0_151)"
118.24.14.106 - - [13/Jan/2021:20:07:18 +0100] "GET /?author=2 HTTP/1.1" 200 9360 "-" "Apache-HttpClient/4.5.2 (Java/1.8.0_151)"
118.24.14.106 - - [13/Jan/2021:20:07:19 +0100] "GET /?author=3 HTTP/1.1" 200 9360 "-" "Apache-HttpClient/4.5.2 (Java/1.8.0_151)"
118.24.14.106 - - [13/Jan/2021:20:07:19 +0100] "GET /?author=4 HTTP/1.1" 200 9360 "-" "Apache-HttpClient/4.5.2 (Java/1.8.0_151)"
118.24.14.106 - - [13/Jan/2021:20:07:20 +0100] "GET /?author=5 HTTP/1.1" 200 9360 "-" "Apache-HttpClient/4.5.2 (Java/1.8.0_151)"
118.24.14.106 - - [13/Jan/2021:20:07:22 +0100] "GET /?author=6 HTTP/1.1" 200 9360 "-" "Apache-HttpClient/4.5.2 (Java/1.8.0_151)"
118.24.14.106 - - [13/Jan/2021:20:07:24 +0100] "GET /?author=7 HTTP/1.1" 200 9360 "-" "Apache-HttpClient/4.5.2 (Java/1.8.0_151)"
118.24.14.106 - - [13/Jan/2021:20:07:25 +0100] "GET /?author=8 HTTP/1.1" 200 9360 "-" "Apache-HttpClient/4.5.2 (Java/1.8.0_151)"
118.24.14.106 - - [13/Jan/2021:20:07:26 +0100] "GET /?author=9 HTTP/1.1" 200 9360 "-" "Apache-HttpClient/4.5.2 (Java/1.8.0_151)"
118.24.14.106 - - [13/Jan/2021:20:07:28 +0100] "GET /?author=10 HTTP/1.1" 200 9360 "-" "Apache-HttpClient/4.5.2 (Java/1.8.0_151)"
118.24.14.106 - - [13/Jan/2021:20:07:30 +0100] "GET /?author=11 HTTP/1.1" 200 9360 "-" "Apache-HttpClient/4.5.2 (Java/1.8.0_151)"
118.24.14.106 - - [13/Jan/2021:20:07:31 +0100] "GET /?author=12 HTTP/1.1" 200 9360 "-" "Apache-HttpClient/4.5.2 (Java/1.8.0_151)"
118.24.14.106 - - [13/Jan/2021:20:07:34 +0100] "GET /?author=13 HTTP/1.1" 200 9360 "-" "Apache-HttpClient/4.5.2 (Java/1.8.0_151)"
118.24.14.106 - - [13/Jan/2021:20:07:37 +0100] "GET /?author=14 HTTP/1.1" 200 9360 "-" "Apache-HttpClient/4.5.2 (Java/1.8.0_151)"
118.24.14.106 - - [13/Jan/2021:20:07:40 +0100] "GET /?author=15 HTTP/1.1" 200 9360 "-" "Apache-HttpClient/4.5.2 (Java/1.8.0_151)"
118.24.14.106 - - [13/Jan/2021:20:07:43 +0100] "GET /?author=16 HTTP/1.1" 200 9360 "-" "Apache-HttpClient/4.5.2 (Java/1.8.0_151)"
118.24.14.106 - - [13/Jan/2021:20:07:45 +0100] "GET /?author=17 HTTP/1.1" 200 9360 "-" "Apache-HttpClient/4.5.2 (Java/1.8.0_151)"
118.24.14.106 - - [13/Jan/2021:20:07:46 +0100] "GET /?author=18 HTTP/1.1" 200 9360 "-" "Apache-HttpClient/4.5.2 (Java/1.8.0_151)"
118.24.14.106 - - [13/Jan/2021:20:07:48 +0100] "GET /?author=19 HTTP/1.1" 200 9360 "-" "Apache-HttpClient/4.5.2 (Java/1.8.0_151)"
118.24.14.106 - - [13/Jan/2021:20:07:49 +0100] "GET /?author=20 HTTP/1.1" 200 9360 "-" "Apache-HttpClient/4.5.2 (Java/1.8.0_151)"
62.138.2.214 - - [13/Jan/2021:20:21:26 +0100] "GET /buecher/veroeffentlichungsliste.html HTTP/1.1" 200 129779 "-" "Mozilla/5.0 (X11; Linux x86_64; rv:81.0) Gecko/20100101 Firefox/81.0"
45.132.107.248 - - [13/Jan/2021:20:30:22 +0100] "HEAD / HTTP/1.1" 200 - "https://lodki-pvh.com.ua/" "Mozilla/8.0 (compatible; MSIE6.00; Windows 2009)"
185.224.132.45 - - [13/Jan/2021:20:30:22 +0100] "HEAD / HTTP/1.1" 200 - "https://bymosque.ru/" "Mozilla/5.0 (compatible; MSIE7.00; Windows 2004)"
185.241.52.68 - - [13/Jan/2021:20:30:22 +0100] "HEAD / HTTP/1.1" 200 - "https://priliv.com.ua/" "Mozilla/5.0 (compatible; MSIE3.00; Windows 2009)"
194.67.210.77 - - [13/Jan/2021:20:35:50 +0100] "HEAD / HTTP/1.1" 200 - "https://gidroprochistka52.ru/" "Mozilla/6.0 (compatible; MSIE5.00; Windows 2008)"
185.125.219.13 - - [13/Jan/2021:20:39:13 +0100] "HEAD / HTTP/1.1" 200 - "https://rg-gaming.ru/" "Mozilla/3.0 (compatible; MSIE2.00; Windows 2003)"
194.67.207.9 - - [13/Jan/2021:20:39:13 +0100] "HEAD / HTTP/1.1" 200 - "https://hololenses.ru/" "Mozilla/4.0 (compatible; MSIE6.00; Windows 2006)"
194.67.207.94 - - [13/Jan/2021:20:39:13 +0100] "HEAD / HTTP/1.1" 200 - "https://vyrashhivanie-iz-semyan.ru/" "Mozilla/7.0 (compatible; MSIE2.00; Windows 2006)"
85.209.89.216 - - [13/Jan/2021:20:39:44 +0100] "HEAD / HTTP/1.1" 200 - "https://thezabor.ru/" "Mozilla/5.0 (compatible; MSIE7.00; Windows 2004)"
185.209.20.147 - - [13/Jan/2021:20:51:34 +0100] "HEAD / HTTP/1.1" 200 - "https://news54.ru/" "Mozilla/4.0 (compatible; MSIE6.00; Windows 2003)"
3.8.167.71 - - [13/Jan/2021:20:54:14 +0100] "GET /cds/hymnos_akathistos.html HTTP/1.1" 200 11061 "http://www.morusverlag.de/cds/hymnos_akathistos.html" "Mozilla/5.0 (Windows; U; Windows NT 5.1; pt-PT; rv:1.9.1.2) Gecko/20090729 Firefox/3.5.2 (.NET CLR 3.5.30729)"
40.114.177.61 - - [13/Jan/2021:20:56:10 +0100] "GET /buecher/gesichter/25.jpg HTTP/1.1" 200 7280 "-" "DuckDuckBot/1.1; (+http://duckduckgo.com/duckduckbot.html)"
62.138.2.214 - - [13/Jan/2021:20:57:47 +0100] "GET /robots.txt HTTP/1.1" 200 100 "-" "Mozilla/5.0 (X11; Linux x86_64; rv:81.0) Gecko/20100101 Firefox/81.0"
62.138.2.214 - - [13/Jan/2021:20:57:47 +0100] "GET /buecher/rezensionen_chateaubriand.html HTTP/1.1" 200 47317 "-" "Mozilla/5.0 (X11; Linux x86_64; rv:81.0) Gecko/20100101 Firefox/81.0"
94.130.18.160 - - [13/Jan/2021:21:14:59 +0100] "GET /robots.txt HTTP/1.1" 200 100 "-" "Mozilla/5.0 (compatible; BLEXBot/1.0; +http://webmeup-crawler.com/)"
94.130.18.160 - - [13/Jan/2021:21:14:59 +0100] "GET / HTTP/1.1" 200 9360 "-" "Mozilla/5.0 (compatible; BLEXBot/1.0; +http://webmeup-crawler.com/)"
40.77.167.66 - - [13/Jan/2021:21:23:26 +0100] "GET /cds/astazi.html HTTP/1.1" 304 - "-" "Mozilla/5.0 (compatible; bingbot/2.0; +http://www.bing.com/bingbot.htm)"
114.119.150.33 - - [13/Jan/2021:21:27:13 +0100] "GET /robots.txt HTTP/1.1" 200 100 "-" "(compatible;PetalBot;+https://aspiegel.com/petalbot)"
62.138.2.214 - - [13/Jan/2021:21:35:16 +0100] "GET /gotteslob/index.html HTTP/1.1" 200 2770 "-" "Mozilla/5.0 (X11; Linux x86_64; rv:81.0) Gecko/20100101 Firefox/81.0"
116.202.58.52 - - [13/Jan/2021:22:21:46 +0100] "GET / HTTP/1.1" 200 9360 "-" "crawler_eb_germany_2.0"
116.202.58.52 - - [13/Jan/2021:22:21:49 +0100] "GET /buecher/index.html HTTP/1.1" 200 25885 "-" "crawler_eb_germany_2.0"
116.202.58.52 - - [13/Jan/2021:22:21:51 +0100] "GET /cds/index.html HTTP/1.1" 200 7987 "-" "crawler_eb_germany_2.0"
116.202.58.52 - - [13/Jan/2021:22:21:52 +0100] "GET /gotteslob/index.html HTTP/1.1" 200 2770 "-" "crawler_eb_germany_2.0"
116.202.58.52 - - [13/Jan/2021:22:21:55 +0100] "GET /jahrbuch/index.html HTTP/1.1" 200 3956 "-" "crawler_eb_germany_2.0"
116.202.58.52 - - [13/Jan/2021:22:21:58 +0100] "GET /sonderthemen/index.html HTTP/1.1" 200 7102 "-" "crawler_eb_germany_2.0"
116.202.58.52 - - [13/Jan/2021:22:21:59 +0100] "GET /kontakt/index.html HTTP/1.1" 200 2896 "-" "crawler_eb_germany_2.0"
116.202.58.52 - - [13/Jan/2021:22:22:00 +0100] "GET /impressum.html HTTP/1.1" 200 2808 "-" "crawler_eb_germany_2.0"
116.202.58.52 - - [13/Jan/2021:22:22:02 +0100] "GET /cds/rosarium.html HTTP/1.1" 200 6680 "-" "crawler_eb_germany_2.0"
116.202.58.52 - - [13/Jan/2021:22:22:04 +0100] "GET /cds/ignatius.html HTTP/1.1" 200 6576 "-" "crawler_eb_germany_2.0"
116.202.58.52 - - [13/Jan/2021:22:22:08 +0100] "GET /cds/hymnos_akathistos.html HTTP/1.1" 200 11061 "-" "crawler_eb_germany_2.0"
116.202.58.52 - - [13/Jan/2021:22:22:10 +0100] "GET /buecher/veroeffentlichungsliste.html HTTP/1.1" 200 129779 "-" "crawler_eb_germany_2.0"
116.202.58.52 - - [13/Jan/2021:22:22:13 +0100] "GET /index.html HTTP/1.1" 200 9360 "-" "crawler_eb_germany_2.0"
116.202.58.52 - - [13/Jan/2021:22:22:14 +0100] "GET /buecher/bestellung.php HTTP/1.1" 200 10142 "-" "crawler_eb_germany_2.0"
116.202.58.52 - - [13/Jan/2021:22:22:16 +0100] "GET /buecher/rezensionen_psalmen.html HTTP/1.1" 200 6787 "-" "crawler_eb_germany_2.0"
116.202.58.52 - - [13/Jan/2021:22:22:18 +0100] "GET /buecher/rezensionen_chateaubriand.html HTTP/1.1" 200 47317 "-" "crawler_eb_germany_2.0"
116.202.58.52 - - [13/Jan/2021:22:22:20 +0100] "GET /buecher/rezensionen_engel.html HTTP/1.1" 200 6598 "-" "crawler_eb_germany_2.0"
116.202.58.52 - - [13/Jan/2021:22:22:23 +0100] "GET /buecher/diskussion.html HTTP/1.1" 200 9925 "-" "crawler_eb_germany_2.0"
116.202.58.52 - - [13/Jan/2021:22:22:26 +0100] "GET /buecher/rezensionen_le_saulchoir.html HTTP/1.1" 200 34009 "-" "crawler_eb_germany_2.0"
116.202.58.52 - - [13/Jan/2021:22:22:27 +0100] "GET /buecher/rezensionen_krise_zum_heil.html HTTP/1.1" 200 9828 "-" "crawler_eb_germany_2.0"
116.202.58.52 - - [13/Jan/2021:22:22:29 +0100] "GET /buecher/rezensionen_nicht_auf_sand_gebaut.html HTTP/1.1" 200 6594 "-" "crawler_eb_germany_2.0"
116.202.58.52 - - [13/Jan/2021:22:22:30 +0100] "GET /buecher/rezensionen_leiblichkeit_und_zeitlichkeit.html HTTP/1.1" 200 8821 "-" "crawler_eb_germany_2.0"
116.202.58.52 - - [13/Jan/2021:22:22:32 +0100] "GET /buecher/rezensionen_preysing.html HTTP/1.1" 200 9502 "-" "crawler_eb_germany_2.0"
116.202.58.52 - - [13/Jan/2021:22:22:35 +0100] "GET /cds/glockenspiel1.html HTTP/1.1" 200 9736 "-" "crawler_eb_germany_2.0"
116.202.58.52 - - [13/Jan/2021:22:22:37 +0100] "GET /cds/glockenspiel2.html HTTP/1.1" 200 9831 "-" "crawler_eb_germany_2.0"
116.202.58.52 - - [13/Jan/2021:22:22:40 +0100] "GET /cds/lumina.html HTTP/1.1" 200 9000 "-" "crawler_eb_germany_2.0"
116.202.58.52 - - [13/Jan/2021:22:22:41 +0100] "GET /cds/astazi.html HTTP/1.1" 200 8453 "-" "crawler_eb_germany_2.0"
116.202.58.52 - - [13/Jan/2021:22:22:43 +0100] "GET /jahrbuch/titelseiten/index.html HTTP/1.1" 200 6735 "-" "crawler_eb_germany_2.0"
116.202.58.52 - - [13/Jan/2021:22:22:46 +0100] "GET /jahrbuch/bestellung.php HTTP/1.1" 200 10316 "-" "crawler_eb_germany_2.0"
116.202.58.52 - - [13/Jan/2021:22:22:47 +0100] "GET /sonderthemen/archiv.html HTTP/1.1" 200 6959 "-" "crawler_eb_germany_2.0"
116.202.58.52 - - [13/Jan/2021:22:22:49 +0100] "GET /sonderthemen/presse.html HTTP/1.1" 200 5772 "-" "crawler_eb_germany_2.0"
116.202.58.52 - - [13/Jan/2021:22:22:53 +0100] "GET /buecher/rezensionen_ignatius.html HTTP/1.1" 200 8182 "-" "crawler_eb_germany_2.0"
116.202.58.52 - - [13/Jan/2021:22:22:56 +0100] "GET /index.html HTTP/1.1" 200 9360 "-" "crawler_eb_germany_2.0"
116.202.58.52 - - [13/Jan/2021:22:22:57 +0100] "GET /buecher/rezensionen.html HTTP/1.1" 200 6964 "-" "crawler_eb_germany_2.0"
116.202.58.52 - - [13/Jan/2021:22:22:59 +0100] "GET /index.html HTTP/1.1" 200 9360 "-" "crawler_eb_germany_2.0"
116.202.58.52 - - [13/Jan/2021:22:23:02 +0100] "GET /buecher/rezensionen_ungeteilt.html HTTP/1.1" 200 9764 "-" "crawler_eb_germany_2.0"
116.202.58.52 - - [13/Jan/2021:22:23:05 +0100] "GET /index.html HTTP/1.1" 200 9360 "-" "crawler_eb_germany_2.0"
88.198.36.62 - - [13/Jan/2021:22:45:22 +0100] "GET /sonderthemen/oekt_extra3.pdf HTTP/1.1" 200 2109745 "-" "Mozilla/5.0 (Windows NT 10.0; Win64; x64; rv:82.0) Gecko/20100101 Firefox/82.0"
62.138.2.214 - - [13/Jan/2021:22:45:30 +0100] "GET /jahrbuch/index.html HTTP/1.1" 200 3956 "-" "Mozilla/5.0 (X11; Linux x86_64; rv:81.0) Gecko/20100101 Firefox/81.0"
88.198.36.62 - - [13/Jan/2021:22:45:34 +0100] "GET /sonderthemen/oekt_extra3.pdf HTTP/1.1" 200 2109745 "-" "Mozilla/5.0 (Windows NT 10.0; Win64; x64) AppleWebKit/537.36 (KHTML, like Gecko) Chrome/87.0.4280.67 Safari/537.36"
168.119.11.187 - - [13/Jan/2021:22:45:49 +0100] "GET /sonderthemen/oekt_extra3.pdf HTTP/1.1" 200 2109745 "-" "Mozilla/5.0 (Windows NT 10.0; Win64; x64) AppleWebKit/537.36 (KHTML, like Gecko) Chrome/87.0.4280.88 Safari/537.36"
62.138.2.214 - - [13/Jan/2021:23:11:27 +0100] "GET /cds/ignatius.html HTTP/1.1" 200 6576 "-" "Mozilla/5.0 (X11; Linux x86_64; rv:81.0) Gecko/20100101 Firefox/81.0"
62.138.2.214 - - [13/Jan/2021:23:21:28 +0100] "GET /cds/index.html HTTP/1.1" 200 7987 "-" "Mozilla/5.0 (X11; Linux x86_64; rv:81.0) Gecko/20100101 Firefox/81.0"
54.36.148.103 - - [13/Jan/2021:23:27:40 +0100] "GET /cds/lumina.html HTTP/1.1" 200 9000 "-" "Mozilla/5.0 (compatible; AhrefsBot/7.0; +http://ahrefs.com/robot/)"
62.138.2.214 - - [13/Jan/2021:23:31:11 +0100] "GET /cds/rosarium.html HTTP/1.1" 200 6680 "-" "Mozilla/5.0 (X11; Linux x86_64; rv:81.0) Gecko/20100101 Firefox/81.0"
62.138.2.214 - - [13/Jan/2021:23:40:02 +0100] "GET /impressum.html HTTP/1.1" 200 2808 "-" "Mozilla/5.0 (X11; Linux x86_64; rv:81.0) Gecko/20100101 Firefox/81.0"
88.198.36.62 - - [14/Jan/2021:00:06:45 +0100] "GET /sonderthemen/oekt_extra2.pdf HTTP/1.1" 200 1939949 "-" "Mozilla/5.0 (Macintosh; Intel Mac OS X 10_15_7) AppleWebKit/537.36 (KHTML, like Gecko) Chrome/87.0.4280.67 Safari/537.36"
62.138.2.214 - - [14/Jan/2021:00:20:15 +0100] "GET /kontakt/index.html HTTP/1.1" 200 2896 "-" "Mozilla/5.0 (X11; Linux x86_64; rv:81.0) Gecko/20100101 Firefox/81.0"
78.46.90.120 - - [14/Jan/2021:00:24:53 +0100] "GET /sonderthemen/az1999.pdf HTTP/1.1" 200 1842982 "-" "Mozilla/5.0 (X11; Linux x86_64) AppleWebKit/537.36 (KHTML, like Gecko) Chrome/87.0.4280.67 Safari/537.36"
62.138.2.214 - - [14/Jan/2021:00:48:52 +0100] "GET /cds/hymnos_akathistos.html HTTP/1.1" 200 11061 "-" "Mozilla/5.0 (X11; Linux x86_64; rv:81.0) Gecko/20100101 Firefox/81.0"
13.66.139.81 - - [14/Jan/2021:00:58:06 +0100] "GET /sonderthemen/sk2001.pdf HTTP/1.1" 200 3098589 "-" "Mozilla/5.0 (compatible; bingbot/2.0; +http://www.bing.com/bingbot.htm)"
213.162.73.179 - - [14/Jan/2021:00:58:49 +0100] "GET /cds/hymnos_akathistos.html HTTP/1.1" 200 11061 "https://www.google.com/" "Mozilla/5.0 (Linux; Android 10; SM-T500) AppleWebKit/537.36 (KHTML, like Gecko) Chrome/87.0.4280.101 Safari/537.36"
213.162.73.179 - - [14/Jan/2021:00:58:49 +0100] "GET /main.css HTTP/1.1" 200 1439 "http://www.morusverlag.de/cds/hymnos_akathistos.html" "Mozilla/5.0 (Linux; Android 10; SM-T500) AppleWebKit/537.36 (KHTML, like Gecko) Chrome/87.0.4280.101 Safari/537.36"
213.162.73.179 - - [14/Jan/2021:00:58:49 +0100] "GET /logo_g.gif HTTP/1.1" 200 1301 "http://www.morusverlag.de/cds/hymnos_akathistos.html" "Mozilla/5.0 (Linux; Android 10; SM-T500) AppleWebKit/537.36 (KHTML, like Gecko) Chrome/87.0.4280.101 Safari/537.36"
213.162.73.179 - - [14/Jan/2021:00:58:49 +0100] "GET /mv_g.gif HTTP/1.1" 200 4070 "http://www.morusverlag.de/cds/hymnos_akathistos.html" "Mozilla/5.0 (Linux; Android 10; SM-T500) AppleWebKit/537.36 (KHTML, like Gecko) Chrome/87.0.4280.101 Safari/537.36"
213.162.73.179 - - [14/Jan/2021:00:58:49 +0100] "GET /m.gif HTTP/1.1" 200 95 "http://www.morusverlag.de/cds/hymnos_akathistos.html" "Mozilla/5.0 (Linux; Android 10; SM-T500) AppleWebKit/537.36 (KHTML, like Gecko) Chrome/87.0.4280.101 Safari/537.36"
213.162.73.179 - - [14/Jan/2021:00:58:49 +0100] "GET /cds/hymnos.jpg HTTP/1.1" 200 27752 "http://www.morusverlag.de/cds/hymnos_akathistos.html" "Mozilla/5.0 (Linux; Android 10; SM-T500) AppleWebKit/537.36 (KHTML, like Gecko) Chrome/87.0.4280.101 Safari/537.36"
213.162.73.179 - - [14/Jan/2021:00:58:49 +0100] "GET /pf.gif HTTP/1.1" 200 62 "http://www.morusverlag.de/cds/hymnos_akathistos.html" "Mozilla/5.0 (Linux; Android 10; SM-T500) AppleWebKit/537.36 (KHTML, like Gecko) Chrome/87.0.4280.101 Safari/537.36"
213.162.73.179 - - [14/Jan/2021:00:58:49 +0100] "GET /cds/hymnos_heft.jpg HTTP/1.1" 200 8653 "http://www.morusverlag.de/cds/hymnos_akathistos.html" "Mozilla/5.0 (Linux; Android 10; SM-T500) AppleWebKit/537.36 (KHTML, like Gecko) Chrome/87.0.4280.101 Safari/537.36"
213.162.73.179 - - [14/Jan/2021:00:58:49 +0100] "GET /strich.gif HTTP/1.1" 200 45 "http://www.morusverlag.de/cds/hymnos_akathistos.html" "Mozilla/5.0 (Linux; Android 10; SM-T500) AppleWebKit/537.36 (KHTML, like Gecko) Chrome/87.0.4280.101 Safari/537.36"
213.162.73.179 - - [14/Jan/2021:00:58:49 +0100] "GET /favicon.ico HTTP/1.1" 200 4286 "http://www.morusverlag.de/cds/hymnos_akathistos.html" "Mozilla/5.0 (Linux; Android 10; SM-T500) AppleWebKit/537.36 (KHTML, like Gecko) Chrome/87.0.4280.101 Safari/537.36"
13.66.139.100 - - [14/Jan/2021:01:03:03 +0100] "GET /cds/lumina.html HTTP/1.1" 200 9000 "-" "Mozilla/5.0 (compatible; bingbot/2.0; +http://www.bing.com/bingbot.htm)"
62.138.2.214 - - [14/Jan/2021:01:08:33 +0100] "GET /sonderthemen/index.html HTTP/1.1" 200 7102 "-" "Mozilla/5.0 (X11; Linux x86_64; rv:81.0) Gecko/20100101 Firefox/81.0"
62.138.2.214 - - [14/Jan/2021:01:16:09 +0100] "GET / HTTP/1.1" 200 9360 "-" "Mozilla/5.0 (X11; Linux x86_64; rv:81.0) Gecko/20100101 Firefox/81.0"
62.138.2.214 - - [14/Jan/2021:01:24:35 +0100] "GET /buecher/rezensionen.html HTTP/1.1" 200 6964 "-" "Mozilla/5.0 (X11; Linux x86_64; rv:81.0) Gecko/20100101 Firefox/81.0"
62.138.2.214 - - [14/Jan/2021:01:48:01 +0100] "GET /buecher/rezensionen_ignatius.html HTTP/1.1" 200 8182 "-" "Mozilla/5.0 (X11; Linux x86_64; rv:81.0) Gecko/20100101 Firefox/81.0"
62.138.2.214 - - [14/Jan/2021:02:01:22 +0100] "GET /jahrbuch/bestellung.php HTTP/1.1" 200 10316 "-" "Mozilla/5.0 (X11; Linux x86_64; rv:81.0) Gecko/20100101 Firefox/81.0"
62.138.2.214 - - [14/Jan/2021:02:16:44 +0100] "GET /jahrbuch/titelseiten/index.html HTTP/1.1" 200 6735 "-" "Mozilla/5.0 (X11; Linux x86_64; rv:81.0) Gecko/20100101 Firefox/81.0"
62.138.2.214 - - [14/Jan/2021:02:26:19 +0100] "GET /sonderthemen/archiv.html HTTP/1.1" 200 6959 "-" "Mozilla/5.0 (X11; Linux x86_64; rv:81.0) Gecko/20100101 Firefox/81.0"
18.215.189.31 - - [14/Jan/2021:02:28:16 +0100] "GET /robots.txt HTTP/1.1" 200 100 "-" "CCBot/2.0 (https://commoncrawl.org/faq/)"
18.215.189.31 - - [14/Jan/2021:02:28:16 +0100] "GET / HTTP/1.1" 200 9360 "-" "CCBot/2.0 (https://commoncrawl.org/faq/)"
62.138.2.214 - - [14/Jan/2021:02:29:10 +0100] "GET /sonderthemen/oekz2003.pdf HTTP/1.1" 200 4017017 "-" "Mozilla/5.0 (X11; Linux x86_64; rv:81.0) Gecko/20100101 Firefox/81.0"
62.138.2.214 - - [14/Jan/2021:02:40:58 +0100] "GET /cds/lumina.html HTTP/1.1" 200 9000 "-" "Mozilla/5.0 (X11; Linux x86_64; rv:81.0) Gecko/20100101 Firefox/81.0"
62.138.2.214 - - [14/Jan/2021:02:50:19 +0100] "GET /sonderthemen/sk2004.pdf HTTP/1.1" 200 1967215 "-" "Mozilla/5.0 (X11; Linux x86_64; rv:81.0) Gecko/20100101 Firefox/81.0"
62.138.2.214 - - [14/Jan/2021:03:05:29 +0100] "GET /cds/astazi.html HTTP/1.1" 200 8453 "-" "Mozilla/5.0 (X11; Linux x86_64; rv:81.0) Gecko/20100101 Firefox/81.0"
62.138.2.214 - - [14/Jan/2021:03:07:06 +0100] "GET /sonderthemen/oekt_extra3.pdf HTTP/1.1" 200 2109745 "-" "Mozilla/5.0 (X11; Linux x86_64; rv:81.0) Gecko/20100101 Firefox/81.0"
140.203.12.7 - - [14/Jan/2021:03:22:57 +0100] "HEAD / HTTP/1.1" 200 - "-" "Java/1.6.0_23"
193.124.190.18 - - [14/Jan/2021:03:50:33 +0100] "HEAD / HTTP/1.1" 200 - "https://forvard42.ru" "Mozilla/4.0 (compatible; MSIE3.00; Windows 2009)"
193.124.191.92 - - [14/Jan/2021:03:50:34 +0100] "HEAD / HTTP/1.1" 200 - "https://urok-otvet.ru" "Mozilla/5.0 (compatible; MSIE4.00; Windows 2004)"
46.185.117.199 - - [14/Jan/2021:03:54:50 +0100] "GET / HTTP/1.1" 200 9360 "https://obiavo.kz/" "Mozilla/4.0 (compatible; MSIE 6.0; Windows XP)"
46.185.117.199 - - [14/Jan/2021:03:54:50 +0100] "GET / HTTP/1.1" 200 9360 "https://obiavo.kz/" "Mozilla/4.0 (compatible; MSIE 6.0; Windows XP)"
46.185.117.199 - - [14/Jan/2021:03:54:51 +0100] "GET / HTTP/1.1" 200 9360 "https://obiavo.kz/" "Mozilla/4.0 (compatible; MSIE 6.0; Windows XP)"
66.249.79.77 - - [14/Jan/2021:04:03:52 +0100] "GET /sonderthemen/az2003_s01.pdf HTTP/1.1" 304 - "-" "Mozilla/5.0 (Linux; Android 6.0.1; Nexus 5X Build/MMB29P) AppleWebKit/537.36 (KHTML, like Gecko) Chrome/87.0.4280.90 Mobile Safari/537.36 (compatible; Googlebot/2.1; +http://www.google.com/bot.html)"
62.138.2.214 - - [14/Jan/2021:04:11:14 +0100] "GET /sonderthemen/presse.html HTTP/1.1" 200 5772 "-" "Mozilla/5.0 (X11; Linux x86_64; rv:81.0) Gecko/20100101 Firefox/81.0"
168.119.11.187 - - [14/Jan/2021:04:18:02 +0100] "GET /sonderthemen/az1999.pdf HTTP/1.1" 200 1842982 "-" "Mozilla/5.0 (Macintosh; Intel Mac OS X 10_15_7) AppleWebKit/605.1.15 (KHTML, like Gecko) Version/14.0 Safari/605.1.15"
62.138.2.214 - - [14/Jan/2021:04:31:38 +0100] "GET /sonderthemen/oekt_extra1.pdf HTTP/1.1" 200 1849015 "-" "Mozilla/5.0 (X11; Linux x86_64; rv:81.0) Gecko/20100101 Firefox/81.0"
88.198.43.207 - - [14/Jan/2021:04:41:14 +0100] "GET /sonderthemen/az1999.pdf HTTP/1.1" 200 1842982 "-" "Mozilla/5.0 (Windows NT 10.0; Win64; x64; rv:84.0) Gecko/20100101 Firefox/84.0"
54.36.148.50 - - [14/Jan/2021:04:48:06 +0100] "GET /cds/astazi.html HTTP/1.1" 200 8453 "-" "Mozilla/5.0 (compatible; AhrefsBot/7.0; +http://ahrefs.com/robot/)"
62.138.2.214 - - [14/Jan/2021:04:52:30 +0100] "GET /sonderthemen/oekz2003_s01.pdf HTTP/1.1" 200 66807 "-" "Mozilla/5.0 (X11; Linux x86_64; rv:81.0) Gecko/20100101 Firefox/81.0"
62.138.2.214 - - [14/Jan/2021:04:57:46 +0100] "GET /sonderthemen/sk2004_s01.pdf HTTP/1.1" 200 162742 "-" "Mozilla/5.0 (X11; Linux x86_64; rv:81.0) Gecko/20100101 Firefox/81.0"
62.138.2.214 - - [14/Jan/2021:05:32:35 +0100] "GET /sonderthemen/az2003.pdf HTTP/1.1" 200 4864675 "-" "Mozilla/5.0 (X11; Linux x86_64; rv:81.0) Gecko/20100101 Firefox/81.0"
193.124.188.188 - - [14/Jan/2021:05:38:23 +0100] "HEAD / HTTP/1.1" 200 - "http://kosmet.by/catalog/parfyumeriya" "Mozilla/3.0 (compatible; MSIE3.00; Windows 2005)"
62.138.2.214 - - [14/Jan/2021:05:40:14 +0100] "GET /sonderthemen/az2003_s01.pdf HTTP/1.1" 200 120642 "-" "Mozilla/5.0 (X11; Linux x86_64; rv:81.0) Gecko/20100101 Firefox/81.0"
62.138.2.214 - - [14/Jan/2021:05:47:49 +0100] "GET /sonderthemen/oekt_extra2.pdf HTTP/1.1" 200 1939949 "-" "Mozilla/5.0 (X11; Linux x86_64; rv:81.0) Gecko/20100101 Firefox/81.0"
62.138.2.214 - - [14/Jan/2021:06:01:41 +0100] "GET /cds/glockenspiel1.html HTTP/1.1" 200 9736 "-" "Mozilla/5.0 (X11; Linux x86_64; rv:81.0) Gecko/20100101 Firefox/81.0"
62.138.2.214 - - [14/Jan/2021:06:09:45 +0100] "GET /cds/glockenspiel2.html HTTP/1.1" 200 9831 "-" "Mozilla/5.0 (X11; Linux x86_64; rv:81.0) Gecko/20100101 Firefox/81.0"
62.138.2.214 - - [14/Jan/2021:06:26:32 +0100] "GET /buecher/rezensionen_ungeteilt.html HTTP/1.1" 200 9764 "-" "Mozilla/5.0 (X11; Linux x86_64; rv:81.0) Gecko/20100101 Firefox/81.0"
62.138.2.214 - - [14/Jan/2021:06:30:03 +0100] "GET /buecher/diskussion.html HTTP/1.1" 200 9925 "-" "Mozilla/5.0 (X11; Linux x86_64; rv:81.0) Gecko/20100101 Firefox/81.0"
193.124.188.83 - - [14/Jan/2021:06:35:15 +0100] "HEAD / HTTP/1.1" 200 - "https://realty-konsult.ru/" "Mozilla/2.0 (compatible; MSIE3.00; Windows 2008)"
194.67.210.77 - - [14/Jan/2021:06:35:16 +0100] "HEAD / HTTP/1.1" 200 - "https://yandex.ru/search/?text=%D0%B7%D0%B0%D0%B9%D0%BC%20%D0%BE%D0%BD%D0%BB%D0%B0%D0%B9%D0%BD&lr=1&site=zaym-onlayn24.ru" "Mozilla/3.0 (compatible; MSIE4.00; Windows 2006)"
194.67.207.94 - - [14/Jan/2021:06:35:20 +0100] "HEAD / HTTP/1.1" 200 - "https://dlpsoftware.ru/" "Mozilla/8.0 (compatible; MSIE7.00; Windows 2004)"
185.125.219.13 - - [14/Jan/2021:06:35:21 +0100] "HEAD / HTTP/1.1" 200 - "https://resurs-2012.ru" "Mozilla/3.0 (compatible; MSIE3.00; Windows 2007)"
194.67.207.9 - - [14/Jan/2021:06:35:23 +0100] "HEAD / HTTP/1.1" 200 - "https://zelands.ru/apokrificheskij-transerfing/" "Mozilla/6.0 (compatible; MSIE7.00; Windows 2004)"
185.5.249.185 - - [14/Jan/2021:06:35:23 +0100] "HEAD / HTTP/1.1" 200 - "https://newssome.ru/" "Mozilla/4.0 (compatible; MSIE3.00; Windows 2008)"
45.132.107.248 - - [14/Jan/2021:06:36:26 +0100] "HEAD / HTTP/1.1" 200 - "https://recirkulatoru.ru" "Mozilla/3.0 (compatible; MSIE2.00; Windows 2002)"
185.241.52.68 - - [14/Jan/2021:06:36:26 +0100] "HEAD / HTTP/1.1" 200 - "https://novikel.com/oborydovanie" "Mozilla/6.0 (compatible; MSIE7.00; Windows 2007)"
185.224.132.45 - - [14/Jan/2021:06:36:26 +0100] "HEAD / HTTP/1.1" 200 - "https://gooool365.org" "Mozilla/8.0 (compatible; MSIE3.00; Windows 2007)"
185.209.20.147 - - [14/Jan/2021:06:36:44 +0100] "HEAD / HTTP/1.1" 200 - "https://cool-answers.ru/123-krasivye-familii-dlja-devushek-ves-spisok.html" "Mozilla/2.0 (compatible; MSIE3.00; Windows 2003)"
185.203.240.129 - - [14/Jan/2021:06:36:44 +0100] "HEAD / HTTP/1.1" 200 - "https://gdz-polinkin.ru/rabochaya-tetrad-po-okruzhayushhemu-miru-dlya-3-klassa-avtor-pleshakov/" "Mozilla/2.0 (compatible; MSIE6.00; Windows 2002)"
212.86.109.31 - - [14/Jan/2021:06:36:44 +0100] "HEAD / HTTP/1.1" 200 - "https://pro-internetmarketing.ru/sergey-kovalev" "Mozilla/6.0 (compatible; MSIE5.00; Windows 2003)"
77.220.215.153 - - [14/Jan/2021:06:36:44 +0100] "HEAD / HTTP/1.1" 200 - "https://zvometall.ru/rezka-listovogo-metalla/" "Mozilla/6.0 (compatible; MSIE2.00; Windows 2007)"
62.138.2.214 - - [14/Jan/2021:06:38:05 +0100] "GET /index.html HTTP/1.1" 200 9360 "-" "Mozilla/5.0 (X11; Linux x86_64; rv:81.0) Gecko/20100101 Firefox/81.0"
62.138.2.214 - - [14/Jan/2021:06:40:45 +0100] "GET /buecher/rezension_gesichter_u_geschichten.pdf HTTP/1.1" 200 223287 "-" "Mozilla/5.0 (X11; Linux x86_64; rv:81.0) Gecko/20100101 Firefox/81.0"
85.209.89.224 - - [14/Jan/2021:06:42:47 +0100] "HEAD / HTTP/1.1" 200 - "https://betonmospro.ru/dostavka/beton-v-shahovskoj/" "Mozilla/7.0 (compatible; MSIE5.00; Windows 2006)"
85.209.89.205 - - [14/Jan/2021:06:42:47 +0100] "HEAD / HTTP/1.1" 200 - "https://pishestroy.ru" "Mozilla/5.0 (compatible; MSIE3.00; Windows 2005)"
85.209.89.217 - - [14/Jan/2021:06:42:47 +0100] "HEAD / HTTP/1.1" 200 - "https://restvannaspb.ru/service/repair-sink/" "Mozilla/3.0 (compatible; MSIE2.00; Windows 2007)"
85.209.89.216 - - [14/Jan/2021:06:42:47 +0100] "HEAD / HTTP/1.1" 200 - "https://alkozakaz.pw/" "Mozilla/5.0 (compatible; MSIE6.00; Windows 2005)"
85.209.89.241 - - [14/Jan/2021:06:42:47 +0100] "HEAD / HTTP/1.1" 200 - "https://aplaster.ru/polusuhaya-styazhka-pola/pushkino/" "Mozilla/8.0 (compatible; MSIE6.00; Windows 2002)"
62.138.2.214 - - [14/Jan/2021:06:56:14 +0100] "GET /buecher/rezensionen_psalmen.html HTTP/1.1" 200 6787 "-" "Mozilla/5.0 (X11; Linux x86_64; rv:81.0) Gecko/20100101 Firefox/81.0"
62.138.2.214 - - [14/Jan/2021:07:14:02 +0100] "GET /buecher/bestellung.php HTTP/1.1" 200 10142 "-" "Mozilla/5.0 (X11; Linux x86_64; rv:81.0) Gecko/20100101 Firefox/81.0"
62.138.2.214 - - [14/Jan/2021:07:17:37 +0100] "GET /buecher/rezensionen_engel.html HTTP/1.1" 200 6598 "-" "Mozilla/5.0 (X11; Linux x86_64; rv:81.0) Gecko/20100101 Firefox/81.0"
62.138.2.214 - - [14/Jan/2021:07:20:29 +0100] "GET /buecher/rezensionen_preysing.html HTTP/1.1" 200 9502 "-" "Mozilla/5.0 (X11; Linux x86_64; rv:81.0) Gecko/20100101 Firefox/81.0"
62.138.2.214 - - [14/Jan/2021:07:36:58 +0100] "GET /buecher/rezensionen_le_saulchoir.html HTTP/1.1" 200 34009 "-" "Mozilla/5.0 (X11; Linux x86_64; rv:81.0) Gecko/20100101 Firefox/81.0"
54.36.148.15 - - [14/Jan/2021:07:38:56 +0100] "GET /jahrbuch/titelseiten/index.html HTTP/1.1" 200 6735 "-" "Mozilla/5.0 (compatible; AhrefsBot/7.0; +http://ahrefs.com/robot/)"
62.138.2.214 - - [14/Jan/2021:07:42:47 +0100] "GET /buecher/rezensionen_krise_zum_heil.html HTTP/1.1" 200 9828 "-" "Mozilla/5.0 (X11; Linux x86_64; rv:81.0) Gecko/20100101 Firefox/81.0"
62.138.2.214 - - [14/Jan/2021:07:51:54 +0100] "GET /buecher/rezensionen_nicht_auf_sand_gebaut.html HTTP/1.1" 200 6594 "-" "Mozilla/5.0 (X11; Linux x86_64; rv:81.0) Gecko/20100101 Firefox/81.0"
62.138.2.214 - - [14/Jan/2021:07:55:53 +0100] "GET /buecher/rezensionen_leiblichkeit_und_zeitlichkeit.html HTTP/1.1" 200 8821 "-" "Mozilla/5.0 (X11; Linux x86_64; rv:81.0) Gecko/20100101 Firefox/81.0"
62.138.2.214 - - [14/Jan/2021:07:59:51 +0100] "GET /sonderthemen/sk2002.pdf HTTP/1.1" 200 2628923 "-" "Mozilla/5.0 (X11; Linux x86_64; rv:81.0) Gecko/20100101 Firefox/81.0"
62.138.2.214 - - [14/Jan/2021:08:05:06 +0100] "GET /sonderthemen/az2000.pdf HTTP/1.1" 200 2253581 "-" "Mozilla/5.0 (X11; Linux x86_64; rv:81.0) Gecko/20100101 Firefox/81.0"
78.46.90.120 - - [14/Jan/2021:08:08:10 +0100] "GET /sonderthemen/oeaz2001.pdf HTTP/1.1" 200 4496626 "-" "Mozilla/5.0 (Windows NT 10.0; Win64; x64) AppleWebKit/537.36 (KHTML, like Gecko) Chrome/87.0.4280.67 Safari/537.36 Edg/87.0.664.52"
62.138.2.214 - - [14/Jan/2021:08:12:10 +0100] "GET /sonderthemen/oeaz2002.pdf HTTP/1.1" 200 3161455 "-" "Mozilla/5.0 (X11; Linux x86_64; rv:81.0) Gecko/20100101 Firefox/81.0"
62.138.2.214 - - [14/Jan/2021:08:14:11 +0100] "GET /sonderthemen/sk2001.pdf HTTP/1.1" 200 3098589 "-" "Mozilla/5.0 (X11; Linux x86_64; rv:81.0) Gecko/20100101 Firefox/81.0"
194.173.174.10 - - [14/Jan/2021:08:17:11 +0100] "HEAD / HTTP/1.1" 200 - "-" "Mozilla/5.0 (Windows NT 6.3; WOW64) AppleWebKit/537.36 (KHTML, like Gecko) Chrome/43.0.2357.134 Safari/537.36"
62.138.2.214 - - [14/Jan/2021:08:20:29 +0100] "GET /sonderthemen/az1999.pdf HTTP/1.1" 200 1842982 "-" "Mozilla/5.0 (X11; Linux x86_64; rv:81.0) Gecko/20100101 Firefox/81.0"
62.138.2.214 - - [14/Jan/2021:08:26:05 +0100] "GET /sonderthemen/sk2000.pdf HTTP/1.1" 200 2925489 "-" "Mozilla/5.0 (X11; Linux x86_64; rv:81.0) Gecko/20100101 Firefox/81.0"
62.138.2.214 - - [14/Jan/2021:08:36:46 +0100] "GET /sonderthemen/oeaz2001.pdf HTTP/1.1" 200 4496626 "-" "Mozilla/5.0 (X11; Linux x86_64; rv:81.0) Gecko/20100101 Firefox/81.0"
13.66.139.18 - - [14/Jan/2021:08:50:45 +0100] "GET /sitemap.txt HTTP/1.1" 404 2381 "-" "Mozilla/5.0 (compatible; bingbot/2.0; +http://www.bing.com/bingbot.htm)"
157.55.39.47 - - [14/Jan/2021:09:13:28 +0100] "GET /robots.txt HTTP/1.1" 200 100 "-" "Mozilla/5.0 (compatible; bingbot/2.0; +http://www.bing.com/bingbot.htm)"
199.58.86.209 - - [14/Jan/2021:09:58:03 +0100] "GET /robots.txt HTTP/1.1" 200 100 "-" "Mozilla/5.0 (compatible; MJ12bot/v1.4.8; http://mj12bot.com/)"
199.58.86.209 - - [14/Jan/2021:09:58:06 +0100] "GET / HTTP/1.1" 200 9360 "-" "Mozilla/5.0 (compatible; MJ12bot/v1.4.8; http://mj12bot.com/)"
207.46.13.39 - - [14/Jan/2021:10:32:07 +0100] "GET /cds/glockenspiel1.html HTTP/1.1" 304 - "-" "Mozilla/5.0 (compatible; bingbot/2.0; +http://www.bing.com/bingbot.htm)"
88.198.90.9 - - [14/Jan/2021:11:29:41 +0100] "GET /sonderthemen/oekt_extra1.pdf HTTP/1.1" 200 1849015 "-" "Mozilla/5.0 (Windows NT 10.0; Win64; x64) AppleWebKit/537.36 (KHTML, like Gecko) Chrome/87.0.4280.66 Safari/537.36"
168.119.11.187 - - [14/Jan/2021:11:41:56 +0100] "GET /sonderthemen/oekt_extra1.pdf HTTP/1.1" 200 1849015 "-" "Mozilla/5.0 (Windows NT 6.1; Win64; x64) AppleWebKit/537.36 (KHTML, like Gecko) Chrome/86.0.4240.198 Safari/537.36 OPR/72.0.3815.400"
148.251.50.77 - - [14/Jan/2021:11:44:42 +0100] "GET /sonderthemen/sk2002.pdf HTTP/1.1" 200 2628923 "-" "Mozilla/5.0 (Macintosh; Intel Mac OS X 10_14_6) AppleWebKit/537.36 (KHTML, like Gecko) Chrome/87.0.4280.88 Safari/537.36"
178.63.51.106 - - [14/Jan/2021:11:44:28 +0100] "GET /sonderthemen/sk2002.pdf HTTP/1.1" 200 2628923 "-" "Mozilla/5.0 (Macintosh; Intel Mac OS X 10_15_6) AppleWebKit/605.1.15 (KHTML, like Gecko) Version/14.0 Safari/605.1.15"
66.249.79.77 - - [14/Jan/2021:11:47:19 +0100] "GET /robots.txt HTTP/1.1" 200 100 "-" "Mozilla/5.0 (compatible; Googlebot/2.1; +http://www.google.com/bot.html)"
66.249.79.73 - - [14/Jan/2021:11:47:20 +0100] "GET /sonderthemen/ HTTP/1.1" 304 - "-" "Mozilla/5.0 (Linux; Android 6.0.1; Nexus 5X Build/MMB29P) AppleWebKit/537.36 (KHTML, like Gecko) Chrome/87.0.4280.90 Mobile Safari/537.36 (compatible; Googlebot/2.1; +http://www.google.com/bot.html)"
178.63.51.106 - - [14/Jan/2021:12:20:21 +0100] "GET /sonderthemen/oeaz2001.pdf HTTP/1.1" 200 4496626 "-" "Mozilla/5.0 (Macintosh; Intel Mac OS X 10_15_4) AppleWebKit/605.1.15 (KHTML, like Gecko) Version/13.1 Safari/605.1.15"
88.198.90.9 - - [14/Jan/2021:12:20:35 +0100] "GET /sonderthemen/oeaz2001.pdf HTTP/1.1" 200 4496626 "-" "Mozilla/5.0 (Windows NT 10.0; Win64; x64) AppleWebKit/537.36 (KHTML, like Gecko) Chrome/87.0.4280.67 Safari/537.36 Edg/87.0.664.47"
216.18.204.198 - - [14/Jan/2021:12:35:29 +0100] "GET /robots.txt HTTP/1.1" 200 100 "-" "Mozilla/5.0 (compatible; Adsbot/3.1)"
216.18.204.198 - - [14/Jan/2021:12:36:17 +0100] "GET /sonderthemen/akademieprogramm/03/pro_zei_03_s15.pdf HTTP/1.1" 404 2381 "http://www.morusverlag.de/" "Mozilla/5.0 (compatible; Adsbot/3.1)"
216.18.204.198 - - [14/Jan/2021:12:36:40 +0100] "GET /sonderthemen/akademieprogramm/04/pro_zei_04_s15.pdf HTTP/1.1" 404 2381 "http://www.morusverlag.de/" "Mozilla/5.0 (compatible; Adsbot/3.1)"
216.160.239.174 - - [14/Jan/2021:12:41:02 +0100] "GET / HTTP/1.1" 304 - "-" "Mozilla/5.0 (compatible; Gowikibot/1.0; +http://www.gowikibot.com)"
80.187.81.79 - - [14/Jan/2021:13:04:36 +0100] "GET /buecher/veroeffentlichungsliste.html HTTP/1.1" 200 129779 "http://www.morusverlag.de/cds/hymnos_akathistos.html" "Mozilla/5.0 (Linux; Android 4.4.2; de-de; SAMSUNG SM-T535 Build/KOT49H) AppleWebKit/537.36 (KHTML, like Gecko) Version/1.5 Chrome/28.0.1500.94 Safari/537.36"
78.46.90.120 - - [14/Jan/2021:13:28:27 +0100] "GET /sonderthemen/az1999.pdf HTTP/1.1" 200 1842982 "-" "Mozilla/5.0 (X11; Fedora; Linux x86_64; rv:83.0) Gecko/20100101 Firefox/83.0"
114.119.140.113 - - [14/Jan/2021:13:43:39 +0100] "GET /sonderthemen/oekt_extra1.pdf HTTP/1.1" 200 1849015 "-" "Mozilla/5.0 (Linux; Android 7.0;) AppleWebKit/537.36 (KHTML, like Gecko) Mobile Safari/537.36 (compatible; PetalBot;+https://aspiegel.com/petalbot)"
157.55.39.162 - - [14/Jan/2021:13:44:03 +0100] "GET /robots.txt HTTP/1.1" 200 100 "-" "Mozilla/5.0 (compatible; bingbot/2.0; +http://www.bing.com/bingbot.htm)"
40.77.167.68 - - [14/Jan/2021:13:44:13 +0100] "GET /main.css HTTP/1.1" 200 1439 "-" "Mozilla/5.0 (compatible; bingbot/2.0; +http://www.bing.com/bingbot.htm)"
40.77.189.124 - - [14/Jan/2021:14:45:14 +0100] "GET /main.css HTTP/1.1" 200 1439 "http://www.morusverlag.de/buecher/veroeffentlichungsliste.html" "Mozilla/5.0 (Windows NT 6.1; WOW64) AppleWebKit/534+ (KHTML, like Gecko) BingPreview/1.0b"
157.55.39.162 - - [14/Jan/2021:14:45:26 +0100] "GET /robots.txt HTTP/1.1" 200 100 "-" "Mozilla/5.0 (compatible; bingbot/2.0; +http://www.bing.com/bingbot.htm)"
157.55.39.162 - - [14/Jan/2021:14:45:26 +0100] "GET /robots.txt HTTP/1.1" 200 100 "-" "Mozilla/5.0 (compatible; bingbot/2.0; +http://www.bing.com/bingbot.htm)"
88.198.36.62 - - [14/Jan/2021:14:49:12 +0100] "GET /sonderthemen/oekt_extra1.pdf HTTP/1.1" 200 1849015 "-" "Mozilla/5.0 (Windows NT 6.3; Win64; x64) AppleWebKit/537.36 (KHTML, like Gecko) Chrome/87.0.4280.88 Safari/537.36"
13.66.139.2 - - [14/Jan/2021:15:18:03 +0100] "GET /sonderthemen/sk2001.pdf HTTP/1.1" 200 3098589 "-" "Mozilla/5.0 (compatible; bingbot/2.0; +http://www.bing.com/bingbot.htm)"
13.66.139.100 - - [14/Jan/2021:15:18:48 +0100] "GET /jahrbuch/index.html HTTP/1.1" 200 3956 "-" "Mozilla/5.0 (compatible; bingbot/2.0; +http://www.bing.com/bingbot.htm)"
13.66.139.100 - - [14/Jan/2021:15:18:48 +0100] "GET /cds/lumina.html HTTP/1.1" 200 9000 "-" "Mozilla/5.0 (compatible; bingbot/2.0; +http://www.bing.com/bingbot.htm)"
13.66.139.18 - - [14/Jan/2021:15:25:34 +0100] "GET /sitemap.txt HTTP/1.1" 404 2381 "-" "Mozilla/5.0 (compatible; bingbot/2.0; +http://www.bing.com/bingbot.htm)"
20.50.49.40 - - [14/Jan/2021:15:35:29 +0100] "GET / HTTP/1.1" 200 9360 "-" "Mozilla/5.0 (iPhone; CPU iPhone OS 13_3 like Mac OS X) AppleWebKit/605.1.15 (KHTML%2C like Gecko) Mobile/15E148"
209.17.97.122 - - [14/Jan/2021:15:41:27 +0100] "GET / HTTP/1.1" 200 9360 "-" "Mozilla/5.0 (compatible; Nimbostratus-Bot/v1.3.2; http://cloudsystemnetworks.com)"
54.36.148.69 - - [14/Jan/2021:15:51:06 +0100] "GET /robots.txt HTTP/1.1" 200 100 "-" "Mozilla/5.0 (compatible; AhrefsBot/6.1; +http://ahrefs.com/robot/)"
114.119.153.7 - - [14/Jan/2021:17:16:46 +0100] "GET /robots.txt HTTP/1.1" 200 100 "-" "(compatible;PetalBot;+https://aspiegel.com/petalbot)"
87.156.37.186 - - [14/Jan/2021:17:36:13 +0100] "GET /buecher/diskussion.html HTTP/1.1" 200 9925 "http://www.google.com/" "Mozilla/5.0 (Linux; Android 5.1; HUAWEI LYO-L21) AppleWebKit/537.36 (KHTML, like Gecko) Chrome/87.0.4280.141 Mobile Safari/537.36"
87.156.37.186 - - [14/Jan/2021:17:36:13 +0100] "GET /main.css HTTP/1.1" 200 1439 "http://www.morusverlag.de/buecher/diskussion.html" "Mozilla/5.0 (Linux; Android 5.1; HUAWEI LYO-L21) AppleWebKit/537.36 (KHTML, like Gecko) Chrome/87.0.4280.141 Mobile Safari/537.36"
87.156.37.186 - - [14/Jan/2021:17:36:13 +0100] "GET /logo_g.gif HTTP/1.1" 200 1301 "http://www.morusverlag.de/buecher/diskussion.html" "Mozilla/5.0 (Linux; Android 5.1; HUAWEI LYO-L21) AppleWebKit/537.36 (KHTML, like Gecko) Chrome/87.0.4280.141 Mobile Safari/537.36"
87.156.37.186 - - [14/Jan/2021:17:36:13 +0100] "GET /mv_g.gif HTTP/1.1" 200 4070 "http://www.morusverlag.de/buecher/diskussion.html" "Mozilla/5.0 (Linux; Android 5.1; HUAWEI LYO-L21) AppleWebKit/537.36 (KHTML, like Gecko) Chrome/87.0.4280.141 Mobile Safari/537.36"
87.156.37.186 - - [14/Jan/2021:17:36:13 +0100] "GET /buecher/liebe_und_treue.jpg HTTP/1.1" 200 3067 "http://www.morusverlag.de/buecher/diskussion.html" "Mozilla/5.0 (Linux; Android 5.1; HUAWEI LYO-L21) AppleWebKit/537.36 (KHTML, like Gecko) Chrome/87.0.4280.141 Mobile Safari/537.36"
87.156.37.186 - - [14/Jan/2021:17:36:13 +0100] "GET /m.gif HTTP/1.1" 200 95 "http://www.morusverlag.de/buecher/diskussion.html" "Mozilla/5.0 (Linux; Android 5.1; HUAWEI LYO-L21) AppleWebKit/537.36 (KHTML, like Gecko) Chrome/87.0.4280.141 Mobile Safari/537.36"
87.156.37.186 - - [14/Jan/2021:17:36:13 +0100] "GET /pf.gif HTTP/1.1" 200 62 "http://www.morusverlag.de/buecher/diskussion.html" "Mozilla/5.0 (Linux; Android 5.1; HUAWEI LYO-L21) AppleWebKit/537.36 (KHTML, like Gecko) Chrome/87.0.4280.141 Mobile Safari/537.36"
87.156.37.186 - - [14/Jan/2021:17:36:13 +0100] "GET /strich.gif HTTP/1.1" 200 45 "http://www.morusverlag.de/buecher/diskussion.html" "Mozilla/5.0 (Linux; Android 5.1; HUAWEI LYO-L21) AppleWebKit/537.36 (KHTML, like Gecko) Chrome/87.0.4280.141 Mobile Safari/537.36"
87.156.37.186 - - [14/Jan/2021:17:36:14 +0100] "GET /favicon.ico HTTP/1.1" 200 4286 "http://www.morusverlag.de/buecher/diskussion.html" "Mozilla/5.0 (Linux; Android 5.1; HUAWEI LYO-L21) AppleWebKit/537.36 (KHTML, like Gecko) Chrome/87.0.4280.141 Mobile Safari/537.36"
