79.205.31.26 - - [15/Jan/2021:19:35:22 +0100] "GET /cds/index.html HTTP/1.1" 200 7987 "http://www.morusverlag.de/cds/hymnos_akathistos.html" "Mozilla/5.0 (Windows NT 10.0; Win64; x64) AppleWebKit/537.36 (KHTML, like Gecko) Chrome/87.0.4280.141 Safari/537.36 Edg/87.0.664.75"
79.205.31.26 - - [15/Jan/2021:19:35:23 +0100] "GET /cds/ignatius_k.jpg HTTP/1.1" 200 3965 "http://www.morusverlag.de/cds/index.html" "Mozilla/5.0 (Windows NT 10.0; Win64; x64) AppleWebKit/537.36 (KHTML, like Gecko) Chrome/87.0.4280.141 Safari/537.36 Edg/87.0.664.75"
79.205.31.26 - - [15/Jan/2021:19:35:23 +0100] "GET /cds/rosarium_k.jpg HTTP/1.1" 200 3972 "http://www.morusverlag.de/cds/index.html" "Mozilla/5.0 (Windows NT 10.0; Win64; x64) AppleWebKit/537.36 (KHTML, like Gecko) Chrome/87.0.4280.141 Safari/537.36 Edg/87.0.664.75"
79.205.31.26 - - [15/Jan/2021:19:35:23 +0100] "GET /cds/hymnos_k.jpg HTTP/1.1" 200 4986 "http://www.morusverlag.de/cds/index.html" "Mozilla/5.0 (Windows NT 10.0; Win64; x64) AppleWebKit/537.36 (KHTML, like Gecko) Chrome/87.0.4280.141 Safari/537.36 Edg/87.0.664.75"
79.205.31.26 - - [15/Jan/2021:19:35:23 +0100] "GET /cds/glockenspiel1_k.jpg HTTP/1.1" 200 5641 "http://www.morusverlag.de/cds/index.html" "Mozilla/5.0 (Windows NT 10.0; Win64; x64) AppleWebKit/537.36 (KHTML, like Gecko) Chrome/87.0.4280.141 Safari/537.36 Edg/87.0.664.75"
79.205.31.26 - - [15/Jan/2021:19:35:23 +0100] "GET /cds/glockenspiel2_k.jpg HTTP/1.1" 200 5265 "http://www.morusverlag.de/cds/index.html" "Mozilla/5.0 (Windows NT 10.0; Win64; x64) AppleWebKit/537.36 (KHTML, like Gecko) Chrome/87.0.4280.141 Safari/537.36 Edg/87.0.664.75"
79.205.31.26 - - [15/Jan/2021:19:35:23 +0100] "GET /cds/lumina_k.jpg HTTP/1.1" 200 6053 "http://www.morusverlag.de/cds/index.html" "Mozilla/5.0 (Windows NT 10.0; Win64; x64) AppleWebKit/537.36 (KHTML, like Gecko) Chrome/87.0.4280.141 Safari/537.36 Edg/87.0.664.75"
79.205.31.26 - - [15/Jan/2021:19:35:23 +0100] "GET /cds/astazi_k.jpg HTTP/1.1" 200 6049 "http://www.morusverlag.de/cds/index.html" "Mozilla/5.0 (Windows NT 10.0; Win64; x64) AppleWebKit/537.36 (KHTML, like Gecko) Chrome/87.0.4280.141 Safari/537.36 Edg/87.0.664.75"
65.132.59.34 - - [15/Jan/2021:20:33:30 +0100] "GET /sonderthemen/ HTTP/1.1" 200 7102 "-" "Gigabot (https://www.gigablast.com/)"
65.132.59.34 - - [15/Jan/2021:20:35:02 +0100] "GET /robots.txt HTTP/1.1" 200 100 "-" "Gigabot (https://www.gigablast.com/)"
65.132.59.34 - - [15/Jan/2021:20:35:03 +0100] "GET /buecher/rezension_gesichter_u_geschichten.pdf HTTP/1.1" 200 223287 "-" "Gigabot (https://www.gigablast.com/)"
66.249.69.103 - - [15/Jan/2021:21:18:42 +0100] "GET /cds/hymnos_akathistos.html HTTP/1.1" 304 - "-" "Mozilla/5.0 (Linux; Android 6.0.1; Nexus 5X Build/MMB29P) AppleWebKit/537.36 (KHTML, like Gecko) Chrome/87.0.4280.90 Mobile Safari/537.36 (compatible; Googlebot/2.1; +http://www.google.com/bot.html)"
54.36.148.125 - - [15/Jan/2021:21:23:37 +0100] "GET /robots.txt HTTP/1.1" 200 100 "-" "Mozilla/5.0 (compatible; AhrefsBot/6.1; +http://ahrefs.com/robot/)"
66.249.69.109 - - [15/Jan/2021:21:57:58 +0100] "GET /aktuell.html HTTP/1.1" 404 2381 "-" "Mozilla/5.0 (Linux; Android 6.0.1; Nexus 5X Build/MMB29P) AppleWebKit/537.36 (KHTML, like Gecko) Chrome/87.0.4280.90 Mobile Safari/537.36 (compatible; Googlebot/2.1; +http://www.google.com/bot.html)"
77.1.8.62 - - [15/Jan/2021:22:35:08 +0100] "GET /cds/glockenspiel1.html HTTP/1.1" 200 9736 "https://www.google.de/" "Mozilla/5.0 (Windows NT 6.1; Win64; x64; rv:82.0) Gecko/20100101 Firefox/82.0 TO-Browser/TOB7.82.0.410_12"
77.1.8.62 - - [15/Jan/2021:22:35:08 +0100] "GET /main.css HTTP/1.1" 200 1439 "http://www.morusverlag.de/cds/glockenspiel1.html" "Mozilla/5.0 (Windows NT 6.1; Win64; x64; rv:82.0) Gecko/20100101 Firefox/82.0 TO-Browser/TOB7.82.0.410_12"
77.1.8.62 - - [15/Jan/2021:22:35:09 +0100] "GET /cds/glockenspiel1.jpg HTTP/1.1" 200 28614 "http://www.morusverlag.de/cds/glockenspiel1.html" "Mozilla/5.0 (Windows NT 6.1; Win64; x64; rv:82.0) Gecko/20100101 Firefox/82.0 TO-Browser/TOB7.82.0.410_12"
77.1.8.62 - - [15/Jan/2021:22:35:09 +0100] "GET /mv_g.gif HTTP/1.1" 200 4070 "http://www.morusverlag.de/cds/glockenspiel1.html" "Mozilla/5.0 (Windows NT 6.1; Win64; x64; rv:82.0) Gecko/20100101 Firefox/82.0 TO-Browser/TOB7.82.0.410_12"
77.1.8.62 - - [15/Jan/2021:22:35:09 +0100] "GET /pf.gif HTTP/1.1" 200 62 "http://www.morusverlag.de/cds/glockenspiel1.html" "Mozilla/5.0 (Windows NT 6.1; Win64; x64; rv:82.0) Gecko/20100101 Firefox/82.0 TO-Browser/TOB7.82.0.410_12"
77.1.8.62 - - [15/Jan/2021:22:35:09 +0100] "GET /logo_g.gif HTTP/1.1" 200 1301 "http://www.morusverlag.de/cds/glockenspiel1.html" "Mozilla/5.0 (Windows NT 6.1; Win64; x64; rv:82.0) Gecko/20100101 Firefox/82.0 TO-Browser/TOB7.82.0.410_12"
77.1.8.62 - - [15/Jan/2021:22:35:09 +0100] "GET /m.gif HTTP/1.1" 200 95 "http://www.morusverlag.de/cds/glockenspiel1.html" "Mozilla/5.0 (Windows NT 6.1; Win64; x64; rv:82.0) Gecko/20100101 Firefox/82.0 TO-Browser/TOB7.82.0.410_12"
77.1.8.62 - - [15/Jan/2021:22:35:10 +0100] "GET /strich.gif HTTP/1.1" 200 45 "http://www.morusverlag.de/cds/glockenspiel1.html" "Mozilla/5.0 (Windows NT 6.1; Win64; x64; rv:82.0) Gecko/20100101 Firefox/82.0 TO-Browser/TOB7.82.0.410_12"
77.1.8.62 - - [15/Jan/2021:22:35:10 +0100] "GET /favicon.ico HTTP/1.1" 200 4286 "http://www.morusverlag.de/cds/glockenspiel1.html" "Mozilla/5.0 (Windows NT 6.1; Win64; x64; rv:82.0) Gecko/20100101 Firefox/82.0 TO-Browser/TOB7.82.0.410_12"
77.1.8.62 - - [15/Jan/2021:22:35:53 +0100] "GET /cds/glockenspiel2.html HTTP/1.1" 200 9831 "http://www.morusverlag.de/cds/glockenspiel1.html" "Mozilla/5.0 (Windows NT 6.1; Win64; x64; rv:82.0) Gecko/20100101 Firefox/82.0 TO-Browser/TOB7.82.0.410_12"
77.1.8.62 - - [15/Jan/2021:22:35:53 +0100] "GET /cds/glockenspiel2.jpg HTTP/1.1" 200 28150 "http://www.morusverlag.de/cds/glockenspiel2.html" "Mozilla/5.0 (Windows NT 6.1; Win64; x64; rv:82.0) Gecko/20100101 Firefox/82.0 TO-Browser/TOB7.82.0.410_12"
77.1.8.62 - - [15/Jan/2021:22:35:54 +0100] "GET /favicon.ico HTTP/1.1" 200 4286 "http://www.morusverlag.de/cds/glockenspiel2.html" "Mozilla/5.0 (Windows NT 6.1; Win64; x64; rv:82.0) Gecko/20100101 Firefox/82.0 TO-Browser/TOB7.82.0.410_12"
148.251.50.77 - - [15/Jan/2021:22:42:36 +0100] "GET /sonderthemen/az1999.pdf HTTP/1.1" 200 1842982 "-" "Mozilla/5.0 (Windows NT 10.0; Win64; x64; rv:82.0) Gecko/20100101 Firefox/82.0"
88.198.36.62 - - [15/Jan/2021:22:42:36 +0100] "GET /sonderthemen/az1999.pdf HTTP/1.1" 200 1842982 "-" "Mozilla/5.0 (Windows NT 10.0; Win64; x64) AppleWebKit/537.36 (KHTML, like Gecko) Chrome/87.0.4280.67 Safari/537.36 Edg/87.0.664.47"
88.198.36.62 - - [15/Jan/2021:23:03:54 +0100] "GET /sonderthemen/sk2001.pdf HTTP/1.1" 200 3098589 "-" "Mozilla/5.0 (Macintosh; Intel Mac OS X 11_1_0) AppleWebKit/537.36 (KHTML, like Gecko) Chrome/87.0.4280.88 Safari/537.36"
178.63.51.106 - - [15/Jan/2021:23:03:56 +0100] "GET /sonderthemen/sk2001.pdf HTTP/1.1" 200 3098589 "-" "Mozilla/5.0 (Macintosh; Intel Mac OS X 10.15; rv:83.0) Gecko/20100101 Firefox/83.0"
168.119.11.187 - - [15/Jan/2021:23:04:15 +0100] "GET /sonderthemen/sk2001.pdf HTTP/1.1" 200 3098589 "-" "Mozilla/5.0 (X11; Linux x86_64; rv:82.0) Gecko/20100101 Firefox/82.0"
148.251.50.77 - - [15/Jan/2021:23:07:35 +0100] "GET /sonderthemen/oekt_extra3.pdf HTTP/1.1" 200 2109745 "-" "Mozilla/5.0 (Macintosh; Intel Mac OS X 10_15_7) AppleWebKit/605.1.15 (KHTML, like Gecko) Version/14.0.1 Safari/605.1.15"
78.46.94.83 - - [15/Jan/2021:23:07:36 +0100] "GET /sonderthemen/oekz2003.pdf HTTP/1.1" 200 4017017 "-" "Mozilla/5.0 (Macintosh; Intel Mac OS X 11_1_0) AppleWebKit/537.36 (KHTML, like Gecko) Chrome/87.0.4280.88 Safari/537.36"
95.216.96.243 - - [15/Jan/2021:23:46:15 +0100] "GET /buecher/rezensionen_nicht_auf_sand_gebaut.html HTTP/1.1" 200 6594 "http://www.morusverlag.de/buecher/index.html" "Mozilla/5.0 (compatible; SEOkicks; +https://www.seokicks.de/robot.html)"
95.216.96.243 - - [15/Jan/2021:23:46:18 +0100] "GET /buecher/rezensionen_leiblichkeit_und_zeitlichkeit.html HTTP/1.1" 200 8821 "http://www.morusverlag.de/buecher/index.html" "Mozilla/5.0 (compatible; SEOkicks; +https://www.seokicks.de/robot.html)"
95.216.96.243 - - [15/Jan/2021:23:46:21 +0100] "GET /buecher/rezensionen_preysing.html HTTP/1.1" 200 9502 "http://www.morusverlag.de/buecher/index.html" "Mozilla/5.0 (compatible; SEOkicks; +https://www.seokicks.de/robot.html)"
95.216.96.243 - - [15/Jan/2021:23:46:23 +0100] "GET /cds/glockenspiel1.html HTTP/1.1" 200 9736 "http://www.morusverlag.de/cds/index.html" "Mozilla/5.0 (compatible; SEOkicks; +https://www.seokicks.de/robot.html)"
95.216.96.243 - - [15/Jan/2021:23:46:25 +0100] "GET /cds/glockenspiel2.html HTTP/1.1" 200 9831 "http://www.morusverlag.de/cds/index.html" "Mozilla/5.0 (compatible; SEOkicks; +https://www.seokicks.de/robot.html)"
95.216.96.243 - - [15/Jan/2021:23:46:27 +0100] "GET /cds/lumina.html HTTP/1.1" 200 9000 "http://www.morusverlag.de/cds/index.html" "Mozilla/5.0 (compatible; SEOkicks; +https://www.seokicks.de/robot.html)"
95.216.96.243 - - [15/Jan/2021:23:46:28 +0100] "GET /cds/astazi.html HTTP/1.1" 200 8453 "http://www.morusverlag.de/cds/index.html" "Mozilla/5.0 (compatible; SEOkicks; +https://www.seokicks.de/robot.html)"
95.216.96.243 - - [15/Jan/2021:23:46:30 +0100] "GET /jahrbuch/titelseiten/index.html HTTP/1.1" 200 6735 "http://www.morusverlag.de/jahrbuch/index.html" "Mozilla/5.0 (compatible; SEOkicks; +https://www.seokicks.de/robot.html)"
95.216.96.243 - - [15/Jan/2021:23:46:44 +0100] "GET /jahrbuch/bestellung.php HTTP/1.1" 200 10316 "http://www.morusverlag.de/jahrbuch/index.html" "Mozilla/5.0 (compatible; SEOkicks; +https://www.seokicks.de/robot.html)"
95.216.96.243 - - [15/Jan/2021:23:46:46 +0100] "GET /sonderthemen/archiv.html HTTP/1.1" 200 6959 "http://www.morusverlag.de/sonderthemen/index.html" "Mozilla/5.0 (compatible; SEOkicks; +https://www.seokicks.de/robot.html)"
95.216.96.243 - - [15/Jan/2021:23:46:49 +0100] "GET /sonderthemen/presse.html HTTP/1.1" 200 5772 "http://www.morusverlag.de/sonderthemen/index.html" "Mozilla/5.0 (compatible; SEOkicks; +https://www.seokicks.de/robot.html)"
13.66.139.100 - - [16/Jan/2021:00:16:04 +0100] "GET /jahrbuch/index.html HTTP/1.1" 200 3956 "-" "Mozilla/5.0 (compatible; bingbot/2.0; +http://www.bing.com/bingbot.htm)"
13.66.139.100 - - [16/Jan/2021:00:16:05 +0100] "GET /cds/lumina.html HTTP/1.1" 200 9000 "-" "Mozilla/5.0 (compatible; bingbot/2.0; +http://www.bing.com/bingbot.htm)"
54.36.148.244 - - [16/Jan/2021:00:36:28 +0100] "GET /cds/glockenspiel1.html HTTP/1.1" 200 9736 "-" "Mozilla/5.0 (compatible; AhrefsBot/7.0; +http://ahrefs.com/robot/)"
88.198.36.62 - - [16/Jan/2021:00:55:49 +0100] "GET /sonderthemen/oekt_extra1.pdf HTTP/1.1" 200 1849015 "-" "Mozilla/5.0 (Windows NT 6.1; Win64; x64) AppleWebKit/537.36 (KHTML, like Gecko) Chrome/87.0.4280.88 Safari/537.36"
168.119.69.91 - - [16/Jan/2021:01:24:27 +0100] "GET /sonderthemen/oekt_extra3.pdf HTTP/1.1" 200 2109745 "-" "Mozilla/5.0 (Windows NT 6.1; Win64; x64; rv:83.0) Gecko/20100101 Firefox/83.0"
46.4.83.150 - - [16/Jan/2021:01:24:40 +0100] "GET /sonderthemen/oekt_extra3.pdf HTTP/1.1" 200 2109745 "-" "Mozilla/5.0 (Windows NT 6.3; Win64; x64; rv:83.0) Gecko/20100101 Firefox/83.0"
62.75.158.192 - - [16/Jan/2021:02:00:29 +0100] "HEAD / HTTP/1.1" 200 - "-" "onlinestreet Bot: URL Status Check (https://onlinestreet.de/)"
66.249.69.109 - - [16/Jan/2021:02:50:16 +0100] "GET / HTTP/1.1" 200 9360 "-" "Mozilla/5.0 (compatible; Googlebot/2.1; +http://www.google.com/bot.html)"
140.203.12.8 - - [16/Jan/2021:03:20:01 +0100] "HEAD / HTTP/1.1" 200 - "-" "Java/1.6.0_23"
193.124.191.92 - - [16/Jan/2021:03:24:08 +0100] "HEAD / HTTP/1.1" 200 - "https://www.tsekhovik.com.ua/pamyatniki/pamyatniki-iz-mramora.html" "Mozilla/7.0 (compatible; MSIE7.00; Windows 2007)"
95.163.255.13 - - [16/Jan/2021:04:11:46 +0100] "GET /robots.txt HTTP/1.0" 200 100 "-" "Mozilla/5.0 (compatible; Linux x86_64; Mail.RU_Bot/2.0; +http://go.mail.ru/help/robots)"
95.163.255.16 - - [16/Jan/2021:04:11:52 +0100] "GET /sonderthemen/oeaz2001.pdf HTTP/1.1" 200 4496626 "-" "Mozilla/5.0 (compatible; Linux x86_64; Mail.RU_Bot/2.0; +http://go.mail.ru/help/robots)"
40.77.167.12 - - [16/Jan/2021:04:25:26 +0100] "GET /cds/hymnos_akathistos.html HTTP/1.1" 200 11061 "-" "Mozilla/5.0 (compatible; bingbot/2.0; +http://www.bing.com/bingbot.htm)"
40.77.167.12 - - [16/Jan/2021:04:52:31 +0100] "GET / HTTP/1.1" 304 - "-" "Mozilla/5.0 (compatible; bingbot/2.0; +http://www.bing.com/bingbot.htm)"
168.119.11.187 - - [16/Jan/2021:05:12:49 +0100] "GET /sonderthemen/sk2000.pdf HTTP/1.1" 200 2925489 "-" "Mozilla/5.0 (Windows NT 10.0; Win64; x64; rv:82.0) Gecko/20100101 Firefox/82.0"
178.63.51.106 - - [16/Jan/2021:05:12:56 +0100] "GET /sonderthemen/sk2000.pdf HTTP/1.1" 200 2925489 "-" "Mozilla/5.0 (Windows NT 10.0; Win64; x64) AppleWebKit/537.36 (KHTML, like Gecko) Chrome/86.0.4240.193 Safari/537.36"
162.210.196.100 - - [16/Jan/2021:05:32:46 +0100] "GET /robots.txt HTTP/1.1" 200 100 "-" "Mozilla/5.0 (compatible; MJ12bot/v1.4.8; http://mj12bot.com/)"
162.210.196.100 - - [16/Jan/2021:05:32:50 +0100] "GET / HTTP/1.1" 200 9360 "-" "Mozilla/5.0 (compatible; MJ12bot/v1.4.8; http://mj12bot.com/)"
54.36.148.244 - - [16/Jan/2021:05:44:04 +0100] "GET /buecher/rezensionen_chateaubriand.html HTTP/1.1" 200 47317 "-" "Mozilla/5.0 (compatible; AhrefsBot/7.0; +http://ahrefs.com/robot/)"
193.124.188.83 - - [16/Jan/2021:05:50:53 +0100] "HEAD / HTTP/1.1" 200 - "https://findmerr.com/" "Mozilla/2.0 (compatible; MSIE6.00; Windows 2004)"
193.124.188.188 - - [16/Jan/2021:05:50:53 +0100] "HEAD / HTTP/1.1" 200 - "https://tidenstudio.com/" "Mozilla/5.0 (compatible; MSIE4.00; Windows 2003)"
194.67.210.77 - - [16/Jan/2021:05:50:53 +0100] "HEAD / HTTP/1.1" 200 - "https://resurs-2012.ru/zakazat-esse" "Mozilla/5.0 (compatible; MSIE4.00; Windows 2005)"
185.125.219.13 - - [16/Jan/2021:05:50:53 +0100] "HEAD / HTTP/1.1" 200 - "https://yandex.ru/search/?text=%D0%B7%D0%B0%D0%B9%D0%BC%20%D0%BE%D0%BD%D0%BB%D0%B0%D0%B9%D0%BD&lr=1&site=zaym-onlayn24.ru" "Mozilla/2.0 (compatible; MSIE2.00; Windows 2008)"
193.124.190.18 - - [16/Jan/2021:05:50:53 +0100] "HEAD / HTTP/1.1" 200 - "https://voltik.kz/" "Mozilla/7.0 (compatible; MSIE5.00; Windows 2002)"
185.5.249.185 - - [16/Jan/2021:05:50:55 +0100] "HEAD / HTTP/1.1" 200 - "https://gooool365.org" "Mozilla/4.0 (compatible; MSIE6.00; Windows 2007)"
194.67.207.94 - - [16/Jan/2021:05:50:55 +0100] "HEAD / HTTP/1.1" 200 - "https://zelands.ru/knigi-o-transerfinge/" "Mozilla/4.0 (compatible; MSIE7.00; Windows 2002)"
45.132.107.248 - - [16/Jan/2021:05:52:28 +0100] "HEAD / HTTP/1.1" 200 - "https://alfa-helping.ru/karta-mir" "Mozilla/3.0 (compatible; MSIE4.00; Windows 2005)"
185.241.52.68 - - [16/Jan/2021:05:52:28 +0100] "HEAD / HTTP/1.1" 200 - "https://lemurmedia.ru/medicina/" "Mozilla/6.0 (compatible; MSIE4.00; Windows 2006)"
185.224.132.45 - - [16/Jan/2021:05:52:28 +0100] "HEAD / HTTP/1.1" 200 - "https://dlpsoftware.ru/" "Mozilla/3.0 (compatible; MSIE4.00; Windows 2003)"
185.203.240.129 - - [16/Jan/2021:05:52:30 +0100] "HEAD / HTTP/1.1" 200 - "https://recirkulatoru.ru/brands/azov/" "Mozilla/6.0 (compatible; MSIE7.00; Windows 2002)"
212.86.109.31 - - [16/Jan/2021:05:52:30 +0100] "HEAD / HTTP/1.1" 200 - "https://pro-internetmarketing.ru/news" "Mozilla/7.0 (compatible; MSIE6.00; Windows 2005)"
77.220.215.153 - - [16/Jan/2021:05:52:30 +0100] "HEAD / HTTP/1.1" 200 - "https://zvometall.ru/catalog/gnutiy-shveller/" "Mozilla/2.0 (compatible; MSIE3.00; Windows 2002)"
185.209.20.147 - - [16/Jan/2021:05:52:31 +0100] "HEAD / HTTP/1.1" 200 - "https://betonmospro.ru/beton-m150-b125/" "Mozilla/4.0 (compatible; MSIE4.00; Windows 2007)"
85.209.89.217 - - [16/Jan/2021:05:55:29 +0100] "HEAD / HTTP/1.1" 200 - "https://restvannaspb.ru/service/bathroom-repairs/" "Mozilla/7.0 (compatible; MSIE6.00; Windows 2008)"
85.209.89.205 - - [16/Jan/2021:05:55:30 +0100] "HEAD / HTTP/1.1" 200 - "https://pishestroy.ru/category/nedvizhimost-za-granicej/" "Mozilla/8.0 (compatible; MSIE5.00; Windows 2007)"
85.209.89.241 - - [16/Jan/2021:05:55:30 +0100] "HEAD / HTTP/1.1" 200 - "https://urok-otvet.ru" "Mozilla/3.0 (compatible; MSIE2.00; Windows 2004)"
85.209.89.216 - - [16/Jan/2021:05:55:30 +0100] "HEAD / HTTP/1.1" 200 - "http://kosmet.by" "Mozilla/5.0 (compatible; MSIE5.00; Windows 2006)"
85.209.89.224 - - [16/Jan/2021:05:55:30 +0100] "HEAD / HTTP/1.1" 200 - "https://forvard42.ru" "Mozilla/7.0 (compatible; MSIE5.00; Windows 2002)"
194.67.207.9 - - [16/Jan/2021:06:08:22 +0100] "HEAD / HTTP/1.1" 200 - "https://tbox.kz/cartridge/" "Mozilla/3.0 (compatible; MSIE6.00; Windows 2008)"
95.216.96.243 - - [16/Jan/2021:06:08:55 +0100] "GET /buecher/rezensionen_ignatius.html HTTP/1.1" 200 8182 "http://www.morusverlag.de/cds/ignatius.html" "Mozilla/5.0 (compatible; SEOkicks; +https://www.seokicks.de/robot.html)"
95.216.96.243 - - [16/Jan/2021:06:08:58 +0100] "GET /buecher/rezensionen.html HTTP/1.1" 200 6964 "http://www.morusverlag.de/buecher/rezensionen_chateaubriand.html" "Mozilla/5.0 (compatible; SEOkicks; +https://www.seokicks.de/robot.html)"
95.216.96.243 - - [16/Jan/2021:06:09:04 +0100] "GET /buecher/rezensionen_ungeteilt.html HTTP/1.1" 200 9764 "http://www.morusverlag.de/buecher/rezensionen.html" "Mozilla/5.0 (compatible; SEOkicks; +https://www.seokicks.de/robot.html)"
66.249.69.109 - - [16/Jan/2021:06:22:34 +0100] "GET / HTTP/1.1" 200 9360 "-" "Mozilla/5.0 (Linux; Android 6.0.1; Nexus 5X Build/MMB29P) AppleWebKit/537.36 (KHTML, like Gecko) Chrome/87.0.4280.90 Mobile Safari/537.36 (compatible; Googlebot/2.1; +http://www.google.com/bot.html)"
66.249.69.109 - - [16/Jan/2021:06:42:53 +0100] "GET /kontakt/ HTTP/1.1" 304 - "-" "Mozilla/5.0 (Linux; Android 6.0.1; Nexus 5X Build/MMB29P) AppleWebKit/537.36 (KHTML, like Gecko) Chrome/87.0.4280.90 Mobile Safari/537.36 (compatible; Googlebot/2.1; +http://www.google.com/bot.html)"
88.198.36.62 - - [16/Jan/2021:06:50:02 +0100] "GET /sonderthemen/oekt_extra2.pdf HTTP/1.1" 200 1939949 "-" "Mozilla/5.0 (Macintosh; Intel Mac OS X 10_13_6) AppleWebKit/537.36 (KHTML, like Gecko) Chrome/87.0.4280.67 Safari/537.36"
144.76.102.243 - - [16/Jan/2021:07:48:05 +0100] "GET /sonderthemen/oekz2003.pdf HTTP/1.1" 200 4017017 "-" "Mozilla/5.0 (Windows NT 10.0; Win64; x64) AppleWebKit/537.36 (KHTML, like Gecko) Chrome/86.0.4240.198 Safari/537.36 Edg/86.0.622.69"
88.198.36.62 - - [16/Jan/2021:07:48:16 +0100] "GET /sonderthemen/oekz2003.pdf HTTP/1.1" 200 4017017 "-" "Mozilla/5.0 (Macintosh; Intel Mac OS X 10_13_6) AppleWebKit/537.36 (KHTML, like Gecko) Chrome/86.0.4240.198 Safari/537.36"
178.63.51.106 - - [16/Jan/2021:07:50:07 +0100] "GET /sonderthemen/sk2000.pdf HTTP/1.1" 200 2925489 "-" "Mozilla/5.0 (Windows NT 10.0; Win64; x64) AppleWebKit/537.36 (KHTML, like Gecko) Chrome/87.0.4280.101 Safari/537.36"
148.251.50.77 - - [16/Jan/2021:07:50:54 +0100] "GET /sonderthemen/sk2000.pdf HTTP/1.1" 200 2925489 "-" "Mozilla/5.0 (Windows NT 10.0; Win64; x64) AppleWebKit/537.36 (KHTML, like Gecko) Chrome/86.0.4240.198 Safari/537.36"
114.119.154.200 - - [16/Jan/2021:07:56:34 +0100] "GET /robots.txt HTTP/1.1" 200 100 "-" "(compatible;PetalBot;+https://aspiegel.com/petalbot)"
185.191.171.1 - - [16/Jan/2021:07:59:02 +0100] "GET /robots.txt HTTP/1.1" 200 100 "-" "Mozilla/5.0 (compatible; SemrushBot/7~bl; +http://www.semrush.com/bot.html)"
185.191.171.25 - - [16/Jan/2021:07:59:03 +0100] "GET /buecher/index.html HTTP/1.1" 200 25885 "-" "Mozilla/5.0 (compatible; SemrushBot/7~bl; +http://www.semrush.com/bot.html)"
168.119.69.91 - - [16/Jan/2021:08:13:31 +0100] "GET /sonderthemen/sk2002.pdf HTTP/1.1" 200 2628923 "-" "Mozilla/5.0 (Macintosh; Intel Mac OS X 10_15_6) AppleWebKit/605.1.15 (KHTML, like Gecko) Version/14.0 Safari/605.1.15"
168.119.11.187 - - [16/Jan/2021:08:14:03 +0100] "GET /sonderthemen/sk2002.pdf HTTP/1.1" 200 2628923 "-" "Mozilla/5.0 (X11; Ubuntu; Linux x86_64; rv:83.0) Gecko/20100101 Firefox/83.0"
185.191.171.43 - - [16/Jan/2021:08:14:39 +0100] "GET /kontakt/index.html HTTP/1.1" 200 2896 "-" "Mozilla/5.0 (compatible; SemrushBot/7~bl; +http://www.semrush.com/bot.html)"
185.191.171.10 - - [16/Jan/2021:08:38:31 +0100] "GET /jahrbuch/bestellung.php HTTP/1.1" 200 10316 "-" "Mozilla/5.0 (compatible; SemrushBot/7~bl; +http://www.semrush.com/bot.html)"
185.191.171.40 - - [16/Jan/2021:09:12:27 +0100] "GET /robots.txt HTTP/1.1" 200 100 "-" "Mozilla/5.0 (compatible; SemrushBot/7~bl; +http://www.semrush.com/bot.html)"
185.191.171.7 - - [16/Jan/2021:09:12:27 +0100] "GET / HTTP/1.1" 200 9360 "-" "Mozilla/5.0 (compatible; SemrushBot/7~bl; +http://www.semrush.com/bot.html)"
66.249.69.105 - - [16/Jan/2021:09:33:03 +0100] "GET /sonderthemen/az1999.pdf HTTP/1.1" 304 - "-" "Mozilla/5.0 (Linux; Android 6.0.1; Nexus 5X Build/MMB29P) AppleWebKit/537.36 (KHTML, like Gecko) Chrome/87.0.4280.90 Mobile Safari/537.36 (compatible; Googlebot/2.1; +http://www.google.com/bot.html)"
114.119.145.52 - - [16/Jan/2021:09:45:01 +0100] "GET /robots.txt HTTP/1.1" 200 100 "-" "(compatible;PetalBot;+https://aspiegel.com/petalbot)"
66.249.69.107 - - [16/Jan/2021:10:33:54 +0100] "GET /cds/lumina.html HTTP/1.1" 304 - "-" "Mozilla/5.0 (Linux; Android 6.0.1; Nexus 5X Build/MMB29P) AppleWebKit/537.36 (KHTML, like Gecko) Chrome/87.0.4280.90 Mobile Safari/537.36 (compatible; Googlebot/2.1; +http://www.google.com/bot.html)"
77.75.76.169 - - [16/Jan/2021:10:48:06 +0100] "GET /robots.txt HTTP/1.1" 200 100 "-" "Mozilla/5.0 (compatible; SeznamBot/3.2; +http://napoveda.seznam.cz/en/seznambot-intro/)"
77.75.76.169 - - [16/Jan/2021:10:48:07 +0100] "GET /sonderthemen/oekt_extra1.pdf HTTP/1.1" 304 - "-" "Mozilla/5.0 (compatible; SeznamBot/3.2; +http://napoveda.seznam.cz/en/seznambot-intro/)"
178.63.51.106 - - [16/Jan/2021:11:08:36 +0100] "GET /buecher/ HTTP/1.1" 200 25885 "-" "Mozilla/5.0 (Windows NT 10.0; Win64; x64) AppleWebKit/537.36 (KHTML, like Gecko) Chrome/85.0.4183.121 Safari/537.36"
168.119.11.187 - - [16/Jan/2021:11:08:37 +0100] "GET /buecher/index.html HTTP/1.1" 200 25885 "-" "Mozilla/5.0 (X11; Ubuntu; Linux x86_64; rv:83.0) Gecko/20100101 Firefox/83.0"
88.198.36.62 - - [16/Jan/2021:11:09:02 +0100] "GET /buecher/index.html HTTP/1.1" 200 25885 "-" "Mozilla/5.0 (Macintosh; Intel Mac OS X 10.15; rv:82.0) Gecko/20100101 Firefox/82.0"
168.119.11.187 - - [16/Jan/2021:11:09:04 +0100] "GET /buecher/index.html HTTP/1.1" 200 25885 "-" "Mozilla/5.0 (X11; Linux x86_64) AppleWebKit/537.36 (KHTML, like Gecko) Chrome/86.0.4240.111 Safari/537.36"
144.76.102.243 - - [16/Jan/2021:11:35:19 +0100] "GET /sonderthemen/az1999.pdf HTTP/1.1" 200 1842982 "-" "Mozilla/5.0 (Macintosh; Intel Mac OS X 10_15_6) AppleWebKit/537.36 (KHTML, like Gecko) Chrome/87.0.4280.67 Safari/537.36"
168.119.11.187 - - [16/Jan/2021:11:35:07 +0100] "GET /sonderthemen/az1999.pdf HTTP/1.1" 200 1842982 "-" "Mozilla/5.0 (Windows NT 10.0; Win64; x64; rv:83.0) Gecko/20100101 Firefox/83.0"
66.249.69.107 - - [16/Jan/2021:12:25:16 +0100] "GET /buecher/rezensionen_preysing.html HTTP/1.1" 304 - "-" "Mozilla/5.0 (Linux; Android 6.0.1; Nexus 5X Build/MMB29P) AppleWebKit/537.36 (KHTML, like Gecko) Chrome/87.0.4280.90 Mobile Safari/537.36 (compatible; Googlebot/2.1; +http://www.google.com/bot.html)"
54.36.148.68 - - [16/Jan/2021:12:27:01 +0100] "GET /impressum.html HTTP/1.1" 200 2808 "-" "Mozilla/5.0 (compatible; AhrefsBot/7.0; +http://ahrefs.com/robot/)"
77.75.79.95 - - [16/Jan/2021:12:43:55 +0100] "GET /robots.txt HTTP/1.1" 200 100 "-" "Mozilla/5.0 (compatible; SeznamBot/3.2; +http://napoveda.seznam.cz/en/seznambot-intro/)"
77.75.79.95 - - [16/Jan/2021:12:43:55 +0100] "GET /jahrbuch/index.html HTTP/1.1" 304 - "-" "Mozilla/5.0 (compatible; SeznamBot/3.2; +http://napoveda.seznam.cz/en/seznambot-intro/)"
178.63.51.106 - - [16/Jan/2021:13:15:06 +0100] "GET /sonderthemen/sk2002.pdf HTTP/1.1" 200 2628923 "-" "Mozilla/5.0 (X11; Linux x86_64) AppleWebKit/537.36 (KHTML, like Gecko) Chrome/87.0.4280.67 Safari/537.36"
178.63.51.106 - - [16/Jan/2021:13:15:24 +0100] "GET /sonderthemen/sk2002.pdf HTTP/1.1" 200 2628923 "-" "Mozilla/5.0 (Macintosh; Intel Mac OS X 11_0_1) AppleWebKit/537.36 (KHTML, like Gecko) Chrome/87.0.4280.67 Safari/537.36"
185.191.171.41 - - [16/Jan/2021:14:07:14 +0100] "GET /robots.txt HTTP/1.1" 200 100 "-" "Mozilla/5.0 (compatible; SemrushBot/7~bl; +http://www.semrush.com/bot.html)"
185.191.171.45 - - [16/Jan/2021:14:07:14 +0100] "GET /search.php HTTP/1.1" 200 2027 "-" "Mozilla/5.0 (compatible; SemrushBot/7~bl; +http://www.semrush.com/bot.html)"
78.46.94.83 - - [16/Jan/2021:14:31:53 +0100] "GET /buecher/ HTTP/1.1" 200 25885 "-" "Mozilla/5.0 (X11; Linux x86_64; rv:78.0) Gecko/20100101 Firefox/78.0"
78.46.90.120 - - [16/Jan/2021:14:59:31 +0100] "GET /sonderthemen/az2003.pdf HTTP/1.1" 200 4864675 "-" "Mozilla/5.0 (X11; Linux x86_64; rv:78.0) Gecko/20100101 Firefox/78.0"
168.119.11.187 - - [16/Jan/2021:14:59:41 +0100] "GET /sonderthemen/az2003.pdf HTTP/1.1" 200 4864675 "-" "Mozilla/5.0 (Macintosh; Intel Mac OS X 11_0_1) AppleWebKit/537.36 (KHTML, like Gecko) Chrome/87.0.4280.67 Safari/537.36"
168.119.11.187 - - [16/Jan/2021:14:59:12 +0100] "GET /sonderthemen/az2003.pdf HTTP/1.1" 200 4864675 "-" "Mozilla/5.0 (Macintosh; Intel Mac OS X 10_15_7) AppleWebKit/537.36 (KHTML, like Gecko) Chrome/87.0.4280.88 Safari/537.36"
178.63.51.106 - - [16/Jan/2021:15:00:05 +0100] "GET /buecher/ HTTP/1.1" 200 25885 "-" "Mozilla/5.0 (Windows NT 10.0; Win64; x64) AppleWebKit/537.36 (KHTML, like Gecko) Chrome/86.0.4240.198 Safari/537.36"
144.76.162.206 - - [16/Jan/2021:15:00:05 +0100] "GET /buecher/index.html HTTP/1.1" 200 25885 "-" "Mozilla/5.0 (X11; Linux x86_64) AppleWebKit/537.36 (KHTML, like Gecko) Chrome/86.0.4240.111 Safari/537.36"
88.198.43.207 - - [16/Jan/2021:15:00:06 +0100] "GET /buecher/ HTTP/1.1" 200 25885 "-" "Mozilla/5.0 (Macintosh; Intel Mac OS X 10_14_6) AppleWebKit/537.36 (KHTML, like Gecko) Chrome/86.0.4240.198 Safari/537.36"
88.198.90.9 - - [16/Jan/2021:15:00:18 +0100] "GET /buecher/index.html HTTP/1.1" 200 25885 "-" "Mozilla/5.0 (Macintosh; Intel Mac OS X 10_14_6) AppleWebKit/537.36 (KHTML, like Gecko) Chrome/87.0.4280.88 Safari/537.36"
13.66.139.100 - - [16/Jan/2021:15:21:51 +0100] "GET /gotteslob/ HTTP/1.1" 200 2770 "-" "Mozilla/5.0 (compatible; bingbot/2.0; +http://www.bing.com/bingbot.htm)"
88.198.36.62 - - [16/Jan/2021:15:26:31 +0100] "GET /sonderthemen/oekt_extra2.pdf HTTP/1.1" 200 1939949 "-" "Mozilla/5.0 (X11; Ubuntu; Linux x86_64; rv:77.0) Gecko/20100101 Firefox/77.0"
144.76.162.206 - - [16/Jan/2021:15:26:33 +0100] "GET /sonderthemen/oekt_extra3.pdf HTTP/1.1" 200 2109745 "-" "Mozilla/5.0 (X11; Linux x86_64) AppleWebKit/537.36 (KHTML, like Gecko) Chrome/87.0.4280.88 Safari/537.36"
168.119.69.91 - - [16/Jan/2021:15:26:56 +0100] "GET /sonderthemen/oekt_extra3.pdf HTTP/1.1" 200 2109745 "-" "Mozilla/5.0 (Windows NT 10.0; Win64; x64) AppleWebKit/537.36 (KHTML, like Gecko) Chrome/86.0.4240.183 Safari/537.36 OPR/72.0.3815.320"
88.198.43.207 - - [16/Jan/2021:15:27:10 +0100] "GET /sonderthemen/oekt_extra3.pdf HTTP/1.1" 200 2109745 "-" "Mozilla/5.0 (Macintosh; Intel Mac OS X 10_15_6) AppleWebKit/537.36 (KHTML, like Gecko) Chrome/86.0.4240.198 Safari/537.36"
77.75.76.162 - - [16/Jan/2021:15:30:12 +0100] "GET /robots.txt HTTP/1.1" 200 100 "-" "Mozilla/5.0 (compatible; SeznamBot/3.2; +http://napoveda.seznam.cz/en/seznambot-intro/)"
77.75.76.162 - - [16/Jan/2021:15:30:13 +0100] "GET /buecher/index.html HTTP/1.1" 200 25885 "-" "Mozilla/5.0 (compatible; SeznamBot/3.2; +http://napoveda.seznam.cz/en/seznambot-intro/)"
148.251.50.77 - - [16/Jan/2021:16:21:55 +0100] "GET /sonderthemen/oekt_extra1.pdf HTTP/1.1" 200 1849015 "-" "Mozilla/5.0 (Macintosh; Intel Mac OS X 10_15_7) AppleWebKit/605.1.15 (KHTML, like Gecko) Version/14.0 Safari/605.1.15"
168.119.11.187 - - [16/Jan/2021:16:21:23 +0100] "GET /sonderthemen/oekt_extra1.pdf HTTP/1.1" 200 1849015 "-" "Mozilla/5.0 (Windows NT 10.0; Win64; x64) AppleWebKit/537.36 (KHTML, like Gecko) Chrome/87.0.4280.88 Safari/537.36"
13.66.139.100 - - [16/Jan/2021:16:29:38 +0100] "GET /jahrbuch/index.html HTTP/1.1" 200 3956 "-" "Mozilla/5.0 (compatible; bingbot/2.0; +http://www.bing.com/bingbot.htm)"
40.88.21.235 - - [16/Jan/2021:17:05:39 +0100] "GET / HTTP/1.1" 200 9360 "http://www.morusverlag.de/" "Mozilla/5.0 (compatible; DuckDuckGo-Favicons-Bot/1.0; +http://duckduckgo.com)"
40.88.21.235 - - [16/Jan/2021:17:05:39 +0100] "GET /favicon.ico HTTP/1.1" 200 4286 "http://www.morusverlag.de/favicon.ico" "Mozilla/5.0 (compatible; DuckDuckGo-Favicons-Bot/1.0; +http://duckduckgo.com)"
79.236.237.46 - - [16/Jan/2021:17:35:14 +0100] "GET /buecher/gesichter/17.jpg HTTP/1.1" 200 7587 "https://www.ecosia.org/" "Mozilla/5.0 (Windows NT 10.0; Win64; x64; rv:84.0) Gecko/20100101 Firefox/84.0"
54.158.192.7 - - [16/Jan/2021:17:36:57 +0100] "GET / HTTP/1.1" 200 9360 "-" "Mozilla/5.0 (X11; Linux x86_64) AppleWebKit/537.36 (KHTML, like Gecko) Chrome/58.0.3029.110 Safari/537.36"
82.83.37.180 - - [16/Jan/2021:18:04:29 +0100] "GET /sonderthemen/oeaz2001.pdf HTTP/1.1" 206 40178 "-" "Mozilla/5.0 (Windows NT 10.0; Win64; x64; rv:84.0) Gecko/20100101 Firefox/84.0"
82.83.37.180 - - [16/Jan/2021:18:04:29 +0100] "GET /favicon.ico HTTP/1.1" 200 4286 "http://www.morusverlag.de/sonderthemen/oeaz2001.pdf" "Mozilla/5.0 (Windows NT 10.0; Win64; x64; rv:84.0) Gecko/20100101 Firefox/84.0"
82.83.37.180 - - [16/Jan/2021:18:04:30 +0100] "GET /sonderthemen/oeaz2001.pdf HTTP/1.1" 206 65536 "-" "Mozilla/5.0 (Windows NT 10.0; Win64; x64; rv:84.0) Gecko/20100101 Firefox/84.0"
82.83.37.180 - - [16/Jan/2021:18:04:30 +0100] "GET /sonderthemen/oeaz2001.pdf HTTP/1.1" 206 65536 "-" "Mozilla/5.0 (Windows NT 10.0; Win64; x64; rv:84.0) Gecko/20100101 Firefox/84.0"
82.83.37.180 - - [16/Jan/2021:18:04:29 +0100] "GET /sonderthemen/oeaz2001.pdf HTTP/1.1" 200 4496626 "-" "Mozilla/5.0 (Windows NT 10.0; Win64; x64; rv:84.0) Gecko/20100101 Firefox/84.0"
54.36.148.82 - - [16/Jan/2021:18:58:48 +0100] "GET /kontakt/index.html HTTP/1.1" 200 2896 "-" "Mozilla/5.0 (compatible; AhrefsBot/7.0; +http://ahrefs.com/robot/)"
178.63.51.106 - - [16/Jan/2021:19:13:25 +0100] "GET /buecher/index.html HTTP/1.1" 200 25885 "-" "Mozilla/5.0 (Windows NT 10.0; Win64; x64) AppleWebKit/537.36 (KHTML, like Gecko) Chrome/87.0.4280.67 Safari/537.36 Edg/87.0.664.47"
78.46.90.120 - - [16/Jan/2021:19:30:43 +0100] "GET /sonderthemen/oekt_extra1.pdf HTTP/1.1" 200 1849015 "-" "Mozilla/5.0 (Macintosh; Intel Mac OS X 10.14; rv:83.0) Gecko/20100101 Firefox/83.0"
193.124.188.188 - - [16/Jan/2021:19:32:08 +0100] "HEAD / HTTP/1.1" 200 - "https://zaokotak.ru/" "Mozilla/2.0 (compatible; MSIE6.00; Windows 2009)"
193.124.191.92 - - [16/Jan/2021:19:34:59 +0100] "HEAD / HTTP/1.1" 200 - "https://nissan-auto.in/" "Mozilla/6.0 (compatible; MSIE2.00; Windows 2006)"
185.224.132.45 - - [16/Jan/2021:19:39:46 +0100] "HEAD / HTTP/1.1" 200 - "https://needmana.com/" "Mozilla/7.0 (compatible; MSIE7.00; Windows 2004)"
212.86.109.31 - - [16/Jan/2021:19:39:47 +0100] "HEAD / HTTP/1.1" 200 - "https://uadiplomy.com/" "Mozilla/8.0 (compatible; MSIE3.00; Windows 2007)"
185.209.20.147 - - [16/Jan/2021:19:39:47 +0100] "HEAD / HTTP/1.1" 200 - "https://vetamed.ru/" "Mozilla/2.0 (compatible; MSIE6.00; Windows 2005)"
185.203.240.129 - - [16/Jan/2021:19:39:48 +0100] "HEAD / HTTP/1.1" 200 - "https://sochi.melanikalab.ru/" "Mozilla/8.0 (compatible; MSIE2.00; Windows 2008)"
77.220.215.153 - - [16/Jan/2021:19:39:48 +0100] "HEAD / HTTP/1.1" 200 - "https://vapp.group/" "Mozilla/5.0 (compatible; MSIE4.00; Windows 2006)"
45.132.107.248 - - [16/Jan/2021:19:40:20 +0100] "HEAD / HTTP/1.1" 200 - "https://sportsfan.ru/" "Mozilla/8.0 (compatible; MSIE6.00; Windows 2003)"
85.209.89.217 - - [16/Jan/2021:19:41:13 +0100] "HEAD / HTTP/1.1" 200 - "https://redmetsplav.ru/" "Mozilla/6.0 (compatible; MSIE2.00; Windows 2002)"
85.209.89.205 - - [16/Jan/2021:19:41:13 +0100] "HEAD / HTTP/1.1" 200 - "https://loancards.online/" "Mozilla/8.0 (compatible; MSIE5.00; Windows 2007)"
185.241.52.68 - - [16/Jan/2021:19:41:19 +0100] "HEAD / HTTP/1.1" 200 - "https://advpalata.ru/" "Mozilla/6.0 (compatible; MSIE4.00; Windows 2005)"
85.209.89.224 - - [16/Jan/2021:19:42:09 +0100] "HEAD / HTTP/1.1" 200 - "https://ssoft.su/" "Mozilla/2.0 (compatible; MSIE3.00; Windows 2009)"
85.209.89.241 - - [16/Jan/2021:19:45:16 +0100] "HEAD / HTTP/1.1" 200 - "https://chistayrabota.ru/" "Mozilla/2.0 (compatible; MSIE6.00; Windows 2007)"
85.209.89.216 - - [16/Jan/2021:19:45:16 +0100] "HEAD / HTTP/1.1" 200 - "https://window-10.ru/" "Mozilla/4.0 (compatible; MSIE5.00; Windows 2005)"
144.76.102.243 - - [16/Jan/2021:19:53:15 +0100] "GET /sonderthemen/az2000.pdf HTTP/1.1" 200 2253581 "-" "Mozilla/5.0 (Windows NT 6.3; Win64; x64; rv:83.0) Gecko/20100101 Firefox/83.0"
194.67.210.77 - - [16/Jan/2021:19:54:48 +0100] "HEAD / HTTP/1.1" 200 - "https://noutboouk.ru/" "Mozilla/5.0 (compatible; MSIE2.00; Windows 2004)"
168.119.11.187 - - [16/Jan/2021:19:52:44 +0100] "GET /sonderthemen/az2000.pdf HTTP/1.1" 200 2253581 "-" "Mozilla/5.0 (Windows NT 10.0; Win64; x64) AppleWebKit/537.36 (KHTML, like Gecko) Chrome/76.0.3809.100 Safari/537.36"
168.119.11.187 - - [16/Jan/2021:19:54:41 +0100] "GET /sonderthemen/az2000.pdf HTTP/1.1" 200 2253581 "-" "Mozilla/5.0 (X11; Ubuntu; Linux x86_64; rv:77.0) Gecko/20100101 Firefox/77.0"
194.67.207.94 - - [16/Jan/2021:20:00:34 +0100] "HEAD / HTTP/1.1" 200 - "https://www.stroysmi.ru/" "Mozilla/4.0 (compatible; MSIE6.00; Windows 2009)"
185.5.249.185 - - [16/Jan/2021:20:00:35 +0100] "HEAD / HTTP/1.1" 200 - "https://malinaexpert.ru/" "Mozilla/5.0 (compatible; MSIE6.00; Windows 2004)"
185.125.219.13 - - [16/Jan/2021:20:00:35 +0100] "HEAD / HTTP/1.1" 200 - "https://deart-13.ru/" "Mozilla/5.0 (compatible; MSIE4.00; Windows 2005)"
194.67.207.9 - - [16/Jan/2021:20:00:35 +0100] "HEAD / HTTP/1.1" 200 - "https://ri.dp.ua/" "Mozilla/2.0 (compatible; MSIE4.00; Windows 2007)"
78.46.90.120 - - [16/Jan/2021:20:10:32 +0100] "GET /sonderthemen/oekt_extra2.pdf HTTP/1.1" 200 1939949 "-" "Mozilla/5.0 (Macintosh; Intel Mac OS X 10_15_6) AppleWebKit/605.1.15 (KHTML, like Gecko) Version/14.0.1 Safari/605.1.15"
168.119.11.187 - - [16/Jan/2021:20:22:21 +0100] "GET /sonderthemen/oekt_extra1.pdf HTTP/1.1" 200 1849015 "-" "Mozilla/5.0 (Macintosh; Intel Mac OS X 10_15_7) AppleWebKit/537.36 (KHTML, like Gecko) Chrome/87.0.4280.67 Safari/537.36"
178.63.51.106 - - [16/Jan/2021:20:41:22 +0100] "GET /sonderthemen/az2003.pdf HTTP/1.1" 200 4864675 "-" "Mozilla/5.0 (Macintosh; Intel Mac OS X 10_15_6) AppleWebKit/537.36 (KHTML, like Gecko) Chrome/86.0.4240.198 Safari/537.36"
168.119.69.91 - - [16/Jan/2021:20:49:24 +0100] "GET /sonderthemen/oekz2003.pdf HTTP/1.1" 200 4017017 "-" "Mozilla/5.0 (Windows NT 6.1; Win64; x64; rv:83.0) Gecko/20100101 Firefox/83.0"
168.119.69.91 - - [16/Jan/2021:21:23:35 +0100] "GET /sonderthemen/oekz2003.pdf HTTP/1.1" 200 4017017 "-" "Mozilla/5.0 (Windows NT 10.0; Win64; x64) AppleWebKit/537.36 (KHTML, like Gecko) Chrome/87.0.4280.88 Safari/537.36 Edg/87.0.664.60"
178.63.51.106 - - [16/Jan/2021:21:24:04 +0100] "GET /sonderthemen/oekz2003.pdf HTTP/1.1" 200 4017017 "-" "Mozilla/5.0 (Macintosh; Intel Mac OS X 11_0_0) AppleWebKit/537.36 (KHTML, like Gecko) Chrome/86.0.4240.198 Safari/537.36"
88.198.90.9 - - [16/Jan/2021:21:24:43 +0100] "GET /sonderthemen/oekz2003.pdf HTTP/1.1" 200 4017017 "-" "Mozilla/5.0 (Windows NT 10.0; Win64; x64) AppleWebKit/537.36 (KHTML, like Gecko) Chrome/87.0.4280.88 Safari/537.36 Edg/87.0.664.60"
168.119.69.91 - - [16/Jan/2021:21:29:25 +0100] "GET /sonderthemen/az2000.pdf HTTP/1.1" 200 2253581 "-" "Mozilla/5.0 (X11; Linux x86_64) AppleWebKit/537.36 (KHTML, like Gecko) Chrome/87.0.4280.66 Safari/537.36"
185.191.171.5 - - [16/Jan/2021:22:19:18 +0100] "GET /robots.txt HTTP/1.1" 200 100 "-" "Mozilla/5.0 (compatible; SemrushBot/7~bl; +http://www.semrush.com/bot.html)"
185.191.171.42 - - [16/Jan/2021:22:19:18 +0100] "GET /gotteslob/index.html HTTP/1.1" 200 2770 "-" "Mozilla/5.0 (compatible; SemrushBot/7~bl; +http://www.semrush.com/bot.html)"
78.46.90.120 - - [16/Jan/2021:22:21:36 +0100] "GET /sonderthemen/oekt_extra3.pdf HTTP/1.1" 200 2109745 "-" "Mozilla/5.0 (Macintosh; Intel Mac OS X 10_14_6) AppleWebKit/537.36 (KHTML, like Gecko) Chrome/87.0.4280.88 Safari/537.36"
54.36.148.15 - - [16/Jan/2021:22:32:00 +0100] "GET /robots.txt HTTP/1.1" 200 100 "-" "Mozilla/5.0 (compatible; AhrefsBot/6.1; +http://ahrefs.com/robot/)"
54.36.148.244 - - [16/Jan/2021:22:32:01 +0100] "GET /jahrbuch/index.html HTTP/1.1" 200 3956 "-" "Mozilla/5.0 (compatible; AhrefsBot/7.0; +http://ahrefs.com/robot/)"
178.63.51.106 - - [16/Jan/2021:23:00:29 +0100] "GET /sonderthemen/oeaz2002.pdf HTTP/1.1" 200 3161455 "-" "Mozilla/5.0 (Macintosh; Intel Mac OS X 10_13_6) AppleWebKit/537.36 (KHTML, like Gecko) Chrome/87.0.4280.67 Safari/537.36"
88.198.43.207 - - [16/Jan/2021:23:00:33 +0100] "GET /sonderthemen/oeaz2002.pdf HTTP/1.1" 200 3161455 "-" "Mozilla/5.0 (Macintosh; Intel Mac OS X 11_0_0) AppleWebKit/537.36 (KHTML, like Gecko) Chrome/86.0.4240.198 Safari/537.36"
157.55.39.47 - - [17/Jan/2021:00:04:01 +0100] "GET /robots.txt HTTP/1.1" 200 100 "-" "Mozilla/5.0 (compatible; bingbot/2.0; +http://www.bing.com/bingbot.htm)"
13.66.139.18 - - [17/Jan/2021:00:04:07 +0100] "GET /buecher/ HTTP/1.1" 200 25885 "-" "Mozilla/5.0 (compatible; bingbot/2.0; +http://www.bing.com/bingbot.htm)"
157.55.39.162 - - [17/Jan/2021:00:04:24 +0100] "GET /robots.txt HTTP/1.1" 200 100 "-" "Mozilla/5.0 (compatible; bingbot/2.0; +http://www.bing.com/bingbot.htm)"
157.55.39.162 - - [17/Jan/2021:00:04:25 +0100] "GET /robots.txt HTTP/1.1" 200 100 "-" "Mozilla/5.0 (compatible; bingbot/2.0; +http://www.bing.com/bingbot.htm)"
40.77.167.12 - - [17/Jan/2021:00:04:34 +0100] "GET /contentflow/contentflow.js HTTP/1.1" 200 42064 "-" "Mozilla/5.0 (compatible; bingbot/2.0; +http://www.bing.com/bingbot.htm)"
194.173.174.10 - - [17/Jan/2021:00:27:03 +0100] "HEAD / HTTP/1.1" 200 - "-" "Mozilla/5.0 (Windows NT 6.3; WOW64) AppleWebKit/537.36 (KHTML, like Gecko) Chrome/43.0.2357.134 Safari/537.36"
178.63.51.106 - - [17/Jan/2021:00:52:08 +0100] "GET /sonderthemen/oeaz2001.pdf HTTP/1.1" 200 4496626 "-" "Mozilla/5.0 (Macintosh; Intel Mac OS X 10_15_6) AppleWebKit/605.1.15 (KHTML, like Gecko) Version/14.0.1 Safari/605.1.15"
168.119.69.91 - - [17/Jan/2021:00:52:15 +0100] "GET /sonderthemen/sk2000.pdf HTTP/1.1" 200 2925489 "-" "Mozilla/5.0 (X11; Linux x86_64; rv:83.0) Gecko/20100101 Firefox/83.0"
168.119.11.187 - - [17/Jan/2021:00:52:08 +0100] "GET /sonderthemen/sk2000.pdf HTTP/1.1" 200 2925489 "-" "Mozilla/5.0 (X11; Ubuntu; Linux x86_64; rv:82.0) Gecko/20100101 Firefox/82.0"
144.76.102.243 - - [17/Jan/2021:00:52:35 +0100] "GET /sonderthemen/sk2001.pdf HTTP/1.1" 200 3098589 "-" "Mozilla/5.0 (Windows NT 6.1; Win64; x64; rv:83.0) Gecko/20100101 Firefox/83.0"
168.119.69.91 - - [17/Jan/2021:00:52:15 +0100] "GET /sonderthemen/oeaz2001.pdf HTTP/1.1" 200 4496626 "-" "Mozilla/5.0 (Windows NT 10.0; Win64; x64) AppleWebKit/537.36 (KHTML, like Gecko) Chrome/87.0.4280.88 Safari/537.36 Edg/87.0.664.60"
42.236.10.81 - - [17/Jan/2021:00:56:12 +0100] "GET / HTTP/1.1" 200 9360 "http://www.morusverlag.de/" "Mozilla/5.0 (Windows NT 6.1; WOW64) AppleWebKit/537.36 (KHTML, like Gecko) Chrome/50.4.2661.102 Safari/537.36; 360Spider"
157.55.39.162 - - [17/Jan/2021:01:05:31 +0100] "GET /robots.txt HTTP/1.1" 200 100 "-" "Mozilla/5.0 (compatible; bingbot/2.0; +http://www.bing.com/bingbot.htm)"
40.77.167.12 - - [17/Jan/2021:01:05:41 +0100] "GET /contentflow/contentflow.js HTTP/1.1" 200 42064 "-" "Mozilla/5.0 (compatible; bingbot/2.0; +http://www.bing.com/bingbot.htm)"
168.119.11.187 - - [17/Jan/2021:01:24:45 +0100] "GET /sonderthemen/sk2004.pdf HTTP/1.1" 200 1967215 "-" "Mozilla/5.0 (Macintosh; Intel Mac OS X 10_15_7) AppleWebKit/537.36 (KHTML, like Gecko) Chrome/87.0.4280.67 Safari/537.36"
185.191.171.7 - - [17/Jan/2021:01:46:45 +0100] "GET /robots.txt HTTP/1.1" 200 100 "-" "Mozilla/5.0 (compatible; SemrushBot/7~bl; +http://www.semrush.com/bot.html)"
185.191.171.34 - - [17/Jan/2021:01:46:46 +0100] "GET /cds/ignatius.html HTTP/1.1" 200 6576 "-" "Mozilla/5.0 (compatible; SemrushBot/7~bl; +http://www.semrush.com/bot.html)"
54.36.148.168 - - [17/Jan/2021:02:08:03 +0100] "GET /gotteslob/index.html HTTP/1.1" 200 2770 "-" "Mozilla/5.0 (compatible; AhrefsBot/7.0; +http://ahrefs.com/robot/)"
168.119.69.91 - - [17/Jan/2021:02:39:32 +0100] "GET /sonderthemen/oekt_extra1.pdf HTTP/1.1" 200 1849015 "-" "Mozilla/5.0 (Macintosh; Intel Mac OS X 10.15; rv:82.0) Gecko/20100101 Firefox/82.0"
140.203.12.9 - - [17/Jan/2021:03:20:31 +0100] "HEAD / HTTP/1.1" 200 - "-" "Java/1.6.0_23"
178.63.51.106 - - [17/Jan/2021:04:11:02 +0100] "GET /sonderthemen/sk2002.pdf HTTP/1.1" 200 2628923 "-" "Mozilla/5.0 (Macintosh; Intel Mac OS X 10_15_7) AppleWebKit/537.36 (KHTML, like Gecko) Chrome/86.0.4240.183 Safari/537.36"
78.46.90.120 - - [17/Jan/2021:04:11:32 +0100] "GET /sonderthemen/sk2002.pdf HTTP/1.1" 200 2628923 "-" "Mozilla/5.0 (Windows NT 10.0; Win64; x64; rv:83.0) Gecko/20100101 Firefox/83.0"
54.36.148.31 - - [17/Jan/2021:04:31:33 +0100] "GET /buecher/veroeffentlichungsliste.html HTTP/1.1" 200 129779 "-" "Mozilla/5.0 (compatible; AhrefsBot/7.0; +http://ahrefs.com/robot/)"
78.46.90.120 - - [17/Jan/2021:05:00:10 +0100] "GET /sonderthemen/sk2001.pdf HTTP/1.1" 200 3098589 "-" "Mozilla/5.0 (Windows NT 10.0; Win64; x64) AppleWebKit/537.36 (KHTML, like Gecko) Chrome/86.0.4240.75 Safari/537.36"
114.119.152.64 - - [17/Jan/2021:05:09:09 +0100] "GET /robots.txt HTTP/1.1" 200 100 "-" "(compatible;PetalBot;+https://aspiegel.com/petalbot)"
192.126.161.119 - - [17/Jan/2021:05:27:10 +0100] "GET / HTTP/1.1" 200 9360 "-" "Mozilla/5.0 (Windows NT 10.0; Win64; x64) AppleWebKit/537.36 (KHTML, like Gecko) Chrome/79.0.3945.45 Safari/537.36"
194.173.174.10 - - [17/Jan/2021:05:30:27 +0100] "HEAD / HTTP/1.1" 200 - "-" "Mozilla/5.0 (Windows NT 6.3; WOW64) AppleWebKit/537.36 (KHTML, like Gecko) Chrome/43.0.2357.134 Safari/537.36"
45.132.107.248 - - [17/Jan/2021:06:18:32 +0100] "HEAD / HTTP/1.1" 200 - "https://dlpsoftware.ru/" "Mozilla/8.0 (compatible; MSIE3.00; Windows 2006)"
185.241.52.68 - - [17/Jan/2021:06:18:32 +0100] "HEAD / HTTP/1.1" 200 - "https://alfa-helping.ru/detskaya-karta" "Mozilla/3.0 (compatible; MSIE6.00; Windows 2008)"
185.224.132.45 - - [17/Jan/2021:06:18:32 +0100] "HEAD / HTTP/1.1" 200 - "https://yandex.ru/search/?text=%D0%B7%D0%B0%D0%B9%D0%BC%20%D0%BE%D0%BD%D0%BB%D0%B0%D0%B9%D0%BD&lr=1&site=zaym-onlayn24.ru" "Mozilla/7.0 (compatible; MSIE2.00; Windows 2009)"
185.203.240.129 - - [17/Jan/2021:06:18:33 +0100] "HEAD / HTTP/1.1" 200 - "https://pro-internetmarketing.ru/kak-stat-partnerom" "Mozilla/5.0 (compatible; MSIE7.00; Windows 2002)"
77.220.215.153 - - [17/Jan/2021:06:18:33 +0100] "HEAD / HTTP/1.1" 200 - "https://restvannaspb.ru/service/bathroom-repairs/" "Mozilla/5.0 (compatible; MSIE3.00; Windows 2007)"
185.209.20.147 - - [17/Jan/2021:06:18:33 +0100] "HEAD / HTTP/1.1" 200 - "https://recirkulatoru.ru/brands/sobr/" "Mozilla/3.0 (compatible; MSIE5.00; Windows 2004)"
212.86.109.31 - - [17/Jan/2021:06:18:33 +0100] "HEAD / HTTP/1.1" 200 - "https://zvometall.ru/catalog/traversy/" "Mozilla/2.0 (compatible; MSIE4.00; Windows 2009)"
85.209.89.217 - - [17/Jan/2021:06:18:34 +0100] "HEAD / HTTP/1.1" 200 - "https://pishestroy.ru/category/zemelnye-uchastki/" "Mozilla/3.0 (compatible; MSIE4.00; Windows 2004)"
85.209.89.216 - - [17/Jan/2021:06:18:34 +0100] "HEAD / HTTP/1.1" 200 - "https://lemurmedia.ru/medicina/" "Mozilla/4.0 (compatible; MSIE2.00; Windows 2004)"
85.209.89.241 - - [17/Jan/2021:06:18:34 +0100] "HEAD / HTTP/1.1" 200 - "http://kosmet.by/catalog/kosmetika-dlya-muzhchin" "Mozilla/7.0 (compatible; MSIE7.00; Windows 2003)"
85.209.89.205 - - [17/Jan/2021:06:18:35 +0100] "HEAD / HTTP/1.1" 200 - "https://forvard42.ru" "Mozilla/6.0 (compatible; MSIE6.00; Windows 2004)"
85.209.89.224 - - [17/Jan/2021:06:18:35 +0100] "HEAD / HTTP/1.1" 200 - "https://urok-otvet.ru/category/voprosy-iz-shkolnoj-programmy/" "Mozilla/3.0 (compatible; MSIE4.00; Windows 2009)"
194.67.210.77 - - [17/Jan/2021:06:30:15 +0100] "HEAD / HTTP/1.1" 200 - "https://resurs-2012.ru" "Mozilla/3.0 (compatible; MSIE6.00; Windows 2007)"
185.125.219.13 - - [17/Jan/2021:06:30:16 +0100] "HEAD / HTTP/1.1" 200 - "https://tbox.kz/audiovideo/tv-2/" "Mozilla/2.0 (compatible; MSIE6.00; Windows 2006)"
185.5.249.185 - - [17/Jan/2021:06:34:11 +0100] "HEAD / HTTP/1.1" 200 - "https://gooool365.org" "Mozilla/5.0 (compatible; MSIE2.00; Windows 2003)"
194.67.207.94 - - [17/Jan/2021:06:34:11 +0100] "HEAD / HTTP/1.1" 200 - "https://zelands.ru/zhrica-itfat/" "Mozilla/2.0 (compatible; MSIE6.00; Windows 2004)"
54.36.148.244 - - [17/Jan/2021:06:50:57 +0100] "GET /sonderthemen/index.html HTTP/1.1" 200 7102 "-" "Mozilla/5.0 (compatible; AhrefsBot/7.0; +http://ahrefs.com/robot/)"
13.66.139.18 - - [17/Jan/2021:07:00:37 +0100] "GET /sitemap.txt HTTP/1.1" 404 2381 "-" "Mozilla/5.0 (compatible; bingbot/2.0; +http://www.bing.com/bingbot.htm)"
194.67.207.9 - - [17/Jan/2021:07:01:36 +0100] "HEAD / HTTP/1.1" 200 - "https://www.tsekhovik.com.ua/pamyatniki/pamyatniki-iz-mramora.html" "Mozilla/7.0 (compatible; MSIE6.00; Windows 2006)"
13.66.139.100 - - [17/Jan/2021:08:29:10 +0100] "GET /jahrbuch/index.html HTTP/1.1" 200 3956 "-" "Mozilla/5.0 (compatible; bingbot/2.0; +http://www.bing.com/bingbot.htm)"
13.66.139.81 - - [17/Jan/2021:08:30:10 +0100] "GET / HTTP/1.1" 200 9360 "-" "Mozilla/5.0 (compatible; bingbot/2.0; +http://www.bing.com/bingbot.htm)"
13.66.139.100 - - [17/Jan/2021:08:30:14 +0100] "GET /jahrbuch/bestellung.php HTTP/1.1" 200 10316 "-" "Mozilla/5.0 (compatible; bingbot/2.0; +http://www.bing.com/bingbot.htm)"
88.198.36.62 - - [17/Jan/2021:08:42:59 +0100] "GET /sonderthemen/oekt_extra1.pdf HTTP/1.1" 200 1849015 "-" "Mozilla/5.0 (Macintosh; Intel Mac OS X 10_15_7) AppleWebKit/605.1.15 (KHTML, like Gecko) Version/14.0.1 Safari/605.1.15"
88.198.90.9 - - [17/Jan/2021:08:43:17 +0100] "GET /sonderthemen/oekt_extra1.pdf HTTP/1.1" 200 1849015 "-" "Mozilla/5.0 (Macintosh; Intel Mac OS X 10_15_7) AppleWebKit/537.36 (KHTML, like Gecko) Chrome/86.0.4240.198 Safari/537.36"
88.198.43.207 - - [17/Jan/2021:09:02:25 +0100] "GET /sonderthemen/oekt_extra3.pdf HTTP/1.1" 200 2109745 "-" "Mozilla/5.0 (Windows NT 10.0; Win64; x64) AppleWebKit/537.36 (KHTML, like Gecko) Chrome/86.0.4240.111 Safari/537.36"
78.46.90.120 - - [17/Jan/2021:09:02:45 +0100] "GET /sonderthemen/oekt_extra3.pdf HTTP/1.1" 200 2109745 "-" "Mozilla/5.0 (Windows NT 10.0; Win64; x64) AppleWebKit/537.36 (KHTML, like Gecko) Chrome/86.0.4240.183 Safari/537.36 OPR/72.0.3815.320"
168.119.69.91 - - [17/Jan/2021:09:36:24 +0100] "GET /sonderthemen/sk2002.pdf HTTP/1.1" 200 2628923 "-" "Mozilla/5.0 (X11; Ubuntu; Linux x86_64; rv:82.0) Gecko/20100101 Firefox/82.0"
144.76.162.206 - - [17/Jan/2021:09:36:44 +0100] "GET /sonderthemen/sk2002.pdf HTTP/1.1" 200 2628923 "-" "Mozilla/5.0 (Windows NT 10.0; Win64; x64) AppleWebKit/537.36 (KHTML, like Gecko) Chrome/85.0.4183.121 Safari/537.36"
168.119.69.91 - - [17/Jan/2021:09:36:33 +0100] "GET /sonderthemen/sk2002.pdf HTTP/1.1" 200 2628923 "-" "Mozilla/5.0 (Macintosh; Intel Mac OS X 10_15_5) AppleWebKit/537.36 (KHTML, like Gecko) Chrome/86.0.4240.198 Safari/537.36"
81.209.177.16 - - [17/Jan/2021:10:08:22 +0100] "GET /robots.txt HTTP/1.1" 200 100 "-" "netEstate NE Crawler (+http://www.website-datenbank.de/)"
81.209.177.16 - - [17/Jan/2021:10:08:22 +0100] "GET / HTTP/1.1" 200 9360 "-" "netEstate NE Crawler (+http://www.website-datenbank.de/)"
81.209.177.16 - - [17/Jan/2021:10:08:22 +0100] "GET /impressum.html HTTP/1.1" 200 2808 "-" "netEstate NE Crawler (+http://www.website-datenbank.de/)"
78.46.94.83 - - [17/Jan/2021:10:55:04 +0100] "GET /sonderthemen/oeaz2002.pdf HTTP/1.1" 200 3161455 "-" "Mozilla/5.0 (Macintosh; Intel Mac OS X 10_15_7) AppleWebKit/537.36 (KHTML, like Gecko) Chrome/87.0.4280.88 Safari/537.36"
78.46.94.83 - - [17/Jan/2021:10:55:04 +0100] "GET /sonderthemen/oeaz2001.pdf HTTP/1.1" 200 4496626 "-" "Mozilla/5.0 (Windows NT 10.0; Win64; x64) AppleWebKit/537.36 (KHTML, like Gecko) Chrome/87.0.4280.66 Safari/537.36"
66.249.69.107 - - [17/Jan/2021:11:32:56 +0100] "GET /robots.txt HTTP/1.1" 200 100 "-" "Mozilla/5.0 (compatible; Googlebot/2.1; +http://www.google.com/bot.html)"
66.249.69.109 - - [17/Jan/2021:11:32:57 +0100] "GET / HTTP/1.1" 200 9360 "-" "Mozilla/5.0 (Linux; Android 6.0.1; Nexus 5X Build/MMB29P) AppleWebKit/537.36 (KHTML, like Gecko) Chrome/87.0.4280.90 Mobile Safari/537.36 (compatible; Googlebot/2.1; +http://www.google.com/bot.html)"
168.119.69.91 - - [17/Jan/2021:12:09:27 +0100] "GET /sonderthemen/oekt_extra1.pdf HTTP/1.1" 200 1849015 "-" "Mozilla/5.0 (Windows NT 10.0; WOW64; Trident/7.0; rv:11.0) like Gecko"
78.46.94.83 - - [17/Jan/2021:12:23:55 +0100] "GET /sonderthemen/oeaz2002.pdf HTTP/1.1" 200 3161455 "-" "Mozilla/5.0 (Macintosh; Intel Mac OS X 10_15_6) AppleWebKit/537.36 (KHTML, like Gecko) Chrome/87.0.4280.88 Safari/537.36"
78.46.94.83 - - [17/Jan/2021:12:32:13 +0100] "GET /sonderthemen/sk2001.pdf HTTP/1.1" 200 3098589 "-" "Mozilla/5.0 (Macintosh; Intel Mac OS X 11_0_1) AppleWebKit/537.36 (KHTML, like Gecko) Chrome/87.0.4280.67 Safari/537.36"
78.46.94.83 - - [17/Jan/2021:12:42:31 +0100] "GET /buecher/rezensionen_psalmen.html HTTP/1.1" 200 6787 "-" "Mozilla/5.0 (Windows NT 10.0; Win64; x64; rv:78.0) Gecko/20100101 Firefox/78.0"
168.119.69.91 - - [17/Jan/2021:12:42:31 +0100] "GET /sonderthemen/az2003_s01.pdf HTTP/1.1" 200 120642 "-" "Mozilla/5.0 (Windows NT 10.0; Win64; x64) AppleWebKit/537.36 (KHTML, like Gecko) Chrome/86.0.4240.75 Safari/537.36"
46.4.83.150 - - [17/Jan/2021:12:42:31 +0100] "GET /buecher/rezension_gesichter_u_geschichten.pdf HTTP/1.1" 200 223287 "-" "Mozilla/5.0 (Macintosh; Intel Mac OS X 10.14; rv:82.0) Gecko/20100101 Firefox/82.0"
88.198.90.9 - - [17/Jan/2021:12:42:31 +0100] "GET /sonderthemen/sk2001.pdf HTTP/1.1" 200 3098589 "-" "Mozilla/5.0 (Windows NT 10.0; Win64; x64) AppleWebKit/537.36 (KHTML, like Gecko) Chrome/86.0.4240.111 Safari/537.36"
