66.249.69.181 - - [11/Jul/2018:00:15:27 +0200] "GET /sonderthemen/oekz2003.pdf HTTP/1.1" 200 4017017 "-" "Mozilla/5.0 (Linux; Android 6.0.1; Nexus 5X Build/MMB29P) AppleWebKit/537.36 (KHTML, like Gecko) Chrome/41.0.2272.96 Mobile Safari/537.36 (compatible; Googlebot/2.1; +http://www.google.com/bot.html)"
42.236.101.214 - - [11/Jul/2018:00:15:32 +0200] "GET / HTTP/1.1" 200 9360 "http://www.morusverlag.de/" "Mozilla/5.0 (Windows NT 6.1; WOW64) AppleWebKit/537.36 (KHTML, like Gecko) Chrome/50.0.2661.102 Safari/537.36; 360Spider"
66.249.69.177 - - [11/Jul/2018:00:23:17 +0200] "GET /sonderthemen/ HTTP/1.1" 200 7102 "-" "Mozilla/5.0 (Linux; Android 6.0.1; Nexus 5X Build/MMB29P) AppleWebKit/537.36 (KHTML, like Gecko) Chrome/41.0.2272.96 Mobile Safari/537.36 (compatible; Googlebot/2.1; +http://www.google.com/bot.html)"
109.162.66.73 - - [11/Jul/2018:00:25:13 +0200] "GET / HTTP/1.1" 200 9360 "http://moneyzzz.ru/" "Mozilla/4.0 (compatible; MSIE 5.5; Windows 98)"
109.162.66.73 - - [11/Jul/2018:00:25:15 +0200] "GET / HTTP/1.1" 200 9360 "http://moneyzzz.ru/" "Mozilla/4.0 (compatible; MSIE 5.5; Windows 98)"
62.138.0.25 - - [11/Jul/2018:00:27:55 +0200] "GET /cds/rosarium.html HTTP/1.1" 200 6680 "-" "Mozilla/5.0 (compatible; adscanner/)"
66.249.69.181 - - [11/Jul/2018:00:38:56 +0200] "GET /sonderthemen/az2003.pdf HTTP/1.1" 200 4864675 "-" "Mozilla/5.0 (Linux; Android 6.0.1; Nexus 5X Build/MMB29P) AppleWebKit/537.36 (KHTML, like Gecko) Chrome/41.0.2272.96 Mobile Safari/537.36 (compatible; Googlebot/2.1; +http://www.google.com/bot.html)"
66.249.69.181 - - [11/Jul/2018:00:46:46 +0200] "GET /sonderthemen/az2000.pdf HTTP/1.1" 200 2253581 "-" "Mozilla/5.0 (Linux; Android 6.0.1; Nexus 5X Build/MMB29P) AppleWebKit/537.36 (KHTML, like Gecko) Chrome/41.0.2272.96 Mobile Safari/537.36 (compatible; Googlebot/2.1; +http://www.google.com/bot.html)"
46.229.168.82 - - [11/Jul/2018:00:46:47 +0200] "GET /robots.txt HTTP/1.1" 200 100 "-" "Mozilla/5.0 (compatible; SemrushBot/2~bl; +http://www.semrush.com/bot.html)"
46.229.168.68 - - [11/Jul/2018:00:46:50 +0200] "GET /buecher/index.html HTTP/1.1" 200 25885 "-" "Mozilla/5.0 (compatible; SemrushBot/2~bl; +http://www.semrush.com/bot.html)"
85.25.210.41 - - [11/Jul/2018:00:48:44 +0200] "GET /robots.txt HTTP/1.1" 200 100 "-" "Mozilla/5.0 (compatible; adscanner/)"
85.25.210.41 - - [11/Jul/2018:00:48:44 +0200] "GET /sonderthemen/pro_zei.jpg HTTP/1.1" 200 16791 "-" "Mozilla/5.0 (compatible; adscanner/)"
85.25.210.41 - - [11/Jul/2018:00:50:40 +0200] "GET /sonderthemen/sk2004_sz.jpg HTTP/1.1" 200 17884 "-" "Mozilla/5.0 (compatible; adscanner/)"
85.25.210.234 - - [11/Jul/2018:00:52:23 +0200] "GET /gotteslob/index.html HTTP/1.1" 200 2770 "-" "Mozilla/5.0 (compatible; adscanner/)"
83.29.166.86 - - [11/Jul/2018:00:54:23 +0200] "GET /sonderthemen/sk2001.pdf HTTP/1.1" 206 18397 "https://www.google.pl/" "Mozilla/5.0 (Windows NT 6.3; Win64; x64; rv:61.0) Gecko/20100101 Firefox/61.0"
83.29.166.86 - - [11/Jul/2018:00:54:23 +0200] "GET /sonderthemen/sk2001.pdf HTTP/1.1" 206 65536 "https://www.google.pl/" "Mozilla/5.0 (Windows NT 6.3; Win64; x64; rv:61.0) Gecko/20100101 Firefox/61.0"
83.29.166.86 - - [11/Jul/2018:00:54:24 +0200] "GET /sonderthemen/sk2001.pdf HTTP/1.1" 206 65536 "https://www.google.pl/" "Mozilla/5.0 (Windows NT 6.3; Win64; x64; rv:61.0) Gecko/20100101 Firefox/61.0"
83.29.166.86 - - [11/Jul/2018:00:54:25 +0200] "GET /sonderthemen/sk2001.pdf HTTP/1.1" 206 65536 "https://www.google.pl/" "Mozilla/5.0 (Windows NT 6.3; Win64; x64; rv:61.0) Gecko/20100101 Firefox/61.0"
83.29.166.86 - - [11/Jul/2018:00:54:22 +0200] "GET /sonderthemen/sk2001.pdf HTTP/1.1" 200 3098589 "https://www.google.pl/" "Mozilla/5.0 (Windows NT 6.3; Win64; x64; rv:61.0) Gecko/20100101 Firefox/61.0"
83.29.166.86 - - [11/Jul/2018:00:54:28 +0200] "GET /favicon.ico HTTP/1.1" 200 4286 "-" "Mozilla/5.0 (Windows NT 6.3; Win64; x64; rv:61.0) Gecko/20100101 Firefox/61.0"
83.29.166.86 - - [11/Jul/2018:00:54:28 +0200] "GET /favicon.ico HTTP/1.1" 200 4286 "-" "Mozilla/5.0 (Windows NT 6.3; Win64; x64; rv:61.0) Gecko/20100101 Firefox/61.0"
216.244.71.234 - - [11/Jul/2018:00:57:46 +0200] "GET / HTTP/1.1" 200 9360 "-" "Java/1.6.0_04"
216.244.71.234 - - [11/Jul/2018:00:57:47 +0200] "GET /impressum.html HTTP/1.1" 200 2808 "-" "Java/1.6.0_04"
216.244.71.234 - - [11/Jul/2018:00:57:47 +0200] "GET /search.php HTTP/1.1" 200 2027 "-" "Java/1.6.0_04"
216.244.71.234 - - [11/Jul/2018:00:57:48 +0200] "GET /index.html HTTP/1.1" 200 9360 "-" "Java/1.6.0_04"
216.244.71.234 - - [11/Jul/2018:00:57:49 +0200] "GET /buecher/index.html HTTP/1.1" 200 25885 "-" "Java/1.6.0_04"
216.244.71.234 - - [11/Jul/2018:00:57:50 +0200] "GET /buecher/rezensionen_chateaubriand.html HTTP/1.1" 200 47317 "-" "Java/1.6.0_04"
216.244.71.234 - - [11/Jul/2018:00:57:51 +0200] "GET /buecher/veroeffentlichungsliste.html HTTP/1.1" 200 129779 "-" "Java/1.6.0_04"
216.244.71.234 - - [11/Jul/2018:00:57:54 +0200] "GET /cds/hymnos_akathistos.html HTTP/1.1" 200 11061 "-" "Java/1.6.0_04"
216.244.71.234 - - [11/Jul/2018:00:57:54 +0200] "GET /cds/ignatius.html HTTP/1.1" 200 6576 "-" "Java/1.6.0_04"
216.244.71.234 - - [11/Jul/2018:00:57:55 +0200] "GET /cds/index.html HTTP/1.1" 200 7987 "-" "Java/1.6.0_04"
216.244.71.234 - - [11/Jul/2018:00:57:55 +0200] "GET /cds/rosarium.html HTTP/1.1" 200 6680 "-" "Java/1.6.0_04"
216.244.71.234 - - [11/Jul/2018:00:57:56 +0200] "GET /gotteslob/index.html HTTP/1.1" 200 2770 "-" "Java/1.6.0_04"
216.244.71.234 - - [11/Jul/2018:00:57:56 +0200] "GET /jahrbuch/index.html HTTP/1.1" 200 3956 "-" "Java/1.6.0_04"
216.244.71.234 - - [11/Jul/2018:00:57:57 +0200] "GET /kontakt/index.html HTTP/1.1" 200 2896 "-" "Java/1.6.0_04"
216.244.71.234 - - [11/Jul/2018:00:57:58 +0200] "GET /sonderthemen/index.html HTTP/1.1" 200 7102 "-" "Java/1.6.0_04"
216.244.71.234 - - [11/Jul/2018:00:57:58 +0200] "GET /buecher/bestellung.php HTTP/1.1" 200 10142 "-" "Java/1.6.0_04"
216.244.71.234 - - [11/Jul/2018:00:57:59 +0200] "GET /buecher/diskussion.html HTTP/1.1" 200 9925 "-" "Java/1.6.0_04"
216.244.71.234 - - [11/Jul/2018:00:58:00 +0200] "GET /buecher/rezensionen_engel.html HTTP/1.1" 200 6598 "-" "Java/1.6.0_04"
216.244.71.234 - - [11/Jul/2018:00:58:00 +0200] "GET /buecher/rezensionen_krise_zum_heil.html HTTP/1.1" 200 9828 "-" "Java/1.6.0_04"
216.244.71.234 - - [11/Jul/2018:00:58:01 +0200] "GET /buecher/rezensionen_le_saulchoir.html HTTP/1.1" 200 34009 "-" "Java/1.6.0_04"
216.244.71.234 - - [11/Jul/2018:00:58:02 +0200] "GET /buecher/rezensionen_leiblichkeit_und_zeitlichkeit.html HTTP/1.1" 200 8821 "-" "Java/1.6.0_04"
216.244.71.234 - - [11/Jul/2018:00:58:02 +0200] "GET /buecher/rezensionen_nicht_auf_sand_gebaut.html HTTP/1.1" 200 6594 "-" "Java/1.6.0_04"
216.244.71.234 - - [11/Jul/2018:00:58:03 +0200] "GET /buecher/rezensionen_preysing.html HTTP/1.1" 200 9502 "-" "Java/1.6.0_04"
216.244.71.234 - - [11/Jul/2018:00:58:03 +0200] "GET /buecher/rezensionen_psalmen.html HTTP/1.1" 200 6787 "-" "Java/1.6.0_04"
216.244.71.234 - - [11/Jul/2018:00:58:03 +0200] "GET /contentflow/contentflow.js HTTP/1.1" 200 42064 "-" "Java/1.6.0_04"
216.244.71.234 - - [11/Jul/2018:00:58:08 +0200] "GET /buecher/rezensionen.html HTTP/1.1" 200 6964 "-" "Java/1.6.0_04"
216.244.71.234 - - [11/Jul/2018:00:58:09 +0200] "GET /buecher/rezensionen_ignatius.html HTTP/1.1" 200 8182 "-" "Java/1.6.0_04"
216.244.71.234 - - [11/Jul/2018:00:58:10 +0200] "GET /cds/astazi.html HTTP/1.1" 200 8453 "-" "Java/1.6.0_04"
216.244.71.234 - - [11/Jul/2018:00:58:11 +0200] "GET /cds/glockenspiel1.html HTTP/1.1" 200 9736 "-" "Java/1.6.0_04"
216.244.71.234 - - [11/Jul/2018:00:58:11 +0200] "GET /cds/glockenspiel2.html HTTP/1.1" 200 9831 "-" "Java/1.6.0_04"
216.244.71.234 - - [11/Jul/2018:00:58:12 +0200] "GET /cds/lumina.html HTTP/1.1" 200 9000 "-" "Java/1.6.0_04"
216.244.71.234 - - [11/Jul/2018:00:58:13 +0200] "GET /jahrbuch/bestellung.php HTTP/1.1" 200 10316 "-" "Java/1.6.0_04"
216.244.71.234 - - [11/Jul/2018:00:58:13 +0200] "GET /sonderthemen/archiv.html HTTP/1.1" 200 6959 "-" "Java/1.6.0_04"
216.244.71.234 - - [11/Jul/2018:00:58:14 +0200] "GET /sonderthemen/presse.html HTTP/1.1" 200 5772 "-" "Java/1.6.0_04"
216.244.71.234 - - [11/Jul/2018:00:58:15 +0200] "GET /contentflow/\"+K.src+\" HTTP/1.1" 404 2381 "-" "Java/1.6.0_04"
66.249.69.177 - - [11/Jul/2018:01:02:25 +0200] "GET /buecher/rezensionen_krise_zum_heil.html HTTP/1.1" 200 9828 "-" "Mozilla/5.0 (Linux; Android 6.0.1; Nexus 5X Build/MMB29P) AppleWebKit/537.36 (KHTML, like Gecko) Chrome/41.0.2272.96 Mobile Safari/537.36 (compatible; Googlebot/2.1; +http://www.google.com/bot.html)"
66.249.69.181 - - [11/Jul/2018:01:10:14 +0200] "GET /buecher/ HTTP/1.1" 200 25885 "-" "Mozilla/5.0 (compatible; Googlebot/2.1; +http://www.google.com/bot.html)"
62.138.0.25 - - [11/Jul/2018:01:18:01 +0200] "GET /sonderthemen/index.html HTTP/1.1" 200 7102 "-" "Mozilla/5.0 (compatible; adscanner/)"
66.249.69.177 - - [11/Jul/2018:01:18:04 +0200] "GET /cds/astazi.html HTTP/1.1" 304 - "-" "Mozilla/5.0 (Linux; Android 6.0.1; Nexus 5X Build/MMB29P) AppleWebKit/537.36 (KHTML, like Gecko) Chrome/41.0.2272.96 Mobile Safari/537.36 (compatible; Googlebot/2.1; +http://www.google.com/bot.html)"
66.249.69.179 - - [11/Jul/2018:01:25:53 +0200] "GET /buecher/rezensionen_preysing.html HTTP/1.1" 304 - "-" "Mozilla/5.0 (Linux; Android 6.0.1; Nexus 5X Build/MMB29P) AppleWebKit/537.36 (KHTML, like Gecko) Chrome/41.0.2272.96 Mobile Safari/537.36 (compatible; Googlebot/2.1; +http://www.google.com/bot.html)"
85.25.210.234 - - [11/Jul/2018:01:28:54 +0200] "GET /buecher/rezensionen_chateaubriand.html HTTP/1.1" 200 47317 "-" "Mozilla/5.0 (compatible; adscanner/)"
85.25.210.234 - - [11/Jul/2018:01:42:21 +0200] "GET /cds/hymnos_akathistos.html HTTP/1.1" 200 11061 "-" "Mozilla/5.0 (compatible; adscanner/)"
62.138.0.25 - - [11/Jul/2018:01:57:39 +0200] "GET /buecher/index.html HTTP/1.1" 200 25885 "-" "Mozilla/5.0 (compatible; adscanner/)"
66.249.69.179 - - [11/Jul/2018:02:05:02 +0200] "GET /cds/ HTTP/1.1" 200 7987 "-" "Mozilla/5.0 (Linux; Android 6.0.1; Nexus 5X Build/MMB29P) AppleWebKit/537.36 (KHTML, like Gecko) Chrome/41.0.2272.96 Mobile Safari/537.36 (compatible; Googlebot/2.1; +http://www.google.com/bot.html)"
66.249.69.181 - - [11/Jul/2018:02:20:41 +0200] "GET / HTTP/1.1" 200 9360 "-" "Mozilla/5.0 (Linux; Android 6.0.1; Nexus 5X Build/MMB29P) AppleWebKit/537.36 (KHTML, like Gecko) Chrome/41.0.2272.96 Mobile Safari/537.36 (compatible; Googlebot/2.1; +http://www.google.com/bot.html)"
5.9.94.207 - - [11/Jul/2018:02:31:57 +0200] "GET /sonderthemen/oekt_extra2.pdf HTTP/1.1" 200 1939949 "-" "Mozilla/5.0 (X11; Ubuntu; Linux x86_64; rv:57.0) Gecko/20100101 Firefox/57.0"
85.25.210.41 - - [11/Jul/2018:02:42:18 +0200] "GET /robots.txt HTTP/1.1" 200 100 "-" "Mozilla/5.0 (compatible; adscanner/)"
85.25.210.41 - - [11/Jul/2018:02:42:18 +0200] "GET /buecher/rezensionen.html HTTP/1.1" 200 6964 "-" "Mozilla/5.0 (compatible; adscanner/)"
66.249.69.179 - - [11/Jul/2018:02:44:10 +0200] "GET /sonderthemen/presse.html HTTP/1.1" 200 5772 "-" "Mozilla/5.0 (Linux; Android 6.0.1; Nexus 5X Build/MMB29P) AppleWebKit/537.36 (KHTML, like Gecko) Chrome/41.0.2272.96 Mobile Safari/537.36 (compatible; Googlebot/2.1; +http://www.google.com/bot.html)"
66.249.69.177 - - [11/Jul/2018:02:59:49 +0200] "GET /sonderthemen/sk2004_s01.pdf HTTP/1.1" 200 162742 "-" "Mozilla/5.0 (Linux; Android 6.0.1; Nexus 5X Build/MMB29P) AppleWebKit/537.36 (KHTML, like Gecko) Chrome/41.0.2272.96 Mobile Safari/537.36 (compatible; Googlebot/2.1; +http://www.google.com/bot.html)"
109.162.66.73 - - [11/Jul/2018:03:12:37 +0200] "GET / HTTP/1.1" 200 9360 "http://metallosajding.ru/" "Mozilla/4.0 (compatible; MSIE 6.0; Windows NT 5.0; T312461)"
66.249.69.179 - - [11/Jul/2018:03:15:28 +0200] "GET /cds/ignatius.html HTTP/1.1" 200 6576 "-" "Mozilla/5.0 (Linux; Android 6.0.1; Nexus 5X Build/MMB29P) AppleWebKit/537.36 (KHTML, like Gecko) Chrome/41.0.2272.96 Mobile Safari/537.36 (compatible; Googlebot/2.1; +http://www.google.com/bot.html)"
62.138.0.25 - - [11/Jul/2018:03:15:57 +0200] "GET /cds/index.html HTTP/1.1" 200 7987 "-" "Mozilla/5.0 (compatible; adscanner/)"
35.204.142.145 - - [11/Jul/2018:03:35:38 +0200] "GET /gotteslob/gotteslob_alle.jpg HTTP/1.1" 200 24560 "-" "Mozilla/5.0 (compatible; tracemyfile/1.0; +bot@tracemyfile.com)"
66.249.69.181 - - [11/Jul/2018:04:25:54 +0200] "GET /sonderthemen/sk2002.pdf HTTP/1.1" 304 - "-" "Mozilla/5.0 (Linux; Android 6.0.1; Nexus 5X Build/MMB29P) AppleWebKit/537.36 (KHTML, like Gecko) Chrome/41.0.2272.96 Mobile Safari/537.36 (compatible; Googlebot/2.1; +http://www.google.com/bot.html)"
148.251.75.46 - - [11/Jul/2018:04:27:46 +0200] "GET /sonderthemen/oekt_extra1.pdf HTTP/1.1" 200 1849015 "-" "Mozilla/5.0 (Windows NT 10.0; Win64; x64) AppleWebKit/537.36 (KHTML, like Gecko) Chrome/64.0.3282.167 Safari/537.36"
66.249.69.177 - - [11/Jul/2018:04:33:44 +0200] "GET /jahrbuch/ HTTP/1.1" 304 - "-" "Mozilla/5.0 (Linux; Android 6.0.1; Nexus 5X Build/MMB29P) AppleWebKit/537.36 (KHTML, like Gecko) Chrome/41.0.2272.96 Mobile Safari/537.36 (compatible; Googlebot/2.1; +http://www.google.com/bot.html)"
66.249.69.179 - - [11/Jul/2018:04:41:34 +0200] "GET /buecher/rezensionen_leiblichkeit_und_zeitlichkeit.html HTTP/1.1" 304 - "-" "Mozilla/5.0 (Linux; Android 6.0.1; Nexus 5X Build/MMB29P) AppleWebKit/537.36 (KHTML, like Gecko) Chrome/41.0.2272.96 Mobile Safari/537.36 (compatible; Googlebot/2.1; +http://www.google.com/bot.html)"
62.138.0.25 - - [11/Jul/2018:04:41:48 +0200] "GET /jahrbuch_k.jpg HTTP/1.1" 200 3719 "-" "Mozilla/5.0 (compatible; adscanner/)"
66.249.69.177 - - [11/Jul/2018:04:49:23 +0200] "GET /sonderthemen/oekt_extra2.pdf HTTP/1.1" 304 - "-" "Mozilla/5.0 (Linux; Android 6.0.1; Nexus 5X Build/MMB29P) AppleWebKit/537.36 (KHTML, like Gecko) Chrome/41.0.2272.96 Mobile Safari/537.36 (compatible; Googlebot/2.1; +http://www.google.com/bot.html)"
66.249.69.181 - - [11/Jul/2018:04:57:13 +0200] "GET /sonderthemen/oekt_extra1.pdf HTTP/1.1" 304 - "-" "Mozilla/5.0 (Linux; Android 6.0.1; Nexus 5X Build/MMB29P) AppleWebKit/537.36 (KHTML, like Gecko) Chrome/41.0.2272.96 Mobile Safari/537.36 (compatible; Googlebot/2.1; +http://www.google.com/bot.html)"
66.249.69.181 - - [11/Jul/2018:04:58:19 +0200] "GET /buecher/diskussion.html HTTP/1.1" 304 - "-" "Mozilla/5.0 (Linux; Android 6.0.1; Nexus 5X Build/MMB29P) AppleWebKit/537.36 (KHTML, like Gecko) Chrome/41.0.2272.96 Mobile Safari/537.36 (compatible; Googlebot/2.1; +http://www.google.com/bot.html)"
66.249.69.179 - - [11/Jul/2018:05:05:02 +0200] "GET /buecher/veroeffentlichungsliste.html HTTP/1.1" 304 - "-" "Mozilla/5.0 (Linux; Android 6.0.1; Nexus 5X Build/MMB29P) AppleWebKit/537.36 (KHTML, like Gecko) Chrome/41.0.2272.96 Mobile Safari/537.36 (compatible; Googlebot/2.1; +http://www.google.com/bot.html)"
193.1.218.163 - - [11/Jul/2018:05:05:06 +0200] "HEAD / HTTP/1.1" 200 - "-" "Java/1.6.0_23"
78.46.90.120 - - [11/Jul/2018:05:05:23 +0200] "GET /sonderthemen/sk2002.pdf HTTP/1.1" 200 2628923 "-" "Mozilla/5.0 (Macintosh; Intel Mac OS X 10_12_6) AppleWebKit/604.5.6 (KHTML, like Gecko) Version/11.0.3 Safari/604.5.6"
66.249.69.177 - - [11/Jul/2018:05:13:47 +0200] "GET /impressum.html HTTP/1.1" 304 - "-" "Mozilla/5.0 (Linux; Android 6.0.1; Nexus 5X Build/MMB29P) AppleWebKit/537.36 (KHTML, like Gecko) Chrome/41.0.2272.96 Mobile Safari/537.36 (compatible; Googlebot/2.1; +http://www.google.com/bot.html)"
66.249.69.179 - - [11/Jul/2018:05:20:42 +0200] "GET /cds/hymnos_akathistos.html HTTP/1.1" 304 - "-" "Mozilla/5.0 (Linux; Android 6.0.1; Nexus 5X Build/MMB29P) AppleWebKit/537.36 (KHTML, like Gecko) Chrome/41.0.2272.96 Mobile Safari/537.36 (compatible; Googlebot/2.1; +http://www.google.com/bot.html)"
66.249.69.181 - - [11/Jul/2018:06:07:40 +0200] "GET /cds/glockenspiel2.html HTTP/1.1" 304 - "-" "Mozilla/5.0 (Linux; Android 6.0.1; Nexus 5X Build/MMB29P) AppleWebKit/537.36 (KHTML, like Gecko) Chrome/41.0.2272.96 Mobile Safari/537.36 (compatible; Googlebot/2.1; +http://www.google.com/bot.html)"
207.46.13.200 - - [11/Jul/2018:06:08:46 +0200] "GET /robots.txt HTTP/1.1" 200 100 "-" "Mozilla/5.0 (compatible; bingbot/2.0; +http://www.bing.com/bingbot.htm)"
40.77.167.96 - - [11/Jul/2018:06:08:50 +0200] "GET /cds/astazi.html HTTP/1.1" 200 8453 "-" "Mozilla/5.0 (compatible; bingbot/2.0; +http://www.bing.com/bingbot.htm)"
66.249.69.181 - - [11/Jul/2018:06:15:29 +0200] "GET /gotteslob/ HTTP/1.1" 304 - "-" "Mozilla/5.0 (Linux; Android 6.0.1; Nexus 5X Build/MMB29P) AppleWebKit/537.36 (KHTML, like Gecko) Chrome/41.0.2272.96 Mobile Safari/537.36 (compatible; Googlebot/2.1; +http://www.google.com/bot.html)"
54.36.150.106 - - [11/Jul/2018:06:17:57 +0200] "GET /robots.txt HTTP/1.1" 200 100 "-" "Mozilla/5.0 (compatible; AhrefsBot/5.2; +http://ahrefs.com/robot/)"
54.36.148.126 - - [11/Jul/2018:06:17:58 +0200] "GET /sonderthemen/presse.html HTTP/1.1" 200 5772 "-" "Mozilla/5.0 (compatible; AhrefsBot/5.2; +http://ahrefs.com/robot/)"
66.249.69.181 - - [11/Jul/2018:06:31:08 +0200] "GET /buecher/rezensionen_engel.html HTTP/1.1" 304 - "-" "Mozilla/5.0 (Linux; Android 6.0.1; Nexus 5X Build/MMB29P) AppleWebKit/537.36 (KHTML, like Gecko) Chrome/41.0.2272.96 Mobile Safari/537.36 (compatible; Googlebot/2.1; +http://www.google.com/bot.html)"
77.220.213.173 - - [11/Jul/2018:06:31:54 +0200] "HEAD / HTTP/1.1" 200 - "https://www.dna-sklad.ru/Chto_lechim/women.htm" "Mozilla/2.0 (compatible; MSIE5.00; Windows 2008)"
185.209.20.147 - - [11/Jul/2018:06:31:54 +0200] "HEAD / HTTP/1.1" 200 - "http://cookingfun.ru" "Mozilla/8.0 (compatible; MSIE6.00; Windows 2007)"
185.154.13.6 - - [11/Jul/2018:06:31:54 +0200] "HEAD / HTTP/1.1" 200 - "https://glavpooltorg.su/company/speck/" "Mozilla/8.0 (compatible; MSIE2.00; Windows 2005)"
178.159.39.237 - - [11/Jul/2018:06:31:55 +0200] "HEAD / HTTP/1.1" 200 - "http://zozor.ru/category/stati/stroitelstvo-domov/doma-iz-brusa/" "Mozilla/6.0 (compatible; MSIE7.00; Windows 2005)"
77.220.214.180 - - [11/Jul/2018:06:31:55 +0200] "HEAD / HTTP/1.1" 200 - "http://ergood.com.ua/kuhonnye-stoleshnitsy-iz-dereva/" "Mozilla/7.0 (compatible; MSIE6.00; Windows 2006)"
178.159.43.212 - - [11/Jul/2018:06:31:55 +0200] "HEAD / HTTP/1.1" 200 - "https://egodoctor.ru/vyvod-iz-zapoya-v-tyumeni.html" "Mozilla/7.0 (compatible; MSIE3.00; Windows 2003)"
185.236.130.56 - - [11/Jul/2018:06:38:10 +0200] "HEAD / HTTP/1.1" 200 - "http://bur-rk.ru/glubinnaya-artezianskaya-skvazhina" "Mozilla/3.0 (compatible; MSIE7.00; Windows 2002)"
185.236.130.120 - - [11/Jul/2018:06:38:22 +0200] "HEAD / HTTP/1.1" 200 - "http://alp-rk.ru/mojka-i-chistka-fasadov" "Mozilla/5.0 (compatible; MSIE2.00; Windows 2005)"
66.249.69.177 - - [11/Jul/2018:06:38:58 +0200] "GET /sonderthemen/sk2000.pdf HTTP/1.1" 304 - "-" "Mozilla/5.0 (Linux; Android 6.0.1; Nexus 5X Build/MMB29P) AppleWebKit/537.36 (KHTML, like Gecko) Chrome/41.0.2272.96 Mobile Safari/537.36 (compatible; Googlebot/2.1; +http://www.google.com/bot.html)"
52.53.201.78 - - [11/Jul/2018:06:47:26 +0200] "GET / HTTP/1.1" 200 9360 "-" "Mozilla/5.0 (Macintosh; Intel Mac OS X 10_12_6) AppleWebKit/537.36 (KHTML, like Gecko) Chrome/61.0.3163.100 Safari/537.36"
66.249.69.179 - - [11/Jul/2018:06:54:37 +0200] "GET /sonderthemen/sk2004.pdf HTTP/1.1" 304 - "-" "Mozilla/5.0 (Linux; Android 6.0.1; Nexus 5X Build/MMB29P) AppleWebKit/537.36 (KHTML, like Gecko) Chrome/41.0.2272.96 Mobile Safari/537.36 (compatible; Googlebot/2.1; +http://www.google.com/bot.html)"
13.75.208.103 - - [11/Jul/2018:06:56:02 +0200] "GET /robots.txt HTTP/1.0" 200 100 "-" "Naaraa/Nutch-1.14"
13.75.208.103 - - [11/Jul/2018:06:56:02 +0200] "GET / HTTP/1.0" 200 9360 "-" "Naaraa/Nutch-1.14"
194.87.94.251 - - [11/Jul/2018:07:02:29 +0200] "HEAD / HTTP/1.1" 200 - "https://www.prjadko.kiev.ua/tsokolya-lavki-vazy-ogrady.html" "Mozilla/8.0 (compatible; MSIE2.00; Windows 2002)"
195.133.201.163 - - [11/Jul/2018:07:02:30 +0200] "HEAD / HTTP/1.1" 200 - "https://www.ofme.ru/catalog/3308" "Mozilla/7.0 (compatible; MSIE4.00; Windows 2004)"
195.133.145.199 - - [11/Jul/2018:07:02:30 +0200] "HEAD / HTTP/1.1" 200 - "http://zaims18let.ru" "Mozilla/6.0 (compatible; MSIE2.00; Windows 2009)"
194.87.236.223 - - [11/Jul/2018:07:02:30 +0200] "HEAD / HTTP/1.1" 200 - "https://zppp.su/uretrit/chem-lechit-uretrit-183" "Mozilla/6.0 (compatible; MSIE5.00; Windows 2002)"
85.25.210.41 - - [11/Jul/2018:07:04:10 +0200] "GET /robots.txt HTTP/1.1" 200 100 "-" "Mozilla/5.0 (compatible; adscanner/)"
85.25.210.41 - - [11/Jul/2018:07:04:10 +0200] "GET /buecher/chateaubriand.jpg HTTP/1.1" 200 2272 "-" "Mozilla/5.0 (compatible; adscanner/)"
148.251.50.77 - - [11/Jul/2018:07:08:22 +0200] "GET /buecher/index.html HTTP/1.1" 200 25885 "-" "Mozilla/5.0 (Windows NT 6.3; Win64; x64) AppleWebKit/537.36 (KHTML, like Gecko) Chrome/63.0.3239.132 Safari/537.36"
144.76.168.111 - - [11/Jul/2018:07:08:22 +0200] "GET /buecher/ HTTP/1.1" 200 25885 "-" "Mozilla/5.0 (Windows NT 10.0; Win64; x64) AppleWebKit/537.36 (KHTML, like Gecko) Chrome/58.0.3029.110 Safari/537.36 Edge/16.16299"
85.25.210.41 - - [11/Jul/2018:07:09:06 +0200] "GET /sonderthemen/mv.gif HTTP/1.1" 200 700 "-" "Mozilla/5.0 (compatible; adscanner/)"
66.249.69.177 - - [11/Jul/2018:07:10:16 +0200] "GET /sonderthemen/sk2001.pdf HTTP/1.1" 304 - "-" "Mozilla/5.0 (Linux; Android 6.0.1; Nexus 5X Build/MMB29P) AppleWebKit/537.36 (KHTML, like Gecko) Chrome/41.0.2272.96 Mobile Safari/537.36 (compatible; Googlebot/2.1; +http://www.google.com/bot.html)"
85.25.210.41 - - [11/Jul/2018:07:13:37 +0200] "GET /buecher/le_saulchoir.jpg HTTP/1.1" 200 2734 "-" "Mozilla/5.0 (compatible; adscanner/)"
85.25.210.41 - - [11/Jul/2018:07:13:50 +0200] "GET /buecher/mein_atem.jpg HTTP/1.1" 200 4118 "-" "Mozilla/5.0 (compatible; adscanner/)"
46.229.168.82 - - [11/Jul/2018:07:33:04 +0200] "GET /robots.txt HTTP/1.1" 200 100 "-" "Mozilla/5.0 (compatible; SemrushBot/2~bl; +http://www.semrush.com/bot.html)"
46.229.168.72 - - [11/Jul/2018:07:33:05 +0200] "GET /buecher/rezensionen_krise_zum_heil.html HTTP/1.1" 200 9828 "-" "Mozilla/5.0 (compatible; SemrushBot/2~bl; +http://www.semrush.com/bot.html)"
66.249.69.177 - - [11/Jul/2018:07:33:45 +0200] "GET /buecher/rezension_gesichter_u_geschichten.pdf HTTP/1.1" 304 - "-" "Mozilla/5.0 (Linux; Android 6.0.1; Nexus 5X Build/MMB29P) AppleWebKit/537.36 (KHTML, like Gecko) Chrome/41.0.2272.96 Mobile Safari/537.36 (compatible; Googlebot/2.1; +http://www.google.com/bot.html)"
193.124.190.64 - - [11/Jul/2018:07:37:31 +0200] "HEAD / HTTP/1.1" 200 - "http://uslugi-tatarstan.ru" "Mozilla/4.0 (compatible; MSIE3.00; Windows 2003)"
185.5.249.185 - - [11/Jul/2018:07:37:31 +0200] "HEAD / HTTP/1.1" 200 - "http://online-pochtabank.ru" "Mozilla/7.0 (compatible; MSIE4.00; Windows 2006)"
194.67.210.77 - - [11/Jul/2018:07:37:31 +0200] "HEAD / HTTP/1.1" 200 - "http://login-tinkoff.ru" "Mozilla/7.0 (compatible; MSIE7.00; Windows 2006)"
193.124.176.156 - - [11/Jul/2018:07:37:31 +0200] "HEAD / HTTP/1.1" 200 - "http://online-akbars.ru" "Mozilla/6.0 (compatible; MSIE7.00; Windows 2009)"
66.249.69.181 - - [11/Jul/2018:07:41:35 +0200] "GET /jahrbuch/titelseiten/index.html HTTP/1.1" 304 - "-" "Mozilla/5.0 (Linux; Android 6.0.1; Nexus 5X Build/MMB29P) AppleWebKit/537.36 (KHTML, like Gecko) Chrome/41.0.2272.96 Mobile Safari/537.36 (compatible; Googlebot/2.1; +http://www.google.com/bot.html)"
66.249.69.179 - - [11/Jul/2018:07:49:24 +0200] "GET /buecher/rezensionen_ungeteilt.html HTTP/1.1" 304 - "-" "Mozilla/5.0 (Linux; Android 6.0.1; Nexus 5X Build/MMB29P) AppleWebKit/537.36 (KHTML, like Gecko) Chrome/41.0.2272.96 Mobile Safari/537.36 (compatible; Googlebot/2.1; +http://www.google.com/bot.html)"
66.249.69.181 - - [11/Jul/2018:07:57:17 +0200] "GET /buecher/rezensionen_psalmen.html HTTP/1.1" 304 - "-" "Mozilla/5.0 (Linux; Android 6.0.1; Nexus 5X Build/MMB29P) AppleWebKit/537.36 (KHTML, like Gecko) Chrome/41.0.2272.96 Mobile Safari/537.36 (compatible; Googlebot/2.1; +http://www.google.com/bot.html)"
162.210.196.100 - - [11/Jul/2018:08:02:42 +0200] "GET /robots.txt HTTP/1.1" 200 100 "-" "Mozilla/5.0 (compatible; MJ12bot/v1.4.8; http://mj12bot.com/)"
162.210.196.100 - - [11/Jul/2018:08:02:44 +0200] "GET / HTTP/1.1" 200 9360 "-" "Mozilla/5.0 (compatible; MJ12bot/v1.4.8; http://mj12bot.com/)"
66.249.69.181 - - [11/Jul/2018:08:05:03 +0200] "GET /kontakt/ HTTP/1.1" 304 - "-" "Mozilla/5.0 (Linux; Android 6.0.1; Nexus 5X Build/MMB29P) AppleWebKit/537.36 (KHTML, like Gecko) Chrome/41.0.2272.96 Mobile Safari/537.36 (compatible; Googlebot/2.1; +http://www.google.com/bot.html)"
66.249.69.177 - - [11/Jul/2018:08:12:53 +0200] "GET /buecher/bestellung.php HTTP/1.1" 200 10142 "-" "Mozilla/5.0 (Linux; Android 6.0.1; Nexus 5X Build/MMB29P) AppleWebKit/537.36 (KHTML, like Gecko) Chrome/41.0.2272.96 Mobile Safari/537.36 (compatible; Googlebot/2.1; +http://www.google.com/bot.html)"
66.249.69.177 - - [11/Jul/2018:08:44:13 +0200] "GET /jahrbuch/bestellung.php HTTP/1.1" 200 10316 "-" "Mozilla/5.0 (Linux; Android 6.0.1; Nexus 5X Build/MMB29P) AppleWebKit/537.36 (KHTML, like Gecko) Chrome/41.0.2272.96 Mobile Safari/537.36 (compatible; Googlebot/2.1; +http://www.google.com/bot.html)"
66.249.69.181 - - [11/Jul/2018:08:59:51 +0200] "GET /sonderthemen/ HTTP/1.1" 304 - "-" "Mozilla/5.0 (Linux; Android 6.0.1; Nexus 5X Build/MMB29P) AppleWebKit/537.36 (KHTML, like Gecko) Chrome/41.0.2272.96 Mobile Safari/537.36 (compatible; Googlebot/2.1; +http://www.google.com/bot.html)"
66.249.69.179 - - [11/Jul/2018:09:07:41 +0200] "GET /sonderthemen/oekz2003.pdf HTTP/1.1" 304 - "-" "Mozilla/5.0 (Linux; Android 6.0.1; Nexus 5X Build/MMB29P) AppleWebKit/537.36 (KHTML, like Gecko) Chrome/41.0.2272.96 Mobile Safari/537.36 (compatible; Googlebot/2.1; +http://www.google.com/bot.html)"
66.249.69.177 - - [11/Jul/2018:09:15:30 +0200] "GET /sonderthemen/az2000.pdf HTTP/1.1" 304 - "-" "Mozilla/5.0 (Linux; Android 6.0.1; Nexus 5X Build/MMB29P) AppleWebKit/537.36 (KHTML, like Gecko) Chrome/41.0.2272.96 Mobile Safari/537.36 (compatible; Googlebot/2.1; +http://www.google.com/bot.html)"
66.249.69.179 - - [11/Jul/2018:09:23:19 +0200] "GET /sonderthemen/az2003.pdf HTTP/1.1" 304 - "-" "Mozilla/5.0 (Linux; Android 6.0.1; Nexus 5X Build/MMB29P) AppleWebKit/537.36 (KHTML, like Gecko) Chrome/41.0.2272.96 Mobile Safari/537.36 (compatible; Googlebot/2.1; +http://www.google.com/bot.html)"
66.249.69.181 - - [11/Jul/2018:09:31:09 +0200] "GET /buecher/rezensionen_krise_zum_heil.html HTTP/1.1" 304 - "-" "Mozilla/5.0 (Linux; Android 6.0.1; Nexus 5X Build/MMB29P) AppleWebKit/537.36 (KHTML, like Gecko) Chrome/41.0.2272.96 Mobile Safari/537.36 (compatible; Googlebot/2.1; +http://www.google.com/bot.html)"
66.249.69.179 - - [11/Jul/2018:09:31:14 +0200] "GET /main.css HTTP/1.1" 200 1439 "http://www.morusverlag.de/buecher/rezensionen_krise_zum_heil.html" "Mozilla/5.0 (Linux; Android 6.0.1; Nexus 5X Build/MMB29P) AppleWebKit/537.36 (KHTML, like Gecko) Chrome/41.0.2272.96 Mobile Safari/537.36 (compatible; Googlebot/2.1; +http://www.google.com/bot.html)"
66.249.69.179 - - [11/Jul/2018:09:38:59 +0200] "GET /buecher/rezensionen_preysing.html HTTP/1.1" 304 - "-" "Mozilla/5.0 (Linux; Android 6.0.1; Nexus 5X Build/MMB29P) AppleWebKit/537.36 (KHTML, like Gecko) Chrome/41.0.2272.96 Mobile Safari/537.36 (compatible; Googlebot/2.1; +http://www.google.com/bot.html)"
66.249.69.179 - - [11/Jul/2018:10:18:07 +0200] "GET /cds/ HTTP/1.1" 304 - "-" "Mozilla/5.0 (Linux; Android 6.0.1; Nexus 5X Build/MMB29P) AppleWebKit/537.36 (KHTML, like Gecko) Chrome/41.0.2272.96 Mobile Safari/537.36 (compatible; Googlebot/2.1; +http://www.google.com/bot.html)"
66.249.69.179 - - [11/Jul/2018:10:18:28 +0200] "GET /sonderthemen/presse.html HTTP/1.1" 304 - "-" "Mozilla/5.0 (Linux; Android 6.0.1; Nexus 5X Build/MMB29P) AppleWebKit/537.36 (KHTML, like Gecko) Chrome/41.0.2272.96 Mobile Safari/537.36 (compatible; Googlebot/2.1; +http://www.google.com/bot.html)"
66.249.69.181 - - [11/Jul/2018:10:33:47 +0200] "GET /cds/astazi.html HTTP/1.1" 304 - "-" "Mozilla/5.0 (Linux; Android 6.0.1; Nexus 5X Build/MMB29P) AppleWebKit/537.36 (KHTML, like Gecko) Chrome/41.0.2272.96 Mobile Safari/537.36 (compatible; Googlebot/2.1; +http://www.google.com/bot.html)"
78.46.90.120 - - [11/Jul/2018:10:41:43 +0200] "GET /sonderthemen/az1999.pdf HTTP/1.1" 200 1842982 "-" "Mozilla/5.0 (Windows NT 6.1; WOW64) AppleWebKit/537.36 (KHTML, like Gecko) Chrome/63.0.3239.132 Safari/537.36"
136.243.17.161 - - [11/Jul/2018:10:41:54 +0200] "GET /sonderthemen/az1999.pdf HTTP/1.1" 200 1842982 "-" "Mozilla/5.0 (Windows NT 6.1; WOW64) AppleWebKit/537.36 (KHTML, like Gecko) Chrome/43.0.2357.134 Safari/537.36"
136.243.17.161 - - [11/Jul/2018:10:42:09 +0200] "GET /sonderthemen/az1999.pdf HTTP/1.1" 200 1842982 "-" "Mozilla/5.0 (X11; Linux x86_64; rv:52.0) Gecko/20100101 Firefox/52.0"
66.249.69.177 - - [11/Jul/2018:10:49:25 +0200] "GET / HTTP/1.1" 200 9360 "-" "Mozilla/5.0 (Linux; Android 6.0.1; Nexus 5X Build/MMB29P) AppleWebKit/537.36 (KHTML, like Gecko) Chrome/41.0.2272.96 Mobile Safari/537.36 (compatible; Googlebot/2.1; +http://www.google.com/bot.html)"
66.249.69.179 - - [11/Jul/2018:11:05:04 +0200] "GET /buecher/der_neunte_tag.html HTTP/1.1" 304 - "-" "Mozilla/5.0 (Linux; Android 6.0.1; Nexus 5X Build/MMB29P) AppleWebKit/537.36 (KHTML, like Gecko) Chrome/41.0.2272.96 Mobile Safari/537.36 (compatible; Googlebot/2.1; +http://www.google.com/bot.html)"
66.249.69.177 - - [11/Jul/2018:11:28:33 +0200] "GET /sonderthemen/sk2004_s01.pdf HTTP/1.1" 304 - "-" "Mozilla/5.0 (Linux; Android 6.0.1; Nexus 5X Build/MMB29P) AppleWebKit/537.36 (KHTML, like Gecko) Chrome/41.0.2272.96 Mobile Safari/537.36 (compatible; Googlebot/2.1; +http://www.google.com/bot.html)"
66.249.69.177 - - [11/Jul/2018:12:15:31 +0200] "GET /sonderthemen/sk2002.pdf HTTP/1.1" 304 - "-" "Mozilla/5.0 (Linux; Android 6.0.1; Nexus 5X Build/MMB29P) AppleWebKit/537.36 (KHTML, like Gecko) Chrome/41.0.2272.96 Mobile Safari/537.36 (compatible; Googlebot/2.1; +http://www.google.com/bot.html)"
148.251.237.246 - - [11/Jul/2018:12:18:14 +0200] "GET /sonderthemen/sk2000.pdf HTTP/1.1" 200 2925489 "-" "Mozilla/5.0 (Macintosh; Intel Mac OS X 10_12_6) AppleWebKit/604.5.6 (KHTML, like Gecko) Version/11.0.3 Safari/604.5.6"
85.25.210.41 - - [11/Jul/2018:12:19:37 +0200] "GET /robots.txt HTTP/1.1" 200 100 "-" "Mozilla/5.0 (compatible; adscanner/)"
85.25.210.41 - - [11/Jul/2018:12:19:37 +0200] "GET /sonderthemen/radioparadiso.gif HTTP/1.1" 200 934 "-" "Mozilla/5.0 (compatible; adscanner/)"
85.25.210.41 - - [11/Jul/2018:12:20:08 +0200] "GET /logo_g.gif HTTP/1.1" 200 1301 "-" "Mozilla/5.0 (compatible; adscanner/)"
85.25.210.41 - - [11/Jul/2018:12:24:08 +0200] "GET /sonderthemen/wichern.jpg HTTP/1.1" 200 1994 "-" "Mozilla/5.0 (compatible; adscanner/)"
85.25.210.41 - - [11/Jul/2018:12:29:45 +0200] "GET /sonderthemen/oekt_extra.jpg HTTP/1.1" 200 12801 "-" "Mozilla/5.0 (compatible; adscanner/)"
66.249.69.177 - - [11/Jul/2018:12:31:10 +0200] "GET /buecher/rezensionen_leiblichkeit_und_zeitlichkeit.html HTTP/1.1" 304 - "-" "Mozilla/5.0 (Linux; Android 6.0.1; Nexus 5X Build/MMB29P) AppleWebKit/537.36 (KHTML, like Gecko) Chrome/41.0.2272.96 Mobile Safari/537.36 (compatible; Googlebot/2.1; +http://www.google.com/bot.html)"
46.229.168.74 - - [11/Jul/2018:12:41:00 +0200] "GET /robots.txt HTTP/1.1" 200 100 "-" "Mozilla/5.0 (compatible; SemrushBot/2~bl; +http://www.semrush.com/bot.html)"
46.229.168.75 - - [11/Jul/2018:12:41:00 +0200] "GET /jahrbuch/bestellung.php HTTP/1.1" 200 10316 "-" "Mozilla/5.0 (compatible; SemrushBot/2~bl; +http://www.semrush.com/bot.html)"
131.152.18.100 - - [11/Jul/2018:12:44:44 +0200] "GET /cds/hymnos_akathistos.html HTTP/1.1" 200 11061 "https://www.google.com/" "Mozilla/5.0 (Macintosh; Intel Mac OS X 10_12_6) AppleWebKit/605.1.15 (KHTML, like Gecko) Version/11.1.1 Safari/605.1.15"
131.152.18.100 - - [11/Jul/2018:12:44:44 +0200] "GET /logo_g.gif HTTP/1.1" 200 1301 "http://www.morusverlag.de/cds/hymnos_akathistos.html" "Mozilla/5.0 (Macintosh; Intel Mac OS X 10_12_6) AppleWebKit/605.1.15 (KHTML, like Gecko) Version/11.1.1 Safari/605.1.15"
131.152.18.100 - - [11/Jul/2018:12:44:44 +0200] "GET /cds/hymnos_heft.jpg HTTP/1.1" 200 8653 "http://www.morusverlag.de/cds/hymnos_akathistos.html" "Mozilla/5.0 (Macintosh; Intel Mac OS X 10_12_6) AppleWebKit/605.1.15 (KHTML, like Gecko) Version/11.1.1 Safari/605.1.15"
131.152.18.100 - - [11/Jul/2018:12:44:44 +0200] "GET /main.css HTTP/1.1" 200 1439 "http://www.morusverlag.de/cds/hymnos_akathistos.html" "Mozilla/5.0 (Macintosh; Intel Mac OS X 10_12_6) AppleWebKit/605.1.15 (KHTML, like Gecko) Version/11.1.1 Safari/605.1.15"
131.152.18.100 - - [11/Jul/2018:12:44:44 +0200] "GET /mv_g.gif HTTP/1.1" 200 4070 "http://www.morusverlag.de/cds/hymnos_akathistos.html" "Mozilla/5.0 (Macintosh; Intel Mac OS X 10_12_6) AppleWebKit/605.1.15 (KHTML, like Gecko) Version/11.1.1 Safari/605.1.15"
131.152.18.100 - - [11/Jul/2018:12:44:44 +0200] "GET /m.gif HTTP/1.1" 200 95 "http://www.morusverlag.de/cds/hymnos_akathistos.html" "Mozilla/5.0 (Macintosh; Intel Mac OS X 10_12_6) AppleWebKit/605.1.15 (KHTML, like Gecko) Version/11.1.1 Safari/605.1.15"
131.152.18.100 - - [11/Jul/2018:12:44:44 +0200] "GET /pf.gif HTTP/1.1" 200 62 "http://www.morusverlag.de/cds/hymnos_akathistos.html" "Mozilla/5.0 (Macintosh; Intel Mac OS X 10_12_6) AppleWebKit/605.1.15 (KHTML, like Gecko) Version/11.1.1 Safari/605.1.15"
131.152.18.100 - - [11/Jul/2018:12:44:44 +0200] "GET /cds/hymnos.jpg HTTP/1.1" 200 27752 "http://www.morusverlag.de/cds/hymnos_akathistos.html" "Mozilla/5.0 (Macintosh; Intel Mac OS X 10_12_6) AppleWebKit/605.1.15 (KHTML, like Gecko) Version/11.1.1 Safari/605.1.15"
131.152.18.100 - - [11/Jul/2018:12:44:44 +0200] "GET /strich.gif HTTP/1.1" 200 45 "http://www.morusverlag.de/cds/hymnos_akathistos.html" "Mozilla/5.0 (Macintosh; Intel Mac OS X 10_12_6) AppleWebKit/605.1.15 (KHTML, like Gecko) Version/11.1.1 Safari/605.1.15"
131.152.18.100 - - [11/Jul/2018:12:44:45 +0200] "GET /favicon.ico HTTP/1.1" 200 4286 "http://www.morusverlag.de/cds/hymnos_akathistos.html" "Mozilla/5.0 (Macintosh; Intel Mac OS X 10_12_6) AppleWebKit/605.1.15 (KHTML, like Gecko) Version/11.1.1 Safari/605.1.15"
66.249.69.177 - - [11/Jul/2018:12:46:49 +0200] "GET /jahrbuch/ HTTP/1.1" 304 - "-" "Mozilla/5.0 (Linux; Android 6.0.1; Nexus 5X Build/MMB29P) AppleWebKit/537.36 (KHTML, like Gecko) Chrome/41.0.2272.96 Mobile Safari/537.36 (compatible; Googlebot/2.1; +http://www.google.com/bot.html)"
66.249.69.181 - - [11/Jul/2018:12:51:25 +0200] "GET /cds/glockenspiel2.html HTTP/1.1" 304 - "-" "Mozilla/5.0 (Linux; Android 6.0.1; Nexus 5X Build/MMB29P) AppleWebKit/537.36 (KHTML, like Gecko) Chrome/41.0.2272.96 Mobile Safari/537.36 (compatible; Googlebot/2.1; +http://www.google.com/bot.html)"
66.249.69.181 - - [11/Jul/2018:12:54:39 +0200] "GET /sonderthemen/oekt_extra2.pdf HTTP/1.1" 304 - "-" "Mozilla/5.0 (Linux; Android 6.0.1; Nexus 5X Build/MMB29P) AppleWebKit/537.36 (KHTML, like Gecko) Chrome/41.0.2272.96 Mobile Safari/537.36 (compatible; Googlebot/2.1; +http://www.google.com/bot.html)"
66.249.69.177 - - [11/Jul/2018:13:02:28 +0200] "GET /sonderthemen/oekt_extra1.pdf HTTP/1.1" 304 - "-" "Mozilla/5.0 (Linux; Android 6.0.1; Nexus 5X Build/MMB29P) AppleWebKit/537.36 (KHTML, like Gecko) Chrome/41.0.2272.96 Mobile Safari/537.36 (compatible; Googlebot/2.1; +http://www.google.com/bot.html)"
66.249.69.181 - - [11/Jul/2018:13:10:18 +0200] "GET /buecher/veroeffentlichungsliste.html HTTP/1.1" 304 - "-" "Mozilla/5.0 (Linux; Android 6.0.1; Nexus 5X Build/MMB29P) AppleWebKit/537.36 (KHTML, like Gecko) Chrome/41.0.2272.96 Mobile Safari/537.36 (compatible; Googlebot/2.1; +http://www.google.com/bot.html)"
66.249.69.181 - - [11/Jul/2018:13:25:57 +0200] "GET /impressum.html HTTP/1.1" 304 - "-" "Mozilla/5.0 (Linux; Android 6.0.1; Nexus 5X Build/MMB29P) AppleWebKit/537.36 (KHTML, like Gecko) Chrome/41.0.2272.96 Mobile Safari/537.36 (compatible; Googlebot/2.1; +http://www.google.com/bot.html)"
66.249.69.179 - - [11/Jul/2018:13:49:26 +0200] "GET /cds/hymnos_akathistos.html HTTP/1.1" 304 - "-" "Mozilla/5.0 (Linux; Android 6.0.1; Nexus 5X Build/MMB29P) AppleWebKit/537.36 (KHTML, like Gecko) Chrome/41.0.2272.96 Mobile Safari/537.36 (compatible; Googlebot/2.1; +http://www.google.com/bot.html)"
66.249.69.181 - - [11/Jul/2018:13:57:17 +0200] "GET /buecher/rezensionen_engel.html HTTP/1.1" 304 - "-" "Mozilla/5.0 (Linux; Android 6.0.1; Nexus 5X Build/MMB29P) AppleWebKit/537.36 (KHTML, like Gecko) Chrome/41.0.2272.96 Mobile Safari/537.36 (compatible; Googlebot/2.1; +http://www.google.com/bot.html)"
66.249.69.177 - - [11/Jul/2018:14:05:05 +0200] "GET /gotteslob/ HTTP/1.1" 304 - "-" "Mozilla/5.0 (Linux; Android 6.0.1; Nexus 5X Build/MMB29P) AppleWebKit/537.36 (KHTML, like Gecko) Chrome/41.0.2272.96 Mobile Safari/537.36 (compatible; Googlebot/2.1; +http://www.google.com/bot.html)"
66.249.69.179 - - [11/Jul/2018:14:20:44 +0200] "GET /sonderthemen/sk2004.pdf HTTP/1.1" 304 - "-" "Mozilla/5.0 (Linux; Android 6.0.1; Nexus 5X Build/MMB29P) AppleWebKit/537.36 (KHTML, like Gecko) Chrome/41.0.2272.96 Mobile Safari/537.36 (compatible; Googlebot/2.1; +http://www.google.com/bot.html)"
66.249.69.177 - - [11/Jul/2018:14:28:34 +0200] "GET /sonderthemen/sk2001.pdf HTTP/1.1" 304 - "-" "Mozilla/5.0 (Linux; Android 6.0.1; Nexus 5X Build/MMB29P) AppleWebKit/537.36 (KHTML, like Gecko) Chrome/41.0.2272.96 Mobile Safari/537.36 (compatible; Googlebot/2.1; +http://www.google.com/bot.html)"
66.249.69.181 - - [11/Jul/2018:14:52:03 +0200] "GET /buecher/rezensionen_ungeteilt.html HTTP/1.1" 304 - "-" "Mozilla/5.0 (Linux; Android 6.0.1; Nexus 5X Build/MMB29P) AppleWebKit/537.36 (KHTML, like Gecko) Chrome/41.0.2272.96 Mobile Safari/537.36 (compatible; Googlebot/2.1; +http://www.google.com/bot.html)"
66.249.69.179 - - [11/Jul/2018:14:52:03 +0200] "GET /robots.txt HTTP/1.1" 200 100 "-" "Mozilla/5.0 (compatible; Googlebot/2.1; +http://www.google.com/bot.html)"
66.249.69.181 - - [11/Jul/2018:14:59:52 +0200] "GET /buecher/rezensionen_psalmen.html HTTP/1.1" 304 - "-" "Mozilla/5.0 (Linux; Android 6.0.1; Nexus 5X Build/MMB29P) AppleWebKit/537.36 (KHTML, like Gecko) Chrome/41.0.2272.96 Mobile Safari/537.36 (compatible; Googlebot/2.1; +http://www.google.com/bot.html)"
66.249.69.179 - - [11/Jul/2018:15:07:42 +0200] "GET /buecher/bestellung.php HTTP/1.1" 200 10142 "-" "Mozilla/5.0 (Linux; Android 6.0.1; Nexus 5X Build/MMB29P) AppleWebKit/537.36 (KHTML, like Gecko) Chrome/41.0.2272.96 Mobile Safari/537.36 (compatible; Googlebot/2.1; +http://www.google.com/bot.html)"
66.249.69.181 - - [11/Jul/2018:15:15:32 +0200] "GET /sonderthemen/ HTTP/1.1" 304 - "-" "Mozilla/5.0 (Linux; Android 6.0.1; Nexus 5X Build/MMB29P) AppleWebKit/537.36 (KHTML, like Gecko) Chrome/41.0.2272.96 Mobile Safari/537.36 (compatible; Googlebot/2.1; +http://www.google.com/bot.html)"
66.249.69.179 - - [11/Jul/2018:15:31:11 +0200] "GET /sonderthemen/sk2000.pdf HTTP/1.1" 304 - "-" "Mozilla/5.0 (Linux; Android 6.0.1; Nexus 5X Build/MMB29P) AppleWebKit/537.36 (KHTML, like Gecko) Chrome/41.0.2272.96 Mobile Safari/537.36 (compatible; Googlebot/2.1; +http://www.google.com/bot.html)"
66.249.69.177 - - [11/Jul/2018:15:39:03 +0200] "GET /jahrbuch/bestellung.php HTTP/1.1" 200 10316 "-" "Mozilla/5.0 (Linux; Android 6.0.1; Nexus 5X Build/MMB29P) AppleWebKit/537.36 (KHTML, like Gecko) Chrome/41.0.2272.96 Mobile Safari/537.36 (compatible; Googlebot/2.1; +http://www.google.com/bot.html)"
13.75.208.103 - - [11/Jul/2018:15:50:02 +0200] "HEAD / HTTP/1.0" 200 - "-" "HTTPing v2.5"
13.75.208.103 - - [11/Jul/2018:15:50:02 +0200] "HEAD / HTTP/1.0" 200 - "-" "HTTPing v2.5"
13.75.208.103 - - [11/Jul/2018:15:50:03 +0200] "HEAD / HTTP/1.0" 200 - "-" "HTTPing v2.5"
13.75.208.103 - - [11/Jul/2018:15:50:04 +0200] "HEAD / HTTP/1.0" 200 - "-" "HTTPing v2.5"
13.75.208.103 - - [11/Jul/2018:15:50:04 +0200] "HEAD / HTTP/1.0" 200 - "-" "HTTPing v2.5"
13.75.208.103 - - [11/Jul/2018:15:50:05 +0200] "HEAD / HTTP/1.0" 200 - "-" "HTTPing v2.5"
13.75.208.103 - - [11/Jul/2018:15:50:05 +0200] "HEAD / HTTP/1.0" 200 - "-" "HTTPing v2.5"
13.75.208.103 - - [11/Jul/2018:15:50:06 +0200] "HEAD / HTTP/1.0" 200 - "-" "HTTPing v2.5"
13.75.208.103 - - [11/Jul/2018:15:50:07 +0200] "HEAD / HTTP/1.0" 200 - "-" "HTTPing v2.5"
13.75.208.103 - - [11/Jul/2018:15:50:07 +0200] "HEAD / HTTP/1.0" 200 - "-" "HTTPing v2.5"
66.249.69.177 - - [11/Jul/2018:15:54:40 +0200] "GET /buecher/rezensionen_chateaubriand.html HTTP/1.1" 200 47317 "-" "Mozilla/5.0 (Linux; Android 6.0.1; Nexus 5X Build/MMB29P) AppleWebKit/537.36 (KHTML, like Gecko) Chrome/41.0.2272.96 Mobile Safari/537.36 (compatible; Googlebot/2.1; +http://www.google.com/bot.html)"
66.249.69.177 - - [11/Jul/2018:16:02:29 +0200] "GET /buecher/ HTTP/1.1" 200 25885 "-" "Mozilla/5.0 (Linux; Android 6.0.1; Nexus 5X Build/MMB29P) AppleWebKit/537.36 (KHTML, like Gecko) Chrome/41.0.2272.96 Mobile Safari/537.36 (compatible; Googlebot/2.1; +http://www.google.com/bot.html)"
66.249.69.179 - - [11/Jul/2018:16:02:33 +0200] "GET /contentflow/contentflow.js HTTP/1.1" 200 42064 "http://www.morusverlag.de/buecher/" "Mozilla/5.0 (Linux; Android 6.0.1; Nexus 5X Build/MMB29P) AppleWebKit/537.36 (KHTML, like Gecko) Chrome/41.0.2272.96 Mobile Safari/537.36 (compatible; Googlebot/2.1; +http://www.google.com/bot.html)"
66.249.69.177 - - [11/Jul/2018:16:02:34 +0200] "GET /contentflow/ContentFlowAddOn_white.css HTTP/1.1" 200 3174 "http://www.morusverlag.de/buecher/" "Mozilla/5.0 (Linux; Android 6.0.1; Nexus 5X Build/MMB29P) AppleWebKit/537.36 (KHTML, like Gecko) Chrome/41.0.2272.96 Mobile Safari/537.36 (compatible; Googlebot/2.1; +http://www.google.com/bot.html)"
66.249.69.177 - - [11/Jul/2018:16:10:19 +0200] "GET /buecher/rezension_gesichter_u_geschichten.pdf HTTP/1.1" 304 - "-" "Mozilla/5.0 (Linux; Android 6.0.1; Nexus 5X Build/MMB29P) AppleWebKit/537.36 (KHTML, like Gecko) Chrome/41.0.2272.96 Mobile Safari/537.36 (compatible; Googlebot/2.1; +http://www.google.com/bot.html)"
180.76.15.24 - - [11/Jul/2018:16:17:07 +0200] "GET / HTTP/1.1" 200 9360 "-" "Mozilla/5.0 (compatible; Baiduspider/2.0; +http://www.baidu.com/search/spider.html)"
66.249.69.181 - - [11/Jul/2018:16:26:01 +0200] "GET /sonderthemen/oekz2003.pdf HTTP/1.1" 304 - "-" "Mozilla/5.0 (Linux; Android 6.0.1; Nexus 5X Build/MMB29P) AppleWebKit/537.36 (KHTML, like Gecko) Chrome/41.0.2272.96 Mobile Safari/537.36 (compatible; Googlebot/2.1; +http://www.google.com/bot.html)"
157.55.39.61 - - [11/Jul/2018:16:44:07 +0200] "GET /buecher/ HTTP/1.1" 200 25885 "-" "Mozilla/5.0 (iPhone; CPU iPhone OS 7_0 like Mac OS X) AppleWebKit/537.51.1 (KHTML, like Gecko) Version/7.0 Mobile/11A465 Safari/9537.53 (compatible; bingbot/2.0; +http://www.bing.com/bingbot.htm)"
40.77.167.96 - - [11/Jul/2018:16:44:15 +0200] "GET /robots.txt HTTP/1.1" 200 100 "-" "Mozilla/5.0 (compatible; bingbot/2.0; +http://www.bing.com/bingbot.htm)"
40.77.167.96 - - [11/Jul/2018:16:44:15 +0200] "GET /robots.txt HTTP/1.1" 200 100 "-" "Mozilla/5.0 (compatible; bingbot/2.0; +http://www.bing.com/bingbot.htm)"
40.77.167.96 - - [11/Jul/2018:16:44:15 +0200] "GET /robots.txt HTTP/1.1" 200 100 "-" "Mozilla/5.0 (compatible; bingbot/2.0; +http://www.bing.com/bingbot.htm)"
40.77.167.96 - - [11/Jul/2018:16:44:15 +0200] "GET /robots.txt HTTP/1.1" 200 100 "-" "Mozilla/5.0 (compatible; bingbot/2.0; +http://www.bing.com/bingbot.htm)"
40.77.167.96 - - [11/Jul/2018:16:44:15 +0200] "GET /robots.txt HTTP/1.1" 200 100 "-" "Mozilla/5.0 (compatible; bingbot/2.0; +http://www.bing.com/bingbot.htm)"
157.55.39.61 - - [11/Jul/2018:16:44:21 +0200] "GET /contentflow/contentflow.js HTTP/1.1" 200 42064 "-" "Mozilla/5.0 (iPhone; CPU iPhone OS 7_0 like Mac OS X) AppleWebKit/537.51.1 (KHTML, like Gecko) Version/7.0 Mobile/11A465 Safari/9537.53 (compatible; bingbot/2.0; +http://www.bing.com/bingbot.htm)"
207.46.13.227 - - [11/Jul/2018:16:44:26 +0200] "GET /buecher/gesichter.jpg HTTP/1.1" 200 7271 "-" "Mozilla/5.0 (iPhone; CPU iPhone OS 7_0 like Mac OS X) AppleWebKit/537.51.1 (KHTML, like Gecko) Version/7.0 Mobile/11A465 Safari/9537.53 (compatible; bingbot/2.0; +http://www.bing.com/bingbot.htm)"
207.46.13.227 - - [11/Jul/2018:16:44:26 +0200] "GET /pf.gif HTTP/1.1" 200 62 "-" "Mozilla/5.0 (iPhone; CPU iPhone OS 7_0 like Mac OS X) AppleWebKit/537.51.1 (KHTML, like Gecko) Version/7.0 Mobile/11A465 Safari/9537.53 (compatible; bingbot/2.0; +http://www.bing.com/bingbot.htm)"
157.55.39.161 - - [11/Jul/2018:16:44:31 +0200] "GET /main.css HTTP/1.1" 200 1439 "-" "Mozilla/5.0 (iPhone; CPU iPhone OS 7_0 like Mac OS X) AppleWebKit/537.51.1 (KHTML, like Gecko) Version/7.0 Mobile/11A465 Safari/9537.53 (compatible; bingbot/2.0; +http://www.bing.com/bingbot.htm)"
40.77.167.96 - - [11/Jul/2018:16:44:35 +0200] "GET /m.gif HTTP/1.1" 200 95 "-" "Mozilla/5.0 (iPhone; CPU iPhone OS 7_0 like Mac OS X) AppleWebKit/537.51.1 (KHTML, like Gecko) Version/7.0 Mobile/11A465 Safari/9537.53 (compatible; bingbot/2.0; +http://www.bing.com/bingbot.htm)"
40.77.167.96 - - [11/Jul/2018:16:44:35 +0200] "GET /mv_g.gif HTTP/1.1" 200 4070 "-" "Mozilla/5.0 (iPhone; CPU iPhone OS 7_0 like Mac OS X) AppleWebKit/537.51.1 (KHTML, like Gecko) Version/7.0 Mobile/11A465 Safari/9537.53 (compatible; bingbot/2.0; +http://www.bing.com/bingbot.htm)"
40.77.167.96 - - [11/Jul/2018:16:44:35 +0200] "GET /strich.gif HTTP/1.1" 200 45 "-" "Mozilla/5.0 (iPhone; CPU iPhone OS 7_0 like Mac OS X) AppleWebKit/537.51.1 (KHTML, like Gecko) Version/7.0 Mobile/11A465 Safari/9537.53 (compatible; bingbot/2.0; +http://www.bing.com/bingbot.htm)"
66.249.69.177 - - [11/Jul/2018:16:49:27 +0200] "GET /buecher/rezensionen_krise_zum_heil.html HTTP/1.1" 304 - "-" "Mozilla/5.0 (Linux; Android 6.0.1; Nexus 5X Build/MMB29P) AppleWebKit/537.36 (KHTML, like Gecko) Chrome/41.0.2272.96 Mobile Safari/537.36 (compatible; Googlebot/2.1; +http://www.google.com/bot.html)"
46.229.168.81 - - [11/Jul/2018:16:53:28 +0200] "GET /robots.txt HTTP/1.1" 200 100 "-" "Mozilla/5.0 (compatible; SemrushBot/2~bl; +http://www.semrush.com/bot.html)"
46.229.168.71 - - [11/Jul/2018:16:53:29 +0200] "GET /cds/glockenspiel2.html HTTP/1.1" 200 9831 "-" "Mozilla/5.0 (compatible; SemrushBot/2~bl; +http://www.semrush.com/bot.html)"
66.249.69.181 - - [11/Jul/2018:16:57:17 +0200] "GET /sonderthemen/az2000.pdf HTTP/1.1" 304 - "-" "Mozilla/5.0 (Linux; Android 6.0.1; Nexus 5X Build/MMB29P) AppleWebKit/537.36 (KHTML, like Gecko) Chrome/41.0.2272.96 Mobile Safari/537.36 (compatible; Googlebot/2.1; +http://www.google.com/bot.html)"
66.249.69.181 - - [11/Jul/2018:17:05:06 +0200] "GET /sonderthemen/az2003.pdf HTTP/1.1" 304 - "-" "Mozilla/5.0 (Linux; Android 6.0.1; Nexus 5X Build/MMB29P) AppleWebKit/537.36 (KHTML, like Gecko) Chrome/41.0.2272.96 Mobile Safari/537.36 (compatible; Googlebot/2.1; +http://www.google.com/bot.html)"
78.46.94.83 - - [11/Jul/2018:17:08:55 +0200] "GET /sonderthemen/sk2001.pdf HTTP/1.1" 200 3098589 "-" "Mozilla/5.0 (Macintosh; Intel Mac OS X 10_6_8) AppleWebKit/534.59.8 (KHTML, like Gecko) Version/5.1.9 Safari/534.59.8"
94.130.71.87 - - [11/Jul/2018:17:11:39 +0200] "GET /robots.txt HTTP/1.1" 200 100 "-" "Mozilla/5.0 (Windows NT 6.1; WOW64) AppleWebKit/537.36 (KHTML, like Gecko) Chrome/37.0.2062.120 Safari/537.36"
85.25.210.41 - - [11/Jul/2018:17:11:40 +0200] "GET /robots.txt HTTP/1.1" 200 100 "-" "Mozilla/5.0 (compatible; adscanner/)"
85.25.210.41 - - [11/Jul/2018:17:11:40 +0200] "GET /buecher/nichtaufsand.jpg HTTP/1.1" 200 3733 "-" "Mozilla/5.0 (compatible; adscanner/)"
66.249.69.177 - - [11/Jul/2018:17:12:56 +0200] "GET /cds/lumina.html HTTP/1.1" 200 9000 "-" "Mozilla/5.0 (Linux; Android 6.0.1; Nexus 5X Build/MMB29P) AppleWebKit/537.36 (KHTML, like Gecko) Chrome/41.0.2272.96 Mobile Safari/537.36 (compatible; Googlebot/2.1; +http://www.google.com/bot.html)"
46.229.170.197 - - [11/Jul/2018:17:23:31 +0200] "GET / HTTP/1.1" 200 9360 "-" "Mozilla/5.0 (Windows NT 6.1; WOW64) AppleWebKit/537.36 (KHTML, like Gecko) Chrome/56.0.2924.87 Safari/537.36"
40.77.188.204 - - [11/Jul/2018:17:45:22 +0200] "GET /contentflow/contentflow.js HTTP/1.1" 200 42064 "-" "Mozilla/5.0 (iPhone; CPU iPhone OS 7_0 like Mac OS X) AppleWebKit/537.51.1 (KHTML, like Gecko) Version/7.0 Mobile/11A465 Safari/9537.53 BingPreview/1.0b"
40.77.188.76 - - [11/Jul/2018:17:45:23 +0200] "GET /contentflow/contentflow.css HTTP/1.1" 200 3109 "-" "Mozilla/5.0 (iPhone; CPU iPhone OS 7_0 like Mac OS X) AppleWebKit/537.51.1 (KHTML, like Gecko) Version/7.0 Mobile/11A465 Safari/9537.53 BingPreview/1.0b"
40.77.189.157 - - [11/Jul/2018:17:45:24 +0200] "GET /contentflow/mycontentflow.css HTTP/1.1" 404 2381 "-" "Mozilla/5.0 (iPhone; CPU iPhone OS 7_0 like Mac OS X) AppleWebKit/537.51.1 (KHTML, like Gecko) Version/7.0 Mobile/11A465 Safari/9537.53 BingPreview/1.0b"
40.77.189.157 - - [11/Jul/2018:17:45:24 +0200] "GET /contentflow/ContentFlowAddOn_white.js HTTP/1.1" 200 471 "-" "Mozilla/5.0 (iPhone; CPU iPhone OS 7_0 like Mac OS X) AppleWebKit/537.51.1 (KHTML, like Gecko) Version/7.0 Mobile/11A465 Safari/9537.53 BingPreview/1.0b"
40.77.189.23 - - [11/Jul/2018:17:45:24 +0200] "GET /contentflow/ContentFlowAddOn_white.css HTTP/1.1" 200 3174 "-" "Mozilla/5.0 (iPhone; CPU iPhone OS 7_0 like Mac OS X) AppleWebKit/537.51.1 (KHTML, like Gecko) Version/7.0 Mobile/11A465 Safari/9537.53 BingPreview/1.0b"
40.77.188.204 - - [11/Jul/2018:17:45:25 +0200] "GET /logo_g.gif HTTP/1.1" 200 1301 "-" "Mozilla/5.0 (iPhone; CPU iPhone OS 7_0 like Mac OS X) AppleWebKit/537.51.1 (KHTML, like Gecko) Version/7.0 Mobile/11A465 Safari/9537.53 BingPreview/1.0b"
40.77.188.76 - - [11/Jul/2018:17:45:25 +0200] "GET /contentflow/img/loader.gif HTTP/1.1" 200 8238 "-" "Mozilla/5.0 (iPhone; CPU iPhone OS 7_0 like Mac OS X) AppleWebKit/537.51.1 (KHTML, like Gecko) Version/7.0 Mobile/11A465 Safari/9537.53 BingPreview/1.0b"
40.77.188.76 - - [11/Jul/2018:17:45:26 +0200] "GET /contentflow/img/scrollbar_white.png HTTP/1.1" 200 82 "-" "Mozilla/5.0 (iPhone; CPU iPhone OS 7_0 like Mac OS X) AppleWebKit/537.51.1 (KHTML, like Gecko) Version/7.0 Mobile/11A465 Safari/9537.53 BingPreview/1.0b"
40.77.189.224 - - [11/Jul/2018:17:45:26 +0200] "GET /contentflow/img/slider_white.png HTTP/1.1" 200 178 "-" "Mozilla/5.0 (iPhone; CPU iPhone OS 7_0 like Mac OS X) AppleWebKit/537.51.1 (KHTML, like Gecko) Version/7.0 Mobile/11A465 Safari/9537.53 BingPreview/1.0b"
