91.114.153.47 - - [24/Jul/2018:20:18:27 +0200] "GET /m.gif HTTP/1.1" 200 95 "http://www.morusverlag.de/buecher/rezensionen_chateaubriand.html" "Mozilla/5.0 (Windows NT 6.1; Win64; x64; rv:61.0) Gecko/20100101 Firefox/61.0"
91.114.153.47 - - [24/Jul/2018:20:18:27 +0200] "GET /buecher/chateaubriand.jpg HTTP/1.1" 200 2272 "http://www.morusverlag.de/buecher/rezensionen_chateaubriand.html" "Mozilla/5.0 (Windows NT 6.1; Win64; x64; rv:61.0) Gecko/20100101 Firefox/61.0"
91.114.153.47 - - [24/Jul/2018:20:18:27 +0200] "GET /buecher/schenuit.jpg HTTP/1.1" 200 2024 "http://www.morusverlag.de/buecher/rezensionen_chateaubriand.html" "Mozilla/5.0 (Windows NT 6.1; Win64; x64; rv:61.0) Gecko/20100101 Firefox/61.0"
91.114.153.47 - - [24/Jul/2018:20:18:27 +0200] "GET /logo_g.gif HTTP/1.1" 200 1301 "http://www.morusverlag.de/buecher/rezensionen_chateaubriand.html" "Mozilla/5.0 (Windows NT 6.1; Win64; x64; rv:61.0) Gecko/20100101 Firefox/61.0"
91.114.153.47 - - [24/Jul/2018:20:18:27 +0200] "GET /strich.gif HTTP/1.1" 200 45 "http://www.morusverlag.de/buecher/rezensionen_chateaubriand.html" "Mozilla/5.0 (Windows NT 6.1; Win64; x64; rv:61.0) Gecko/20100101 Firefox/61.0"
91.114.153.47 - - [24/Jul/2018:20:18:27 +0200] "GET /favicon.ico HTTP/1.1" 200 4286 "-" "Mozilla/5.0 (Windows NT 6.1; Win64; x64; rv:61.0) Gecko/20100101 Firefox/61.0"
91.114.153.47 - - [24/Jul/2018:20:18:27 +0200] "GET /favicon.ico HTTP/1.1" 200 4286 "-" "Mozilla/5.0 (Windows NT 6.1; Win64; x64; rv:61.0) Gecko/20100101 Firefox/61.0"
88.99.27.172 - - [24/Jul/2018:20:19:53 +0200] "GET /sonderthemen/oekt_extra2.pdf HTTP/1.1" 200 1939949 "-" "Mozilla/5.0 (Windows NT 10.0; Win64; x64) AppleWebKit/537.36 (KHTML, like Gecko) Chrome/64.0.3282.140 Safari/537.36"
88.198.36.62 - - [24/Jul/2018:20:28:33 +0200] "GET /sonderthemen/oeaz2001.pdf HTTP/1.1" 200 4496626 "-" "Mozilla/5.0 (compatible; MSIE 10.0; Windows NT 6.1; Trident/4.0; InfoPath.2; SV1; .NET CLR 2.0.50727; WOW64)"
144.76.142.152 - - [24/Jul/2018:20:33:14 +0200] "GET /sonderthemen/oekt_extra3.pdf HTTP/1.1" 200 2109745 "-" "Mozilla/5.0 (X11; Linux x86_64; rv:57.0) Gecko/20100101 Firefox/57.0"
40.77.167.140 - - [24/Jul/2018:20:34:23 +0200] "GET /search.php HTTP/1.1" 200 2027 "-" "Mozilla/5.0 (compatible; bingbot/2.0; +http://www.bing.com/bingbot.htm)"
144.76.168.111 - - [24/Jul/2018:20:37:52 +0200] "GET /buecher/ HTTP/1.1" 200 25885 "-" "Mozilla/5.0 (Windows NT 10.0; Win64; x64) AppleWebKit/537.36 (KHTML, like Gecko) Chrome/64.0.3282.119 Safari/537.36"
5.9.112.6 - - [24/Jul/2018:20:37:53 +0200] "GET /buecher/index.html HTTP/1.1" 200 25885 "-" "Mozilla/5.0 (Windows NT 10.0; Win64; x64) AppleWebKit/537.36 (KHTML, like Gecko) Chrome/63.0.3239.132 Safari/537.36 OPR/50.0.2762.58"
40.77.177.129 - - [24/Jul/2018:20:44:17 +0200] "GET /contentflow/contentflow.css HTTP/1.1" 200 3109 "-" "Mozilla/5.0 (iPhone; CPU iPhone OS 7_0 like Mac OS X) AppleWebKit/537.51.1 (KHTML, like Gecko) Version/7.0 Mobile/11A465 Safari/9537.53 BingPreview/1.0b"
40.77.177.129 - - [24/Jul/2018:20:44:18 +0200] "GET /contentflow/mycontentflow.css HTTP/1.1" 404 2381 "-" "Mozilla/5.0 (iPhone; CPU iPhone OS 7_0 like Mac OS X) AppleWebKit/537.51.1 (KHTML, like Gecko) Version/7.0 Mobile/11A465 Safari/9537.53 BingPreview/1.0b"
40.77.177.129 - - [24/Jul/2018:20:44:18 +0200] "GET /contentflow/ContentFlowAddOn_white.js HTTP/1.1" 200 471 "-" "Mozilla/5.0 (iPhone; CPU iPhone OS 7_0 like Mac OS X) AppleWebKit/537.51.1 (KHTML, like Gecko) Version/7.0 Mobile/11A465 Safari/9537.53 BingPreview/1.0b"
40.77.177.129 - - [24/Jul/2018:20:44:18 +0200] "GET /contentflow/ContentFlowAddOn_white.css HTTP/1.1" 200 3174 "-" "Mozilla/5.0 (iPhone; CPU iPhone OS 7_0 like Mac OS X) AppleWebKit/537.51.1 (KHTML, like Gecko) Version/7.0 Mobile/11A465 Safari/9537.53 BingPreview/1.0b"
40.77.177.129 - - [24/Jul/2018:20:44:19 +0200] "GET /contentflow/img/loader.gif HTTP/1.1" 200 8238 "-" "Mozilla/5.0 (iPhone; CPU iPhone OS 7_0 like Mac OS X) AppleWebKit/537.51.1 (KHTML, like Gecko) Version/7.0 Mobile/11A465 Safari/9537.53 BingPreview/1.0b"
40.77.177.129 - - [24/Jul/2018:20:44:19 +0200] "GET /contentflow/img/scrollbar_white.png HTTP/1.1" 200 82 "-" "Mozilla/5.0 (iPhone; CPU iPhone OS 7_0 like Mac OS X) AppleWebKit/537.51.1 (KHTML, like Gecko) Version/7.0 Mobile/11A465 Safari/9537.53 BingPreview/1.0b"
40.77.177.129 - - [24/Jul/2018:20:44:19 +0200] "GET /contentflow/img/slider_white.png HTTP/1.1" 200 178 "-" "Mozilla/5.0 (iPhone; CPU iPhone OS 7_0 like Mac OS X) AppleWebKit/537.51.1 (KHTML, like Gecko) Version/7.0 Mobile/11A465 Safari/9537.53 BingPreview/1.0b"
40.77.177.129 - - [24/Jul/2018:20:44:19 +0200] "GET /contentflow/img/1x1_0.5_white.png HTTP/1.1" 200 82 "-" "Mozilla/5.0 (iPhone; CPU iPhone OS 7_0 like Mac OS X) AppleWebKit/537.51.1 (KHTML, like Gecko) Version/7.0 Mobile/11A465 Safari/9537.53 BingPreview/1.0b"
40.77.177.129 - - [24/Jul/2018:20:44:19 +0200] "GET /contentflow/img/loader_white.gif HTTP/1.1" 200 8238 "-" "Mozilla/5.0 (iPhone; CPU iPhone OS 7_0 like Mac OS X) AppleWebKit/537.51.1 (KHTML, like Gecko) Version/7.0 Mobile/11A465 Safari/9537.53 BingPreview/1.0b"
40.77.177.129 - - [24/Jul/2018:20:44:20 +0200] "GET /contentflow/img/scrollbar_black.png HTTP/1.1" 200 82 "-" "Mozilla/5.0 (iPhone; CPU iPhone OS 7_0 like Mac OS X) AppleWebKit/537.51.1 (KHTML, like Gecko) Version/7.0 Mobile/11A465 Safari/9537.53 BingPreview/1.0b"
40.77.177.129 - - [24/Jul/2018:20:44:20 +0200] "GET /contentflow/img/slider_black.png HTTP/1.1" 200 175 "-" "Mozilla/5.0 (iPhone; CPU iPhone OS 7_0 like Mac OS X) AppleWebKit/537.51.1 (KHTML, like Gecko) Version/7.0 Mobile/11A465 Safari/9537.53 BingPreview/1.0b"
5.9.17.118 - - [24/Jul/2018:21:00:45 +0200] "GET /sonderthemen/oekt_extra1.pdf HTTP/1.1" 200 1849015 "-" "Mozilla/5.0 (Macintosh; Intel Mac OS X 10_10_5) AppleWebKit/537.36 (KHTML, like Gecko) Chrome/63.0.3239.132 Safari/537.36"
148.251.75.46 - - [24/Jul/2018:21:00:45 +0200] "GET /sonderthemen/oekt_extra3.pdf HTTP/1.1" 200 2109745 "-" "Mozilla/5.0 (Macintosh; Intel Mac OS X 10_6_8) AppleWebKit/534.59.8 (KHTML, like Gecko) Version/5.1.9 Safari/534.59.8"
62.138.0.25 - - [24/Jul/2018:21:16:44 +0200] "GET /sonderthemen/sk2002.pdf HTTP/1.1" 200 2628923 "-" "Mozilla/5.0 (compatible; adscanner/)"
95.91.215.98 - - [24/Jul/2018:21:23:25 +0200] "GET /sonderthemen/oeaz2001.pdf HTTP/1.1" 200 4496626 "https://www.google.de/" "Mozilla/5.0 (iPhone; CPU iPhone OS 11_3 like Mac OS X) AppleWebKit/605.1.15 (KHTML, like Gecko) Version/11.0 Mobile/15E148 Safari/604.1"
157.55.39.121 - - [24/Jul/2018:21:24:57 +0200] "GET /sonderthemen/oekt_extra1.pdf HTTP/1.1" 200 1849015 "-" "Mozilla/5.0 (compatible; bingbot/2.0; +http://www.bing.com/bingbot.htm)"
5.9.145.132 - - [24/Jul/2018:21:27:16 +0200] "GET /sonderthemen/az2003.pdf HTTP/1.1" 200 4864675 "-" "Mozilla/5.0 (Windows NT 10.0; WOW64; Trident/7.0; rv:11.0) like Gecko"
85.25.210.234 - - [24/Jul/2018:21:33:40 +0200] "GET /robots.txt HTTP/1.1" 200 100 "-" "Mozilla/5.0 (compatible; adscanner/)"
85.25.210.234 - - [24/Jul/2018:21:33:40 +0200] "GET /sonderthemen/az2000.pdf HTTP/1.1" 200 2253581 "-" "Mozilla/5.0 (compatible; adscanner/)"
194.187.170.125 - - [24/Jul/2018:21:35:20 +0200] "GET /robots.txt HTTP/1.1" 200 100 "-" "Mozilla/5.0 (compatible; Qwantify/2.4w; +https://www.qwant.com/)/2.4w"
194.187.170.125 - - [24/Jul/2018:21:35:20 +0200] "GET /cds/ignatius.html HTTP/1.1" 200 6576 "-" "Mozilla/5.0 (compatible; Qwantify/2.4w; +https://www.qwant.com/)/2.4w"
194.187.170.125 - - [24/Jul/2018:21:44:34 +0200] "GET /buecher/diskussion.html HTTP/1.1" 200 9925 "-" "Mozilla/5.0 (compatible; Qwantify/2.4w; +https://www.qwant.com/)/2.4w"
62.138.0.25 - - [24/Jul/2018:21:51:10 +0200] "GET /sonderthemen/oekt_extra1.pdf HTTP/1.1" 200 1849015 "-" "Mozilla/5.0 (compatible; adscanner/)"
157.55.39.121 - - [24/Jul/2018:21:56:54 +0200] "GET /sonderthemen/oekt_extra1.pdf HTTP/1.1" 200 1849015 "-" "Mozilla/5.0 (iPhone; CPU iPhone OS 7_0 like Mac OS X) AppleWebKit/537.51.1 (KHTML, like Gecko) Version/7.0 Mobile/11A465 Safari/9537.53 (compatible; bingbot/2.0; +http://www.bing.com/bingbot.htm)"
66.249.69.240 - - [24/Jul/2018:22:05:33 +0200] "GET /buecher/ HTTP/1.1" 304 - "-" "Mozilla/5.0 (Linux; Android 6.0.1; Nexus 5X Build/MMB29P) AppleWebKit/537.36 (KHTML, like Gecko) Chrome/41.0.2272.96 Mobile Safari/537.36 (compatible; Googlebot/2.1; +http://www.google.com/bot.html)"
40.77.167.49 - - [24/Jul/2018:22:13:05 +0200] "GET /buecher/rezension_gesichter_u_geschichten.pdf HTTP/1.1" 200 223287 "-" "Mozilla/5.0 (compatible; bingbot/2.0; +http://www.bing.com/bingbot.htm)"
194.187.170.125 - - [24/Jul/2018:22:21:03 +0200] "GET /cds/hymnos_akathistos.html HTTP/1.1" 200 11061 "-" "Mozilla/5.0 (compatible; Qwantify/2.4w; +https://www.qwant.com/)/2.4w"
46.229.168.85 - - [24/Jul/2018:22:25:11 +0200] "GET /robots.txt HTTP/1.1" 200 100 "-" "Mozilla/5.0 (compatible; SemrushBot/2~bl; +http://www.semrush.com/bot.html)"
46.229.168.77 - - [24/Jul/2018:22:25:17 +0200] "GET /cds/hymnos_akathistos.html HTTP/1.1" 200 11061 "-" "Mozilla/5.0 (compatible; SemrushBot/2~bl; +http://www.semrush.com/bot.html)"
194.187.170.125 - - [24/Jul/2018:22:51:40 +0200] "GET /buecher/rezensionen_chateaubriand.html HTTP/1.1" 200 47317 "-" "Mozilla/5.0 (compatible; Qwantify/2.4w; +https://www.qwant.com/)/2.4w"
188.32.50.142 - - [24/Jul/2018:23:22:56 +0200] "GET / HTTP/1.1" 200 9360 "https://yandex.ru/clck/jsredir?from=yandex.ru%3Bsearch%3Bweb%3B%3B&text=&etext=1859.InQ6K6r2RG9Qa0x54iJmK94EEovLauls0OREfXibbGYYaLnYcaec9JZGoAQeJI9_.832383c64b71f7d28084d3353531c42ac0ddbc84&uuid=&state=_BLhILn4SxNIvvL0W45KSic66uCIg23qh8iRG98qeIXmeppkgUc0YGHEttDsYq_w3pSJtejupWg&data=UlNrNmk5WktYejR0eWJFYk1Ldmtxb1l1RXpOMFBlbUJZSF9LZnpSZ1JYbDBuSnhhSm5xU0hjS3hSM2NabDVyMGFoS1dkWmVQTUNWSWFkRXM1LTJyX19zUmxoY1NZeFRFQTQ3YURBWDJJRXc&b64e=2&sign=aff6abe71e98f79d4adfa5cd7b2a25e4&keyno=0&cst=AiuY0DBWFJ7IXge4WdYJQYuwSQLovbTT7yPSwO-mMQYv412f4ycEY-0Nvr49qOaWgxCj4SPkkej8JDH6pABx7bX5jnq5cW5m7eClNyupN9ev3-s0XgndIoBj5sGD5UIlXVE9E7U-O31zYNx1VWohb6g846DTvgyE&ref=orjY4mGPRjk5boDnW0uvlrrd71vZw9kp5uQozpMtKCVLVIUOk4qiEPn2uaPR617amQdAN3q_qNKfqGKg0WgI4yM7OkmWIlmpMCHjIHmwWiHB7eSC1F6yxAY4kX7n2kT8&l10n=ru&cts=1532465530428&mc=3.31239920718" "Mozilla/5.0 (compatible; MSIE 10.0; Windows NT 6.2; Trident/6.0; Touch; MASMJS)"
188.32.50.142 - - [24/Jul/2018:23:22:56 +0200] "GET /main.css HTTP/1.1" 200 1439 "http://www.morusverlag.de/" "Mozilla/5.0 (compatible; MSIE 10.0; Windows NT 6.2; Trident/6.0; Touch; MASMJS)"
148.251.50.77 - - [24/Jul/2018:23:23:16 +0200] "GET /sonderthemen/oekt_extra2.pdf HTTP/1.1" 200 1939949 "-" "Mozilla/5.0 (Macintosh; Intel Mac OS X 10_10_5) AppleWebKit/537.36 (KHTML, like Gecko) Chrome/63.0.3239.132 Safari/537.36"
51.15.15.54 - - [24/Jul/2018:23:33:55 +0200] "GET /robots.txt HTTP/1.1" 200 100 "-" "Barkrowler/0.7 (+http://www.exensa.com/crawl)"
51.15.15.54 - - [24/Jul/2018:23:34:28 +0200] "GET / HTTP/1.1" 200 9360 "-" "Barkrowler/0.7 (+http://www.exensa.com/crawl)"
51.15.15.54 - - [24/Jul/2018:23:49:26 +0200] "GET /cds/hymnos_akathistos.html HTTP/1.1" 200 11061 "-" "Barkrowler/0.7 (+http://www.exensa.com/crawl)"
51.15.15.54 - - [24/Jul/2018:23:50:05 +0200] "GET /gotteslob/index.html HTTP/1.1" 200 2770 "-" "Barkrowler/0.7 (+http://www.exensa.com/crawl)"
51.15.15.54 - - [24/Jul/2018:23:50:55 +0200] "GET /cds/rosarium.html HTTP/1.1" 200 6680 "-" "Barkrowler/0.7 (+http://www.exensa.com/crawl)"
51.15.15.54 - - [24/Jul/2018:23:51:29 +0200] "GET /sonderthemen/index.html HTTP/1.1" 200 7102 "-" "Barkrowler/0.7 (+http://www.exensa.com/crawl)"
51.15.15.54 - - [24/Jul/2018:23:52:19 +0200] "GET /buecher/index.html HTTP/1.1" 200 25885 "-" "Barkrowler/0.7 (+http://www.exensa.com/crawl)"
51.15.15.54 - - [24/Jul/2018:23:52:57 +0200] "GET /buecher/veroeffentlichungsliste.html HTTP/1.1" 200 129779 "-" "Barkrowler/0.7 (+http://www.exensa.com/crawl)"
40.77.167.101 - - [24/Jul/2018:23:53:07 +0200] "GET /sonderthemen/oekt_extra3.pdf HTTP/1.1" 200 2109745 "-" "Mozilla/5.0 (iPhone; CPU iPhone OS 7_0 like Mac OS X) AppleWebKit/537.51.1 (KHTML, like Gecko) Version/7.0 Mobile/11A465 Safari/9537.53 (compatible; bingbot/2.0; +http://www.bing.com/bingbot.htm)"
40.77.167.101 - - [24/Jul/2018:23:53:31 +0200] "GET /robots.txt HTTP/1.1" 200 100 "-" "Mozilla/5.0 (compatible; bingbot/2.0; +http://www.bing.com/bingbot.htm)"
51.15.15.54 - - [24/Jul/2018:23:53:56 +0200] "GET /buecher/rezensionen_chateaubriand.html HTTP/1.1" 200 47317 "-" "Barkrowler/0.7 (+http://www.exensa.com/crawl)"
51.15.15.54 - - [24/Jul/2018:23:54:23 +0200] "GET /cds/index.html HTTP/1.1" 200 7987 "-" "Barkrowler/0.7 (+http://www.exensa.com/crawl)"
51.15.15.54 - - [24/Jul/2018:23:54:35 +0200] "GET /jahrbuch/index.html HTTP/1.1" 200 3956 "-" "Barkrowler/0.7 (+http://www.exensa.com/crawl)"
51.15.15.54 - - [24/Jul/2018:23:54:46 +0200] "GET /impressum.html HTTP/1.1" 200 2808 "-" "Barkrowler/0.7 (+http://www.exensa.com/crawl)"
51.15.15.54 - - [24/Jul/2018:23:54:58 +0200] "GET /cds/ignatius.html HTTP/1.1" 200 6576 "-" "Barkrowler/0.7 (+http://www.exensa.com/crawl)"
51.15.15.54 - - [24/Jul/2018:23:55:10 +0200] "GET /kontakt/index.html HTTP/1.1" 200 2896 "-" "Barkrowler/0.7 (+http://www.exensa.com/crawl)"
51.15.15.54 - - [25/Jul/2018:00:01:33 +0200] "GET /index.html HTTP/1.1" 200 9360 "-" "Barkrowler/0.7 (+http://www.exensa.com/crawl)"
51.15.15.54 - - [25/Jul/2018:00:03:04 +0200] "GET /sonderthemen/presse.html HTTP/1.1" 200 5772 "-" "Barkrowler/0.7 (+http://www.exensa.com/crawl)"
51.15.15.54 - - [25/Jul/2018:00:03:15 +0200] "GET /sonderthemen/ HTTP/1.1" 200 7102 "-" "Barkrowler/0.7 (+http://www.exensa.com/crawl)"
51.15.15.54 - - [25/Jul/2018:00:03:43 +0200] "GET /sonderthemen/archiv.html HTTP/1.1" 200 6959 "-" "Barkrowler/0.7 (+http://www.exensa.com/crawl)"
51.15.15.54 - - [25/Jul/2018:00:03:53 +0200] "GET /buecher/rezensionen_preysing.html HTTP/1.1" 200 9502 "-" "Barkrowler/0.7 (+http://www.exensa.com/crawl)"
51.15.15.54 - - [25/Jul/2018:00:04:09 +0200] "GET /buecher/rezensionen_psalmen.html HTTP/1.1" 200 6787 "-" "Barkrowler/0.7 (+http://www.exensa.com/crawl)"
51.15.15.54 - - [25/Jul/2018:00:04:34 +0200] "GET /buecher/rezensionen_krise_zum_heil.html HTTP/1.1" 200 9828 "-" "Barkrowler/0.7 (+http://www.exensa.com/crawl)"
51.15.15.54 - - [25/Jul/2018:00:04:47 +0200] "GET /buecher/rezensionen_leiblichkeit_und_zeitlichkeit.html HTTP/1.1" 200 8821 "-" "Barkrowler/0.7 (+http://www.exensa.com/crawl)"
51.15.15.54 - - [25/Jul/2018:00:05:00 +0200] "GET /buecher/bestellung.php HTTP/1.1" 200 10142 "-" "Barkrowler/0.7 (+http://www.exensa.com/crawl)"
51.15.15.54 - - [25/Jul/2018:00:05:13 +0200] "GET /buecher/diskussion.html HTTP/1.1" 200 9925 "-" "Barkrowler/0.7 (+http://www.exensa.com/crawl)"
51.15.15.54 - - [25/Jul/2018:00:05:26 +0200] "GET /buecher/rezensionen_nicht_auf_sand_gebaut.html HTTP/1.1" 200 6594 "-" "Barkrowler/0.7 (+http://www.exensa.com/crawl)"
51.15.15.54 - - [25/Jul/2018:00:06:14 +0200] "GET /buecher/rezensionen_le_saulchoir.html HTTP/1.1" 200 34009 "-" "Barkrowler/0.7 (+http://www.exensa.com/crawl)"
51.15.15.54 - - [25/Jul/2018:00:06:39 +0200] "GET /buecher/rezensionen_engel.html HTTP/1.1" 200 6598 "-" "Barkrowler/0.7 (+http://www.exensa.com/crawl)"
51.15.15.54 - - [25/Jul/2018:00:06:52 +0200] "GET /buecher/rezensionen.html HTTP/1.1" 200 6964 "-" "Barkrowler/0.7 (+http://www.exensa.com/crawl)"
51.15.15.54 - - [25/Jul/2018:00:07:05 +0200] "GET /cds/astazi.html HTTP/1.1" 200 8453 "-" "Barkrowler/0.7 (+http://www.exensa.com/crawl)"
51.15.15.54 - - [25/Jul/2018:00:07:19 +0200] "GET /cds/lumina.html HTTP/1.1" 200 9000 "-" "Barkrowler/0.7 (+http://www.exensa.com/crawl)"
51.15.15.54 - - [25/Jul/2018:00:07:32 +0200] "GET /cds/glockenspiel2.html HTTP/1.1" 200 9831 "-" "Barkrowler/0.7 (+http://www.exensa.com/crawl)"
79.214.26.25 - - [25/Jul/2018:00:07:53 +0200] "GET /cds/hymnos_akathistos.html HTTP/1.1" 200 11061 "https://de.wikipedia.org/" "Mozilla/5.0 (Windows NT 10.0; Win64; x64; rv:61.0) Gecko/20100101 Firefox/61.0"
79.214.26.25 - - [25/Jul/2018:00:07:53 +0200] "GET /main.css HTTP/1.1" 200 1439 "http://www.morusverlag.de/cds/hymnos_akathistos.html" "Mozilla/5.0 (Windows NT 10.0; Win64; x64; rv:61.0) Gecko/20100101 Firefox/61.0"
79.214.26.25 - - [25/Jul/2018:00:07:54 +0200] "GET /logo_g.gif HTTP/1.1" 200 1301 "http://www.morusverlag.de/cds/hymnos_akathistos.html" "Mozilla/5.0 (Windows NT 10.0; Win64; x64; rv:61.0) Gecko/20100101 Firefox/61.0"
79.214.26.25 - - [25/Jul/2018:00:07:54 +0200] "GET /mv_g.gif HTTP/1.1" 200 4070 "http://www.morusverlag.de/cds/hymnos_akathistos.html" "Mozilla/5.0 (Windows NT 10.0; Win64; x64; rv:61.0) Gecko/20100101 Firefox/61.0"
79.214.26.25 - - [25/Jul/2018:00:07:54 +0200] "GET /m.gif HTTP/1.1" 200 95 "http://www.morusverlag.de/cds/hymnos_akathistos.html" "Mozilla/5.0 (Windows NT 10.0; Win64; x64; rv:61.0) Gecko/20100101 Firefox/61.0"
79.214.26.25 - - [25/Jul/2018:00:07:54 +0200] "GET /cds/hymnos_heft.jpg HTTP/1.1" 200 8653 "http://www.morusverlag.de/cds/hymnos_akathistos.html" "Mozilla/5.0 (Windows NT 10.0; Win64; x64; rv:61.0) Gecko/20100101 Firefox/61.0"
79.214.26.25 - - [25/Jul/2018:00:07:54 +0200] "GET /cds/hymnos.jpg HTTP/1.1" 200 27752 "http://www.morusverlag.de/cds/hymnos_akathistos.html" "Mozilla/5.0 (Windows NT 10.0; Win64; x64; rv:61.0) Gecko/20100101 Firefox/61.0"
79.214.26.25 - - [25/Jul/2018:00:07:54 +0200] "GET /strich.gif HTTP/1.1" 200 45 "http://www.morusverlag.de/cds/hymnos_akathistos.html" "Mozilla/5.0 (Windows NT 10.0; Win64; x64; rv:61.0) Gecko/20100101 Firefox/61.0"
79.214.26.25 - - [25/Jul/2018:00:07:54 +0200] "GET /pf.gif HTTP/1.1" 200 62 "http://www.morusverlag.de/cds/hymnos_akathistos.html" "Mozilla/5.0 (Windows NT 10.0; Win64; x64; rv:61.0) Gecko/20100101 Firefox/61.0"
79.214.26.25 - - [25/Jul/2018:00:07:54 +0200] "GET /favicon.ico HTTP/1.1" 200 4286 "-" "Mozilla/5.0 (Windows NT 10.0; Win64; x64; rv:61.0) Gecko/20100101 Firefox/61.0"
79.214.26.25 - - [25/Jul/2018:00:07:54 +0200] "GET /favicon.ico HTTP/1.1" 200 4286 "-" "Mozilla/5.0 (Windows NT 10.0; Win64; x64; rv:61.0) Gecko/20100101 Firefox/61.0"
51.15.15.54 - - [25/Jul/2018:00:08:00 +0200] "GET /cds/glockenspiel1.html HTTP/1.1" 200 9736 "-" "Barkrowler/0.7 (+http://www.exensa.com/crawl)"
51.15.15.54 - - [25/Jul/2018:00:08:14 +0200] "GET /jahrbuch/bestellung.php HTTP/1.1" 200 10316 "-" "Barkrowler/0.7 (+http://www.exensa.com/crawl)"
51.15.15.54 - - [25/Jul/2018:00:08:38 +0200] "GET /jahrbuch/titelseiten/index.html HTTP/1.1" 200 6735 "-" "Barkrowler/0.7 (+http://www.exensa.com/crawl)"
51.15.15.54 - - [25/Jul/2018:00:08:57 +0200] "GET /buecher/rezensionen_ignatius.html HTTP/1.1" 200 8182 "-" "Barkrowler/0.7 (+http://www.exensa.com/crawl)"
40.77.167.101 - - [25/Jul/2018:00:12:44 +0200] "GET /sonderthemen/oekt_extra3.pdf HTTP/1.1" 200 2109745 "-" "Mozilla/5.0 (compatible; bingbot/2.0; +http://www.bing.com/bingbot.htm)"
88.198.90.9 - - [25/Jul/2018:00:41:23 +0200] "GET /sonderthemen/oeaz2002.pdf HTTP/1.1" 200 3161455 "-" "Mozilla/5.0 (Windows NT 10.0; Win64; x64) AppleWebKit/537.36 (KHTML, like Gecko) Chrome/64.0.3282.167 Safari/537.36"
40.77.167.101 - - [25/Jul/2018:00:46:58 +0200] "GET /jahrbuch/index.html HTTP/1.1" 200 3956 "-" "Mozilla/5.0 (iPhone; CPU iPhone OS 7_0 like Mac OS X) AppleWebKit/537.51.1 (KHTML, like Gecko) Version/7.0 Mobile/11A465 Safari/9537.53 (compatible; bingbot/2.0; +http://www.bing.com/bingbot.htm)"
157.55.39.121 - - [25/Jul/2018:00:47:15 +0200] "GET /jahrbuch/jahrbuch.jpg HTTP/1.1" 200 11282 "-" "Mozilla/5.0 (iPhone; CPU iPhone OS 7_0 like Mac OS X) AppleWebKit/537.51.1 (KHTML, like Gecko) Version/7.0 Mobile/11A465 Safari/9537.53 (compatible; bingbot/2.0; +http://www.bing.com/bingbot.htm)"
51.15.15.54 - - [25/Jul/2018:00:51:09 +0200] "GET /robots.txt HTTP/1.1" 200 100 "-" "Barkrowler/0.7 (+http://www.exensa.com/crawl)"
51.15.15.54 - - [25/Jul/2018:00:51:19 +0200] "GET /buecher/ HTTP/1.1" 200 25885 "-" "Barkrowler/0.7 (+http://www.exensa.com/crawl)"
40.77.167.49 - - [25/Jul/2018:00:56:32 +0200] "GET /buecher/gesichter/14.jpg HTTP/1.1" 200 7847 "-" "Mozilla/5.0 (compatible; bingbot/2.0; +http://www.bing.com/bingbot.htm)"
51.15.15.54 - - [25/Jul/2018:01:04:58 +0200] "GET /buecher/rezensionen_ungeteilt.html HTTP/1.1" 200 9764 "-" "Barkrowler/0.7 (+http://www.exensa.com/crawl)"
40.77.167.49 - - [25/Jul/2018:01:10:31 +0200] "GET /buecher/gesichter/09.jpg HTTP/1.1" 200 9739 "-" "Mozilla/5.0 (compatible; bingbot/2.0; +http://www.bing.com/bingbot.htm)"
85.25.210.234 - - [25/Jul/2018:01:53:30 +0200] "GET /robots.txt HTTP/1.1" 200 100 "-" "Mozilla/5.0 (compatible; adscanner/)"
85.25.210.234 - - [25/Jul/2018:01:53:30 +0200] "GET /jahrbuch/titelseiten/1975.jpg HTTP/1.1" 200 9109 "-" "Mozilla/5.0 (compatible; adscanner/)"
40.77.167.49 - - [25/Jul/2018:02:11:35 +0200] "GET /cds/glockenspiel2.html HTTP/1.1" 200 9831 "-" "Mozilla/5.0 (compatible; bingbot/2.0; +http://www.bing.com/bingbot.htm)"
95.25.218.118 - - [25/Jul/2018:02:12:11 +0200] "GET /cds/index.html HTTP/1.0" 200 7987 "http://www.morusverlag.de/cds/index.html" "Mozilla/5.0 (Windows NT 10.0; rv:57.0) Gecko/20100101 Firefox/57.0"
95.25.218.118 - - [25/Jul/2018:02:12:11 +0200] "GET /kontakt/index.html HTTP/1.0" 200 2896 "http://www.morusverlag.de/kontakt/index.html" "Mozilla/5.0 (Windows NT 10.0; rv:57.0) Gecko/20100101 Firefox/57.0"
95.25.218.118 - - [25/Jul/2018:02:12:11 +0200] "GET /cds/mailto:bestellung-morusverlag@web.de?subject=Online-CD-Bestellung&body=bitte%20die%20Liefer-%20und%20Rechnungsanschrift%20nicht%20vergessen... HTTP/1.0" 404 2381 "http://www.morusverlag.de/cds/mailto:bestellung-morusverlag@web.de?subject=Online-CD-Bestellung&body=bitte%20die%20Liefer-%20und%20Rechnungsanschrift%20nicht%20vergessen..." "Mozilla/5.0 (Windows NT 10.0; rv:57.0) Gecko/20100101 Firefox/57.0"
95.25.218.118 - - [25/Jul/2018:02:12:11 +0200] "GET /mailto:bestellung-morusverlag@web.de?subject=Online-CD-Bestellung&body=bitte%20die%20Liefer-%20und%20Rechnungsanschrift%20nicht%20vergessen... HTTP/1.0" 404 2381 "http://www.morusverlag.de/mailto:bestellung-morusverlag@web.de?subject=Online-CD-Bestellung&body=bitte%20die%20Liefer-%20und%20Rechnungsanschrift%20nicht%20vergessen..." "Mozilla/5.0 (Windows NT 10.0; rv:57.0) Gecko/20100101 Firefox/57.0"
95.25.218.118 - - [25/Jul/2018:02:12:11 +0200] "GET /cds/mailto:bestellung-morusverlag@web.de?subject=Online-CD-Bestellung&body=bitte%20die%20Liefer-%20und%20Rechnungsanschrift%20nicht%20vergessen... HTTP/1.0" 404 2381 "http://www.morusverlag.de/cds/mailto:bestellung-morusverlag@web.de?subject=Online-CD-Bestellung&body=bitte%20die%20Liefer-%20und%20Rechnungsanschrift%20nicht%20vergessen..." "Mozilla/5.0 (Windows NT 10.0; rv:57.0) Gecko/20100101 Firefox/57.0"
95.25.218.118 - - [25/Jul/2018:02:12:11 +0200] "GET /mailto:bestellung-morusverlag@web.de?subject=Online-CD-Bestellung&body=bitte%20die%20Liefer-%20und%20Rechnungsanschrift%20nicht%20vergessen... HTTP/1.0" 404 2381 "http://www.morusverlag.de/mailto:bestellung-morusverlag@web.de?subject=Online-CD-Bestellung&body=bitte%20die%20Liefer-%20und%20Rechnungsanschrift%20nicht%20vergessen..." "Mozilla/5.0 (Windows NT 10.0; rv:57.0) Gecko/20100101 Firefox/57.0"
95.25.218.118 - - [25/Jul/2018:02:12:11 +0200] "GET /index.php HTTP/1.0" 404 2381 "http://www.morusverlag.de/index.php" "Mozilla/5.0 (Windows NT 10.0; rv:57.0) Gecko/20100101 Firefox/57.0"
95.25.218.118 - - [25/Jul/2018:02:12:12 +0200] "GET /cds/mailto:bestellung-morusverlag@web.de?subject=Online-CD-Bestellung&body=bitte%20die%20Liefer-%20und%20Rechnungsanschrift%20nicht%20vergessen... HTTP/1.0" 404 2381 "http://www.morusverlag.de/cds/mailto:bestellung-morusverlag@web.de?subject=Online-CD-Bestellung&body=bitte%20die%20Liefer-%20und%20Rechnungsanschrift%20nicht%20vergessen..." "Mozilla/5.0 (Windows NT 10.0; rv:57.0) Gecko/20100101 Firefox/57.0"
95.25.218.118 - - [25/Jul/2018:02:12:12 +0200] "GET /mailto:bestellung-morusverlag@web.de?subject=Online-CD-Bestellung&body=bitte%20die%20Liefer-%20und%20Rechnungsanschrift%20nicht%20vergessen... HTTP/1.0" 404 2381 "http://www.morusverlag.de/mailto:bestellung-morusverlag@web.de?subject=Online-CD-Bestellung&body=bitte%20die%20Liefer-%20und%20Rechnungsanschrift%20nicht%20vergessen..." "Mozilla/5.0 (Windows NT 10.0; rv:57.0) Gecko/20100101 Firefox/57.0"
95.25.218.118 - - [25/Jul/2018:02:12:12 +0200] "GET /cds/mailto:bestellung-morusverlag@web.de?subject=Online-CD-Bestellung&body=bitte%20die%20Liefer-%20und%20Rechnungsanschrift%20nicht%20vergessen... HTTP/1.0" 404 2381 "http://www.morusverlag.de/cds/mailto:bestellung-morusverlag@web.de?subject=Online-CD-Bestellung&body=bitte%20die%20Liefer-%20und%20Rechnungsanschrift%20nicht%20vergessen..." "Mozilla/5.0 (Windows NT 10.0; rv:57.0) Gecko/20100101 Firefox/57.0"
95.25.218.118 - - [25/Jul/2018:02:12:12 +0200] "GET /mailto:bestellung-morusverlag@web.de?subject=Online-CD-Bestellung&body=bitte%20die%20Liefer-%20und%20Rechnungsanschrift%20nicht%20vergessen... HTTP/1.0" 404 2381 "http://www.morusverlag.de/mailto:bestellung-morusverlag@web.de?subject=Online-CD-Bestellung&body=bitte%20die%20Liefer-%20und%20Rechnungsanschrift%20nicht%20vergessen..." "Mozilla/5.0 (Windows NT 10.0; rv:57.0) Gecko/20100101 Firefox/57.0"
95.25.218.118 - - [25/Jul/2018:02:12:12 +0200] "GET /index.php HTTP/1.0" 404 2381 "http://www.morusverlag.de/index.php" "Mozilla/5.0 (Windows NT 10.0; rv:57.0) Gecko/20100101 Firefox/57.0"
95.25.218.118 - - [25/Jul/2018:02:12:12 +0200] "GET /cds/mailto:bestellung-morusverlag@web.de?subject=Online-CD-Bestellung&body=bitte%20die%20Liefer-%20und%20Rechnungsanschrift%20nicht%20vergessen... HTTP/1.0" 404 2381 "http://www.morusverlag.de/cds/mailto:bestellung-morusverlag@web.de?subject=Online-CD-Bestellung&body=bitte%20die%20Liefer-%20und%20Rechnungsanschrift%20nicht%20vergessen..." "Mozilla/5.0 (Windows NT 10.0; rv:57.0) Gecko/20100101 Firefox/57.0"
95.25.218.118 - - [25/Jul/2018:02:12:12 +0200] "GET /mailto:bestellung-morusverlag@web.de?subject=Online-CD-Bestellung&body=bitte%20die%20Liefer-%20und%20Rechnungsanschrift%20nicht%20vergessen... HTTP/1.0" 404 2381 "http://www.morusverlag.de/mailto:bestellung-morusverlag@web.de?subject=Online-CD-Bestellung&body=bitte%20die%20Liefer-%20und%20Rechnungsanschrift%20nicht%20vergessen..." "Mozilla/5.0 (Windows NT 10.0; rv:57.0) Gecko/20100101 Firefox/57.0"
95.25.218.118 - - [25/Jul/2018:02:12:12 +0200] "GET /cds/mailto:bestellung-morusverlag@web.de?subject=Online-CD-Bestellung&body=bitte%20die%20Liefer-%20und%20Rechnungsanschrift%20nicht%20vergessen... HTTP/1.0" 404 2381 "http://www.morusverlag.de/cds/mailto:bestellung-morusverlag@web.de?subject=Online-CD-Bestellung&body=bitte%20die%20Liefer-%20und%20Rechnungsanschrift%20nicht%20vergessen..." "Mozilla/5.0 (Windows NT 10.0; rv:57.0) Gecko/20100101 Firefox/57.0"
95.25.218.118 - - [25/Jul/2018:02:12:12 +0200] "GET /mailto:bestellung-morusverlag@web.de?subject=Online-CD-Bestellung&body=bitte%20die%20Liefer-%20und%20Rechnungsanschrift%20nicht%20vergessen... HTTP/1.0" 404 2381 "http://www.morusverlag.de/mailto:bestellung-morusverlag@web.de?subject=Online-CD-Bestellung&body=bitte%20die%20Liefer-%20und%20Rechnungsanschrift%20nicht%20vergessen..." "Mozilla/5.0 (Windows NT 10.0; rv:57.0) Gecko/20100101 Firefox/57.0"
95.25.218.118 - - [25/Jul/2018:02:12:12 +0200] "GET /index.php HTTP/1.0" 404 2381 "http://www.morusverlag.de/index.php" "Mozilla/5.0 (Windows NT 10.0; rv:57.0) Gecko/20100101 Firefox/57.0"
95.25.218.118 - - [25/Jul/2018:02:12:13 +0200] "GET /cds/mailto:bestellung-morusverlag@web.de?subject=Online-CD-Bestellung&body=bitte%20die%20Liefer-%20und%20Rechnungsanschrift%20nicht%20vergessen... HTTP/1.0" 404 2381 "http://www.morusverlag.de/cds/mailto:bestellung-morusverlag@web.de?subject=Online-CD-Bestellung&body=bitte%20die%20Liefer-%20und%20Rechnungsanschrift%20nicht%20vergessen..." "Mozilla/5.0 (Windows NT 10.0; rv:57.0) Gecko/20100101 Firefox/57.0"
95.25.218.118 - - [25/Jul/2018:02:12:13 +0200] "GET /mailto:bestellung-morusverlag@web.de?subject=Online-CD-Bestellung&body=bitte%20die%20Liefer-%20und%20Rechnungsanschrift%20nicht%20vergessen... HTTP/1.0" 404 2381 "http://www.morusverlag.de/mailto:bestellung-morusverlag@web.de?subject=Online-CD-Bestellung&body=bitte%20die%20Liefer-%20und%20Rechnungsanschrift%20nicht%20vergessen..." "Mozilla/5.0 (Windows NT 10.0; rv:57.0) Gecko/20100101 Firefox/57.0"
95.25.218.118 - - [25/Jul/2018:02:12:13 +0200] "GET /cds/mailto:bestellung-morusverlag@web.de?subject=Online-CD-Bestellung&body=bitte%20die%20Liefer-%20und%20Rechnungsanschrift%20nicht%20vergessen... HTTP/1.0" 404 2381 "http://www.morusverlag.de/cds/mailto:bestellung-morusverlag@web.de?subject=Online-CD-Bestellung&body=bitte%20die%20Liefer-%20und%20Rechnungsanschrift%20nicht%20vergessen..." "Mozilla/5.0 (Windows NT 10.0; rv:57.0) Gecko/20100101 Firefox/57.0"
95.25.218.118 - - [25/Jul/2018:02:12:13 +0200] "GET /mailto:bestellung-morusverlag@web.de?subject=Online-CD-Bestellung&body=bitte%20die%20Liefer-%20und%20Rechnungsanschrift%20nicht%20vergessen... HTTP/1.0" 404 2381 "http://www.morusverlag.de/mailto:bestellung-morusverlag@web.de?subject=Online-CD-Bestellung&body=bitte%20die%20Liefer-%20und%20Rechnungsanschrift%20nicht%20vergessen..." "Mozilla/5.0 (Windows NT 10.0; rv:57.0) Gecko/20100101 Firefox/57.0"
95.25.218.118 - - [25/Jul/2018:02:12:13 +0200] "GET /index.php HTTP/1.0" 404 2381 "http://www.morusverlag.de/index.php" "Mozilla/5.0 (Windows NT 10.0; rv:57.0) Gecko/20100101 Firefox/57.0"
66.249.69.240 - - [25/Jul/2018:02:30:36 +0200] "GET /buecher/ HTTP/1.1" 304 - "-" "Mozilla/5.0 (Linux; Android 6.0.1; Nexus 5X Build/MMB29P) AppleWebKit/537.36 (KHTML, like Gecko) Chrome/41.0.2272.96 Mobile Safari/537.36 (compatible; Googlebot/2.1; +http://www.google.com/bot.html)"
46.229.168.85 - - [25/Jul/2018:02:44:09 +0200] "GET /robots.txt HTTP/1.1" 200 100 "-" "Mozilla/5.0 (compatible; SemrushBot/2~bl; +http://www.semrush.com/bot.html)"
46.229.168.84 - - [25/Jul/2018:02:44:17 +0200] "GET /buecher/index.html HTTP/1.1" 200 25885 "-" "Mozilla/5.0 (compatible; SemrushBot/2~bl; +http://www.semrush.com/bot.html)"
64.246.165.140 - - [25/Jul/2018:02:50:47 +0200] "GET /robots.txt HTTP/1.0" 200 100 "-" "Mozilla/5.0 (Macintosh; Intel Mac OS X 10.10; rv:59.0) Gecko/20100101 Firefox/59.0"
64.246.165.140 - - [25/Jul/2018:02:50:48 +0200] "GET / HTTP/1.1" 200 9360 "-" "Mozilla/5.0 (Macintosh; Intel Mac OS X 10.10; rv:59.0) Gecko/20100101 Firefox/59.0"
141.8.141.131 - - [25/Jul/2018:02:53:39 +0200] "GET /robots.txt HTTP/1.1" 200 100 "-" "Mozilla/5.0 (compatible; YandexBot/3.0; +http://yandex.com/bots)"
141.8.141.131 - - [25/Jul/2018:02:53:42 +0200] "GET /sonderthemen/oekt_extra2.pdf HTTP/1.1" 200 1939949 "-" "Mozilla/5.0 (compatible; YandexBot/3.0; +http://yandex.com/bots)"
40.77.167.140 - - [25/Jul/2018:03:28:06 +0200] "GET /buecher/ HTTP/1.1" 200 25885 "-" "Mozilla/5.0 (iPhone; CPU iPhone OS 7_0 like Mac OS X) AppleWebKit/537.51.1 (KHTML, like Gecko) Version/7.0 Mobile/11A465 Safari/9537.53 (compatible; bingbot/2.0; +http://www.bing.com/bingbot.htm)"
207.46.13.73 - - [25/Jul/2018:03:29:20 +0200] "GET /robots.txt HTTP/1.1" 200 100 "-" "Mozilla/5.0 (compatible; bingbot/2.0; +http://www.bing.com/bingbot.htm)"
40.77.167.140 - - [25/Jul/2018:03:29:23 +0200] "GET /cds/hymnos_akathistos.html HTTP/1.1" 200 11061 "-" "Mozilla/5.0 (compatible; bingbot/2.0; +http://www.bing.com/bingbot.htm)"
46.229.168.67 - - [25/Jul/2018:03:39:59 +0200] "GET /gotteslob/index.html HTTP/1.1" 200 2770 "-" "Mozilla/5.0 (compatible; SemrushBot/2~bl; +http://www.semrush.com/bot.html)"
40.77.167.140 - - [25/Jul/2018:03:43:47 +0200] "GET /sonderthemen/sk2001.pdf HTTP/1.1" 200 3098589 "-" "Mozilla/5.0 (compatible; bingbot/2.0; +http://www.bing.com/bingbot.htm)"
40.77.167.49 - - [25/Jul/2018:03:50:44 +0200] "GET /kontakt/index.html HTTP/1.1" 200 2896 "-" "Mozilla/5.0 (iPhone; CPU iPhone OS 7_0 like Mac OS X) AppleWebKit/537.51.1 (KHTML, like Gecko) Version/7.0 Mobile/11A465 Safari/9537.53 (compatible; bingbot/2.0; +http://www.bing.com/bingbot.htm)"
40.77.167.49 - - [25/Jul/2018:03:51:56 +0200] "GET /cds/lumina.html HTTP/1.1" 200 9000 "-" "Mozilla/5.0 (iPhone; CPU iPhone OS 7_0 like Mac OS X) AppleWebKit/537.51.1 (KHTML, like Gecko) Version/7.0 Mobile/11A465 Safari/9537.53 (compatible; bingbot/2.0; +http://www.bing.com/bingbot.htm)"
40.77.167.140 - - [25/Jul/2018:03:52:23 +0200] "GET /cds/simplay_control.swf HTTP/1.1" 200 1243 "-" "Mozilla/5.0 (iPhone; CPU iPhone OS 7_0 like Mac OS X) AppleWebKit/537.51.1 (KHTML, like Gecko) Version/7.0 Mobile/11A465 Safari/9537.53 (compatible; bingbot/2.0; +http://www.bing.com/bingbot.htm)"
40.77.167.140 - - [25/Jul/2018:03:52:26 +0200] "GET /cds/simplay_player.swf?audiofile=lumina.mp3 HTTP/1.1" 200 6377 "-" "Mozilla/5.0 (iPhone; CPU iPhone OS 7_0 like Mac OS X) AppleWebKit/537.51.1 (KHTML, like Gecko) Version/7.0 Mobile/11A465 Safari/9537.53 (compatible; bingbot/2.0; +http://www.bing.com/bingbot.htm)"
40.77.167.101 - - [25/Jul/2018:03:58:03 +0200] "GET /cds/index.html HTTP/1.1" 200 7987 "-" "Mozilla/5.0 (iPhone; CPU iPhone OS 7_0 like Mac OS X) AppleWebKit/537.51.1 (KHTML, like Gecko) Version/7.0 Mobile/11A465 Safari/9537.53 (compatible; bingbot/2.0; +http://www.bing.com/bingbot.htm)"
157.55.39.121 - - [25/Jul/2018:03:58:19 +0200] "GET /cds/ignatius_k.jpg HTTP/1.1" 200 3965 "-" "Mozilla/5.0 (iPhone; CPU iPhone OS 7_0 like Mac OS X) AppleWebKit/537.51.1 (KHTML, like Gecko) Version/7.0 Mobile/11A465 Safari/9537.53 (compatible; bingbot/2.0; +http://www.bing.com/bingbot.htm)"
157.55.39.121 - - [25/Jul/2018:03:58:20 +0200] "GET /cds/rosarium_k.jpg HTTP/1.1" 200 3972 "-" "Mozilla/5.0 (iPhone; CPU iPhone OS 7_0 like Mac OS X) AppleWebKit/537.51.1 (KHTML, like Gecko) Version/7.0 Mobile/11A465 Safari/9537.53 (compatible; bingbot/2.0; +http://www.bing.com/bingbot.htm)"
46.229.168.66 - - [25/Jul/2018:04:08:02 +0200] "GET /robots.txt HTTP/1.1" 200 100 "-" "Mozilla/5.0 (compatible; SemrushBot/2~bl; +http://www.semrush.com/bot.html)"
46.229.168.81 - - [25/Jul/2018:04:08:09 +0200] "GET /buecher/bestellung.php HTTP/1.1" 200 10142 "-" "Mozilla/5.0 (compatible; SemrushBot/2~bl; +http://www.semrush.com/bot.html)"
185.154.13.6 - - [25/Jul/2018:04:11:06 +0200] "HEAD / HTTP/1.1" 200 - "http://glenza.ru" "Mozilla/5.0 (compatible; MSIE3.00; Windows 2006)"
212.86.109.31 - - [25/Jul/2018:04:11:06 +0200] "HEAD / HTTP/1.1" 200 - "http://bdenza.ru" "Mozilla/5.0 (compatible; MSIE2.00; Windows 2008)"
77.220.215.153 - - [25/Jul/2018:04:11:07 +0200] "HEAD / HTTP/1.1" 200 - "http://bdenza.su" "Mozilla/7.0 (compatible; MSIE6.00; Windows 2003)"
77.220.213.173 - - [25/Jul/2018:04:11:07 +0200] "HEAD / HTTP/1.1" 200 - "http://erlonat.ru" "Mozilla/6.0 (compatible; MSIE2.00; Windows 2003)"
185.203.240.129 - - [25/Jul/2018:04:11:07 +0200] "HEAD / HTTP/1.1" 200 - "http://entecavir.ru" "Mozilla/6.0 (compatible; MSIE5.00; Windows 2005)"
185.209.20.147 - - [25/Jul/2018:04:11:07 +0200] "HEAD / HTTP/1.1" 200 - "http://exemptia.ru" "Mozilla/6.0 (compatible; MSIE2.00; Windows 2003)"
178.159.39.237 - - [25/Jul/2018:04:11:07 +0200] "HEAD / HTTP/1.1" 200 - "http://erlonat.su" "Mozilla/6.0 (compatible; MSIE2.00; Windows 2002)"
77.220.214.180 - - [25/Jul/2018:04:11:07 +0200] "HEAD / HTTP/1.1" 200 - "http://entecavir.su" "Mozilla/6.0 (compatible; MSIE3.00; Windows 2004)"
178.159.43.212 - - [25/Jul/2018:04:11:08 +0200] "HEAD / HTTP/1.1" 200 - "http://exemptia.su" "Mozilla/3.0 (compatible; MSIE2.00; Windows 2002)"
40.77.188.125 - - [25/Jul/2018:04:29:41 +0200] "GET /contentflow/contentflow.css HTTP/1.1" 200 3109 "http://www.morusverlag.de/buecher/" "Mozilla/5.0 (iPhone; CPU iPhone OS 7_0 like Mac OS X) AppleWebKit/537.51.1 (KHTML, like Gecko) Version/7.0 Mobile/11A465 Safari/9537.53 BingPreview/1.0b"
40.77.188.125 - - [25/Jul/2018:04:29:41 +0200] "GET /contentflow/ContentFlowAddOn_white.js HTTP/1.1" 200 471 "http://www.morusverlag.de/buecher/" "Mozilla/5.0 (iPhone; CPU iPhone OS 7_0 like Mac OS X) AppleWebKit/537.51.1 (KHTML, like Gecko) Version/7.0 Mobile/11A465 Safari/9537.53 BingPreview/1.0b"
40.77.188.125 - - [25/Jul/2018:04:29:41 +0200] "GET /contentflow/mycontentflow.css HTTP/1.1" 404 2381 "http://www.morusverlag.de/buecher/" "Mozilla/5.0 (iPhone; CPU iPhone OS 7_0 like Mac OS X) AppleWebKit/537.51.1 (KHTML, like Gecko) Version/7.0 Mobile/11A465 Safari/9537.53 BingPreview/1.0b"
40.77.188.125 - - [25/Jul/2018:04:29:42 +0200] "GET /contentflow/ContentFlowAddOn_white.css HTTP/1.1" 200 3174 "http://www.morusverlag.de/buecher/" "Mozilla/5.0 (iPhone; CPU iPhone OS 7_0 like Mac OS X) AppleWebKit/537.51.1 (KHTML, like Gecko) Version/7.0 Mobile/11A465 Safari/9537.53 BingPreview/1.0b"
40.77.188.125 - - [25/Jul/2018:04:29:45 +0200] "GET /contentflow/img/scrollbar_white.png HTTP/1.1" 200 82 "http://www.morusverlag.de/buecher/" "Mozilla/5.0 (iPhone; CPU iPhone OS 7_0 like Mac OS X) AppleWebKit/537.51.1 (KHTML, like Gecko) Version/7.0 Mobile/11A465 Safari/9537.53 BingPreview/1.0b"
40.77.188.125 - - [25/Jul/2018:04:29:45 +0200] "GET /contentflow/img/loader.gif HTTP/1.1" 200 8238 "http://www.morusverlag.de/buecher/" "Mozilla/5.0 (iPhone; CPU iPhone OS 7_0 like Mac OS X) AppleWebKit/537.51.1 (KHTML, like Gecko) Version/7.0 Mobile/11A465 Safari/9537.53 BingPreview/1.0b"
40.77.188.125 - - [25/Jul/2018:04:29:45 +0200] "GET /contentflow/img/slider_white.png HTTP/1.1" 200 178 "http://www.morusverlag.de/buecher/" "Mozilla/5.0 (iPhone; CPU iPhone OS 7_0 like Mac OS X) AppleWebKit/537.51.1 (KHTML, like Gecko) Version/7.0 Mobile/11A465 Safari/9537.53 BingPreview/1.0b"
40.77.188.125 - - [25/Jul/2018:04:29:46 +0200] "GET /contentflow/img/loader_white.gif HTTP/1.1" 200 8238 "http://www.morusverlag.de/buecher/" "Mozilla/5.0 (iPhone; CPU iPhone OS 7_0 like Mac OS X) AppleWebKit/537.51.1 (KHTML, like Gecko) Version/7.0 Mobile/11A465 Safari/9537.53 BingPreview/1.0b"
40.77.188.125 - - [25/Jul/2018:04:29:46 +0200] "GET /contentflow/img/scrollbar_black.png HTTP/1.1" 200 82 "http://www.morusverlag.de/buecher/" "Mozilla/5.0 (iPhone; CPU iPhone OS 7_0 like Mac OS X) AppleWebKit/537.51.1 (KHTML, like Gecko) Version/7.0 Mobile/11A465 Safari/9537.53 BingPreview/1.0b"
40.77.188.125 - - [25/Jul/2018:04:29:46 +0200] "GET /contentflow/img/1x1_0.5_white.png HTTP/1.1" 200 82 "http://www.morusverlag.de/buecher/" "Mozilla/5.0 (iPhone; CPU iPhone OS 7_0 like Mac OS X) AppleWebKit/537.51.1 (KHTML, like Gecko) Version/7.0 Mobile/11A465 Safari/9537.53 BingPreview/1.0b"
40.77.188.125 - - [25/Jul/2018:04:29:46 +0200] "GET /contentflow/img/slider_black.png HTTP/1.1" 200 175 "http://www.morusverlag.de/buecher/" "Mozilla/5.0 (iPhone; CPU iPhone OS 7_0 like Mac OS X) AppleWebKit/537.51.1 (KHTML, like Gecko) Version/7.0 Mobile/11A465 Safari/9537.53 BingPreview/1.0b"
85.25.210.234 - - [25/Jul/2018:04:32:01 +0200] "GET /buecher/gesichter/16.jpg HTTP/1.1" 200 8367 "-" "Mozilla/5.0 (compatible; adscanner/)"
40.77.167.140 - - [25/Jul/2018:04:36:17 +0200] "GET /buecher/rezensionen_leiblichkeit_und_zeitlichkeit.html HTTP/1.1" 200 8821 "-" "Mozilla/5.0 (compatible; bingbot/2.0; +http://www.bing.com/bingbot.htm)"
194.67.207.9 - - [25/Jul/2018:04:37:12 +0200] "HEAD / HTTP/1.1" 200 - "http://glenza.su" "Mozilla/4.0 (compatible; MSIE5.00; Windows 2002)"
185.125.219.13 - - [25/Jul/2018:04:37:12 +0200] "HEAD / HTTP/1.1" 200 - "http://hepbest.ru" "Mozilla/6.0 (compatible; MSIE5.00; Windows 2004)"
185.5.249.185 - - [25/Jul/2018:04:37:12 +0200] "HEAD / HTTP/1.1" 200 - "http://hepbest25mg.su" "Mozilla/6.0 (compatible; MSIE4.00; Windows 2006)"
194.67.207.94 - - [25/Jul/2018:04:37:12 +0200] "HEAD / HTTP/1.1" 200 - "http://hepbest.su" "Mozilla/3.0 (compatible; MSIE3.00; Windows 2002)"
193.124.190.64 - - [25/Jul/2018:04:37:12 +0200] "HEAD / HTTP/1.1" 200 - "http://hepcinat-natdac.su" "Mozilla/5.0 (compatible; MSIE3.00; Windows 2006)"
194.67.210.77 - - [25/Jul/2018:04:37:13 +0200] "HEAD / HTTP/1.1" 200 - "http://hepbest25mg.ru" "Mozilla/7.0 (compatible; MSIE6.00; Windows 2002)"
193.124.176.156 - - [25/Jul/2018:04:37:13 +0200] "HEAD / HTTP/1.1" 200 - "http://hepcinat-natdac.ru" "Mozilla/2.0 (compatible; MSIE6.00; Windows 2006)"
185.125.219.134 - - [25/Jul/2018:04:37:13 +0200] "HEAD / HTTP/1.1" 200 - "http://hepcinatplus.ru" "Mozilla/4.0 (compatible; MSIE2.00; Windows 2003)"
46.229.168.72 - - [25/Jul/2018:05:08:47 +0200] "GET /robots.txt HTTP/1.1" 200 100 "-" "Mozilla/5.0 (compatible; SemrushBot/2~bl; +http://www.semrush.com/bot.html)"
46.229.168.81 - - [25/Jul/2018:05:08:55 +0200] "GET /cds/rosarium.html HTTP/1.1" 200 6680 "-" "Mozilla/5.0 (compatible; SemrushBot/2~bl; +http://www.semrush.com/bot.html)"
199.58.86.209 - - [25/Jul/2018:05:18:59 +0200] "GET /robots.txt HTTP/1.1" 200 100 "-" "Mozilla/5.0 (compatible; MJ12bot/v1.4.8; http://mj12bot.com/)"
199.58.86.209 - - [25/Jul/2018:05:19:00 +0200] "GET / HTTP/1.1" 200 9360 "-" "Mozilla/5.0 (compatible; MJ12bot/v1.4.8; http://mj12bot.com/)"
73.6.98.65 - - [25/Jul/2018:05:51:15 +0200] "HEAD / HTTP/1.1" 200 - "-" "Mozilla/4.0 (compatible; MSIE 6.0; Windows NT 5.1; .NET CLR 1.1.4322)"
46.229.168.76 - - [25/Jul/2018:05:54:07 +0200] "GET /buecher/rezensionen_ungeteilt.html HTTP/1.1" 200 9764 "-" "Mozilla/5.0 (compatible; SemrushBot/2~bl; +http://www.semrush.com/bot.html)"
40.77.167.140 - - [25/Jul/2018:05:55:25 +0200] "GET /cds/rosarium.html HTTP/1.1" 200 6680 "-" "Mozilla/5.0 (iPhone; CPU iPhone OS 7_0 like Mac OS X) AppleWebKit/537.51.1 (KHTML, like Gecko) Version/7.0 Mobile/11A465 Safari/9537.53 (compatible; bingbot/2.0; +http://www.bing.com/bingbot.htm)"
40.77.167.140 - - [25/Jul/2018:05:55:40 +0200] "GET /cds/rosarium.jpg HTTP/1.1" 200 21032 "-" "Mozilla/5.0 (iPhone; CPU iPhone OS 7_0 like Mac OS X) AppleWebKit/537.51.1 (KHTML, like Gecko) Version/7.0 Mobile/11A465 Safari/9537.53 (compatible; bingbot/2.0; +http://www.bing.com/bingbot.htm)"
40.77.167.101 - - [25/Jul/2018:05:55:44 +0200] "GET /cds/simplay_player.swf?audiofile=avemaria.mp3 HTTP/1.1" 200 6377 "-" "Mozilla/5.0 (iPhone; CPU iPhone OS 7_0 like Mac OS X) AppleWebKit/537.51.1 (KHTML, like Gecko) Version/7.0 Mobile/11A465 Safari/9537.53 (compatible; bingbot/2.0; +http://www.bing.com/bingbot.htm)"
180.76.15.134 - - [25/Jul/2018:06:20:46 +0200] "GET / HTTP/1.1" 200 9360 "-" "Mozilla/5.0 (compatible; Baiduspider/2.0; +http://www.baidu.com/search/spider.html)"
46.229.168.80 - - [25/Jul/2018:06:28:14 +0200] "GET /robots.txt HTTP/1.1" 200 100 "-" "Mozilla/5.0 (compatible; SemrushBot/2~bl; +http://www.semrush.com/bot.html)"
46.229.168.67 - - [25/Jul/2018:06:28:22 +0200] "GET /buecher/index.html HTTP/1.1" 200 25885 "-" "Mozilla/5.0 (compatible; SemrushBot/2~bl; +http://www.semrush.com/bot.html)"
40.77.167.101 - - [25/Jul/2018:06:28:44 +0200] "GET /sonderthemen/sk2004.pdf HTTP/1.1" 200 1967215 "-" "Mozilla/5.0 (compatible; bingbot/2.0; +http://www.bing.com/bingbot.htm)"
40.77.167.49 - - [25/Jul/2018:06:37:15 +0200] "GET /buecher/gesichter/09.jpg HTTP/1.1" 200 9739 "-" "Mozilla/5.0 (compatible; bingbot/2.0; +http://www.bing.com/bingbot.htm)"
40.77.190.62 - - [25/Jul/2018:06:57:02 +0200] "GET /cds/simplaydata/playerconfig.xml?nocache=1532494186483 HTTP/1.1" 200 149 "-" "Mozilla/5.0 (iPhone; CPU iPhone OS 7_0 like Mac OS X) AppleWebKit/537.51.1 (KHTML, like Gecko) Version/7.0 Mobile/11A465 Safari/9537.53 BingPreview/1.0b"
40.77.190.62 - - [25/Jul/2018:06:57:03 +0200] "GET /cds/simplaydata/controlconfig.xml?nocache=1532494186569 HTTP/1.1" 200 121 "-" "Mozilla/5.0 (iPhone; CPU iPhone OS 7_0 like Mac OS X) AppleWebKit/537.51.1 (KHTML, like Gecko) Version/7.0 Mobile/11A465 Safari/9537.53 BingPreview/1.0b"
40.77.190.62 - - [25/Jul/2018:06:57:03 +0200] "GET /cds/simplaydata/playerskins/default/skin.xml?nocache=1532494187198 HTTP/1.1" 200 649 "-" "Mozilla/5.0 (iPhone; CPU iPhone OS 7_0 like Mac OS X) AppleWebKit/537.51.1 (KHTML, like Gecko) Version/7.0 Mobile/11A465 Safari/9537.53 BingPreview/1.0b"
40.77.190.62 - - [25/Jul/2018:06:57:04 +0200] "GET /cds/simplaydata/controlskins/default/skin.xml HTTP/1.1" 200 349 "-" "Mozilla/5.0 (iPhone; CPU iPhone OS 7_0 like Mac OS X) AppleWebKit/537.51.1 (KHTML, like Gecko) Version/7.0 Mobile/11A465 Safari/9537.53 BingPreview/1.0b"
40.77.190.62 - - [25/Jul/2018:06:57:05 +0200] "GET /cds/simplaydata/playerskins/default/background.jpg HTTP/1.1" 200 340 "-" "Mozilla/5.0 (iPhone; CPU iPhone OS 7_0 like Mac OS X) AppleWebKit/537.51.1 (KHTML, like Gecko) Version/7.0 Mobile/11A465 Safari/9537.53 BingPreview/1.0b"
40.77.190.62 - - [25/Jul/2018:06:57:05 +0200] "GET /cds/simplaydata/playerskins/default/play_up.jpg HTTP/1.1" 200 643 "-" "Mozilla/5.0 (iPhone; CPU iPhone OS 7_0 like Mac OS X) AppleWebKit/537.51.1 (KHTML, like Gecko) Version/7.0 Mobile/11A465 Safari/9537.53 BingPreview/1.0b"
40.77.190.62 - - [25/Jul/2018:06:57:07 +0200] "GET /cds/simplaydata/playerskins/default/play_over.jpg HTTP/1.1" 200 986 "-" "Mozilla/5.0 (iPhone; CPU iPhone OS 7_0 like Mac OS X) AppleWebKit/537.51.1 (KHTML, like Gecko) Version/7.0 Mobile/11A465 Safari/9537.53 BingPreview/1.0b"
40.77.190.62 - - [25/Jul/2018:06:57:07 +0200] "GET /cds/simplaydata/controlskins/default/background.jpg HTTP/1.1" 200 772 "-" "Mozilla/5.0 (iPhone; CPU iPhone OS 7_0 like Mac OS X) AppleWebKit/537.51.1 (KHTML, like Gecko) Version/7.0 Mobile/11A465 Safari/9537.53 BingPreview/1.0b"
40.77.190.62 - - [25/Jul/2018:06:57:07 +0200] "GET /cds/simplaydata/playerskins/default/play_down.jpg HTTP/1.1" 200 972 "-" "Mozilla/5.0 (iPhone; CPU iPhone OS 7_0 like Mac OS X) AppleWebKit/537.51.1 (KHTML, like Gecko) Version/7.0 Mobile/11A465 Safari/9537.53 BingPreview/1.0b"
40.77.190.62 - - [25/Jul/2018:06:57:08 +0200] "GET /cds/simplaydata/controlskins/default/handle.jpg HTTP/1.1" 200 387 "-" "Mozilla/5.0 (iPhone; CPU iPhone OS 7_0 like Mac OS X) AppleWebKit/537.51.1 (KHTML, like Gecko) Version/7.0 Mobile/11A465 Safari/9537.53 BingPreview/1.0b"
40.77.190.62 - - [25/Jul/2018:06:57:09 +0200] "GET /cds/simplaydata/playerskins/default/pause_up.jpg HTTP/1.1" 200 649 "-" "Mozilla/5.0 (iPhone; CPU iPhone OS 7_0 like Mac OS X) AppleWebKit/537.51.1 (KHTML, like Gecko) Version/7.0 Mobile/11A465 Safari/9537.53 BingPreview/1.0b"
40.77.190.62 - - [25/Jul/2018:06:57:09 +0200] "GET /cds/simplaydata/controlskins/default/on.jpg HTTP/1.1" 200 986 "-" "Mozilla/5.0 (iPhone; CPU iPhone OS 7_0 like Mac OS X) AppleWebKit/537.51.1 (KHTML, like Gecko) Version/7.0 Mobile/11A465 Safari/9537.53 BingPreview/1.0b"
40.77.190.62 - - [25/Jul/2018:06:57:10 +0200] "GET /cds/simplaydata/playerskins/default/pause_over.jpg HTTP/1.1" 200 988 "-" "Mozilla/5.0 (iPhone; CPU iPhone OS 7_0 like Mac OS X) AppleWebKit/537.51.1 (KHTML, like Gecko) Version/7.0 Mobile/11A465 Safari/9537.53 BingPreview/1.0b"
40.77.190.62 - - [25/Jul/2018:06:57:10 +0200] "GET /cds/simplaydata/controlskins/default/off.jpg HTTP/1.1" 200 608 "-" "Mozilla/5.0 (iPhone; CPU iPhone OS 7_0 like Mac OS X) AppleWebKit/537.51.1 (KHTML, like Gecko) Version/7.0 Mobile/11A465 Safari/9537.53 BingPreview/1.0b"
40.77.190.62 - - [25/Jul/2018:06:57:10 +0200] "GET /cds/simplaydata/playerskins/default/pause_down.jpg HTTP/1.1" 200 939 "-" "Mozilla/5.0 (iPhone; CPU iPhone OS 7_0 like Mac OS X) AppleWebKit/537.51.1 (KHTML, like Gecko) Version/7.0 Mobile/11A465 Safari/9537.53 BingPreview/1.0b"
46.229.168.75 - - [25/Jul/2018:07:00:48 +0200] "GET /buecher/index.html HTTP/1.1" 200 25885 "-" "Mozilla/5.0 (compatible; SemrushBot/2~bl; +http://www.semrush.com/bot.html)"
85.25.210.234 - - [25/Jul/2018:07:52:19 +0200] "GET /jahrbuch/jahrbuch.jpg HTTP/1.1" 200 11282 "-" "Mozilla/5.0 (compatible; adscanner/)"
157.55.39.66 - - [25/Jul/2018:08:09:02 +0200] "GET /gotteslob/index.html HTTP/1.1" 200 2770 "-" "Mozilla/5.0 (iPhone; CPU iPhone OS 7_0 like Mac OS X) AppleWebKit/537.51.1 (KHTML, like Gecko) Version/7.0 Mobile/11A465 Safari/9537.53 (compatible; bingbot/2.0; +http://www.bing.com/bingbot.htm)"
157.55.39.64 - - [25/Jul/2018:08:28:20 +0200] "GET /sonderthemen/az1999.pdf HTTP/1.1" 200 1842982 "-" "Mozilla/5.0 (iPhone; CPU iPhone OS 7_0 like Mac OS X) AppleWebKit/537.51.1 (KHTML, like Gecko) Version/7.0 Mobile/11A465 Safari/9537.53 (compatible; bingbot/2.0; +http://www.bing.com/bingbot.htm)"
193.124.179.180 - - [25/Jul/2018:09:06:57 +0200] "HEAD / HTTP/1.1" 200 - "https://yahozyajka.ru/stirka/postirat-barhatnoe-plate" "Mozilla/2.0 (compatible; MSIE5.00; Windows 2007)"
212.86.109.31 - - [25/Jul/2018:09:46:32 +0200] "HEAD / HTTP/1.1" 200 - "http://bdenza.ru" "Mozilla/3.0 (compatible; MSIE5.00; Windows 2005)"
185.154.13.6 - - [25/Jul/2018:09:46:32 +0200] "HEAD / HTTP/1.1" 200 - "http://glenza.ru" "Mozilla/2.0 (compatible; MSIE6.00; Windows 2009)"
185.203.240.129 - - [25/Jul/2018:09:46:32 +0200] "HEAD / HTTP/1.1" 200 - "http://entecavir.ru" "Mozilla/6.0 (compatible; MSIE5.00; Windows 2002)"
185.209.20.147 - - [25/Jul/2018:09:46:33 +0200] "HEAD / HTTP/1.1" 200 - "http://exemptia.ru" "Mozilla/4.0 (compatible; MSIE6.00; Windows 2006)"
77.220.215.153 - - [25/Jul/2018:09:46:33 +0200] "HEAD / HTTP/1.1" 200 - "http://bdenza.su" "Mozilla/8.0 (compatible; MSIE7.00; Windows 2009)"
178.159.39.237 - - [25/Jul/2018:09:46:34 +0200] "HEAD / HTTP/1.1" 200 - "http://erlonat.su" "Mozilla/3.0 (compatible; MSIE3.00; Windows 2008)"
77.220.213.173 - - [25/Jul/2018:09:46:34 +0200] "HEAD / HTTP/1.1" 200 - "http://erlonat.ru" "Mozilla/3.0 (compatible; MSIE3.00; Windows 2002)"
77.220.214.180 - - [25/Jul/2018:09:46:34 +0200] "HEAD / HTTP/1.1" 200 - "http://entecavir.su" "Mozilla/3.0 (compatible; MSIE3.00; Windows 2005)"
178.159.43.212 - - [25/Jul/2018:09:46:35 +0200] "HEAD / HTTP/1.1" 200 - "http://exemptia.su" "Mozilla/8.0 (compatible; MSIE7.00; Windows 2002)"
82.207.179.30 - - [25/Jul/2018:10:06:52 +0200] "GET / HTTP/1.1" 200 9360 "-" "Mozilla/5.0 (Windows NT 6.1; WOW64; rv:52.0) Gecko/20100101 Firefox/52.0"
82.207.179.30 - - [25/Jul/2018:10:06:52 +0200] "GET /main.css HTTP/1.1" 200 1439 "http://www.morusverlag.de/" "Mozilla/5.0 (Windows NT 6.1; WOW64; rv:52.0) Gecko/20100101 Firefox/52.0"
82.207.179.30 - - [25/Jul/2018:10:06:52 +0200] "GET /logo_g.gif HTTP/1.1" 200 1301 "http://www.morusverlag.de/" "Mozilla/5.0 (Windows NT 6.1; WOW64; rv:52.0) Gecko/20100101 Firefox/52.0"
