66.249.69.177 - - [10/Jul/2018:21:38:40 +0200] "GET /buecher/diskussion.html HTTP/1.1" 304 - "-" "Mozilla/5.0 (Linux; Android 6.0.1; Nexus 5X Build/MMB29P) AppleWebKit/537.36 (KHTML, like Gecko) Chrome/41.0.2272.96 Mobile Safari/537.36 (compatible; Googlebot/2.1; +http://www.google.com/bot.html)"
159.65.251.25 - - [10/Jul/2018:21:47:33 +0200] "GET /robots.txt HTTP/1.1" 200 100 "-" "Mozilla/5.0 (compatible; spbot/5.0.3; +http://OpenLinkProfiler.org/bot )"
159.65.251.25 - - [10/Jul/2018:21:47:38 +0200] "GET / HTTP/1.1" 200 9360 "-" "Mozilla/5.0 (compatible; spbot/5.0.3; +http://OpenLinkProfiler.org/bot )"
159.65.251.25 - - [10/Jul/2018:21:47:40 +0200] "GET /cds/index.html HTTP/1.1" 200 7987 "http://www.morusverlag.de/" "Mozilla/5.0 (compatible; spbot/5.0.3; +http://OpenLinkProfiler.org/bot )"
159.65.251.25 - - [10/Jul/2018:21:47:43 +0200] "GET /index.html HTTP/1.1" 200 9360 "http://www.morusverlag.de/cds/index.html" "Mozilla/5.0 (compatible; spbot/5.0.3; +http://OpenLinkProfiler.org/bot )"
159.65.251.25 - - [10/Jul/2018:21:47:48 +0200] "GET /impressum.html HTTP/1.1" 200 2808 "http://www.morusverlag.de/" "Mozilla/5.0 (compatible; spbot/5.0.3; +http://OpenLinkProfiler.org/bot )"
159.65.251.25 - - [10/Jul/2018:21:47:52 +0200] "GET /cds/lumina.html HTTP/1.1" 200 9000 "http://www.morusverlag.de/cds/index.html" "Mozilla/5.0 (compatible; spbot/5.0.3; +http://OpenLinkProfiler.org/bot )"
159.65.251.25 - - [10/Jul/2018:21:47:58 +0200] "GET /cds/astazi.html HTTP/1.1" 200 8453 "http://www.morusverlag.de/cds/index.html" "Mozilla/5.0 (compatible; spbot/5.0.3; +http://OpenLinkProfiler.org/bot )"
159.65.251.25 - - [10/Jul/2018:21:48:03 +0200] "GET /cds/ignatius.html HTTP/1.1" 200 6576 "http://www.morusverlag.de/" "Mozilla/5.0 (compatible; spbot/5.0.3; +http://OpenLinkProfiler.org/bot )"
159.65.251.25 - - [10/Jul/2018:21:48:07 +0200] "GET /cds/rosarium.html HTTP/1.1" 200 6680 "http://www.morusverlag.de/" "Mozilla/5.0 (compatible; spbot/5.0.3; +http://OpenLinkProfiler.org/bot )"
159.65.251.25 - - [10/Jul/2018:21:48:13 +0200] "GET /kontakt/index.html HTTP/1.1" 200 2896 "http://www.morusverlag.de/" "Mozilla/5.0 (compatible; spbot/5.0.3; +http://OpenLinkProfiler.org/bot )"
159.65.251.25 - - [10/Jul/2018:21:48:18 +0200] "GET /buecher/index.html HTTP/1.1" 200 25885 "http://www.morusverlag.de/" "Mozilla/5.0 (compatible; spbot/5.0.3; +http://OpenLinkProfiler.org/bot )"
159.65.251.25 - - [10/Jul/2018:21:48:22 +0200] "GET /jahrbuch/index.html HTTP/1.1" 200 3956 "http://www.morusverlag.de/" "Mozilla/5.0 (compatible; spbot/5.0.3; +http://OpenLinkProfiler.org/bot )"
159.65.251.25 - - [10/Jul/2018:21:48:28 +0200] "GET /gotteslob/index.html HTTP/1.1" 200 2770 "http://www.morusverlag.de/" "Mozilla/5.0 (compatible; spbot/5.0.3; +http://OpenLinkProfiler.org/bot )"
159.65.251.25 - - [10/Jul/2018:21:48:33 +0200] "GET /cds/glockenspiel2.html HTTP/1.1" 200 9831 "http://www.morusverlag.de/cds/index.html" "Mozilla/5.0 (compatible; spbot/5.0.3; +http://OpenLinkProfiler.org/bot )"
159.65.251.25 - - [10/Jul/2018:21:48:38 +0200] "GET /cds/glockenspiel1.html HTTP/1.1" 200 9736 "http://www.morusverlag.de/cds/index.html" "Mozilla/5.0 (compatible; spbot/5.0.3; +http://OpenLinkProfiler.org/bot )"
159.65.251.25 - - [10/Jul/2018:21:48:43 +0200] "GET /buecher/bestellung.php HTTP/1.1" 200 10142 "http://www.morusverlag.de/buecher/index.html" "Mozilla/5.0 (compatible; spbot/5.0.3; +http://OpenLinkProfiler.org/bot )"
159.65.251.25 - - [10/Jul/2018:21:48:48 +0200] "GET /jahrbuch/bestellung.php HTTP/1.1" 200 10316 "http://www.morusverlag.de/jahrbuch/index.html" "Mozilla/5.0 (compatible; spbot/5.0.3; +http://OpenLinkProfiler.org/bot )"
159.65.251.25 - - [10/Jul/2018:21:48:53 +0200] "GET /buecher/diskussion.html HTTP/1.1" 200 9925 "http://www.morusverlag.de/buecher/index.html" "Mozilla/5.0 (compatible; spbot/5.0.3; +http://OpenLinkProfiler.org/bot )"
159.65.251.25 - - [10/Jul/2018:21:48:58 +0200] "GET /sonderthemen/index.html HTTP/1.1" 200 7102 "http://www.morusverlag.de/" "Mozilla/5.0 (compatible; spbot/5.0.3; +http://OpenLinkProfiler.org/bot )"
188.138.41.173 - - [10/Jul/2018:21:49:00 +0200] "GET / HTTP/1.1" 200 9360 "-" "Mozilla/5.0 (X11; U; Linux Core i7-4980HQ; de; rv:32.0; compatible; JobboerseBot; http://www.jobboerse.com/bot.htm) Gecko/20100101 Firefox/38.0"
188.138.41.173 - - [10/Jul/2018:21:49:01 +0200] "GET /robots.txt HTTP/1.1" 200 100 "-" "Mozilla/5.0 (X11; U; Linux Core i7-4980HQ; de; rv:32.0; compatible; JobboerseBot; http://www.jobboerse.com/bot.htm) Gecko/20100101 Firefox/38.0"
188.138.41.173 - - [10/Jul/2018:21:49:01 +0200] "GET / HTTP/1.1" 200 9360 "-" "Mozilla/5.0 (X11; U; Linux Core i7-4980HQ; de; rv:32.0; compatible; JobboerseBot; http://www.jobboerse.com/bot.htm) Gecko/20100101 Firefox/38.0"
188.138.41.173 - - [10/Jul/2018:21:49:02 +0200] "GET / HTTP/1.1" 200 9360 "-" "Mozilla/5.0 (X11; U; Linux Core i7-4980HQ; de; rv:32.0; compatible; JobboerseBot; http://www.jobboerse.com/bot.htm) Gecko/20100101 Firefox/38.0"
188.138.41.173 - - [10/Jul/2018:21:49:02 +0200] "GET /main.css HTTP/1.1" 200 1439 "http://www.morusverlag.de/" "Mozilla/5.0 (X11; U; Linux Core i7-4980HQ; de; rv:32.0; compatible; JobboerseBot; http://www.jobboerse.com/bot.htm) Gecko/20100101 Firefox/38.0"
159.65.251.25 - - [10/Jul/2018:21:49:02 +0200] "GET /sonderthemen/archiv.html HTTP/1.1" 200 6959 "http://www.morusverlag.de/sonderthemen/index.html" "Mozilla/5.0 (compatible; spbot/5.0.3; +http://OpenLinkProfiler.org/bot )"
159.65.251.25 - - [10/Jul/2018:21:49:08 +0200] "GET /sonderthemen/presse.html HTTP/1.1" 200 5772 "http://www.morusverlag.de/sonderthemen/index.html" "Mozilla/5.0 (compatible; spbot/5.0.3; +http://OpenLinkProfiler.org/bot )"
159.65.251.25 - - [10/Jul/2018:21:49:13 +0200] "GET /cds/hymnos_akathistos.html HTTP/1.1" 200 11061 "http://www.morusverlag.de/" "Mozilla/5.0 (compatible; spbot/5.0.3; +http://OpenLinkProfiler.org/bot )"
159.65.251.25 - - [10/Jul/2018:21:49:17 +0200] "GET /buecher/rezensionen_engel.html HTTP/1.1" 200 6598 "http://www.morusverlag.de/buecher/index.html" "Mozilla/5.0 (compatible; spbot/5.0.3; +http://OpenLinkProfiler.org/bot )"
159.65.251.25 - - [10/Jul/2018:21:49:23 +0200] "GET /buecher/rezensionen.html HTTP/1.1" 200 6964 "http://www.morusverlag.de/buecher/rezensionen_engel.html" "Mozilla/5.0 (compatible; spbot/5.0.3; +http://OpenLinkProfiler.org/bot )"
188.138.41.173 - - [10/Jul/2018:21:49:28 +0200] "GET /kontakt/index.html HTTP/1.1" 200 2896 "-" "Mozilla/5.0 (X11; U; Linux Core i7-4980HQ; de; rv:32.0; compatible; JobboerseBot; http://www.jobboerse.com/bot.htm) Gecko/20100101 Firefox/38.0"
159.65.251.25 - - [10/Jul/2018:21:49:28 +0200] "GET /jahrbuch/titelseiten/index.html HTTP/1.1" 200 6735 "http://www.morusverlag.de/jahrbuch/index.html" "Mozilla/5.0 (compatible; spbot/5.0.3; +http://OpenLinkProfiler.org/bot )"
188.138.41.173 - - [10/Jul/2018:21:49:28 +0200] "GET /main.css HTTP/1.1" 200 1439 "http://www.morusverlag.de/kontakt/index.html" "Mozilla/5.0 (X11; U; Linux Core i7-4980HQ; de; rv:32.0; compatible; JobboerseBot; http://www.jobboerse.com/bot.htm) Gecko/20100101 Firefox/38.0"
188.138.41.173 - - [10/Jul/2018:21:49:30 +0200] "GET /index.html HTTP/1.1" 200 9360 "-" "Mozilla/5.0 (X11; U; Linux Core i7-4980HQ; de; rv:32.0; compatible; JobboerseBot; http://www.jobboerse.com/bot.htm) Gecko/20100101 Firefox/38.0"
188.138.41.173 - - [10/Jul/2018:21:49:32 +0200] "GET /buecher/veroeffentlichungsliste.html HTTP/1.1" 200 129779 "-" "Mozilla/5.0 (X11; U; Linux Core i7-4980HQ; de; rv:32.0; compatible; JobboerseBot; http://www.jobboerse.com/bot.htm) Gecko/20100101 Firefox/38.0"
159.65.251.25 - - [10/Jul/2018:21:49:32 +0200] "GET /buecher/rezensionen_psalmen.html HTTP/1.1" 200 6787 "http://www.morusverlag.de/buecher/index.html" "Mozilla/5.0 (compatible; spbot/5.0.3; +http://OpenLinkProfiler.org/bot )"
188.138.41.173 - - [10/Jul/2018:21:49:35 +0200] "GET /main.css HTTP/1.1" 200 1439 "http://www.morusverlag.de/buecher/veroeffentlichungsliste.html" "Mozilla/5.0 (X11; U; Linux Core i7-4980HQ; de; rv:32.0; compatible; JobboerseBot; http://www.jobboerse.com/bot.htm) Gecko/20100101 Firefox/38.0"
159.65.251.25 - - [10/Jul/2018:21:49:38 +0200] "GET /buecher/rezensionen_preysing.html HTTP/1.1" 200 9502 "http://www.morusverlag.de/buecher/index.html" "Mozilla/5.0 (compatible; spbot/5.0.3; +http://OpenLinkProfiler.org/bot )"
159.65.251.25 - - [10/Jul/2018:21:49:43 +0200] "GET /buecher/rezensionen_ignatius.html HTTP/1.1" 200 8182 "http://www.morusverlag.de/cds/ignatius.html" "Mozilla/5.0 (compatible; spbot/5.0.3; +http://OpenLinkProfiler.org/bot )"
159.65.251.25 - - [10/Jul/2018:21:49:47 +0200] "GET /buecher/rezensionen_ungeteilt.html HTTP/1.1" 200 9764 "http://www.morusverlag.de/buecher/rezensionen.html" "Mozilla/5.0 (compatible; spbot/5.0.3; +http://OpenLinkProfiler.org/bot )"
159.65.251.25 - - [10/Jul/2018:21:49:53 +0200] "GET /buecher/veroeffentlichungsliste.html HTTP/1.1" 200 129779 "http://www.morusverlag.de/" "Mozilla/5.0 (compatible; spbot/5.0.3; +http://OpenLinkProfiler.org/bot )"
159.65.251.25 - - [10/Jul/2018:21:49:58 +0200] "GET /buecher/rezensionen_le_saulchoir.html HTTP/1.1" 200 34009 "http://www.morusverlag.de/buecher/index.html" "Mozilla/5.0 (compatible; spbot/5.0.3; +http://OpenLinkProfiler.org/bot )"
159.65.251.25 - - [10/Jul/2018:21:50:03 +0200] "GET /buecher/rezensionen_chateaubriand.html HTTP/1.1" 200 47317 "http://www.morusverlag.de/" "Mozilla/5.0 (compatible; spbot/5.0.3; +http://OpenLinkProfiler.org/bot )"
159.65.251.25 - - [10/Jul/2018:21:50:07 +0200] "GET /buecher/rezensionen_krise_zum_heil.html HTTP/1.1" 200 9828 "http://www.morusverlag.de/buecher/index.html" "Mozilla/5.0 (compatible; spbot/5.0.3; +http://OpenLinkProfiler.org/bot )"
159.65.251.25 - - [10/Jul/2018:21:50:13 +0200] "GET /buecher/rezensionen_nicht_auf_sand_gebaut.html HTTP/1.1" 200 6594 "http://www.morusverlag.de/buecher/index.html" "Mozilla/5.0 (compatible; spbot/5.0.3; +http://OpenLinkProfiler.org/bot )"
159.65.251.25 - - [10/Jul/2018:21:50:18 +0200] "GET /buecher/rezensionen_leiblichkeit_und_zeitlichkeit.html HTTP/1.1" 200 8821 "http://www.morusverlag.de/buecher/index.html" "Mozilla/5.0 (compatible; spbot/5.0.3; +http://OpenLinkProfiler.org/bot )"
66.249.69.181 - - [10/Jul/2018:21:51:12 +0200] "GET /sonderthemen/sk2000.pdf HTTP/1.1" 200 2925489 "-" "Mozilla/5.0 (Linux; Android 6.0.1; Nexus 5X Build/MMB29P) AppleWebKit/537.36 (KHTML, like Gecko) Chrome/41.0.2272.96 Mobile Safari/537.36 (compatible; Googlebot/2.1; +http://www.google.com/bot.html)"
188.138.41.173 - - [10/Jul/2018:21:51:49 +0200] "GET /buecher/rezensionen_chateaubriand.html HTTP/1.1" 200 47317 "-" "Mozilla/5.0 (X11; U; Linux Core i7-4980HQ; de; rv:32.0; compatible; JobboerseBot; http://www.jobboerse.com/bot.htm) Gecko/20100101 Firefox/38.0"
188.138.41.173 - - [10/Jul/2018:21:51:49 +0200] "GET /main.css HTTP/1.1" 200 1439 "http://www.morusverlag.de/buecher/rezensionen_chateaubriand.html" "Mozilla/5.0 (X11; U; Linux Core i7-4980HQ; de; rv:32.0; compatible; JobboerseBot; http://www.jobboerse.com/bot.htm) Gecko/20100101 Firefox/38.0"
188.138.41.173 - - [10/Jul/2018:21:52:08 +0200] "GET /buecher/rezensionen.html HTTP/1.1" 200 6964 "-" "Mozilla/5.0 (X11; U; Linux Core i7-4980HQ; de; rv:32.0; compatible; JobboerseBot; http://www.jobboerse.com/bot.htm) Gecko/20100101 Firefox/38.0"
188.138.41.173 - - [10/Jul/2018:21:52:09 +0200] "GET /main.css HTTP/1.1" 200 1439 "http://www.morusverlag.de/buecher/rezensionen.html" "Mozilla/5.0 (X11; U; Linux Core i7-4980HQ; de; rv:32.0; compatible; JobboerseBot; http://www.jobboerse.com/bot.htm) Gecko/20100101 Firefox/38.0"
188.138.41.173 - - [10/Jul/2018:21:52:17 +0200] "GET /buecher/rezensionen_preysing.html HTTP/1.1" 200 9502 "-" "Mozilla/5.0 (X11; U; Linux Core i7-4980HQ; de; rv:32.0; compatible; JobboerseBot; http://www.jobboerse.com/bot.htm) Gecko/20100101 Firefox/38.0"
188.138.41.173 - - [10/Jul/2018:21:52:17 +0200] "GET /main.css HTTP/1.1" 200 1439 "http://www.morusverlag.de/buecher/rezensionen_preysing.html" "Mozilla/5.0 (X11; U; Linux Core i7-4980HQ; de; rv:32.0; compatible; JobboerseBot; http://www.jobboerse.com/bot.htm) Gecko/20100101 Firefox/38.0"
188.138.41.173 - - [10/Jul/2018:21:52:26 +0200] "GET /buecher/rezensionen_ungeteilt.html HTTP/1.1" 200 9764 "-" "Mozilla/5.0 (X11; U; Linux Core i7-4980HQ; de; rv:32.0; compatible; JobboerseBot; http://www.jobboerse.com/bot.htm) Gecko/20100101 Firefox/38.0"
188.138.41.173 - - [10/Jul/2018:21:52:31 +0200] "GET /main.css HTTP/1.1" 200 1439 "http://www.morusverlag.de/buecher/rezensionen_ungeteilt.html" "Mozilla/5.0 (X11; U; Linux Core i7-4980HQ; de; rv:32.0; compatible; JobboerseBot; http://www.jobboerse.com/bot.htm) Gecko/20100101 Firefox/38.0"
188.138.41.173 - - [10/Jul/2018:21:52:38 +0200] "GET /buecher/rezensionen_leiblichkeit_und_zeitlichkeit.html HTTP/1.1" 200 8821 "-" "Mozilla/5.0 (X11; U; Linux Core i7-4980HQ; de; rv:32.0; compatible; JobboerseBot; http://www.jobboerse.com/bot.htm) Gecko/20100101 Firefox/38.0"
188.138.41.173 - - [10/Jul/2018:21:52:38 +0200] "GET /main.css HTTP/1.1" 200 1439 "http://www.morusverlag.de/buecher/rezensionen_leiblichkeit_und_zeitlichkeit.html" "Mozilla/5.0 (X11; U; Linux Core i7-4980HQ; de; rv:32.0; compatible; JobboerseBot; http://www.jobboerse.com/bot.htm) Gecko/20100101 Firefox/38.0"
188.138.41.173 - - [10/Jul/2018:21:52:46 +0200] "GET /buecher/rezensionen_nicht_auf_sand_gebaut.html HTTP/1.1" 200 6594 "-" "Mozilla/5.0 (X11; U; Linux Core i7-4980HQ; de; rv:32.0; compatible; JobboerseBot; http://www.jobboerse.com/bot.htm) Gecko/20100101 Firefox/38.0"
188.138.41.173 - - [10/Jul/2018:21:52:47 +0200] "GET /main.css HTTP/1.1" 200 1439 "http://www.morusverlag.de/buecher/rezensionen_nicht_auf_sand_gebaut.html" "Mozilla/5.0 (X11; U; Linux Core i7-4980HQ; de; rv:32.0; compatible; JobboerseBot; http://www.jobboerse.com/bot.htm) Gecko/20100101 Firefox/38.0"
188.138.41.173 - - [10/Jul/2018:21:53:13 +0200] "GET /buecher/rezensionen_le_saulchoir.html HTTP/1.1" 200 34009 "-" "Mozilla/5.0 (X11; U; Linux Core i7-4980HQ; de; rv:32.0; compatible; JobboerseBot; http://www.jobboerse.com/bot.htm) Gecko/20100101 Firefox/38.0"
188.138.41.173 - - [10/Jul/2018:21:53:13 +0200] "GET /main.css HTTP/1.1" 200 1439 "http://www.morusverlag.de/buecher/rezensionen_le_saulchoir.html" "Mozilla/5.0 (X11; U; Linux Core i7-4980HQ; de; rv:32.0; compatible; JobboerseBot; http://www.jobboerse.com/bot.htm) Gecko/20100101 Firefox/38.0"
188.138.41.173 - - [10/Jul/2018:21:53:33 +0200] "GET /buecher/rezensionen_krise_zum_heil.html HTTP/1.1" 200 9828 "-" "Mozilla/5.0 (X11; U; Linux Core i7-4980HQ; de; rv:32.0; compatible; JobboerseBot; http://www.jobboerse.com/bot.htm) Gecko/20100101 Firefox/38.0"
188.138.41.173 - - [10/Jul/2018:21:53:36 +0200] "GET /main.css HTTP/1.1" 200 1439 "http://www.morusverlag.de/buecher/rezensionen_krise_zum_heil.html" "Mozilla/5.0 (X11; U; Linux Core i7-4980HQ; de; rv:32.0; compatible; JobboerseBot; http://www.jobboerse.com/bot.htm) Gecko/20100101 Firefox/38.0"
188.138.41.173 - - [10/Jul/2018:21:53:45 +0200] "GET /buecher/rezensionen_ignatius.html HTTP/1.1" 200 8182 "-" "Mozilla/5.0 (X11; U; Linux Core i7-4980HQ; de; rv:32.0; compatible; JobboerseBot; http://www.jobboerse.com/bot.htm) Gecko/20100101 Firefox/38.0"
188.138.41.173 - - [10/Jul/2018:21:53:46 +0200] "GET /main.css HTTP/1.1" 200 1439 "http://www.morusverlag.de/buecher/rezensionen_ignatius.html" "Mozilla/5.0 (X11; U; Linux Core i7-4980HQ; de; rv:32.0; compatible; JobboerseBot; http://www.jobboerse.com/bot.htm) Gecko/20100101 Firefox/38.0"
188.138.41.173 - - [10/Jul/2018:21:53:50 +0200] "GET /buecher/rezensionen_engel.html HTTP/1.1" 200 6598 "-" "Mozilla/5.0 (X11; U; Linux Core i7-4980HQ; de; rv:32.0; compatible; JobboerseBot; http://www.jobboerse.com/bot.htm) Gecko/20100101 Firefox/38.0"
188.138.41.173 - - [10/Jul/2018:21:53:50 +0200] "GET /main.css HTTP/1.1" 200 1439 "http://www.morusverlag.de/buecher/rezensionen_engel.html" "Mozilla/5.0 (X11; U; Linux Core i7-4980HQ; de; rv:32.0; compatible; JobboerseBot; http://www.jobboerse.com/bot.htm) Gecko/20100101 Firefox/38.0"
188.138.41.173 - - [10/Jul/2018:21:53:52 +0200] "GET /buecher/rezensionen_psalmen.html HTTP/1.1" 200 6787 "-" "Mozilla/5.0 (X11; U; Linux Core i7-4980HQ; de; rv:32.0; compatible; JobboerseBot; http://www.jobboerse.com/bot.htm) Gecko/20100101 Firefox/38.0"
188.138.41.173 - - [10/Jul/2018:21:53:52 +0200] "GET /main.css HTTP/1.1" 200 1439 "http://www.morusverlag.de/buecher/rezensionen_psalmen.html" "Mozilla/5.0 (X11; U; Linux Core i7-4980HQ; de; rv:32.0; compatible; JobboerseBot; http://www.jobboerse.com/bot.htm) Gecko/20100101 Firefox/38.0"
188.138.41.173 - - [10/Jul/2018:21:53:56 +0200] "GET /cds/hymnos_akathistos.html HTTP/1.1" 200 11061 "-" "Mozilla/5.0 (X11; U; Linux Core i7-4980HQ; de; rv:32.0; compatible; JobboerseBot; http://www.jobboerse.com/bot.htm) Gecko/20100101 Firefox/38.0"
188.138.41.173 - - [10/Jul/2018:21:53:56 +0200] "GET /main.css HTTP/1.1" 200 1439 "http://www.morusverlag.de/cds/hymnos_akathistos.html" "Mozilla/5.0 (X11; U; Linux Core i7-4980HQ; de; rv:32.0; compatible; JobboerseBot; http://www.jobboerse.com/bot.htm) Gecko/20100101 Firefox/38.0"
188.138.41.173 - - [10/Jul/2018:21:53:59 +0200] "GET /cds/ignatius.html HTTP/1.1" 200 6576 "-" "Mozilla/5.0 (X11; U; Linux Core i7-4980HQ; de; rv:32.0; compatible; JobboerseBot; http://www.jobboerse.com/bot.htm) Gecko/20100101 Firefox/38.0"
188.138.41.173 - - [10/Jul/2018:21:54:13 +0200] "GET /main.css HTTP/1.1" 200 1439 "http://www.morusverlag.de/cds/ignatius.html" "Mozilla/5.0 (X11; U; Linux Core i7-4980HQ; de; rv:32.0; compatible; JobboerseBot; http://www.jobboerse.com/bot.htm) Gecko/20100101 Firefox/38.0"
188.138.41.173 - - [10/Jul/2018:21:54:19 +0200] "GET /cds/rosarium.html HTTP/1.1" 200 6680 "-" "Mozilla/5.0 (X11; U; Linux Core i7-4980HQ; de; rv:32.0; compatible; JobboerseBot; http://www.jobboerse.com/bot.htm) Gecko/20100101 Firefox/38.0"
188.138.41.173 - - [10/Jul/2018:21:54:20 +0200] "GET /main.css HTTP/1.1" 200 1439 "http://www.morusverlag.de/cds/rosarium.html" "Mozilla/5.0 (X11; U; Linux Core i7-4980HQ; de; rv:32.0; compatible; JobboerseBot; http://www.jobboerse.com/bot.htm) Gecko/20100101 Firefox/38.0"
188.138.41.173 - - [10/Jul/2018:21:54:22 +0200] "GET /sonderthemen/index.html HTTP/1.1" 200 7102 "-" "Mozilla/5.0 (X11; U; Linux Core i7-4980HQ; de; rv:32.0; compatible; JobboerseBot; http://www.jobboerse.com/bot.htm) Gecko/20100101 Firefox/38.0"
188.138.41.173 - - [10/Jul/2018:21:54:22 +0200] "GET /main.css HTTP/1.1" 200 1439 "http://www.morusverlag.de/sonderthemen/index.html" "Mozilla/5.0 (X11; U; Linux Core i7-4980HQ; de; rv:32.0; compatible; JobboerseBot; http://www.jobboerse.com/bot.htm) Gecko/20100101 Firefox/38.0"
188.138.41.173 - - [10/Jul/2018:21:54:29 +0200] "GET /sonderthemen/oekz2003.pdf HTTP/1.1" 200 4017017 "-" "Mozilla/5.0 (X11; U; Linux Core i7-4980HQ; de; rv:32.0; compatible; JobboerseBot; http://www.jobboerse.com/bot.htm) Gecko/20100101 Firefox/38.0"
188.138.41.173 - - [10/Jul/2018:21:56:51 +0200] "GET /sonderthemen/oekz2003_s01.pdf HTTP/1.1" 200 66807 "-" "Mozilla/5.0 (X11; U; Linux Core i7-4980HQ; de; rv:32.0; compatible; JobboerseBot; http://www.jobboerse.com/bot.htm) Gecko/20100101 Firefox/38.0"
188.138.41.173 - - [10/Jul/2018:21:57:09 +0200] "GET /sonderthemen/oekt_extra3.pdf HTTP/1.1" 200 2109745 "-" "Mozilla/5.0 (X11; U; Linux Core i7-4980HQ; de; rv:32.0; compatible; JobboerseBot; http://www.jobboerse.com/bot.htm) Gecko/20100101 Firefox/38.0"
188.138.41.173 - - [10/Jul/2018:21:58:24 +0200] "GET /sonderthemen/oekt_extra2.pdf HTTP/1.1" 200 1939949 "-" "Mozilla/5.0 (X11; U; Linux Core i7-4980HQ; de; rv:32.0; compatible; JobboerseBot; http://www.jobboerse.com/bot.htm) Gecko/20100101 Firefox/38.0"
188.138.41.173 - - [10/Jul/2018:21:59:35 +0200] "GET /sonderthemen/oekt_extra1.pdf HTTP/1.1" 200 1849015 "-" "Mozilla/5.0 (X11; U; Linux Core i7-4980HQ; de; rv:32.0; compatible; JobboerseBot; http://www.jobboerse.com/bot.htm) Gecko/20100101 Firefox/38.0"
188.138.41.173 - - [10/Jul/2018:22:00:45 +0200] "GET /sonderthemen/sk2004.pdf HTTP/1.1" 200 1967215 "-" "Mozilla/5.0 (X11; U; Linux Core i7-4980HQ; de; rv:32.0; compatible; JobboerseBot; http://www.jobboerse.com/bot.htm) Gecko/20100101 Firefox/38.0"
66.249.69.181 - - [10/Jul/2018:22:01:12 +0200] "GET /impressum.html HTTP/1.1" 200 2808 "-" "Mozilla/5.0 (Linux; Android 6.0.1; Nexus 5X Build/MMB29P) AppleWebKit/537.36 (KHTML, like Gecko) Chrome/41.0.2272.96 Mobile Safari/537.36 (compatible; Googlebot/2.1; +http://www.google.com/bot.html)"
188.138.41.173 - - [10/Jul/2018:22:01:55 +0200] "GET /sonderthemen/sk2004_s01.pdf HTTP/1.1" 200 162742 "-" "Mozilla/5.0 (X11; U; Linux Core i7-4980HQ; de; rv:32.0; compatible; JobboerseBot; http://www.jobboerse.com/bot.htm) Gecko/20100101 Firefox/38.0"
188.138.41.173 - - [10/Jul/2018:22:02:00 +0200] "GET /sonderthemen/presse.html HTTP/1.1" 200 5772 "-" "Mozilla/5.0 (X11; U; Linux Core i7-4980HQ; de; rv:32.0; compatible; JobboerseBot; http://www.jobboerse.com/bot.htm) Gecko/20100101 Firefox/38.0"
188.138.41.173 - - [10/Jul/2018:22:02:01 +0200] "GET /main.css HTTP/1.1" 200 1439 "http://www.morusverlag.de/sonderthemen/presse.html" "Mozilla/5.0 (X11; U; Linux Core i7-4980HQ; de; rv:32.0; compatible; JobboerseBot; http://www.jobboerse.com/bot.htm) Gecko/20100101 Firefox/38.0"
188.138.41.173 - - [10/Jul/2018:22:02:05 +0200] "GET /sonderthemen/az2003.pdf HTTP/1.1" 200 4864675 "-" "Mozilla/5.0 (X11; U; Linux Core i7-4980HQ; de; rv:32.0; compatible; JobboerseBot; http://www.jobboerse.com/bot.htm) Gecko/20100101 Firefox/38.0"
188.138.41.173 - - [10/Jul/2018:22:03:50 +0200] "GET /sonderthemen/az2003_s01.pdf HTTP/1.1" 200 120642 "-" "Mozilla/5.0 (X11; U; Linux Core i7-4980HQ; de; rv:32.0; compatible; JobboerseBot; http://www.jobboerse.com/bot.htm) Gecko/20100101 Firefox/38.0"
188.138.41.173 - - [10/Jul/2018:22:03:55 +0200] "GET /sonderthemen/archiv.html HTTP/1.1" 200 6959 "-" "Mozilla/5.0 (X11; U; Linux Core i7-4980HQ; de; rv:32.0; compatible; JobboerseBot; http://www.jobboerse.com/bot.htm) Gecko/20100101 Firefox/38.0"
188.138.41.173 - - [10/Jul/2018:22:03:55 +0200] "GET /main.css HTTP/1.1" 200 1439 "http://www.morusverlag.de/sonderthemen/archiv.html" "Mozilla/5.0 (X11; U; Linux Core i7-4980HQ; de; rv:32.0; compatible; JobboerseBot; http://www.jobboerse.com/bot.htm) Gecko/20100101 Firefox/38.0"
188.138.41.173 - - [10/Jul/2018:22:04:14 +0200] "GET /sonderthemen/az1999.pdf HTTP/1.1" 200 1842982 "-" "Mozilla/5.0 (X11; U; Linux Core i7-4980HQ; de; rv:32.0; compatible; JobboerseBot; http://www.jobboerse.com/bot.htm) Gecko/20100101 Firefox/38.0"
188.138.41.173 - - [10/Jul/2018:22:05:54 +0200] "GET /sonderthemen/az2000.pdf HTTP/1.1" 200 2253581 "-" "Mozilla/5.0 (X11; U; Linux Core i7-4980HQ; de; rv:32.0; compatible; JobboerseBot; http://www.jobboerse.com/bot.htm) Gecko/20100101 Firefox/38.0"
66.249.69.177 - - [10/Jul/2018:22:06:23 +0200] "GET /buecher/rezensionen_engel.html HTTP/1.1" 304 - "-" "Mozilla/5.0 (Linux; Android 6.0.1; Nexus 5X Build/MMB29P) AppleWebKit/537.36 (KHTML, like Gecko) Chrome/41.0.2272.96 Mobile Safari/537.36 (compatible; Googlebot/2.1; +http://www.google.com/bot.html)"
66.249.69.177 - - [10/Jul/2018:22:06:45 +0200] "GET /gotteslob/ HTTP/1.1" 200 2770 "-" "Mozilla/5.0 (Linux; Android 6.0.1; Nexus 5X Build/MMB29P) AppleWebKit/537.36 (KHTML, like Gecko) Chrome/41.0.2272.96 Mobile Safari/537.36 (compatible; Googlebot/2.1; +http://www.google.com/bot.html)"
188.138.41.173 - - [10/Jul/2018:22:07:39 +0200] "GET /sonderthemen/oeaz2001.pdf HTTP/1.1" 200 4496626 "-" "Mozilla/5.0 (X11; U; Linux Core i7-4980HQ; de; rv:32.0; compatible; JobboerseBot; http://www.jobboerse.com/bot.htm) Gecko/20100101 Firefox/38.0"
188.138.41.173 - - [10/Jul/2018:22:08:44 +0200] "GET /sonderthemen/oeaz2002.pdf HTTP/1.1" 200 3161455 "-" "Mozilla/5.0 (X11; U; Linux Core i7-4980HQ; de; rv:32.0; compatible; JobboerseBot; http://www.jobboerse.com/bot.htm) Gecko/20100101 Firefox/38.0"
66.249.69.179 - - [10/Jul/2018:22:11:22 +0200] "GET /sonderthemen/sk2004.pdf HTTP/1.1" 200 1967215 "-" "Mozilla/5.0 (Linux; Android 6.0.1; Nexus 5X Build/MMB29P) AppleWebKit/537.36 (KHTML, like Gecko) Chrome/41.0.2272.96 Mobile Safari/537.36 (compatible; Googlebot/2.1; +http://www.google.com/bot.html)"
188.138.41.173 - - [10/Jul/2018:22:11:40 +0200] "GET /sonderthemen/sk2000.pdf HTTP/1.1" 200 2925489 "-" "Mozilla/5.0 (X11; U; Linux Core i7-4980HQ; de; rv:32.0; compatible; JobboerseBot; http://www.jobboerse.com/bot.htm) Gecko/20100101 Firefox/38.0"
188.138.41.173 - - [10/Jul/2018:22:13:32 +0200] "GET /sonderthemen/sk2001.pdf HTTP/1.1" 200 3098589 "-" "Mozilla/5.0 (X11; U; Linux Core i7-4980HQ; de; rv:32.0; compatible; JobboerseBot; http://www.jobboerse.com/bot.htm) Gecko/20100101 Firefox/38.0"
188.138.41.173 - - [10/Jul/2018:22:16:10 +0200] "GET /sonderthemen/sk2002.pdf HTTP/1.1" 200 2628923 "-" "Mozilla/5.0 (X11; U; Linux Core i7-4980HQ; de; rv:32.0; compatible; JobboerseBot; http://www.jobboerse.com/bot.htm) Gecko/20100101 Firefox/38.0"
66.249.69.181 - - [10/Jul/2018:22:16:33 +0200] "GET /sonderthemen/sk2001.pdf HTTP/1.1" 200 3098589 "-" "Mozilla/5.0 (Linux; Android 6.0.1; Nexus 5X Build/MMB29P) AppleWebKit/537.36 (KHTML, like Gecko) Chrome/41.0.2272.96 Mobile Safari/537.36 (compatible; Googlebot/2.1; +http://www.google.com/bot.html)"
188.138.41.173 - - [10/Jul/2018:22:18:23 +0200] "GET /gotteslob/index.html HTTP/1.1" 200 2770 "-" "Mozilla/5.0 (X11; U; Linux Core i7-4980HQ; de; rv:32.0; compatible; JobboerseBot; http://www.jobboerse.com/bot.htm) Gecko/20100101 Firefox/38.0"
188.138.41.173 - - [10/Jul/2018:22:18:24 +0200] "GET /main.css HTTP/1.1" 200 1439 "http://www.morusverlag.de/gotteslob/index.html" "Mozilla/5.0 (X11; U; Linux Core i7-4980HQ; de; rv:32.0; compatible; JobboerseBot; http://www.jobboerse.com/bot.htm) Gecko/20100101 Firefox/38.0"
188.138.41.173 - - [10/Jul/2018:22:18:24 +0200] "GET /cds/index.html HTTP/1.1" 200 7987 "-" "Mozilla/5.0 (X11; U; Linux Core i7-4980HQ; de; rv:32.0; compatible; JobboerseBot; http://www.jobboerse.com/bot.htm) Gecko/20100101 Firefox/38.0"
188.138.41.173 - - [10/Jul/2018:22:18:24 +0200] "GET /main.css HTTP/1.1" 200 1439 "http://www.morusverlag.de/cds/index.html" "Mozilla/5.0 (X11; U; Linux Core i7-4980HQ; de; rv:32.0; compatible; JobboerseBot; http://www.jobboerse.com/bot.htm) Gecko/20100101 Firefox/38.0"
188.138.41.173 - - [10/Jul/2018:22:18:26 +0200] "GET /cds/astazi.html HTTP/1.1" 200 8453 "-" "Mozilla/5.0 (X11; U; Linux Core i7-4980HQ; de; rv:32.0; compatible; JobboerseBot; http://www.jobboerse.com/bot.htm) Gecko/20100101 Firefox/38.0"
188.138.41.173 - - [10/Jul/2018:22:18:28 +0200] "GET /main.css HTTP/1.1" 200 1439 "http://www.morusverlag.de/cds/astazi.html" "Mozilla/5.0 (X11; U; Linux Core i7-4980HQ; de; rv:32.0; compatible; JobboerseBot; http://www.jobboerse.com/bot.htm) Gecko/20100101 Firefox/38.0"
188.138.41.173 - - [10/Jul/2018:22:18:30 +0200] "GET /cds/lumina.html HTTP/1.1" 200 9000 "-" "Mozilla/5.0 (X11; U; Linux Core i7-4980HQ; de; rv:32.0; compatible; JobboerseBot; http://www.jobboerse.com/bot.htm) Gecko/20100101 Firefox/38.0"
188.138.41.173 - - [10/Jul/2018:22:18:31 +0200] "GET /main.css HTTP/1.1" 200 1439 "http://www.morusverlag.de/cds/lumina.html" "Mozilla/5.0 (X11; U; Linux Core i7-4980HQ; de; rv:32.0; compatible; JobboerseBot; http://www.jobboerse.com/bot.htm) Gecko/20100101 Firefox/38.0"
188.138.41.173 - - [10/Jul/2018:22:18:34 +0200] "GET /cds/glockenspiel2.html HTTP/1.1" 200 9831 "-" "Mozilla/5.0 (X11; U; Linux Core i7-4980HQ; de; rv:32.0; compatible; JobboerseBot; http://www.jobboerse.com/bot.htm) Gecko/20100101 Firefox/38.0"
188.138.41.173 - - [10/Jul/2018:22:18:35 +0200] "GET /main.css HTTP/1.1" 200 1439 "http://www.morusverlag.de/cds/glockenspiel2.html" "Mozilla/5.0 (X11; U; Linux Core i7-4980HQ; de; rv:32.0; compatible; JobboerseBot; http://www.jobboerse.com/bot.htm) Gecko/20100101 Firefox/38.0"
188.138.41.173 - - [10/Jul/2018:22:18:45 +0200] "GET /cds/glockenspiel1.html HTTP/1.1" 200 9736 "-" "Mozilla/5.0 (X11; U; Linux Core i7-4980HQ; de; rv:32.0; compatible; JobboerseBot; http://www.jobboerse.com/bot.htm) Gecko/20100101 Firefox/38.0"
188.138.41.173 - - [10/Jul/2018:22:18:46 +0200] "GET /main.css HTTP/1.1" 200 1439 "http://www.morusverlag.de/cds/glockenspiel1.html" "Mozilla/5.0 (X11; U; Linux Core i7-4980HQ; de; rv:32.0; compatible; JobboerseBot; http://www.jobboerse.com/bot.htm) Gecko/20100101 Firefox/38.0"
188.138.41.173 - - [10/Jul/2018:22:19:07 +0200] "GET /buecher/index.html HTTP/1.1" 200 25885 "-" "Mozilla/5.0 (X11; U; Linux Core i7-4980HQ; de; rv:32.0; compatible; JobboerseBot; http://www.jobboerse.com/bot.htm) Gecko/20100101 Firefox/38.0"
188.138.41.173 - - [10/Jul/2018:22:19:07 +0200] "GET /contentflow/contentflow.js HTTP/1.1" 200 42064 "http://www.morusverlag.de/buecher/index.html" "Mozilla/5.0 (X11; U; Linux Core i7-4980HQ; de; rv:32.0; compatible; JobboerseBot; http://www.jobboerse.com/bot.htm) Gecko/20100101 Firefox/38.0"
188.138.41.173 - - [10/Jul/2018:22:19:08 +0200] "GET /contentflow/ContentFlowAddOn_white.js HTTP/1.1" 200 471 "http://www.morusverlag.de/buecher/index.html" "Mozilla/5.0 (X11; U; Linux Core i7-4980HQ; de; rv:32.0; compatible; JobboerseBot; http://www.jobboerse.com/bot.htm) Gecko/20100101 Firefox/38.0"
188.138.41.173 - - [10/Jul/2018:22:19:08 +0200] "GET /main.css HTTP/1.1" 200 1439 "http://www.morusverlag.de/buecher/index.html" "Mozilla/5.0 (X11; U; Linux Core i7-4980HQ; de; rv:32.0; compatible; JobboerseBot; http://www.jobboerse.com/bot.htm) Gecko/20100101 Firefox/38.0"
188.138.41.173 - - [10/Jul/2018:22:19:09 +0200] "GET /contentflow/contentflow.css HTTP/1.1" 200 3109 "http://www.morusverlag.de/buecher/index.html" "Mozilla/5.0 (X11; U; Linux Core i7-4980HQ; de; rv:32.0; compatible; JobboerseBot; http://www.jobboerse.com/bot.htm) Gecko/20100101 Firefox/38.0"
188.138.41.173 - - [10/Jul/2018:22:19:09 +0200] "GET /contentflow/mycontentflow.css HTTP/1.1" 404 2381 "http://www.morusverlag.de/buecher/index.html" "Mozilla/5.0 (X11; U; Linux Core i7-4980HQ; de; rv:32.0; compatible; JobboerseBot; http://www.jobboerse.com/bot.htm) Gecko/20100101 Firefox/38.0"
188.138.41.173 - - [10/Jul/2018:22:19:09 +0200] "GET /contentflow/ContentFlowAddOn_white.css HTTP/1.1" 200 3174 "http://www.morusverlag.de/buecher/index.html" "Mozilla/5.0 (X11; U; Linux Core i7-4980HQ; de; rv:32.0; compatible; JobboerseBot; http://www.jobboerse.com/bot.htm) Gecko/20100101 Firefox/38.0"
188.138.41.173 - - [10/Jul/2018:22:19:12 +0200] "GET /buecher/gesichter/01.jpg HTTP/1.1" 200 7981 "http://www.morusverlag.de/buecher/index.html" "Mozilla/5.0 (X11; U; Linux Core i7-4980HQ; de; rv:32.0; compatible; JobboerseBot; http://www.jobboerse.com/bot.htm) Gecko/20100101 Firefox/38.0"
188.138.41.173 - - [10/Jul/2018:22:19:12 +0200] "GET /buecher/gesichter/02.jpg HTTP/1.1" 200 9266 "http://www.morusverlag.de/buecher/index.html" "Mozilla/5.0 (X11; U; Linux Core i7-4980HQ; de; rv:32.0; compatible; JobboerseBot; http://www.jobboerse.com/bot.htm) Gecko/20100101 Firefox/38.0"
188.138.41.173 - - [10/Jul/2018:22:19:12 +0200] "GET /buecher/gesichter/03.jpg HTTP/1.1" 200 10026 "http://www.morusverlag.de/buecher/index.html" "Mozilla/5.0 (X11; U; Linux Core i7-4980HQ; de; rv:32.0; compatible; JobboerseBot; http://www.jobboerse.com/bot.htm) Gecko/20100101 Firefox/38.0"
188.138.41.173 - - [10/Jul/2018:22:19:12 +0200] "GET /buecher/gesichter/04.jpg HTTP/1.1" 200 7078 "http://www.morusverlag.de/buecher/index.html" "Mozilla/5.0 (X11; U; Linux Core i7-4980HQ; de; rv:32.0; compatible; JobboerseBot; http://www.jobboerse.com/bot.htm) Gecko/20100101 Firefox/38.0"
188.138.41.173 - - [10/Jul/2018:22:19:12 +0200] "GET /buecher/gesichter/05.jpg HTTP/1.1" 200 8981 "http://www.morusverlag.de/buecher/index.html" "Mozilla/5.0 (X11; U; Linux Core i7-4980HQ; de; rv:32.0; compatible; JobboerseBot; http://www.jobboerse.com/bot.htm) Gecko/20100101 Firefox/38.0"
188.138.41.173 - - [10/Jul/2018:22:19:12 +0200] "GET /buecher/gesichter/06.jpg HTTP/1.1" 200 8732 "http://www.morusverlag.de/buecher/index.html" "Mozilla/5.0 (X11; U; Linux Core i7-4980HQ; de; rv:32.0; compatible; JobboerseBot; http://www.jobboerse.com/bot.htm) Gecko/20100101 Firefox/38.0"
188.138.41.173 - - [10/Jul/2018:22:19:13 +0200] "GET /buecher/gesichter/07.jpg HTTP/1.1" 200 7301 "http://www.morusverlag.de/buecher/index.html" "Mozilla/5.0 (X11; U; Linux Core i7-4980HQ; de; rv:32.0; compatible; JobboerseBot; http://www.jobboerse.com/bot.htm) Gecko/20100101 Firefox/38.0"
188.138.41.173 - - [10/Jul/2018:22:19:13 +0200] "GET /buecher/gesichter/08.jpg HTTP/1.1" 200 10437 "http://www.morusverlag.de/buecher/index.html" "Mozilla/5.0 (X11; U; Linux Core i7-4980HQ; de; rv:32.0; compatible; JobboerseBot; http://www.jobboerse.com/bot.htm) Gecko/20100101 Firefox/38.0"
188.138.41.173 - - [10/Jul/2018:22:19:13 +0200] "GET /buecher/gesichter/09.jpg HTTP/1.1" 200 9739 "http://www.morusverlag.de/buecher/index.html" "Mozilla/5.0 (X11; U; Linux Core i7-4980HQ; de; rv:32.0; compatible; JobboerseBot; http://www.jobboerse.com/bot.htm) Gecko/20100101 Firefox/38.0"
188.138.41.173 - - [10/Jul/2018:22:19:13 +0200] "GET /buecher/gesichter/10.jpg HTTP/1.1" 200 7686 "http://www.morusverlag.de/buecher/index.html" "Mozilla/5.0 (X11; U; Linux Core i7-4980HQ; de; rv:32.0; compatible; JobboerseBot; http://www.jobboerse.com/bot.htm) Gecko/20100101 Firefox/38.0"
188.138.41.173 - - [10/Jul/2018:22:19:13 +0200] "GET /buecher/gesichter/11.jpg HTTP/1.1" 200 6175 "http://www.morusverlag.de/buecher/index.html" "Mozilla/5.0 (X11; U; Linux Core i7-4980HQ; de; rv:32.0; compatible; JobboerseBot; http://www.jobboerse.com/bot.htm) Gecko/20100101 Firefox/38.0"
188.138.41.173 - - [10/Jul/2018:22:19:13 +0200] "GET /buecher/gesichter/12.jpg HTTP/1.1" 200 6460 "http://www.morusverlag.de/buecher/index.html" "Mozilla/5.0 (X11; U; Linux Core i7-4980HQ; de; rv:32.0; compatible; JobboerseBot; http://www.jobboerse.com/bot.htm) Gecko/20100101 Firefox/38.0"
188.138.41.173 - - [10/Jul/2018:22:19:13 +0200] "GET /buecher/gesichter/13.jpg HTTP/1.1" 200 8373 "http://www.morusverlag.de/buecher/index.html" "Mozilla/5.0 (X11; U; Linux Core i7-4980HQ; de; rv:32.0; compatible; JobboerseBot; http://www.jobboerse.com/bot.htm) Gecko/20100101 Firefox/38.0"
188.138.41.173 - - [10/Jul/2018:22:19:13 +0200] "GET /buecher/gesichter/14.jpg HTTP/1.1" 200 7847 "http://www.morusverlag.de/buecher/index.html" "Mozilla/5.0 (X11; U; Linux Core i7-4980HQ; de; rv:32.0; compatible; JobboerseBot; http://www.jobboerse.com/bot.htm) Gecko/20100101 Firefox/38.0"
188.138.41.173 - - [10/Jul/2018:22:19:13 +0200] "GET /buecher/gesichter/15.jpg HTTP/1.1" 200 7253 "http://www.morusverlag.de/buecher/index.html" "Mozilla/5.0 (X11; U; Linux Core i7-4980HQ; de; rv:32.0; compatible; JobboerseBot; http://www.jobboerse.com/bot.htm) Gecko/20100101 Firefox/38.0"
188.138.41.173 - - [10/Jul/2018:22:19:13 +0200] "GET /buecher/gesichter/16.jpg HTTP/1.1" 200 8367 "http://www.morusverlag.de/buecher/index.html" "Mozilla/5.0 (X11; U; Linux Core i7-4980HQ; de; rv:32.0; compatible; JobboerseBot; http://www.jobboerse.com/bot.htm) Gecko/20100101 Firefox/38.0"
188.138.41.173 - - [10/Jul/2018:22:19:13 +0200] "GET /buecher/gesichter/17.jpg HTTP/1.1" 200 7587 "http://www.morusverlag.de/buecher/index.html" "Mozilla/5.0 (X11; U; Linux Core i7-4980HQ; de; rv:32.0; compatible; JobboerseBot; http://www.jobboerse.com/bot.htm) Gecko/20100101 Firefox/38.0"
188.138.41.173 - - [10/Jul/2018:22:19:13 +0200] "GET /buecher/gesichter/18.jpg HTTP/1.1" 200 8757 "http://www.morusverlag.de/buecher/index.html" "Mozilla/5.0 (X11; U; Linux Core i7-4980HQ; de; rv:32.0; compatible; JobboerseBot; http://www.jobboerse.com/bot.htm) Gecko/20100101 Firefox/38.0"
188.138.41.173 - - [10/Jul/2018:22:19:13 +0200] "GET /buecher/gesichter/19.jpg HTTP/1.1" 200 8281 "http://www.morusverlag.de/buecher/index.html" "Mozilla/5.0 (X11; U; Linux Core i7-4980HQ; de; rv:32.0; compatible; JobboerseBot; http://www.jobboerse.com/bot.htm) Gecko/20100101 Firefox/38.0"
188.138.41.173 - - [10/Jul/2018:22:19:13 +0200] "GET /buecher/gesichter/20.jpg HTTP/1.1" 200 8785 "http://www.morusverlag.de/buecher/index.html" "Mozilla/5.0 (X11; U; Linux Core i7-4980HQ; de; rv:32.0; compatible; JobboerseBot; http://www.jobboerse.com/bot.htm) Gecko/20100101 Firefox/38.0"
188.138.41.173 - - [10/Jul/2018:22:19:13 +0200] "GET /buecher/gesichter/21.jpg HTTP/1.1" 200 7433 "http://www.morusverlag.de/buecher/index.html" "Mozilla/5.0 (X11; U; Linux Core i7-4980HQ; de; rv:32.0; compatible; JobboerseBot; http://www.jobboerse.com/bot.htm) Gecko/20100101 Firefox/38.0"
188.138.41.173 - - [10/Jul/2018:22:19:13 +0200] "GET /buecher/gesichter/22.jpg HTTP/1.1" 200 8837 "http://www.morusverlag.de/buecher/index.html" "Mozilla/5.0 (X11; U; Linux Core i7-4980HQ; de; rv:32.0; compatible; JobboerseBot; http://www.jobboerse.com/bot.htm) Gecko/20100101 Firefox/38.0"
188.138.41.173 - - [10/Jul/2018:22:19:14 +0200] "GET /buecher/gesichter/23.jpg HTTP/1.1" 200 8706 "http://www.morusverlag.de/buecher/index.html" "Mozilla/5.0 (X11; U; Linux Core i7-4980HQ; de; rv:32.0; compatible; JobboerseBot; http://www.jobboerse.com/bot.htm) Gecko/20100101 Firefox/38.0"
188.138.41.173 - - [10/Jul/2018:22:19:14 +0200] "GET /buecher/gesichter/24.jpg HTTP/1.1" 200 8021 "http://www.morusverlag.de/buecher/index.html" "Mozilla/5.0 (X11; U; Linux Core i7-4980HQ; de; rv:32.0; compatible; JobboerseBot; http://www.jobboerse.com/bot.htm) Gecko/20100101 Firefox/38.0"
188.138.41.173 - - [10/Jul/2018:22:19:14 +0200] "GET /buecher/gesichter/25.jpg HTTP/1.1" 200 7280 "http://www.morusverlag.de/buecher/index.html" "Mozilla/5.0 (X11; U; Linux Core i7-4980HQ; de; rv:32.0; compatible; JobboerseBot; http://www.jobboerse.com/bot.htm) Gecko/20100101 Firefox/38.0"
188.138.41.173 - - [10/Jul/2018:22:19:14 +0200] "GET /buecher/gesichter/26.jpg HTTP/1.1" 200 8027 "http://www.morusverlag.de/buecher/index.html" "Mozilla/5.0 (X11; U; Linux Core i7-4980HQ; de; rv:32.0; compatible; JobboerseBot; http://www.jobboerse.com/bot.htm) Gecko/20100101 Firefox/38.0"
188.138.41.173 - - [10/Jul/2018:22:19:15 +0200] "GET /buecher/gesichter/27.jpg HTTP/1.1" 200 8110 "http://www.morusverlag.de/buecher/index.html" "Mozilla/5.0 (X11; U; Linux Core i7-4980HQ; de; rv:32.0; compatible; JobboerseBot; http://www.jobboerse.com/bot.htm) Gecko/20100101 Firefox/38.0"
188.138.41.173 - - [10/Jul/2018:22:19:16 +0200] "GET /buecher/gesichter/28.jpg HTTP/1.1" 200 7684 "http://www.morusverlag.de/buecher/index.html" "Mozilla/5.0 (X11; U; Linux Core i7-4980HQ; de; rv:32.0; compatible; JobboerseBot; http://www.jobboerse.com/bot.htm) Gecko/20100101 Firefox/38.0"
188.138.41.173 - - [10/Jul/2018:22:19:16 +0200] "GET /buecher/gesichter/29.jpg HTTP/1.1" 200 9282 "http://www.morusverlag.de/buecher/index.html" "Mozilla/5.0 (X11; U; Linux Core i7-4980HQ; de; rv:32.0; compatible; JobboerseBot; http://www.jobboerse.com/bot.htm) Gecko/20100101 Firefox/38.0"
188.138.41.173 - - [10/Jul/2018:22:19:16 +0200] "GET /buecher/gesichter/30.jpg HTTP/1.1" 200 8702 "http://www.morusverlag.de/buecher/index.html" "Mozilla/5.0 (X11; U; Linux Core i7-4980HQ; de; rv:32.0; compatible; JobboerseBot; http://www.jobboerse.com/bot.htm) Gecko/20100101 Firefox/38.0"
188.138.41.173 - - [10/Jul/2018:22:19:16 +0200] "GET /buecher/gesichter/31.jpg HTTP/1.1" 200 8424 "http://www.morusverlag.de/buecher/index.html" "Mozilla/5.0 (X11; U; Linux Core i7-4980HQ; de; rv:32.0; compatible; JobboerseBot; http://www.jobboerse.com/bot.htm) Gecko/20100101 Firefox/38.0"
188.138.41.173 - - [10/Jul/2018:22:19:16 +0200] "GET /buecher/gesichter/32.jpg HTTP/1.1" 200 8010 "http://www.morusverlag.de/buecher/index.html" "Mozilla/5.0 (X11; U; Linux Core i7-4980HQ; de; rv:32.0; compatible; JobboerseBot; http://www.jobboerse.com/bot.htm) Gecko/20100101 Firefox/38.0"
188.138.41.173 - - [10/Jul/2018:22:19:35 +0200] "GET /buecher/diskussion.html HTTP/1.1" 200 9925 "-" "Mozilla/5.0 (X11; U; Linux Core i7-4980HQ; de; rv:32.0; compatible; JobboerseBot; http://www.jobboerse.com/bot.htm) Gecko/20100101 Firefox/38.0"
188.138.41.173 - - [10/Jul/2018:22:19:35 +0200] "GET /main.css HTTP/1.1" 200 1439 "http://www.morusverlag.de/buecher/diskussion.html" "Mozilla/5.0 (X11; U; Linux Core i7-4980HQ; de; rv:32.0; compatible; JobboerseBot; http://www.jobboerse.com/bot.htm) Gecko/20100101 Firefox/38.0"
188.138.41.173 - - [10/Jul/2018:22:19:37 +0200] "GET /buecher/bestellung.php HTTP/1.1" 200 10142 "-" "Mozilla/5.0 (X11; U; Linux Core i7-4980HQ; de; rv:32.0; compatible; JobboerseBot; http://www.jobboerse.com/bot.htm) Gecko/20100101 Firefox/38.0"
188.138.41.173 - - [10/Jul/2018:22:19:39 +0200] "GET /main.css HTTP/1.1" 200 1439 "http://www.morusverlag.de/buecher/bestellung.php" "Mozilla/5.0 (X11; U; Linux Core i7-4980HQ; de; rv:32.0; compatible; JobboerseBot; http://www.jobboerse.com/bot.htm) Gecko/20100101 Firefox/38.0"
188.138.41.173 - - [10/Jul/2018:22:20:26 +0200] "GET /buecher/rezension_gesichter_u_geschichten.pdf HTTP/1.1" 200 223287 "-" "Mozilla/5.0 (X11; U; Linux Core i7-4980HQ; de; rv:32.0; compatible; JobboerseBot; http://www.jobboerse.com/bot.htm) Gecko/20100101 Firefox/38.0"
66.249.69.177 - - [10/Jul/2018:22:21:41 +0200] "GET /kontakt/ HTTP/1.1" 304 - "-" "Mozilla/5.0 (Linux; Android 6.0.1; Nexus 5X Build/MMB29P) AppleWebKit/537.36 (KHTML, like Gecko) Chrome/41.0.2272.96 Mobile Safari/537.36 (compatible; Googlebot/2.1; +http://www.google.com/bot.html)"
185.220.70.174 - - [10/Jul/2018:22:26:56 +0200] "GET / HTTP/1.1" 200 9360 "-" "Java/1.4.1_04"
185.220.70.174 - - [10/Jul/2018:22:26:57 +0200] "GET /impressum.html HTTP/1.1" 200 2808 "-" "Java/1.4.1_04"
185.220.70.174 - - [10/Jul/2018:22:26:57 +0200] "GET /index.html HTTP/1.1" 200 9360 "-" "Java/1.4.1_04"
185.220.70.174 - - [10/Jul/2018:22:26:57 +0200] "GET /buecher/index.html HTTP/1.1" 200 25885 "-" "Java/1.4.1_04"
185.220.70.174 - - [10/Jul/2018:22:26:58 +0200] "GET /buecher/rezensionen_chateaubriand.html HTTP/1.1" 200 47317 "-" "Java/1.4.1_04"
185.220.70.174 - - [10/Jul/2018:22:27:00 +0200] "GET /buecher/veroeffentlichungsliste.html HTTP/1.1" 200 129779 "-" "Java/1.4.1_04"
185.220.70.174 - - [10/Jul/2018:22:27:03 +0200] "GET /cds/hymnos_akathistos.html HTTP/1.1" 200 11061 "-" "Java/1.4.1_04"
185.220.70.174 - - [10/Jul/2018:22:27:04 +0200] "GET /cds/ignatius.html HTTP/1.1" 200 6576 "-" "Java/1.4.1_04"
185.220.70.174 - - [10/Jul/2018:22:27:04 +0200] "GET /cds/index.html HTTP/1.1" 200 7987 "-" "Java/1.4.1_04"
185.220.70.174 - - [10/Jul/2018:22:27:04 +0200] "GET /cds/rosarium.html HTTP/1.1" 200 6680 "-" "Java/1.4.1_04"
185.220.70.174 - - [10/Jul/2018:22:27:05 +0200] "GET /gotteslob/index.html HTTP/1.1" 200 2770 "-" "Java/1.4.1_04"
185.220.70.174 - - [10/Jul/2018:22:27:05 +0200] "GET /jahrbuch/index.html HTTP/1.1" 200 3956 "-" "Java/1.4.1_04"
185.220.70.174 - - [10/Jul/2018:22:27:05 +0200] "GET /kontakt/index.html HTTP/1.1" 200 2896 "-" "Java/1.4.1_04"
185.220.70.174 - - [10/Jul/2018:22:27:05 +0200] "GET /sonderthemen/index.html HTTP/1.1" 200 7102 "-" "Java/1.4.1_04"
185.220.70.174 - - [10/Jul/2018:22:27:05 +0200] "GET /buecher/bestellung.php HTTP/1.1" 200 10142 "-" "Java/1.4.1_04"
185.220.70.174 - - [10/Jul/2018:22:27:06 +0200] "GET /buecher/diskussion.html HTTP/1.1" 200 9925 "-" "Java/1.4.1_04"
185.220.70.174 - - [10/Jul/2018:22:27:06 +0200] "GET /buecher/rezensionen_engel.html HTTP/1.1" 200 6598 "-" "Java/1.4.1_04"
185.220.70.174 - - [10/Jul/2018:22:27:06 +0200] "GET /buecher/rezensionen_krise_zum_heil.html HTTP/1.1" 200 9828 "-" "Java/1.4.1_04"
185.220.70.174 - - [10/Jul/2018:22:27:07 +0200] "GET /buecher/rezensionen_le_saulchoir.html HTTP/1.1" 200 34009 "-" "Java/1.4.1_04"
185.220.70.174 - - [10/Jul/2018:22:27:08 +0200] "GET /buecher/rezensionen_leiblichkeit_und_zeitlichkeit.html HTTP/1.1" 200 8821 "-" "Java/1.4.1_04"
185.220.70.174 - - [10/Jul/2018:22:27:08 +0200] "GET /buecher/rezensionen_nicht_auf_sand_gebaut.html HTTP/1.1" 200 6594 "-" "Java/1.4.1_04"
185.220.70.174 - - [10/Jul/2018:22:27:09 +0200] "GET /buecher/rezensionen_preysing.html HTTP/1.1" 200 9502 "-" "Java/1.4.1_04"
185.220.70.174 - - [10/Jul/2018:22:27:09 +0200] "GET /buecher/rezensionen_psalmen.html HTTP/1.1" 200 6787 "-" "Java/1.4.1_04"
185.220.70.174 - - [10/Jul/2018:22:27:10 +0200] "GET /contentflow/contentflow.js HTTP/1.1" 200 42064 "-" "Java/1.4.1_04"
185.220.70.174 - - [10/Jul/2018:22:27:11 +0200] "GET /buecher/rezensionen.html HTTP/1.1" 200 6964 "-" "Java/1.4.1_04"
185.220.70.174 - - [10/Jul/2018:22:27:12 +0200] "GET /buecher/rezensionen_ignatius.html HTTP/1.1" 200 8182 "-" "Java/1.4.1_04"
185.220.70.174 - - [10/Jul/2018:22:27:12 +0200] "GET /cds/astazi.html HTTP/1.1" 200 8453 "-" "Java/1.4.1_04"
185.220.70.174 - - [10/Jul/2018:22:27:12 +0200] "GET /cds/glockenspiel1.html HTTP/1.1" 200 9736 "-" "Java/1.4.1_04"
185.220.70.174 - - [10/Jul/2018:22:27:13 +0200] "GET /cds/glockenspiel2.html HTTP/1.1" 200 9831 "-" "Java/1.4.1_04"
185.220.70.174 - - [10/Jul/2018:22:27:13 +0200] "GET /cds/lumina.html HTTP/1.1" 200 9000 "-" "Java/1.4.1_04"
185.220.70.174 - - [10/Jul/2018:22:27:13 +0200] "GET /jahrbuch/bestellung.php HTTP/1.1" 200 10316 "-" "Java/1.4.1_04"
185.220.70.174 - - [10/Jul/2018:22:27:14 +0200] "GET /sonderthemen/archiv.html HTTP/1.1" 200 6959 "-" "Java/1.4.1_04"
185.220.70.174 - - [10/Jul/2018:22:27:14 +0200] "GET /sonderthemen/presse.html HTTP/1.1" 200 5772 "-" "Java/1.4.1_04"
185.220.70.174 - - [10/Jul/2018:22:27:14 +0200] "GET /contentflow/\"+K.src+\" HTTP/1.1" 404 2381 "-" "Java/1.4.1_04"
66.249.69.179 - - [10/Jul/2018:22:31:52 +0200] "GET /buecher/rezensionen_ungeteilt.html HTTP/1.1" 304 - "-" "Mozilla/5.0 (Linux; Android 6.0.1; Nexus 5X Build/MMB29P) AppleWebKit/537.36 (KHTML, like Gecko) Chrome/41.0.2272.96 Mobile Safari/537.36 (compatible; Googlebot/2.1; +http://www.google.com/bot.html)"
66.249.69.179 - - [10/Jul/2018:22:32:04 +0200] "GET /main.css HTTP/1.1" 200 1439 "http://www.morusverlag.de/buecher/rezensionen_ungeteilt.html" "Mozilla/5.0 (Linux; Android 6.0.1; Nexus 5X Build/MMB29P) AppleWebKit/537.36 (KHTML, like Gecko) Chrome/41.0.2272.96 Mobile Safari/537.36 (compatible; Googlebot/2.1; +http://www.google.com/bot.html)"
69.64.40.177 - - [10/Jul/2018:22:45:49 +0200] "GET /buecher/gesichter/10.jpg HTTP/1.1" 200 7686 "-" "Googlebot-Image/1.0"
69.64.40.177 - - [10/Jul/2018:22:46:12 +0200] "GET /buecher/gesichter/10.jpg HTTP/1.1" 200 7686 "-" "Googlebot-Image/1.0"
66.249.69.181 - - [10/Jul/2018:22:57:11 +0200] "GET /jahrbuch/titelseiten/index.html HTTP/1.1" 304 - "-" "Mozilla/5.0 (Linux; Android 6.0.1; Nexus 5X Build/MMB29P) AppleWebKit/537.36 (KHTML, like Gecko) Chrome/41.0.2272.96 Mobile Safari/537.36 (compatible; Googlebot/2.1; +http://www.google.com/bot.html)"
85.25.210.234 - - [10/Jul/2018:23:03:08 +0200] "GET /impressum.html HTTP/1.1" 200 2808 "-" "Mozilla/5.0 (compatible; adscanner/)"
66.249.69.181 - - [10/Jul/2018:23:05:01 +0200] "GET /buecher/rezension_gesichter_u_geschichten.pdf HTTP/1.1" 304 - "-" "Mozilla/5.0 (Linux; Android 6.0.1; Nexus 5X Build/MMB29P) AppleWebKit/537.36 (KHTML, like Gecko) Chrome/41.0.2272.96 Mobile Safari/537.36 (compatible; Googlebot/2.1; +http://www.google.com/bot.html)"
62.138.0.25 - - [10/Jul/2018:23:16:04 +0200] "GET /robots.txt HTTP/1.1" 200 100 "-" "Mozilla/5.0 (compatible; adscanner/)"
62.138.0.25 - - [10/Jul/2018:23:16:07 +0200] "GET /kontakt/index.html HTTP/1.1" 200 2896 "-" "Mozilla/5.0 (compatible; adscanner/)"
77.75.78.167 - - [10/Jul/2018:23:23:14 +0200] "GET /robots.txt HTTP/1.1" 200 100 "-" "Mozilla/5.0 (compatible; SeznamBot/3.2; +http://napoveda.seznam.cz/en/seznambot-intro/)"
77.75.78.167 - - [10/Jul/2018:23:23:14 +0200] "GET /buecher/gesichter/17.jpg HTTP/1.1" 304 - "-" "Mozilla/5.0 (compatible; SeznamBot/3.2; +http://napoveda.seznam.cz/en/seznambot-intro/)"
85.25.210.234 - - [10/Jul/2018:23:30:49 +0200] "GET /buecher/veroeffentlichungsliste.html HTTP/1.1" 200 129779 "-" "Mozilla/5.0 (compatible; adscanner/)"
85.25.210.234 - - [10/Jul/2018:23:31:03 +0200] "GET /buecher/veroeffentlichungsliste.html HTTP/1.1" 200 129779 "-" "Mozilla/5.0 (compatible; adscanner/)"
66.249.69.177 - - [10/Jul/2018:23:36:19 +0200] "GET /buecher/ HTTP/1.1" 304 - "-" "Mozilla/5.0 (Linux; Android 6.0.1; Nexus 5X Build/MMB29P) AppleWebKit/537.36 (KHTML, like Gecko) Chrome/41.0.2272.96 Mobile Safari/537.36 (compatible; Googlebot/2.1; +http://www.google.com/bot.html)"
66.249.69.181 - - [10/Jul/2018:23:44:09 +0200] "GET /buecher/rezensionen_psalmen.html HTTP/1.1" 304 - "-" "Mozilla/5.0 (Linux; Android 6.0.1; Nexus 5X Build/MMB29P) AppleWebKit/537.36 (KHTML, like Gecko) Chrome/41.0.2272.96 Mobile Safari/537.36 (compatible; Googlebot/2.1; +http://www.google.com/bot.html)"
62.138.0.25 - - [10/Jul/2018:23:44:53 +0200] "GET /jahrbuch/index.html HTTP/1.1" 200 3956 "-" "Mozilla/5.0 (compatible; adscanner/)"
66.249.69.179 - - [10/Jul/2018:23:51:58 +0200] "GET /buecher/bestellung.php HTTP/1.1" 200 10142 "-" "Mozilla/5.0 (Linux; Android 6.0.1; Nexus 5X Build/MMB29P) AppleWebKit/537.36 (KHTML, like Gecko) Chrome/41.0.2272.96 Mobile Safari/537.36 (compatible; Googlebot/2.1; +http://www.google.com/bot.html)"
66.249.69.177 - - [10/Jul/2018:23:53:14 +0200] "GET /cds/glockenspiel1.html HTTP/1.1" 200 9736 "-" "Mozilla/5.0 (Linux; Android 6.0.1; Nexus 5X Build/MMB29P) AppleWebKit/537.36 (KHTML, like Gecko) Chrome/41.0.2272.96 Mobile Safari/537.36 (compatible; Googlebot/2.1; +http://www.google.com/bot.html)"
66.249.69.179 - - [10/Jul/2018:23:56:04 +0200] "GET /cds/glockenspiel2.html HTTP/1.1" 200 9831 "-" "Mozilla/5.0 (Linux; Android 6.0.1; Nexus 5X Build/MMB29P) AppleWebKit/537.36 (KHTML, like Gecko) Chrome/41.0.2272.96 Mobile Safari/537.36 (compatible; Googlebot/2.1; +http://www.google.com/bot.html)"
66.249.69.177 - - [10/Jul/2018:23:59:48 +0200] "GET /jahrbuch/bestellung.php HTTP/1.1" 200 10316 "-" "Mozilla/5.0 (Linux; Android 6.0.1; Nexus 5X Build/MMB29P) AppleWebKit/537.36 (KHTML, like Gecko) Chrome/41.0.2272.96 Mobile Safari/537.36 (compatible; Googlebot/2.1; +http://www.google.com/bot.html)"
62.138.0.25 - - [11/Jul/2018:00:14:56 +0200] "GET /cds/ignatius.html HTTP/1.1" 200 6576 "-" "Mozilla/5.0 (compatible; adscanner/)"
