66.249.81.112 - - [11/Jul/2018:22:46:42 +0200] "GET /buecher/gesichter/24.jpg HTTP/1.1" 200 8021 "http://www.morusverlag.de/buecher/index.html" "Mozilla/5.0 (Linux; Android 7.0; Moto G (4) Build/NPJS25.93-14-18) AppleWebKit/537.36 (KHTML, like Gecko) Chrome/67.0.3396.87 Mobile Safari/537.36"
66.249.81.112 - - [11/Jul/2018:22:46:42 +0200] "GET /buecher/gesichter/25.jpg HTTP/1.1" 200 7280 "http://www.morusverlag.de/buecher/index.html" "Mozilla/5.0 (Linux; Android 7.0; Moto G (4) Build/NPJS25.93-14-18) AppleWebKit/537.36 (KHTML, like Gecko) Chrome/67.0.3396.87 Mobile Safari/537.36"
66.249.81.114 - - [11/Jul/2018:22:46:42 +0200] "GET /buecher/gesichter/26.jpg HTTP/1.1" 200 8027 "http://www.morusverlag.de/buecher/index.html" "Mozilla/5.0 (Linux; Android 7.0; Moto G (4) Build/NPJS25.93-14-18) AppleWebKit/537.36 (KHTML, like Gecko) Chrome/67.0.3396.87 Mobile Safari/537.36"
66.249.81.116 - - [11/Jul/2018:22:46:42 +0200] "GET /contentflow/img/loader.gif HTTP/1.1" 200 8238 "http://www.morusverlag.de/contentflow/contentflow.css" "Mozilla/5.0 (Linux; Android 7.0; Moto G (4) Build/NPJS25.93-14-18) AppleWebKit/537.36 (KHTML, like Gecko) Chrome/67.0.3396.87 Mobile Safari/537.36"
66.249.81.114 - - [11/Jul/2018:22:46:42 +0200] "GET /contentflow/img/slider_white.png HTTP/1.1" 200 178 "http://www.morusverlag.de/contentflow/contentflow.css" "Mozilla/5.0 (Linux; Android 7.0; Moto G (4) Build/NPJS25.93-14-18) AppleWebKit/537.36 (KHTML, like Gecko) Chrome/67.0.3396.87 Mobile Safari/537.36"
66.249.81.114 - - [11/Jul/2018:22:46:42 +0200] "GET /contentflow/img/scrollbar_white.png HTTP/1.1" 200 82 "http://www.morusverlag.de/contentflow/contentflow.css" "Mozilla/5.0 (Linux; Android 7.0; Moto G (4) Build/NPJS25.93-14-18) AppleWebKit/537.36 (KHTML, like Gecko) Chrome/67.0.3396.87 Mobile Safari/537.36"
66.249.81.116 - - [11/Jul/2018:22:46:42 +0200] "GET /buecher/gesichter/27.jpg HTTP/1.1" 200 8110 "http://www.morusverlag.de/buecher/index.html" "Mozilla/5.0 (Linux; Android 7.0; Moto G (4) Build/NPJS25.93-14-18) AppleWebKit/537.36 (KHTML, like Gecko) Chrome/67.0.3396.87 Mobile Safari/537.36"
66.249.81.116 - - [11/Jul/2018:22:46:42 +0200] "GET /buecher/gesichter/29.jpg HTTP/1.1" 200 9282 "http://www.morusverlag.de/buecher/index.html" "Mozilla/5.0 (Linux; Android 7.0; Moto G (4) Build/NPJS25.93-14-18) AppleWebKit/537.36 (KHTML, like Gecko) Chrome/67.0.3396.87 Mobile Safari/537.36"
66.249.81.112 - - [11/Jul/2018:22:46:42 +0200] "GET /buecher/gesichter/32.jpg HTTP/1.1" 200 8010 "http://www.morusverlag.de/buecher/index.html" "Mozilla/5.0 (Linux; Android 7.0; Moto G (4) Build/NPJS25.93-14-18) AppleWebKit/537.36 (KHTML, like Gecko) Chrome/67.0.3396.87 Mobile Safari/537.36"
66.249.81.114 - - [11/Jul/2018:22:46:42 +0200] "GET /buecher/gesichter/31.jpg HTTP/1.1" 200 8424 "http://www.morusverlag.de/buecher/index.html" "Mozilla/5.0 (Linux; Android 7.0; Moto G (4) Build/NPJS25.93-14-18) AppleWebKit/537.36 (KHTML, like Gecko) Chrome/67.0.3396.87 Mobile Safari/537.36"
66.249.81.114 - - [11/Jul/2018:22:46:42 +0200] "GET /buecher/gesichter/30.jpg HTTP/1.1" 200 8702 "http://www.morusverlag.de/buecher/index.html" "Mozilla/5.0 (Linux; Android 7.0; Moto G (4) Build/NPJS25.93-14-18) AppleWebKit/537.36 (KHTML, like Gecko) Chrome/67.0.3396.87 Mobile Safari/537.36"
66.249.81.114 - - [11/Jul/2018:22:46:42 +0200] "GET /strich.gif HTTP/1.1" 200 45 "http://www.morusverlag.de/buecher/index.html" "Mozilla/5.0 (Linux; Android 7.0; Moto G (4) Build/NPJS25.93-14-18) AppleWebKit/537.36 (KHTML, like Gecko) Chrome/67.0.3396.87 Mobile Safari/537.36"
66.249.81.116 - - [11/Jul/2018:22:46:42 +0200] "GET /buecher/gesichter/28.jpg HTTP/1.1" 200 7684 "http://www.morusverlag.de/buecher/index.html" "Mozilla/5.0 (Linux; Android 7.0; Moto G (4) Build/NPJS25.93-14-18) AppleWebKit/537.36 (KHTML, like Gecko) Chrome/67.0.3396.87 Mobile Safari/537.36"
66.249.81.112 - - [11/Jul/2018:22:46:42 +0200] "GET /buecher/chateaubriand.jpg HTTP/1.1" 200 2272 "http://www.morusverlag.de/buecher/index.html" "Mozilla/5.0 (Linux; Android 7.0; Moto G (4) Build/NPJS25.93-14-18) AppleWebKit/537.36 (KHTML, like Gecko) Chrome/67.0.3396.87 Mobile Safari/537.36"
66.249.81.114 - - [11/Jul/2018:22:46:42 +0200] "GET /buecher/mein_atem.jpg HTTP/1.1" 200 4118 "http://www.morusverlag.de/buecher/index.html" "Mozilla/5.0 (Linux; Android 7.0; Moto G (4) Build/NPJS25.93-14-18) AppleWebKit/537.36 (KHTML, like Gecko) Chrome/67.0.3396.87 Mobile Safari/537.36"
66.249.81.112 - - [11/Jul/2018:22:46:42 +0200] "GET /buecher/liebe_und_treue.jpg HTTP/1.1" 200 3067 "http://www.morusverlag.de/buecher/index.html" "Mozilla/5.0 (Linux; Android 7.0; Moto G (4) Build/NPJS25.93-14-18) AppleWebKit/537.36 (KHTML, like Gecko) Chrome/67.0.3396.87 Mobile Safari/537.36"
66.249.81.116 - - [11/Jul/2018:22:46:42 +0200] "GET /buecher/engel.jpg HTTP/1.1" 200 5414 "http://www.morusverlag.de/buecher/index.html" "Mozilla/5.0 (Linux; Android 7.0; Moto G (4) Build/NPJS25.93-14-18) AppleWebKit/537.36 (KHTML, like Gecko) Chrome/67.0.3396.87 Mobile Safari/537.36"
66.249.81.114 - - [11/Jul/2018:22:46:42 +0200] "GET /buecher/le_saulchoir.jpg HTTP/1.1" 200 2734 "http://www.morusverlag.de/buecher/index.html" "Mozilla/5.0 (Linux; Android 7.0; Moto G (4) Build/NPJS25.93-14-18) AppleWebKit/537.36 (KHTML, like Gecko) Chrome/67.0.3396.87 Mobile Safari/537.36"
66.249.81.116 - - [11/Jul/2018:22:46:42 +0200] "GET /buecher/staatsaufgaben.jpg HTTP/1.1" 200 2204 "http://www.morusverlag.de/buecher/index.html" "Mozilla/5.0 (Linux; Android 7.0; Moto G (4) Build/NPJS25.93-14-18) AppleWebKit/537.36 (KHTML, like Gecko) Chrome/67.0.3396.87 Mobile Safari/537.36"
66.249.81.116 - - [11/Jul/2018:22:46:42 +0200] "GET /buecher/krise_zum_heil.jpg HTTP/1.1" 200 1930 "http://www.morusverlag.de/buecher/index.html" "Mozilla/5.0 (Linux; Android 7.0; Moto G (4) Build/NPJS25.93-14-18) AppleWebKit/537.36 (KHTML, like Gecko) Chrome/67.0.3396.87 Mobile Safari/537.36"
66.249.81.114 - - [11/Jul/2018:22:46:42 +0200] "GET /buecher/nichtaufsand.jpg HTTP/1.1" 200 3733 "http://www.morusverlag.de/buecher/index.html" "Mozilla/5.0 (Linux; Android 7.0; Moto G (4) Build/NPJS25.93-14-18) AppleWebKit/537.36 (KHTML, like Gecko) Chrome/67.0.3396.87 Mobile Safari/537.36"
66.249.81.114 - - [11/Jul/2018:22:46:42 +0200] "GET /buecher/islam.jpg HTTP/1.1" 200 4080 "http://www.morusverlag.de/buecher/index.html" "Mozilla/5.0 (Linux; Android 7.0; Moto G (4) Build/NPJS25.93-14-18) AppleWebKit/537.36 (KHTML, like Gecko) Chrome/67.0.3396.87 Mobile Safari/537.36"
66.249.81.112 - - [11/Jul/2018:22:46:42 +0200] "GET /buecher/leiblichkeit.jpg HTTP/1.1" 200 3929 "http://www.morusverlag.de/buecher/index.html" "Mozilla/5.0 (Linux; Android 7.0; Moto G (4) Build/NPJS25.93-14-18) AppleWebKit/537.36 (KHTML, like Gecko) Chrome/67.0.3396.87 Mobile Safari/537.36"
66.249.81.112 - - [11/Jul/2018:22:46:42 +0200] "GET /buecher/preysing.jpg HTTP/1.1" 200 3799 "http://www.morusverlag.de/buecher/index.html" "Mozilla/5.0 (Linux; Android 7.0; Moto G (4) Build/NPJS25.93-14-18) AppleWebKit/537.36 (KHTML, like Gecko) Chrome/67.0.3396.87 Mobile Safari/537.36"
66.249.81.114 - - [11/Jul/2018:22:46:42 +0200] "GET /contentflow/img/scrollbar_black.png HTTP/1.1" 200 82 "http://www.morusverlag.de/contentflow/ContentFlowAddOn_white.css" "Mozilla/5.0 (Linux; Android 7.0; Moto G (4) Build/NPJS25.93-14-18) AppleWebKit/537.36 (KHTML, like Gecko) Chrome/67.0.3396.87 Mobile Safari/537.36"
66.249.81.116 - - [11/Jul/2018:22:46:42 +0200] "GET /contentflow/img/slider_black.png HTTP/1.1" 200 175 "http://www.morusverlag.de/contentflow/ContentFlowAddOn_white.css" "Mozilla/5.0 (Linux; Android 7.0; Moto G (4) Build/NPJS25.93-14-18) AppleWebKit/537.36 (KHTML, like Gecko) Chrome/67.0.3396.87 Mobile Safari/537.36"
66.249.81.114 - - [11/Jul/2018:22:46:42 +0200] "GET /contentflow/img/1x1_0.5_white.png HTTP/1.1" 200 82 "http://www.morusverlag.de/contentflow/ContentFlowAddOn_white.css" "Mozilla/5.0 (Linux; Android 7.0; Moto G (4) Build/NPJS25.93-14-18) AppleWebKit/537.36 (KHTML, like Gecko) Chrome/67.0.3396.87 Mobile Safari/537.36"
66.249.81.112 - - [11/Jul/2018:22:46:42 +0200] "GET /contentflow/img/loader_white.gif HTTP/1.1" 200 8238 "http://www.morusverlag.de/contentflow/ContentFlowAddOn_white.css" "Mozilla/5.0 (Linux; Android 7.0; Moto G (4) Build/NPJS25.93-14-18) AppleWebKit/537.36 (KHTML, like Gecko) Chrome/67.0.3396.87 Mobile Safari/537.36"
66.249.81.114 - - [11/Jul/2018:22:46:43 +0200] "GET /favicon.ico HTTP/1.1" 200 4286 "http://www.morusverlag.de/buecher/index.html" "Mozilla/5.0 (Linux; Android 7.0; Moto G (4) Build/NPJS25.93-14-18) AppleWebKit/537.36 (KHTML, like Gecko) Chrome/67.0.3396.87 Mobile Safari/537.36"
66.249.81.116 - - [11/Jul/2018:22:46:47 +0200] "GET /buecher/gesichter/01.jpg HTTP/1.1" 304 - "http://www.morusverlag.de/buecher/index.html" "Mozilla/5.0 (Linux; Android 7.0; Moto G (4) Build/NPJS25.93-14-18) AppleWebKit/537.36 (KHTML, like Gecko) Chrome/67.0.3396.87 Mobile Safari/537.36"
66.249.81.112 - - [11/Jul/2018:22:46:50 +0200] "GET /buecher/gesichter/01.jpg HTTP/1.1" 304 - "http://www.morusverlag.de/buecher/index.html" "Mozilla/5.0 (Linux; Android 7.0; Moto G (4) Build/NPJS25.93-14-18) AppleWebKit/537.36 (KHTML, like Gecko) Chrome/67.0.3396.87 Mobile Safari/537.36"
66.249.81.112 - - [11/Jul/2018:22:46:58 +0200] "GET /buecher/gesichter/03.jpg HTTP/1.1" 304 - "http://www.morusverlag.de/buecher/index.html" "Mozilla/5.0 (Linux; Android 7.0; Moto G (4) Build/NPJS25.93-14-18) AppleWebKit/537.36 (KHTML, like Gecko) Chrome/67.0.3396.87 Mobile Safari/537.36"
66.249.81.116 - - [11/Jul/2018:22:47:02 +0200] "GET /buecher/gesichter/03.jpg HTTP/1.1" 304 - "http://www.morusverlag.de/buecher/index.html" "Mozilla/5.0 (Linux; Android 7.0; Moto G (4) Build/NPJS25.93-14-18) AppleWebKit/537.36 (KHTML, like Gecko) Chrome/67.0.3396.87 Mobile Safari/537.36"
66.249.81.112 - - [11/Jul/2018:22:47:55 +0200] "GET /buecher/gesichter/09.jpg HTTP/1.1" 304 - "http://www.morusverlag.de/buecher/index.html" "Mozilla/5.0 (Linux; Android 7.0; Moto G (4) Build/NPJS25.93-14-18) AppleWebKit/537.36 (KHTML, like Gecko) Chrome/67.0.3396.87 Mobile Safari/537.36"
66.249.81.114 - - [11/Jul/2018:22:47:59 +0200] "GET /buecher/gesichter/09.jpg HTTP/1.1" 304 - "http://www.morusverlag.de/buecher/index.html" "Mozilla/5.0 (Linux; Android 7.0; Moto G (4) Build/NPJS25.93-14-18) AppleWebKit/537.36 (KHTML, like Gecko) Chrome/67.0.3396.87 Mobile Safari/537.36"
62.138.0.25 - - [11/Jul/2018:22:57:56 +0200] "GET /sonderthemen/az2003.pdf HTTP/1.1" 200 4864675 "-" "Mozilla/5.0 (compatible; adscanner/)"
66.249.69.177 - - [11/Jul/2018:23:01:36 +0200] "GET /impressum.html HTTP/1.1" 304 - "-" "Mozilla/5.0 (Linux; Android 6.0.1; Nexus 5X Build/MMB29P) AppleWebKit/537.36 (KHTML, like Gecko) Chrome/41.0.2272.96 Mobile Safari/537.36 (compatible; Googlebot/2.1; +http://www.google.com/bot.html)"
66.249.69.181 - - [11/Jul/2018:23:05:12 +0200] "GET /cds/rosarium_k.jpg HTTP/1.1" 304 - "-" "Googlebot-Image/1.0"
66.249.69.181 - - [11/Jul/2018:23:24:50 +0200] "GET /sonderthemen/sk2002.pdf HTTP/1.1" 304 - "-" "Mozilla/5.0 (Linux; Android 6.0.1; Nexus 5X Build/MMB29P) AppleWebKit/537.36 (KHTML, like Gecko) Chrome/41.0.2272.96 Mobile Safari/537.36 (compatible; Googlebot/2.1; +http://www.google.com/bot.html)"
66.249.69.179 - - [11/Jul/2018:23:30:38 +0200] "GET /buecher/rezensionen_leiblichkeit_und_zeitlichkeit.html HTTP/1.1" 304 - "-" "Mozilla/5.0 (Linux; Android 6.0.1; Nexus 5X Build/MMB29P) AppleWebKit/537.36 (KHTML, like Gecko) Chrome/41.0.2272.96 Mobile Safari/537.36 (compatible; Googlebot/2.1; +http://www.google.com/bot.html)"
85.25.210.234 - - [11/Jul/2018:23:31:22 +0200] "GET /robots.txt HTTP/1.1" 200 100 "-" "Mozilla/5.0 (compatible; adscanner/)"
85.25.210.234 - - [11/Jul/2018:23:31:23 +0200] "GET /sonderthemen/archiv.html HTTP/1.1" 200 6959 "-" "Mozilla/5.0 (compatible; adscanner/)"
66.249.69.179 - - [11/Jul/2018:23:35:40 +0200] "GET /cds/ignatius_k.jpg HTTP/1.1" 200 3965 "-" "Googlebot-Image/1.0"
66.249.69.179 - - [11/Jul/2018:23:36:27 +0200] "GET /sonderthemen/sk2004_s01.pdf HTTP/1.1" 304 - "-" "Mozilla/5.0 (Linux; Android 6.0.1; Nexus 5X Build/MMB29P) AppleWebKit/537.36 (KHTML, like Gecko) Chrome/41.0.2272.96 Mobile Safari/537.36 (compatible; Googlebot/2.1; +http://www.google.com/bot.html)"
66.249.69.179 - - [11/Jul/2018:23:42:15 +0200] "GET /buecher/der_neunte_tag.html HTTP/1.1" 304 - "-" "Mozilla/5.0 (Linux; Android 6.0.1; Nexus 5X Build/MMB29P) AppleWebKit/537.36 (KHTML, like Gecko) Chrome/41.0.2272.96 Mobile Safari/537.36 (compatible; Googlebot/2.1; +http://www.google.com/bot.html)"
66.249.69.179 - - [11/Jul/2018:23:48:03 +0200] "GET /cds/hymnos_akathistos.html HTTP/1.1" 304 - "-" "Mozilla/5.0 (Linux; Android 6.0.1; Nexus 5X Build/MMB29P) AppleWebKit/537.36 (KHTML, like Gecko) Chrome/41.0.2272.96 Mobile Safari/537.36 (compatible; Googlebot/2.1; +http://www.google.com/bot.html)"
85.25.210.234 - - [11/Jul/2018:23:51:51 +0200] "GET /sonderthemen/oekt_extra2.pdf HTTP/1.1" 200 1939949 "-" "Mozilla/5.0 (compatible; adscanner/)"
66.249.75.6 - - [11/Jul/2018:23:59:48 +0200] "GET /gotteslob/ HTTP/1.1" 304 - "-" "Mozilla/5.0 (Linux; Android 6.0.1; Nexus 5X Build/MMB29P) AppleWebKit/537.36 (KHTML, like Gecko) Chrome/41.0.2272.96 Mobile Safari/537.36 (compatible; Googlebot/2.1; +http://www.google.com/bot.html)"
66.249.75.4 - - [12/Jul/2018:00:05:28 +0200] "GET /buecher/veroeffentlichungsliste.html HTTP/1.1" 304 - "-" "Mozilla/5.0 (Linux; Android 6.0.1; Nexus 5X Build/MMB29P) AppleWebKit/537.36 (KHTML, like Gecko) Chrome/41.0.2272.96 Mobile Safari/537.36 (compatible; Googlebot/2.1; +http://www.google.com/bot.html)"
62.138.0.25 - - [12/Jul/2018:00:06:57 +0200] "GET /cds/glockenspiel1.html HTTP/1.1" 200 9736 "-" "Mozilla/5.0 (compatible; adscanner/)"
148.251.50.77 - - [12/Jul/2018:00:20:43 +0200] "GET /sonderthemen/az1999.pdf HTTP/1.1" 200 1842982 "-" "Mozilla/5.0 (Windows NT 10.0; Win64; x64) AppleWebKit/537.36 (KHTML, like Gecko) Chrome/63.0.3239.132 Safari/537.36"
62.138.0.25 - - [12/Jul/2018:00:21:19 +0200] "GET /buecher/rezensionen_ignatius.html HTTP/1.1" 200 8182 "-" "Mozilla/5.0 (compatible; adscanner/)"
66.249.75.8 - - [12/Jul/2018:00:22:54 +0200] "GET /sonderthemen/sk2001.pdf HTTP/1.1" 304 - "-" "Mozilla/5.0 (Linux; Android 6.0.1; Nexus 5X Build/MMB29P) AppleWebKit/537.36 (KHTML, like Gecko) Chrome/41.0.2272.96 Mobile Safari/537.36 (compatible; Googlebot/2.1; +http://www.google.com/bot.html)"
66.249.75.4 - - [12/Jul/2018:00:26:00 +0200] "GET /cds/astazi_k.jpg HTTP/1.1" 304 - "-" "Googlebot-Image/1.0"
66.249.75.4 - - [12/Jul/2018:00:28:42 +0200] "GET /buecher/rezensionen_psalmen.html HTTP/1.1" 304 - "-" "Mozilla/5.0 (Linux; Android 6.0.1; Nexus 5X Build/MMB29P) AppleWebKit/537.36 (KHTML, like Gecko) Chrome/41.0.2272.96 Mobile Safari/537.36 (compatible; Googlebot/2.1; +http://www.google.com/bot.html)"
66.249.75.8 - - [12/Jul/2018:00:34:31 +0200] "GET /sonderthemen/ HTTP/1.1" 304 - "-" "Mozilla/5.0 (Linux; Android 6.0.1; Nexus 5X Build/MMB29P) AppleWebKit/537.36 (KHTML, like Gecko) Chrome/41.0.2272.96 Mobile Safari/537.36 (compatible; Googlebot/2.1; +http://www.google.com/bot.html)"
62.138.0.25 - - [12/Jul/2018:00:37:28 +0200] "GET /sonderthemen/sk2004_s01.pdf HTTP/1.1" 200 162742 "-" "Mozilla/5.0 (compatible; adscanner/)"
46.229.168.72 - - [12/Jul/2018:00:39:35 +0200] "GET /robots.txt HTTP/1.1" 200 100 "-" "Mozilla/5.0 (compatible; SemrushBot/2~bl; +http://www.semrush.com/bot.html)"
46.229.168.82 - - [12/Jul/2018:00:39:37 +0200] "GET /buecher/index.html HTTP/1.1" 200 25885 "-" "Mozilla/5.0 (compatible; SemrushBot/2~bl; +http://www.semrush.com/bot.html)"
66.249.75.8 - - [12/Jul/2018:00:46:07 +0200] "GET /cds/lumina.html HTTP/1.1" 304 - "-" "Mozilla/5.0 (Linux; Android 6.0.1; Nexus 5X Build/MMB29P) AppleWebKit/537.36 (KHTML, like Gecko) Chrome/41.0.2272.96 Mobile Safari/537.36 (compatible; Googlebot/2.1; +http://www.google.com/bot.html)"
94.130.71.87 - - [12/Jul/2018:00:46:15 +0200] "GET /robots.txt HTTP/1.1" 200 100 "-" "Mozilla/5.0 (Windows NT 6.1; WOW64) AppleWebKit/537.36 (KHTML, like Gecko) Chrome/37.0.2062.120 Safari/537.36"
85.25.210.41 - - [12/Jul/2018:00:46:15 +0200] "GET /robots.txt HTTP/1.1" 200 100 "-" "Mozilla/5.0 (compatible; adscanner/)"
94.130.71.87 - - [12/Jul/2018:00:46:15 +0200] "GET /main.css HTTP/1.1" 200 1439 "http://www.morusverlag.de/buecher/veroeffentlichungsliste.html" "Mozilla/5.0 (Windows NT 6.1; WOW64) AppleWebKit/537.36 (KHTML, like Gecko) Chrome/37.0.2062.120 Safari/537.36"
94.130.71.87 - - [12/Jul/2018:00:46:15 +0200] "GET /mv_g.gif HTTP/1.1" 200 4070 "http://www.morusverlag.de/buecher/veroeffentlichungsliste.html" "Mozilla/5.0 (Windows NT 6.1; WOW64) AppleWebKit/537.36 (KHTML, like Gecko) Chrome/37.0.2062.120 Safari/537.36"
94.130.71.87 - - [12/Jul/2018:00:46:15 +0200] "GET /logo_g.gif HTTP/1.1" 200 1301 "http://www.morusverlag.de/buecher/veroeffentlichungsliste.html" "Mozilla/5.0 (Windows NT 6.1; WOW64) AppleWebKit/537.36 (KHTML, like Gecko) Chrome/37.0.2062.120 Safari/537.36"
94.130.71.87 - - [12/Jul/2018:00:46:15 +0200] "GET /pf.gif HTTP/1.1" 200 62 "http://www.morusverlag.de/buecher/veroeffentlichungsliste.html" "Mozilla/5.0 (Windows NT 6.1; WOW64) AppleWebKit/537.36 (KHTML, like Gecko) Chrome/37.0.2062.120 Safari/537.36"
94.130.71.87 - - [12/Jul/2018:00:46:15 +0200] "GET /strich.gif HTTP/1.1" 200 45 "http://www.morusverlag.de/buecher/veroeffentlichungsliste.html" "Mozilla/5.0 (Windows NT 6.1; WOW64) AppleWebKit/537.36 (KHTML, like Gecko) Chrome/37.0.2062.120 Safari/537.36"
94.130.71.87 - - [12/Jul/2018:00:46:15 +0200] "GET /buecher/veroeffentlichungsliste.html HTTP/1.1" 200 129779 "-" "Mozilla/5.0 (Windows NT 6.1; WOW64) AppleWebKit/537.36 (KHTML, like Gecko) Chrome/37.0.2062.120 Safari/537.36"
85.25.210.41 - - [12/Jul/2018:00:46:16 +0200] "GET /buecher/veroeffentlichungsliste.html HTTP/1.1" 200 129779 "-" "Mozilla/5.0 (compatible; adscanner/)"
66.249.75.6 - - [12/Jul/2018:00:46:32 +0200] "GET /gotteslob.jpg HTTP/1.1" 200 9390 "-" "Googlebot-Image/1.0"
85.25.210.234 - - [12/Jul/2018:00:54:43 +0200] "GET /buecher/index.html HTTP/1.1" 200 25885 "-" "Mozilla/5.0 (compatible; adscanner/)"
66.249.75.4 - - [12/Jul/2018:00:57:44 +0200] "GET /sonderthemen/sk2000.pdf HTTP/1.1" 304 - "-" "Mozilla/5.0 (Linux; Android 6.0.1; Nexus 5X Build/MMB29P) AppleWebKit/537.36 (KHTML, like Gecko) Chrome/41.0.2272.96 Mobile Safari/537.36 (compatible; Googlebot/2.1; +http://www.google.com/bot.html)"
157.55.39.224 - - [12/Jul/2018:01:02:35 +0200] "GET /cds/astazi.html HTTP/1.1" 200 8453 "-" "Mozilla/5.0 (compatible; bingbot/2.0; +http://www.bing.com/bingbot.htm)"
66.249.75.4 - - [12/Jul/2018:01:15:10 +0200] "GET /buecher/rezensionen_chateaubriand.html HTTP/1.1" 304 - "-" "Mozilla/5.0 (Linux; Android 6.0.1; Nexus 5X Build/MMB29P) AppleWebKit/537.36 (KHTML, like Gecko) Chrome/41.0.2272.96 Mobile Safari/537.36 (compatible; Googlebot/2.1; +http://www.google.com/bot.html)"
66.249.75.6 - - [12/Jul/2018:01:26:46 +0200] "GET /sonderthemen/az2000.pdf HTTP/1.1" 304 - "-" "Mozilla/5.0 (Linux; Android 6.0.1; Nexus 5X Build/MMB29P) AppleWebKit/537.36 (KHTML, like Gecko) Chrome/41.0.2272.96 Mobile Safari/537.36 (compatible; Googlebot/2.1; +http://www.google.com/bot.html)"
66.249.75.4 - - [12/Jul/2018:01:44:12 +0200] "GET /buecher/rezensionen_ignatius.html HTTP/1.1" 200 8182 "-" "Mozilla/5.0 (Linux; Android 6.0.1; Nexus 5X Build/MMB29P) AppleWebKit/537.36 (KHTML, like Gecko) Chrome/41.0.2272.96 Mobile Safari/537.36 (compatible; Googlebot/2.1; +http://www.google.com/bot.html)"
66.249.75.6 - - [12/Jul/2018:01:50:00 +0200] "GET /buecher/rezensionen_krise_zum_heil.html HTTP/1.1" 304 - "-" "Mozilla/5.0 (Linux; Android 6.0.1; Nexus 5X Build/MMB29P) AppleWebKit/537.36 (KHTML, like Gecko) Chrome/41.0.2272.96 Mobile Safari/537.36 (compatible; Googlebot/2.1; +http://www.google.com/bot.html)"
66.249.75.4 - - [12/Jul/2018:01:55:48 +0200] "GET /sonderthemen/oekz2003.pdf HTTP/1.1" 304 - "-" "Mozilla/5.0 (Linux; Android 6.0.1; Nexus 5X Build/MMB29P) AppleWebKit/537.36 (KHTML, like Gecko) Chrome/41.0.2272.96 Mobile Safari/537.36 (compatible; Googlebot/2.1; +http://www.google.com/bot.html)"
66.249.75.6 - - [12/Jul/2018:02:01:37 +0200] "GET /cds/ HTTP/1.1" 304 - "-" "Mozilla/5.0 (Linux; Android 6.0.1; Nexus 5X Build/MMB29P) AppleWebKit/537.36 (KHTML, like Gecko) Chrome/41.0.2272.96 Mobile Safari/537.36 (compatible; Googlebot/2.1; +http://www.google.com/bot.html)"
66.249.75.8 - - [12/Jul/2018:02:22:51 +0200] "GET /buecher/gesichter.jpg HTTP/1.1" 304 - "-" "Googlebot-Image/1.0"
94.130.71.87 - - [12/Jul/2018:02:26:29 +0200] "GET /robots.txt HTTP/1.1" 200 100 "-" "Mozilla/5.0 (Windows NT 6.1; WOW64) AppleWebKit/537.36 (KHTML, like Gecko) Chrome/37.0.2062.120 Safari/537.36"
85.25.210.41 - - [12/Jul/2018:02:26:30 +0200] "GET /robots.txt HTTP/1.1" 200 100 "-" "Mozilla/5.0 (compatible; adscanner/)"
94.130.71.87 - - [12/Jul/2018:02:26:31 +0200] "GET /buecher/rezensionen_le_saulchoir.html HTTP/1.1" 200 34009 "-" "Mozilla/5.0 (Windows NT 6.1; WOW64) AppleWebKit/537.36 (KHTML, like Gecko) Chrome/37.0.2062.120 Safari/537.36"
94.130.71.87 - - [12/Jul/2018:02:26:31 +0200] "GET /main.css HTTP/1.1" 200 1439 "http://www.morusverlag.de/buecher/rezensionen_le_saulchoir.html" "Mozilla/5.0 (Windows NT 6.1; WOW64) AppleWebKit/537.36 (KHTML, like Gecko) Chrome/37.0.2062.120 Safari/537.36"
94.130.71.87 - - [12/Jul/2018:02:26:31 +0200] "GET /logo_g.gif HTTP/1.1" 200 1301 "http://www.morusverlag.de/buecher/rezensionen_le_saulchoir.html" "Mozilla/5.0 (Windows NT 6.1; WOW64) AppleWebKit/537.36 (KHTML, like Gecko) Chrome/37.0.2062.120 Safari/537.36"
94.130.71.87 - - [12/Jul/2018:02:26:31 +0200] "GET /pf.gif HTTP/1.1" 200 62 "http://www.morusverlag.de/buecher/rezensionen_le_saulchoir.html" "Mozilla/5.0 (Windows NT 6.1; WOW64) AppleWebKit/537.36 (KHTML, like Gecko) Chrome/37.0.2062.120 Safari/537.36"
94.130.71.87 - - [12/Jul/2018:02:26:31 +0200] "GET /mv_g.gif HTTP/1.1" 200 4070 "http://www.morusverlag.de/buecher/rezensionen_le_saulchoir.html" "Mozilla/5.0 (Windows NT 6.1; WOW64) AppleWebKit/537.36 (KHTML, like Gecko) Chrome/37.0.2062.120 Safari/537.36"
94.130.71.87 - - [12/Jul/2018:02:26:31 +0200] "GET /buecher/le_saulchoir.jpg HTTP/1.1" 200 2734 "http://www.morusverlag.de/buecher/rezensionen_le_saulchoir.html" "Mozilla/5.0 (Windows NT 6.1; WOW64) AppleWebKit/537.36 (KHTML, like Gecko) Chrome/37.0.2062.120 Safari/537.36"
94.130.71.87 - - [12/Jul/2018:02:26:31 +0200] "GET /strich.gif HTTP/1.1" 200 45 "http://www.morusverlag.de/buecher/rezensionen_le_saulchoir.html" "Mozilla/5.0 (Windows NT 6.1; WOW64) AppleWebKit/537.36 (KHTML, like Gecko) Chrome/37.0.2062.120 Safari/537.36"
94.130.71.87 - - [12/Jul/2018:02:26:31 +0200] "GET /m.gif HTTP/1.1" 200 95 "http://www.morusverlag.de/buecher/rezensionen_le_saulchoir.html" "Mozilla/5.0 (Windows NT 6.1; WOW64) AppleWebKit/537.36 (KHTML, like Gecko) Chrome/37.0.2062.120 Safari/537.36"
85.25.210.41 - - [12/Jul/2018:02:26:31 +0200] "GET /buecher/rezensionen_le_saulchoir.html HTTP/1.1" 200 34009 "-" "Mozilla/5.0 (compatible; adscanner/)"
66.249.75.4 - - [12/Jul/2018:02:30:39 +0200] "GET /impressum.html HTTP/1.1" 304 - "-" "Mozilla/5.0 (Linux; Android 6.0.1; Nexus 5X Build/MMB29P) AppleWebKit/537.36 (KHTML, like Gecko) Chrome/41.0.2272.96 Mobile Safari/537.36 (compatible; Googlebot/2.1; +http://www.google.com/bot.html)"
66.249.75.6 - - [12/Jul/2018:02:36:27 +0200] "GET /cds/rosarium.html HTTP/1.1" 304 - "-" "Mozilla/5.0 (Linux; Android 6.0.1; Nexus 5X Build/MMB29P) AppleWebKit/537.36 (KHTML, like Gecko) Chrome/41.0.2272.96 Mobile Safari/537.36 (compatible; Googlebot/2.1; +http://www.google.com/bot.html)"
66.249.75.6 - - [12/Jul/2018:02:48:33 +0200] "GET /cds/hymnos_k.jpg HTTP/1.1" 200 4986 "-" "Googlebot-Image/1.0"
66.249.75.4 - - [12/Jul/2018:02:53:53 +0200] "GET /sonderthemen/sk2002.pdf HTTP/1.1" 304 - "-" "Mozilla/5.0 (Linux; Android 6.0.1; Nexus 5X Build/MMB29P) AppleWebKit/537.36 (KHTML, like Gecko) Chrome/41.0.2272.96 Mobile Safari/537.36 (compatible; Googlebot/2.1; +http://www.google.com/bot.html)"
94.130.71.86 - - [12/Jul/2018:02:56:11 +0200] "GET /robots.txt HTTP/1.1" 200 100 "-" "Mozilla/5.0 (Windows NT 6.1; WOW64) AppleWebKit/537.36 (KHTML, like Gecko) Chrome/37.0.2062.120 Safari/537.36"
85.25.210.41 - - [12/Jul/2018:02:56:12 +0200] "GET /sonderthemen/oekz2003.jpg HTTP/1.1" 200 14100 "-" "Mozilla/5.0 (compatible; adscanner/)"
89.1.122.38 - - [12/Jul/2018:03:02:31 +0200] "GET /cds/hymnos_akathistos.html HTTP/1.1" 200 11061 "https://www.bing.com/" "Mozilla/5.0 (Android 7.0; Tablet; rv:61.0) Gecko/61.0 Firefox/61.0"
89.1.122.38 - - [12/Jul/2018:03:02:31 +0200] "GET /main.css HTTP/1.1" 200 1439 "http://www.morusverlag.de/cds/hymnos_akathistos.html" "Mozilla/5.0 (Android 7.0; Tablet; rv:61.0) Gecko/61.0 Firefox/61.0"
89.1.122.38 - - [12/Jul/2018:03:02:31 +0200] "GET /cds/simplay_player.swf?audiofile=hymnos1.mp3 HTTP/1.1" 200 6377 "http://www.morusverlag.de/cds/hymnos_akathistos.html" "Mozilla/5.0 (Android 7.0; Tablet; rv:61.0) Gecko/61.0 Firefox/61.0"
89.1.122.38 - - [12/Jul/2018:03:02:31 +0200] "GET /cds/simplay_control.swf HTTP/1.1" 200 1243 "http://www.morusverlag.de/cds/hymnos_akathistos.html" "Mozilla/5.0 (Android 7.0; Tablet; rv:61.0) Gecko/61.0 Firefox/61.0"
89.1.122.38 - - [12/Jul/2018:03:02:31 +0200] "GET /cds/simplay_player.swf?audiofile=hymnos2.mp3 HTTP/1.1" 200 6377 "http://www.morusverlag.de/cds/hymnos_akathistos.html" "Mozilla/5.0 (Android 7.0; Tablet; rv:61.0) Gecko/61.0 Firefox/61.0"
89.1.122.38 - - [12/Jul/2018:03:02:31 +0200] "GET /m.gif HTTP/1.1" 200 95 "http://www.morusverlag.de/cds/hymnos_akathistos.html" "Mozilla/5.0 (Android 7.0; Tablet; rv:61.0) Gecko/61.0 Firefox/61.0"
89.1.122.38 - - [12/Jul/2018:03:02:31 +0200] "GET /mv_g.gif HTTP/1.1" 200 4070 "http://www.morusverlag.de/cds/hymnos_akathistos.html" "Mozilla/5.0 (Android 7.0; Tablet; rv:61.0) Gecko/61.0 Firefox/61.0"
89.1.122.38 - - [12/Jul/2018:03:02:31 +0200] "GET /logo_g.gif HTTP/1.1" 200 1301 "http://www.morusverlag.de/cds/hymnos_akathistos.html" "Mozilla/5.0 (Android 7.0; Tablet; rv:61.0) Gecko/61.0 Firefox/61.0"
89.1.122.38 - - [12/Jul/2018:03:02:31 +0200] "GET /cds/hymnos.jpg HTTP/1.1" 200 27752 "http://www.morusverlag.de/cds/hymnos_akathistos.html" "Mozilla/5.0 (Android 7.0; Tablet; rv:61.0) Gecko/61.0 Firefox/61.0"
89.1.122.38 - - [12/Jul/2018:03:02:31 +0200] "GET /pf.gif HTTP/1.1" 200 62 "http://www.morusverlag.de/cds/hymnos_akathistos.html" "Mozilla/5.0 (Android 7.0; Tablet; rv:61.0) Gecko/61.0 Firefox/61.0"
89.1.122.38 - - [12/Jul/2018:03:02:31 +0200] "GET /cds/hymnos_heft.jpg HTTP/1.1" 200 8653 "http://www.morusverlag.de/cds/hymnos_akathistos.html" "Mozilla/5.0 (Android 7.0; Tablet; rv:61.0) Gecko/61.0 Firefox/61.0"
89.1.122.38 - - [12/Jul/2018:03:02:31 +0200] "GET /strich.gif HTTP/1.1" 200 45 "http://www.morusverlag.de/cds/hymnos_akathistos.html" "Mozilla/5.0 (Android 7.0; Tablet; rv:61.0) Gecko/61.0 Firefox/61.0"
89.1.122.38 - - [12/Jul/2018:03:02:31 +0200] "GET /favicon.ico HTTP/1.1" 200 4286 "-" "Mozilla/5.0 (Android 7.0; Tablet; rv:61.0) Gecko/61.0 Firefox/61.0"
66.249.75.4 - - [12/Jul/2018:03:05:29 +0200] "GET /cds/hymnos_akathistos.html HTTP/1.1" 304 - "-" "Mozilla/5.0 (Linux; Android 6.0.1; Nexus 5X Build/MMB29P) AppleWebKit/537.36 (KHTML, like Gecko) Chrome/41.0.2272.96 Mobile Safari/537.36 (compatible; Googlebot/2.1; +http://www.google.com/bot.html)"
62.138.0.25 - - [12/Jul/2018:03:06:01 +0200] "GET /cds/ignatius.jpg HTTP/1.1" 200 18712 "-" "Mozilla/5.0 (compatible; adscanner/)"
94.130.71.89 - - [12/Jul/2018:03:10:52 +0200] "GET /robots.txt HTTP/1.1" 200 100 "-" "Mozilla/5.0 (Windows NT 6.1; WOW64) AppleWebKit/537.36 (KHTML, like Gecko) Chrome/37.0.2062.120 Safari/537.36"
85.25.210.41 - - [12/Jul/2018:03:10:53 +0200] "GET /buecher/preysing.jpg HTTP/1.1" 200 3799 "-" "Mozilla/5.0 (compatible; adscanner/)"
66.249.75.4 - - [12/Jul/2018:03:11:18 +0200] "GET /sonderthemen/sk2004_s01.pdf HTTP/1.1" 304 - "-" "Mozilla/5.0 (Linux; Android 6.0.1; Nexus 5X Build/MMB29P) AppleWebKit/537.36 (KHTML, like Gecko) Chrome/41.0.2272.96 Mobile Safari/537.36 (compatible; Googlebot/2.1; +http://www.google.com/bot.html)"
66.249.75.6 - - [12/Jul/2018:03:22:55 +0200] "GET /buecher/rezensionen_leiblichkeit_und_zeitlichkeit.html HTTP/1.1" 304 - "-" "Mozilla/5.0 (Linux; Android 6.0.1; Nexus 5X Build/MMB29P) AppleWebKit/537.36 (KHTML, like Gecko) Chrome/41.0.2272.96 Mobile Safari/537.36 (compatible; Googlebot/2.1; +http://www.google.com/bot.html)"
66.249.75.6 - - [12/Jul/2018:03:28:43 +0200] "GET /gotteslob/ HTTP/1.1" 304 - "-" "Mozilla/5.0 (Linux; Android 6.0.1; Nexus 5X Build/MMB29P) AppleWebKit/537.36 (KHTML, like Gecko) Chrome/41.0.2272.96 Mobile Safari/537.36 (compatible; Googlebot/2.1; +http://www.google.com/bot.html)"
162.210.196.98 - - [12/Jul/2018:03:29:14 +0200] "GET /robots.txt HTTP/1.1" 200 100 "-" "Mozilla/5.0 (compatible; MJ12bot/v1.4.8; http://mj12bot.com/)"
162.210.196.98 - - [12/Jul/2018:03:29:17 +0200] "GET / HTTP/1.1" 200 9360 "-" "Mozilla/5.0 (compatible; MJ12bot/v1.4.8; http://mj12bot.com/)"
66.249.75.6 - - [12/Jul/2018:03:34:32 +0200] "GET /buecher/veroeffentlichungsliste.html HTTP/1.1" 304 - "-" "Mozilla/5.0 (Linux; Android 6.0.1; Nexus 5X Build/MMB29P) AppleWebKit/537.36 (KHTML, like Gecko) Chrome/41.0.2272.96 Mobile Safari/537.36 (compatible; Googlebot/2.1; +http://www.google.com/bot.html)"
66.249.75.8 - - [12/Jul/2018:03:44:00 +0200] "GET /buecher/engel.jpg HTTP/1.1" 304 - "-" "Googlebot-Image/1.0"
185.154.13.6 - - [12/Jul/2018:03:50:05 +0200] "HEAD / HTTP/1.1" 200 - "http://tokshow.online/category/filmi/priklycheniya/" "Mozilla/6.0 (compatible; MSIE2.00; Windows 2004)"
185.209.20.147 - - [12/Jul/2018:03:50:05 +0200] "HEAD / HTTP/1.1" 200 - "http://zaims18let.ru" "Mozilla/6.0 (compatible; MSIE2.00; Windows 2003)"
178.159.39.237 - - [12/Jul/2018:03:50:05 +0200] "HEAD / HTTP/1.1" 200 - "http://rupolitshow.ru/centralnoe-televidenie" "Mozilla/2.0 (compatible; MSIE7.00; Windows 2009)"
66.249.75.4 - - [12/Jul/2018:03:51:57 +0200] "GET /sonderthemen/oeaz2001.pdf HTTP/1.1" 200 4496626 "-" "Mozilla/5.0 (Linux; Android 6.0.1; Nexus 5X Build/MMB29P) AppleWebKit/537.36 (KHTML, like Gecko) Chrome/41.0.2272.96 Mobile Safari/537.36 (compatible; Googlebot/2.1; +http://www.google.com/bot.html)"
62.138.0.25 - - [12/Jul/2018:03:54:29 +0200] "GET /cds/astazi.html HTTP/1.1" 200 8453 "-" "Mozilla/5.0 (compatible; adscanner/)"
66.249.69.179 - - [12/Jul/2018:03:57:45 +0200] "GET /sonderthemen/az1999.pdf HTTP/1.1" 200 1842982 "-" "Mozilla/5.0 (Linux; Android 6.0.1; Nexus 5X Build/MMB29P) AppleWebKit/537.36 (KHTML, like Gecko) Chrome/41.0.2272.96 Mobile Safari/537.36 (compatible; Googlebot/2.1; +http://www.google.com/bot.html)"
66.249.69.177 - - [12/Jul/2018:03:59:12 +0200] "GET /jahrbuch_k.jpg HTTP/1.1" 304 - "-" "Googlebot-Image/1.0"
66.249.69.177 - - [12/Jul/2018:04:03:34 +0200] "GET /sonderthemen/oeaz2002.pdf HTTP/1.1" 200 3161455 "-" "Mozilla/5.0 (Linux; Android 6.0.1; Nexus 5X Build/MMB29P) AppleWebKit/537.36 (KHTML, like Gecko) Chrome/41.0.2272.96 Mobile Safari/537.36 (compatible; Googlebot/2.1; +http://www.google.com/bot.html)"
195.133.201.163 - - [12/Jul/2018:04:08:47 +0200] "HEAD / HTTP/1.1" 200 - "https://www.prjadko.kiev.ua/stati.html" "Mozilla/2.0 (compatible; MSIE7.00; Windows 2003)"
66.249.69.177 - - [12/Jul/2018:04:09:22 +0200] "GET /sonderthemen/oekt_extra3.pdf HTTP/1.1" 200 2109745 "-" "Mozilla/5.0 (Linux; Android 6.0.1; Nexus 5X Build/MMB29P) AppleWebKit/537.36 (KHTML, like Gecko) Chrome/41.0.2272.96 Mobile Safari/537.36 (compatible; Googlebot/2.1; +http://www.google.com/bot.html)"
66.249.69.177 - - [12/Jul/2018:04:15:10 +0200] "GET /sonderthemen/archiv.html HTTP/1.1" 200 6959 "-" "Mozilla/5.0 (Linux; Android 6.0.1; Nexus 5X Build/MMB29P) AppleWebKit/537.36 (KHTML, like Gecko) Chrome/41.0.2272.96 Mobile Safari/537.36 (compatible; Googlebot/2.1; +http://www.google.com/bot.html)"
66.249.69.179 - - [12/Jul/2018:04:26:47 +0200] "GET /sonderthemen/sk2001.pdf HTTP/1.1" 304 - "-" "Mozilla/5.0 (Linux; Android 6.0.1; Nexus 5X Build/MMB29P) AppleWebKit/537.36 (KHTML, like Gecko) Chrome/41.0.2272.96 Mobile Safari/537.36 (compatible; Googlebot/2.1; +http://www.google.com/bot.html)"
193.124.176.156 - - [12/Jul/2018:04:29:59 +0200] "HEAD / HTTP/1.1" 200 - "http://cookingfun.ru/p54-shashlyk_marinovannyy_v_vine_i_granatovom_soke.html" "Mozilla/8.0 (compatible; MSIE4.00; Windows 2006)"
66.249.69.177 - - [12/Jul/2018:04:38:24 +0200] "GET /buecher/rezensionen_psalmen.html HTTP/1.1" 304 - "-" "Mozilla/5.0 (Linux; Android 6.0.1; Nexus 5X Build/MMB29P) AppleWebKit/537.36 (KHTML, like Gecko) Chrome/41.0.2272.96 Mobile Safari/537.36 (compatible; Googlebot/2.1; +http://www.google.com/bot.html)"
66.249.69.181 - - [12/Jul/2018:04:44:13 +0200] "GET /sonderthemen/ HTTP/1.1" 304 - "-" "Mozilla/5.0 (Linux; Android 6.0.1; Nexus 5X Build/MMB29P) AppleWebKit/537.36 (KHTML, like Gecko) Chrome/41.0.2272.96 Mobile Safari/537.36 (compatible; Googlebot/2.1; +http://www.google.com/bot.html)"
80.148.18.172 - - [12/Jul/2018:04:54:54 +0200] "GET / HTTP/1.1" 200 9360 "-" "-"
88.99.27.172 - - [12/Jul/2018:05:00:51 +0200] "GET /sonderthemen/az1999.pdf HTTP/1.1" 200 1842982 "-" "Mozilla/5.0 (Windows NT 10.0; Win64; x64) AppleWebKit/537.36 (KHTML, like Gecko) Chrome/63.0.3239.132 Safari/537.36 OPR/50.0.2762.58"
66.249.69.179 - - [12/Jul/2018:05:01:38 +0200] "GET /buecher/rezensionen_chateaubriand.html HTTP/1.1" 304 - "-" "Mozilla/5.0 (Linux; Android 6.0.1; Nexus 5X Build/MMB29P) AppleWebKit/537.36 (KHTML, like Gecko) Chrome/41.0.2272.96 Mobile Safari/537.36 (compatible; Googlebot/2.1; +http://www.google.com/bot.html)"
193.1.218.163 - - [12/Jul/2018:05:07:12 +0200] "HEAD / HTTP/1.1" 200 - "-" "Java/1.6.0_23"
66.249.69.181 - - [12/Jul/2018:05:07:26 +0200] "GET /buecher/rezensionen_ignatius.html HTTP/1.1" 304 - "-" "Mozilla/5.0 (Linux; Android 6.0.1; Nexus 5X Build/MMB29P) AppleWebKit/537.36 (KHTML, like Gecko) Chrome/41.0.2272.96 Mobile Safari/537.36 (compatible; Googlebot/2.1; +http://www.google.com/bot.html)"
208.80.155.236 - - [12/Jul/2018:05:12:33 +0200] "HEAD /cds/hymnos_akathistos.html HTTP/1.1" 200 - "-" "IABot: Checking if link from Wikipedia is broken and needs removal - See https://meta.wikimedia.org/wiki/InternetArchiveBot/FAQ_for_sysadmins"
66.249.69.177 - - [12/Jul/2018:05:24:51 +0200] "GET /buecher/rezensionen_krise_zum_heil.html HTTP/1.1" 304 - "-" "Mozilla/5.0 (Linux; Android 6.0.1; Nexus 5X Build/MMB29P) AppleWebKit/537.36 (KHTML, like Gecko) Chrome/41.0.2272.96 Mobile Safari/537.36 (compatible; Googlebot/2.1; +http://www.google.com/bot.html)"
66.249.69.177 - - [12/Jul/2018:05:30:40 +0200] "GET /sonderthemen/oekz2003.pdf HTTP/1.1" 304 - "-" "Mozilla/5.0 (Linux; Android 6.0.1; Nexus 5X Build/MMB29P) AppleWebKit/537.36 (KHTML, like Gecko) Chrome/41.0.2272.96 Mobile Safari/537.36 (compatible; Googlebot/2.1; +http://www.google.com/bot.html)"
207.46.13.55 - - [12/Jul/2018:05:40:57 +0200] "GET /sonderthemen/oekz2003.pdf HTTP/1.1" 200 4017017 "-" "Mozilla/5.0 (iPhone; CPU iPhone OS 7_0 like Mac OS X) AppleWebKit/537.51.1 (KHTML, like Gecko) Version/7.0 Mobile/11A465 Safari/9537.53 (compatible; bingbot/2.0; +http://www.bing.com/bingbot.htm)"
66.249.69.179 - - [12/Jul/2018:05:42:17 +0200] "GET /cds/ HTTP/1.1" 304 - "-" "Mozilla/5.0 (Linux; Android 6.0.1; Nexus 5X Build/MMB29P) AppleWebKit/537.36 (KHTML, like Gecko) Chrome/41.0.2272.96 Mobile Safari/537.36 (compatible; Googlebot/2.1; +http://www.google.com/bot.html)"
157.55.39.199 - - [12/Jul/2018:05:58:48 +0200] "GET /sonderthemen/az2000.pdf HTTP/1.1" 200 2253581 "-" "Mozilla/5.0 (compatible; bingbot/2.0; +http://www.bing.com/bingbot.htm)"
66.249.69.179 - - [12/Jul/2018:05:59:42 +0200] "GET /impressum.html HTTP/1.1" 304 - "-" "Mozilla/5.0 (Linux; Android 6.0.1; Nexus 5X Build/MMB29P) AppleWebKit/537.36 (KHTML, like Gecko) Chrome/41.0.2272.96 Mobile Safari/537.36 (compatible; Googlebot/2.1; +http://www.google.com/bot.html)"
66.249.69.177 - - [12/Jul/2018:06:05:30 +0200] "GET /sonderthemen/oekz2003_s01.pdf HTTP/1.1" 200 66807 "-" "Mozilla/5.0 (Linux; Android 6.0.1; Nexus 5X Build/MMB29P) AppleWebKit/537.36 (KHTML, like Gecko) Chrome/41.0.2272.96 Mobile Safari/537.36 (compatible; Googlebot/2.1; +http://www.google.com/bot.html)"
66.249.69.177 - - [12/Jul/2018:06:11:19 +0200] "GET /sonderthemen/az2003_s01.pdf HTTP/1.1" 200 120642 "-" "Mozilla/5.0 (Linux; Android 6.0.1; Nexus 5X Build/MMB29P) AppleWebKit/537.36 (KHTML, like Gecko) Chrome/41.0.2272.96 Mobile Safari/537.36 (compatible; Googlebot/2.1; +http://www.google.com/bot.html)"
62.138.0.25 - - [12/Jul/2018:06:15:32 +0200] "GET /sonderthemen/oekz2003_s01.pdf HTTP/1.1" 200 66807 "-" "Mozilla/5.0 (compatible; adscanner/)"
66.249.69.177 - - [12/Jul/2018:06:17:03 +0200] "GET /buecher/rezensionen_leiblichkeit_und_zeitlichkeit.html HTTP/1.1" 304 - "-" "Mozilla/5.0 (Linux; Android 6.0.1; Nexus 5X Build/MMB29P) AppleWebKit/537.36 (KHTML, like Gecko) Chrome/41.0.2272.96 Mobile Safari/537.36 (compatible; Googlebot/2.1; +http://www.google.com/bot.html)"
66.249.69.179 - - [12/Jul/2018:06:17:07 +0200] "GET /buecher/rezensionen.html HTTP/1.1" 200 6964 "-" "Mozilla/5.0 (Linux; Android 6.0.1; Nexus 5X Build/MMB29P) AppleWebKit/537.36 (KHTML, like Gecko) Chrome/41.0.2272.96 Mobile Safari/537.36 (compatible; Googlebot/2.1; +http://www.google.com/bot.html)"
66.249.69.177 - - [12/Jul/2018:06:40:24 +0200] "GET /sonderthemen/sk2002.pdf HTTP/1.1" 304 - "-" "Mozilla/5.0 (Linux; Android 6.0.1; Nexus 5X Build/MMB29P) AppleWebKit/537.36 (KHTML, like Gecko) Chrome/41.0.2272.96 Mobile Safari/537.36 (compatible; Googlebot/2.1; +http://www.google.com/bot.html)"
62.138.0.25 - - [12/Jul/2018:06:48:55 +0200] "GET /robots.txt HTTP/1.1" 200 100 "-" "Mozilla/5.0 (compatible; adscanner/)"
62.138.0.25 - - [12/Jul/2018:06:48:55 +0200] "GET /cds/hymnos_k.jpg HTTP/1.1" 200 4986 "-" "Mozilla/5.0 (compatible; adscanner/)"
66.249.69.177 - - [12/Jul/2018:06:51:58 +0200] "GET /cds/hymnos_akathistos.html HTTP/1.1" 304 - "-" "Mozilla/5.0 (Linux; Android 6.0.1; Nexus 5X Build/MMB29P) AppleWebKit/537.36 (KHTML, like Gecko) Chrome/41.0.2272.96 Mobile Safari/537.36 (compatible; Googlebot/2.1; +http://www.google.com/bot.html)"
66.249.69.181 - - [12/Jul/2018:07:03:35 +0200] "GET / HTTP/1.1" 200 9360 "-" "Mozilla/5.0 (Linux; Android 6.0.1; Nexus 5X Build/MMB29P) AppleWebKit/537.36 (KHTML, like Gecko) Chrome/41.0.2272.96 Mobile Safari/537.36 (compatible; Googlebot/2.1; +http://www.google.com/bot.html)"
77.220.213.173 - - [12/Jul/2018:07:16:43 +0200] "HEAD / HTTP/1.1" 200 - "https://zppp.su/mikoplazmoz/lechenie-mikoplazmoza-u-muzhchin-113" "Mozilla/3.0 (compatible; MSIE4.00; Windows 2005)"
77.220.214.180 - - [12/Jul/2018:07:16:43 +0200] "HEAD / HTTP/1.1" 200 - "https://www.ofme.ru/catalog/3545" "Mozilla/6.0 (compatible; MSIE6.00; Windows 2007)"
54.36.150.106 - - [12/Jul/2018:07:19:40 +0200] "GET /robots.txt HTTP/1.1" 200 100 "-" "Mozilla/5.0 (compatible; AhrefsBot/5.2; +http://ahrefs.com/robot/)"
54.36.148.182 - - [12/Jul/2018:07:19:41 +0200] "GET /cds/hymnos_akathistos.html HTTP/1.1" 200 11061 "-" "Mozilla/5.0 (compatible; AhrefsBot/5.2; +http://ahrefs.com/robot/)"
178.159.43.212 - - [12/Jul/2018:07:26:24 +0200] "HEAD / HTTP/1.1" 200 - "https://hottour.ru" "Mozilla/2.0 (compatible; MSIE6.00; Windows 2002)"
66.249.69.181 - - [12/Jul/2018:07:26:48 +0200] "GET /gotteslob/ HTTP/1.1" 304 - "-" "Mozilla/5.0 (Linux; Android 6.0.1; Nexus 5X Build/MMB29P) AppleWebKit/537.36 (KHTML, like Gecko) Chrome/41.0.2272.96 Mobile Safari/537.36 (compatible; Googlebot/2.1; +http://www.google.com/bot.html)"
46.229.168.84 - - [12/Jul/2018:07:34:01 +0200] "GET /robots.txt HTTP/1.1" 200 100 "-" "Mozilla/5.0 (compatible; SemrushBot/2~bl; +http://www.semrush.com/bot.html)"
46.229.168.83 - - [12/Jul/2018:07:34:03 +0200] "GET /buecher/index.html HTTP/1.1" 200 25885 "-" "Mozilla/5.0 (compatible; SemrushBot/2~bl; +http://www.semrush.com/bot.html)"
66.249.69.179 - - [12/Jul/2018:07:38:26 +0200] "GET /buecher/veroeffentlichungsliste.html HTTP/1.1" 304 - "-" "Mozilla/5.0 (Linux; Android 6.0.1; Nexus 5X Build/MMB29P) AppleWebKit/537.36 (KHTML, like Gecko) Chrome/41.0.2272.96 Mobile Safari/537.36 (compatible; Googlebot/2.1; +http://www.google.com/bot.html)"
185.236.130.120 - - [12/Jul/2018:07:44:51 +0200] "HEAD / HTTP/1.1" 200 - "http://kabinet-online-vtb.ru" "Mozilla/2.0 (compatible; MSIE6.00; Windows 2004)"
185.236.130.56 - - [12/Jul/2018:07:44:52 +0200] "HEAD / HTTP/1.1" 200 - "http://kabinet-online-rshb.ru" "Mozilla/5.0 (compatible; MSIE3.00; Windows 2007)"
66.249.69.181 - - [12/Jul/2018:07:50:02 +0200] "GET /sonderthemen/az1999.pdf HTTP/1.1" 304 - "-" "Mozilla/5.0 (Linux; Android 6.0.1; Nexus 5X Build/MMB29P) AppleWebKit/537.36 (KHTML, like Gecko) Chrome/41.0.2272.96 Mobile Safari/537.36 (compatible; Googlebot/2.1; +http://www.google.com/bot.html)"
66.249.69.177 - - [12/Jul/2018:07:55:50 +0200] "GET /sonderthemen/oeaz2002.pdf HTTP/1.1" 304 - "-" "Mozilla/5.0 (Linux; Android 6.0.1; Nexus 5X Build/MMB29P) AppleWebKit/537.36 (KHTML, like Gecko) Chrome/41.0.2272.96 Mobile Safari/537.36 (compatible; Googlebot/2.1; +http://www.google.com/bot.html)"
194.87.94.251 - - [12/Jul/2018:08:00:10 +0200] "HEAD / HTTP/1.1" 200 - "http://www.skinali.com/dizainerskie-vitraji" "Mozilla/4.0 (compatible; MSIE7.00; Windows 2004)"
194.87.236.223 - - [12/Jul/2018:08:00:10 +0200] "HEAD / HTTP/1.1" 200 - "http://kabinet-vtb24.ru" "Mozilla/3.0 (compatible; MSIE3.00; Windows 2009)"
66.249.69.177 - - [12/Jul/2018:08:01:39 +0200] "GET /sonderthemen/oekt_extra3.pdf HTTP/1.1" 304 - "-" "Mozilla/5.0 (Linux; Android 6.0.1; Nexus 5X Build/MMB29P) AppleWebKit/537.36 (KHTML, like Gecko) Chrome/41.0.2272.96 Mobile Safari/537.36 (compatible; Googlebot/2.1; +http://www.google.com/bot.html)"
195.133.145.199 - - [12/Jul/2018:08:04:41 +0200] "HEAD / HTTP/1.1" 200 - "http://kabinet-mil.ru" "Mozilla/6.0 (compatible; MSIE6.00; Windows 2003)"
66.249.69.179 - - [12/Jul/2018:08:07:27 +0200] "GET /sonderthemen/oeaz2001.pdf HTTP/1.1" 304 - "-" "Mozilla/5.0 (Linux; Android 6.0.1; Nexus 5X Build/MMB29P) AppleWebKit/537.36 (KHTML, like Gecko) Chrome/41.0.2272.96 Mobile Safari/537.36 (compatible; Googlebot/2.1; +http://www.google.com/bot.html)"
46.229.168.85 - - [12/Jul/2018:08:09:00 +0200] "GET /cds/lumina.html HTTP/1.1" 200 9000 "-" "Mozilla/5.0 (compatible; SemrushBot/2~bl; +http://www.semrush.com/bot.html)"
66.249.69.181 - - [12/Jul/2018:08:13:16 +0200] "GET /sonderthemen/sk2001.pdf HTTP/1.1" 304 - "-" "Mozilla/5.0 (Linux; Android 6.0.1; Nexus 5X Build/MMB29P) AppleWebKit/537.36 (KHTML, like Gecko) Chrome/41.0.2272.96 Mobile Safari/537.36 (compatible; Googlebot/2.1; +http://www.google.com/bot.html)"
66.249.69.179 - - [12/Jul/2018:08:19:04 +0200] "GET /sonderthemen/archiv.html HTTP/1.1" 304 - "-" "Mozilla/5.0 (Linux; Android 6.0.1; Nexus 5X Build/MMB29P) AppleWebKit/537.36 (KHTML, like Gecko) Chrome/41.0.2272.96 Mobile Safari/537.36 (compatible; Googlebot/2.1; +http://www.google.com/bot.html)"
216.244.66.237 - - [12/Jul/2018:08:22:27 +0200] "GET /robots.txt HTTP/1.1" 200 100 "-" "Mozilla/5.0 (compatible; DotBot/1.1; http://www.opensiteexplorer.org/dotbot, help@moz.com)"
66.249.69.177 - - [12/Jul/2018:08:23:46 +0200] "GET /cds/ HTTP/1.1" 304 - "-" "Mozilla/5.0 (Linux; Android 6.0.1; Nexus 5X Build/MMB29P) AppleWebKit/537.36 (KHTML, like Gecko) Chrome/41.0.2272.96 Mobile Safari/537.36 (compatible; Googlebot/2.1; +http://www.google.com/bot.html)"
66.249.69.181 - - [12/Jul/2018:08:24:52 +0200] "GET /buecher/rezensionen_psalmen.html HTTP/1.1" 304 - "-" "Mozilla/5.0 (Linux; Android 6.0.1; Nexus 5X Build/MMB29P) AppleWebKit/537.36 (KHTML, like Gecko) Chrome/41.0.2272.96 Mobile Safari/537.36 (compatible; Googlebot/2.1; +http://www.google.com/bot.html)"
216.244.66.237 - - [12/Jul/2018:08:26:52 +0200] "GET /buecher/rezensionen_leiblichkeit_und_zeitlichkeit.html HTTP/1.1" 200 8821 "-" "Mozilla/5.0 (compatible; DotBot/1.1; http://www.opensiteexplorer.org/dotbot, help@moz.com)"
193.124.190.64 - - [12/Jul/2018:08:29:19 +0200] "HEAD / HTTP/1.1" 200 - "http://trueboard.ru" "Mozilla/3.0 (compatible; MSIE7.00; Windows 2003)"
185.5.249.185 - - [12/Jul/2018:08:29:19 +0200] "HEAD / HTTP/1.1" 200 - "http://smaylikivk.ru/mlekopitajushhie.html" "Mozilla/4.0 (compatible; MSIE4.00; Windows 2003)"
185.125.219.134 - - [12/Jul/2018:08:29:20 +0200] "HEAD / HTTP/1.1" 200 - "http://www.couponforyou.ru" "Mozilla/6.0 (compatible; MSIE6.00; Windows 2009)"
194.67.210.77 - - [12/Jul/2018:08:29:20 +0200] "HEAD / HTTP/1.1" 200 - "http://www.mos-teplohod.ru/o-nas/kontakty" "Mozilla/6.0 (compatible; MSIE5.00; Windows 2006)"
66.249.69.177 - - [12/Jul/2018:08:36:29 +0200] "GET /buecher/rezensionen_chateaubriand.html HTTP/1.1" 304 - "-" "Mozilla/5.0 (Linux; Android 6.0.1; Nexus 5X Build/MMB29P) AppleWebKit/537.36 (KHTML, like Gecko) Chrome/41.0.2272.96 Mobile Safari/537.36 (compatible; Googlebot/2.1; +http://www.google.com/bot.html)"
66.249.69.179 - - [12/Jul/2018:08:42:18 +0200] "GET /buecher/rezensionen_ignatius.html HTTP/1.1" 304 - "-" "Mozilla/5.0 (Linux; Android 6.0.1; Nexus 5X Build/MMB29P) AppleWebKit/537.36 (KHTML, like Gecko) Chrome/41.0.2272.96 Mobile Safari/537.36 (compatible; Googlebot/2.1; +http://www.google.com/bot.html)"
85.25.210.234 - - [12/Jul/2018:08:43:57 +0200] "GET /robots.txt HTTP/1.1" 200 100 "-" "Mozilla/5.0 (compatible; adscanner/)"
85.25.210.234 - - [12/Jul/2018:08:43:57 +0200] "GET /sonderthemen/sk2004.pdf HTTP/1.1" 200 1967215 "-" "Mozilla/5.0 (compatible; adscanner/)"
66.249.69.181 - - [12/Jul/2018:09:05:31 +0200] "GET /buecher/rezensionen_krise_zum_heil.html HTTP/1.1" 304 - "-" "Mozilla/5.0 (Linux; Android 6.0.1; Nexus 5X Build/MMB29P) AppleWebKit/537.36 (KHTML, like Gecko) Chrome/41.0.2272.96 Mobile Safari/537.36 (compatible; Googlebot/2.1; +http://www.google.com/bot.html)"
62.138.0.25 - - [12/Jul/2018:09:09:26 +0200] "GET /sonderthemen/oekt_extra1.pdf HTTP/1.1" 200 1849015 "-" "Mozilla/5.0 (compatible; adscanner/)"
144.76.168.111 - - [12/Jul/2018:09:10:48 +0200] "GET /sonderthemen/sk2001.pdf HTTP/1.1" 200 3098589 "-" "Mozilla/5.0 (Windows NT 10.0; Win64; x64) AppleWebKit/537.36 (KHTML, like Gecko) Chrome/64.0.3282.140 Safari/537.36"
88.99.27.172 - - [12/Jul/2018:09:15:08 +0200] "GET /sonderthemen/oeaz2001.pdf HTTP/1.1" 200 4496626 "-" "Mozilla/5.0 (X11; Linux x86_64) AppleWebKit/537.36 (KHTML, like Gecko) Chrome/51.0.2704.106 Safari/537.36"
88.99.27.172 - - [12/Jul/2018:09:15:08 +0200] "GET /sonderthemen/oeaz2002.pdf HTTP/1.1" 200 3161455 "-" "Mozilla/5.0 (X11; Ubuntu; Linux x86_64; rv:58.0) Gecko/20100101 Firefox/58.0"
185.209.20.147 - - [12/Jul/2018:09:15:24 +0200] "HEAD / HTTP/1.1" 200 - "http://zaims18let.ru" "Mozilla/8.0 (compatible; MSIE2.00; Windows 2004)"
185.154.13.6 - - [12/Jul/2018:09:15:24 +0200] "HEAD / HTTP/1.1" 200 - "http://tokshow.online/category/filmi/melodrama/" "Mozilla/6.0 (compatible; MSIE3.00; Windows 2004)"
178.159.39.237 - - [12/Jul/2018:09:15:25 +0200] "HEAD / HTTP/1.1" 200 - "http://rupolitshow.ru/v-centre-sobytij" "Mozilla/6.0 (compatible; MSIE7.00; Windows 2007)"
94.130.71.90 - - [12/Jul/2018:09:16:12 +0200] "GET /robots.txt HTTP/1.1" 200 100 "-" "Mozilla/5.0 (Windows NT 6.1; WOW64) AppleWebKit/537.36 (KHTML, like Gecko) Chrome/37.0.2062.120 Safari/537.36"
85.25.210.41 - - [12/Jul/2018:09:16:12 +0200] "GET /robots.txt HTTP/1.1" 200 100 "-" "Mozilla/5.0 (compatible; adscanner/)"
94.130.71.90 - - [12/Jul/2018:09:16:14 +0200] "GET /jahrbuch/index.html HTTP/1.1" 200 3956 "-" "Mozilla/5.0 (Windows NT 6.1; WOW64) AppleWebKit/537.36 (KHTML, like Gecko) Chrome/37.0.2062.120 Safari/537.36"
94.130.71.90 - - [12/Jul/2018:09:16:14 +0200] "GET /main.css HTTP/1.1" 200 1439 "http://www.morusverlag.de/jahrbuch/index.html" "Mozilla/5.0 (Windows NT 6.1; WOW64) AppleWebKit/537.36 (KHTML, like Gecko) Chrome/37.0.2062.120 Safari/537.36"
94.130.71.90 - - [12/Jul/2018:09:16:14 +0200] "GET /logo_g.gif HTTP/1.1" 200 1301 "http://www.morusverlag.de/jahrbuch/index.html" "Mozilla/5.0 (Windows NT 6.1; WOW64) AppleWebKit/537.36 (KHTML, like Gecko) Chrome/37.0.2062.120 Safari/537.36"
94.130.71.90 - - [12/Jul/2018:09:16:14 +0200] "GET /mv_g.gif HTTP/1.1" 200 4070 "http://www.morusverlag.de/jahrbuch/index.html" "Mozilla/5.0 (Windows NT 6.1; WOW64) AppleWebKit/537.36 (KHTML, like Gecko) Chrome/37.0.2062.120 Safari/537.36"
94.130.71.90 - - [12/Jul/2018:09:16:14 +0200] "GET /jahrbuch/jahrbuch.jpg HTTP/1.1" 200 11282 "http://www.morusverlag.de/jahrbuch/index.html" "Mozilla/5.0 (Windows NT 6.1; WOW64) AppleWebKit/537.36 (KHTML, like Gecko) Chrome/37.0.2062.120 Safari/537.36"
94.130.71.90 - - [12/Jul/2018:09:16:14 +0200] "GET /pf.gif HTTP/1.1" 200 62 "http://www.morusverlag.de/jahrbuch/index.html" "Mozilla/5.0 (Windows NT 6.1; WOW64) AppleWebKit/537.36 (KHTML, like Gecko) Chrome/37.0.2062.120 Safari/537.36"
94.130.71.90 - - [12/Jul/2018:09:16:14 +0200] "GET /strich.gif HTTP/1.1" 200 45 "http://www.morusverlag.de/jahrbuch/index.html" "Mozilla/5.0 (Windows NT 6.1; WOW64) AppleWebKit/537.36 (KHTML, like Gecko) Chrome/37.0.2062.120 Safari/537.36"
85.25.210.41 - - [12/Jul/2018:09:16:15 +0200] "GET /jahrbuch/index.html HTTP/1.1" 200 3956 "-" "Mozilla/5.0 (compatible; adscanner/)"
66.249.69.181 - - [12/Jul/2018:09:22:57 +0200] "GET /sonderthemen/oekz2003.pdf HTTP/1.1" 304 - "-" "Mozilla/5.0 (Linux; Android 6.0.1; Nexus 5X Build/MMB29P) AppleWebKit/537.36 (KHTML, like Gecko) Chrome/41.0.2272.96 Mobile Safari/537.36 (compatible; Googlebot/2.1; +http://www.google.com/bot.html)"
94.130.71.89 - - [12/Jul/2018:09:30:40 +0200] "GET /robots.txt HTTP/1.1" 200 100 "-" "Mozilla/5.0 (Windows NT 6.1; WOW64) AppleWebKit/537.36 (KHTML, like Gecko) Chrome/37.0.2062.120 Safari/537.36"
94.130.71.89 - - [12/Jul/2018:09:30:41 +0200] "GET /sonderthemen/oekz2003_s01.pdf HTTP/1.1" 200 66807 "-" "Mozilla/5.0 (Windows NT 6.1; WOW64) AppleWebKit/537.36 (KHTML, like Gecko) Chrome/37.0.2062.120 Safari/537.36"
85.25.210.41 - - [12/Jul/2018:09:30:41 +0200] "GET /sonderthemen/oekz2003_s01.pdf HTTP/1.1" 200 66807 "-" "Mozilla/5.0 (compatible; adscanner/)"
85.25.210.234 - - [12/Jul/2018:09:31:17 +0200] "GET /index.html HTTP/1.1" 200 9360 "-" "Mozilla/5.0 (compatible; adscanner/)"
