88.198.36.62 - - [13/Jul/2018:19:24:28 +0200] "GET /cds/hymnos_akathistos.html HTTP/1.1" 200 11061 "-" "Mozilla/5.0 (X11; Ubuntu; Linux x86_64; rv:57.0) Gecko/20100101 Firefox/57.0"
88.198.36.62 - - [13/Jul/2018:19:24:28 +0200] "GET /cds/ignatius.html HTTP/1.1" 200 6576 "-" "Mozilla/5.0 (Macintosh; U; Intel Mac OS X 10_5_8; zh-cn) AppleWebKit/533.18.1 (KHTML, like Gecko) Version/5.0.2 Safari/533.18.5"
88.198.36.62 - - [13/Jul/2018:19:24:28 +0200] "GET /impressum.html HTTP/1.1" 200 2808 "-" "Mozilla/5.0 (Windows NT 6.1; WOW64) AppleWebKit/537.36 (KHTML, like Gecko) Chrome/63.0.3239.132 Safari/537.36"
88.198.36.62 - - [13/Jul/2018:19:24:28 +0200] "GET /kontakt/index.html HTTP/1.1" 200 2896 "-" "Mozilla/5.0 (Windows NT 6.1; Win64; x64) AppleWebKit/537.36 (KHTML, like Gecko) Chrome/63.0.3239.132 Safari/537.36"
88.198.36.62 - - [13/Jul/2018:19:24:28 +0200] "GET /buecher/index.html HTTP/1.1" 200 25885 "-" "Mozilla/5.0 (X11; Ubuntu; Linux x86_64; rv:58.0) Gecko/20100101 Firefox/58.0"
88.198.36.62 - - [13/Jul/2018:19:24:28 +0200] "GET /jahrbuch/index.html HTTP/1.1" 200 3956 "-" "Mozilla/5.0 (X11; Linux x86_64) AppleWebKit/537.36 (KHTML, like Gecko) Chrome/63.0.3239.132 Safari/537.36"
88.198.36.62 - - [13/Jul/2018:19:24:28 +0200] "GET /gotteslob/index.html HTTP/1.1" 200 2770 "-" "Mozilla/5.0 (Macintosh; Intel Mac OS X 10_13_2) AppleWebKit/537.36 (KHTML, like Gecko) Chrome/64.0.3282.140 Safari/537.36"
88.198.36.62 - - [13/Jul/2018:19:24:28 +0200] "GET /cds/rosarium.html HTTP/1.1" 200 6680 "-" "Mozilla/5.0 (Macintosh; U; Intel Mac OS X 10_5_8; zh-cn) AppleWebKit/533.18.1 (KHTML, like Gecko) Version/5.0.2 Safari/533.18.5"
88.198.36.62 - - [13/Jul/2018:19:24:28 +0200] "GET /buecher/veroeffentlichungsliste.html HTTP/1.1" 200 129779 "-" "Mozilla/5.0 (Windows NT 10.0; Win64; x64) AppleWebKit/537.36 (KHTML, like Gecko) Chrome/64.0.3282.167 Safari/537.36"
88.198.36.62 - - [13/Jul/2018:19:24:33 +0200] "GET /sonderthemen/index.html HTTP/1.1" 200 7102 "-" "Mozilla/5.0 (Macintosh; Intel Mac OS X 10_13_3) AppleWebKit/537.36 (KHTML, like Gecko) Chrome/64.0.3282.140 Safari/537.36"
88.198.36.62 - - [13/Jul/2018:19:24:42 +0200] "GET /buecher/diskussion.html HTTP/1.1" 200 9925 "-" "Mozilla/5.0 (Windows NT 6.1; Win64; x64; rv:58.0) Gecko/20100101 Firefox/58.0"
88.198.36.62 - - [13/Jul/2018:19:24:42 +0200] "GET /cds/glockenspiel2.html HTTP/1.1" 200 9831 "-" "Mozilla/5.0 (Macintosh; Intel Mac OS X 107) AppleWebKit/534.48.3 (KHTML like Gecko) Version/5.1 Safari/534.48.3"
88.198.36.62 - - [13/Jul/2018:19:24:42 +0200] "GET /cds/astazi.html HTTP/1.1" 200 8453 "-" "Mozilla/5.0 (Macintosh; Intel Mac OS X 10_12_6) AppleWebKit/604.4.7 (KHTML, like Gecko) Version/11.0.2 Safari/604.4.7"
88.198.36.62 - - [13/Jul/2018:19:24:42 +0200] "GET /jahrbuch/titelseiten/index.html HTTP/1.1" 200 6735 "-" "Mozilla/5.0 (Windows NT 6.1; Win64; x64) AppleWebKit/537.36 (KHTML, like Gecko) Chrome/63.0.3239.132 Safari/537.36"
88.198.36.62 - - [13/Jul/2018:19:24:42 +0200] "GET /cds/lumina.html HTTP/1.1" 200 9000 "-" "Mozilla/5.0 (Macintosh; Intel Mac OS X 10_10_5) AppleWebKit/537.36 (KHTML, like Gecko) Chrome/63.0.3239.132 Safari/537.36"
88.198.36.62 - - [13/Jul/2018:19:24:42 +0200] "GET /sonderthemen/archiv.html HTTP/1.1" 200 6959 "-" "Mozilla/5.0 (Macintosh; Intel Mac OS X 10.12; rv:58.0) Gecko/20100101 Firefox/58.0"
88.198.36.62 - - [13/Jul/2018:19:24:42 +0200] "GET /cds/glockenspiel1.html HTTP/1.1" 200 9736 "-" "Mozilla/5.0 (Windows NT 10.0; Win64; x64) AppleWebKit/537.36 (KHTML, like Gecko) Chrome/63.0.3239.132 Safari/537.36 OPR/50.0.2762.67"
88.198.36.62 - - [13/Jul/2018:19:24:42 +0200] "GET /sonderthemen/presse.html HTTP/1.1" 200 5772 "-" "Mozilla/5.0 (compatible; MSIE 10.0; Windows NT 6.1; Trident/6.0)"
88.198.36.62 - - [13/Jul/2018:19:24:42 +0200] "GET /buecher/bestellung.php HTTP/1.1" 200 10142 "-" "Mozilla/5.0 (Macintosh; Intel Mac OS X 10_8) AppleWebKit/536.25 (KHTML, like Gecko) Version/6.0 Safari/536.25"
88.198.36.62 - - [13/Jul/2018:19:24:42 +0200] "GET /sonderthemen/index.html HTTP/1.1" 200 7102 "-" "Mozilla/5.0 (Windows NT 6.1; Win64; x64; rv:52.0) Gecko/20100101 Firefox/52.0"
88.198.36.62 - - [13/Jul/2018:19:24:42 +0200] "GET /jahrbuch/bestellung.php HTTP/1.1" 200 10316 "-" "Mozilla/5.0 (Windows NT 10.0; Win64; x64) AppleWebKit/537.36 (KHTML, like Gecko) Chrome/63.0.3239.132 Safari/537.36"
88.198.36.62 - - [13/Jul/2018:19:24:43 +0200] "GET /index.html HTTP/1.1" 200 9360 "-" "Mozilla/5.0 (Windows; U; Windows NT 6.1; en-US) AppleWebKit/533.19.4 (KHTML, like Gecko) Version/5.0.2 Safari/533.18.5"
88.198.36.62 - - [13/Jul/2018:19:24:48 +0200] "GET /sonderthemen/presse.html HTTP/1.1" 200 5772 "-" "Mozilla/5.0 (Windows NT 6.1; WOW64; Trident/7.0; rv:11.0) like Gecko"
5.102.173.71 - - [13/Jul/2018:19:34:34 +0200] "GET /robots.txt HTTP/1.1" 200 100 "-" "Mozilla/5.0 (compatible; MojeekBot/0.6; +https://www.mojeek.com/bot.html)"
5.102.173.71 - - [13/Jul/2018:19:34:35 +0200] "GET /buecher/rezensionen_engel.html HTTP/1.1" 200 6598 "-" "Mozilla/5.0 (compatible; MojeekBot/0.6; +https://www.mojeek.com/bot.html)"
46.229.168.75 - - [13/Jul/2018:19:44:22 +0200] "GET /robots.txt HTTP/1.1" 200 100 "-" "Mozilla/5.0 (compatible; SemrushBot/2~bl; +http://www.semrush.com/bot.html)"
46.229.168.72 - - [13/Jul/2018:19:44:24 +0200] "GET /buecher/rezensionen_le_saulchoir.html HTTP/1.1" 200 34009 "-" "Mozilla/5.0 (compatible; SemrushBot/2~bl; +http://www.semrush.com/bot.html)"
185.173.176.183 - - [13/Jul/2018:19:46:35 +0200] "GET / HTTP/1.1" 200 9360 "-" "Java/1.4.1_04"
185.173.176.183 - - [13/Jul/2018:19:46:36 +0200] "GET /impressum.html HTTP/1.1" 200 2808 "-" "Java/1.4.1_04"
185.173.176.183 - - [13/Jul/2018:19:46:36 +0200] "GET /index.html HTTP/1.1" 200 9360 "-" "Java/1.4.1_04"
185.173.176.183 - - [13/Jul/2018:19:46:36 +0200] "GET /buecher/index.html HTTP/1.1" 200 25885 "-" "Java/1.4.1_04"
185.173.176.183 - - [13/Jul/2018:19:46:37 +0200] "GET /buecher/rezensionen_chateaubriand.html HTTP/1.1" 200 47317 "-" "Java/1.4.1_04"
185.173.176.183 - - [13/Jul/2018:19:46:39 +0200] "GET /buecher/veroeffentlichungsliste.html HTTP/1.1" 200 129779 "-" "Java/1.4.1_04"
185.173.176.183 - - [13/Jul/2018:19:46:40 +0200] "GET /cds/hymnos_akathistos.html HTTP/1.1" 200 11061 "-" "Java/1.4.1_04"
185.173.176.183 - - [13/Jul/2018:19:46:40 +0200] "GET /cds/ignatius.html HTTP/1.1" 200 6576 "-" "Java/1.4.1_04"
185.173.176.183 - - [13/Jul/2018:19:46:40 +0200] "GET /cds/index.html HTTP/1.1" 200 7987 "-" "Java/1.4.1_04"
185.173.176.183 - - [13/Jul/2018:19:46:40 +0200] "GET /cds/rosarium.html HTTP/1.1" 200 6680 "-" "Java/1.4.1_04"
185.173.176.183 - - [13/Jul/2018:19:46:40 +0200] "GET /gotteslob/index.html HTTP/1.1" 200 2770 "-" "Java/1.4.1_04"
185.173.176.183 - - [13/Jul/2018:19:46:40 +0200] "GET /jahrbuch/index.html HTTP/1.1" 200 3956 "-" "Java/1.4.1_04"
185.173.176.183 - - [13/Jul/2018:19:46:41 +0200] "GET /kontakt/index.html HTTP/1.1" 200 2896 "-" "Java/1.4.1_04"
185.173.176.183 - - [13/Jul/2018:19:46:41 +0200] "GET /sonderthemen/index.html HTTP/1.1" 200 7102 "-" "Java/1.4.1_04"
185.173.176.183 - - [13/Jul/2018:19:46:41 +0200] "GET /buecher/bestellung.php HTTP/1.1" 200 10142 "-" "Java/1.4.1_04"
185.173.176.183 - - [13/Jul/2018:19:46:41 +0200] "GET /buecher/diskussion.html HTTP/1.1" 200 9925 "-" "Java/1.4.1_04"
185.173.176.183 - - [13/Jul/2018:19:46:44 +0200] "GET /buecher/rezensionen_engel.html HTTP/1.1" 200 6598 "-" "Java/1.4.1_04"
185.173.176.183 - - [13/Jul/2018:19:46:44 +0200] "GET /buecher/rezensionen_krise_zum_heil.html HTTP/1.1" 200 9828 "-" "Java/1.4.1_04"
185.173.176.183 - - [13/Jul/2018:19:46:45 +0200] "GET /buecher/rezensionen_le_saulchoir.html HTTP/1.1" 200 34009 "-" "Java/1.4.1_04"
185.173.176.183 - - [13/Jul/2018:19:46:50 +0200] "GET /buecher/rezensionen_leiblichkeit_und_zeitlichkeit.html HTTP/1.1" 200 8821 "-" "Java/1.4.1_04"
185.173.176.183 - - [13/Jul/2018:19:46:51 +0200] "GET /buecher/rezensionen_nicht_auf_sand_gebaut.html HTTP/1.1" 200 6594 "-" "Java/1.4.1_04"
185.173.176.183 - - [13/Jul/2018:19:46:51 +0200] "GET /buecher/rezensionen_preysing.html HTTP/1.1" 200 9502 "-" "Java/1.4.1_04"
185.173.176.183 - - [13/Jul/2018:19:46:52 +0200] "GET /buecher/rezensionen_psalmen.html HTTP/1.1" 200 6787 "-" "Java/1.4.1_04"
185.173.176.183 - - [13/Jul/2018:19:46:52 +0200] "GET /contentflow/contentflow.js HTTP/1.1" 200 42064 "-" "Java/1.4.1_04"
185.173.176.183 - - [13/Jul/2018:19:46:52 +0200] "GET /buecher/rezensionen.html HTTP/1.1" 200 6964 "-" "Java/1.4.1_04"
185.173.176.183 - - [13/Jul/2018:19:46:52 +0200] "GET /buecher/rezensionen_ignatius.html HTTP/1.1" 200 8182 "-" "Java/1.4.1_04"
185.173.176.183 - - [13/Jul/2018:19:46:52 +0200] "GET /cds/astazi.html HTTP/1.1" 200 8453 "-" "Java/1.4.1_04"
185.173.176.183 - - [13/Jul/2018:19:46:53 +0200] "GET /cds/glockenspiel1.html HTTP/1.1" 200 9736 "-" "Java/1.4.1_04"
185.173.176.183 - - [13/Jul/2018:19:46:53 +0200] "GET /cds/glockenspiel2.html HTTP/1.1" 200 9831 "-" "Java/1.4.1_04"
185.173.176.183 - - [13/Jul/2018:19:46:53 +0200] "GET /cds/lumina.html HTTP/1.1" 200 9000 "-" "Java/1.4.1_04"
185.173.176.183 - - [13/Jul/2018:19:46:53 +0200] "GET /jahrbuch/bestellung.php HTTP/1.1" 200 10316 "-" "Java/1.4.1_04"
185.173.176.183 - - [13/Jul/2018:19:46:54 +0200] "GET /sonderthemen/archiv.html HTTP/1.1" 200 6959 "-" "Java/1.4.1_04"
185.173.176.183 - - [13/Jul/2018:19:46:54 +0200] "GET /sonderthemen/presse.html HTTP/1.1" 200 5772 "-" "Java/1.4.1_04"
185.173.176.183 - - [13/Jul/2018:19:46:54 +0200] "GET /contentflow/\"+K.src+\" HTTP/1.1" 404 2381 "-" "Java/1.4.1_04"
188.110.230.185 - - [13/Jul/2018:19:49:26 +0200] "GET /sonderthemen/az2000.pdf HTTP/1.1" 200 2253581 "https://www.google.de/" "Mozilla/5.0 (Windows NT 10.0; WOW64; rv:60.0) Gecko/20100101 Firefox/60.0"
188.110.230.185 - - [13/Jul/2018:19:49:27 +0200] "GET /sonderthemen/az2000.pdf HTTP/1.1" 206 25357 "https://www.google.de/" "Mozilla/5.0 (Windows NT 10.0; WOW64; rv:60.0) Gecko/20100101 Firefox/60.0"
188.110.230.185 - - [13/Jul/2018:19:49:27 +0200] "GET /sonderthemen/az2000.pdf HTTP/1.1" 206 65536 "https://www.google.de/" "Mozilla/5.0 (Windows NT 10.0; WOW64; rv:60.0) Gecko/20100101 Firefox/60.0"
188.110.230.185 - - [13/Jul/2018:19:49:27 +0200] "GET /sonderthemen/az2000.pdf HTTP/1.1" 206 65536 "https://www.google.de/" "Mozilla/5.0 (Windows NT 10.0; WOW64; rv:60.0) Gecko/20100101 Firefox/60.0"
188.110.230.185 - - [13/Jul/2018:19:49:27 +0200] "GET /favicon.ico HTTP/1.1" 200 4286 "-" "Mozilla/5.0 (Windows NT 10.0; WOW64; rv:60.0) Gecko/20100101 Firefox/60.0"
188.110.230.185 - - [13/Jul/2018:19:49:27 +0200] "GET /favicon.ico HTTP/1.1" 200 4286 "-" "Mozilla/5.0 (Windows NT 10.0; WOW64; rv:60.0) Gecko/20100101 Firefox/60.0"
185.154.13.6 - - [13/Jul/2018:19:54:09 +0200] "HEAD / HTTP/1.1" 200 - "http://kabinet-online-vtb.ru" "Mozilla/5.0 (compatible; MSIE6.00; Windows 2009)"
185.209.20.147 - - [13/Jul/2018:19:54:09 +0200] "HEAD / HTTP/1.1" 200 - "http://kabinet-vtb24.ru" "Mozilla/6.0 (compatible; MSIE7.00; Windows 2005)"
178.159.39.237 - - [13/Jul/2018:19:54:09 +0200] "HEAD / HTTP/1.1" 200 - "http://kabinet-mil.ru" "Mozilla/8.0 (compatible; MSIE3.00; Windows 2005)"
77.220.214.180 - - [13/Jul/2018:19:54:10 +0200] "HEAD / HTTP/1.1" 200 - "http://www.skinali.com/fartuk-dlya-kuhni-s-podsvetkoi" "Mozilla/4.0 (compatible; MSIE3.00; Windows 2006)"
77.220.213.173 - - [13/Jul/2018:19:54:14 +0200] "HEAD / HTTP/1.1" 200 - "https://xn----7sbabm1ahc4b2aqff.su" "Mozilla/7.0 (compatible; MSIE3.00; Windows 2003)"
46.229.168.82 - - [13/Jul/2018:19:57:19 +0200] "GET /buecher/rezensionen_nicht_auf_sand_gebaut.html HTTP/1.1" 200 6594 "-" "Mozilla/5.0 (compatible; SemrushBot/2~bl; +http://www.semrush.com/bot.html)"
178.159.43.212 - - [13/Jul/2018:19:58:38 +0200] "HEAD / HTTP/1.1" 200 - "http://kabinet-online-rshb.ru" "Mozilla/2.0 (compatible; MSIE3.00; Windows 2004)"
193.124.190.64 - - [13/Jul/2018:20:27:41 +0200] "HEAD / HTTP/1.1" 200 - "https://dienai.ru/tag/protivoglistnye-preparaty-dlya-cheloveka/" "Mozilla/6.0 (compatible; MSIE3.00; Windows 2008)"
194.67.210.77 - - [13/Jul/2018:20:27:42 +0200] "HEAD / HTTP/1.1" 200 - "https://www.ofme.ru/catalog/3186" "Mozilla/2.0 (compatible; MSIE5.00; Windows 2003)"
185.5.249.185 - - [13/Jul/2018:20:27:42 +0200] "HEAD / HTTP/1.1" 200 - "https://www.prjadko.kiev.ua/ritualnye-uslugi/uslugi-morga.html" "Mozilla/6.0 (compatible; MSIE4.00; Windows 2003)"
193.124.176.156 - - [13/Jul/2018:20:27:43 +0200] "HEAD / HTTP/1.1" 200 - "https://zppp.su/mikoplazmoz/mikoplazmoz-u-detej-110" "Mozilla/5.0 (compatible; MSIE6.00; Windows 2005)"
193.124.179.180 - - [13/Jul/2018:20:27:44 +0200] "HEAD / HTTP/1.1" 200 - "http://tokshow.online/category/tok-show/sinyaya-ptica-poslednie-vypuski/" "Mozilla/2.0 (compatible; MSIE6.00; Windows 2007)"
185.125.219.134 - - [13/Jul/2018:20:27:46 +0200] "HEAD / HTTP/1.1" 200 - "http://rupolitshow.ru/exo-moskvy-osoboe-mnenie-2016.html" "Mozilla/6.0 (compatible; MSIE4.00; Windows 2004)"
194.87.236.223 - - [13/Jul/2018:20:35:02 +0200] "HEAD / HTTP/1.1" 200 - "https://pokupaylegko.ru/shop/original_present/" "Mozilla/3.0 (compatible; MSIE3.00; Windows 2005)"
188.110.230.185 - - [13/Jul/2018:20:55:23 +0200] "GET /sonderthemen/az2000.pdf HTTP/1.1" 200 2253581 "-" "Mozilla/5.0 (Windows NT 10.0; WOW64; rv:60.0) Gecko/20100101 Firefox/60.0"
93.236.9.67 - - [13/Jul/2018:21:20:18 +0200] "GET /cds/hymnos_akathistos.html HTTP/1.1" 200 11061 "https://www.google.de/" "Mozilla/5.0 (Linux; Android 8.0.0; SAMSUNG SM-A520F Build/R16NW) AppleWebKit/537.36 (KHTML, like Gecko) SamsungBrowser/7.2 Chrome/59.0.3071.125 Mobile Safari/537.36"
93.236.9.67 - - [13/Jul/2018:21:20:18 +0200] "GET /main.css HTTP/1.1" 200 1439 "http://www.morusverlag.de/cds/hymnos_akathistos.html" "Mozilla/5.0 (Linux; Android 8.0.0; SAMSUNG SM-A520F Build/R16NW) AppleWebKit/537.36 (KHTML, like Gecko) SamsungBrowser/7.2 Chrome/59.0.3071.125 Mobile Safari/537.36"
93.236.9.67 - - [13/Jul/2018:21:20:19 +0200] "GET /logo_g.gif HTTP/1.1" 200 1301 "http://www.morusverlag.de/cds/hymnos_akathistos.html" "Mozilla/5.0 (Linux; Android 8.0.0; SAMSUNG SM-A520F Build/R16NW) AppleWebKit/537.36 (KHTML, like Gecko) SamsungBrowser/7.2 Chrome/59.0.3071.125 Mobile Safari/537.36"
93.236.9.67 - - [13/Jul/2018:21:20:19 +0200] "GET /mv_g.gif HTTP/1.1" 200 4070 "http://www.morusverlag.de/cds/hymnos_akathistos.html" "Mozilla/5.0 (Linux; Android 8.0.0; SAMSUNG SM-A520F Build/R16NW) AppleWebKit/537.36 (KHTML, like Gecko) SamsungBrowser/7.2 Chrome/59.0.3071.125 Mobile Safari/537.36"
93.236.9.67 - - [13/Jul/2018:21:20:19 +0200] "GET /strich.gif HTTP/1.1" 200 45 "http://www.morusverlag.de/cds/hymnos_akathistos.html" "Mozilla/5.0 (Linux; Android 8.0.0; SAMSUNG SM-A520F Build/R16NW) AppleWebKit/537.36 (KHTML, like Gecko) SamsungBrowser/7.2 Chrome/59.0.3071.125 Mobile Safari/537.36"
93.236.9.67 - - [13/Jul/2018:21:20:19 +0200] "GET /m.gif HTTP/1.1" 200 95 "http://www.morusverlag.de/cds/hymnos_akathistos.html" "Mozilla/5.0 (Linux; Android 8.0.0; SAMSUNG SM-A520F Build/R16NW) AppleWebKit/537.36 (KHTML, like Gecko) SamsungBrowser/7.2 Chrome/59.0.3071.125 Mobile Safari/537.36"
93.236.9.67 - - [13/Jul/2018:21:20:19 +0200] "GET /pf.gif HTTP/1.1" 200 62 "http://www.morusverlag.de/cds/hymnos_akathistos.html" "Mozilla/5.0 (Linux; Android 8.0.0; SAMSUNG SM-A520F Build/R16NW) AppleWebKit/537.36 (KHTML, like Gecko) SamsungBrowser/7.2 Chrome/59.0.3071.125 Mobile Safari/537.36"
93.236.9.67 - - [13/Jul/2018:21:20:19 +0200] "GET /cds/hymnos.jpg HTTP/1.1" 200 27752 "http://www.morusverlag.de/cds/hymnos_akathistos.html" "Mozilla/5.0 (Linux; Android 8.0.0; SAMSUNG SM-A520F Build/R16NW) AppleWebKit/537.36 (KHTML, like Gecko) SamsungBrowser/7.2 Chrome/59.0.3071.125 Mobile Safari/537.36"
93.236.9.67 - - [13/Jul/2018:21:20:19 +0200] "GET /cds/hymnos_heft.jpg HTTP/1.1" 200 8653 "http://www.morusverlag.de/cds/hymnos_akathistos.html" "Mozilla/5.0 (Linux; Android 8.0.0; SAMSUNG SM-A520F Build/R16NW) AppleWebKit/537.36 (KHTML, like Gecko) SamsungBrowser/7.2 Chrome/59.0.3071.125 Mobile Safari/537.36"
93.236.9.67 - - [13/Jul/2018:21:20:19 +0200] "GET /favicon.ico HTTP/1.1" 200 4286 "http://www.morusverlag.de/cds/hymnos_akathistos.html" "Mozilla/5.0 (Linux; Android 8.0.0; SAMSUNG SM-A520F Build/R16NW) AppleWebKit/537.36 (KHTML, like Gecko) SamsungBrowser/7.2 Chrome/59.0.3071.125 Mobile Safari/537.36"
87.102.202.99 - - [13/Jul/2018:21:29:58 +0200] "GET /cds/rosarium.html HTTP/1.1" 200 6680 "http://www.skoczowski.de/html/gregorianik.html" "Mozilla/5.0 (Macintosh; Intel Mac OS X 10.12; rv:61.0) Gecko/20100101 Firefox/61.0"
87.102.202.99 - - [13/Jul/2018:21:29:58 +0200] "GET /main.css HTTP/1.1" 200 1439 "http://www.morusverlag.de/cds/rosarium.html" "Mozilla/5.0 (Macintosh; Intel Mac OS X 10.12; rv:61.0) Gecko/20100101 Firefox/61.0"
87.102.202.99 - - [13/Jul/2018:21:29:58 +0200] "GET /logo_g.gif HTTP/1.1" 200 1301 "http://www.morusverlag.de/cds/rosarium.html" "Mozilla/5.0 (Macintosh; Intel Mac OS X 10.12; rv:61.0) Gecko/20100101 Firefox/61.0"
87.102.202.99 - - [13/Jul/2018:21:29:58 +0200] "GET /cds/rosarium.jpg HTTP/1.1" 200 21032 "http://www.morusverlag.de/cds/rosarium.html" "Mozilla/5.0 (Macintosh; Intel Mac OS X 10.12; rv:61.0) Gecko/20100101 Firefox/61.0"
87.102.202.99 - - [13/Jul/2018:21:29:58 +0200] "GET /mv_g.gif HTTP/1.1" 200 4070 "http://www.morusverlag.de/cds/rosarium.html" "Mozilla/5.0 (Macintosh; Intel Mac OS X 10.12; rv:61.0) Gecko/20100101 Firefox/61.0"
87.102.202.99 - - [13/Jul/2018:21:29:58 +0200] "GET /m.gif HTTP/1.1" 200 95 "http://www.morusverlag.de/cds/rosarium.html" "Mozilla/5.0 (Macintosh; Intel Mac OS X 10.12; rv:61.0) Gecko/20100101 Firefox/61.0"
87.102.202.99 - - [13/Jul/2018:21:29:58 +0200] "GET /pf.gif HTTP/1.1" 200 62 "http://www.morusverlag.de/cds/rosarium.html" "Mozilla/5.0 (Macintosh; Intel Mac OS X 10.12; rv:61.0) Gecko/20100101 Firefox/61.0"
87.102.202.99 - - [13/Jul/2018:21:29:59 +0200] "GET /strich.gif HTTP/1.1" 200 45 "http://www.morusverlag.de/cds/rosarium.html" "Mozilla/5.0 (Macintosh; Intel Mac OS X 10.12; rv:61.0) Gecko/20100101 Firefox/61.0"
87.102.202.99 - - [13/Jul/2018:21:29:59 +0200] "GET /favicon.ico HTTP/1.1" 200 4286 "-" "Mozilla/5.0 (Macintosh; Intel Mac OS X 10.12; rv:61.0) Gecko/20100101 Firefox/61.0"
87.102.202.99 - - [13/Jul/2018:21:29:59 +0200] "GET /favicon.ico HTTP/1.1" 200 4286 "-" "Mozilla/5.0 (Macintosh; Intel Mac OS X 10.12; rv:61.0) Gecko/20100101 Firefox/61.0"
178.197.228.93 - - [13/Jul/2018:21:31:10 +0200] "GET /wp-login.php HTTP/1.1" 404 2381 "-" "Mozilla/5.0 (Windows NT 6.1; WOW64; rv:40.0) Gecko/20100101 Firefox/40.1"
178.197.228.93 - - [13/Jul/2018:21:31:10 +0200] "GET / HTTP/1.1" 200 9360 "-" "Mozilla/5.0 (Windows NT 6.1; WOW64; rv:40.0) Gecko/20100101 Firefox/40.1"
144.76.162.206 - - [13/Jul/2018:21:49:34 +0200] "GET /sonderthemen/oekt_extra2.pdf HTTP/1.1" 200 1939949 "-" "Mozilla/5.0 (Macintosh; Intel Mac OS X 10_6_8) AppleWebKit/534.59.8 (KHTML, like Gecko) Version/5.1.9 Safari/534.59.8"
66.249.69.179 - - [13/Jul/2018:22:04:14 +0200] "GET /sonderthemen/oekz2003.pdf HTTP/1.1" 304 - "-" "Mozilla/5.0 (Linux; Android 6.0.1; Nexus 5X Build/MMB29P) AppleWebKit/537.36 (KHTML, like Gecko) Chrome/41.0.2272.96 Mobile Safari/537.36 (compatible; Googlebot/2.1; +http://www.google.com/bot.html)"
69.64.40.177 - - [13/Jul/2018:22:14:02 +0200] "GET /buecher/gesichter/10.jpg HTTP/1.1" 200 7686 "-" "Googlebot-Image/1.0"
54.36.148.124 - - [13/Jul/2018:22:14:56 +0200] "GET /jahrbuch/index.html HTTP/1.1" 200 3956 "-" "Mozilla/5.0 (compatible; AhrefsBot/5.2; +http://ahrefs.com/robot/)"
5.9.112.6 - - [13/Jul/2018:22:30:00 +0200] "GET /sonderthemen/oekt_extra3.pdf HTTP/1.1" 200 2109745 "-" "Mozilla/5.0 (Macintosh; Intel Mac OS X 10_12_6) AppleWebKit/537.36 (KHTML, like Gecko) Chrome/64.0.3282.119 Safari/537.36"
157.55.39.22 - - [13/Jul/2018:22:51:20 +0200] "GET /robots.txt HTTP/1.1" 200 100 "-" "Mozilla/5.0 (compatible; bingbot/2.0; +http://www.bing.com/bingbot.htm)"
157.55.39.199 - - [13/Jul/2018:22:51:25 +0200] "GET /cds/index.html HTTP/1.1" 200 7987 "-" "Mozilla/5.0 (compatible; bingbot/2.0; +http://www.bing.com/bingbot.htm)"
157.55.39.199 - - [13/Jul/2018:22:56:00 +0200] "GET /jahrbuch/index.html HTTP/1.1" 200 3956 "-" "Mozilla/5.0 (compatible; bingbot/2.0; +http://www.bing.com/bingbot.htm)"
78.46.94.83 - - [13/Jul/2018:23:25:43 +0200] "GET /sonderthemen/az2000.pdf HTTP/1.1" 200 2253581 "-" "Mozilla/5.0 (Macintosh; Intel Mac OS X 10_13_2) AppleWebKit/604.4.7 (KHTML, like Gecko) Version/11.0.2 Safari/604.4.7"
66.249.75.135 - - [13/Jul/2018:23:54:14 +0200] "GET /sonderthemen/oekz2003.pdf HTTP/1.1" 304 - "-" "Mozilla/5.0 (Linux; Android 6.0.1; Nexus 5X Build/MMB29P) AppleWebKit/537.36 (KHTML, like Gecko) Chrome/41.0.2272.96 Mobile Safari/537.36 (compatible; Googlebot/2.1; +http://www.google.com/bot.html)"
5.9.94.207 - - [14/Jul/2018:00:33:11 +0200] "GET /sonderthemen/az1999.pdf HTTP/1.1" 200 1842982 "-" "Mozilla/5.0 (Macintosh; Intel Mac OS X 1084) AppleWebKit/536.28.10 (KHTML like Gecko) Version/6.0.3 Safari/536.28.10"
148.251.237.246 - - [14/Jul/2018:00:33:29 +0200] "GET /sonderthemen/az1999.pdf HTTP/1.1" 200 1842982 "-" "Mozilla/5.0 (Windows NT 10.0; Win64; x64; rv:57.0) Gecko/20100101 Firefox/57.0"
157.55.39.166 - - [14/Jul/2018:00:44:48 +0200] "GET /sonderthemen/oekt_extra1.pdf HTTP/1.1" 200 1849015 "-" "Mozilla/5.0 (compatible; bingbot/2.0; +http://www.bing.com/bingbot.htm)"
157.55.39.199 - - [14/Jul/2018:00:44:58 +0200] "GET /robots.txt HTTP/1.1" 200 100 "-" "Mozilla/5.0 (compatible; bingbot/2.0; +http://www.bing.com/bingbot.htm)"
87.233.96.3 - - [14/Jul/2018:01:13:17 +0200] "GET / HTTP/1.1" 200 9360 "-" "Mozilla/5.0 X11; Linux x86_64 AppleWebKit/537.36 (KHTML, like Gecko) Chrome/43.0.2357.125 Safari/537.36"
87.233.96.3 - - [14/Jul/2018:01:13:22 +0200] "GET /impressum.html HTTP/1.1" 200 2808 "-" "Mozilla/5.0 X11; Linux x86_64 AppleWebKit/537.36 (KHTML, like Gecko) Chrome/43.0.2357.125 Safari/537.36"
42.236.54.42 - - [14/Jul/2018:01:13:42 +0200] "GET / HTTP/1.1" 200 9360 "http://www.morusverlag.de/" "Mozilla/5.0 (Windows NT 6.1; WOW64) AppleWebKit/537.36 (KHTML, like Gecko) Chrome/50.0.2661.102 Safari/537.36; 360Spider"
66.249.75.135 - - [14/Jul/2018:01:24:15 +0200] "GET /sonderthemen/oekz2003.pdf HTTP/1.1" 304 - "-" "Mozilla/5.0 (Linux; Android 6.0.1; Nexus 5X Build/MMB29P) AppleWebKit/537.36 (KHTML, like Gecko) Chrome/41.0.2272.96 Mobile Safari/537.36 (compatible; Googlebot/2.1; +http://www.google.com/bot.html)"
62.138.0.25 - - [14/Jul/2018:01:24:58 +0200] "GET /robots.txt HTTP/1.1" 200 100 "-" "Mozilla/5.0 (compatible; adscanner/)"
62.138.0.25 - - [14/Jul/2018:01:24:58 +0200] "GET /buecher/gesichter/30.jpg HTTP/1.1" 200 8702 "-" "Mozilla/5.0 (compatible; adscanner/)"
85.25.210.234 - - [14/Jul/2018:01:27:57 +0200] "GET /robots.txt HTTP/1.1" 200 100 "-" "Mozilla/5.0 (compatible; adscanner/)"
85.25.210.234 - - [14/Jul/2018:01:27:57 +0200] "GET /sonderthemen/oeaz2002.pdf HTTP/1.1" 200 3161455 "-" "Mozilla/5.0 (compatible; adscanner/)"
62.138.0.25 - - [14/Jul/2018:01:36:34 +0200] "GET /jahrbuch/titelseiten/2002.jpg HTTP/1.1" 200 11036 "-" "Mozilla/5.0 (compatible; adscanner/)"
82.208.160.181 - - [14/Jul/2018:01:41:27 +0200] "GET /impressum.html HTTP/1.1" 200 2808 "-" "Mozilla/5.0 (compatible& Googlebot/2.1& +http://www.google.com/bot.html)"
82.208.160.181 - - [14/Jul/2018:01:41:27 +0200] "GET /impressum.html HTTP/1.1" 200 2808 "-" "Mozilla/5.0 (Linux; U; Android 4.0.3; ko-kr; LG-L160L Build/IML74K) AppleWebkit/534.30 (KHTML, like Gecko) Version/4.0 Mobile Safari/534.30"
185.173.176.183 - - [14/Jul/2018:01:51:17 +0200] "GET / HTTP/1.1" 200 9360 "-" "Java/1.4.1_04"
185.173.176.183 - - [14/Jul/2018:01:51:18 +0200] "GET /impressum.html HTTP/1.1" 200 2808 "-" "Java/1.4.1_04"
185.173.176.183 - - [14/Jul/2018:01:51:18 +0200] "GET /index.html HTTP/1.1" 200 9360 "-" "Java/1.4.1_04"
185.173.176.183 - - [14/Jul/2018:01:51:18 +0200] "GET /buecher/index.html HTTP/1.1" 200 25885 "-" "Java/1.4.1_04"
185.173.176.183 - - [14/Jul/2018:01:51:18 +0200] "GET /buecher/rezensionen_chateaubriand.html HTTP/1.1" 200 47317 "-" "Java/1.4.1_04"
185.173.176.183 - - [14/Jul/2018:01:51:19 +0200] "GET /buecher/veroeffentlichungsliste.html HTTP/1.1" 200 129779 "-" "Java/1.4.1_04"
185.173.176.183 - - [14/Jul/2018:01:51:21 +0200] "GET /cds/hymnos_akathistos.html HTTP/1.1" 200 11061 "-" "Java/1.4.1_04"
185.173.176.183 - - [14/Jul/2018:01:51:21 +0200] "GET /cds/ignatius.html HTTP/1.1" 200 6576 "-" "Java/1.4.1_04"
185.173.176.183 - - [14/Jul/2018:01:51:21 +0200] "GET /cds/index.html HTTP/1.1" 200 7987 "-" "Java/1.4.1_04"
185.173.176.183 - - [14/Jul/2018:01:51:21 +0200] "GET /cds/rosarium.html HTTP/1.1" 200 6680 "-" "Java/1.4.1_04"
185.173.176.183 - - [14/Jul/2018:01:51:21 +0200] "GET /gotteslob/index.html HTTP/1.1" 200 2770 "-" "Java/1.4.1_04"
185.173.176.183 - - [14/Jul/2018:01:51:22 +0200] "GET /jahrbuch/index.html HTTP/1.1" 200 3956 "-" "Java/1.4.1_04"
185.173.176.183 - - [14/Jul/2018:01:51:22 +0200] "GET /kontakt/index.html HTTP/1.1" 200 2896 "-" "Java/1.4.1_04"
185.173.176.183 - - [14/Jul/2018:01:51:22 +0200] "GET /sonderthemen/index.html HTTP/1.1" 200 7102 "-" "Java/1.4.1_04"
185.173.176.183 - - [14/Jul/2018:01:51:22 +0200] "GET /buecher/bestellung.php HTTP/1.1" 200 10142 "-" "Java/1.4.1_04"
185.173.176.183 - - [14/Jul/2018:01:51:23 +0200] "GET /buecher/diskussion.html HTTP/1.1" 200 9925 "-" "Java/1.4.1_04"
185.173.176.183 - - [14/Jul/2018:01:51:24 +0200] "GET /buecher/rezensionen_engel.html HTTP/1.1" 200 6598 "-" "Java/1.4.1_04"
185.173.176.183 - - [14/Jul/2018:01:51:24 +0200] "GET /buecher/rezensionen_krise_zum_heil.html HTTP/1.1" 200 9828 "-" "Java/1.4.1_04"
185.173.176.183 - - [14/Jul/2018:01:51:24 +0200] "GET /buecher/rezensionen_le_saulchoir.html HTTP/1.1" 200 34009 "-" "Java/1.4.1_04"
185.173.176.183 - - [14/Jul/2018:01:51:24 +0200] "GET /buecher/rezensionen_leiblichkeit_und_zeitlichkeit.html HTTP/1.1" 200 8821 "-" "Java/1.4.1_04"
185.173.176.183 - - [14/Jul/2018:01:51:24 +0200] "GET /buecher/rezensionen_nicht_auf_sand_gebaut.html HTTP/1.1" 200 6594 "-" "Java/1.4.1_04"
185.173.176.183 - - [14/Jul/2018:01:51:25 +0200] "GET /buecher/rezensionen_preysing.html HTTP/1.1" 200 9502 "-" "Java/1.4.1_04"
185.173.176.183 - - [14/Jul/2018:01:51:25 +0200] "GET /buecher/rezensionen_psalmen.html HTTP/1.1" 200 6787 "-" "Java/1.4.1_04"
185.173.176.183 - - [14/Jul/2018:01:51:25 +0200] "GET /contentflow/contentflow.js HTTP/1.1" 200 42064 "-" "Java/1.4.1_04"
185.173.176.183 - - [14/Jul/2018:01:51:25 +0200] "GET /buecher/rezensionen.html HTTP/1.1" 200 6964 "-" "Java/1.4.1_04"
185.173.176.183 - - [14/Jul/2018:01:51:25 +0200] "GET /buecher/rezensionen_ignatius.html HTTP/1.1" 200 8182 "-" "Java/1.4.1_04"
185.173.176.183 - - [14/Jul/2018:01:51:25 +0200] "GET /cds/astazi.html HTTP/1.1" 200 8453 "-" "Java/1.4.1_04"
185.173.176.183 - - [14/Jul/2018:01:51:25 +0200] "GET /cds/glockenspiel1.html HTTP/1.1" 200 9736 "-" "Java/1.4.1_04"
185.173.176.183 - - [14/Jul/2018:01:51:26 +0200] "GET /cds/glockenspiel2.html HTTP/1.1" 200 9831 "-" "Java/1.4.1_04"
185.173.176.183 - - [14/Jul/2018:01:51:28 +0200] "GET /cds/lumina.html HTTP/1.1" 200 9000 "-" "Java/1.4.1_04"
185.173.176.183 - - [14/Jul/2018:01:51:28 +0200] "GET /jahrbuch/bestellung.php HTTP/1.1" 200 10316 "-" "Java/1.4.1_04"
185.173.176.183 - - [14/Jul/2018:01:51:29 +0200] "GET /sonderthemen/archiv.html HTTP/1.1" 200 6959 "-" "Java/1.4.1_04"
185.173.176.183 - - [14/Jul/2018:01:51:29 +0200] "GET /sonderthemen/presse.html HTTP/1.1" 200 5772 "-" "Java/1.4.1_04"
185.173.176.183 - - [14/Jul/2018:01:51:29 +0200] "GET /contentflow/\"+K.src+\" HTTP/1.1" 404 2381 "-" "Java/1.4.1_04"
62.138.0.25 - - [14/Jul/2018:02:00:44 +0200] "GET /cds/lumina_k.jpg HTTP/1.1" 200 6053 "-" "Mozilla/5.0 (compatible; adscanner/)"
62.138.0.25 - - [14/Jul/2018:02:01:33 +0200] "GET /buecher/rezensionen_ungeteilt.html HTTP/1.1" 200 9764 "-" "Mozilla/5.0 (compatible; adscanner/)"
62.138.0.25 - - [14/Jul/2018:02:03:40 +0200] "GET /jahrbuch/titelseiten/1997.jpg HTTP/1.1" 200 12043 "-" "Mozilla/5.0 (compatible; adscanner/)"
85.25.210.234 - - [14/Jul/2018:02:36:41 +0200] "GET /sonderthemen/sk2002.pdf HTTP/1.1" 200 2628923 "-" "Mozilla/5.0 (compatible; adscanner/)"
148.251.237.246 - - [14/Jul/2018:02:50:54 +0200] "GET /sonderthemen/oeaz2002.pdf HTTP/1.1" 200 3161455 "-" "Mozilla/5.0 (Windows NT 10.0; Win64; x64) AppleWebKit/537.36 (KHTML, like Gecko) Chrome/64.0.3282.119 Safari/537.36"
62.138.0.25 - - [14/Jul/2018:02:54:43 +0200] "GET /jahrbuch/titelseiten/1993.jpg HTTP/1.1" 200 10788 "-" "Mozilla/5.0 (compatible; adscanner/)"
62.138.0.25 - - [14/Jul/2018:02:55:41 +0200] "GET /buecher/gesichter/25.jpg HTTP/1.1" 200 7280 "-" "Mozilla/5.0 (compatible; adscanner/)"
5.9.94.207 - - [14/Jul/2018:03:14:26 +0200] "GET /sonderthemen/az2003.pdf HTTP/1.1" 200 4864675 "-" "Mozilla/5.0 (Macintosh; Intel Mac OS X 107) AppleWebKit/534.48.3 (KHTML like Gecko) Version/5.1 Safari/534.48.3"
85.25.210.234 - - [14/Jul/2018:03:14:29 +0200] "GET /sonderthemen/sk2000.jpg HTTP/1.1" 200 14117 "-" "Mozilla/5.0 (compatible; adscanner/)"
69.64.40.177 - - [14/Jul/2018:03:22:23 +0200] "GET /buecher/gesichter/10.jpg HTTP/1.1" 200 7686 "-" "Googlebot-Image/1.0"
90.73.152.18 - - [14/Jul/2018:03:39:46 +0200] "GET /sonderthemen/oekt_extra3.pdf HTTP/1.0" 200 2109745 "-" "Mozilla/5.0 (Macintosh; Intel Mac OS X 10_12_3) AppleWebKit/537.36 (KHTML, like Gecko) Chrome/56.0.2924.87 Safari/0A8DE9"
136.243.69.224 - - [14/Jul/2018:03:39:49 +0200] "GET /sonderthemen/oekt_extra3.pdf HTTP/1.0" 200 2109745 "-" "Mozilla/5.0 (Macintosh; Intel Mac OS X 10_12_3) AppleWebKit/537.36 (KHTML, like Gecko) Chrome/56.0.2924.87 Safari/537.36"
89.162.13.27 - - [14/Jul/2018:03:39:51 +0200] "GET /sonderthemen/oekt_extra1.pdf HTTP/1.0" 200 1849015 "-" "Mozilla/5.0 (Macintosh; Intel Mac OS X 10_12_3) AppleWebKit/537.36 (KHTML, like Gecko) Chrome/56.0.2924.87 Safari/22A485"
136.243.69.224 - - [14/Jul/2018:03:39:56 +0200] "GET /sonderthemen/oekt_extra1.pdf HTTP/1.0" 200 1849015 "-" "Mozilla/5.0 (Macintosh; Intel Mac OS X 10_12_3) AppleWebKit/537.36 (KHTML, like Gecko) Chrome/56.0.2924.87 Safari/537.36"
77.220.214.180 - - [14/Jul/2018:03:42:02 +0200] "HEAD / HTTP/1.1" 200 - "https://old-lekar.com/kak-prigotovit-nastojku-pustyrnika/" "Mozilla/4.0 (compatible; MSIE7.00; Windows 2004)"
77.220.213.173 - - [14/Jul/2018:03:46:36 +0200] "HEAD / HTTP/1.1" 200 - "http://zaims18let.ru" "Mozilla/6.0 (compatible; MSIE7.00; Windows 2004)"
66.249.75.133 - - [14/Jul/2018:04:24:16 +0200] "GET / HTTP/1.1" 200 9360 "-" "Mozilla/5.0 (Linux; Android 6.0.1; Nexus 5X Build/MMB29P) AppleWebKit/537.36 (KHTML, like Gecko) Chrome/41.0.2272.96 Mobile Safari/537.36 (compatible; Googlebot/2.1; +http://www.google.com/bot.html)"
193.1.218.163 - - [14/Jul/2018:05:03:31 +0200] "HEAD / HTTP/1.1" 200 - "-" "Java/1.6.0_23"
62.138.0.25 - - [14/Jul/2018:05:50:32 +0200] "GET /sonderthemen/az2000.pdf HTTP/1.1" 200 2253581 "-" "Mozilla/5.0 (compatible; adscanner/)"
62.138.0.25 - - [14/Jul/2018:05:50:52 +0200] "GET /sonderthemen/az2000.pdf HTTP/1.1" 200 2253581 "-" "Mozilla/5.0 (compatible; adscanner/)"
66.249.75.131 - - [14/Jul/2018:05:54:16 +0200] "GET / HTTP/1.1" 200 9360 "-" "Mozilla/5.0 (Linux; Android 6.0.1; Nexus 5X Build/MMB29P) AppleWebKit/537.36 (KHTML, like Gecko) Chrome/41.0.2272.96 Mobile Safari/537.36 (compatible; Googlebot/2.1; +http://www.google.com/bot.html)"
88.198.36.62 - - [14/Jul/2018:06:03:05 +0200] "GET /sonderthemen/oekt_extra2.pdf HTTP/1.1" 200 1939949 "-" "Mozilla/5.0 (X11; Linux x86_64) AppleWebKit/537.36 (KHTML, like Gecko) Chrome/64.0.3282.140 Safari/537.36"
62.138.0.25 - - [14/Jul/2018:06:05:07 +0200] "GET /sonderthemen/az1999.pdf HTTP/1.1" 200 1842982 "-" "Mozilla/5.0 (compatible; adscanner/)"
46.229.168.68 - - [14/Jul/2018:06:14:27 +0200] "GET /robots.txt HTTP/1.1" 200 100 "-" "Mozilla/5.0 (compatible; SemrushBot/2~bl; +http://www.semrush.com/bot.html)"
46.229.168.65 - - [14/Jul/2018:06:14:36 +0200] "GET /buecher/rezensionen_psalmen.html HTTP/1.1" 200 6787 "-" "Mozilla/5.0 (compatible; SemrushBot/2~bl; +http://www.semrush.com/bot.html)"
62.138.0.25 - - [14/Jul/2018:06:19:16 +0200] "GET /sonderthemen/sk2001.pdf HTTP/1.1" 200 3098589 "-" "Mozilla/5.0 (compatible; adscanner/)"
62.138.0.25 - - [14/Jul/2018:06:33:52 +0200] "GET /sonderthemen/oeaz2001.pdf HTTP/1.1" 200 4496626 "-" "Mozilla/5.0 (compatible; adscanner/)"
17.58.96.189 - - [14/Jul/2018:06:46:50 +0200] "GET /robots.txt HTTP/1.1" 200 100 "-" "Mozilla/5.0 (Macintosh; Intel Mac OS X 10_10_1) AppleWebKit/600.2.5 (KHTML, like Gecko) Version/8.0.2 Safari/600.2.5 (Applebot/0.1; +http://www.apple.com/go/applebot)"
17.58.96.189 - - [14/Jul/2018:06:46:50 +0200] "GET /cds/index.html HTTP/1.1" 200 7987 "-" "Mozilla/5.0 (Macintosh; Intel Mac OS X 10_10_1) AppleWebKit/600.2.5 (KHTML, like Gecko) Version/8.0.2 Safari/600.2.5 (Applebot/0.1; +http://www.apple.com/go/applebot)"
85.25.210.234 - - [14/Jul/2018:06:47:39 +0200] "GET /sonderthemen/az2003_s01.pdf HTTP/1.1" 200 120642 "-" "Mozilla/5.0 (compatible; adscanner/)"
18.194.173.169 - - [14/Jul/2018:07:02:30 +0200] "GET /robots.txt HTTP/1.1" 200 100 "-" "Mozilla/5.0 (compatible; Cliqzbot/2.0; +http://cliqz.com/company/cliqzbot)"
18.194.173.169 - - [14/Jul/2018:07:02:31 +0200] "GET /cds/glockenspiel1.html HTTP/1.1" 200 9736 "-" "Mozilla/5.0 (compatible; Cliqzbot/2.0; +http://cliqz.com/company/cliqzbot)"
85.25.210.234 - - [14/Jul/2018:07:06:22 +0200] "GET /buecher/rezensionen_krise_zum_heil.html HTTP/1.1" 200 9828 "-" "Mozilla/5.0 (compatible; adscanner/)"
88.198.90.9 - - [14/Jul/2018:07:07:17 +0200] "GET /sonderthemen/sk2000.pdf HTTP/1.1" 200 2925489 "-" "Mozilla/5.0 (X11; Linux x86_64) AppleWebKit/537.36 (KHTML, like Gecko) Chrome/64.0.3282.140 Safari/537.36"
185.154.13.6 - - [14/Jul/2018:07:10:18 +0200] "HEAD / HTTP/1.1" 200 - "https://www.probenzo.com.ua/sad_ogorod/motokosy/viper-cg-430b-p-%D0%BE%D1%82%D0%B7%D1%8B%D0%B2%D1%8B-%D0%BA%D1%83%D0%BF%D0%B8%D1%82%D1%8C" "Mozilla/2.0 (compatible; MSIE2.00; Windows 2007)"
185.209.20.147 - - [14/Jul/2018:07:10:18 +0200] "HEAD / HTTP/1.1" 200 - "http://www.mos-teplohod.ru/o-nas/kontakty" "Mozilla/3.0 (compatible; MSIE5.00; Windows 2006)"
178.159.39.237 - - [14/Jul/2018:07:10:18 +0200] "HEAD / HTTP/1.1" 200 - "http://cookingfun.ru/p956-spagetti_s_syrom_i_pomidoram.html" "Mozilla/2.0 (compatible; MSIE5.00; Windows 2005)"
62.138.0.25 - - [14/Jul/2018:07:34:45 +0200] "GET /buecher/rezensionen_leiblichkeit_und_zeitlichkeit.html HTTP/1.1" 200 8821 "-" "Mozilla/5.0 (compatible; adscanner/)"
85.25.210.234 - - [14/Jul/2018:07:47:29 +0200] "GET /buecher/rezensionen_psalmen.html HTTP/1.1" 200 6787 "-" "Mozilla/5.0 (compatible; adscanner/)"
66.249.75.133 - - [14/Jul/2018:07:54:17 +0200] "GET / HTTP/1.1" 200 9360 "-" "Mozilla/5.0 (Linux; Android 6.0.1; Nexus 5X Build/MMB29P) AppleWebKit/537.36 (KHTML, like Gecko) Chrome/41.0.2272.96 Mobile Safari/537.36 (compatible; Googlebot/2.1; +http://www.google.com/bot.html)"
62.138.0.25 - - [14/Jul/2018:08:01:31 +0200] "GET /sonderthemen/oekt_extra1.pdf HTTP/1.1" 200 1849015 "-" "Mozilla/5.0 (compatible; adscanner/)"
157.55.39.199 - - [14/Jul/2018:08:12:09 +0200] "GET /gotteslob/index.html HTTP/1.1" 200 2770 "-" "Mozilla/5.0 (compatible; bingbot/2.0; +http://www.bing.com/bingbot.htm)"
85.25.210.234 - - [14/Jul/2018:08:16:13 +0200] "GET /sonderthemen/sk2004.pdf HTTP/1.1" 200 1967215 "-" "Mozilla/5.0 (compatible; adscanner/)"
85.25.210.234 - - [14/Jul/2018:08:16:39 +0200] "GET /sonderthemen/sk2004.pdf HTTP/1.1" 200 1967215 "-" "Mozilla/5.0 (compatible; adscanner/)"
194.87.236.223 - - [14/Jul/2018:08:20:10 +0200] "HEAD / HTTP/1.1" 200 - "http://vseteplohodi.ru/veduschij_na_meroprijatie/" "Mozilla/3.0 (compatible; MSIE5.00; Windows 2006)"
5.9.94.207 - - [14/Jul/2018:08:47:40 +0200] "GET /sonderthemen/oekt_extra3.pdf HTTP/1.1" 200 2109745 "-" "Mozilla/5.0 (Windows NT 10.0; Win64; x64) AppleWebKit/537.36 (KHTML, like Gecko) Chrome/63.0.3239.132 Safari/537.36"
66.249.75.135 - - [14/Jul/2018:09:14:17 +0200] "GET / HTTP/1.1" 200 9360 "-" "Mozilla/5.0 (Linux; Android 6.0.1; Nexus 5X Build/MMB29P) AppleWebKit/537.36 (KHTML, like Gecko) Chrome/41.0.2272.96 Mobile Safari/537.36 (compatible; Googlebot/2.1; +http://www.google.com/bot.html)"
77.220.214.180 - - [14/Jul/2018:09:17:28 +0200] "HEAD / HTTP/1.1" 200 - "https://old-lekar.com/tatarnik-kolyuchij-budyak-rastoropsha-pyatnistaya/" "Mozilla/5.0 (compatible; MSIE3.00; Windows 2007)"
77.220.213.173 - - [14/Jul/2018:09:19:40 +0200] "HEAD / HTTP/1.1" 200 - "http://zaims18let.ru" "Mozilla/2.0 (compatible; MSIE3.00; Windows 2007)"
157.55.39.166 - - [14/Jul/2018:09:27:43 +0200] "GET /impressum.html HTTP/1.1" 200 2808 "-" "Mozilla/5.0 (iPhone; CPU iPhone OS 7_0 like Mac OS X) AppleWebKit/537.51.1 (KHTML, like Gecko) Version/7.0 Mobile/11A465 Safari/9537.53 (compatible; bingbot/2.0; +http://www.bing.com/bingbot.htm)"
85.25.210.234 - - [14/Jul/2018:09:40:26 +0200] "GET / HTTP/1.1" 200 9360 "-" "Mozilla/5.0 (compatible; adscanner/)"
162.210.196.97 - - [14/Jul/2018:10:09:03 +0200] "GET /robots.txt HTTP/1.1" 200 100 "-" "Mozilla/5.0 (compatible; MJ12bot/v1.4.8; http://mj12bot.com/)"
162.210.196.97 - - [14/Jul/2018:10:09:05 +0200] "GET / HTTP/1.1" 200 9360 "-" "Mozilla/5.0 (compatible; MJ12bot/v1.4.8; http://mj12bot.com/)"
85.7.132.188 - - [14/Jul/2018:10:16:42 +0200] "GET /robots.txt HTTP/1.1" 200 100 "-" "crawler4j (https://github.com/yasserg/crawler4j/)"
46.229.168.77 - - [14/Jul/2018:10:52:34 +0200] "GET /robots.txt HTTP/1.1" 200 100 "-" "Mozilla/5.0 (compatible; SemrushBot/2~bl; +http://www.semrush.com/bot.html)"
46.229.168.77 - - [14/Jul/2018:10:52:39 +0200] "GET /kontakt/index.html HTTP/1.1" 200 2896 "-" "Mozilla/5.0 (compatible; SemrushBot/2~bl; +http://www.semrush.com/bot.html)"
66.249.75.133 - - [14/Jul/2018:10:58:09 +0200] "GET /logo_g.gif HTTP/1.1" 304 - "-" "Googlebot-Image/1.0"
157.55.39.166 - - [14/Jul/2018:11:48:07 +0200] "GET /cds/ignatius.html HTTP/1.1" 200 6576 "-" "Mozilla/5.0 (iPhone; CPU iPhone OS 7_0 like Mac OS X) AppleWebKit/537.51.1 (KHTML, like Gecko) Version/7.0 Mobile/11A465 Safari/9537.53 (compatible; bingbot/2.0; +http://www.bing.com/bingbot.htm)"
207.46.13.55 - - [14/Jul/2018:11:57:38 +0200] "GET /cds/simplay_control.swf HTTP/1.1" 200 1243 "-" "Mozilla/5.0 (iPhone; CPU iPhone OS 7_0 like Mac OS X) AppleWebKit/537.51.1 (KHTML, like Gecko) Version/7.0 Mobile/11A465 Safari/9537.53 (compatible; bingbot/2.0; +http://www.bing.com/bingbot.htm)"
207.46.13.55 - - [14/Jul/2018:11:57:38 +0200] "GET /cds/simplay_player.swf?audiofile=der_mensch.mp3 HTTP/1.1" 200 6377 "-" "Mozilla/5.0 (iPhone; CPU iPhone OS 7_0 like Mac OS X) AppleWebKit/537.51.1 (KHTML, like Gecko) Version/7.0 Mobile/11A465 Safari/9537.53 (compatible; bingbot/2.0; +http://www.bing.com/bingbot.htm)"
40.77.167.54 - - [14/Jul/2018:11:57:42 +0200] "GET /cds/ignatius.jpg HTTP/1.1" 200 18712 "-" "Mozilla/5.0 (iPhone; CPU iPhone OS 7_0 like Mac OS X) AppleWebKit/537.51.1 (KHTML, like Gecko) Version/7.0 Mobile/11A465 Safari/9537.53 (compatible; bingbot/2.0; +http://www.bing.com/bingbot.htm)"
40.77.167.54 - - [14/Jul/2018:11:57:43 +0200] "GET /logo_g.gif HTTP/1.1" 200 1301 "-" "Mozilla/5.0 (iPhone; CPU iPhone OS 7_0 like Mac OS X) AppleWebKit/537.51.1 (KHTML, like Gecko) Version/7.0 Mobile/11A465 Safari/9537.53 (compatible; bingbot/2.0; +http://www.bing.com/bingbot.htm)"
40.77.167.54 - - [14/Jul/2018:11:57:43 +0200] "GET /pf.gif HTTP/1.1" 200 62 "-" "Mozilla/5.0 (iPhone; CPU iPhone OS 7_0 like Mac OS X) AppleWebKit/537.51.1 (KHTML, like Gecko) Version/7.0 Mobile/11A465 Safari/9537.53 (compatible; bingbot/2.0; +http://www.bing.com/bingbot.htm)"
157.55.39.166 - - [14/Jul/2018:11:57:48 +0200] "GET /main.css HTTP/1.1" 200 1439 "-" "Mozilla/5.0 (iPhone; CPU iPhone OS 7_0 like Mac OS X) AppleWebKit/537.51.1 (KHTML, like Gecko) Version/7.0 Mobile/11A465 Safari/9537.53 (compatible; bingbot/2.0; +http://www.bing.com/bingbot.htm)"
78.46.94.83 - - [14/Jul/2018:12:18:12 +0200] "GET /sonderthemen/oekz2003.pdf HTTP/1.1" 200 4017017 "-" "Mozilla/5.0 (X11; Linux x86_64) AppleWebKit/537.36 (KHTML, like Gecko) Chrome/64.0.3282.140 Safari/537.36"
37.229.254.170 - - [14/Jul/2018:12:45:56 +0200] "GET / HTTP/1.1" 200 9360 "https://dawlenie.com/" "Opera/8.00 (Windows NT 5.1; U; en)"
37.229.254.170 - - [14/Jul/2018:12:45:57 +0200] "GET / HTTP/1.1" 200 9360 "https://dawlenie.com/" "Opera/8.00 (Windows NT 5.1; U; en)"
37.229.254.170 - - [14/Jul/2018:12:45:58 +0200] "GET / HTTP/1.1" 200 9360 "https://dawlenie.com/" "Opera/8.00 (Windows NT 5.1; U; en)"
40.77.190.104 - - [14/Jul/2018:12:58:41 +0200] "GET /mv_g.gif HTTP/1.1" 200 4070 "-" "Mozilla/5.0 (iPhone; CPU iPhone OS 7_0 like Mac OS X) AppleWebKit/537.51.1 (KHTML, like Gecko) Version/7.0 Mobile/11A465 Safari/9537.53 BingPreview/1.0b"
40.77.190.20 - - [14/Jul/2018:12:58:41 +0200] "GET /m.gif HTTP/1.1" 200 95 "-" "Mozilla/5.0 (iPhone; CPU iPhone OS 7_0 like Mac OS X) AppleWebKit/537.51.1 (KHTML, like Gecko) Version/7.0 Mobile/11A465 Safari/9537.53 BingPreview/1.0b"
40.77.190.107 - - [14/Jul/2018:12:58:42 +0200] "GET /strich.gif HTTP/1.1" 200 45 "-" "Mozilla/5.0 (iPhone; CPU iPhone OS 7_0 like Mac OS X) AppleWebKit/537.51.1 (KHTML, like Gecko) Version/7.0 Mobile/11A465 Safari/9537.53 BingPreview/1.0b"
40.77.190.107 - - [14/Jul/2018:12:58:42 +0200] "GET /cds/simplaydata/controlconfig.xml?nocache=1531565565593 HTTP/1.1" 200 121 "-" "Mozilla/5.0 (iPhone; CPU iPhone OS 7_0 like Mac OS X) AppleWebKit/537.51.1 (KHTML, like Gecko) Version/7.0 Mobile/11A465 Safari/9537.53 BingPreview/1.0b"
40.77.189.60 - - [14/Jul/2018:12:58:43 +0200] "GET /cds/simplaydata/playerconfig.xml?nocache=1531565565632 HTTP/1.1" 200 149 "-" "Mozilla/5.0 (iPhone; CPU iPhone OS 7_0 like Mac OS X) AppleWebKit/537.51.1 (KHTML, like Gecko) Version/7.0 Mobile/11A465 Safari/9537.53 BingPreview/1.0b"
40.77.189.60 - - [14/Jul/2018:12:58:43 +0200] "GET /cds/simplaydata/controlskins/default/skin.xml HTTP/1.1" 200 349 "-" "Mozilla/5.0 (iPhone; CPU iPhone OS 7_0 like Mac OS X) AppleWebKit/537.51.1 (KHTML, like Gecko) Version/7.0 Mobile/11A465 Safari/9537.53 BingPreview/1.0b"
40.77.190.107 - - [14/Jul/2018:12:58:43 +0200] "GET /cds/simplaydata/playerskins/default/skin.xml?nocache=1531565566168 HTTP/1.1" 200 649 "-" "Mozilla/5.0 (iPhone; CPU iPhone OS 7_0 like Mac OS X) AppleWebKit/537.51.1 (KHTML, like Gecko) Version/7.0 Mobile/11A465 Safari/9537.53 BingPreview/1.0b"
40.77.190.107 - - [14/Jul/2018:12:58:43 +0200] "GET /cds/simplaydata/controlskins/default/background.jpg HTTP/1.1" 200 772 "-" "Mozilla/5.0 (iPhone; CPU iPhone OS 7_0 like Mac OS X) AppleWebKit/537.51.1 (KHTML, like Gecko) Version/7.0 Mobile/11A465 Safari/9537.53 BingPreview/1.0b"
40.77.189.60 - - [14/Jul/2018:12:58:43 +0200] "GET /cds/simplaydata/playerskins/default/background.jpg HTTP/1.1" 200 340 "-" "Mozilla/5.0 (iPhone; CPU iPhone OS 7_0 like Mac OS X) AppleWebKit/537.51.1 (KHTML, like Gecko) Version/7.0 Mobile/11A465 Safari/9537.53 BingPreview/1.0b"
40.77.190.107 - - [14/Jul/2018:12:58:43 +0200] "GET /cds/simplaydata/controlskins/default/handle.jpg HTTP/1.1" 200 387 "-" "Mozilla/5.0 (iPhone; CPU iPhone OS 7_0 like Mac OS X) AppleWebKit/537.51.1 (KHTML, like Gecko) Version/7.0 Mobile/11A465 Safari/9537.53 BingPreview/1.0b"
40.77.190.104 - - [14/Jul/2018:12:58:44 +0200] "GET /cds/simplaydata/playerskins/default/play_up.jpg HTTP/1.1" 200 643 "-" "Mozilla/5.0 (iPhone; CPU iPhone OS 7_0 like Mac OS X) AppleWebKit/537.51.1 (KHTML, like Gecko) Version/7.0 Mobile/11A465 Safari/9537.53 BingPreview/1.0b"
40.77.190.107 - - [14/Jul/2018:12:58:44 +0200] "GET /cds/simplaydata/controlskins/default/on.jpg HTTP/1.1" 200 986 "-" "Mozilla/5.0 (iPhone; CPU iPhone OS 7_0 like Mac OS X) AppleWebKit/537.51.1 (KHTML, like Gecko) Version/7.0 Mobile/11A465 Safari/9537.53 BingPreview/1.0b"
40.77.190.20 - - [14/Jul/2018:12:58:44 +0200] "GET /cds/simplaydata/playerskins/default/play_over.jpg HTTP/1.1" 200 986 "-" "Mozilla/5.0 (iPhone; CPU iPhone OS 7_0 like Mac OS X) AppleWebKit/537.51.1 (KHTML, like Gecko) Version/7.0 Mobile/11A465 Safari/9537.53 BingPreview/1.0b"
40.77.190.104 - - [14/Jul/2018:12:58:44 +0200] "GET /cds/simplaydata/controlskins/default/off.jpg HTTP/1.1" 200 608 "-" "Mozilla/5.0 (iPhone; CPU iPhone OS 7_0 like Mac OS X) AppleWebKit/537.51.1 (KHTML, like Gecko) Version/7.0 Mobile/11A465 Safari/9537.53 BingPreview/1.0b"
40.77.189.60 - - [14/Jul/2018:12:58:44 +0200] "GET /cds/simplaydata/playerskins/default/play_down.jpg HTTP/1.1" 200 972 "-" "Mozilla/5.0 (iPhone; CPU iPhone OS 7_0 like Mac OS X) AppleWebKit/537.51.1 (KHTML, like Gecko) Version/7.0 Mobile/11A465 Safari/9537.53 BingPreview/1.0b"
40.77.190.107 - - [14/Jul/2018:12:58:44 +0200] "GET /cds/simplaydata/playerskins/default/pause_up.jpg HTTP/1.1" 200 649 "-" "Mozilla/5.0 (iPhone; CPU iPhone OS 7_0 like Mac OS X) AppleWebKit/537.51.1 (KHTML, like Gecko) Version/7.0 Mobile/11A465 Safari/9537.53 BingPreview/1.0b"
40.77.189.60 - - [14/Jul/2018:12:58:44 +0200] "GET /cds/simplaydata/playerskins/default/pause_over.jpg HTTP/1.1" 200 988 "-" "Mozilla/5.0 (iPhone; CPU iPhone OS 7_0 like Mac OS X) AppleWebKit/537.51.1 (KHTML, like Gecko) Version/7.0 Mobile/11A465 Safari/9537.53 BingPreview/1.0b"
40.77.190.20 - - [14/Jul/2018:12:58:45 +0200] "GET /cds/simplaydata/playerskins/default/pause_down.jpg HTTP/1.1" 200 939 "-" "Mozilla/5.0 (iPhone; CPU iPhone OS 7_0 like Mac OS X) AppleWebKit/537.51.1 (KHTML, like Gecko) Version/7.0 Mobile/11A465 Safari/9537.53 BingPreview/1.0b"
40.77.167.54 - - [14/Jul/2018:13:43:33 +0200] "GET /kontakt/index.html HTTP/1.1" 200 2896 "-" "Mozilla/5.0 (iPhone; CPU iPhone OS 7_0 like Mac OS X) AppleWebKit/537.51.1 (KHTML, like Gecko) Version/7.0 Mobile/11A465 Safari/9537.53 (compatible; bingbot/2.0; +http://www.bing.com/bingbot.htm)"
40.77.167.54 - - [14/Jul/2018:13:45:07 +0200] "GET /cds/lumina.html HTTP/1.1" 200 9000 "-" "Mozilla/5.0 (iPhone; CPU iPhone OS 7_0 like Mac OS X) AppleWebKit/537.51.1 (KHTML, like Gecko) Version/7.0 Mobile/11A465 Safari/9537.53 (compatible; bingbot/2.0; +http://www.bing.com/bingbot.htm)"
207.46.13.55 - - [14/Jul/2018:13:45:19 +0200] "GET /cds/simplay_player.swf?audiofile=lumina.mp3 HTTP/1.1" 200 6377 "-" "Mozilla/5.0 (iPhone; CPU iPhone OS 7_0 like Mac OS X) AppleWebKit/537.51.1 (KHTML, like Gecko) Version/7.0 Mobile/11A465 Safari/9537.53 (compatible; bingbot/2.0; +http://www.bing.com/bingbot.htm)"
40.77.177.95 - - [14/Jul/2018:14:46:16 +0200] "GET /cds/simplaydata/playerconfig.xml?nocache=1531572018811 HTTP/1.1" 200 149 "http://www.morusverlag.de/cds/simplay_player.swf?audiofile=lumina.mp3" "Mozilla/5.0 (iPhone; CPU iPhone OS 7_0 like Mac OS X) AppleWebKit/537.51.1 (KHTML, like Gecko) Version/7.0 Mobile/11A465 Safari/9537.53 BingPreview/1.0b"
40.77.177.95 - - [14/Jul/2018:14:46:16 +0200] "GET /cds/simplaydata/controlconfig.xml?nocache=1531572018757 HTTP/1.1" 200 121 "http://www.morusverlag.de/cds/simplay_control.swf" "Mozilla/5.0 (iPhone; CPU iPhone OS 7_0 like Mac OS X) AppleWebKit/537.51.1 (KHTML, like Gecko) Version/7.0 Mobile/11A465 Safari/9537.53 BingPreview/1.0b"
40.77.177.95 - - [14/Jul/2018:14:46:16 +0200] "GET /cds/simplaydata/playerskins/default/skin.xml?nocache=1531572019474 HTTP/1.1" 200 649 "http://www.morusverlag.de/cds/simplay_player.swf?audiofile=lumina.mp3" "Mozilla/5.0 (iPhone; CPU iPhone OS 7_0 like Mac OS X) AppleWebKit/537.51.1 (KHTML, like Gecko) Version/7.0 Mobile/11A465 Safari/9537.53 BingPreview/1.0b"
40.77.177.95 - - [14/Jul/2018:14:46:16 +0200] "GET /cds/simplaydata/controlskins/default/skin.xml HTTP/1.1" 200 349 "http://www.morusverlag.de/cds/simplay_control.swf" "Mozilla/5.0 (iPhone; CPU iPhone OS 7_0 like Mac OS X) AppleWebKit/537.51.1 (KHTML, like Gecko) Version/7.0 Mobile/11A465 Safari/9537.53 BingPreview/1.0b"
40.77.177.95 - - [14/Jul/2018:14:46:16 +0200] "GET /cds/simplaydata/controlconfig.xml?nocache=1531572019661 HTTP/1.1" 200 121 "http://www.morusverlag.de/cds/simplay_control.swf" "Mozilla/5.0 (iPhone; CPU iPhone OS 7_0 like Mac OS X) AppleWebKit/537.51.1 (KHTML, like Gecko) Version/7.0 Mobile/11A465 Safari/9537.53 BingPreview/1.0b"
37.229.254.170 - - [14/Jul/2018:15:19:55 +0200] "GET / HTTP/1.1" 200 9360 "https://infektsii.com/" "Mozilla/4.0 (compatible; MSIE 6.0; Windows NT 5.1; FREE; .NET CLR 1.1.4322)"
79.239.109.149 - - [14/Jul/2018:15:56:05 +0200] "GET /sonderthemen/sk2001.pdf HTTP/1.1" 200 3098589 "https://www.google.com/" "Mozilla/5.0 (Windows NT 10.0; Win64; x64; rv:61.0) Gecko/20100101 Firefox/61.0"
17.58.96.189 - - [14/Jul/2018:16:22:05 +0200] "GET /robots.txt HTTP/1.1" 200 100 "-" "Mozilla/5.0 (Macintosh; Intel Mac OS X 10_10_1) AppleWebKit/600.2.5 (KHTML, like Gecko) Version/8.0.2 Safari/600.2.5 (Applebot/0.1; +http://www.apple.com/go/applebot)"
17.58.96.189 - - [14/Jul/2018:16:22:05 +0200] "GET / HTTP/1.1" 200 9360 "-" "Mozilla/5.0 (Macintosh; Intel Mac OS X 10_10_1) AppleWebKit/600.2.5 (KHTML, like Gecko) Version/8.0.2 Safari/600.2.5 (Applebot/0.1; +http://www.apple.com/go/applebot)"
62.178.7.73 - - [14/Jul/2018:16:40:47 +0200] "GET /cds/hymnos_akathistos.html HTTP/1.1" 200 11061 "https://de.wikipedia.org/" "Mozilla/5.0 (Windows NT 10.0; Win64; x64; rv:61.0) Gecko/20100101 Firefox/61.0"
62.178.7.73 - - [14/Jul/2018:16:40:47 +0200] "GET /main.css HTTP/1.1" 200 1439 "http://www.morusverlag.de/cds/hymnos_akathistos.html" "Mozilla/5.0 (Windows NT 10.0; Win64; x64; rv:61.0) Gecko/20100101 Firefox/61.0"
62.178.7.73 - - [14/Jul/2018:16:40:47 +0200] "GET /logo_g.gif HTTP/1.1" 200 1301 "http://www.morusverlag.de/cds/hymnos_akathistos.html" "Mozilla/5.0 (Windows NT 10.0; Win64; x64; rv:61.0) Gecko/20100101 Firefox/61.0"
62.178.7.73 - - [14/Jul/2018:16:40:47 +0200] "GET /mv_g.gif HTTP/1.1" 200 4070 "http://www.morusverlag.de/cds/hymnos_akathistos.html" "Mozilla/5.0 (Windows NT 10.0; Win64; x64; rv:61.0) Gecko/20100101 Firefox/61.0"
62.178.7.73 - - [14/Jul/2018:16:40:47 +0200] "GET /m.gif HTTP/1.1" 200 95 "http://www.morusverlag.de/cds/hymnos_akathistos.html" "Mozilla/5.0 (Windows NT 10.0; Win64; x64; rv:61.0) Gecko/20100101 Firefox/61.0"
62.178.7.73 - - [14/Jul/2018:16:40:47 +0200] "GET /cds/hymnos_heft.jpg HTTP/1.1" 200 8653 "http://www.morusverlag.de/cds/hymnos_akathistos.html" "Mozilla/5.0 (Windows NT 10.0; Win64; x64; rv:61.0) Gecko/20100101 Firefox/61.0"
