193.124.179.180 - - [23/Jul/2018:09:28:22 +0200] "HEAD / HTTP/1.1" 200 - "http://hepcinatplus.ru" "Mozilla/8.0 (compatible; MSIE6.00; Windows 2002)"
193.124.176.156 - - [23/Jul/2018:09:28:23 +0200] "HEAD / HTTP/1.1" 200 - "http://hepbest25mg.su" "Mozilla/7.0 (compatible; MSIE6.00; Windows 2003)"
185.125.219.134 - - [23/Jul/2018:09:29:03 +0200] "HEAD / HTTP/1.1" 200 - "http://hepcinat-natdac.su" "Mozilla/2.0 (compatible; MSIE3.00; Windows 2009)"
5.9.106.81 - - [23/Jul/2018:09:45:09 +0200] "GET /sonderthemen/oekt_extra3.pdf HTTP/1.1" 200 2109745 "-" "Mozilla/5.0 (Windows NT 10.0; Win64; x64) AppleWebKit/537.36 (KHTML, like Gecko) Chrome/63.0.3239.132 Safari/537.36 OPR/50.0.2762.67"
52.199.186.107 - - [23/Jul/2018:10:26:01 +0200] "GET /robots.txt HTTP/1.0" 200 100 "-" "Toshiba Digital Solution TDSL/Nutch-1.8"
52.199.186.107 - - [23/Jul/2018:10:26:01 +0200] "GET / HTTP/1.0" 200 9360 "-" "Toshiba Digital Solution TDSL/Nutch-1.8"
95.222.30.211 - - [23/Jul/2018:10:33:36 +0200] "GET /buecher/rezensionen_chateaubriand.html HTTP/1.1" 200 47317 "https://www.google.de/" "Mozilla/5.0 (iPhone; CPU iPhone OS 11_2_6 like Mac OS X) AppleWebKit/604.5.6 (KHTML, like Gecko) Version/11.0 Mobile/15D100 Safari/604.1"
95.222.30.211 - - [23/Jul/2018:10:33:36 +0200] "GET /mv_g.gif HTTP/1.1" 200 4070 "http://www.morusverlag.de/buecher/rezensionen_chateaubriand.html" "Mozilla/5.0 (iPhone; CPU iPhone OS 11_2_6 like Mac OS X) AppleWebKit/604.5.6 (KHTML, like Gecko) Version/11.0 Mobile/15D100 Safari/604.1"
95.222.30.211 - - [23/Jul/2018:10:33:36 +0200] "GET /logo_g.gif HTTP/1.1" 200 1301 "http://www.morusverlag.de/buecher/rezensionen_chateaubriand.html" "Mozilla/5.0 (iPhone; CPU iPhone OS 11_2_6 like Mac OS X) AppleWebKit/604.5.6 (KHTML, like Gecko) Version/11.0 Mobile/15D100 Safari/604.1"
95.222.30.211 - - [23/Jul/2018:10:33:36 +0200] "GET /main.css HTTP/1.1" 200 1439 "http://www.morusverlag.de/buecher/rezensionen_chateaubriand.html" "Mozilla/5.0 (iPhone; CPU iPhone OS 11_2_6 like Mac OS X) AppleWebKit/604.5.6 (KHTML, like Gecko) Version/11.0 Mobile/15D100 Safari/604.1"
95.222.30.211 - - [23/Jul/2018:10:33:36 +0200] "GET /pf.gif HTTP/1.1" 200 62 "http://www.morusverlag.de/buecher/rezensionen_chateaubriand.html" "Mozilla/5.0 (iPhone; CPU iPhone OS 11_2_6 like Mac OS X) AppleWebKit/604.5.6 (KHTML, like Gecko) Version/11.0 Mobile/15D100 Safari/604.1"
95.222.30.211 - - [23/Jul/2018:10:33:36 +0200] "GET /buecher/chateaubriand.jpg HTTP/1.1" 200 2272 "http://www.morusverlag.de/buecher/rezensionen_chateaubriand.html" "Mozilla/5.0 (iPhone; CPU iPhone OS 11_2_6 like Mac OS X) AppleWebKit/604.5.6 (KHTML, like Gecko) Version/11.0 Mobile/15D100 Safari/604.1"
95.222.30.211 - - [23/Jul/2018:10:33:36 +0200] "GET /strich.gif HTTP/1.1" 200 45 "http://www.morusverlag.de/buecher/rezensionen_chateaubriand.html" "Mozilla/5.0 (iPhone; CPU iPhone OS 11_2_6 like Mac OS X) AppleWebKit/604.5.6 (KHTML, like Gecko) Version/11.0 Mobile/15D100 Safari/604.1"
95.222.30.211 - - [23/Jul/2018:10:33:37 +0200] "GET /buecher/schenuit.jpg HTTP/1.1" 200 2024 "http://www.morusverlag.de/buecher/rezensionen_chateaubriand.html" "Mozilla/5.0 (iPhone; CPU iPhone OS 11_2_6 like Mac OS X) AppleWebKit/604.5.6 (KHTML, like Gecko) Version/11.0 Mobile/15D100 Safari/604.1"
95.222.30.211 - - [23/Jul/2018:10:33:37 +0200] "GET /m.gif HTTP/1.1" 200 95 "http://www.morusverlag.de/buecher/rezensionen_chateaubriand.html" "Mozilla/5.0 (iPhone; CPU iPhone OS 11_2_6 like Mac OS X) AppleWebKit/604.5.6 (KHTML, like Gecko) Version/11.0 Mobile/15D100 Safari/604.1"
5.9.94.207 - - [23/Jul/2018:10:51:08 +0200] "GET /sonderthemen/oekz2003.pdf HTTP/1.1" 200 4017017 "-" "Mozilla/5.0 (Macintosh; Intel Mac OS X 10_13_3) AppleWebKit/537.36 (KHTML, like Gecko) Chrome/63.0.3239.132 Safari/537.36"
148.251.237.246 - - [23/Jul/2018:11:03:36 +0200] "GET /sonderthemen/oekt_extra1.pdf HTTP/1.1" 200 1849015 "-" "Mozilla/5.0 (Windows NT 10.0; Win64; x64) AppleWebKit/537.36 (KHTML, like Gecko) Chrome/63.0.3239.132 Safari/537.36 OPR/50.0.2762.58"
207.46.13.10 - - [23/Jul/2018:11:39:31 +0200] "GET /buecher/ HTTP/1.1" 200 25885 "-" "Mozilla/5.0 (compatible; bingbot/2.0; +http://www.bing.com/bingbot.htm)"
82.177.182.141 - - [23/Jul/2018:11:40:31 +0200] "GET /sonderthemen/oeaz2001.pdf HTTP/1.1" 200 4496626 "https://www.google.pl/" "Mozilla/5.0 (Windows NT 6.1; Win64; x64; rv:61.0) Gecko/20100101 Firefox/61.0"
157.55.39.121 - - [23/Jul/2018:12:10:24 +0200] "GET /buecher/gesichter/11.jpg HTTP/1.1" 200 6175 "-" "Mozilla/5.0 (compatible; bingbot/2.0; +http://www.bing.com/bingbot.htm)"
144.76.142.153 - - [23/Jul/2018:12:16:25 +0200] "GET /sonderthemen/oekt_extra3.pdf HTTP/1.1" 200 2109745 "-" "Mozilla/5.0 (Windows NT 6.1; WOW64) AppleWebKit/537.36 (KHTML, like Gecko) Chrome/63.0.3239.132 Safari/537.36"
88.198.90.9 - - [23/Jul/2018:12:17:11 +0200] "GET /cds/glockenspiel1.html HTTP/1.1" 200 9736 "-" "Mozilla/5.0 (Macintosh; Intel Mac OS X 10_13_1) AppleWebKit/604.3.5 (KHTML, like Gecko) Version/11.0.1 Safari/604.3.5"
144.76.168.111 - - [23/Jul/2018:12:17:11 +0200] "GET /cds/hymnos_akathistos.html HTTP/1.1" 200 11061 "-" "Mozilla/5.0 (compatible; MSIE 10.0; Windows NT 6.1; WOW64; Trident/6.0)"
136.243.17.161 - - [23/Jul/2018:12:19:06 +0200] "GET /sonderthemen/oeaz2001.pdf HTTP/1.1" 200 4496626 "-" "Mozilla/5.0 (Macintosh; Intel Mac OS X 10_13_3) AppleWebKit/604.5.6 (KHTML, like Gecko) Version/11.0.3 Safari/604.5.6"
157.55.39.121 - - [23/Jul/2018:12:27:44 +0200] "GET /sonderthemen/oekt_extra1.pdf HTTP/1.1" 200 1849015 "-" "Mozilla/5.0 (compatible; bingbot/2.0; +http://www.bing.com/bingbot.htm)"
148.251.238.6 - - [23/Jul/2018:12:29:55 +0200] "GET / HTTP/1.1" 200 9360 "-" "Mozilla/5.0 (Windows; U; Windows NT 6.0; de; rv:1.8.1.3) Gecko/20070309 Firefox/2.0.0.3"
148.251.238.6 - - [23/Jul/2018:12:29:55 +0200] "GET /robots.txt HTTP/1.1" 200 100 "-" "libwww-perl/6.15"
148.251.238.6 - - [23/Jul/2018:12:29:55 +0200] "GET / HTTP/1.1" 200 9360 "-" "Mozilla/5.0 (Windows; U; Windows NT 6.0; de; rv:1.8.1.3) Gecko/20070309 Firefox/2.0.0.3"
148.251.238.6 - - [23/Jul/2018:12:29:55 +0200] "GET /gotteslob/index.html HTTP/1.1" 200 2770 "http://www.morusverlag.de/" "Mozilla/5.0 (Windows; U; Windows NT 6.0; de; rv:1.8.1.3) Gecko/20070309 Firefox/2.0.0.3"
148.251.238.6 - - [23/Jul/2018:12:29:55 +0200] "GET /cds/ignatius.html HTTP/1.1" 200 6576 "http://www.morusverlag.de/gotteslob/index.html" "Mozilla/5.0 (Windows; U; Windows NT 6.0; de; rv:1.8.1.3) Gecko/20070309 Firefox/2.0.0.3"
148.251.238.6 - - [23/Jul/2018:12:29:55 +0200] "GET /jahrbuch/index.html HTTP/1.1" 200 3956 "http://www.morusverlag.de/cds/ignatius.html" "Mozilla/5.0 (Windows; U; Windows NT 6.0; de; rv:1.8.1.3) Gecko/20070309 Firefox/2.0.0.3"
148.251.238.6 - - [23/Jul/2018:12:29:55 +0200] "GET /cds/index.html HTTP/1.1" 200 7987 "http://www.morusverlag.de/jahrbuch/index.html" "Mozilla/5.0 (Windows; U; Windows NT 6.0; de; rv:1.8.1.3) Gecko/20070309 Firefox/2.0.0.3"
148.251.238.6 - - [23/Jul/2018:12:29:55 +0200] "GET /cds/astazi.html HTTP/1.1" 200 8453 "http://www.morusverlag.de/cds/index.html" "Mozilla/5.0 (Windows; U; Windows NT 6.0; de; rv:1.8.1.3) Gecko/20070309 Firefox/2.0.0.3"
148.251.238.6 - - [23/Jul/2018:12:29:55 +0200] "GET /index.html HTTP/1.1" 200 9360 "http://www.morusverlag.de/cds/astazi.html" "Mozilla/5.0 (Windows; U; Windows NT 6.0; de; rv:1.8.1.3) Gecko/20070309 Firefox/2.0.0.3"
148.251.238.6 - - [23/Jul/2018:12:29:55 +0200] "GET /cds/hymnos_akathistos.html HTTP/1.1" 200 11061 "http://www.morusverlag.de/index.html" "Mozilla/5.0 (Windows; U; Windows NT 6.0; de; rv:1.8.1.3) Gecko/20070309 Firefox/2.0.0.3"
148.251.238.6 - - [23/Jul/2018:12:29:55 +0200] "GET /impressum.html HTTP/1.1" 200 2808 "http://www.morusverlag.de/cds/hymnos_akathistos.html" "Mozilla/5.0 (Windows; U; Windows NT 6.0; de; rv:1.8.1.3) Gecko/20070309 Firefox/2.0.0.3"
148.251.238.6 - - [23/Jul/2018:12:29:55 +0200] "GET /kontakt/index.html HTTP/1.1" 200 2896 "http://www.morusverlag.de/impressum.html" "Mozilla/5.0 (Windows; U; Windows NT 6.0; de; rv:1.8.1.3) Gecko/20070309 Firefox/2.0.0.3"
148.251.238.6 - - [23/Jul/2018:12:29:55 +0200] "GET /jahrbuch/titelseiten/index.html HTTP/1.1" 200 6735 "http://www.morusverlag.de/kontakt/index.html" "Mozilla/5.0 (Windows; U; Windows NT 6.0; de; rv:1.8.1.3) Gecko/20070309 Firefox/2.0.0.3"
148.251.238.6 - - [23/Jul/2018:12:29:55 +0200] "GET /cds/glockenspiel1.html HTTP/1.1" 200 9736 "http://www.morusverlag.de/jahrbuch/titelseiten/index.html" "Mozilla/5.0 (Windows; U; Windows NT 6.0; de; rv:1.8.1.3) Gecko/20070309 Firefox/2.0.0.3"
148.251.238.6 - - [23/Jul/2018:12:29:55 +0200] "GET /buecher/rezensionen_ignatius.html HTTP/1.1" 200 8182 "http://www.morusverlag.de/cds/glockenspiel1.html" "Mozilla/5.0 (Windows; U; Windows NT 6.0; de; rv:1.8.1.3) Gecko/20070309 Firefox/2.0.0.3"
148.251.238.6 - - [23/Jul/2018:12:29:55 +0200] "GET /jahrbuch/bestellung.php HTTP/1.1" 200 10316 "http://www.morusverlag.de/buecher/rezensionen_ignatius.html" "Mozilla/5.0 (Windows; U; Windows NT 6.0; de; rv:1.8.1.3) Gecko/20070309 Firefox/2.0.0.3"
148.251.238.6 - - [23/Jul/2018:12:29:55 +0200] "GET /buecher/rezensionen_chateaubriand.html HTTP/1.1" 200 47317 "http://www.morusverlag.de/jahrbuch/bestellung.php" "Mozilla/5.0 (Windows; U; Windows NT 6.0; de; rv:1.8.1.3) Gecko/20070309 Firefox/2.0.0.3"
148.251.238.6 - - [23/Jul/2018:12:29:56 +0200] "GET /cds/glockenspiel2.html HTTP/1.1" 200 9831 "http://www.morusverlag.de/buecher/rezensionen_chateaubriand.html" "Mozilla/5.0 (Windows; U; Windows NT 6.0; de; rv:1.8.1.3) Gecko/20070309 Firefox/2.0.0.3"
148.251.238.6 - - [23/Jul/2018:12:29:56 +0200] "GET /buecher/veroeffentlichungsliste.html HTTP/1.1" 200 129779 "http://www.morusverlag.de/cds/glockenspiel2.html" "Mozilla/5.0 (Windows; U; Windows NT 6.0; de; rv:1.8.1.3) Gecko/20070309 Firefox/2.0.0.3"
148.251.238.6 - - [23/Jul/2018:12:29:56 +0200] "GET /sonderthemen/index.html HTTP/1.1" 200 7102 "http://www.morusverlag.de/buecher/veroeffentlichungsliste.html" "Mozilla/5.0 (Windows; U; Windows NT 6.0; de; rv:1.8.1.3) Gecko/20070309 Firefox/2.0.0.3"
148.251.238.6 - - [23/Jul/2018:12:29:56 +0200] "GET /sonderthemen/oekt_extra1.pdf HTTP/1.1" 200 1849015 "http://www.morusverlag.de/sonderthemen/index.html" "Mozilla/5.0 (Windows; U; Windows NT 6.0; de; rv:1.8.1.3) Gecko/20070309 Firefox/2.0.0.3"
148.251.238.6 - - [23/Jul/2018:12:29:56 +0200] "GET /buecher/index.html HTTP/1.1" 200 25885 "http://www.morusverlag.de/sonderthemen/oekt_extra1.pdf" "Mozilla/5.0 (Windows; U; Windows NT 6.0; de; rv:1.8.1.3) Gecko/20070309 Firefox/2.0.0.3"
148.251.238.6 - - [23/Jul/2018:12:29:56 +0200] "GET /buecher/diskussion.html HTTP/1.1" 200 9925 "http://www.morusverlag.de/buecher/index.html" "Mozilla/5.0 (Windows; U; Windows NT 6.0; de; rv:1.8.1.3) Gecko/20070309 Firefox/2.0.0.3"
148.251.238.6 - - [23/Jul/2018:12:29:56 +0200] "GET /buecher/rezensionen_psalmen.html HTTP/1.1" 200 6787 "http://www.morusverlag.de/buecher/diskussion.html" "Mozilla/5.0 (Windows; U; Windows NT 6.0; de; rv:1.8.1.3) Gecko/20070309 Firefox/2.0.0.3"
148.251.238.6 - - [23/Jul/2018:12:29:56 +0200] "GET /cds/lumina.html HTTP/1.1" 200 9000 "http://www.morusverlag.de/buecher/rezensionen_psalmen.html" "Mozilla/5.0 (Windows; U; Windows NT 6.0; de; rv:1.8.1.3) Gecko/20070309 Firefox/2.0.0.3"
148.251.238.6 - - [23/Jul/2018:12:29:56 +0200] "GET /buecher/bestellung.php HTTP/1.1" 200 10142 "http://www.morusverlag.de/cds/lumina.html" "Mozilla/5.0 (Windows; U; Windows NT 6.0; de; rv:1.8.1.3) Gecko/20070309 Firefox/2.0.0.3"
148.251.238.6 - - [23/Jul/2018:12:29:56 +0200] "GET /buecher/rezensionen_leiblichkeit_und_zeitlichkeit.html HTTP/1.1" 200 8821 "http://www.morusverlag.de/buecher/bestellung.php" "Mozilla/5.0 (Windows; U; Windows NT 6.0; de; rv:1.8.1.3) Gecko/20070309 Firefox/2.0.0.3"
148.251.238.6 - - [23/Jul/2018:12:29:56 +0200] "GET /sonderthemen/sk2004_s01.pdf HTTP/1.1" 200 162742 "http://www.morusverlag.de/buecher/rezensionen_leiblichkeit_und_zeitlichkeit.html" "Mozilla/5.0 (Windows; U; Windows NT 6.0; de; rv:1.8.1.3) Gecko/20070309 Firefox/2.0.0.3"
148.251.238.6 - - [23/Jul/2018:12:29:56 +0200] "GET /sonderthemen/oekt_extra2.pdf HTTP/1.1" 200 1939949 "http://www.morusverlag.de/sonderthemen/sk2004_s01.pdf" "Mozilla/5.0 (Windows; U; Windows NT 6.0; de; rv:1.8.1.3) Gecko/20070309 Firefox/2.0.0.3"
148.251.238.6 - - [23/Jul/2018:12:29:56 +0200] "GET /sonderthemen/sk2004.pdf HTTP/1.1" 200 1967215 "http://www.morusverlag.de/sonderthemen/oekt_extra2.pdf" "Mozilla/5.0 (Windows; U; Windows NT 6.0; de; rv:1.8.1.3) Gecko/20070309 Firefox/2.0.0.3"
148.251.238.6 - - [23/Jul/2018:12:29:56 +0200] "GET /buecher/rezensionen.html HTTP/1.1" 200 6964 "http://www.morusverlag.de/sonderthemen/sk2004.pdf" "Mozilla/5.0 (Windows; U; Windows NT 6.0; de; rv:1.8.1.3) Gecko/20070309 Firefox/2.0.0.3"
148.251.238.6 - - [23/Jul/2018:12:29:57 +0200] "GET /buecher/rezensionen_engel.html HTTP/1.1" 200 6598 "http://www.morusverlag.de/buecher/rezensionen.html" "Mozilla/5.0 (Windows; U; Windows NT 6.0; de; rv:1.8.1.3) Gecko/20070309 Firefox/2.0.0.3"
148.251.238.6 - - [23/Jul/2018:12:29:57 +0200] "GET /sonderthemen/oekz2003_s01.pdf HTTP/1.1" 200 66807 "http://www.morusverlag.de/buecher/rezensionen_engel.html" "Mozilla/5.0 (Windows; U; Windows NT 6.0; de; rv:1.8.1.3) Gecko/20070309 Firefox/2.0.0.3"
148.251.238.6 - - [23/Jul/2018:12:29:57 +0200] "GET /buecher/rezension_gesichter_u_geschichten.pdf HTTP/1.1" 200 223287 "http://www.morusverlag.de/sonderthemen/oekz2003_s01.pdf" "Mozilla/5.0 (Windows; U; Windows NT 6.0; de; rv:1.8.1.3) Gecko/20070309 Firefox/2.0.0.3"
148.251.238.6 - - [23/Jul/2018:12:29:57 +0200] "GET /sonderthemen/oekt_extra3.pdf HTTP/1.1" 200 2109745 "http://www.morusverlag.de/buecher/rezension_gesichter_u_geschichten.pdf" "Mozilla/5.0 (Windows; U; Windows NT 6.0; de; rv:1.8.1.3) Gecko/20070309 Firefox/2.0.0.3"
148.251.238.6 - - [23/Jul/2018:12:29:57 +0200] "GET /cds/rosarium.html HTTP/1.1" 200 6680 "http://www.morusverlag.de/sonderthemen/oekt_extra3.pdf" "Mozilla/5.0 (Windows; U; Windows NT 6.0; de; rv:1.8.1.3) Gecko/20070309 Firefox/2.0.0.3"
148.251.238.6 - - [23/Jul/2018:12:29:57 +0200] "GET /buecher/rezensionen_le_saulchoir.html HTTP/1.1" 200 34009 "http://www.morusverlag.de/cds/rosarium.html" "Mozilla/5.0 (Windows; U; Windows NT 6.0; de; rv:1.8.1.3) Gecko/20070309 Firefox/2.0.0.3"
148.251.238.6 - - [23/Jul/2018:12:29:57 +0200] "GET /sonderthemen/archiv.html HTTP/1.1" 200 6959 "http://www.morusverlag.de/buecher/rezensionen_le_saulchoir.html" "Mozilla/5.0 (Windows; U; Windows NT 6.0; de; rv:1.8.1.3) Gecko/20070309 Firefox/2.0.0.3"
148.251.238.6 - - [23/Jul/2018:12:29:57 +0200] "GET /sonderthemen/oeaz2002.pdf HTTP/1.1" 200 3161455 "http://www.morusverlag.de/sonderthemen/archiv.html" "Mozilla/5.0 (Windows; U; Windows NT 6.0; de; rv:1.8.1.3) Gecko/20070309 Firefox/2.0.0.3"
148.251.238.6 - - [23/Jul/2018:12:29:57 +0200] "GET /sonderthemen/sk2000.pdf HTTP/1.1" 200 2925489 "http://www.morusverlag.de/sonderthemen/oeaz2002.pdf" "Mozilla/5.0 (Windows; U; Windows NT 6.0; de; rv:1.8.1.3) Gecko/20070309 Firefox/2.0.0.3"
148.251.238.6 - - [23/Jul/2018:12:29:57 +0200] "GET /sonderthemen/az1999.pdf HTTP/1.1" 200 1842982 "http://www.morusverlag.de/sonderthemen/sk2000.pdf" "Mozilla/5.0 (Windows; U; Windows NT 6.0; de; rv:1.8.1.3) Gecko/20070309 Firefox/2.0.0.3"
148.251.238.6 - - [23/Jul/2018:12:29:57 +0200] "GET /sonderthemen/az2000.pdf HTTP/1.1" 200 2253581 "http://www.morusverlag.de/sonderthemen/az1999.pdf" "Mozilla/5.0 (Windows; U; Windows NT 6.0; de; rv:1.8.1.3) Gecko/20070309 Firefox/2.0.0.3"
148.251.238.6 - - [23/Jul/2018:12:29:57 +0200] "GET /sonderthemen/sk2001.pdf HTTP/1.1" 200 3098589 "http://www.morusverlag.de/sonderthemen/az2000.pdf" "Mozilla/5.0 (Windows; U; Windows NT 6.0; de; rv:1.8.1.3) Gecko/20070309 Firefox/2.0.0.3"
148.251.238.6 - - [23/Jul/2018:12:29:57 +0200] "GET /sonderthemen/oeaz2001.pdf HTTP/1.1" 200 4496626 "http://www.morusverlag.de/sonderthemen/sk2001.pdf" "Mozilla/5.0 (Windows; U; Windows NT 6.0; de; rv:1.8.1.3) Gecko/20070309 Firefox/2.0.0.3"
148.251.238.6 - - [23/Jul/2018:12:29:57 +0200] "GET /buecher/rezensionen_ungeteilt.html HTTP/1.1" 200 9764 "http://www.morusverlag.de/sonderthemen/oeaz2001.pdf" "Mozilla/5.0 (Windows; U; Windows NT 6.0; de; rv:1.8.1.3) Gecko/20070309 Firefox/2.0.0.3"
148.251.238.6 - - [23/Jul/2018:12:29:57 +0200] "GET /buecher/rezensionen_preysing.html HTTP/1.1" 200 9502 "http://www.morusverlag.de/buecher/rezensionen_ungeteilt.html" "Mozilla/5.0 (Windows; U; Windows NT 6.0; de; rv:1.8.1.3) Gecko/20070309 Firefox/2.0.0.3"
148.251.238.6 - - [23/Jul/2018:12:29:57 +0200] "GET /sonderthemen/sk2002.pdf HTTP/1.1" 200 2628923 "http://www.morusverlag.de/buecher/rezensionen_preysing.html" "Mozilla/5.0 (Windows; U; Windows NT 6.0; de; rv:1.8.1.3) Gecko/20070309 Firefox/2.0.0.3"
148.251.238.6 - - [23/Jul/2018:12:29:57 +0200] "GET /buecher/rezensionen_krise_zum_heil.html HTTP/1.1" 200 9828 "http://www.morusverlag.de/sonderthemen/sk2002.pdf" "Mozilla/5.0 (Windows; U; Windows NT 6.0; de; rv:1.8.1.3) Gecko/20070309 Firefox/2.0.0.3"
148.251.238.6 - - [23/Jul/2018:12:29:58 +0200] "GET /sonderthemen/az2003_s01.pdf HTTP/1.1" 200 120642 "http://www.morusverlag.de/buecher/rezensionen_krise_zum_heil.html" "Mozilla/5.0 (Windows; U; Windows NT 6.0; de; rv:1.8.1.3) Gecko/20070309 Firefox/2.0.0.3"
148.251.238.6 - - [23/Jul/2018:12:29:58 +0200] "GET /sonderthemen/az2003.pdf HTTP/1.1" 200 4864675 "http://www.morusverlag.de/sonderthemen/az2003_s01.pdf" "Mozilla/5.0 (Windows; U; Windows NT 6.0; de; rv:1.8.1.3) Gecko/20070309 Firefox/2.0.0.3"
148.251.238.6 - - [23/Jul/2018:12:29:58 +0200] "GET /buecher/rezensionen_nicht_auf_sand_gebaut.html HTTP/1.1" 200 6594 "http://www.morusverlag.de/sonderthemen/az2003.pdf" "Mozilla/5.0 (Windows; U; Windows NT 6.0; de; rv:1.8.1.3) Gecko/20070309 Firefox/2.0.0.3"
148.251.238.6 - - [23/Jul/2018:12:29:58 +0200] "GET /sonderthemen/oekz2003.pdf HTTP/1.1" 200 4017017 "http://www.morusverlag.de/buecher/rezensionen_nicht_auf_sand_gebaut.html" "Mozilla/5.0 (Windows; U; Windows NT 6.0; de; rv:1.8.1.3) Gecko/20070309 Firefox/2.0.0.3"
148.251.238.6 - - [23/Jul/2018:12:29:58 +0200] "GET /sonderthemen/presse.html HTTP/1.1" 200 5772 "http://www.morusverlag.de/sonderthemen/oekz2003.pdf" "Mozilla/5.0 (Windows; U; Windows NT 6.0; de; rv:1.8.1.3) Gecko/20070309 Firefox/2.0.0.3"
37.59.141.197 - - [23/Jul/2018:12:39:55 +0200] "GET / HTTP/1.1" 200 9360 "-" "Java/1.6.0_04"
37.59.141.197 - - [23/Jul/2018:12:39:55 +0200] "GET /impressum.html HTTP/1.1" 200 2808 "-" "Java/1.6.0_04"
37.59.141.197 - - [23/Jul/2018:12:39:55 +0200] "GET /search.php HTTP/1.1" 200 2027 "-" "Java/1.6.0_04"
37.59.141.197 - - [23/Jul/2018:12:39:56 +0200] "GET /index.html HTTP/1.1" 200 9360 "-" "Java/1.6.0_04"
37.59.141.197 - - [23/Jul/2018:12:39:56 +0200] "GET /buecher/index.html HTTP/1.1" 200 25885 "-" "Java/1.6.0_04"
37.59.141.197 - - [23/Jul/2018:12:39:56 +0200] "GET /buecher/rezensionen_chateaubriand.html HTTP/1.1" 200 47317 "-" "Java/1.6.0_04"
37.59.141.197 - - [23/Jul/2018:12:39:56 +0200] "GET /buecher/veroeffentlichungsliste.html HTTP/1.1" 200 129779 "-" "Java/1.6.0_04"
37.59.141.197 - - [23/Jul/2018:12:39:57 +0200] "GET /cds/hymnos_akathistos.html HTTP/1.1" 200 11061 "-" "Java/1.6.0_04"
37.59.141.197 - - [23/Jul/2018:12:39:57 +0200] "GET /cds/ignatius.html HTTP/1.1" 200 6576 "-" "Java/1.6.0_04"
37.59.141.197 - - [23/Jul/2018:12:39:57 +0200] "GET /cds/index.html HTTP/1.1" 200 7987 "-" "Java/1.6.0_04"
37.59.141.197 - - [23/Jul/2018:12:39:57 +0200] "GET /cds/rosarium.html HTTP/1.1" 200 6680 "-" "Java/1.6.0_04"
37.59.141.197 - - [23/Jul/2018:12:39:57 +0200] "GET /gotteslob/index.html HTTP/1.1" 200 2770 "-" "Java/1.6.0_04"
37.59.141.197 - - [23/Jul/2018:12:39:57 +0200] "GET /jahrbuch/index.html HTTP/1.1" 200 3956 "-" "Java/1.6.0_04"
37.59.141.197 - - [23/Jul/2018:12:39:57 +0200] "GET /kontakt/index.html HTTP/1.1" 200 2896 "-" "Java/1.6.0_04"
37.59.141.197 - - [23/Jul/2018:12:39:57 +0200] "GET /sonderthemen/index.html HTTP/1.1" 200 7102 "-" "Java/1.6.0_04"
37.59.141.197 - - [23/Jul/2018:12:39:57 +0200] "GET /buecher/bestellung.php HTTP/1.1" 200 10142 "-" "Java/1.6.0_04"
37.59.141.197 - - [23/Jul/2018:12:39:58 +0200] "GET /buecher/diskussion.html HTTP/1.1" 200 9925 "-" "Java/1.6.0_04"
37.59.141.197 - - [23/Jul/2018:12:39:58 +0200] "GET /buecher/rezensionen_engel.html HTTP/1.1" 200 6598 "-" "Java/1.6.0_04"
37.59.141.197 - - [23/Jul/2018:12:39:58 +0200] "GET /buecher/rezensionen_krise_zum_heil.html HTTP/1.1" 200 9828 "-" "Java/1.6.0_04"
37.59.141.197 - - [23/Jul/2018:12:39:58 +0200] "GET /buecher/rezensionen_le_saulchoir.html HTTP/1.1" 200 34009 "-" "Java/1.6.0_04"
37.59.141.197 - - [23/Jul/2018:12:39:59 +0200] "GET /buecher/rezensionen_leiblichkeit_und_zeitlichkeit.html HTTP/1.1" 200 8821 "-" "Java/1.6.0_04"
37.59.141.197 - - [23/Jul/2018:12:39:59 +0200] "GET /buecher/rezensionen_nicht_auf_sand_gebaut.html HTTP/1.1" 200 6594 "-" "Java/1.6.0_04"
37.59.141.197 - - [23/Jul/2018:12:39:59 +0200] "GET /buecher/rezensionen_preysing.html HTTP/1.1" 200 9502 "-" "Java/1.6.0_04"
37.59.141.197 - - [23/Jul/2018:12:39:59 +0200] "GET /buecher/rezensionen_psalmen.html HTTP/1.1" 200 6787 "-" "Java/1.6.0_04"
37.59.141.197 - - [23/Jul/2018:12:39:59 +0200] "GET /contentflow/contentflow.js HTTP/1.1" 200 42064 "-" "Java/1.6.0_04"
37.59.141.197 - - [23/Jul/2018:12:39:59 +0200] "GET /buecher/rezensionen.html HTTP/1.1" 200 6964 "-" "Java/1.6.0_04"
37.59.141.197 - - [23/Jul/2018:12:39:59 +0200] "GET /buecher/rezensionen_ignatius.html HTTP/1.1" 200 8182 "-" "Java/1.6.0_04"
37.59.141.197 - - [23/Jul/2018:12:39:59 +0200] "GET /cds/astazi.html HTTP/1.1" 200 8453 "-" "Java/1.6.0_04"
37.59.141.197 - - [23/Jul/2018:12:39:59 +0200] "GET /cds/glockenspiel1.html HTTP/1.1" 200 9736 "-" "Java/1.6.0_04"
37.59.141.197 - - [23/Jul/2018:12:40:00 +0200] "GET /cds/glockenspiel2.html HTTP/1.1" 200 9831 "-" "Java/1.6.0_04"
37.59.141.197 - - [23/Jul/2018:12:40:00 +0200] "GET /cds/lumina.html HTTP/1.1" 200 9000 "-" "Java/1.6.0_04"
37.59.141.197 - - [23/Jul/2018:12:40:00 +0200] "GET /jahrbuch/bestellung.php HTTP/1.1" 200 10316 "-" "Java/1.6.0_04"
37.59.141.197 - - [23/Jul/2018:12:40:00 +0200] "GET /sonderthemen/archiv.html HTTP/1.1" 200 6959 "-" "Java/1.6.0_04"
37.59.141.197 - - [23/Jul/2018:12:40:00 +0200] "GET /sonderthemen/presse.html HTTP/1.1" 200 5772 "-" "Java/1.6.0_04"
37.59.141.197 - - [23/Jul/2018:12:40:00 +0200] "GET /contentflow/\"+K.src+\" HTTP/1.1" 404 2381 "-" "Java/1.6.0_04"
46.229.168.78 - - [23/Jul/2018:12:40:50 +0200] "GET /robots.txt HTTP/1.1" 200 100 "-" "Mozilla/5.0 (compatible; SemrushBot/2~bl; +http://www.semrush.com/bot.html)"
46.229.168.77 - - [23/Jul/2018:12:40:58 +0200] "GET /index.html HTTP/1.1" 200 9360 "-" "Mozilla/5.0 (compatible; SemrushBot/2~bl; +http://www.semrush.com/bot.html)"
5.9.145.132 - - [23/Jul/2018:12:44:13 +0200] "GET /sonderthemen/oekt_extra1.pdf HTTP/1.1" 200 1849015 "-" "Mozilla/5.0 (Macintosh; Intel Mac OS X 10_12_6) AppleWebKit/537.36 (KHTML, like Gecko) Chrome/64.0.3282.140 Safari/537.36"
46.4.83.150 - - [23/Jul/2018:12:44:13 +0200] "GET /sonderthemen/oekt_extra2.pdf HTTP/1.1" 200 1939949 "-" "Mozilla/5.0 (Macintosh; Intel Mac OS X 10_8_2) AppleWebKit/536.26.17 (KHTML, like Gecko) Version/6.0.2 Safari/536.26.17"
5.9.145.132 - - [23/Jul/2018:12:44:17 +0200] "GET /sonderthemen/oekt_extra2.pdf HTTP/1.1" 200 1939949 "-" "Mozilla/5.0 (Windows NT 6.1; WOW64) AppleWebKit/537.36 (KHTML, like Gecko) Chrome/63.0.3239.132 Safari/537.36"
5.9.106.81 - - [23/Jul/2018:12:44:17 +0200] "GET /sonderthemen/oekt_extra1.pdf HTTP/1.1" 200 1849015 "-" "Mozilla/5.0 (Windows NT 10.0; Win64; x64) AppleWebKit/537.36 (KHTML, like Gecko) Chrome/64.0.3282.167 Safari/537.36"
5.9.17.118 - - [23/Jul/2018:12:44:17 +0200] "GET /sonderthemen/oekt_extra3.pdf HTTP/1.1" 200 2109745 "-" "Mozilla/5.0 (Macintosh; Intel Mac OS X 1084) AppleWebKit/536.29.13 (KHTML like Gecko) Version/6.0.4 Safari/536.29.13"
148.251.75.46 - - [23/Jul/2018:12:44:32 +0200] "GET /sonderthemen/oekt_extra2.pdf HTTP/1.1" 200 1939949 "-" "Mozilla/5.0 (Windows NT 10.0) AppleWebKit/537.36 (KHTML, like Gecko) Chrome/63.0.3239.132 Safari/537.36"
88.198.36.62 - - [23/Jul/2018:12:44:32 +0200] "GET /sonderthemen/oekt_extra1.pdf HTTP/1.1" 200 1849015 "-" "Mozilla/5.0 (Windows NT 10.0; Win64; x64) AppleWebKit/537.36 (KHTML, like Gecko) Chrome/64.0.3282.119 Safari/537.36"
46.4.83.150 - - [23/Jul/2018:12:44:32 +0200] "GET /sonderthemen/oekt_extra3.pdf HTTP/1.1" 200 2109745 "-" "Mozilla/5.0 (X11; Linux x86_64) AppleWebKit/537.36 (KHTML, like Gecko) Chrome/64.0.3282.119 Safari/537.36"
40.77.167.101 - - [23/Jul/2018:12:45:58 +0200] "GET /buecher/gesichter/13.jpg HTTP/1.1" 200 8373 "-" "Mozilla/5.0 (compatible; bingbot/2.0; +http://www.bing.com/bingbot.htm)"
40.77.167.101 - - [23/Jul/2018:12:56:55 +0200] "GET /buecher/der_neunte_tag.jpg HTTP/1.1" 200 6411 "-" "Mozilla/5.0 (compatible; bingbot/2.0; +http://www.bing.com/bingbot.htm)"
40.77.167.101 - - [23/Jul/2018:13:02:06 +0200] "GET /buecher/gesichter/15.jpg HTTP/1.1" 200 7253 "-" "Mozilla/5.0 (compatible; bingbot/2.0; +http://www.bing.com/bingbot.htm)"
5.9.106.81 - - [23/Jul/2018:13:06:39 +0200] "GET /cds/astazi.html HTTP/1.1" 200 8453 "-" "Mozilla/5.0 (Macintosh; Intel Mac OS X 10_6_8) AppleWebKit/537.13+ (KHTML, like Gecko) Version/5.1.7 Safari/534.57.2"
194.187.170.119 - - [23/Jul/2018:13:09:55 +0200] "GET /robots.txt HTTP/1.1" 200 100 "-" "Mozilla/5.0 (compatible; Qwantify/2.4w; +https://www.qwant.com/)/2.4w"
194.187.170.119 - - [23/Jul/2018:13:09:55 +0200] "GET /buecher/veroeffentlichungsliste.html HTTP/1.1" 200 129779 "-" "Mozilla/5.0 (compatible; Qwantify/2.4w; +https://www.qwant.com/)/2.4w"
13.230.38.41 - - [23/Jul/2018:13:13:39 +0200] "GET /robots.txt HTTP/1.0" 200 100 "-" "Toshiba Digital Solution TDSL/Nutch-1.8"
13.230.38.41 - - [23/Jul/2018:13:13:40 +0200] "GET /cds/ignatius.html HTTP/1.0" 200 6576 "-" "Toshiba Digital Solution TDSL/Nutch-1.8"
13.230.38.41 - - [23/Jul/2018:13:16:14 +0200] "GET /buecher/veroeffentlichungsliste.html HTTP/1.0" 200 129779 "-" "Toshiba Digital Solution TDSL/Nutch-1.8"
13.230.38.41 - - [23/Jul/2018:13:18:31 +0200] "GET /cds/hymnos_akathistos.html HTTP/1.0" 200 11061 "-" "Toshiba Digital Solution TDSL/Nutch-1.8"
13.230.38.41 - - [23/Jul/2018:13:18:35 +0200] "GET /jahrbuch/index.html HTTP/1.0" 200 3956 "-" "Toshiba Digital Solution TDSL/Nutch-1.8"
40.77.167.101 - - [23/Jul/2018:13:20:34 +0200] "GET /buecher/der_neunte_tag.jpg HTTP/1.1" 200 6411 "-" "Mozilla/5.0 (compatible; bingbot/2.0; +http://www.bing.com/bingbot.htm)"
148.251.50.77 - - [23/Jul/2018:13:27:00 +0200] "GET /sonderthemen/oekz2003.pdf HTTP/1.1" 200 4017017 "-" "Mozilla/5.0 (Windows NT 10.0; Win64; x64) AppleWebKit/537.36 (KHTML, like Gecko) Chrome/64.0.3282.140 Safari/537.36"
46.4.83.150 - - [23/Jul/2018:13:27:00 +0200] "GET /sonderthemen/az2003.pdf HTTP/1.1" 200 4864675 "-" "Mozilla/5.0 (Macintosh; Intel Mac OS X 10.12; rv:57.0) Gecko/20100101 Firefox/57.0"
46.118.155.165 - - [23/Jul/2018:13:27:21 +0200] "GET / HTTP/1.1" 200 9360 "-" "Mozilla/5.0 (Windows NT 10.0; Win64; x64) AppleWebKit/537.36 (KHTML, like Gecko) Chrome/63.0.3239.132 Safari/537.36"
46.118.155.165 - - [23/Jul/2018:13:27:21 +0200] "POST /connectors/system/phpthumb.php HTTP/1.1" 404 2381 "-" "Mozilla/5.0 (Windows NT 10.0; Win64; x64) AppleWebKit/537.36 (KHTML, like Gecko) Chrome/63.0.3239.132 Safari/537.36"
46.118.155.165 - - [23/Jul/2018:13:27:21 +0200] "GET /dbs.php HTTP/1.1" 404 2381 "-" "Mozilla/5.0 (Windows NT 10.0; Win64; x64) AppleWebKit/537.36 (KHTML, like Gecko) Chrome/63.0.3239.132 Safari/537.36"
13.230.38.41 - - [23/Jul/2018:13:28:02 +0200] "GET /buecher/rezensionen_chateaubriand.html HTTP/1.0" 200 47317 "-" "Toshiba Digital Solution TDSL/Nutch-1.8"
13.230.38.41 - - [23/Jul/2018:13:30:38 +0200] "GET /kontakt/index.html HTTP/1.0" 200 2896 "-" "Toshiba Digital Solution TDSL/Nutch-1.8"
13.230.38.41 - - [23/Jul/2018:13:33:10 +0200] "GET /cds/rosarium.html HTTP/1.0" 200 6680 "-" "Toshiba Digital Solution TDSL/Nutch-1.8"
157.55.39.15 - - [23/Jul/2018:13:44:10 +0200] "GET /robots.txt HTTP/1.1" 200 100 "-" "Mozilla/5.0 (compatible; bingbot/2.0; +http://www.bing.com/bingbot.htm)"
207.46.13.10 - - [23/Jul/2018:13:44:15 +0200] "GET /buecher/gesichter/32.jpg HTTP/1.1" 200 8010 "-" "Mozilla/5.0 (compatible; bingbot/2.0; +http://www.bing.com/bingbot.htm)"
194.187.170.119 - - [23/Jul/2018:13:50:26 +0200] "GET /cds/rosarium.html HTTP/1.1" 200 6680 "-" "Mozilla/5.0 (compatible; Qwantify/2.4w; +https://www.qwant.com/)/2.4w"
207.46.13.10 - - [23/Jul/2018:13:53:24 +0200] "GET /sonderthemen/sk2001.pdf HTTP/1.1" 200 3098589 "-" "Mozilla/5.0 (compatible; bingbot/2.0; +http://www.bing.com/bingbot.htm)"
136.243.17.161 - - [23/Jul/2018:14:01:32 +0200] "GET /sonderthemen/oeaz2001.pdf HTTP/1.1" 200 4496626 "-" "Mozilla/5.0 (Macintosh; Intel Mac OS X 1084) AppleWebKit/536.28.10 (KHTML like Gecko) Version/6.0.3 Safari/536.28.10"
31.164.226.41 - - [23/Jul/2018:14:20:31 +0200] "GET /cds/hymnos.jpg HTTP/1.1" 200 27752 "https://www.google.com/" "Mozilla/5.0 (Macintosh; Intel Mac OS X 10.10; rv:61.0) Gecko/20100101 Firefox/61.0"
13.230.38.41 - - [23/Jul/2018:14:23:24 +0200] "GET /impressum.html HTTP/1.0" 200 2808 "-" "Toshiba Digital Solution TDSL/Nutch-1.8"
13.230.38.41 - - [23/Jul/2018:14:28:10 +0200] "GET /gotteslob/index.html HTTP/1.0" 200 2770 "-" "Toshiba Digital Solution TDSL/Nutch-1.8"
13.230.38.41 - - [23/Jul/2018:14:38:23 +0200] "GET /sonderthemen/index.html HTTP/1.0" 200 7102 "-" "Toshiba Digital Solution TDSL/Nutch-1.8"
13.230.38.41 - - [23/Jul/2018:14:49:01 +0200] "GET /cds/index.html HTTP/1.0" 200 7987 "-" "Toshiba Digital Solution TDSL/Nutch-1.8"
13.230.38.41 - - [23/Jul/2018:14:50:37 +0200] "GET /buecher/index.html HTTP/1.0" 200 25885 "-" "Toshiba Digital Solution TDSL/Nutch-1.8"
40.77.167.101 - - [23/Jul/2018:14:55:38 +0200] "GET /buecher/gesichter/15.jpg HTTP/1.1" 200 7253 "-" "Mozilla/5.0 (compatible; bingbot/2.0; +http://www.bing.com/bingbot.htm)"
5.9.94.207 - - [23/Jul/2018:15:40:10 +0200] "GET /sonderthemen/oeaz2001.pdf HTTP/1.1" 200 4496626 "-" "Mozilla/5.0 (Macintosh; Intel Mac OS X 10_11_6) AppleWebKit/604.5.6 (KHTML, like Gecko) Version/11.0.3 Safari/604.5.6"
212.86.109.31 - - [23/Jul/2018:15:43:02 +0200] "HEAD / HTTP/1.1" 200 - "http://hepcinatplus.su" "Mozilla/7.0 (compatible; MSIE5.00; Windows 2002)"
185.154.13.6 - - [23/Jul/2018:15:43:02 +0200] "HEAD / HTTP/1.1" 200 - "http://posanat.su" "Mozilla/7.0 (compatible; MSIE2.00; Windows 2003)"
185.203.240.129 - - [23/Jul/2018:15:43:02 +0200] "HEAD / HTTP/1.1" 200 - "http://instgra-tafero-em.su" "Mozilla/7.0 (compatible; MSIE4.00; Windows 2008)"
77.220.215.153 - - [23/Jul/2018:15:43:02 +0200] "HEAD / HTTP/1.1" 200 - "http://instgra-tafero-em.ru" "Mozilla/3.0 (compatible; MSIE2.00; Windows 2005)"
77.220.213.173 - - [23/Jul/2018:15:43:02 +0200] "HEAD / HTTP/1.1" 200 - "http://intacept.su" "Mozilla/7.0 (compatible; MSIE3.00; Windows 2009)"
185.209.20.147 - - [23/Jul/2018:15:43:03 +0200] "HEAD / HTTP/1.1" 200 - "http://netmeds.su" "Mozilla/6.0 (compatible; MSIE2.00; Windows 2007)"
178.159.39.237 - - [23/Jul/2018:15:43:03 +0200] "HEAD / HTTP/1.1" 200 - "http://netmeds.ru" "Mozilla/6.0 (compatible; MSIE4.00; Windows 2009)"
77.220.214.180 - - [23/Jul/2018:15:43:04 +0200] "HEAD / HTTP/1.1" 200 - "http://intacept.ru" "Mozilla/8.0 (compatible; MSIE3.00; Windows 2005)"
178.159.43.212 - - [23/Jul/2018:15:43:04 +0200] "HEAD / HTTP/1.1" 200 - "http://posanat.ru" "Mozilla/3.0 (compatible; MSIE2.00; Windows 2009)"
40.77.167.101 - - [23/Jul/2018:15:54:00 +0200] "GET /sonderthemen/sk2004.pdf HTTP/1.1" 200 1967215 "-" "Mozilla/5.0 (compatible; bingbot/2.0; +http://www.bing.com/bingbot.htm)"
185.125.219.13 - - [23/Jul/2018:16:11:01 +0200] "HEAD / HTTP/1.1" 200 - "http://sofovir-daclahep.ru" "Mozilla/3.0 (compatible; MSIE3.00; Windows 2004)"
194.67.207.94 - - [23/Jul/2018:16:11:01 +0200] "HEAD / HTTP/1.1" 200 - "http://sovihepv.ru" "Mozilla/2.0 (compatible; MSIE4.00; Windows 2003)"
193.124.179.180 - - [23/Jul/2018:16:11:01 +0200] "HEAD / HTTP/1.1" 200 - "http://tagrix.ru" "Mozilla/7.0 (compatible; MSIE5.00; Windows 2008)"
194.67.207.9 - - [23/Jul/2018:16:11:02 +0200] "HEAD / HTTP/1.1" 200 - "http://resof-hepcfix.su" "Mozilla/2.0 (compatible; MSIE6.00; Windows 2003)"
193.124.176.156 - - [23/Jul/2018:16:11:02 +0200] "HEAD / HTTP/1.1" 200 - "http://taferoem.su" "Mozilla/8.0 (compatible; MSIE4.00; Windows 2005)"
194.67.210.77 - - [23/Jul/2018:16:11:03 +0200] "HEAD / HTTP/1.1" 200 - "http://sovihepv.su" "Mozilla/2.0 (compatible; MSIE7.00; Windows 2007)"
193.124.190.64 - - [23/Jul/2018:16:11:03 +0200] "HEAD / HTTP/1.1" 200 - "http://tafnat.ru" "Mozilla/7.0 (compatible; MSIE4.00; Windows 2003)"
185.5.249.185 - - [23/Jul/2018:16:11:03 +0200] "HEAD / HTTP/1.1" 200 - "http://taferoem.ru" "Mozilla/6.0 (compatible; MSIE3.00; Windows 2006)"
185.125.219.134 - - [23/Jul/2018:16:13:36 +0200] "HEAD / HTTP/1.1" 200 - "http://tafnat.su" "Mozilla/6.0 (compatible; MSIE4.00; Windows 2007)"
54.36.148.110 - - [23/Jul/2018:16:19:56 +0200] "GET /cds/glockenspiel1.html HTTP/1.1" 200 9736 "-" "Mozilla/5.0 (compatible; AhrefsBot/5.2; +http://ahrefs.com/robot/)"
79.200.122.47 - - [23/Jul/2018:16:26:50 +0200] "GET /cds/hymnos_akathistos.html HTTP/1.1" 200 11061 "http://www.google.de/url?sa=t&rct=j&q=&esrc=s&source=web&cd=7&ved=2ahUKEwidq8uotbXcAhUkxaYKHcSlA8UQFjAGegQIBBAB&url=http%3A%2F%2Fwww.morusverlag.de%2Fcds%2Fhymnos_akathistos.html&usg=AOvVaw1cZ5w2FDSBB-pLXYKZqX5T" "Mozilla/5.0 (Windows NT 6.1; WOW64; Trident/7.0; rv:11.0) like Gecko"
79.200.122.47 - - [23/Jul/2018:16:26:50 +0200] "GET /logo_g.gif HTTP/1.1" 200 1301 "http://www.morusverlag.de/cds/hymnos_akathistos.html" "Mozilla/5.0 (Windows NT 6.1; WOW64; Trident/7.0; rv:11.0) like Gecko"
79.200.122.47 - - [23/Jul/2018:16:26:50 +0200] "GET /mv_g.gif HTTP/1.1" 200 4070 "http://www.morusverlag.de/cds/hymnos_akathistos.html" "Mozilla/5.0 (Windows NT 6.1; WOW64; Trident/7.0; rv:11.0) like Gecko"
79.200.122.47 - - [23/Jul/2018:16:26:50 +0200] "GET /strich.gif HTTP/1.1" 200 45 "http://www.morusverlag.de/cds/hymnos_akathistos.html" "Mozilla/5.0 (Windows NT 6.1; WOW64; Trident/7.0; rv:11.0) like Gecko"
79.200.122.47 - - [23/Jul/2018:16:26:50 +0200] "GET /m.gif HTTP/1.1" 200 95 "http://www.morusverlag.de/cds/hymnos_akathistos.html" "Mozilla/5.0 (Windows NT 6.1; WOW64; Trident/7.0; rv:11.0) like Gecko"
79.200.122.47 - - [23/Jul/2018:16:26:50 +0200] "GET /pf.gif HTTP/1.1" 200 62 "http://www.morusverlag.de/cds/hymnos_akathistos.html" "Mozilla/5.0 (Windows NT 6.1; WOW64; Trident/7.0; rv:11.0) like Gecko"
79.200.122.47 - - [23/Jul/2018:16:26:50 +0200] "GET /cds/hymnos.jpg HTTP/1.1" 200 27752 "http://www.morusverlag.de/cds/hymnos_akathistos.html" "Mozilla/5.0 (Windows NT 6.1; WOW64; Trident/7.0; rv:11.0) like Gecko"
79.200.122.47 - - [23/Jul/2018:16:26:50 +0200] "GET /cds/simplay_player.swf?audiofile=hymnos1.mp3 HTTP/1.1" 200 6377 "http://www.morusverlag.de/cds/hymnos_akathistos.html" "Mozilla/5.0 (Windows NT 6.1; WOW64; Trident/7.0; rv:11.0) like Gecko"
79.200.122.47 - - [23/Jul/2018:16:26:50 +0200] "GET /cds/simplay_control.swf HTTP/1.1" 200 1243 "http://www.morusverlag.de/cds/hymnos_akathistos.html" "Mozilla/5.0 (Windows NT 6.1; WOW64; Trident/7.0; rv:11.0) like Gecko"
79.200.122.47 - - [23/Jul/2018:16:26:50 +0200] "GET /cds/simplay_player.swf?audiofile=hymnos2.mp3 HTTP/1.1" 200 6377 "http://www.morusverlag.de/cds/hymnos_akathistos.html" "Mozilla/5.0 (Windows NT 6.1; WOW64; Trident/7.0; rv:11.0) like Gecko"
79.200.122.47 - - [23/Jul/2018:16:26:50 +0200] "GET /cds/hymnos_heft.jpg HTTP/1.1" 200 8653 "http://www.morusverlag.de/cds/hymnos_akathistos.html" "Mozilla/5.0 (Windows NT 6.1; WOW64; Trident/7.0; rv:11.0) like Gecko"
79.200.122.47 - - [23/Jul/2018:16:26:51 +0200] "GET /cds/simplaydata/controlconfig.xml?nocache=1532355586796 HTTP/1.1" 200 121 "http://www.morusverlag.de/cds/simplay_control.swf" "Mozilla/5.0 (Windows NT 6.1; WOW64; Trident/7.0; rv:11.0) like Gecko"
79.200.122.47 - - [23/Jul/2018:16:26:51 +0200] "GET /cds/simplaydata/playerconfig.xml?nocache=1532355586892 HTTP/1.1" 200 149 "http://www.morusverlag.de/cds/simplay_player.swf?audiofile=hymnos1.mp3" "Mozilla/5.0 (Windows NT 6.1; WOW64; Trident/7.0; rv:11.0) like Gecko"
79.200.122.47 - - [23/Jul/2018:16:26:51 +0200] "GET /cds/simplaydata/playerconfig.xml?nocache=1532355586938 HTTP/1.1" 200 149 "http://www.morusverlag.de/cds/simplay_player.swf?audiofile=hymnos2.mp3" "Mozilla/5.0 (Windows NT 6.1; WOW64; Trident/7.0; rv:11.0) like Gecko"
79.200.122.47 - - [23/Jul/2018:16:26:51 +0200] "GET /cds/simplaydata/controlskins/default/skin.xml HTTP/1.1" 200 349 "http://www.morusverlag.de/cds/simplay_control.swf" "Mozilla/5.0 (Windows NT 6.1; WOW64; Trident/7.0; rv:11.0) like Gecko"
79.200.122.47 - - [23/Jul/2018:16:26:51 +0200] "GET /cds/simplaydata/playerskins/default/skin.xml?nocache=1532355586938 HTTP/1.1" 200 649 "http://www.morusverlag.de/cds/simplay_player.swf?audiofile=hymnos1.mp3" "Mozilla/5.0 (Windows NT 6.1; WOW64; Trident/7.0; rv:11.0) like Gecko"
79.200.122.47 - - [23/Jul/2018:16:26:51 +0200] "GET /cds/simplaydata/controlskins/default/background.jpg HTTP/1.1" 200 772 "http://www.morusverlag.de/cds/simplay_control.swf" "Mozilla/5.0 (Windows NT 6.1; WOW64; Trident/7.0; rv:11.0) like Gecko"
79.200.122.47 - - [23/Jul/2018:16:26:51 +0200] "GET /cds/simplaydata/controlskins/default/handle.jpg HTTP/1.1" 200 387 "http://www.morusverlag.de/cds/simplay_control.swf" "Mozilla/5.0 (Windows NT 6.1; WOW64; Trident/7.0; rv:11.0) like Gecko"
79.200.122.47 - - [23/Jul/2018:16:26:51 +0200] "GET /cds/simplaydata/controlskins/default/on.jpg HTTP/1.1" 200 986 "http://www.morusverlag.de/cds/simplay_control.swf" "Mozilla/5.0 (Windows NT 6.1; WOW64; Trident/7.0; rv:11.0) like Gecko"
79.200.122.47 - - [23/Jul/2018:16:26:51 +0200] "GET /cds/simplaydata/controlskins/default/off.jpg HTTP/1.1" 200 608 "http://www.morusverlag.de/cds/simplay_control.swf" "Mozilla/5.0 (Windows NT 6.1; WOW64; Trident/7.0; rv:11.0) like Gecko"
79.200.122.47 - - [23/Jul/2018:16:26:51 +0200] "GET /cds/simplaydata/playerskins/default/skin.xml?nocache=1532355586985 HTTP/1.1" 200 649 "http://www.morusverlag.de/cds/simplay_player.swf?audiofile=hymnos2.mp3" "Mozilla/5.0 (Windows NT 6.1; WOW64; Trident/7.0; rv:11.0) like Gecko"
79.200.122.47 - - [23/Jul/2018:16:26:51 +0200] "GET /cds/simplaydata/playerskins/default/background.jpg HTTP/1.1" 200 340 "http://www.morusverlag.de/cds/simplay_player.swf?audiofile=hymnos1.mp3" "Mozilla/5.0 (Windows NT 6.1; WOW64; Trident/7.0; rv:11.0) like Gecko"
79.200.122.47 - - [23/Jul/2018:16:26:51 +0200] "GET /cds/simplaydata/playerskins/default/play_up.jpg HTTP/1.1" 200 643 "http://www.morusverlag.de/cds/simplay_player.swf?audiofile=hymnos1.mp3" "Mozilla/5.0 (Windows NT 6.1; WOW64; Trident/7.0; rv:11.0) like Gecko"
79.200.122.47 - - [23/Jul/2018:16:26:51 +0200] "GET /cds/simplaydata/playerskins/default/play_over.jpg HTTP/1.1" 200 986 "http://www.morusverlag.de/cds/simplay_player.swf?audiofile=hymnos1.mp3" "Mozilla/5.0 (Windows NT 6.1; WOW64; Trident/7.0; rv:11.0) like Gecko"
79.200.122.47 - - [23/Jul/2018:16:26:51 +0200] "GET /cds/simplaydata/playerskins/default/play_down.jpg HTTP/1.1" 200 972 "http://www.morusverlag.de/cds/simplay_player.swf?audiofile=hymnos1.mp3" "Mozilla/5.0 (Windows NT 6.1; WOW64; Trident/7.0; rv:11.0) like Gecko"
79.200.122.47 - - [23/Jul/2018:16:26:51 +0200] "GET /cds/simplaydata/playerskins/default/pause_up.jpg HTTP/1.1" 200 649 "http://www.morusverlag.de/cds/simplay_player.swf?audiofile=hymnos1.mp3" "Mozilla/5.0 (Windows NT 6.1; WOW64; Trident/7.0; rv:11.0) like Gecko"
79.200.122.47 - - [23/Jul/2018:16:26:51 +0200] "GET /cds/simplaydata/playerskins/default/pause_over.jpg HTTP/1.1" 200 988 "http://www.morusverlag.de/cds/simplay_player.swf?audiofile=hymnos1.mp3" "Mozilla/5.0 (Windows NT 6.1; WOW64; Trident/7.0; rv:11.0) like Gecko"
79.200.122.47 - - [23/Jul/2018:16:26:51 +0200] "GET /cds/simplaydata/playerskins/default/pause_down.jpg HTTP/1.1" 200 939 "http://www.morusverlag.de/cds/simplay_player.swf?audiofile=hymnos1.mp3" "Mozilla/5.0 (Windows NT 6.1; WOW64; Trident/7.0; rv:11.0) like Gecko"
79.200.122.47 - - [23/Jul/2018:16:26:51 +0200] "GET /cds/simplaydata/playerskins/default/play_up.jpg HTTP/1.1" 200 643 "http://www.morusverlag.de/cds/simplay_player.swf?audiofile=hymnos2.mp3" "Mozilla/5.0 (Windows NT 6.1; WOW64; Trident/7.0; rv:11.0) like Gecko"
79.200.122.47 - - [23/Jul/2018:16:26:51 +0200] "GET /cds/simplaydata/playerskins/default/play_over.jpg HTTP/1.1" 200 986 "http://www.morusverlag.de/cds/simplay_player.swf?audiofile=hymnos2.mp3" "Mozilla/5.0 (Windows NT 6.1; WOW64; Trident/7.0; rv:11.0) like Gecko"
79.200.122.47 - - [23/Jul/2018:16:26:51 +0200] "GET /cds/simplaydata/playerskins/default/play_down.jpg HTTP/1.1" 200 972 "http://www.morusverlag.de/cds/simplay_player.swf?audiofile=hymnos2.mp3" "Mozilla/5.0 (Windows NT 6.1; WOW64; Trident/7.0; rv:11.0) like Gecko"
79.200.122.47 - - [23/Jul/2018:16:26:51 +0200] "GET /cds/simplaydata/playerskins/default/pause_up.jpg HTTP/1.1" 200 649 "http://www.morusverlag.de/cds/simplay_player.swf?audiofile=hymnos2.mp3" "Mozilla/5.0 (Windows NT 6.1; WOW64; Trident/7.0; rv:11.0) like Gecko"
79.200.122.47 - - [23/Jul/2018:16:26:51 +0200] "GET /cds/simplaydata/playerskins/default/pause_over.jpg HTTP/1.1" 200 988 "http://www.morusverlag.de/cds/simplay_player.swf?audiofile=hymnos2.mp3" "Mozilla/5.0 (Windows NT 6.1; WOW64; Trident/7.0; rv:11.0) like Gecko"
79.200.122.47 - - [23/Jul/2018:16:26:51 +0200] "GET /cds/simplaydata/playerskins/default/pause_down.jpg HTTP/1.1" 200 939 "http://www.morusverlag.de/cds/simplay_player.swf?audiofile=hymnos2.mp3" "Mozilla/5.0 (Windows NT 6.1; WOW64; Trident/7.0; rv:11.0) like Gecko"
18.182.28.128 - - [23/Jul/2018:16:30:10 +0200] "GET /robots.txt HTTP/1.0" 200 100 "-" "Toshiba Digital Solution TDSL/Nutch-1.8"
18.182.28.128 - - [23/Jul/2018:16:30:11 +0200] "GET /buecher/rezensionen_preysing.html HTTP/1.0" 200 9502 "-" "Toshiba Digital Solution TDSL/Nutch-1.8"
18.182.28.128 - - [23/Jul/2018:16:30:17 +0200] "GET /buecher/rezensionen_engel.html HTTP/1.0" 200 6598 "-" "Toshiba Digital Solution TDSL/Nutch-1.8"
18.182.28.128 - - [23/Jul/2018:16:30:21 +0200] "GET /buecher/diskussion.html HTTP/1.0" 200 9925 "-" "Toshiba Digital Solution TDSL/Nutch-1.8"
18.182.28.128 - - [23/Jul/2018:16:31:02 +0200] "GET /buecher/rezensionen_le_saulchoir.html HTTP/1.0" 200 34009 "-" "Toshiba Digital Solution TDSL/Nutch-1.8"
207.46.13.10 - - [23/Jul/2018:16:32:10 +0200] "GET /buecher/gesichter/29.jpg HTTP/1.1" 200 9282 "-" "Mozilla/5.0 (compatible; bingbot/2.0; +http://www.bing.com/bingbot.htm)"
18.182.28.128 - - [23/Jul/2018:16:35:20 +0200] "GET /buecher/rezensionen_psalmen.html HTTP/1.0" 200 6787 "-" "Toshiba Digital Solution TDSL/Nutch-1.8"
18.182.28.128 - - [23/Jul/2018:16:50:12 +0200] "GET /buecher/rezensionen_leiblichkeit_und_zeitlichkeit.html HTTP/1.0" 200 8821 "-" "Toshiba Digital Solution TDSL/Nutch-1.8"
136.243.17.161 - - [23/Jul/2018:16:50:48 +0200] "GET /sonderthemen/oeaz2002.pdf HTTP/1.1" 200 3161455 "-" "Mozilla/5.0 (Windows NT 6.1; Win64; x64) AppleWebKit/537.36 (KHTML, like Gecko) Chrome/64.0.3282.140 Safari/537.36"
18.182.28.128 - - [23/Jul/2018:17:05:28 +0200] "GET /jahrbuch/bestellung.php HTTP/1.0" 200 10316 "-" "Toshiba Digital Solution TDSL/Nutch-1.8"
85.25.210.234 - - [23/Jul/2018:17:14:06 +0200] "GET /robots.txt HTTP/1.1" 200 100 "-" "Mozilla/5.0 (compatible; adscanner/)"
85.25.210.234 - - [23/Jul/2018:17:14:07 +0200] "GET /pf.gif HTTP/1.1" 200 62 "-" "Mozilla/5.0 (compatible; adscanner/)"
18.182.28.128 - - [23/Jul/2018:17:33:13 +0200] "GET /buecher/rezension_gesichter_u_geschichten.pdf HTTP/1.0" 200 223287 "-" "Toshiba Digital Solution TDSL/Nutch-1.8"
62.138.0.25 - - [23/Jul/2018:17:49:52 +0200] "GET /robots.txt HTTP/1.1" 200 100 "-" "Mozilla/5.0 (compatible; adscanner/)"
62.138.0.25 - - [23/Jul/2018:17:49:59 +0200] "GET /jahrbuch/titelseiten/1983.jpg HTTP/1.1" 200 11695 "-" "Mozilla/5.0 (compatible; adscanner/)"
18.182.28.128 - - [23/Jul/2018:17:50:00 +0200] "GET /buecher/rezensionen_nicht_auf_sand_gebaut.html HTTP/1.0" 200 6594 "-" "Toshiba Digital Solution TDSL/Nutch-1.8"
18.182.28.128 - - [23/Jul/2018:18:30:05 +0200] "GET /buecher/bestellung.php HTTP/1.0" 200 10142 "-" "Toshiba Digital Solution TDSL/Nutch-1.8"
180.76.15.16 - - [23/Jul/2018:18:31:31 +0200] "GET /sonderthemen/az1999.pdf HTTP/1.1" 200 1842982 "-" "Mozilla/5.0 (compatible; Baiduspider/2.0; +http://www.baidu.com/search/spider.html)"
62.138.0.25 - - [23/Jul/2018:18:32:58 +0200] "GET /jahrbuch/titelseiten/1984.jpg HTTP/1.1" 200 10434 "-" "Mozilla/5.0 (compatible; adscanner/)"
18.182.28.128 - - [23/Jul/2018:18:34:57 +0200] "GET /buecher/rezensionen_krise_zum_heil.html HTTP/1.0" 200 9828 "-" "Toshiba Digital Solution TDSL/Nutch-1.8"
18.182.28.128 - - [23/Jul/2018:18:39:36 +0200] "GET /index.html HTTP/1.0" 200 9360 "-" "Toshiba Digital Solution TDSL/Nutch-1.8"
54.36.149.18 - - [23/Jul/2018:18:43:20 +0200] "GET /kontakt/index.html HTTP/1.1" 200 2896 "-" "Mozilla/5.0 (compatible; AhrefsBot/5.2; +http://ahrefs.com/robot/)"
194.187.170.127 - - [23/Jul/2018:18:46:17 +0200] "GET /robots.txt HTTP/1.1" 200 100 "-" "Mozilla/5.0 (compatible; Qwantify/2.4w; +https://www.qwant.com/)/2.4w"
194.187.170.127 - - [23/Jul/2018:18:46:17 +0200] "GET /buecher/veroeffentlichungsliste.html HTTP/1.1" 200 129779 "-" "Mozilla/5.0 (compatible; Qwantify/2.4w; +https://www.qwant.com/)/2.4w"
46.229.168.75 - - [23/Jul/2018:18:51:38 +0200] "GET /robots.txt HTTP/1.1" 200 100 "-" "Mozilla/5.0 (compatible; SemrushBot/2~bl; +http://www.semrush.com/bot.html)"
46.229.168.72 - - [23/Jul/2018:18:51:46 +0200] "GET /search.php HTTP/1.1" 200 2027 "-" "Mozilla/5.0 (compatible; SemrushBot/2~bl; +http://www.semrush.com/bot.html)"
207.46.13.13 - - [23/Jul/2018:19:02:41 +0200] "GET /cds/glockenspiel2.html HTTP/1.1" 200 9831 "-" "Mozilla/5.0 (compatible; bingbot/2.0; +http://www.bing.com/bingbot.htm)"
62.138.0.25 - - [23/Jul/2018:19:19:46 +0200] "GET /jahrbuch/titelseiten/2012.jpg HTTP/1.1" 200 9619 "-" "Mozilla/5.0 (compatible; adscanner/)"
194.187.170.127 - - [23/Jul/2018:19:38:30 +0200] "GET /cds/rosarium.html HTTP/1.1" 200 6680 "-" "Mozilla/5.0 (compatible; Qwantify/2.4w; +https://www.qwant.com/)/2.4w"
207.46.13.13 - - [23/Jul/2018:19:46:00 +0200] "GET /buecher/rezension_gesichter_u_geschichten.pdf HTTP/1.1" 200 223287 "-" "Mozilla/5.0 (compatible; bingbot/2.0; +http://www.bing.com/bingbot.htm)"
18.182.28.128 - - [23/Jul/2018:19:46:22 +0200] "GET /robots.txt HTTP/1.0" 200 100 "-" "Toshiba Digital Solution TDSL/Nutch-1.8"
18.182.28.128 - - [23/Jul/2018:19:46:23 +0200] "GET /cds/glockenspiel2.html HTTP/1.0" 200 9831 "-" "Toshiba Digital Solution TDSL/Nutch-1.8"
18.182.28.128 - - [23/Jul/2018:19:53:53 +0200] "GET /cds/glockenspiel1.html HTTP/1.0" 200 9736 "-" "Toshiba Digital Solution TDSL/Nutch-1.8"
18.182.28.128 - - [23/Jul/2018:19:54:33 +0200] "GET /cds/lumina.html HTTP/1.0" 200 9000 "-" "Toshiba Digital Solution TDSL/Nutch-1.8"
46.229.168.71 - - [23/Jul/2018:19:57:12 +0200] "GET /robots.txt HTTP/1.1" 200 100 "-" "Mozilla/5.0 (compatible; SemrushBot/2~bl; +http://www.semrush.com/bot.html)"
46.229.168.70 - - [23/Jul/2018:19:57:18 +0200] "GET /buecher/rezensionen_preysing.html HTTP/1.1" 200 9502 "-" "Mozilla/5.0 (compatible; SemrushBot/2~bl; +http://www.semrush.com/bot.html)"
18.182.28.128 - - [23/Jul/2018:20:03:14 +0200] "GET /buecher/rezensionen_ignatius.html HTTP/1.0" 200 8182 "-" "Toshiba Digital Solution TDSL/Nutch-1.8"
85.25.210.234 - - [23/Jul/2018:20:13:37 +0200] "GET /jahrbuch/titelseiten/2010.jpg HTTP/1.1" 200 9104 "-" "Mozilla/5.0 (compatible; adscanner/)"
18.182.28.128 - - [23/Jul/2018:20:19:47 +0200] "GET /jahrbuch/titelseiten/index.html HTTP/1.0" 200 6735 "-" "Toshiba Digital Solution TDSL/Nutch-1.8"
207.46.13.10 - - [23/Jul/2018:20:34:36 +0200] "GET /search.php HTTP/1.1" 200 2027 "-" "Mozilla/5.0 (compatible; bingbot/2.0; +http://www.bing.com/bingbot.htm)"
207.46.13.10 - - [23/Jul/2018:20:46:03 +0200] "GET /buecher/gesichter/07.jpg HTTP/1.1" 200 7301 "-" "Mozilla/5.0 (compatible; bingbot/2.0; +http://www.bing.com/bingbot.htm)"
185.154.13.6 - - [23/Jul/2018:20:53:31 +0200] "HEAD / HTTP/1.1" 200 - "http://posanat.su" "Mozilla/2.0 (compatible; MSIE7.00; Windows 2002)"
212.86.109.31 - - [23/Jul/2018:20:53:31 +0200] "HEAD / HTTP/1.1" 200 - "http://hepcinatplus.su" "Mozilla/8.0 (compatible; MSIE2.00; Windows 2008)"
77.220.215.153 - - [23/Jul/2018:20:53:32 +0200] "HEAD / HTTP/1.1" 200 - "http://instgra-tafero-em.ru" "Mozilla/5.0 (compatible; MSIE3.00; Windows 2004)"
185.203.240.129 - - [23/Jul/2018:20:53:32 +0200] "HEAD / HTTP/1.1" 200 - "http://instgra-tafero-em.su" "Mozilla/4.0 (compatible; MSIE3.00; Windows 2009)"
178.159.39.237 - - [23/Jul/2018:20:53:33 +0200] "HEAD / HTTP/1.1" 200 - "http://netmeds.ru" "Mozilla/6.0 (compatible; MSIE5.00; Windows 2004)"
185.209.20.147 - - [23/Jul/2018:20:53:33 +0200] "HEAD / HTTP/1.1" 200 - "http://netmeds.su" "Mozilla/2.0 (compatible; MSIE6.00; Windows 2002)"
77.220.213.173 - - [23/Jul/2018:20:53:33 +0200] "HEAD / HTTP/1.1" 200 - "http://intacept.su" "Mozilla/6.0 (compatible; MSIE7.00; Windows 2007)"
77.220.214.180 - - [23/Jul/2018:20:53:34 +0200] "HEAD / HTTP/1.1" 200 - "http://intacept.ru" "Mozilla/3.0 (compatible; MSIE6.00; Windows 2009)"
178.159.43.212 - - [23/Jul/2018:20:53:34 +0200] "HEAD / HTTP/1.1" 200 - "http://posanat.ru" "Mozilla/7.0 (compatible; MSIE7.00; Windows 2006)"
40.77.167.101 - - [23/Jul/2018:21:07:22 +0200] "GET /sonderthemen/oeaz2001.pdf HTTP/1.1" 200 4496626 "-" "Mozilla/5.0 (compatible; bingbot/2.0; +http://www.bing.com/bingbot.htm)"
40.77.167.101 - - [23/Jul/2018:21:07:37 +0200] "GET /robots.txt HTTP/1.1" 200 100 "-" "Mozilla/5.0 (compatible; bingbot/2.0; +http://www.bing.com/bingbot.htm)"
18.182.28.128 - - [23/Jul/2018:21:12:07 +0200] "GET /sonderthemen/archiv.html HTTP/1.0" 200 6959 "-" "Toshiba Digital Solution TDSL/Nutch-1.8"
157.55.39.121 - - [23/Jul/2018:21:41:32 +0200] "GET /buecher/gesichter/22.jpg HTTP/1.1" 200 8837 "-" "Mozilla/5.0 (compatible; bingbot/2.0; +http://www.bing.com/bingbot.htm)"
