162.210.196.97 - - [15/Jul/2018:03:48:47 +0200] "GET / HTTP/1.1" 200 9360 "-" "Mozilla/5.0 (compatible; MJ12bot/v1.4.8; http://mj12bot.com/)"
17.58.96.189 - - [15/Jul/2018:04:07:06 +0200] "GET /robots.txt HTTP/1.1" 200 100 "-" "Mozilla/5.0 (Macintosh; Intel Mac OS X 10_10_1) AppleWebKit/600.2.5 (KHTML, like Gecko) Version/8.0.2 Safari/600.2.5 (Applebot/0.1; +http://www.apple.com/go/applebot)"
17.58.96.189 - - [15/Jul/2018:04:07:06 +0200] "GET /jahrbuch/index.html HTTP/1.1" 200 3956 "-" "Mozilla/5.0 (Macintosh; Intel Mac OS X 10_10_1) AppleWebKit/600.2.5 (KHTML, like Gecko) Version/8.0.2 Safari/600.2.5 (Applebot/0.1; +http://www.apple.com/go/applebot)"
5.9.112.6 - - [15/Jul/2018:04:13:38 +0200] "GET /sonderthemen/oekt_extra3.pdf HTTP/1.1" 200 2109745 "-" "Mozilla/5.0 (Macintosh; Intel Mac OS X 10_5_8) AppleWebKit/534.50.2 (KHTML, like Gecko) Version/5.0.6 Safari/533.22.3"
148.251.75.46 - - [15/Jul/2018:04:23:58 +0200] "GET /sonderthemen/az1999.pdf HTTP/1.1" 200 1842982 "-" "Mozilla/5.0 (Macintosh; Intel Mac OS X 10_12_6) AppleWebKit/537.36 (KHTML, like Gecko) Chrome/64.0.3282.119 Safari/537.36"
148.251.50.77 - - [15/Jul/2018:04:25:30 +0200] "GET /sonderthemen/sk2001.pdf HTTP/1.1" 200 3098589 "-" "Mozilla/5.0 (Windows NT 6.1; Win64; x64) AppleWebKit/537.36 (KHTML, like Gecko) Chrome/63.0.3239.84 Safari/537.36"
193.124.190.64 - - [15/Jul/2018:04:41:12 +0200] "HEAD / HTTP/1.1" 200 - "http://kabinet-mil.ru" "Mozilla/6.0 (compatible; MSIE4.00; Windows 2002)"
185.5.249.185 - - [15/Jul/2018:04:41:12 +0200] "HEAD / HTTP/1.1" 200 - "https://www.prjadko.kiev.ua/ritualnye-uslugi.html" "Mozilla/5.0 (compatible; MSIE5.00; Windows 2002)"
185.125.219.134 - - [15/Jul/2018:04:41:12 +0200] "HEAD / HTTP/1.1" 200 - "http://kabinet-online-vtb.ru" "Mozilla/7.0 (compatible; MSIE2.00; Windows 2003)"
193.124.179.180 - - [15/Jul/2018:04:41:12 +0200] "HEAD / HTTP/1.1" 200 - "http://kabinet-online-rshb.ru" "Mozilla/2.0 (compatible; MSIE5.00; Windows 2008)"
193.124.176.156 - - [15/Jul/2018:04:41:12 +0200] "HEAD / HTTP/1.1" 200 - "http://kabinet-vtb24.ru" "Mozilla/2.0 (compatible; MSIE5.00; Windows 2004)"
193.1.218.163 - - [15/Jul/2018:05:03:24 +0200] "HEAD / HTTP/1.1" 200 - "-" "Java/1.6.0_23"
5.9.112.6 - - [15/Jul/2018:05:29:40 +0200] "GET /sonderthemen/sk2000.pdf HTTP/1.1" 200 2925489 "-" "Mozilla/5.0 (Windows NT 6.1; WOW64) AppleWebKit/537.36 (KHTML, like Gecko) Chrome/63.0.3239.132 Safari/537.36"
77.75.77.101 - - [15/Jul/2018:05:37:03 +0200] "GET /robots.txt HTTP/1.1" 200 100 "-" "Mozilla/5.0 (compatible; SeznamBot/3.2; +http://napoveda.seznam.cz/en/seznambot-intro/)"
77.75.77.101 - - [15/Jul/2018:05:37:08 +0200] "GET /cds/rosarium.jpg HTTP/1.1" 200 21032 "-" "Mozilla/5.0 (compatible; SeznamBot/3.2; +http://napoveda.seznam.cz/en/seznambot-intro/)"
185.154.13.6 - - [15/Jul/2018:07:05:42 +0200] "HEAD / HTTP/1.1" 200 - "http://birthday.vseteplohodi.ru" "Mozilla/5.0 (compatible; MSIE2.00; Windows 2002)"
178.159.39.237 - - [15/Jul/2018:07:05:42 +0200] "HEAD / HTTP/1.1" 200 - "https://termoshop.com.ua" "Mozilla/2.0 (compatible; MSIE5.00; Windows 2004)"
185.209.20.147 - - [15/Jul/2018:07:05:46 +0200] "HEAD / HTTP/1.1" 200 - "http://es-pfrf.ru" "Mozilla/5.0 (compatible; MSIE5.00; Windows 2009)"
77.220.214.180 - - [15/Jul/2018:07:05:47 +0200] "HEAD / HTTP/1.1" 200 - "http://kabinet-domru.ru" "Mozilla/4.0 (compatible; MSIE4.00; Windows 2002)"
77.220.213.173 - - [15/Jul/2018:07:06:45 +0200] "HEAD / HTTP/1.1" 200 - "http://kabinet-uchi.ru" "Mozilla/4.0 (compatible; MSIE5.00; Windows 2004)"
178.159.43.212 - - [15/Jul/2018:07:08:57 +0200] "HEAD / HTTP/1.1" 200 - "https://old-lekar.com/orex-greckij-otvar-i-nastoj-iz-listev-protivopokazaniya/" "Mozilla/6.0 (compatible; MSIE2.00; Windows 2004)"
17.58.96.189 - - [15/Jul/2018:07:23:52 +0200] "GET /gotteslob/index.html HTTP/1.1" 200 2770 "-" "Mozilla/5.0 (Macintosh; Intel Mac OS X 10_10_1) AppleWebKit/600.2.5 (KHTML, like Gecko) Version/8.0.2 Safari/600.2.5 (Applebot/0.1; +http://www.apple.com/go/applebot)"
46.229.168.71 - - [15/Jul/2018:07:39:07 +0200] "GET /robots.txt HTTP/1.1" 200 100 "-" "Mozilla/5.0 (compatible; SemrushBot/2~bl; +http://www.semrush.com/bot.html)"
46.229.168.75 - - [15/Jul/2018:07:39:14 +0200] "GET /buecher/rezensionen_engel.html HTTP/1.1" 200 6598 "-" "Mozilla/5.0 (compatible; SemrushBot/2~bl; +http://www.semrush.com/bot.html)"
194.87.236.223 - - [15/Jul/2018:08:04:34 +0200] "HEAD / HTTP/1.1" 200 - "http://kabinet-qiwi.ru" "Mozilla/5.0 (compatible; MSIE4.00; Windows 2004)"
194.67.210.77 - - [15/Jul/2018:08:04:34 +0200] "HEAD / HTTP/1.1" 200 - "http://www.mos-teplohod.ru" "Mozilla/7.0 (compatible; MSIE4.00; Windows 2004)"
207.46.13.55 - - [15/Jul/2018:08:12:27 +0200] "GET /sonderthemen/sk2001.pdf HTTP/1.1" 200 3098589 "-" "Mozilla/5.0 (iPhone; CPU iPhone OS 7_0 like Mac OS X) AppleWebKit/537.51.1 (KHTML, like Gecko) Version/7.0 Mobile/11A465 Safari/9537.53 (compatible; bingbot/2.0; +http://www.bing.com/bingbot.htm)"
77.75.76.169 - - [15/Jul/2018:09:04:22 +0200] "GET /robots.txt HTTP/1.1" 200 100 "-" "Mozilla/5.0 (compatible; SeznamBot/3.2; +http://napoveda.seznam.cz/en/seznambot-intro/)"
77.75.76.169 - - [15/Jul/2018:09:04:30 +0200] "GET /cds/hymnos_akathistos.html HTTP/1.1" 304 - "-" "Mozilla/5.0 (compatible; SeznamBot/3.2; +http://napoveda.seznam.cz/en/seznambot-intro/)"
148.251.50.77 - - [15/Jul/2018:09:20:19 +0200] "GET /sonderthemen/sk2001.pdf HTTP/1.1" 200 3098589 "-" "Mozilla/5.0 (Macintosh; Intel Mac OS X 10_13_3) AppleWebKit/537.36 (KHTML, like Gecko) Chrome/64.0.3282.140 Safari/537.36"
5.9.145.132 - - [15/Jul/2018:09:22:15 +0200] "GET /sonderthemen/az1999.pdf HTTP/1.1" 200 1842982 "-" "Mozilla/5.0 (Macintosh; Intel Mac OS X 10_12_6) AppleWebKit/537.36 (KHTML, like Gecko) Chrome/63.0.3239.132 Safari/537.36"
5.9.17.118 - - [15/Jul/2018:09:27:10 +0200] "GET /sonderthemen/az2000.pdf HTTP/1.1" 200 2253581 "-" "Mozilla/5.0 (Macintosh; Intel Mac OS X 10_12_6) AppleWebKit/604.4.7 (KHTML, like Gecko) Version/11.0.2 Safari/604.4.7"
144.76.142.152 - - [15/Jul/2018:09:27:10 +0200] "GET /sonderthemen/az1999.pdf HTTP/1.1" 200 1842982 "-" "Mozilla/5.0 (Macintosh; Intel Mac OS X 10_6_8) AppleWebKit/534.58.2 (KHTML, like Gecko) Version/5.1.8 Safari/534.58.2"
144.76.142.153 - - [15/Jul/2018:09:27:24 +0200] "GET /sonderthemen/az2000.pdf HTTP/1.1" 200 2253581 "-" "Mozilla/5.0 (Macintosh; Intel Mac OS X 107) AppleWebKit/534.48.3 (KHTML like Gecko) Version/5.1 Safari/534.48.3"
78.46.156.169 - - [15/Jul/2018:09:27:40 +0200] "GET /sonderthemen/az2000.pdf HTTP/1.1" 200 2253581 "-" "Mozilla/5.0 (X11; Linux x86_64) AppleWebKit/537.36 (KHTML, like Gecko) Chrome/51.0.2704.106 Safari/537.36"
207.46.13.55 - - [15/Jul/2018:09:57:05 +0200] "GET /buecher/rezensionen_leiblichkeit_und_zeitlichkeit.html HTTP/1.1" 304 - "-" "Mozilla/5.0 (compatible; bingbot/2.0; +http://www.bing.com/bingbot.htm)"
193.124.176.156 - - [15/Jul/2018:10:14:21 +0200] "HEAD / HTTP/1.1" 200 - "http://kabinet-vtb24.ru" "Mozilla/5.0 (compatible; MSIE3.00; Windows 2002)"
185.5.249.185 - - [15/Jul/2018:10:14:21 +0200] "HEAD / HTTP/1.1" 200 - "https://www.prjadko.kiev.ua/skulptura.html" "Mozilla/7.0 (compatible; MSIE6.00; Windows 2003)"
185.125.219.134 - - [15/Jul/2018:10:14:22 +0200] "HEAD / HTTP/1.1" 200 - "http://kabinet-online-vtb.ru" "Mozilla/5.0 (compatible; MSIE7.00; Windows 2007)"
193.124.190.64 - - [15/Jul/2018:10:14:22 +0200] "HEAD / HTTP/1.1" 200 - "http://kabinet-mil.ru" "Mozilla/6.0 (compatible; MSIE7.00; Windows 2002)"
193.124.179.180 - - [15/Jul/2018:10:14:22 +0200] "HEAD / HTTP/1.1" 200 - "http://kabinet-online-rshb.ru" "Mozilla/4.0 (compatible; MSIE6.00; Windows 2003)"
144.76.142.152 - - [15/Jul/2018:10:27:05 +0200] "GET /buecher/index.html HTTP/1.1" 200 25885 "-" "Mozilla/5.0 (Macintosh; Intel Mac OS X 10.13; rv:58.0) Gecko/20100101 Firefox/58.0"
148.251.75.46 - - [15/Jul/2018:10:27:29 +0200] "GET /sonderthemen/oekz2003.pdf HTTP/1.1" 200 4017017 "-" "Mozilla/5.0 (Windows NT 10.0; Win64; x64) AppleWebKit/537.36 (KHTML, like Gecko) Chrome/63.0.3239.84 Safari/537.36"
54.36.148.150 - - [15/Jul/2018:10:28:45 +0200] "GET /buecher/bestellung.php HTTP/1.1" 200 10142 "-" "Mozilla/5.0 (compatible; AhrefsBot/5.2; +http://ahrefs.com/robot/)"
157.55.39.166 - - [15/Jul/2018:10:42:04 +0200] "GET /buecher/rezensionen_chateaubriand.html HTTP/1.1" 200 47317 "-" "Mozilla/5.0 (iPhone; CPU iPhone OS 7_0 like Mac OS X) AppleWebKit/537.51.1 (KHTML, like Gecko) Version/7.0 Mobile/11A465 Safari/9537.53 (compatible; bingbot/2.0; +http://www.bing.com/bingbot.htm)"
157.55.39.175 - - [15/Jul/2018:10:42:33 +0200] "GET /robots.txt HTTP/1.1" 200 100 "-" "Mozilla/5.0 (compatible; bingbot/2.0; +http://www.bing.com/bingbot.htm)"
157.55.39.175 - - [15/Jul/2018:10:42:37 +0200] "GET /mv_g.gif HTTP/1.1" 200 4070 "-" "Mozilla/5.0 (iPhone; CPU iPhone OS 7_0 like Mac OS X) AppleWebKit/537.51.1 (KHTML, like Gecko) Version/7.0 Mobile/11A465 Safari/9537.53 (compatible; bingbot/2.0; +http://www.bing.com/bingbot.htm)"
157.55.39.175 - - [15/Jul/2018:10:42:37 +0200] "GET /strich.gif HTTP/1.1" 200 45 "-" "Mozilla/5.0 (iPhone; CPU iPhone OS 7_0 like Mac OS X) AppleWebKit/537.51.1 (KHTML, like Gecko) Version/7.0 Mobile/11A465 Safari/9537.53 (compatible; bingbot/2.0; +http://www.bing.com/bingbot.htm)"
40.77.167.54 - - [15/Jul/2018:10:42:42 +0200] "GET /logo_g.gif HTTP/1.1" 200 1301 "-" "Mozilla/5.0 (iPhone; CPU iPhone OS 7_0 like Mac OS X) AppleWebKit/537.51.1 (KHTML, like Gecko) Version/7.0 Mobile/11A465 Safari/9537.53 (compatible; bingbot/2.0; +http://www.bing.com/bingbot.htm)"
40.77.167.54 - - [15/Jul/2018:10:42:42 +0200] "GET /pf.gif HTTP/1.1" 200 62 "-" "Mozilla/5.0 (iPhone; CPU iPhone OS 7_0 like Mac OS X) AppleWebKit/537.51.1 (KHTML, like Gecko) Version/7.0 Mobile/11A465 Safari/9537.53 (compatible; bingbot/2.0; +http://www.bing.com/bingbot.htm)"
218.66.74.243 - - [15/Jul/2018:10:43:01 +0200] "GET /content-post.php HTTP/1.1" 404 2381 "-" "-"
54.208.102.37 - - [15/Jul/2018:11:14:11 +0200] "GET / HTTP/1.1" 200 9360 "http://www.morusverlag.de/" "Mozilla/5.0 (compatible; DuckDuckGo-Favicons-Bot/1.0; +http://duckduckgo.com)"
54.208.102.37 - - [15/Jul/2018:11:14:12 +0200] "GET /favicon.ico HTTP/1.1" 200 4286 "http://www.morusverlag.de/favicon.ico" "Mozilla/5.0 (compatible; DuckDuckGo-Favicons-Bot/1.0; +http://duckduckgo.com)"
138.201.136.210 - - [15/Jul/2018:11:19:46 +0200] "GET /robots.txt HTTP/1.1" 200 100 "-" "Mozilla/5.0 (compatible; BLEXBot/1.0; +http://webmeup-crawler.com/)"
138.201.136.210 - - [15/Jul/2018:11:19:46 +0200] "GET / HTTP/1.1" 200 9360 "-" "Mozilla/5.0 (compatible; BLEXBot/1.0; +http://webmeup-crawler.com/)"
138.201.136.210 - - [15/Jul/2018:11:19:51 +0200] "GET /cds/hymnos_akathistos.html HTTP/1.1" 200 11061 "-" "Mozilla/5.0 (compatible; BLEXBot/1.0; +http://webmeup-crawler.com/)"
138.201.136.210 - - [15/Jul/2018:11:20:04 +0200] "GET /sitemap.xml HTTP/1.1" 404 2381 "-" "Mozilla/5.0 (compatible; BLEXBot/1.0; +http://webmeup-crawler.com/)"
138.201.136.210 - - [15/Jul/2018:11:20:11 +0200] "GET /buecher/index.html HTTP/1.1" 200 25885 "-" "Mozilla/5.0 (compatible; BLEXBot/1.0; +http://webmeup-crawler.com/)"
138.201.136.210 - - [15/Jul/2018:11:20:15 +0200] "GET /buecher/rezensionen_chateaubriand.html HTTP/1.1" 200 47317 "-" "Mozilla/5.0 (compatible; BLEXBot/1.0; +http://webmeup-crawler.com/)"
138.201.136.210 - - [15/Jul/2018:11:20:19 +0200] "GET /buecher/veroeffentlichungsliste.html HTTP/1.1" 200 129779 "-" "Mozilla/5.0 (compatible; BLEXBot/1.0; +http://webmeup-crawler.com/)"
138.201.136.210 - - [15/Jul/2018:11:20:26 +0200] "GET /cds/ignatius.html HTTP/1.1" 200 6576 "-" "Mozilla/5.0 (compatible; BLEXBot/1.0; +http://webmeup-crawler.com/)"
138.201.136.210 - - [15/Jul/2018:11:20:33 +0200] "GET /cds/index.html HTTP/1.1" 200 7987 "-" "Mozilla/5.0 (compatible; BLEXBot/1.0; +http://webmeup-crawler.com/)"
138.201.136.210 - - [15/Jul/2018:11:20:40 +0200] "GET /cds/rosarium.html HTTP/1.1" 200 6680 "-" "Mozilla/5.0 (compatible; BLEXBot/1.0; +http://webmeup-crawler.com/)"
138.201.136.210 - - [15/Jul/2018:11:20:44 +0200] "GET /gotteslob/index.html HTTP/1.1" 200 2770 "-" "Mozilla/5.0 (compatible; BLEXBot/1.0; +http://webmeup-crawler.com/)"
138.201.136.210 - - [15/Jul/2018:11:20:50 +0200] "GET /impressum.html HTTP/1.1" 200 2808 "-" "Mozilla/5.0 (compatible; BLEXBot/1.0; +http://webmeup-crawler.com/)"
138.201.136.210 - - [15/Jul/2018:11:20:54 +0200] "GET /jahrbuch/index.html HTTP/1.1" 200 3956 "-" "Mozilla/5.0 (compatible; BLEXBot/1.0; +http://webmeup-crawler.com/)"
138.201.136.210 - - [15/Jul/2018:11:21:01 +0200] "GET /kontakt/index.html HTTP/1.1" 200 2896 "-" "Mozilla/5.0 (compatible; BLEXBot/1.0; +http://webmeup-crawler.com/)"
138.201.136.210 - - [15/Jul/2018:11:21:08 +0200] "GET /sonderthemen/index.html HTTP/1.1" 200 7102 "-" "Mozilla/5.0 (compatible; BLEXBot/1.0; +http://webmeup-crawler.com/)"
46.229.168.78 - - [15/Jul/2018:11:24:55 +0200] "GET /robots.txt HTTP/1.1" 200 100 "-" "Mozilla/5.0 (compatible; SemrushBot/2~bl; +http://www.semrush.com/bot.html)"
46.229.168.84 - - [15/Jul/2018:11:25:01 +0200] "GET /sonderthemen/presse.html HTTP/1.1" 200 5772 "-" "Mozilla/5.0 (compatible; SemrushBot/2~bl; +http://www.semrush.com/bot.html)"
54.36.148.216 - - [15/Jul/2018:11:42:56 +0200] "GET /jahrbuch/titelseiten/index.html HTTP/1.1" 200 6735 "-" "Mozilla/5.0 (compatible; AhrefsBot/5.2; +http://ahrefs.com/robot/)"
40.77.189.162 - - [15/Jul/2018:11:43:43 +0200] "GET /mv_g.gif HTTP/1.1" 200 4070 "-" "Mozilla/5.0 (iPhone; CPU iPhone OS 7_0 like Mac OS X) AppleWebKit/537.51.1 (KHTML, like Gecko) Version/7.0 Mobile/11A465 Safari/9537.53 BingPreview/1.0b"
40.77.189.162 - - [15/Jul/2018:11:43:44 +0200] "GET /strich.gif HTTP/1.1" 200 45 "-" "Mozilla/5.0 (iPhone; CPU iPhone OS 7_0 like Mac OS X) AppleWebKit/537.51.1 (KHTML, like Gecko) Version/7.0 Mobile/11A465 Safari/9537.53 BingPreview/1.0b"
144.76.162.206 - - [15/Jul/2018:12:16:09 +0200] "GET /buecher/index.html HTTP/1.1" 200 25885 "-" "Mozilla/5.0 (Macintosh; Intel Mac OS X 10.13; rv:58.0) Gecko/20100101 Firefox/58.0"
78.46.94.83 - - [15/Jul/2018:12:16:09 +0200] "GET /buecher/ HTTP/1.1" 200 25885 "-" "Mozilla/5.0 (X11; Linux x86_64) AppleWebKit/537.36 (KHTML, like Gecko) Chrome/64.0.3282.140 Safari/537.36"
5.9.17.118 - - [15/Jul/2018:12:27:35 +0200] "GET /sonderthemen/az1999.pdf HTTP/1.1" 200 1842982 "-" "Mozilla/5.0 (Macintosh; Intel Mac OS X 10_8) AppleWebKit/536.25 (KHTML, like Gecko) Version/6.0 Safari/536.25"
62.138.0.25 - - [15/Jul/2018:12:27:33 +0200] "GET /sonderthemen/oekt_extra1.pdf HTTP/1.1" 200 1849015 "-" "Mozilla/5.0 (compatible; adscanner/)"
66.249.75.133 - - [15/Jul/2018:12:43:27 +0200] "GET /buecher/ HTTP/1.1" 304 - "-" "Mozilla/5.0 (Linux; Android 6.0.1; Nexus 5X Build/MMB29P) AppleWebKit/537.36 (KHTML, like Gecko) Chrome/41.0.2272.96 Mobile Safari/537.36 (compatible; Googlebot/2.1; +http://www.google.com/bot.html)"
85.25.210.234 - - [15/Jul/2018:12:52:50 +0200] "GET /sonderthemen/sk2004.pdf HTTP/1.1" 200 1967215 "-" "Mozilla/5.0 (compatible; adscanner/)"
78.46.156.169 - - [15/Jul/2018:12:55:33 +0200] "GET /sonderthemen/oekt_extra2.pdf HTTP/1.1" 200 1939949 "-" "Mozilla/5.0 (Macintosh; Intel Mac OS X 107) AppleWebKit/534.48.3 (KHTML like Gecko) Version/5.1 Safari/534.48.3"
144.76.168.111 - - [15/Jul/2018:13:17:33 +0200] "GET /sonderthemen/oekt_extra1.pdf HTTP/1.1" 200 1849015 "-" "Mozilla/5.0 (Macintosh; Intel Mac OS X 10_6_8) AppleWebKit/537.13+ (KHTML, like Gecko) Version/5.1.7 Safari/534.57.2"
157.55.39.166 - - [15/Jul/2018:13:18:15 +0200] "GET /buecher/rezensionen_krise_zum_heil.html HTTP/1.1" 200 9828 "-" "Mozilla/5.0 (iPhone; CPU iPhone OS 7_0 like Mac OS X) AppleWebKit/537.51.1 (KHTML, like Gecko) Version/7.0 Mobile/11A465 Safari/9537.53 (compatible; bingbot/2.0; +http://www.bing.com/bingbot.htm)"
5.9.112.6 - - [15/Jul/2018:13:23:45 +0200] "GET /sonderthemen/sk2002.pdf HTTP/1.1" 200 2628923 "-" "Mozilla/5.0 (Windows NT 10.0; Win64; x64) AppleWebKit/537.36 (KHTML, like Gecko) Chrome/63.0.3239.132 Safari/537.36 OPR/50.0.2762.67"
85.25.210.234 - - [15/Jul/2018:13:26:55 +0200] "GET /jahrbuch/titelseiten/1992.jpg HTTP/1.1" 200 8822 "-" "Mozilla/5.0 (compatible; adscanner/)"
62.138.0.25 - - [15/Jul/2018:13:34:02 +0200] "GET /sonderthemen/sk2004_sz.jpg HTTP/1.1" 200 17884 "-" "Mozilla/5.0 (compatible; adscanner/)"
17.58.96.189 - - [15/Jul/2018:13:35:01 +0200] "GET /robots.txt HTTP/1.1" 200 100 "-" "Mozilla/5.0 (Macintosh; Intel Mac OS X 10_10_1) AppleWebKit/600.2.5 (KHTML, like Gecko) Version/8.0.2 Safari/600.2.5 (Applebot/0.1; +http://www.apple.com/go/applebot)"
17.58.96.189 - - [15/Jul/2018:13:35:02 +0200] "GET /buecher/veroeffentlichungsliste.html HTTP/1.1" 200 129779 "-" "Mozilla/5.0 (Macintosh; Intel Mac OS X 10_10_1) AppleWebKit/600.2.5 (KHTML, like Gecko) Version/8.0.2 Safari/600.2.5 (Applebot/0.1; +http://www.apple.com/go/applebot)"
62.138.0.25 - - [15/Jul/2018:13:42:38 +0200] "GET /jahrbuch/titelseiten/1963.jpg HTTP/1.1" 200 9118 "-" "Mozilla/5.0 (compatible; adscanner/)"
52.53.201.78 - - [15/Jul/2018:13:44:53 +0200] "GET / HTTP/1.1" 200 9360 "-" "Mozilla/5.0 (Macintosh; Intel Mac OS X 10_12_6) AppleWebKit/537.36 (KHTML, like Gecko) Chrome/61.0.3163.100 Safari/537.36"
88.198.90.9 - - [15/Jul/2018:14:16:29 +0200] "GET /sonderthemen/oekt_extra3.pdf HTTP/1.1" 200 2109745 "-" "Mozilla/5.0 (Windows NT 6.1; Win64; x64; rv:57.0) Gecko/20100101 Firefox/57.0"
88.198.36.62 - - [15/Jul/2018:14:35:15 +0200] "GET /buecher/veroeffentlichungsliste.html HTTP/1.1" 200 129779 "-" "Mozilla/5.0 (X11; Ubuntu; Linux x86_64; rv:58.0) Gecko/20100101 Firefox/58.0"
157.55.39.166 - - [15/Jul/2018:14:36:41 +0200] "GET /sonderthemen/sk2000.pdf HTTP/1.1" 200 2925489 "-" "Mozilla/5.0 (iPhone; CPU iPhone OS 7_0 like Mac OS X) AppleWebKit/537.51.1 (KHTML, like Gecko) Version/7.0 Mobile/11A465 Safari/9537.53 (compatible; bingbot/2.0; +http://www.bing.com/bingbot.htm)"
88.198.36.62 - - [15/Jul/2018:15:19:50 +0200] "GET /sonderthemen/az2000.pdf HTTP/1.1" 200 2253581 "-" "Mozilla/5.0 (Macintosh; Intel Mac OS X 10_13_3) AppleWebKit/537.36 (KHTML, like Gecko) Chrome/63.0.3239.132 Safari/537.36"
88.198.43.207 - - [15/Jul/2018:15:36:11 +0200] "GET /buecher/diskussion.html HTTP/1.1" 200 9925 "-" "Mozilla/5.0 (Windows NT 10.0; Win64; x64) AppleWebKit/537.36 (KHTML, like Gecko) Chrome/64.0.3282.140 Safari/537.36"
78.46.94.83 - - [15/Jul/2018:16:15:36 +0200] "GET /sonderthemen/sk2000.pdf HTTP/1.1" 200 2925489 "-" "Mozilla/5.0 (Windows NT 10.0; WOW64; Trident/7.0; rv:11.0) like Gecko"
17.58.96.189 - - [15/Jul/2018:16:46:54 +0200] "GET /cds/ignatius.html HTTP/1.1" 200 6576 "-" "Mozilla/5.0 (Macintosh; Intel Mac OS X 10_10_1) AppleWebKit/600.2.5 (KHTML, like Gecko) Version/8.0.2 Safari/600.2.5 (Applebot/0.1; +http://www.apple.com/go/applebot)"
207.46.13.55 - - [15/Jul/2018:17:00:09 +0200] "GET /cds/hymnos_akathistos.html HTTP/1.1" 200 11061 "-" "Mozilla/5.0 (compatible; bingbot/2.0; +http://www.bing.com/bingbot.htm)"
141.48.220.189 - - [15/Jul/2018:17:03:30 +0200] "GET / HTTP/1.1" 200 9360 "https://www.google.de/" "Mozilla/5.0 (Windows NT 6.1; Win64; x64; rv:61.0) Gecko/20100101 Firefox/61.0"
141.48.220.189 - - [15/Jul/2018:17:03:30 +0200] "GET /main.css HTTP/1.1" 200 1439 "http://www.morusverlag.de/" "Mozilla/5.0 (Windows NT 6.1; Win64; x64; rv:61.0) Gecko/20100101 Firefox/61.0"
141.48.220.189 - - [15/Jul/2018:17:03:30 +0200] "GET /logo_g.gif HTTP/1.1" 200 1301 "http://www.morusverlag.de/" "Mozilla/5.0 (Windows NT 6.1; Win64; x64; rv:61.0) Gecko/20100101 Firefox/61.0"
141.48.220.189 - - [15/Jul/2018:17:03:30 +0200] "GET /mv_g.gif HTTP/1.1" 200 4070 "http://www.morusverlag.de/" "Mozilla/5.0 (Windows NT 6.1; Win64; x64; rv:61.0) Gecko/20100101 Firefox/61.0"
141.48.220.189 - - [15/Jul/2018:17:03:30 +0200] "GET /mv_gr_w.gif HTTP/1.1" 200 2005 "http://www.morusverlag.de/" "Mozilla/5.0 (Windows NT 6.1; Win64; x64; rv:61.0) Gecko/20100101 Firefox/61.0"
141.48.220.189 - - [15/Jul/2018:17:03:30 +0200] "GET /jahrbuch_k.jpg HTTP/1.1" 200 3719 "http://www.morusverlag.de/" "Mozilla/5.0 (Windows NT 6.1; Win64; x64; rv:61.0) Gecko/20100101 Firefox/61.0"
141.48.220.189 - - [15/Jul/2018:17:03:30 +0200] "GET /buecher/gesichter.jpg HTTP/1.1" 200 7271 "http://www.morusverlag.de/" "Mozilla/5.0 (Windows NT 6.1; Win64; x64; rv:61.0) Gecko/20100101 Firefox/61.0"
141.48.220.189 - - [15/Jul/2018:17:03:30 +0200] "GET /pf.gif HTTP/1.1" 200 62 "http://www.morusverlag.de/" "Mozilla/5.0 (Windows NT 6.1; Win64; x64; rv:61.0) Gecko/20100101 Firefox/61.0"
141.48.220.189 - - [15/Jul/2018:17:03:30 +0200] "GET /cds/rosarium_k.jpg HTTP/1.1" 200 3972 "http://www.morusverlag.de/" "Mozilla/5.0 (Windows NT 6.1; Win64; x64; rv:61.0) Gecko/20100101 Firefox/61.0"
141.48.220.189 - - [15/Jul/2018:17:03:30 +0200] "GET /cds/ignatius_k.jpg HTTP/1.1" 200 3965 "http://www.morusverlag.de/" "Mozilla/5.0 (Windows NT 6.1; Win64; x64; rv:61.0) Gecko/20100101 Firefox/61.0"
141.48.220.189 - - [15/Jul/2018:17:03:30 +0200] "GET /cds/hymnos_k.jpg HTTP/1.1" 200 4986 "http://www.morusverlag.de/" "Mozilla/5.0 (Windows NT 6.1; Win64; x64; rv:61.0) Gecko/20100101 Firefox/61.0"
141.48.220.189 - - [15/Jul/2018:17:03:30 +0200] "GET /cds/astazi_k.jpg HTTP/1.1" 200 6049 "http://www.morusverlag.de/" "Mozilla/5.0 (Windows NT 6.1; Win64; x64; rv:61.0) Gecko/20100101 Firefox/61.0"
141.48.220.189 - - [15/Jul/2018:17:03:30 +0200] "GET /gotteslob.jpg HTTP/1.1" 200 9390 "http://www.morusverlag.de/" "Mozilla/5.0 (Windows NT 6.1; Win64; x64; rv:61.0) Gecko/20100101 Firefox/61.0"
141.48.220.189 - - [15/Jul/2018:17:03:30 +0200] "GET /buecher/engel.jpg HTTP/1.1" 200 5414 "http://www.morusverlag.de/" "Mozilla/5.0 (Windows NT 6.1; Win64; x64; rv:61.0) Gecko/20100101 Firefox/61.0"
141.48.220.189 - - [15/Jul/2018:17:03:30 +0200] "GET /buecher/chateaubriand.jpg HTTP/1.1" 200 2272 "http://www.morusverlag.de/" "Mozilla/5.0 (Windows NT 6.1; Win64; x64; rv:61.0) Gecko/20100101 Firefox/61.0"
141.48.220.189 - - [15/Jul/2018:17:03:30 +0200] "GET /buch_k.jpg HTTP/1.1" 200 4591 "http://www.morusverlag.de/" "Mozilla/5.0 (Windows NT 6.1; Win64; x64; rv:61.0) Gecko/20100101 Firefox/61.0"
141.48.220.189 - - [15/Jul/2018:17:03:30 +0200] "GET /strich.gif HTTP/1.1" 200 45 "http://www.morusverlag.de/" "Mozilla/5.0 (Windows NT 6.1; Win64; x64; rv:61.0) Gecko/20100101 Firefox/61.0"
141.48.220.189 - - [15/Jul/2018:17:03:30 +0200] "GET /favicon.ico HTTP/1.1" 200 4286 "-" "Mozilla/5.0 (Windows NT 6.1; Win64; x64; rv:61.0) Gecko/20100101 Firefox/61.0"
141.48.220.189 - - [15/Jul/2018:17:05:32 +0200] "GET /buecher/rezensionen_ungeteilt.html HTTP/1.1" 200 9764 "https://www.google.de/" "Mozilla/5.0 (Windows NT 6.1; Win64; x64; rv:61.0) Gecko/20100101 Firefox/61.0"
141.48.220.189 - - [15/Jul/2018:17:05:32 +0200] "GET /m.gif HTTP/1.1" 200 95 "http://www.morusverlag.de/buecher/rezensionen_ungeteilt.html" "Mozilla/5.0 (Windows NT 6.1; Win64; x64; rv:61.0) Gecko/20100101 Firefox/61.0"
141.48.220.189 - - [15/Jul/2018:17:05:32 +0200] "GET /buecher/ungeteilt_im_geteilten.jpg HTTP/1.1" 200 4297 "http://www.morusverlag.de/buecher/rezensionen_ungeteilt.html" "Mozilla/5.0 (Windows NT 6.1; Win64; x64; rv:61.0) Gecko/20100101 Firefox/61.0"
141.48.220.189 - - [15/Jul/2018:17:11:08 +0200] "GET /sonderthemen/index.html HTTP/1.1" 200 7102 "http://www.morusverlag.de/" "Mozilla/5.0 (Windows NT 6.1; Win64; x64; rv:61.0) Gecko/20100101 Firefox/61.0"
141.48.220.189 - - [15/Jul/2018:17:11:08 +0200] "GET /sonderthemen/az2003.jpg HTTP/1.1" 200 12396 "http://www.morusverlag.de/sonderthemen/index.html" "Mozilla/5.0 (Windows NT 6.1; Win64; x64; rv:61.0) Gecko/20100101 Firefox/61.0"
141.48.220.189 - - [15/Jul/2018:17:11:08 +0200] "GET /sonderthemen/sk2004_sz.jpg HTTP/1.1" 200 17884 "http://www.morusverlag.de/sonderthemen/index.html" "Mozilla/5.0 (Windows NT 6.1; Win64; x64; rv:61.0) Gecko/20100101 Firefox/61.0"
141.48.220.189 - - [15/Jul/2018:17:11:08 +0200] "GET /sonderthemen/radioparadiso.gif HTTP/1.1" 200 934 "http://www.morusverlag.de/sonderthemen/index.html" "Mozilla/5.0 (Windows NT 6.1; Win64; x64; rv:61.0) Gecko/20100101 Firefox/61.0"
141.48.220.189 - - [15/Jul/2018:17:11:08 +0200] "GET /sonderthemen/wichern.jpg HTTP/1.1" 200 1994 "http://www.morusverlag.de/sonderthemen/index.html" "Mozilla/5.0 (Windows NT 6.1; Win64; x64; rv:61.0) Gecko/20100101 Firefox/61.0"
141.48.220.189 - - [15/Jul/2018:17:11:08 +0200] "GET /sonderthemen/oekt_extra.jpg HTTP/1.1" 200 12801 "http://www.morusverlag.de/sonderthemen/index.html" "Mozilla/5.0 (Windows NT 6.1; Win64; x64; rv:61.0) Gecko/20100101 Firefox/61.0"
141.48.220.189 - - [15/Jul/2018:17:11:08 +0200] "GET /sonderthemen/mv.gif HTTP/1.1" 200 700 "http://www.morusverlag.de/sonderthemen/index.html" "Mozilla/5.0 (Windows NT 6.1; Win64; x64; rv:61.0) Gecko/20100101 Firefox/61.0"
141.48.220.189 - - [15/Jul/2018:17:11:08 +0200] "GET /sonderthemen/oekz2003.jpg HTTP/1.1" 200 14100 "http://www.morusverlag.de/sonderthemen/index.html" "Mozilla/5.0 (Windows NT 6.1; Win64; x64; rv:61.0) Gecko/20100101 Firefox/61.0"
141.48.220.189 - - [15/Jul/2018:17:11:08 +0200] "GET /sonderthemen/pro_zei.jpg HTTP/1.1" 200 16791 "http://www.morusverlag.de/sonderthemen/index.html" "Mozilla/5.0 (Windows NT 6.1; Win64; x64; rv:61.0) Gecko/20100101 Firefox/61.0"
5.9.145.132 - - [15/Jul/2018:17:21:10 +0200] "GET /sonderthemen/sk2002.pdf HTTP/1.1" 200 2628923 "-" "Mozilla/5.0 (X11; Linux x86_64; rv:58.0) Gecko/20100101 Firefox/58.0"
148.251.237.246 - - [15/Jul/2018:17:21:10 +0200] "GET /sonderthemen/oeaz2002.pdf HTTP/1.1" 200 3161455 "-" "Mozilla/5.0 (Macintosh; Intel Mac OS X 10_13_3) AppleWebKit/537.36 (KHTML, like Gecko) Chrome/63.0.3239.132 Safari/537.36"
178.159.39.237 - - [15/Jul/2018:17:25:08 +0200] "HEAD / HTTP/1.1" 200 - "http://zaims18let.ru" "Mozilla/2.0 (compatible; MSIE5.00; Windows 2004)"
185.209.20.147 - - [15/Jul/2018:17:25:08 +0200] "HEAD / HTTP/1.1" 200 - "https://zppp.su/gonoreya/kak-u-zhenshhin-proyavlyaetsya-gonoreya-268" "Mozilla/4.0 (compatible; MSIE6.00; Windows 2003)"
185.154.13.6 - - [15/Jul/2018:17:25:08 +0200] "HEAD / HTTP/1.1" 200 - "https://dienai.ru/tag/gel-lifting/" "Mozilla/5.0 (compatible; MSIE2.00; Windows 2003)"
77.220.213.173 - - [15/Jul/2018:17:25:08 +0200] "HEAD / HTTP/1.1" 200 - "https://www.ofme.ru/catalog/3492" "Mozilla/2.0 (compatible; MSIE3.00; Windows 2003)"
77.220.214.180 - - [15/Jul/2018:17:25:09 +0200] "HEAD / HTTP/1.1" 200 - "http://www.skinali.com/kuhnya-do-i-posle-ustanovki-skinali" "Mozilla/4.0 (compatible; MSIE6.00; Windows 2005)"
178.159.43.212 - - [15/Jul/2018:17:25:09 +0200] "HEAD / HTTP/1.1" 200 - "http://alp-rk.ru/burenie-skvazhin-na-vodu" "Mozilla/2.0 (compatible; MSIE5.00; Windows 2005)"
85.25.210.234 - - [15/Jul/2018:17:31:58 +0200] "GET /jahrbuch/titelseiten/1999.jpg HTTP/1.1" 200 10450 "-" "Mozilla/5.0 (compatible; adscanner/)"
62.138.0.25 - - [15/Jul/2018:17:34:15 +0200] "GET /buecher/liebe_und_treue.jpg HTTP/1.1" 200 3067 "-" "Mozilla/5.0 (compatible; adscanner/)"
62.138.0.25 - - [15/Jul/2018:17:38:22 +0200] "GET /jahrbuch/titelseiten/2003.jpg HTTP/1.1" 200 9473 "-" "Mozilla/5.0 (compatible; adscanner/)"
93.160.60.32 - - [15/Jul/2018:17:42:07 +0200] "GET / HTTP/1.1" 200 9360 "-" "Mozilla/4.0 (compatible; MSIE 7.0; Windows NT 5.0) Match by Siteimprove.com"
185.5.249.185 - - [15/Jul/2018:17:57:43 +0200] "HEAD / HTTP/1.1" 200 - "http://bur-rk.ru/burenie-malogabaritnoj-burovoj-ustanovki" "Mozilla/5.0 (compatible; MSIE7.00; Windows 2006)"
193.124.179.180 - - [15/Jul/2018:17:57:43 +0200] "HEAD / HTTP/1.1" 200 - "http://kabinet-online-rshb.ru" "Mozilla/3.0 (compatible; MSIE3.00; Windows 2007)"
185.125.219.134 - - [15/Jul/2018:17:57:44 +0200] "HEAD / HTTP/1.1" 200 - "http://kabinet-online-vtb.ru" "Mozilla/7.0 (compatible; MSIE2.00; Windows 2002)"
193.124.190.64 - - [15/Jul/2018:17:57:44 +0200] "HEAD / HTTP/1.1" 200 - "http://kabinet-mil.ru" "Mozilla/6.0 (compatible; MSIE2.00; Windows 2009)"
193.124.176.156 - - [15/Jul/2018:17:57:44 +0200] "HEAD / HTTP/1.1" 200 - "http://kabinet-vtb24.ru" "Mozilla/8.0 (compatible; MSIE4.00; Windows 2009)"
194.67.210.77 - - [15/Jul/2018:17:57:45 +0200] "HEAD / HTTP/1.1" 200 - "http://www.mos-teplohod.ru" "Mozilla/3.0 (compatible; MSIE3.00; Windows 2005)"
194.87.236.223 - - [15/Jul/2018:17:57:50 +0200] "HEAD / HTTP/1.1" 200 - "https://pokupaylegko.ru/shop/original_present/pivnye-kruzhki/" "Mozilla/6.0 (compatible; MSIE6.00; Windows 2005)"
40.77.167.54 - - [15/Jul/2018:18:12:23 +0200] "GET /buecher/rezension_gesichter_u_geschichten.pdf HTTP/1.1" 200 223287 "-" "Mozilla/5.0 (iPhone; CPU iPhone OS 7_0 like Mac OS X) AppleWebKit/537.51.1 (KHTML, like Gecko) Version/7.0 Mobile/11A465 Safari/9537.53 (compatible; bingbot/2.0; +http://www.bing.com/bingbot.htm)"
216.244.66.237 - - [15/Jul/2018:18:33:48 +0200] "GET /robots.txt HTTP/1.1" 200 100 "-" "Mozilla/5.0 (compatible; DotBot/1.1; http://www.opensiteexplorer.org/dotbot, help@moz.com)"
216.244.66.237 - - [15/Jul/2018:18:38:33 +0200] "GET /aktuell.html HTTP/1.1" 404 2381 "-" "Mozilla/5.0 (compatible; DotBot/1.1; http://www.opensiteexplorer.org/dotbot, help@moz.com)"
88.99.27.172 - - [15/Jul/2018:19:00:32 +0200] "GET /sonderthemen/oekz2003.pdf HTTP/1.1" 200 4017017 "-" "Mozilla/5.0 (Windows NT 10.0; Win64; x64) AppleWebKit/537.36 (KHTML, like Gecko) Chrome/63.0.3239.84 Safari/537.36"
88.198.36.62 - - [15/Jul/2018:19:11:04 +0200] "GET /sonderthemen/oeaz2001.pdf HTTP/1.1" 200 4496626 "-" "Mozilla/5.0 (Macintosh; Intel Mac OS X 10_13_1) AppleWebKit/537.36 (KHTML, like Gecko) Chrome/63.0.3239.132 Safari/537.36"
148.251.50.77 - - [15/Jul/2018:19:30:34 +0200] "GET /sonderthemen/az1999.pdf HTTP/1.1" 200 1842982 "-" "Mozilla/5.0 (Windows NT 6.1; Win64; x64) AppleWebKit/537.36 (KHTML, like Gecko) Chrome/63.0.3239.132 Safari/537.36"
88.198.43.207 - - [15/Jul/2018:19:38:48 +0200] "GET /sonderthemen/sk2002.pdf HTTP/1.1" 200 2628923 "-" "Mozilla/5.0 (Macintosh; Intel Mac OS X 107) AppleWebKit/534.48.3 (KHTML like Gecko) Version/5.1 Safari/534.48.3"
144.76.142.152 - - [15/Jul/2018:19:55:05 +0200] "GET /sonderthemen/oeaz2001.pdf HTTP/1.1" 200 4496626 "-" "Mozilla/5.0 (Windows NT 6.1; Win64; x64) AppleWebKit/537.36 (KHTML, like Gecko) Chrome/63.0.3239.132 Safari/537.36"
144.76.168.111 - - [15/Jul/2018:20:13:47 +0200] "GET /sonderthemen/oekt_extra2.pdf HTTP/1.1" 200 1939949 "-" "Mozilla/5.0 (Macintosh; Intel Mac OS X 10.13; rv:57.0) Gecko/20100101 Firefox/57.0"
62.138.0.25 - - [15/Jul/2018:21:08:51 +0200] "GET /cds/ignatius_k.jpg HTTP/1.1" 200 3965 "-" "Mozilla/5.0 (compatible; adscanner/)"
62.138.0.25 - - [15/Jul/2018:21:33:10 +0200] "GET /cds/rosarium.jpg HTTP/1.1" 200 21032 "-" "Mozilla/5.0 (compatible; adscanner/)"
88.198.36.62 - - [15/Jul/2018:21:33:43 +0200] "GET /sonderthemen/oeaz2001.pdf HTTP/1.1" 200 4496626 "-" "Mozilla/5.0 (Macintosh; Intel Mac OS X 10_13_1) AppleWebKit/537.36 (KHTML, like Gecko) Chrome/63.0.3239.132 Safari/537.36"
144.76.102.243 - - [15/Jul/2018:21:45:42 +0200] "GET /sonderthemen/sk2001.pdf HTTP/1.1" 200 3098589 "-" "Mozilla/5.0 (Windows NT 10.0; Win64; x64) AppleWebKit/537.36 (KHTML, like Gecko) Chrome/64.0.3282.119 Safari/537.36"
40.77.167.54 - - [15/Jul/2018:22:08:26 +0200] "GET /buecher/veroeffentlichungsliste.html HTTP/1.1" 200 129779 "-" "Mozilla/5.0 (iPhone; CPU iPhone OS 7_0 like Mac OS X) AppleWebKit/537.51.1 (KHTML, like Gecko) Version/7.0 Mobile/11A465 Safari/9537.53 (compatible; bingbot/2.0; +http://www.bing.com/bingbot.htm)"
78.46.156.169 - - [15/Jul/2018:22:09:13 +0200] "GET /buecher/rezensionen_psalmen.html HTTP/1.1" 200 6787 "-" "Mozilla/5.0 (Windows NT 10.0; Win64; x64) AppleWebKit/537.36 (KHTML, like Gecko) Chrome/64.0.3282.140 Safari/537.36"
5.9.17.118 - - [15/Jul/2018:22:09:13 +0200] "GET /sonderthemen/az2003_s01.pdf HTTP/1.1" 200 120642 "-" "Mozilla/5.0 (compatible; MSIE 10.0; Windows NT 6.1; WOW64; Trident/6.0)"
144.76.162.206 - - [15/Jul/2018:22:09:13 +0200] "GET /buecher/rezension_gesichter_u_geschichten.pdf HTTP/1.1" 200 223287 "-" "Mozilla/5.0 (Windows NT 6.1; Win64; x64) AppleWebKit/537.36 (KHTML, like Gecko) Chrome/63.0.3239.84 Safari/537.36"
88.99.27.172 - - [15/Jul/2018:22:09:13 +0200] "GET /sonderthemen/az2003.pdf HTTP/1.1" 200 4864675 "-" "Mozilla/5.0 (Macintosh; Intel Mac OS X 10_13_1) AppleWebKit/604.3.5 (KHTML, like Gecko) Version/11.0.1 Safari/604.3.5"
144.76.142.152 - - [15/Jul/2018:22:12:12 +0200] "GET /sonderthemen/oeaz2001.pdf HTTP/1.1" 200 4496626 "-" "Mozilla/5.0 (X11; Ubuntu; Linux x86_64; rv:58.0) Gecko/20100101 Firefox/58.0"
46.229.168.79 - - [15/Jul/2018:22:42:20 +0200] "GET /robots.txt HTTP/1.1" 200 100 "-" "Mozilla/5.0 (compatible; SemrushBot/2~bl; +http://www.semrush.com/bot.html)"
46.229.168.69 - - [15/Jul/2018:22:42:32 +0200] "GET /jahrbuch/index.html HTTP/1.1" 200 3956 "-" "Mozilla/5.0 (compatible; SemrushBot/2~bl; +http://www.semrush.com/bot.html)"
37.229.254.170 - - [15/Jul/2018:23:36:44 +0200] "GET / HTTP/1.1" 200 9360 "http://xn-----6kcamwewcd9bayelq.xn--p1ai/" "Mozilla/4.0 (compatible; MSIE 6.0; Windows NT 5.1; SV1; .NET CLR 1.1.4322)"
37.229.254.170 - - [15/Jul/2018:23:36:45 +0200] "GET / HTTP/1.1" 200 9360 "http://xn-----6kcamwewcd9bayelq.xn--p1ai/" "Mozilla/4.0 (compatible; MSIE 6.0; Windows NT 5.1; SV1; .NET CLR 1.1.4322)"
157.55.39.51 - - [15/Jul/2018:23:43:30 +0200] "GET /robots.txt HTTP/1.1" 200 100 "-" "Mozilla/5.0 (compatible; bingbot/2.0; +http://www.bing.com/bingbot.htm)"
157.55.39.51 - - [15/Jul/2018:23:43:30 +0200] "GET /robots.txt HTTP/1.1" 200 100 "-" "Mozilla/5.0 (compatible; bingbot/2.0; +http://www.bing.com/bingbot.htm)"
157.55.39.175 - - [15/Jul/2018:23:43:34 +0200] "GET /mv_g.gif HTTP/1.1" 200 4070 "-" "Mozilla/5.0 (iPhone; CPU iPhone OS 7_0 like Mac OS X) AppleWebKit/537.51.1 (KHTML, like Gecko) Version/7.0 Mobile/11A465 Safari/9537.53 (compatible; bingbot/2.0; +http://www.bing.com/bingbot.htm)"
157.55.39.166 - - [15/Jul/2018:23:43:39 +0200] "GET /main.css HTTP/1.1" 200 1439 "-" "Mozilla/5.0 (iPhone; CPU iPhone OS 7_0 like Mac OS X) AppleWebKit/537.51.1 (KHTML, like Gecko) Version/7.0 Mobile/11A465 Safari/9537.53 (compatible; bingbot/2.0; +http://www.bing.com/bingbot.htm)"
40.77.167.54 - - [15/Jul/2018:23:43:50 +0200] "GET /pf.gif HTTP/1.1" 200 62 "-" "Mozilla/5.0 (iPhone; CPU iPhone OS 7_0 like Mac OS X) AppleWebKit/537.51.1 (KHTML, like Gecko) Version/7.0 Mobile/11A465 Safari/9537.53 (compatible; bingbot/2.0; +http://www.bing.com/bingbot.htm)"
42.236.99.178 - - [16/Jul/2018:00:14:46 +0200] "GET / HTTP/1.1" 200 9360 "http://www.morusverlag.de/" "Mozilla/5.0 (Windows NT 6.1; WOW64) AppleWebKit/537.36 (KHTML, like Gecko) Chrome/50.0.2661.102 Safari/537.36; 360Spider"
66.249.75.133 - - [16/Jul/2018:00:24:09 +0200] "GET /robots.txt HTTP/1.1" 200 100 "-" "Mozilla/5.0 (compatible; Googlebot/2.1; +http://www.google.com/bot.html)"
66.249.75.131 - - [16/Jul/2018:00:24:09 +0200] "GET /buecher/ HTTP/1.1" 304 - "-" "Mozilla/5.0 (Linux; Android 6.0.1; Nexus 5X Build/MMB29P) AppleWebKit/537.36 (KHTML, like Gecko) Chrome/41.0.2272.96 Mobile Safari/537.36 (compatible; Googlebot/2.1; +http://www.google.com/bot.html)"
40.77.189.27 - - [16/Jul/2018:00:44:32 +0200] "GET /main.css HTTP/1.1" 200 1439 "-" "Mozilla/5.0 (iPhone; CPU iPhone OS 7_0 like Mac OS X) AppleWebKit/537.51.1 (KHTML, like Gecko) Version/7.0 Mobile/11A465 Safari/9537.53 BingPreview/1.0b"
40.77.190.104 - - [16/Jul/2018:00:44:33 +0200] "GET /mv_g.gif HTTP/1.1" 200 4070 "-" "Mozilla/5.0 (iPhone; CPU iPhone OS 7_0 like Mac OS X) AppleWebKit/537.51.1 (KHTML, like Gecko) Version/7.0 Mobile/11A465 Safari/9537.53 BingPreview/1.0b"
66.249.75.133 - - [16/Jul/2018:02:15:52 +0200] "GET /cds/simplay_control.swf HTTP/1.1" 200 1243 "-" "Mozilla/5.0 (compatible; Googlebot/2.1; +http://www.google.com/bot.html)"
66.249.75.131 - - [16/Jul/2018:02:15:53 +0200] "GET /cds/simplaydata/controlconfig.xml?nocache=1337256627582 HTTP/1.1" 200 121 "-" "Mozilla/5.0 (compatible; Googlebot/2.1; +http://www.google.com/bot.html)"
66.249.75.135 - - [16/Jul/2018:02:15:54 +0200] "GET /cds/simplaydata/controlskins/default/skin.xml HTTP/1.1" 200 349 "-" "Mozilla/5.0 (compatible; Googlebot/2.1; +http://www.google.com/bot.html)"
107.21.1.8 - - [16/Jul/2018:02:16:01 +0200] "GET / HTTP/1.1" 200 9360 "http://www.morusverlag.de/" "Mozilla/5.0 (compatible; DuckDuckGo-Favicons-Bot/1.0; +http://duckduckgo.com)"
107.21.1.8 - - [16/Jul/2018:02:16:02 +0200] "GET /favicon.ico HTTP/1.1" 200 4286 "http://www.morusverlag.de/favicon.ico" "Mozilla/5.0 (compatible; DuckDuckGo-Favicons-Bot/1.0; +http://duckduckgo.com)"
157.55.39.166 - - [16/Jul/2018:02:33:35 +0200] "GET /buecher/rezensionen_le_saulchoir.html HTTP/1.1" 304 - "-" "Mozilla/5.0 (compatible; bingbot/2.0; +http://www.bing.com/bingbot.htm)"
185.209.20.147 - - [16/Jul/2018:03:34:22 +0200] "HEAD / HTTP/1.1" 200 - "http://es-pfrf.ru" "Mozilla/3.0 (compatible; MSIE6.00; Windows 2008)"
178.159.39.237 - - [16/Jul/2018:03:34:22 +0200] "HEAD / HTTP/1.1" 200 - "https://termoshop.com.ua" "Mozilla/4.0 (compatible; MSIE7.00; Windows 2002)"
77.220.214.180 - - [16/Jul/2018:03:34:22 +0200] "HEAD / HTTP/1.1" 200 - "http://kabinet-domru.ru" "Mozilla/6.0 (compatible; MSIE5.00; Windows 2007)"
77.220.213.173 - - [16/Jul/2018:03:34:27 +0200] "HEAD / HTTP/1.1" 200 - "http://kabinet-uchi.ru" "Mozilla/8.0 (compatible; MSIE6.00; Windows 2005)"
207.46.13.55 - - [16/Jul/2018:03:46:21 +0200] "GET / HTTP/1.1" 200 9360 "-" "Mozilla/5.0 (compatible; bingbot/2.0; +http://www.bing.com/bingbot.htm)"
194.87.236.223 - - [16/Jul/2018:04:07:00 +0200] "HEAD / HTTP/1.1" 200 - "http://kabinet-qiwi.ru" "Mozilla/6.0 (compatible; MSIE4.00; Windows 2007)"
193.124.190.64 - - [16/Jul/2018:04:11:00 +0200] "HEAD / HTTP/1.1" 200 - "https://zppp.su/diagnostika/analiz-na-genitalnyj-gerpes-303" "Mozilla/8.0 (compatible; MSIE5.00; Windows 2009)"
193.124.176.156 - - [16/Jul/2018:04:11:01 +0200] "HEAD / HTTP/1.1" 200 - "https://www.ofme.ru/catalog/3291" "Mozilla/4.0 (compatible; MSIE6.00; Windows 2009)"
180.76.15.139 - - [16/Jul/2018:04:20:19 +0200] "GET /robots.txt HTTP/1.1" 200 100 "-" "Mozilla/5.0 (Windows NT 5.1; rv:6.0.2) Gecko/20100101 Firefox/6.0.2"
180.76.15.160 - - [16/Jul/2018:04:20:20 +0200] "GET /robots.txt HTTP/1.1" 200 100 "-" "Mozilla/5.0 (Windows NT 5.1; rv:6.0.2) Gecko/20100101 Firefox/6.0.2"
180.76.15.137 - - [16/Jul/2018:04:20:23 +0200] "GET /sonderthemen/oekz2003.pdf HTTP/1.1" 200 4017017 "-" "Mozilla/5.0 (compatible; Baiduspider/2.0; +http://www.baidu.com/search/spider.html)"
199.58.86.211 - - [16/Jul/2018:04:39:19 +0200] "GET /robots.txt HTTP/1.1" 200 100 "-" "Mozilla/5.0 (compatible; MJ12bot/v1.4.8; http://mj12bot.com/)"
199.58.86.211 - - [16/Jul/2018:04:39:21 +0200] "GET / HTTP/1.1" 200 9360 "-" "Mozilla/5.0 (compatible; MJ12bot/v1.4.8; http://mj12bot.com/)"
193.1.218.163 - - [16/Jul/2018:05:03:26 +0200] "HEAD / HTTP/1.1" 200 - "-" "Java/1.6.0_23"
180.76.15.14 - - [16/Jul/2018:05:27:03 +0200] "GET / HTTP/1.1" 200 9360 "-" "Mozilla/5.0 (compatible; Baiduspider/2.0; +http://www.baidu.com/search/spider.html)"
5.9.17.118 - - [16/Jul/2018:05:28:01 +0200] "GET /buecher/veroeffentlichungsliste.html HTTP/1.1" 200 129779 "-" "Mozilla/5.0 (Macintosh; Intel Mac OS X 10.13; rv:58.0) Gecko/20100101 Firefox/58.0"
66.249.75.131 - - [16/Jul/2018:05:34:58 +0200] "GET /main.css HTTP/1.1" 200 1439 "http://www.morusverlag.de/jahrbuch/bestellung.php" "Mozilla/5.0 AppleWebKit/537.36 (KHTML, like Gecko; compatible; Googlebot/2.1; +http://www.google.com/bot.html) Safari/537.36"
66.249.75.133 - - [16/Jul/2018:05:41:53 +0200] "GET /buecher/ HTTP/1.1" 304 - "-" "Mozilla/5.0 (Linux; Android 6.0.1; Nexus 5X Build/MMB29P) AppleWebKit/537.36 (KHTML, like Gecko) Chrome/41.0.2272.96 Mobile Safari/537.36 (compatible; Googlebot/2.1; +http://www.google.com/bot.html)"
47.52.222.49 - - [16/Jul/2018:05:50:41 +0200] "GET / HTTP/1.1" 200 9360 "-" "Mozilla/5.0 (X11; Ubuntu; Linux x86_64; rv:36.0) Gecko/20100101 Firefox/36.0"
46.229.168.75 - - [16/Jul/2018:05:52:12 +0200] "GET /robots.txt HTTP/1.1" 200 100 "-" "Mozilla/5.0 (compatible; SemrushBot/2~bl; +http://www.semrush.com/bot.html)"
46.229.168.80 - - [16/Jul/2018:05:52:20 +0200] "GET /buecher/rezensionen.html HTTP/1.1" 200 6964 "-" "Mozilla/5.0 (compatible; SemrushBot/2~bl; +http://www.semrush.com/bot.html)"
85.25.202.18 - - [16/Jul/2018:06:25:41 +0200] "GET / HTTP/1.0" 200 9360 "-" "-"
85.25.202.18 - - [16/Jul/2018:06:25:41 +0200] "GET / HTTP/1.0" 200 9360 "-" "Mozilla/5.0 (Windows NT 6.1; WOW64; rv:19.0) Gecko/20100101 Firefox/19.0"
185.154.13.6 - - [16/Jul/2018:06:55:48 +0200] "HEAD / HTTP/1.1" 200 - "http://vseteplohodi.ru" "Mozilla/7.0 (compatible; MSIE4.00; Windows 2008)"
178.159.43.212 - - [16/Jul/2018:07:09:56 +0200] "HEAD / HTTP/1.1" 200 - "https://old-lekar.com/gastrit-lechenie-narodnymi-sredstvami/" "Mozilla/5.0 (compatible; MSIE5.00; Windows 2003)"
88.99.27.172 - - [16/Jul/2018:07:13:32 +0200] "GET /sonderthemen/oekt_extra1.pdf HTTP/1.1" 200 1849015 "-" "Mozilla/5.0 (X11; Ubuntu; Linux x86_64; rv:58.0) Gecko/20100101 Firefox/58.0"
5.9.106.81 - - [16/Jul/2018:07:13:41 +0200] "GET /sonderthemen/oekt_extra1.pdf HTTP/1.1" 200 1849015 "-" "Mozilla/5.0 (Windows NT 6.1; Win64; x64) AppleWebKit/537.36 (KHTML, like Gecko) Chrome/63.0.3239.84 Safari/537.36"
5.9.94.207 - - [16/Jul/2018:07:13:56 +0200] "GET /sonderthemen/oekt_extra1.pdf HTTP/1.1" 200 1849015 "-" "Mozilla/5.0 (X11; Linux x86_64) AppleWebKit/537.36 (KHTML, like Gecko) Chrome/63.0.3239.132 Safari/537.36"
157.55.39.166 - - [16/Jul/2018:07:20:40 +0200] "GET /sonderthemen/sk2000.pdf HTTP/1.1" 200 2925489 "-" "Mozilla/5.0 (compatible; bingbot/2.0; +http://www.bing.com/bingbot.htm)"
207.46.13.55 - - [16/Jul/2018:07:26:30 +0200] "GET /buecher/rezensionen_psalmen.html HTTP/1.1" 200 6787 "-" "Mozilla/5.0 (compatible; bingbot/2.0; +http://www.bing.com/bingbot.htm)"
185.5.249.185 - - [16/Jul/2018:08:08:06 +0200] "HEAD / HTTP/1.1" 200 - "http://www.skinali.com/fartuk-dlya-kuhni-svoimi-rukami" "Mozilla/5.0 (compatible; MSIE4.00; Windows 2009)"
194.67.210.77 - - [16/Jul/2018:08:08:06 +0200] "HEAD / HTTP/1.1" 200 - "https://www.prjadko.kiev.ua/stati.html" "Mozilla/4.0 (compatible; MSIE6.00; Windows 2003)"
5.9.106.81 - - [16/Jul/2018:08:45:39 +0200] "GET /sonderthemen/oekt_extra3.pdf HTTP/1.1" 200 2109745 "-" "Mozilla/5.0 (Windows NT 6.3; Win64; x64) AppleWebKit/537.36 (KHTML, like Gecko) Chrome/63.0.3239.132 Safari/537.36"
207.46.13.55 - - [16/Jul/2018:08:49:17 +0200] "GET /buecher/ HTTP/1.1" 200 25885 "-" "Mozilla/5.0 (iPhone; CPU iPhone OS 7_0 like Mac OS X) AppleWebKit/537.51.1 (KHTML, like Gecko) Version/7.0 Mobile/11A465 Safari/9537.53 (compatible; bingbot/2.0; +http://www.bing.com/bingbot.htm)"
40.77.167.54 - - [16/Jul/2018:08:53:06 +0200] "GET /buecher/gesichter.jpg HTTP/1.1" 200 7271 "-" "Mozilla/5.0 (iPhone; CPU iPhone OS 7_0 like Mac OS X) AppleWebKit/537.51.1 (KHTML, like Gecko) Version/7.0 Mobile/11A465 Safari/9537.53 (compatible; bingbot/2.0; +http://www.bing.com/bingbot.htm)"
157.55.39.175 - - [16/Jul/2018:08:53:11 +0200] "GET /m.gif HTTP/1.1" 200 95 "-" "Mozilla/5.0 (iPhone; CPU iPhone OS 7_0 like Mac OS X) AppleWebKit/537.51.1 (KHTML, like Gecko) Version/7.0 Mobile/11A465 Safari/9537.53 (compatible; bingbot/2.0; +http://www.bing.com/bingbot.htm)"
207.46.13.55 - - [16/Jul/2018:08:53:39 +0200] "GET /contentflow/contentflow.js HTTP/1.1" 200 42064 "-" "Mozilla/5.0 (iPhone; CPU iPhone OS 7_0 like Mac OS X) AppleWebKit/537.51.1 (KHTML, like Gecko) Version/7.0 Mobile/11A465 Safari/9537.53 (compatible; bingbot/2.0; +http://www.bing.com/bingbot.htm)"
185.209.20.147 - - [16/Jul/2018:08:59:07 +0200] "HEAD / HTTP/1.1" 200 - "http://es-pfrf.ru" "Mozilla/3.0 (compatible; MSIE2.00; Windows 2002)"
178.159.39.237 - - [16/Jul/2018:08:59:07 +0200] "HEAD / HTTP/1.1" 200 - "https://termoshop.com.ua" "Mozilla/2.0 (compatible; MSIE6.00; Windows 2007)"
77.220.214.180 - - [16/Jul/2018:08:59:08 +0200] "HEAD / HTTP/1.1" 200 - "http://kabinet-domru.ru" "Mozilla/2.0 (compatible; MSIE3.00; Windows 2005)"
77.220.213.173 - - [16/Jul/2018:09:00:35 +0200] "HEAD / HTTP/1.1" 200 - "http://kabinet-uchi.ru" "Mozilla/6.0 (compatible; MSIE3.00; Windows 2004)"
121.135.150.166 - - [16/Jul/2018:09:16:58 +0200] "GET / HTTP/1.1" 200 9360 "-" "Python-urllib/2.7"
5.9.94.207 - - [16/Jul/2018:09:38:05 +0200] "GET /sonderthemen/oekz2003.pdf HTTP/1.1" 200 4017017 "-" "Mozilla/5.0 (X11; Linux x86_64) AppleWebKit/537.36 (KHTML, like Gecko) Chrome/64.0.3282.140 Safari/537.36"
88.198.43.207 - - [16/Jul/2018:09:38:05 +0200] "GET /sonderthemen/az2003.pdf HTTP/1.1" 200 4864675 "-" "Mozilla/5.0 (Windows NT 6.1; Win64; x64) AppleWebKit/537.36 (KHTML, like Gecko) Chrome/63.0.3239.132 Safari/537.36"
40.77.178.212 - - [16/Jul/2018:09:54:05 +0200] "GET /contentflow/contentflow.js HTTP/1.1" 200 42064 "-" "Mozilla/5.0 (iPhone; CPU iPhone OS 7_0 like Mac OS X) AppleWebKit/537.51.1 (KHTML, like Gecko) Version/7.0 Mobile/11A465 Safari/9537.53 BingPreview/1.0b"
87.215.26.226 - - [16/Jul/2018:09:57:11 +0200] "GET / HTTP/1.1" 200 9360 "-" "Java/1.8.0_131"
87.215.26.226 - - [16/Jul/2018:09:57:15 +0200] "GET /impressum.html HTTP/1.1" 200 2808 "-" "Java/1.8.0_131"
87.215.26.226 - - [16/Jul/2018:09:57:15 +0200] "GET /index.html HTTP/1.1" 200 9360 "-" "Java/1.8.0_131"
87.215.26.226 - - [16/Jul/2018:09:57:15 +0200] "GET /buecher/index.html HTTP/1.1" 200 25885 "-" "Java/1.8.0_131"
87.215.26.226 - - [16/Jul/2018:09:57:15 +0200] "GET /buecher/rezensionen_chateaubriand.html HTTP/1.1" 200 47317 "-" "Java/1.8.0_131"
87.215.26.226 - - [16/Jul/2018:09:57:15 +0200] "GET /buecher/veroeffentlichungsliste.html HTTP/1.1" 200 129779 "-" "Java/1.8.0_131"
87.215.26.226 - - [16/Jul/2018:09:57:16 +0200] "GET /cds/hymnos_akathistos.html HTTP/1.1" 200 11061 "-" "Java/1.8.0_131"
87.215.26.226 - - [16/Jul/2018:09:57:16 +0200] "GET /cds/ignatius.html HTTP/1.1" 200 6576 "-" "Java/1.8.0_131"
87.215.26.226 - - [16/Jul/2018:09:57:16 +0200] "GET /cds/index.html HTTP/1.1" 200 7987 "-" "Java/1.8.0_131"
87.215.26.226 - - [16/Jul/2018:09:57:17 +0200] "GET /cds/rosarium.html HTTP/1.1" 200 6680 "-" "Java/1.8.0_131"
87.215.26.226 - - [16/Jul/2018:09:57:17 +0200] "GET /gotteslob/index.html HTTP/1.1" 200 2770 "-" "Java/1.8.0_131"
87.215.26.226 - - [16/Jul/2018:09:57:17 +0200] "GET /jahrbuch/index.html HTTP/1.1" 200 3956 "-" "Java/1.8.0_131"
87.215.26.226 - - [16/Jul/2018:09:57:17 +0200] "GET /kontakt/index.html HTTP/1.1" 200 2896 "-" "Java/1.8.0_131"
87.215.26.226 - - [16/Jul/2018:09:57:17 +0200] "GET /sonderthemen/index.html HTTP/1.1" 200 7102 "-" "Java/1.8.0_131"
87.215.26.226 - - [16/Jul/2018:09:57:17 +0200] "GET /buecher/bestellung.php HTTP/1.1" 200 10142 "-" "Java/1.8.0_131"
87.215.26.226 - - [16/Jul/2018:09:57:17 +0200] "GET /buecher/diskussion.html HTTP/1.1" 200 9925 "-" "Java/1.8.0_131"
87.215.26.226 - - [16/Jul/2018:09:57:17 +0200] "GET /buecher/rezensionen_engel.html HTTP/1.1" 200 6598 "-" "Java/1.8.0_131"
87.215.26.226 - - [16/Jul/2018:09:57:17 +0200] "GET /buecher/rezensionen_krise_zum_heil.html HTTP/1.1" 200 9828 "-" "Java/1.8.0_131"
87.215.26.226 - - [16/Jul/2018:09:57:17 +0200] "GET /buecher/rezensionen_le_saulchoir.html HTTP/1.1" 200 34009 "-" "Java/1.8.0_131"
87.215.26.226 - - [16/Jul/2018:09:57:18 +0200] "GET /buecher/rezensionen_leiblichkeit_und_zeitlichkeit.html HTTP/1.1" 200 8821 "-" "Java/1.8.0_131"
87.215.26.226 - - [16/Jul/2018:09:57:18 +0200] "GET /buecher/rezensionen_nicht_auf_sand_gebaut.html HTTP/1.1" 200 6594 "-" "Java/1.8.0_131"
87.215.26.226 - - [16/Jul/2018:09:57:18 +0200] "GET /buecher/rezensionen_preysing.html HTTP/1.1" 200 9502 "-" "Java/1.8.0_131"
87.215.26.226 - - [16/Jul/2018:09:57:18 +0200] "GET /buecher/rezensionen_psalmen.html HTTP/1.1" 200 6787 "-" "Java/1.8.0_131"
87.215.26.226 - - [16/Jul/2018:09:57:18 +0200] "GET /contentflow/contentflow.js HTTP/1.1" 200 42064 "-" "Java/1.8.0_131"
87.215.26.226 - - [16/Jul/2018:09:57:18 +0200] "GET /buecher/rezensionen.html HTTP/1.1" 200 6964 "-" "Java/1.8.0_131"
87.215.26.226 - - [16/Jul/2018:09:57:18 +0200] "GET /buecher/rezensionen_ignatius.html HTTP/1.1" 200 8182 "-" "Java/1.8.0_131"
87.215.26.226 - - [16/Jul/2018:09:57:18 +0200] "GET /cds/astazi.html HTTP/1.1" 200 8453 "-" "Java/1.8.0_131"
87.215.26.226 - - [16/Jul/2018:09:57:18 +0200] "GET /cds/glockenspiel1.html HTTP/1.1" 200 9736 "-" "Java/1.8.0_131"
87.215.26.226 - - [16/Jul/2018:09:57:18 +0200] "GET /cds/glockenspiel2.html HTTP/1.1" 200 9831 "-" "Java/1.8.0_131"
87.215.26.226 - - [16/Jul/2018:09:57:18 +0200] "GET /cds/lumina.html HTTP/1.1" 200 9000 "-" "Java/1.8.0_131"
87.215.26.226 - - [16/Jul/2018:09:57:18 +0200] "GET /jahrbuch/bestellung.php HTTP/1.1" 200 10316 "-" "Java/1.8.0_131"
87.215.26.226 - - [16/Jul/2018:09:57:19 +0200] "GET /sonderthemen/archiv.html HTTP/1.1" 200 6959 "-" "Java/1.8.0_131"
87.215.26.226 - - [16/Jul/2018:09:57:19 +0200] "GET /sonderthemen/presse.html HTTP/1.1" 200 5772 "-" "Java/1.8.0_131"
87.215.26.226 - - [16/Jul/2018:09:57:19 +0200] "GET /contentflow/\"+K.src+\" HTTP/1.1" 404 2381 "-" "Java/1.8.0_131"
157.55.39.166 - - [16/Jul/2018:09:57:34 +0200] "GET /buecher/rezensionen_krise_zum_heil.html HTTP/1.1" 200 9828 "-" "Mozilla/5.0 (compatible; bingbot/2.0; +http://www.bing.com/bingbot.htm)"
54.36.150.106 - - [16/Jul/2018:10:01:02 +0200] "GET /robots.txt HTTP/1.1" 200 100 "-" "Mozilla/5.0 (compatible; AhrefsBot/5.2; +http://ahrefs.com/robot/)"
193.124.190.64 - - [16/Jul/2018:10:24:21 +0200] "HEAD / HTTP/1.1" 200 - "https://zppp.su/gerpes/genitalnyj-gerpes-chto-takoe-304" "Mozilla/7.0 (compatible; MSIE6.00; Windows 2008)"
193.124.176.156 - - [16/Jul/2018:10:24:22 +0200] "HEAD / HTTP/1.1" 200 - "https://www.ofme.ru/catalog/3409" "Mozilla/5.0 (compatible; MSIE6.00; Windows 2003)"
194.87.236.223 - - [16/Jul/2018:10:24:23 +0200] "HEAD / HTTP/1.1" 200 - "http://kabinet-qiwi.ru" "Mozilla/3.0 (compatible; MSIE7.00; Windows 2005)"
94.220.199.92 - - [16/Jul/2018:10:59:38 +0200] "GET /sonderthemen/sk2001.pdf HTTP/1.1" 200 3098589 "https://www.google.de/" "Mozilla/5.0 (iPad; CPU OS 10_3_3 like Mac OS X) AppleWebKit/603.3.8 (KHTML, like Gecko) Version/10.0 Mobile/14G60 Safari/602.1"
62.138.0.25 - - [16/Jul/2018:11:14:32 +0200] "GET /buecher/engel.jpg HTTP/1.1" 200 5414 "-" "Mozilla/5.0 (compatible; adscanner/)"
