207.46.13.55 - - [12/Jul/2018:09:44:17 +0200] "GET / HTTP/1.1" 200 9360 "-" "Mozilla/5.0 (compatible; bingbot/2.0; +http://www.bing.com/bingbot.htm)"
62.138.0.25 - - [12/Jul/2018:09:47:06 +0200] "GET /sonderthemen/oekz2003.pdf HTTP/1.1" 200 4017017 "-" "Mozilla/5.0 (compatible; adscanner/)"
82.207.179.30 - - [12/Jul/2018:09:49:56 +0200] "GET / HTTP/1.1" 200 9360 "-" "Mozilla/5.0 (Windows NT 6.1; WOW64; rv:52.0) Gecko/20100101 Firefox/52.0"
82.207.179.30 - - [12/Jul/2018:09:49:56 +0200] "GET /main.css HTTP/1.1" 200 1439 "http://www.morusverlag.de/" "Mozilla/5.0 (Windows NT 6.1; WOW64; rv:52.0) Gecko/20100101 Firefox/52.0"
82.207.179.30 - - [12/Jul/2018:09:49:56 +0200] "GET /logo_g.gif HTTP/1.1" 200 1301 "http://www.morusverlag.de/" "Mozilla/5.0 (Windows NT 6.1; WOW64; rv:52.0) Gecko/20100101 Firefox/52.0"
82.207.179.30 - - [12/Jul/2018:09:49:56 +0200] "GET /mv_gr_w.gif HTTP/1.1" 200 2005 "http://www.morusverlag.de/" "Mozilla/5.0 (Windows NT 6.1; WOW64; rv:52.0) Gecko/20100101 Firefox/52.0"
82.207.179.30 - - [12/Jul/2018:09:49:56 +0200] "GET /mv_g.gif HTTP/1.1" 200 4070 "http://www.morusverlag.de/" "Mozilla/5.0 (Windows NT 6.1; WOW64; rv:52.0) Gecko/20100101 Firefox/52.0"
82.207.179.30 - - [12/Jul/2018:09:49:56 +0200] "GET /cds/hymnos_k.jpg HTTP/1.1" 200 4986 "http://www.morusverlag.de/" "Mozilla/5.0 (Windows NT 6.1; WOW64; rv:52.0) Gecko/20100101 Firefox/52.0"
82.207.179.30 - - [12/Jul/2018:09:49:56 +0200] "GET /jahrbuch_k.jpg HTTP/1.1" 200 3719 "http://www.morusverlag.de/" "Mozilla/5.0 (Windows NT 6.1; WOW64; rv:52.0) Gecko/20100101 Firefox/52.0"
82.207.179.30 - - [12/Jul/2018:09:49:56 +0200] "GET /cds/ignatius_k.jpg HTTP/1.1" 200 3965 "http://www.morusverlag.de/" "Mozilla/5.0 (Windows NT 6.1; WOW64; rv:52.0) Gecko/20100101 Firefox/52.0"
82.207.179.30 - - [12/Jul/2018:09:49:56 +0200] "GET /pf.gif HTTP/1.1" 200 62 "http://www.morusverlag.de/" "Mozilla/5.0 (Windows NT 6.1; WOW64; rv:52.0) Gecko/20100101 Firefox/52.0"
82.207.179.30 - - [12/Jul/2018:09:49:56 +0200] "GET /gotteslob.jpg HTTP/1.1" 200 9390 "http://www.morusverlag.de/" "Mozilla/5.0 (Windows NT 6.1; WOW64; rv:52.0) Gecko/20100101 Firefox/52.0"
82.207.179.30 - - [12/Jul/2018:09:49:56 +0200] "GET /cds/astazi_k.jpg HTTP/1.1" 200 6049 "http://www.morusverlag.de/" "Mozilla/5.0 (Windows NT 6.1; WOW64; rv:52.0) Gecko/20100101 Firefox/52.0"
82.207.179.30 - - [12/Jul/2018:09:49:56 +0200] "GET /cds/rosarium_k.jpg HTTP/1.1" 200 3972 "http://www.morusverlag.de/" "Mozilla/5.0 (Windows NT 6.1; WOW64; rv:52.0) Gecko/20100101 Firefox/52.0"
82.207.179.30 - - [12/Jul/2018:09:49:56 +0200] "GET /buecher/chateaubriand.jpg HTTP/1.1" 200 2272 "http://www.morusverlag.de/" "Mozilla/5.0 (Windows NT 6.1; WOW64; rv:52.0) Gecko/20100101 Firefox/52.0"
82.207.179.30 - - [12/Jul/2018:09:49:57 +0200] "GET /buecher/gesichter.jpg HTTP/1.1" 200 7271 "http://www.morusverlag.de/" "Mozilla/5.0 (Windows NT 6.1; WOW64; rv:52.0) Gecko/20100101 Firefox/52.0"
82.207.179.30 - - [12/Jul/2018:09:49:58 +0200] "GET /buecher/engel.jpg HTTP/1.1" 200 5414 "http://www.morusverlag.de/" "Mozilla/5.0 (Windows NT 6.1; WOW64; rv:52.0) Gecko/20100101 Firefox/52.0"
82.207.179.30 - - [12/Jul/2018:09:49:58 +0200] "GET /buch_k.jpg HTTP/1.1" 200 4591 "http://www.morusverlag.de/" "Mozilla/5.0 (Windows NT 6.1; WOW64; rv:52.0) Gecko/20100101 Firefox/52.0"
82.207.179.30 - - [12/Jul/2018:09:49:59 +0200] "GET /strich.gif HTTP/1.1" 200 45 "http://www.morusverlag.de/" "Mozilla/5.0 (Windows NT 6.1; WOW64; rv:52.0) Gecko/20100101 Firefox/52.0"
82.207.179.30 - - [12/Jul/2018:09:49:59 +0200] "GET /favicon.ico HTTP/1.1" 200 4286 "-" "Mozilla/5.0 (Windows NT 6.1; WOW64; rv:52.0) Gecko/20100101 Firefox/52.0"
82.207.179.30 - - [12/Jul/2018:09:50:05 +0200] "GET /kontakt/index.html HTTP/1.1" 200 2896 "http://www.morusverlag.de/" "Mozilla/5.0 (Windows NT 6.1; WOW64; rv:52.0) Gecko/20100101 Firefox/52.0"
82.207.179.30 - - [12/Jul/2018:09:50:05 +0200] "GET /m.gif HTTP/1.1" 200 95 "http://www.morusverlag.de/kontakt/index.html" "Mozilla/5.0 (Windows NT 6.1; WOW64; rv:52.0) Gecko/20100101 Firefox/52.0"
66.249.69.181 - - [12/Jul/2018:09:57:51 +0200] "GET /impressum.html HTTP/1.1" 304 - "-" "Mozilla/5.0 (Linux; Android 6.0.1; Nexus 5X Build/MMB29P) AppleWebKit/537.36 (KHTML, like Gecko) Chrome/41.0.2272.96 Mobile Safari/537.36 (compatible; Googlebot/2.1; +http://www.google.com/bot.html)"
94.130.71.88 - - [12/Jul/2018:10:02:50 +0200] "GET /robots.txt HTTP/1.1" 200 100 "-" "Mozilla/5.0 (Windows NT 6.1; WOW64) AppleWebKit/537.36 (KHTML, like Gecko) Chrome/37.0.2062.120 Safari/537.36"
94.130.71.88 - - [12/Jul/2018:10:02:51 +0200] "GET /kontakt/index.html HTTP/1.1" 200 2896 "-" "Mozilla/5.0 (Windows NT 6.1; WOW64) AppleWebKit/537.36 (KHTML, like Gecko) Chrome/37.0.2062.120 Safari/537.36"
94.130.71.88 - - [12/Jul/2018:10:02:51 +0200] "GET /main.css HTTP/1.1" 200 1439 "http://www.morusverlag.de/kontakt/index.html" "Mozilla/5.0 (Windows NT 6.1; WOW64) AppleWebKit/537.36 (KHTML, like Gecko) Chrome/37.0.2062.120 Safari/537.36"
94.130.71.88 - - [12/Jul/2018:10:02:52 +0200] "GET /mv_g.gif HTTP/1.1" 200 4070 "http://www.morusverlag.de/kontakt/index.html" "Mozilla/5.0 (Windows NT 6.1; WOW64) AppleWebKit/537.36 (KHTML, like Gecko) Chrome/37.0.2062.120 Safari/537.36"
94.130.71.88 - - [12/Jul/2018:10:02:52 +0200] "GET /logo_g.gif HTTP/1.1" 200 1301 "http://www.morusverlag.de/kontakt/index.html" "Mozilla/5.0 (Windows NT 6.1; WOW64) AppleWebKit/537.36 (KHTML, like Gecko) Chrome/37.0.2062.120 Safari/537.36"
94.130.71.88 - - [12/Jul/2018:10:02:52 +0200] "GET /m.gif HTTP/1.1" 200 95 "http://www.morusverlag.de/kontakt/index.html" "Mozilla/5.0 (Windows NT 6.1; WOW64) AppleWebKit/537.36 (KHTML, like Gecko) Chrome/37.0.2062.120 Safari/537.36"
94.130.71.88 - - [12/Jul/2018:10:02:52 +0200] "GET /strich.gif HTTP/1.1" 200 45 "http://www.morusverlag.de/kontakt/index.html" "Mozilla/5.0 (Windows NT 6.1; WOW64) AppleWebKit/537.36 (KHTML, like Gecko) Chrome/37.0.2062.120 Safari/537.36"
85.25.210.41 - - [12/Jul/2018:10:02:52 +0200] "GET /kontakt/index.html HTTP/1.1" 200 2896 "-" "Mozilla/5.0 (compatible; adscanner/)"
66.249.69.181 - - [12/Jul/2018:10:03:35 +0200] "GET /sonderthemen/az2003_s01.pdf HTTP/1.1" 304 - "-" "Mozilla/5.0 (Linux; Android 6.0.1; Nexus 5X Build/MMB29P) AppleWebKit/537.36 (KHTML, like Gecko) Chrome/41.0.2272.96 Mobile Safari/537.36 (compatible; Googlebot/2.1; +http://www.google.com/bot.html)"
66.249.69.179 - - [12/Jul/2018:10:05:14 +0200] "GET /gotteslob/ HTTP/1.1" 304 - "-" "Mozilla/5.0 (Linux; Android 6.0.1; Nexus 5X Build/MMB29P) AppleWebKit/537.36 (KHTML, like Gecko) Chrome/41.0.2272.96 Mobile Safari/537.36 (compatible; Googlebot/2.1; +http://www.google.com/bot.html)"
85.25.210.234 - - [12/Jul/2018:10:07:13 +0200] "GET /buecher/rezensionen.html HTTP/1.1" 200 6964 "-" "Mozilla/5.0 (compatible; adscanner/)"
66.249.69.181 - - [12/Jul/2018:10:09:24 +0200] "GET /buecher/rezensionen.html HTTP/1.1" 304 - "-" "Mozilla/5.0 (Linux; Android 6.0.1; Nexus 5X Build/MMB29P) AppleWebKit/537.36 (KHTML, like Gecko) Chrome/41.0.2272.96 Mobile Safari/537.36 (compatible; Googlebot/2.1; +http://www.google.com/bot.html)"
195.133.201.163 - - [12/Jul/2018:10:15:20 +0200] "HEAD / HTTP/1.1" 200 - "https://www.prjadko.kiev.ua/ritualnye-uslugi/pominalnye-obedy.html" "Mozilla/2.0 (compatible; MSIE6.00; Windows 2008)"
66.249.69.177 - - [12/Jul/2018:10:26:49 +0200] "GET /sonderthemen/sk2002.pdf HTTP/1.1" 304 - "-" "Mozilla/5.0 (Linux; Android 6.0.1; Nexus 5X Build/MMB29P) AppleWebKit/537.36 (KHTML, like Gecko) Chrome/41.0.2272.96 Mobile Safari/537.36 (compatible; Googlebot/2.1; +http://www.google.com/bot.html)"
193.124.176.156 - - [12/Jul/2018:10:49:10 +0200] "HEAD / HTTP/1.1" 200 - "http://cookingfun.ru/p77-baklazhany_zapechennye_v_duhovke_veer.html" "Mozilla/4.0 (compatible; MSIE4.00; Windows 2008)"
66.249.69.181 - - [12/Jul/2018:10:50:03 +0200] "GET /cds/hymnos_akathistos.html HTTP/1.1" 304 - "-" "Mozilla/5.0 (Linux; Android 6.0.1; Nexus 5X Build/MMB29P) AppleWebKit/537.36 (KHTML, like Gecko) Chrome/41.0.2272.96 Mobile Safari/537.36 (compatible; Googlebot/2.1; +http://www.google.com/bot.html)"
66.249.69.181 - - [12/Jul/2018:11:01:35 +0200] "GET /buecher/rezensionen_ignatius.html HTTP/1.1" 304 - "-" "Mozilla/5.0 (Linux; Android 6.0.1; Nexus 5X Build/MMB29P) AppleWebKit/537.36 (KHTML, like Gecko) Chrome/41.0.2272.96 Mobile Safari/537.36 (compatible; Googlebot/2.1; +http://www.google.com/bot.html)"
66.249.69.179 - - [12/Jul/2018:11:01:40 +0200] "GET / HTTP/1.1" 200 9360 "-" "Mozilla/5.0 (Linux; Android 6.0.1; Nexus 5X Build/MMB29P) AppleWebKit/537.36 (KHTML, like Gecko) Chrome/41.0.2272.96 Mobile Safari/537.36 (compatible; Googlebot/2.1; +http://www.google.com/bot.html)"
66.249.69.177 - - [12/Jul/2018:11:02:54 +0200] "GET /bidoyjaf.html HTTP/1.1" 404 2381 "-" "Mozilla/5.0 (compatible; Googlebot/2.1; +http://www.google.com/bot.html)"
94.130.71.89 - - [12/Jul/2018:11:07:17 +0200] "GET /robots.txt HTTP/1.1" 200 100 "-" "Mozilla/5.0 (Windows NT 6.1; WOW64) AppleWebKit/537.36 (KHTML, like Gecko) Chrome/37.0.2062.120 Safari/537.36"
85.25.210.41 - - [12/Jul/2018:11:07:17 +0200] "GET /robots.txt HTTP/1.1" 200 100 "-" "Mozilla/5.0 (compatible; adscanner/)"
94.130.71.89 - - [12/Jul/2018:11:07:18 +0200] "GET /buecher/rezensionen_ungeteilt.html HTTP/1.1" 200 9764 "-" "Mozilla/5.0 (Windows NT 6.1; WOW64) AppleWebKit/537.36 (KHTML, like Gecko) Chrome/37.0.2062.120 Safari/537.36"
94.130.71.89 - - [12/Jul/2018:11:07:18 +0200] "GET /main.css HTTP/1.1" 200 1439 "http://www.morusverlag.de/buecher/rezensionen_ungeteilt.html" "Mozilla/5.0 (Windows NT 6.1; WOW64) AppleWebKit/537.36 (KHTML, like Gecko) Chrome/37.0.2062.120 Safari/537.36"
94.130.71.89 - - [12/Jul/2018:11:07:18 +0200] "GET /logo_g.gif HTTP/1.1" 200 1301 "http://www.morusverlag.de/buecher/rezensionen_ungeteilt.html" "Mozilla/5.0 (Windows NT 6.1; WOW64) AppleWebKit/537.36 (KHTML, like Gecko) Chrome/37.0.2062.120 Safari/537.36"
94.130.71.89 - - [12/Jul/2018:11:07:18 +0200] "GET /pf.gif HTTP/1.1" 200 62 "http://www.morusverlag.de/buecher/rezensionen_ungeteilt.html" "Mozilla/5.0 (Windows NT 6.1; WOW64) AppleWebKit/537.36 (KHTML, like Gecko) Chrome/37.0.2062.120 Safari/537.36"
94.130.71.89 - - [12/Jul/2018:11:07:18 +0200] "GET /mv_g.gif HTTP/1.1" 200 4070 "http://www.morusverlag.de/buecher/rezensionen_ungeteilt.html" "Mozilla/5.0 (Windows NT 6.1; WOW64) AppleWebKit/537.36 (KHTML, like Gecko) Chrome/37.0.2062.120 Safari/537.36"
94.130.71.89 - - [12/Jul/2018:11:07:18 +0200] "GET /buecher/ungeteilt_im_geteilten.jpg HTTP/1.1" 200 4297 "http://www.morusverlag.de/buecher/rezensionen_ungeteilt.html" "Mozilla/5.0 (Windows NT 6.1; WOW64) AppleWebKit/537.36 (KHTML, like Gecko) Chrome/37.0.2062.120 Safari/537.36"
94.130.71.89 - - [12/Jul/2018:11:07:18 +0200] "GET /m.gif HTTP/1.1" 200 95 "http://www.morusverlag.de/buecher/rezensionen_ungeteilt.html" "Mozilla/5.0 (Windows NT 6.1; WOW64) AppleWebKit/537.36 (KHTML, like Gecko) Chrome/37.0.2062.120 Safari/537.36"
94.130.71.89 - - [12/Jul/2018:11:07:19 +0200] "GET /strich.gif HTTP/1.1" 200 45 "http://www.morusverlag.de/buecher/rezensionen_ungeteilt.html" "Mozilla/5.0 (Windows NT 6.1; WOW64) AppleWebKit/537.36 (KHTML, like Gecko) Chrome/37.0.2062.120 Safari/537.36"
85.25.210.41 - - [12/Jul/2018:11:07:19 +0200] "GET /buecher/rezensionen_ungeteilt.html HTTP/1.1" 200 9764 "-" "Mozilla/5.0 (compatible; adscanner/)"
37.229.254.170 - - [12/Jul/2018:11:18:04 +0200] "GET / HTTP/1.1" 200 9360 "https://dawlenie.com/" "Mozilla/4.0 (compatible; MSIE 6.0; Windows NT 5.1; SV1; FunWebProducts; .NET CLR 1.1.4322; PeoplePal 6.2)"
37.229.254.170 - - [12/Jul/2018:11:18:04 +0200] "GET / HTTP/1.1" 200 9360 "https://dawlenie.com/" "Mozilla/4.0 (compatible; MSIE 6.0; Windows NT 5.1; SV1; FunWebProducts; .NET CLR 1.1.4322; PeoplePal 6.2)"
37.229.254.170 - - [12/Jul/2018:11:18:05 +0200] "GET / HTTP/1.1" 200 9360 "https://dawlenie.com/" "Mozilla/4.0 (compatible; MSIE 6.0; Windows NT 5.1; SV1; FunWebProducts; .NET CLR 1.1.4322; PeoplePal 6.2)"
66.249.69.177 - - [12/Jul/2018:11:19:05 +0200] "GET /buecher/veroeffentlichungsliste.html HTTP/1.1" 304 - "-" "Mozilla/5.0 (Linux; Android 6.0.1; Nexus 5X Build/MMB29P) AppleWebKit/537.36 (KHTML, like Gecko) Chrome/41.0.2272.96 Mobile Safari/537.36 (compatible; Googlebot/2.1; +http://www.google.com/bot.html)"
5.9.145.132 - - [12/Jul/2018:11:19:05 +0200] "GET /sonderthemen/sk2000.pdf HTTP/1.1" 200 2925489 "-" "Mozilla/5.0 (Windows NT 6.1; WOW64) AppleWebKit/537.36 (KHTML, like Gecko) Chrome/63.0.3239.132 Safari/537.36"
66.249.69.181 - - [12/Jul/2018:11:30:42 +0200] "GET /sonderthemen/az1999.pdf HTTP/1.1" 304 - "-" "Mozilla/5.0 (Linux; Android 6.0.1; Nexus 5X Build/MMB29P) AppleWebKit/537.36 (KHTML, like Gecko) Chrome/41.0.2272.96 Mobile Safari/537.36 (compatible; Googlebot/2.1; +http://www.google.com/bot.html)"
207.46.13.55 - - [12/Jul/2018:11:33:56 +0200] "GET /sonderthemen/az2003.pdf HTTP/1.1" 200 4864675 "-" "Mozilla/5.0 (iPhone; CPU iPhone OS 7_0 like Mac OS X) AppleWebKit/537.51.1 (KHTML, like Gecko) Version/7.0 Mobile/11A465 Safari/9537.53 (compatible; bingbot/2.0; +http://www.bing.com/bingbot.htm)"
66.249.69.179 - - [12/Jul/2018:11:36:30 +0200] "GET /sonderthemen/oeaz2002.pdf HTTP/1.1" 304 - "-" "Mozilla/5.0 (Linux; Android 6.0.1; Nexus 5X Build/MMB29P) AppleWebKit/537.36 (KHTML, like Gecko) Chrome/41.0.2272.96 Mobile Safari/537.36 (compatible; Googlebot/2.1; +http://www.google.com/bot.html)"
66.249.69.181 - - [12/Jul/2018:11:42:19 +0200] "GET /sonderthemen/oekt_extra3.pdf HTTP/1.1" 304 - "-" "Mozilla/5.0 (Linux; Android 6.0.1; Nexus 5X Build/MMB29P) AppleWebKit/537.36 (KHTML, like Gecko) Chrome/41.0.2272.96 Mobile Safari/537.36 (compatible; Googlebot/2.1; +http://www.google.com/bot.html)"
94.130.71.90 - - [12/Jul/2018:11:43:41 +0200] "GET /robots.txt HTTP/1.1" 200 100 "-" "Mozilla/5.0 (Windows NT 6.1; WOW64) AppleWebKit/537.36 (KHTML, like Gecko) Chrome/37.0.2062.120 Safari/537.36"
94.130.71.90 - - [12/Jul/2018:11:43:43 +0200] "GET /buecher/rezensionen_engel.html HTTP/1.1" 200 6598 "-" "Mozilla/5.0 (Windows NT 6.1; WOW64) AppleWebKit/537.36 (KHTML, like Gecko) Chrome/37.0.2062.120 Safari/537.36"
94.130.71.90 - - [12/Jul/2018:11:43:43 +0200] "GET /main.css HTTP/1.1" 200 1439 "http://www.morusverlag.de/buecher/rezensionen_engel.html" "Mozilla/5.0 (Windows NT 6.1; WOW64) AppleWebKit/537.36 (KHTML, like Gecko) Chrome/37.0.2062.120 Safari/537.36"
94.130.71.90 - - [12/Jul/2018:11:43:43 +0200] "GET /mv_g.gif HTTP/1.1" 200 4070 "http://www.morusverlag.de/buecher/rezensionen_engel.html" "Mozilla/5.0 (Windows NT 6.1; WOW64) AppleWebKit/537.36 (KHTML, like Gecko) Chrome/37.0.2062.120 Safari/537.36"
94.130.71.90 - - [12/Jul/2018:11:43:43 +0200] "GET /logo_g.gif HTTP/1.1" 200 1301 "http://www.morusverlag.de/buecher/rezensionen_engel.html" "Mozilla/5.0 (Windows NT 6.1; WOW64) AppleWebKit/537.36 (KHTML, like Gecko) Chrome/37.0.2062.120 Safari/537.36"
94.130.71.90 - - [12/Jul/2018:11:43:43 +0200] "GET /m.gif HTTP/1.1" 200 95 "http://www.morusverlag.de/buecher/rezensionen_engel.html" "Mozilla/5.0 (Windows NT 6.1; WOW64) AppleWebKit/537.36 (KHTML, like Gecko) Chrome/37.0.2062.120 Safari/537.36"
94.130.71.90 - - [12/Jul/2018:11:43:43 +0200] "GET /pf.gif HTTP/1.1" 200 62 "http://www.morusverlag.de/buecher/rezensionen_engel.html" "Mozilla/5.0 (Windows NT 6.1; WOW64) AppleWebKit/537.36 (KHTML, like Gecko) Chrome/37.0.2062.120 Safari/537.36"
94.130.71.90 - - [12/Jul/2018:11:43:43 +0200] "GET /buecher/engel.jpg HTTP/1.1" 200 5414 "http://www.morusverlag.de/buecher/rezensionen_engel.html" "Mozilla/5.0 (Windows NT 6.1; WOW64) AppleWebKit/537.36 (KHTML, like Gecko) Chrome/37.0.2062.120 Safari/537.36"
94.130.71.90 - - [12/Jul/2018:11:43:43 +0200] "GET /strich.gif HTTP/1.1" 200 45 "http://www.morusverlag.de/buecher/rezensionen_engel.html" "Mozilla/5.0 (Windows NT 6.1; WOW64) AppleWebKit/537.36 (KHTML, like Gecko) Chrome/37.0.2062.120 Safari/537.36"
85.25.210.41 - - [12/Jul/2018:11:43:44 +0200] "GET /buecher/rezensionen_engel.html HTTP/1.1" 200 6598 "-" "Mozilla/5.0 (compatible; adscanner/)"
66.249.69.179 - - [12/Jul/2018:11:48:07 +0200] "GET /sonderthemen/archiv.html HTTP/1.1" 304 - "-" "Mozilla/5.0 (Linux; Android 6.0.1; Nexus 5X Build/MMB29P) AppleWebKit/537.36 (KHTML, like Gecko) Chrome/41.0.2272.96 Mobile Safari/537.36 (compatible; Googlebot/2.1; +http://www.google.com/bot.html)"
66.249.69.177 - - [12/Jul/2018:11:59:44 +0200] "GET /buecher/rezensionen_chateaubriand.html HTTP/1.1" 304 - "-" "Mozilla/5.0 (Linux; Android 6.0.1; Nexus 5X Build/MMB29P) AppleWebKit/537.36 (KHTML, like Gecko) Chrome/41.0.2272.96 Mobile Safari/537.36 (compatible; Googlebot/2.1; +http://www.google.com/bot.html)"
40.77.167.54 - - [12/Jul/2018:12:10:40 +0200] "GET /sonderthemen/presse.html HTTP/1.1" 200 5772 "-" "Mozilla/5.0 (iPhone; CPU iPhone OS 7_0 like Mac OS X) AppleWebKit/537.51.1 (KHTML, like Gecko) Version/7.0 Mobile/11A465 Safari/9537.53 (compatible; bingbot/2.0; +http://www.bing.com/bingbot.htm)"
66.249.69.181 - - [12/Jul/2018:12:11:21 +0200] "GET /buecher/rezensionen_psalmen.html HTTP/1.1" 304 - "-" "Mozilla/5.0 (Linux; Android 6.0.1; Nexus 5X Build/MMB29P) AppleWebKit/537.36 (KHTML, like Gecko) Chrome/41.0.2272.96 Mobile Safari/537.36 (compatible; Googlebot/2.1; +http://www.google.com/bot.html)"
5.9.17.118 - - [12/Jul/2018:12:16:23 +0200] "GET /buecher/rezensionen_chateaubriand.html HTTP/1.1" 200 47317 "-" "Mozilla/5.0 (Macintosh; Intel Mac OS X 10_6_8) AppleWebKit/534.58.2 (KHTML, like Gecko) Version/5.1.8 Safari/534.58.2"
66.249.69.181 - - [12/Jul/2018:12:17:10 +0200] "GET /cds/ HTTP/1.1" 304 - "-" "Mozilla/5.0 (Linux; Android 6.0.1; Nexus 5X Build/MMB29P) AppleWebKit/537.36 (KHTML, like Gecko) Chrome/41.0.2272.96 Mobile Safari/537.36 (compatible; Googlebot/2.1; +http://www.google.com/bot.html)"
54.198.104.202 - - [12/Jul/2018:12:26:27 +0200] "GET /robots.txt HTTP/1.1" 200 100 "-" "CCBot/2.0 (http://commoncrawl.org/faq/)"
54.198.104.202 - - [12/Jul/2018:12:26:27 +0200] "GET / HTTP/1.1" 200 9360 "-" "CCBot/2.0 (http://commoncrawl.org/faq/)"
84.200.57.38 - - [12/Jul/2018:12:30:57 +0200] "GET / HTTP/1.1" 200 9360 "-" "Mozilla/5.0 (Windows; U; Windows NT 5.1; es-ES; rv:1.7.10)"
51.255.93.181 - - [12/Jul/2018:12:30:58 +0200] "GET / HTTP/1.1" 200 9360 "http://www.google.de/?source=mog&gl=de" "Mozilla/5.0 (Windows; U; Windows NT 5.1; es-ES; rv:1.7.10)"
51.255.93.181 - - [12/Jul/2018:12:30:58 +0200] "GET / HTTP/1.1" 200 9360 "http://www.google.de/?source=mog&gl=de" "Mozilla/5.0 (Windows; U; Windows NT 5.1; es-ES; rv:1.7.10)"
51.255.93.181 - - [12/Jul/2018:12:30:58 +0200] "GET / HTTP/1.1" 200 9360 "http://www.google.de/?source=mog&gl=de" "Mozilla/5.0 (Windows; U; Windows NT 5.1; es-ES; rv:1.7.10)"
51.255.93.181 - - [12/Jul/2018:12:30:58 +0200] "GET /impressum.html HTTP/1.1" 200 2808 "http://www.morusverlag.de/" "Mozilla/4.0 (compatible; MSIE 6.0; Windows NT 5.1; FunWebProducts; SV1; Hotbar 4.6.1)"
51.255.93.181 - - [12/Jul/2018:12:31:00 +0200] "GET /kontakt/index.html HTTP/1.1" 200 2896 "http://www.morusverlag.de/" "Mozilla/5.0 (Windows; U; Windows NT 5.1; de; rv:1.9.1.18) Gecko/20110319 Firefox/3.5.18"
51.255.93.181 - - [12/Jul/2018:12:31:01 +0200] "GET / HTTP/1.1" 200 9360 "http://www.morusverlag.de/" "Mozilla/5.0 (Windows NT 6.1; WOW64) AppleWebKit/536.11 (KHTML, like Gecko) Chrome/20.0.1132.57 Safari/536.11"
51.255.93.181 - - [12/Jul/2018:12:31:09 +0200] "GET / HTTP/1.1" 200 9360 "http://www.google.de" "Mozilla/5.0 (Windows NT 6.1; WOW64; rv:13.0) Gecko/20100101 Firefox/13.0.1"
78.46.156.169 - - [12/Jul/2018:12:34:55 +0200] "GET /sonderthemen/az1999.pdf HTTP/1.1" 200 1842982 "-" "Mozilla/5.0 (X11; Linux x86_64) AppleWebKit/537.36 (KHTML, like Gecko) Chrome/64.0.3282.140 Safari/537.36"
40.77.189.52 - - [12/Jul/2018:12:35:29 +0200] "GET /sonderthemen/az2003.pdf HTTP/1.1" 200 4864675 "-" "Mozilla/5.0 (iPhone; CPU iPhone OS 7_0 like Mac OS X) AppleWebKit/537.51.1 (KHTML, like Gecko) Version/7.0 Mobile/11A465 Safari/9537.53 BingPreview/1.0b"
66.249.69.177 - - [12/Jul/2018:12:40:23 +0200] "GET /buecher/rezensionen_krise_zum_heil.html HTTP/1.1" 304 - "-" "Mozilla/5.0 (Linux; Android 6.0.1; Nexus 5X Build/MMB29P) AppleWebKit/537.36 (KHTML, like Gecko) Chrome/41.0.2272.96 Mobile Safari/537.36 (compatible; Googlebot/2.1; +http://www.google.com/bot.html)"
66.249.69.177 - - [12/Jul/2018:12:52:00 +0200] "GET /sonderthemen/oekz2003.pdf HTTP/1.1" 304 - "-" "Mozilla/5.0 (Linux; Android 6.0.1; Nexus 5X Build/MMB29P) AppleWebKit/537.36 (KHTML, like Gecko) Chrome/41.0.2272.96 Mobile Safari/537.36 (compatible; Googlebot/2.1; +http://www.google.com/bot.html)"
66.249.69.181 - - [12/Jul/2018:13:03:36 +0200] "GET /gotteslob/ HTTP/1.1" 304 - "-" "Mozilla/5.0 (Linux; Android 6.0.1; Nexus 5X Build/MMB29P) AppleWebKit/537.36 (KHTML, like Gecko) Chrome/41.0.2272.96 Mobile Safari/537.36 (compatible; Googlebot/2.1; +http://www.google.com/bot.html)"
66.249.69.177 - - [12/Jul/2018:13:09:25 +0200] "GET /impressum.html HTTP/1.1" 304 - "-" "Mozilla/5.0 (Linux; Android 6.0.1; Nexus 5X Build/MMB29P) AppleWebKit/537.36 (KHTML, like Gecko) Chrome/41.0.2272.96 Mobile Safari/537.36 (compatible; Googlebot/2.1; +http://www.google.com/bot.html)"
94.130.71.88 - - [12/Jul/2018:13:12:04 +0200] "GET /robots.txt HTTP/1.1" 200 100 "-" "Mozilla/5.0 (Windows NT 6.1; WOW64) AppleWebKit/537.36 (KHTML, like Gecko) Chrome/37.0.2062.120 Safari/537.36"
85.25.210.41 - - [12/Jul/2018:13:12:07 +0200] "GET /robots.txt HTTP/1.1" 200 100 "-" "Mozilla/5.0 (compatible; adscanner/)"
94.130.71.88 - - [12/Jul/2018:13:12:08 +0200] "GET /buecher/rezensionen_preysing.html HTTP/1.1" 200 9502 "-" "Mozilla/5.0 (Windows NT 6.1; WOW64) AppleWebKit/537.36 (KHTML, like Gecko) Chrome/37.0.2062.120 Safari/537.36"
94.130.71.88 - - [12/Jul/2018:13:12:08 +0200] "GET /main.css HTTP/1.1" 200 1439 "http://www.morusverlag.de/buecher/rezensionen_preysing.html" "Mozilla/5.0 (Windows NT 6.1; WOW64) AppleWebKit/537.36 (KHTML, like Gecko) Chrome/37.0.2062.120 Safari/537.36"
94.130.71.88 - - [12/Jul/2018:13:12:08 +0200] "GET /mv_g.gif HTTP/1.1" 200 4070 "http://www.morusverlag.de/buecher/rezensionen_preysing.html" "Mozilla/5.0 (Windows NT 6.1; WOW64) AppleWebKit/537.36 (KHTML, like Gecko) Chrome/37.0.2062.120 Safari/537.36"
94.130.71.88 - - [12/Jul/2018:13:12:08 +0200] "GET /logo_g.gif HTTP/1.1" 200 1301 "http://www.morusverlag.de/buecher/rezensionen_preysing.html" "Mozilla/5.0 (Windows NT 6.1; WOW64) AppleWebKit/537.36 (KHTML, like Gecko) Chrome/37.0.2062.120 Safari/537.36"
94.130.71.88 - - [12/Jul/2018:13:12:08 +0200] "GET /pf.gif HTTP/1.1" 200 62 "http://www.morusverlag.de/buecher/rezensionen_preysing.html" "Mozilla/5.0 (Windows NT 6.1; WOW64) AppleWebKit/537.36 (KHTML, like Gecko) Chrome/37.0.2062.120 Safari/537.36"
94.130.71.88 - - [12/Jul/2018:13:12:08 +0200] "GET /buecher/preysing.jpg HTTP/1.1" 200 3799 "http://www.morusverlag.de/buecher/rezensionen_preysing.html" "Mozilla/5.0 (Windows NT 6.1; WOW64) AppleWebKit/537.36 (KHTML, like Gecko) Chrome/37.0.2062.120 Safari/537.36"
94.130.71.88 - - [12/Jul/2018:13:12:08 +0200] "GET /buecher/spiegel.jpg HTTP/1.1" 200 1304 "http://www.morusverlag.de/buecher/rezensionen_preysing.html" "Mozilla/5.0 (Windows NT 6.1; WOW64) AppleWebKit/537.36 (KHTML, like Gecko) Chrome/37.0.2062.120 Safari/537.36"
94.130.71.88 - - [12/Jul/2018:13:12:08 +0200] "GET /m.gif HTTP/1.1" 200 95 "http://www.morusverlag.de/buecher/rezensionen_preysing.html" "Mozilla/5.0 (Windows NT 6.1; WOW64) AppleWebKit/537.36 (KHTML, like Gecko) Chrome/37.0.2062.120 Safari/537.36"
94.130.71.88 - - [12/Jul/2018:13:12:08 +0200] "GET /strich.gif HTTP/1.1" 200 45 "http://www.morusverlag.de/buecher/rezensionen_preysing.html" "Mozilla/5.0 (Windows NT 6.1; WOW64) AppleWebKit/537.36 (KHTML, like Gecko) Chrome/37.0.2062.120 Safari/537.36"
85.25.210.41 - - [12/Jul/2018:13:12:10 +0200] "GET /buecher/rezensionen_preysing.html HTTP/1.1" 200 9502 "-" "Mozilla/5.0 (compatible; adscanner/)"
66.249.69.177 - - [12/Jul/2018:13:15:15 +0200] "GET /buecher/rezensionen.html HTTP/1.1" 304 - "-" "Mozilla/5.0 (Linux; Android 6.0.1; Nexus 5X Build/MMB29P) AppleWebKit/537.36 (KHTML, like Gecko) Chrome/41.0.2272.96 Mobile Safari/537.36 (compatible; Googlebot/2.1; +http://www.google.com/bot.html)"
5.9.94.207 - - [12/Jul/2018:13:22:55 +0200] "GET /sonderthemen/sk2000.pdf HTTP/1.1" 200 2925489 "-" "Mozilla/5.0 (Macintosh; U; Intel Mac OS X 10_5_8; zh-cn) AppleWebKit/533.18.1 (KHTML, like Gecko) Version/5.0.2 Safari/533.18.5"
66.249.69.181 - - [12/Jul/2018:13:38:27 +0200] "GET /sonderthemen/sk2002.pdf HTTP/1.1" 304 - "-" "Mozilla/5.0 (Linux; Android 6.0.1; Nexus 5X Build/MMB29P) AppleWebKit/537.36 (KHTML, like Gecko) Chrome/41.0.2272.96 Mobile Safari/537.36 (compatible; Googlebot/2.1; +http://www.google.com/bot.html)"
85.25.210.41 - - [12/Jul/2018:13:38:31 +0200] "GET /robots.txt HTTP/1.1" 200 100 "-" "Mozilla/5.0 (compatible; adscanner/)"
94.130.71.88 - - [12/Jul/2018:13:38:31 +0200] "GET /buecher/rezensionen_psalmen.html HTTP/1.1" 200 6787 "-" "Mozilla/5.0 (Windows NT 6.1; WOW64) AppleWebKit/537.36 (KHTML, like Gecko) Chrome/37.0.2062.120 Safari/537.36"
94.130.71.88 - - [12/Jul/2018:13:38:31 +0200] "GET /main.css HTTP/1.1" 200 1439 "http://www.morusverlag.de/buecher/rezensionen_psalmen.html" "Mozilla/5.0 (Windows NT 6.1; WOW64) AppleWebKit/537.36 (KHTML, like Gecko) Chrome/37.0.2062.120 Safari/537.36"
94.130.71.88 - - [12/Jul/2018:13:38:31 +0200] "GET /mv_g.gif HTTP/1.1" 200 4070 "http://www.morusverlag.de/buecher/rezensionen_psalmen.html" "Mozilla/5.0 (Windows NT 6.1; WOW64) AppleWebKit/537.36 (KHTML, like Gecko) Chrome/37.0.2062.120 Safari/537.36"
94.130.71.88 - - [12/Jul/2018:13:38:31 +0200] "GET /pf.gif HTTP/1.1" 200 62 "http://www.morusverlag.de/buecher/rezensionen_psalmen.html" "Mozilla/5.0 (Windows NT 6.1; WOW64) AppleWebKit/537.36 (KHTML, like Gecko) Chrome/37.0.2062.120 Safari/537.36"
94.130.71.88 - - [12/Jul/2018:13:38:31 +0200] "GET /logo_g.gif HTTP/1.1" 200 1301 "http://www.morusverlag.de/buecher/rezensionen_psalmen.html" "Mozilla/5.0 (Windows NT 6.1; WOW64) AppleWebKit/537.36 (KHTML, like Gecko) Chrome/37.0.2062.120 Safari/537.36"
94.130.71.88 - - [12/Jul/2018:13:38:31 +0200] "GET /buecher/mein_atem.jpg HTTP/1.1" 200 4118 "http://www.morusverlag.de/buecher/rezensionen_psalmen.html" "Mozilla/5.0 (Windows NT 6.1; WOW64) AppleWebKit/537.36 (KHTML, like Gecko) Chrome/37.0.2062.120 Safari/537.36"
94.130.71.88 - - [12/Jul/2018:13:38:31 +0200] "GET /m.gif HTTP/1.1" 200 95 "http://www.morusverlag.de/buecher/rezensionen_psalmen.html" "Mozilla/5.0 (Windows NT 6.1; WOW64) AppleWebKit/537.36 (KHTML, like Gecko) Chrome/37.0.2062.120 Safari/537.36"
94.130.71.88 - - [12/Jul/2018:13:38:31 +0200] "GET /strich.gif HTTP/1.1" 200 45 "http://www.morusverlag.de/buecher/rezensionen_psalmen.html" "Mozilla/5.0 (Windows NT 6.1; WOW64) AppleWebKit/537.36 (KHTML, like Gecko) Chrome/37.0.2062.120 Safari/537.36"
85.25.210.41 - - [12/Jul/2018:13:38:32 +0200] "GET /buecher/rezensionen_psalmen.html HTTP/1.1" 200 6787 "-" "Mozilla/5.0 (compatible; adscanner/)"
66.249.69.179 - - [12/Jul/2018:13:50:04 +0200] "GET /cds/hymnos_akathistos.html HTTP/1.1" 304 - "-" "Mozilla/5.0 (Linux; Android 6.0.1; Nexus 5X Build/MMB29P) AppleWebKit/537.36 (KHTML, like Gecko) Chrome/41.0.2272.96 Mobile Safari/537.36 (compatible; Googlebot/2.1; +http://www.google.com/bot.html)"
5.9.106.81 - - [12/Jul/2018:13:55:48 +0200] "GET /sonderthemen/az1999.pdf HTTP/1.1" 200 1842982 "-" "Mozilla/5.0 (X11; Linux x86_64; rv:58.0) Gecko/20100101 Firefox/58.0"
5.9.106.81 - - [12/Jul/2018:13:55:48 +0200] "GET /sonderthemen/sk2000.pdf HTTP/1.1" 200 2925489 "-" "Mozilla/5.0 (Windows NT 6.1; Win64; x64; rv:58.0) Gecko/20100101 Firefox/58.0"
66.249.69.181 - - [12/Jul/2018:13:55:52 +0200] "GET / HTTP/1.1" 200 9360 "-" "Mozilla/5.0 (Linux; Android 6.0.1; Nexus 5X Build/MMB29P) AppleWebKit/537.36 (KHTML, like Gecko) Chrome/41.0.2272.96 Mobile Safari/537.36 (compatible; Googlebot/2.1; +http://www.google.com/bot.html)"
66.249.69.179 - - [12/Jul/2018:14:24:55 +0200] "GET /sonderthemen/az1999.pdf HTTP/1.1" 304 - "-" "Mozilla/5.0 (Linux; Android 6.0.1; Nexus 5X Build/MMB29P) AppleWebKit/537.36 (KHTML, like Gecko) Chrome/41.0.2272.96 Mobile Safari/537.36 (compatible; Googlebot/2.1; +http://www.google.com/bot.html)"
66.249.69.177 - - [12/Jul/2018:14:30:43 +0200] "GET /buecher/veroeffentlichungsliste.html HTTP/1.1" 304 - "-" "Mozilla/5.0 (Linux; Android 6.0.1; Nexus 5X Build/MMB29P) AppleWebKit/537.36 (KHTML, like Gecko) Chrome/41.0.2272.96 Mobile Safari/537.36 (compatible; Googlebot/2.1; +http://www.google.com/bot.html)"
207.46.13.55 - - [12/Jul/2018:14:44:01 +0200] "GET / HTTP/1.1" 200 9360 "-" "Mozilla/5.0 (compatible; bingbot/2.0; +http://www.bing.com/bingbot.htm)"
40.77.188.47 - - [12/Jul/2018:14:44:03 +0200] "GET /logo_g.gif HTTP/1.1" 200 1301 "-" "Mozilla/5.0 (Windows NT 6.1; WOW64) AppleWebKit/534+ (KHTML, like Gecko) BingPreview/1.0b"
40.77.188.188 - - [12/Jul/2018:14:44:03 +0200] "GET /mv_g.gif HTTP/1.1" 200 4070 "-" "Mozilla/5.0 (Windows NT 6.1; WOW64) AppleWebKit/534+ (KHTML, like Gecko) BingPreview/1.0b"
40.77.189.197 - - [12/Jul/2018:14:44:04 +0200] "GET /mv_gr_w.gif HTTP/1.1" 200 2005 "-" "Mozilla/5.0 (Windows NT 6.1; WOW64) AppleWebKit/534+ (KHTML, like Gecko) BingPreview/1.0b"
40.77.188.99 - - [12/Jul/2018:14:44:04 +0200] "GET /jahrbuch_k.jpg HTTP/1.1" 200 3719 "-" "Mozilla/5.0 (Windows NT 6.1; WOW64) AppleWebKit/534+ (KHTML, like Gecko) BingPreview/1.0b"
40.77.188.188 - - [12/Jul/2018:14:44:05 +0200] "GET /pf.gif HTTP/1.1" 200 62 "-" "Mozilla/5.0 (Windows NT 6.1; WOW64) AppleWebKit/534+ (KHTML, like Gecko) BingPreview/1.0b"
40.77.188.99 - - [12/Jul/2018:14:44:05 +0200] "GET /buecher/gesichter.jpg HTTP/1.1" 200 7271 "-" "Mozilla/5.0 (Windows NT 6.1; WOW64) AppleWebKit/534+ (KHTML, like Gecko) BingPreview/1.0b"
40.77.188.188 - - [12/Jul/2018:14:44:05 +0200] "GET /cds/rosarium_k.jpg HTTP/1.1" 200 3972 "-" "Mozilla/5.0 (Windows NT 6.1; WOW64) AppleWebKit/534+ (KHTML, like Gecko) BingPreview/1.0b"
40.77.188.188 - - [12/Jul/2018:14:44:05 +0200] "GET /cds/ignatius_k.jpg HTTP/1.1" 200 3965 "-" "Mozilla/5.0 (Windows NT 6.1; WOW64) AppleWebKit/534+ (KHTML, like Gecko) BingPreview/1.0b"
40.77.188.99 - - [12/Jul/2018:14:44:05 +0200] "GET /cds/hymnos_k.jpg HTTP/1.1" 200 4986 "-" "Mozilla/5.0 (Windows NT 6.1; WOW64) AppleWebKit/534+ (KHTML, like Gecko) BingPreview/1.0b"
40.77.188.215 - - [12/Jul/2018:14:44:06 +0200] "GET /cds/astazi_k.jpg HTTP/1.1" 200 6049 "-" "Mozilla/5.0 (Windows NT 6.1; WOW64) AppleWebKit/534+ (KHTML, like Gecko) BingPreview/1.0b"
40.77.188.188 - - [12/Jul/2018:14:44:06 +0200] "GET /gotteslob.jpg HTTP/1.1" 200 9390 "-" "Mozilla/5.0 (Windows NT 6.1; WOW64) AppleWebKit/534+ (KHTML, like Gecko) BingPreview/1.0b"
40.77.188.188 - - [12/Jul/2018:14:44:07 +0200] "GET /buecher/engel.jpg HTTP/1.1" 200 5414 "-" "Mozilla/5.0 (Windows NT 6.1; WOW64) AppleWebKit/534+ (KHTML, like Gecko) BingPreview/1.0b"
40.77.189.197 - - [12/Jul/2018:14:44:07 +0200] "GET /buecher/chateaubriand.jpg HTTP/1.1" 200 2272 "-" "Mozilla/5.0 (Windows NT 6.1; WOW64) AppleWebKit/534+ (KHTML, like Gecko) BingPreview/1.0b"
40.77.188.188 - - [12/Jul/2018:14:44:07 +0200] "GET /buch_k.jpg HTTP/1.1" 200 4591 "-" "Mozilla/5.0 (Windows NT 6.1; WOW64) AppleWebKit/534+ (KHTML, like Gecko) BingPreview/1.0b"
40.77.189.197 - - [12/Jul/2018:14:44:07 +0200] "GET /strich.gif HTTP/1.1" 200 45 "-" "Mozilla/5.0 (Windows NT 6.1; WOW64) AppleWebKit/534+ (KHTML, like Gecko) BingPreview/1.0b"
66.249.69.179 - - [12/Jul/2018:14:59:45 +0200] "GET /sonderthemen/oeaz2002.pdf HTTP/1.1" 304 - "-" "Mozilla/5.0 (Linux; Android 6.0.1; Nexus 5X Build/MMB29P) AppleWebKit/537.36 (KHTML, like Gecko) Chrome/41.0.2272.96 Mobile Safari/537.36 (compatible; Googlebot/2.1; +http://www.google.com/bot.html)"
66.249.69.177 - - [12/Jul/2018:14:59:45 +0200] "GET /robots.txt HTTP/1.1" 200 100 "-" "Mozilla/5.0 (compatible; Googlebot/2.1; +http://www.google.com/bot.html)"
66.249.69.181 - - [12/Jul/2018:15:05:33 +0200] "GET /buecher/ HTTP/1.1" 304 - "-" "Mozilla/5.0 (Linux; Android 6.0.1; Nexus 5X Build/MMB29P) AppleWebKit/537.36 (KHTML, like Gecko) Chrome/41.0.2272.96 Mobile Safari/537.36 (compatible; Googlebot/2.1; +http://www.google.com/bot.html)"
66.249.69.181 - - [12/Jul/2018:15:11:22 +0200] "GET /buecher/rezensionen_chateaubriand.html HTTP/1.1" 304 - "-" "Mozilla/5.0 (Linux; Android 6.0.1; Nexus 5X Build/MMB29P) AppleWebKit/537.36 (KHTML, like Gecko) Chrome/41.0.2272.96 Mobile Safari/537.36 (compatible; Googlebot/2.1; +http://www.google.com/bot.html)"
66.249.69.177 - - [12/Jul/2018:15:17:10 +0200] "GET /buecher/rezensionen_krise_zum_heil.html HTTP/1.1" 304 - "-" "Mozilla/5.0 (Linux; Android 6.0.1; Nexus 5X Build/MMB29P) AppleWebKit/537.36 (KHTML, like Gecko) Chrome/41.0.2272.96 Mobile Safari/537.36 (compatible; Googlebot/2.1; +http://www.google.com/bot.html)"
66.249.69.181 - - [12/Jul/2018:15:42:59 +0200] "GET /buecher/rezensionen_psalmen.html HTTP/1.1" 304 - "-" "Mozilla/5.0 (Linux; Android 6.0.1; Nexus 5X Build/MMB29P) AppleWebKit/537.36 (KHTML, like Gecko) Chrome/41.0.2272.96 Mobile Safari/537.36 (compatible; Googlebot/2.1; +http://www.google.com/bot.html)"
66.249.69.179 - - [12/Jul/2018:16:02:59 +0200] "GET /buecher HTTP/1.1" 301 354 "-" "Mozilla/5.0 (Linux; Android 6.0.1; Nexus 5X Build/MMB29P) AppleWebKit/537.36 (KHTML, like Gecko) Chrome/41.0.2272.96 Mobile Safari/537.36 (compatible; Googlebot/2.1; +http://www.google.com/bot.html)"
66.249.69.179 - - [12/Jul/2018:16:02:59 +0200] "GET /buecher/ HTTP/1.1" 200 25885 "-" "Mozilla/5.0 (Linux; Android 6.0.1; Nexus 5X Build/MMB29P) AppleWebKit/537.36 (KHTML, like Gecko) Chrome/41.0.2272.96 Mobile Safari/537.36 (compatible; Googlebot/2.1; +http://www.google.com/bot.html)"
66.249.69.179 - - [12/Jul/2018:16:13:02 +0200] "GET /sonderthemen/oekz2003.pdf HTTP/1.1" 304 - "-" "Mozilla/5.0 (Linux; Android 6.0.1; Nexus 5X Build/MMB29P) AppleWebKit/537.36 (KHTML, like Gecko) Chrome/41.0.2272.96 Mobile Safari/537.36 (compatible; Googlebot/2.1; +http://www.google.com/bot.html)"
66.249.69.177 - - [12/Jul/2018:16:23:02 +0200] "GET /gotteslob/ HTTP/1.1" 304 - "-" "Mozilla/5.0 (Linux; Android 6.0.1; Nexus 5X Build/MMB29P) AppleWebKit/537.36 (KHTML, like Gecko) Chrome/41.0.2272.96 Mobile Safari/537.36 (compatible; Googlebot/2.1; +http://www.google.com/bot.html)"
138.201.136.210 - - [12/Jul/2018:17:10:26 +0200] "GET /robots.txt HTTP/1.1" 200 100 "-" "Mozilla/5.0 (compatible; BLEXBot/1.0; +http://webmeup-crawler.com/)"
138.201.136.210 - - [12/Jul/2018:17:10:26 +0200] "GET / HTTP/1.1" 200 9360 "-" "Mozilla/5.0 (compatible; BLEXBot/1.0; +http://webmeup-crawler.com/)"
66.249.69.181 - - [12/Jul/2018:17:12:59 +0200] "GET /cds/hymnos_akathistos.html HTTP/1.1" 304 - "-" "Mozilla/5.0 (Linux; Android 6.0.1; Nexus 5X Build/MMB29P) AppleWebKit/537.36 (KHTML, like Gecko) Chrome/41.0.2272.96 Mobile Safari/537.36 (compatible; Googlebot/2.1; +http://www.google.com/bot.html)"
54.224.60.122 - - [12/Jul/2018:17:13:16 +0200] "GET /robots.txt HTTP/1.1" 200 100 "-" "CCBot/2.0 (http://commoncrawl.org/faq/)"
54.224.60.122 - - [12/Jul/2018:17:13:16 +0200] "GET /buecher/index.html HTTP/1.1" 200 25885 "-" "CCBot/2.0 (http://commoncrawl.org/faq/)"
66.249.69.179 - - [12/Jul/2018:17:32:59 +0200] "GET /sonderthemen/sk2002.pdf HTTP/1.1" 304 - "-" "Mozilla/5.0 (Linux; Android 6.0.1; Nexus 5X Build/MMB29P) AppleWebKit/537.36 (KHTML, like Gecko) Chrome/41.0.2272.96 Mobile Safari/537.36 (compatible; Googlebot/2.1; +http://www.google.com/bot.html)"
107.21.1.8 - - [12/Jul/2018:17:41:28 +0200] "GET / HTTP/1.1" 200 9360 "http://www.morusverlag.de/" "Mozilla/5.0 (compatible; DuckDuckGo-Favicons-Bot/1.0; +http://duckduckgo.com)"
107.21.1.8 - - [12/Jul/2018:17:41:28 +0200] "GET /favicon.ico HTTP/1.1" 200 4286 "http://www.morusverlag.de/favicon.ico" "Mozilla/5.0 (compatible; DuckDuckGo-Favicons-Bot/1.0; +http://duckduckgo.com)"
66.249.69.177 - - [12/Jul/2018:17:42:59 +0200] "GET / HTTP/1.1" 200 9360 "-" "Mozilla/5.0 (Linux; Android 6.0.1; Nexus 5X Build/MMB29P) AppleWebKit/537.36 (KHTML, like Gecko) Chrome/41.0.2272.96 Mobile Safari/537.36 (compatible; Googlebot/2.1; +http://www.google.com/bot.html)"
148.251.50.77 - - [12/Jul/2018:17:44:48 +0200] "GET /sonderthemen/oekt_extra2.pdf HTTP/1.1" 200 1939949 "-" "Mozilla/5.0 (Macintosh; Intel Mac OS X 10.13; rv:57.0) Gecko/20100101 Firefox/57.0"
88.198.43.207 - - [12/Jul/2018:17:44:53 +0200] "GET /sonderthemen/sk2000.pdf HTTP/1.1" 200 2925489 "-" "Mozilla/5.0 (Macintosh; Intel Mac OS X 10_13_2) AppleWebKit/537.36 (KHTML, like Gecko) Chrome/63.0.3239.132 Safari/537.36"
66.249.69.179 - - [12/Jul/2018:18:02:59 +0200] "GET /buecher/veroeffentlichungsliste.html HTTP/1.1" 304 - "-" "Mozilla/5.0 (Linux; Android 6.0.1; Nexus 5X Build/MMB29P) AppleWebKit/537.36 (KHTML, like Gecko) Chrome/41.0.2272.96 Mobile Safari/537.36 (compatible; Googlebot/2.1; +http://www.google.com/bot.html)"
42.236.10.83 - - [12/Jul/2018:18:07:59 +0200] "GET /robots.txt HTTP/1.1" 200 100 "http://www.morusverlag.de/robots.txt" "Mozilla/5.0 (Windows NT 6.1; WOW64) AppleWebKit/537.36 (KHTML, like Gecko) Chrome/50.0.2661.102 Safari/537.36; 360Spider"
66.249.69.179 - - [12/Jul/2018:18:22:59 +0200] "GET /buecher/rezensionen_krise_zum_heil.html HTTP/1.1" 304 - "-" "Mozilla/5.0 (Linux; Android 6.0.1; Nexus 5X Build/MMB29P) AppleWebKit/537.36 (KHTML, like Gecko) Chrome/41.0.2272.96 Mobile Safari/537.36 (compatible; Googlebot/2.1; +http://www.google.com/bot.html)"
66.249.69.181 - - [12/Jul/2018:18:32:59 +0200] "GET /buecher/rezensionen_chateaubriand.html HTTP/1.1" 304 - "-" "Mozilla/5.0 (Linux; Android 6.0.1; Nexus 5X Build/MMB29P) AppleWebKit/537.36 (KHTML, like Gecko) Chrome/41.0.2272.96 Mobile Safari/537.36 (compatible; Googlebot/2.1; +http://www.google.com/bot.html)"
94.220.177.223 - - [12/Jul/2018:19:02:01 +0200] "GET / HTTP/1.1" 200 9360 "http://www.christliche-buchhandlungen.de/plz-1.php" "Mozilla/5.0 (Windows NT 10.0; Win64; x64; rv:61.0) Gecko/20100101 Firefox/61.0"
94.220.177.223 - - [12/Jul/2018:19:02:01 +0200] "GET /main.css HTTP/1.1" 200 1439 "http://www.morusverlag.de/" "Mozilla/5.0 (Windows NT 10.0; Win64; x64; rv:61.0) Gecko/20100101 Firefox/61.0"
94.220.177.223 - - [12/Jul/2018:19:02:01 +0200] "GET /logo_g.gif HTTP/1.1" 200 1301 "http://www.morusverlag.de/" "Mozilla/5.0 (Windows NT 10.0; Win64; x64; rv:61.0) Gecko/20100101 Firefox/61.0"
94.220.177.223 - - [12/Jul/2018:19:02:01 +0200] "GET /mv_g.gif HTTP/1.1" 200 4070 "http://www.morusverlag.de/" "Mozilla/5.0 (Windows NT 10.0; Win64; x64; rv:61.0) Gecko/20100101 Firefox/61.0"
94.220.177.223 - - [12/Jul/2018:19:02:01 +0200] "GET /mv_gr_w.gif HTTP/1.1" 200 2005 "http://www.morusverlag.de/" "Mozilla/5.0 (Windows NT 10.0; Win64; x64; rv:61.0) Gecko/20100101 Firefox/61.0"
94.220.177.223 - - [12/Jul/2018:19:02:01 +0200] "GET /jahrbuch_k.jpg HTTP/1.1" 200 3719 "http://www.morusverlag.de/" "Mozilla/5.0 (Windows NT 10.0; Win64; x64; rv:61.0) Gecko/20100101 Firefox/61.0"
94.220.177.223 - - [12/Jul/2018:19:02:01 +0200] "GET /pf.gif HTTP/1.1" 200 62 "http://www.morusverlag.de/" "Mozilla/5.0 (Windows NT 10.0; Win64; x64; rv:61.0) Gecko/20100101 Firefox/61.0"
94.220.177.223 - - [12/Jul/2018:19:02:01 +0200] "GET /buecher/gesichter.jpg HTTP/1.1" 200 7271 "http://www.morusverlag.de/" "Mozilla/5.0 (Windows NT 10.0; Win64; x64; rv:61.0) Gecko/20100101 Firefox/61.0"
94.220.177.223 - - [12/Jul/2018:19:02:01 +0200] "GET /cds/rosarium_k.jpg HTTP/1.1" 200 3972 "http://www.morusverlag.de/" "Mozilla/5.0 (Windows NT 10.0; Win64; x64; rv:61.0) Gecko/20100101 Firefox/61.0"
94.220.177.223 - - [12/Jul/2018:19:02:01 +0200] "GET /cds/ignatius_k.jpg HTTP/1.1" 200 3965 "http://www.morusverlag.de/" "Mozilla/5.0 (Windows NT 10.0; Win64; x64; rv:61.0) Gecko/20100101 Firefox/61.0"
94.220.177.223 - - [12/Jul/2018:19:02:01 +0200] "GET /cds/hymnos_k.jpg HTTP/1.1" 200 4986 "http://www.morusverlag.de/" "Mozilla/5.0 (Windows NT 10.0; Win64; x64; rv:61.0) Gecko/20100101 Firefox/61.0"
94.220.177.223 - - [12/Jul/2018:19:02:01 +0200] "GET /cds/astazi_k.jpg HTTP/1.1" 200 6049 "http://www.morusverlag.de/" "Mozilla/5.0 (Windows NT 10.0; Win64; x64; rv:61.0) Gecko/20100101 Firefox/61.0"
94.220.177.223 - - [12/Jul/2018:19:02:01 +0200] "GET /gotteslob.jpg HTTP/1.1" 200 9390 "http://www.morusverlag.de/" "Mozilla/5.0 (Windows NT 10.0; Win64; x64; rv:61.0) Gecko/20100101 Firefox/61.0"
94.220.177.223 - - [12/Jul/2018:19:02:01 +0200] "GET /buecher/engel.jpg HTTP/1.1" 200 5414 "http://www.morusverlag.de/" "Mozilla/5.0 (Windows NT 10.0; Win64; x64; rv:61.0) Gecko/20100101 Firefox/61.0"
94.220.177.223 - - [12/Jul/2018:19:02:01 +0200] "GET /buecher/chateaubriand.jpg HTTP/1.1" 200 2272 "http://www.morusverlag.de/" "Mozilla/5.0 (Windows NT 10.0; Win64; x64; rv:61.0) Gecko/20100101 Firefox/61.0"
94.220.177.223 - - [12/Jul/2018:19:02:01 +0200] "GET /buch_k.jpg HTTP/1.1" 200 4591 "http://www.morusverlag.de/" "Mozilla/5.0 (Windows NT 10.0; Win64; x64; rv:61.0) Gecko/20100101 Firefox/61.0"
94.220.177.223 - - [12/Jul/2018:19:02:01 +0200] "GET /strich.gif HTTP/1.1" 200 45 "http://www.morusverlag.de/" "Mozilla/5.0 (Windows NT 10.0; Win64; x64; rv:61.0) Gecko/20100101 Firefox/61.0"
94.220.177.223 - - [12/Jul/2018:19:02:02 +0200] "GET /favicon.ico HTTP/1.1" 200 4286 "-" "Mozilla/5.0 (Windows NT 10.0; Win64; x64; rv:61.0) Gecko/20100101 Firefox/61.0"
94.220.177.223 - - [12/Jul/2018:19:02:02 +0200] "GET /favicon.ico HTTP/1.1" 200 4286 "-" "Mozilla/5.0 (Windows NT 10.0; Win64; x64; rv:61.0) Gecko/20100101 Firefox/61.0"
94.220.177.223 - - [12/Jul/2018:19:02:10 +0200] "GET /kontakt/index.html HTTP/1.1" 200 2896 "http://www.morusverlag.de/" "Mozilla/5.0 (Windows NT 10.0; Win64; x64; rv:61.0) Gecko/20100101 Firefox/61.0"
94.220.177.223 - - [12/Jul/2018:19:02:10 +0200] "GET /main.css HTTP/1.1" 200 1439 "http://www.morusverlag.de/kontakt/index.html" "Mozilla/5.0 (Windows NT 10.0; Win64; x64; rv:61.0) Gecko/20100101 Firefox/61.0"
94.220.177.223 - - [12/Jul/2018:19:02:10 +0200] "GET /m.gif HTTP/1.1" 200 95 "http://www.morusverlag.de/kontakt/index.html" "Mozilla/5.0 (Windows NT 10.0; Win64; x64; rv:61.0) Gecko/20100101 Firefox/61.0"
66.249.69.179 - - [12/Jul/2018:19:03:00 +0200] "GET /gotteslob/ HTTP/1.1" 304 - "-" "Mozilla/5.0 (Linux; Android 6.0.1; Nexus 5X Build/MMB29P) AppleWebKit/537.36 (KHTML, like Gecko) Chrome/41.0.2272.96 Mobile Safari/537.36 (compatible; Googlebot/2.1; +http://www.google.com/bot.html)"
185.154.13.6 - - [12/Jul/2018:19:04:38 +0200] "HEAD / HTTP/1.1" 200 - "https://xn----7sbabm1ahc4b2aqff.su" "Mozilla/7.0 (compatible; MSIE4.00; Windows 2005)"
185.209.20.147 - - [12/Jul/2018:19:04:38 +0200] "HEAD / HTTP/1.1" 200 - "https://spb-office.com/catalog/kabinety_rukovoditelya/direktoriya/" "Mozilla/7.0 (compatible; MSIE4.00; Windows 2009)"
178.159.39.237 - - [12/Jul/2018:19:04:38 +0200] "HEAD / HTTP/1.1" 200 - "https://www.probenzo.com.ua/mototehnika/skymoto-dragon-200-%D0%BE%D1%82%D0%B7%D1%8B%D0%B2%D1%8B-%D0%BA%D1%83%D0%BF%D0%B8%D1%82%D1%8C" "Mozilla/7.0 (compatible; MSIE2.00; Windows 2007)"
77.220.214.180 - - [12/Jul/2018:19:04:38 +0200] "HEAD / HTTP/1.1" 200 - "https://elfcity.ru/category/69/rozetki-elektricheskie/262/berker/" "Mozilla/3.0 (compatible; MSIE2.00; Windows 2007)"
77.220.213.173 - - [12/Jul/2018:19:04:40 +0200] "HEAD / HTTP/1.1" 200 - "http://elite-fashion.ru" "Mozilla/2.0 (compatible; MSIE7.00; Windows 2005)"
178.159.43.212 - - [12/Jul/2018:19:18:02 +0200] "HEAD / HTTP/1.1" 200 - "http://rupolitshow.ru/mezhdunarodnoe-obozrenie" "Mozilla/8.0 (compatible; MSIE4.00; Windows 2002)"
194.87.236.223 - - [12/Jul/2018:19:19:24 +0200] "HEAD / HTTP/1.1" 200 - "http://bur-rk.ru/skvazhiny-na-plyvune" "Mozilla/3.0 (compatible; MSIE4.00; Windows 2005)"
54.224.103.239 - - [12/Jul/2018:19:36:31 +0200] "GET /robots.txt HTTP/1.1" 200 100 "-" "CCBot/2.0 (http://commoncrawl.org/faq/)"
54.224.103.239 - - [12/Jul/2018:19:36:31 +0200] "GET /jahrbuch/index.html HTTP/1.1" 200 3956 "-" "CCBot/2.0 (http://commoncrawl.org/faq/)"
207.46.13.55 - - [12/Jul/2018:19:46:04 +0200] "GET /cds/rosarium.html HTTP/1.1" 200 6680 "-" "Mozilla/5.0 (compatible; bingbot/2.0; +http://www.bing.com/bingbot.htm)"
40.77.167.54 - - [12/Jul/2018:19:47:37 +0200] "GET /sonderthemen/index.html HTTP/1.1" 200 7102 "-" "Mozilla/5.0 (compatible; bingbot/2.0; +http://www.bing.com/bingbot.htm)"
185.5.249.185 - - [12/Jul/2018:19:49:40 +0200] "HEAD / HTTP/1.1" 200 - "http://tokshow.online/category/tok-show/samye-shokiruyushhie-gipotezy-poslednie-vypuski/" "Mozilla/4.0 (compatible; MSIE3.00; Windows 2006)"
185.125.219.134 - - [12/Jul/2018:19:49:40 +0200] "HEAD / HTTP/1.1" 200 - "http://nd-partner.ru/doma-iz-blokov/iz-keramzitobetonnyh/" "Mozilla/2.0 (compatible; MSIE5.00; Windows 2008)"
193.124.190.64 - - [12/Jul/2018:19:49:40 +0200] "HEAD / HTTP/1.1" 200 - "https://autoobozrevatel.ru/geely-gotovit-dlya-rossii-obnovlennyj-krossover-emgrand-x7/" "Mozilla/6.0 (compatible; MSIE7.00; Windows 2006)"
194.67.210.77 - - [12/Jul/2018:19:49:41 +0200] "HEAD / HTTP/1.1" 200 - "https://applepharma.ru/view-product.php?id=75/HIV-AIDS-Emcure-Tenofovir-300mg-Emtricitabine-200mg-Tavin-EM/" "Mozilla/4.0 (compatible; MSIE6.00; Windows 2007)"
193.124.176.156 - - [12/Jul/2018:19:49:41 +0200] "HEAD / HTTP/1.1" 200 - "http://sp-zakupki.ru/index.php?/forum/11-odezhda/" "Mozilla/7.0 (compatible; MSIE3.00; Windows 2009)"
157.55.39.166 - - [12/Jul/2018:19:50:21 +0200] "GET /impressum.html HTTP/1.1" 200 2808 "-" "Mozilla/5.0 (compatible; bingbot/2.0; +http://www.bing.com/bingbot.htm)"
40.77.167.54 - - [12/Jul/2018:19:50:33 +0200] "GET /buecher/veroeffentlichungsliste.html HTTP/1.1" 200 129779 "-" "Mozilla/5.0 (compatible; bingbot/2.0; +http://www.bing.com/bingbot.htm)"
66.249.69.179 - - [12/Jul/2018:19:53:00 +0200] "GET /cds/hymnos_akathistos.html HTTP/1.1" 304 - "-" "Mozilla/5.0 (Linux; Android 6.0.1; Nexus 5X Build/MMB29P) AppleWebKit/537.36 (KHTML, like Gecko) Chrome/41.0.2272.96 Mobile Safari/537.36 (compatible; Googlebot/2.1; +http://www.google.com/bot.html)"
193.124.179.180 - - [12/Jul/2018:20:02:43 +0200] "HEAD / HTTP/1.1" 200 - "http://shina-belgorod.ru/catalog/tires/goodyear/" "Mozilla/8.0 (compatible; MSIE2.00; Windows 2004)"
66.249.69.177 - - [12/Jul/2018:20:13:00 +0200] "GET /sonderthemen/sk2002.pdf HTTP/1.1" 304 - "-" "Mozilla/5.0 (Linux; Android 6.0.1; Nexus 5X Build/MMB29P) AppleWebKit/537.36 (KHTML, like Gecko) Chrome/41.0.2272.96 Mobile Safari/537.36 (compatible; Googlebot/2.1; +http://www.google.com/bot.html)"
66.249.69.179 - - [12/Jul/2018:20:33:00 +0200] "GET / HTTP/1.1" 200 9360 "-" "Mozilla/5.0 (Linux; Android 6.0.1; Nexus 5X Build/MMB29P) AppleWebKit/537.36 (KHTML, like Gecko) Chrome/41.0.2272.96 Mobile Safari/537.36 (compatible; Googlebot/2.1; +http://www.google.com/bot.html)"
157.55.39.166 - - [12/Jul/2018:20:38:01 +0200] "GET /buecher/rezensionen_chateaubriand.html HTTP/1.1" 200 47317 "-" "Mozilla/5.0 (compatible; bingbot/2.0; +http://www.bing.com/bingbot.htm)"
66.249.69.181 - - [12/Jul/2018:20:43:00 +0200] "GET /buecher/veroeffentlichungsliste.html HTTP/1.1" 304 - "-" "Mozilla/5.0 (Linux; Android 6.0.1; Nexus 5X Build/MMB29P) AppleWebKit/537.36 (KHTML, like Gecko) Chrome/41.0.2272.96 Mobile Safari/537.36 (compatible; Googlebot/2.1; +http://www.google.com/bot.html)"
77.75.76.161 - - [12/Jul/2018:21:04:49 +0200] "GET /robots.txt HTTP/1.1" 200 100 "-" "Mozilla/5.0 (compatible; SeznamBot/3.2; +http://napoveda.seznam.cz/en/seznambot-intro/)"
77.75.76.161 - - [12/Jul/2018:21:04:49 +0200] "GET /buecher/gesichter/14.jpg HTTP/1.1" 304 - "-" "Mozilla/5.0 (compatible; SeznamBot/3.2; +http://napoveda.seznam.cz/en/seznambot-intro/)"
54.224.103.239 - - [12/Jul/2018:21:12:11 +0200] "GET /gotteslob/index.html HTTP/1.1" 200 2770 "-" "CCBot/2.0 (http://commoncrawl.org/faq/)"
66.249.69.179 - - [12/Jul/2018:21:13:00 +0200] "GET /buecher/rezensionen_krise_zum_heil.html HTTP/1.1" 304 - "-" "Mozilla/5.0 (Linux; Android 6.0.1; Nexus 5X Build/MMB29P) AppleWebKit/537.36 (KHTML, like Gecko) Chrome/41.0.2272.96 Mobile Safari/537.36 (compatible; Googlebot/2.1; +http://www.google.com/bot.html)"
188.104.11.183 - - [12/Jul/2018:21:18:09 +0200] "GET /favicon.ico HTTP/1.1" 200 4286 "-" "Mozilla/5.0 (Windows NT 6.1; Win64; x64; rv:61.0) Gecko/20100101 Firefox/61.0"
54.224.103.239 - - [12/Jul/2018:21:29:08 +0200] "GET /cds/index.html HTTP/1.1" 200 7987 "-" "CCBot/2.0 (http://commoncrawl.org/faq/)"
66.249.69.177 - - [12/Jul/2018:21:33:00 +0200] "GET /buecher/rezensionen_chateaubriand.html HTTP/1.1" 304 - "-" "Mozilla/5.0 (Linux; Android 6.0.1; Nexus 5X Build/MMB29P) AppleWebKit/537.36 (KHTML, like Gecko) Chrome/41.0.2272.96 Mobile Safari/537.36 (compatible; Googlebot/2.1; +http://www.google.com/bot.html)"
66.249.69.181 - - [12/Jul/2018:21:43:00 +0200] "GET /cds/hymnos_akathistos.html HTTP/1.1" 304 - "-" "Mozilla/5.0 (Linux; Android 6.0.1; Nexus 5X Build/MMB29P) AppleWebKit/537.36 (KHTML, like Gecko) Chrome/41.0.2272.96 Mobile Safari/537.36 (compatible; Googlebot/2.1; +http://www.google.com/bot.html)"
73.187.21.186 - - [12/Jul/2018:21:45:22 +0200] "GET /buecher/gesichter/05.jpg HTTP/1.1" 200 8981 "https://www.bing.com/" "Mozilla/5.0 (Windows NT 10.0; Win64; x64) AppleWebKit/537.36 (KHTML, like Gecko) Chrome/58.0.3029.110 Safari/537.36 Edge/16.16299"
40.77.170.0 - - [12/Jul/2018:21:45:34 +0200] "GET /buecher/gesichter/05.jpg HTTP/1.1" 200 8981 "-" "Mozilla/5.0 (Windows NT 6.1; WOW64) AppleWebKit/534+ (KHTML, like Gecko) BingPreview/1.0b"
35.159.10.234 - - [12/Jul/2018:21:57:45 +0200] "GET / HTTP/1.1" 200 9360 "-" "python-requests/2.11.1"
35.159.10.234 - - [12/Jul/2018:21:57:46 +0200] "GET /impressum.html HTTP/1.1" 200 2808 "-" "python-requests/2.11.1"
66.249.69.177 - - [12/Jul/2018:22:03:01 +0200] "GET /gotteslob/ HTTP/1.1" 304 - "-" "Mozilla/5.0 (Linux; Android 6.0.1; Nexus 5X Build/MMB29P) AppleWebKit/537.36 (KHTML, like Gecko) Chrome/41.0.2272.96 Mobile Safari/537.36 (compatible; Googlebot/2.1; +http://www.google.com/bot.html)"
141.8.141.131 - - [12/Jul/2018:22:15:51 +0200] "GET /robots.txt HTTP/1.1" 200 100 "-" "Mozilla/5.0 (compatible; YandexBot/3.0; +http://yandex.com/bots)"
