141.8.141.131 - - [12/Jul/2018:22:15:55 +0200] "GET /buecher/rezensionen_le_saulchoir.html HTTP/1.1" 200 34009 "-" "Mozilla/5.0 (compatible; YandexBot/3.0; +http://yandex.com/bots)"
85.25.210.234 - - [12/Jul/2018:22:16:59 +0200] "GET /robots.txt HTTP/1.1" 200 100 "-" "Mozilla/5.0 (compatible; adscanner/)"
85.25.210.234 - - [12/Jul/2018:22:17:00 +0200] "GET /mv_gr_w.gif HTTP/1.1" 200 2005 "-" "Mozilla/5.0 (compatible; adscanner/)"
66.249.69.181 - - [12/Jul/2018:22:23:01 +0200] "GET / HTTP/1.1" 200 9360 "-" "Mozilla/5.0 (Linux; Android 6.0.1; Nexus 5X Build/MMB29P) AppleWebKit/537.36 (KHTML, like Gecko) Chrome/41.0.2272.96 Mobile Safari/537.36 (compatible; Googlebot/2.1; +http://www.google.com/bot.html)"
77.75.78.169 - - [12/Jul/2018:22:36:53 +0200] "GET /robots.txt HTTP/1.1" 200 100 "-" "Mozilla/5.0 (compatible; SeznamBot/3.2; +http://napoveda.seznam.cz/en/seznambot-intro/)"
77.75.78.169 - - [12/Jul/2018:22:36:54 +0200] "GET /buecher/gesichter/07.jpg HTTP/1.1" 304 - "-" "Mozilla/5.0 (compatible; SeznamBot/3.2; +http://napoveda.seznam.cz/en/seznambot-intro/)"
77.75.78.169 - - [12/Jul/2018:22:36:55 +0200] "GET /cds/rosarium.jpg HTTP/1.1" 200 21032 "-" "Mozilla/5.0 (compatible; SeznamBot/3.2; +http://napoveda.seznam.cz/en/seznambot-intro/)"
216.244.66.237 - - [12/Jul/2018:22:43:53 +0200] "GET /robots.txt HTTP/1.1" 200 100 "-" "Mozilla/5.0 (compatible; DotBot/1.1; http://www.opensiteexplorer.org/dotbot, help@moz.com)"
216.244.66.237 - - [12/Jul/2018:22:47:08 +0200] "GET /gotteslob/index.html HTTP/1.1" 200 2770 "-" "Mozilla/5.0 (compatible; DotBot/1.1; http://www.opensiteexplorer.org/dotbot, help@moz.com)"
85.25.210.234 - - [12/Jul/2018:22:49:52 +0200] "GET /sonderthemen/oekt_extra.jpg HTTP/1.1" 200 12801 "-" "Mozilla/5.0 (compatible; adscanner/)"
66.249.69.181 - - [12/Jul/2018:22:53:01 +0200] "GET /buecher/rezensionen_chateaubriand.html HTTP/1.1" 304 - "-" "Mozilla/5.0 (Linux; Android 6.0.1; Nexus 5X Build/MMB29P) AppleWebKit/537.36 (KHTML, like Gecko) Chrome/41.0.2272.96 Mobile Safari/537.36 (compatible; Googlebot/2.1; +http://www.google.com/bot.html)"
66.249.69.177 - - [12/Jul/2018:23:03:01 +0200] "GET /buecher/rezensionen_krise_zum_heil.html HTTP/1.1" 304 - "-" "Mozilla/5.0 (Linux; Android 6.0.1; Nexus 5X Build/MMB29P) AppleWebKit/537.36 (KHTML, like Gecko) Chrome/41.0.2272.96 Mobile Safari/537.36 (compatible; Googlebot/2.1; +http://www.google.com/bot.html)"
85.25.210.234 - - [12/Jul/2018:23:07:11 +0200] "GET /cds/astazi.jpg HTTP/1.1" 200 31331 "-" "Mozilla/5.0 (compatible; adscanner/)"
62.138.0.25 - - [12/Jul/2018:23:09:46 +0200] "GET /robots.txt HTTP/1.1" 200 100 "-" "Mozilla/5.0 (compatible; adscanner/)"
62.138.0.25 - - [12/Jul/2018:23:09:46 +0200] "GET /jahrbuch/titelseiten/1964.jpg HTTP/1.1" 200 8794 "-" "Mozilla/5.0 (compatible; adscanner/)"
85.25.210.234 - - [12/Jul/2018:23:25:35 +0200] "GET /buecher/gesichter/22.jpg HTTP/1.1" 200 8837 "-" "Mozilla/5.0 (compatible; adscanner/)"
85.25.210.234 - - [12/Jul/2018:23:26:18 +0200] "GET /jahrbuch/titelseiten/1960.jpg HTTP/1.1" 200 10363 "-" "Mozilla/5.0 (compatible; adscanner/)"
66.249.69.181 - - [12/Jul/2018:23:33:01 +0200] "GET /cds/hymnos_akathistos.html HTTP/1.1" 304 - "-" "Mozilla/5.0 (Linux; Android 6.0.1; Nexus 5X Build/MMB29P) AppleWebKit/537.36 (KHTML, like Gecko) Chrome/41.0.2272.96 Mobile Safari/537.36 (compatible; Googlebot/2.1; +http://www.google.com/bot.html)"
85.25.210.234 - - [12/Jul/2018:23:38:08 +0200] "GET /jahrbuch/titelseiten/1976.jpg HTTP/1.1" 200 8435 "-" "Mozilla/5.0 (compatible; adscanner/)"
66.249.69.177 - - [12/Jul/2018:23:43:01 +0200] "GET /gotteslob/ HTTP/1.1" 304 - "-" "Mozilla/5.0 (Linux; Android 6.0.1; Nexus 5X Build/MMB29P) AppleWebKit/537.36 (KHTML, like Gecko) Chrome/41.0.2272.96 Mobile Safari/537.36 (compatible; Googlebot/2.1; +http://www.google.com/bot.html)"
54.162.61.3 - - [12/Jul/2018:23:45:33 +0200] "GET /robots.txt HTTP/1.1" 200 100 "-" "CCBot/2.0 (http://commoncrawl.org/faq/)"
54.162.61.3 - - [12/Jul/2018:23:45:34 +0200] "GET /cds/ignatius.html HTTP/1.1" 200 6576 "-" "CCBot/2.0 (http://commoncrawl.org/faq/)"
66.249.69.181 - - [12/Jul/2018:23:53:01 +0200] "GET / HTTP/1.1" 200 9360 "-" "Mozilla/5.0 (Linux; Android 6.0.1; Nexus 5X Build/MMB29P) AppleWebKit/537.36 (KHTML, like Gecko) Chrome/41.0.2272.96 Mobile Safari/537.36 (compatible; Googlebot/2.1; +http://www.google.com/bot.html)"
66.249.69.177 - - [12/Jul/2018:23:54:01 +0200] "GET /cds/hymnos_akathistos.html HTTP/1.1" 304 - "-" "Mozilla/5.0 (Linux; Android 6.0.1; Nexus 5X Build/MMB29P) AppleWebKit/537.36 (KHTML, like Gecko) Chrome/41.0.2272.96 Mobile Safari/537.36 (compatible; Googlebot/2.1; +http://www.google.com/bot.html)"
54.36.148.44 - - [12/Jul/2018:23:57:18 +0200] "GET /gotteslob/index.html HTTP/1.1" 200 2770 "-" "Mozilla/5.0 (compatible; AhrefsBot/5.2; +http://ahrefs.com/robot/)"
85.25.210.234 - - [13/Jul/2018:00:02:19 +0200] "GET /buecher/gesichter/26.jpg HTTP/1.1" 200 8027 "-" "Mozilla/5.0 (compatible; adscanner/)"
62.138.0.25 - - [13/Jul/2018:00:08:58 +0200] "GET /jahrbuch/titelseiten/2001.jpg HTTP/1.1" 200 7909 "-" "Mozilla/5.0 (compatible; adscanner/)"
54.162.61.3 - - [13/Jul/2018:00:11:32 +0200] "GET /buecher/veroeffentlichungsliste.html HTTP/1.1" 200 129779 "-" "CCBot/2.0 (http://commoncrawl.org/faq/)"
62.138.0.25 - - [13/Jul/2018:00:12:45 +0200] "GET /jahrbuch/titelseiten/2007.jpg HTTP/1.1" 200 6748 "-" "Mozilla/5.0 (compatible; adscanner/)"
66.249.69.179 - - [13/Jul/2018:00:13:01 +0200] "GET /buecher/rezensionen_chateaubriand.html HTTP/1.1" 304 - "-" "Mozilla/5.0 (Linux; Android 6.0.1; Nexus 5X Build/MMB29P) AppleWebKit/537.36 (KHTML, like Gecko) Chrome/41.0.2272.96 Mobile Safari/537.36 (compatible; Googlebot/2.1; +http://www.google.com/bot.html)"
54.162.61.3 - - [13/Jul/2018:00:19:50 +0200] "GET /cds/hymnos_akathistos.html HTTP/1.1" 200 11061 "-" "CCBot/2.0 (http://commoncrawl.org/faq/)"
66.249.69.181 - - [13/Jul/2018:00:29:21 +0200] "GET / HTTP/1.1" 200 9360 "-" "Mozilla/5.0 (Linux; Android 6.0.1; Nexus 5X Build/MMB29P) AppleWebKit/537.36 (KHTML, like Gecko) Chrome/41.0.2272.96 Mobile Safari/537.36 (compatible; Googlebot/2.1; +http://www.google.com/bot.html)"
66.249.69.179 - - [13/Jul/2018:00:29:30 +0200] "GET /logo_g.gif HTTP/1.1" 200 1301 "-" "Googlebot-Image/1.0"
85.25.210.234 - - [13/Jul/2018:00:38:19 +0200] "GET /jahrbuch/titelseiten/1979.jpg HTTP/1.1" 200 12108 "-" "Mozilla/5.0 (compatible; adscanner/)"
85.25.210.234 - - [13/Jul/2018:00:38:20 +0200] "GET /jahrbuch/titelseiten/1956.jpg HTTP/1.1" 200 12858 "-" "Mozilla/5.0 (compatible; adscanner/)"
54.162.61.3 - - [13/Jul/2018:00:38:27 +0200] "GET /buecher/rezensionen_chateaubriand.html HTTP/1.1" 200 47317 "-" "CCBot/2.0 (http://commoncrawl.org/faq/)"
62.138.0.25 - - [13/Jul/2018:00:39:41 +0200] "GET /buecher/schenuit.jpg HTTP/1.1" 200 2024 "-" "Mozilla/5.0 (compatible; adscanner/)"
54.162.61.3 - - [13/Jul/2018:00:42:21 +0200] "GET /kontakt/index.html HTTP/1.1" 200 2896 "-" "CCBot/2.0 (http://commoncrawl.org/faq/)"
77.75.78.169 - - [13/Jul/2018:00:44:48 +0200] "GET /robots.txt HTTP/1.1" 200 100 "-" "Mozilla/5.0 (compatible; SeznamBot/3.2; +http://napoveda.seznam.cz/en/seznambot-intro/)"
77.75.78.169 - - [13/Jul/2018:00:44:48 +0200] "GET /cds/rosarium.html HTTP/1.1" 304 - "-" "Mozilla/5.0 (compatible; SeznamBot/3.2; +http://napoveda.seznam.cz/en/seznambot-intro/)"
54.162.61.3 - - [13/Jul/2018:00:46:27 +0200] "GET /cds/rosarium.html HTTP/1.1" 200 6680 "-" "CCBot/2.0 (http://commoncrawl.org/faq/)"
66.249.69.177 - - [13/Jul/2018:01:31:35 +0200] "GET /gotteslob/ HTTP/1.1" 304 - "-" "Mozilla/5.0 (Linux; Android 6.0.1; Nexus 5X Build/MMB29P) AppleWebKit/537.36 (KHTML, like Gecko) Chrome/41.0.2272.96 Mobile Safari/537.36 (compatible; Googlebot/2.1; +http://www.google.com/bot.html)"
54.162.61.3 - - [13/Jul/2018:01:34:53 +0200] "GET /impressum.html HTTP/1.1" 200 2808 "-" "CCBot/2.0 (http://commoncrawl.org/faq/)"
54.162.61.3 - - [13/Jul/2018:01:45:24 +0200] "GET /sonderthemen/index.html HTTP/1.1" 200 7102 "-" "CCBot/2.0 (http://commoncrawl.org/faq/)"
37.229.254.170 - - [13/Jul/2018:01:49:56 +0200] "GET / HTTP/1.1" 200 9360 "https://infektsii.com/" "Mozilla/4.0 (compatible; MSIE 6.0; Windows NT 5.1; ru) Opera 8.50"
37.229.254.170 - - [13/Jul/2018:01:49:56 +0200] "GET / HTTP/1.1" 200 9360 "https://infektsii.com/" "Mozilla/4.0 (compatible; MSIE 6.0; Windows NT 5.1; ru) Opera 8.50"
37.229.254.170 - - [13/Jul/2018:01:49:57 +0200] "GET / HTTP/1.1" 200 9360 "https://infektsii.com/" "Mozilla/4.0 (compatible; MSIE 6.0; Windows NT 5.1; ru) Opera 8.50"
37.229.254.170 - - [13/Jul/2018:01:51:12 +0200] "GET / HTTP/1.1" 200 9360 "https://infektsii.com/" "Mozilla/4.0 (compatible; MSIE 6.0; Windows NT 5.1)"
37.229.254.170 - - [13/Jul/2018:01:51:12 +0200] "GET / HTTP/1.1" 200 9360 "https://infektsii.com/" "Mozilla/4.0 (compatible; MSIE 6.0; Windows NT 5.1)"
37.229.254.170 - - [13/Jul/2018:01:51:13 +0200] "GET / HTTP/1.1" 200 9360 "https://infektsii.com/" "Mozilla/4.0 (compatible; MSIE 6.0; Windows NT 5.1)"
66.249.69.181 - - [13/Jul/2018:02:09:17 +0200] "GET /buecher/rezensionen_chateaubriand.html HTTP/1.1" 304 - "-" "Mozilla/5.0 (Linux; Android 6.0.1; Nexus 5X Build/MMB29P) AppleWebKit/537.36 (KHTML, like Gecko) Chrome/41.0.2272.96 Mobile Safari/537.36 (compatible; Googlebot/2.1; +http://www.google.com/bot.html)"
77.75.79.62 - - [13/Jul/2018:02:12:00 +0200] "GET /robots.txt HTTP/1.1" 200 100 "-" "Mozilla/5.0 (compatible; SeznamBot/3.2; +http://napoveda.seznam.cz/en/seznambot-intro/)"
77.75.79.62 - - [13/Jul/2018:02:12:00 +0200] "GET / HTTP/1.1" 304 - "-" "Mozilla/5.0 (compatible; SeznamBot/3.2; +http://napoveda.seznam.cz/en/seznambot-intro/)"
66.249.69.181 - - [13/Jul/2018:02:19:17 +0200] "GET /cds/hymnos_akathistos.html HTTP/1.1" 304 - "-" "Mozilla/5.0 (Linux; Android 6.0.1; Nexus 5X Build/MMB29P) AppleWebKit/537.36 (KHTML, like Gecko) Chrome/41.0.2272.96 Mobile Safari/537.36 (compatible; Googlebot/2.1; +http://www.google.com/bot.html)"
54.162.61.3 - - [13/Jul/2018:02:36:40 +0200] "GET /index.html HTTP/1.1" 200 9360 "-" "CCBot/2.0 (http://commoncrawl.org/faq/)"
66.249.69.181 - - [13/Jul/2018:02:49:17 +0200] "GET / HTTP/1.1" 200 9360 "-" "Mozilla/5.0 (Linux; Android 6.0.1; Nexus 5X Build/MMB29P) AppleWebKit/537.36 (KHTML, like Gecko) Chrome/41.0.2272.96 Mobile Safari/537.36 (compatible; Googlebot/2.1; +http://www.google.com/bot.html)"
88.99.27.172 - - [13/Jul/2018:02:52:46 +0200] "GET /sonderthemen/oeaz2002.pdf HTTP/1.1" 200 3161455 "-" "Mozilla/5.0 (Macintosh; Intel Mac OS X 10_13_1) AppleWebKit/604.3.5 (KHTML, like Gecko) Version/11.0.1 Safari/604.3.5"
88.198.36.62 - - [13/Jul/2018:02:52:54 +0200] "GET /sonderthemen/oeaz2002.pdf HTTP/1.1" 200 3161455 "-" "Mozilla/5.0 (Macintosh; Intel Mac OS X 10_13_2) AppleWebKit/604.4.7 (KHTML, like Gecko) Version/11.0.2 Safari/604.4.7"
78.46.156.169 - - [13/Jul/2018:02:53:09 +0200] "GET /sonderthemen/oeaz2002.pdf HTTP/1.1" 200 3161455 "-" "Mozilla/5.0 (X11; Linux x86_64) AppleWebKit/537.36 (KHTML, like Gecko) Chrome/64.0.3282.140 Safari/537.36"
66.249.69.179 - - [13/Jul/2018:02:59:17 +0200] "GET /gotteslob/ HTTP/1.1" 304 - "-" "Mozilla/5.0 (Linux; Android 6.0.1; Nexus 5X Build/MMB29P) AppleWebKit/537.36 (KHTML, like Gecko) Chrome/41.0.2272.96 Mobile Safari/537.36 (compatible; Googlebot/2.1; +http://www.google.com/bot.html)"
62.138.0.25 - - [13/Jul/2018:03:00:09 +0200] "GET /cds/glockenspiel2.html HTTP/1.1" 200 9831 "-" "Mozilla/5.0 (compatible; adscanner/)"
85.25.210.234 - - [13/Jul/2018:03:03:29 +0200] "GET /m.gif HTTP/1.1" 200 95 "-" "Mozilla/5.0 (compatible; adscanner/)"
194.87.236.223 - - [13/Jul/2018:03:08:47 +0200] "HEAD / HTTP/1.1" 200 - "https://www.probenzo.com.ua/motobloky/%D0%BC%D0%BE%D1%82%D0%BE%D0%B1%D0%BB%D0%BE%D0%BA-%D0%BA%D0%B5%D0%BD%D1%82%D0%B0%D0%B2%D1%80-%D0%BC1010e-%D0%BE%D1%82%D0%B7%D1%8B%D0%B2%D1%8B-%D0%BA%D1%83%D0%BF%D0%B8%D1%82%D1%8C" "Mozilla/3.0 (compatible; MSIE4.00; Windows 2009)"
42.236.54.62 - - [13/Jul/2018:03:15:10 +0200] "GET / HTTP/1.1" 200 9360 "http://www.morusverlag.de/" "Mozilla/5.0 (Windows NT 6.1; WOW64) AppleWebKit/537.36 (KHTML, like Gecko) Chrome/50.0.2661.102 Safari/537.36; 360Spider"
85.25.210.234 - - [13/Jul/2018:03:17:28 +0200] "GET /jahrbuch/titelseiten/2009.jpg HTTP/1.1" 200 10213 "-" "Mozilla/5.0 (compatible; adscanner/)"
185.209.20.147 - - [13/Jul/2018:03:37:27 +0200] "HEAD / HTTP/1.1" 200 - "https://hottour.ru" "Mozilla/3.0 (compatible; MSIE2.00; Windows 2007)"
199.58.86.209 - - [13/Jul/2018:03:44:41 +0200] "GET /robots.txt HTTP/1.1" 200 100 "-" "Mozilla/5.0 (compatible; MJ12bot/v1.4.8; http://mj12bot.com/)"
199.58.86.209 - - [13/Jul/2018:03:44:42 +0200] "GET / HTTP/1.1" 200 9360 "-" "Mozilla/5.0 (compatible; MJ12bot/v1.4.8; http://mj12bot.com/)"
66.249.69.181 - - [13/Jul/2018:03:59:17 +0200] "GET /buecher/rezensionen_chateaubriand.html HTTP/1.1" 304 - "-" "Mozilla/5.0 (Linux; Android 6.0.1; Nexus 5X Build/MMB29P) AppleWebKit/537.36 (KHTML, like Gecko) Chrome/41.0.2272.96 Mobile Safari/537.36 (compatible; Googlebot/2.1; +http://www.google.com/bot.html)"
66.249.69.179 - - [13/Jul/2018:04:09:17 +0200] "GET /cds/hymnos_akathistos.html HTTP/1.1" 304 - "-" "Mozilla/5.0 (Linux; Android 6.0.1; Nexus 5X Build/MMB29P) AppleWebKit/537.36 (KHTML, like Gecko) Chrome/41.0.2272.96 Mobile Safari/537.36 (compatible; Googlebot/2.1; +http://www.google.com/bot.html)"
185.5.249.185 - - [13/Jul/2018:04:10:35 +0200] "HEAD / HTTP/1.1" 200 - "http://www.mos-teplohod.ru/teplohody/arturs" "Mozilla/2.0 (compatible; MSIE3.00; Windows 2004)"
66.249.69.179 - - [13/Jul/2018:04:19:18 +0200] "GET / HTTP/1.1" 200 9360 "-" "Mozilla/5.0 (Linux; Android 6.0.1; Nexus 5X Build/MMB29P) AppleWebKit/537.36 (KHTML, like Gecko) Chrome/41.0.2272.96 Mobile Safari/537.36 (compatible; Googlebot/2.1; +http://www.google.com/bot.html)"
207.46.13.55 - - [13/Jul/2018:04:26:40 +0200] "GET /cds/hymnos_akathistos.html HTTP/1.1" 200 11061 "-" "Mozilla/5.0 (compatible; bingbot/2.0; +http://www.bing.com/bingbot.htm)"
157.55.39.166 - - [13/Jul/2018:04:27:41 +0200] "GET /cds/ignatius.html HTTP/1.1" 200 6576 "-" "Mozilla/5.0 (compatible; bingbot/2.0; +http://www.bing.com/bingbot.htm)"
157.55.39.166 - - [13/Jul/2018:04:28:56 +0200] "GET /impressum.html HTTP/1.1" 200 2808 "-" "Mozilla/5.0 (compatible; bingbot/2.0; +http://www.bing.com/bingbot.htm)"
40.77.167.54 - - [13/Jul/2018:04:31:02 +0200] "GET /buecher/veroeffentlichungsliste.html HTTP/1.1" 200 129779 "-" "Mozilla/5.0 (compatible; bingbot/2.0; +http://www.bing.com/bingbot.htm)"
40.77.167.54 - - [13/Jul/2018:04:31:37 +0200] "GET /sonderthemen/index.html HTTP/1.1" 200 7102 "-" "Mozilla/5.0 (compatible; bingbot/2.0; +http://www.bing.com/bingbot.htm)"
40.77.167.54 - - [13/Jul/2018:04:33:23 +0200] "GET /kontakt/index.html HTTP/1.1" 200 2896 "-" "Mozilla/5.0 (compatible; bingbot/2.0; +http://www.bing.com/bingbot.htm)"
157.55.39.166 - - [13/Jul/2018:04:33:48 +0200] "GET /buecher/rezensionen_chateaubriand.html HTTP/1.1" 200 47317 "-" "Mozilla/5.0 (compatible; bingbot/2.0; +http://www.bing.com/bingbot.htm)"
66.249.69.179 - - [13/Jul/2018:04:49:18 +0200] "GET /gotteslob/ HTTP/1.1" 304 - "-" "Mozilla/5.0 (Linux; Android 6.0.1; Nexus 5X Build/MMB29P) AppleWebKit/537.36 (KHTML, like Gecko) Chrome/41.0.2272.96 Mobile Safari/537.36 (compatible; Googlebot/2.1; +http://www.google.com/bot.html)"
193.1.218.163 - - [13/Jul/2018:05:03:04 +0200] "HEAD / HTTP/1.1" 200 - "-" "Java/1.6.0_23"
66.249.69.181 - - [13/Jul/2018:05:09:18 +0200] "GET / HTTP/1.1" 200 9360 "-" "Mozilla/5.0 (Linux; Android 6.0.1; Nexus 5X Build/MMB29P) AppleWebKit/537.36 (KHTML, like Gecko) Chrome/41.0.2272.96 Mobile Safari/537.36 (compatible; Googlebot/2.1; +http://www.google.com/bot.html)"
207.46.13.55 - - [13/Jul/2018:05:45:01 +0200] "GET /cds/hymnos_akathistos.html HTTP/1.1" 200 11061 "-" "Mozilla/5.0 (compatible; bingbot/2.0; +http://www.bing.com/bingbot.htm)"
157.55.39.166 - - [13/Jul/2018:05:46:02 +0200] "GET /buecher/rezensionen_chateaubriand.html HTTP/1.1" 200 47317 "-" "Mozilla/5.0 (compatible; bingbot/2.0; +http://www.bing.com/bingbot.htm)"
40.77.167.54 - - [13/Jul/2018:05:48:28 +0200] "GET /kontakt/index.html HTTP/1.1" 200 2896 "-" "Mozilla/5.0 (compatible; bingbot/2.0; +http://www.bing.com/bingbot.htm)"
66.249.69.181 - - [13/Jul/2018:05:54:09 +0200] "GET /gotteslob/ HTTP/1.1" 304 - "-" "Mozilla/5.0 (Linux; Android 6.0.1; Nexus 5X Build/MMB29P) AppleWebKit/537.36 (KHTML, like Gecko) Chrome/41.0.2272.96 Mobile Safari/537.36 (compatible; Googlebot/2.1; +http://www.google.com/bot.html)"
62.138.0.25 - - [13/Jul/2018:06:02:26 +0200] "GET /buecher/diskussion.html HTTP/1.1" 200 9925 "-" "Mozilla/5.0 (compatible; adscanner/)"
77.75.76.161 - - [13/Jul/2018:06:19:27 +0200] "GET /robots.txt HTTP/1.1" 200 100 "-" "Mozilla/5.0 (compatible; SeznamBot/3.2; +http://napoveda.seznam.cz/en/seznambot-intro/)"
77.75.76.161 - - [13/Jul/2018:06:19:28 +0200] "GET /buecher/gesichter/19.jpg HTTP/1.1" 304 - "-" "Mozilla/5.0 (compatible; SeznamBot/3.2; +http://napoveda.seznam.cz/en/seznambot-intro/)"
85.25.210.234 - - [13/Jul/2018:06:21:27 +0200] "GET /buecher/gesichter/20.jpg HTTP/1.1" 200 8785 "-" "Mozilla/5.0 (compatible; adscanner/)"
54.198.77.35 - - [13/Jul/2018:06:22:14 +0200] "GET /robots.txt HTTP/1.1" 200 100 "-" "CCBot/2.0 (http://commoncrawl.org/faq/)"
54.198.77.35 - - [13/Jul/2018:06:22:14 +0200] "GET /jahrbuch/bestellung.php HTTP/1.1" 200 10316 "-" "CCBot/2.0 (http://commoncrawl.org/faq/)"
85.25.210.234 - - [13/Jul/2018:06:24:17 +0200] "GET /jahrbuch/titelseiten/1958.jpg HTTP/1.1" 200 11008 "-" "Mozilla/5.0 (compatible; adscanner/)"
85.25.210.234 - - [13/Jul/2018:06:37:12 +0200] "GET /jahrbuch/titelseiten/1955.jpg HTTP/1.1" 200 13277 "-" "Mozilla/5.0 (compatible; adscanner/)"
66.249.69.179 - - [13/Jul/2018:06:54:09 +0200] "GET / HTTP/1.1" 200 9360 "-" "Mozilla/5.0 (Linux; Android 6.0.1; Nexus 5X Build/MMB29P) AppleWebKit/537.36 (KHTML, like Gecko) Chrome/41.0.2272.96 Mobile Safari/537.36 (compatible; Googlebot/2.1; +http://www.google.com/bot.html)"
185.154.13.6 - - [13/Jul/2018:06:59:03 +0200] "HEAD / HTTP/1.1" 200 - "http://trueboard.ru/alladv/Transport/" "Mozilla/5.0 (compatible; MSIE5.00; Windows 2009)"
77.220.214.180 - - [13/Jul/2018:06:59:03 +0200] "HEAD / HTTP/1.1" 200 - "https://old-lekar.com/kleshhevoj-encefalit-simptomy-i-lechenie/" "Mozilla/4.0 (compatible; MSIE2.00; Windows 2002)"
178.159.39.237 - - [13/Jul/2018:06:59:03 +0200] "HEAD / HTTP/1.1" 200 - "http://smaylikivk.ru/nagrady-i-medali.html" "Mozilla/3.0 (compatible; MSIE7.00; Windows 2005)"
77.220.213.173 - - [13/Jul/2018:06:59:03 +0200] "HEAD / HTTP/1.1" 200 - "http://zaims18let.ru" "Mozilla/3.0 (compatible; MSIE2.00; Windows 2003)"
178.159.43.212 - - [13/Jul/2018:07:08:15 +0200] "HEAD / HTTP/1.1" 200 - "http://www.couponforyou.ru" "Mozilla/2.0 (compatible; MSIE6.00; Windows 2009)"
169.61.157.77 - - [13/Jul/2018:07:17:36 +0200] "GET /user/register/ HTTP/1.1" 404 2381 "-" "Mozilla/5.0 (Windows; U; Windows NT 5.1; de; rv:1.9) Gecko/2008052906 Firefox/3.0"
77.75.78.160 - - [13/Jul/2018:07:41:04 +0200] "GET /robots.txt HTTP/1.1" 200 100 "-" "Mozilla/5.0 (compatible; SeznamBot/3.2; +http://napoveda.seznam.cz/en/seznambot-intro/)"
77.75.78.160 - - [13/Jul/2018:07:41:05 +0200] "GET /buecher/gesichter/21.jpg HTTP/1.1" 304 - "-" "Mozilla/5.0 (compatible; SeznamBot/3.2; +http://napoveda.seznam.cz/en/seznambot-intro/)"
77.75.78.160 - - [13/Jul/2018:07:41:05 +0200] "GET /buecher/gesichter/03.jpg HTTP/1.1" 200 10026 "-" "Mozilla/5.0 (compatible; SeznamBot/3.2; +http://napoveda.seznam.cz/en/seznambot-intro/)"
77.75.78.160 - - [13/Jul/2018:07:41:06 +0200] "GET /cds/ignatius.html HTTP/1.1" 304 - "-" "Mozilla/5.0 (compatible; SeznamBot/3.2; +http://napoveda.seznam.cz/en/seznambot-intro/)"
87.230.17.72 - - [13/Jul/2018:07:58:52 +0200] "GET / HTTP/1.1" 200 9360 "-" "ImplisenseBot 1.0"
87.230.17.72 - - [13/Jul/2018:07:58:53 +0200] "GET /impressum.html HTTP/1.1" 200 2808 "-" "ImplisenseBot 1.0"
87.230.17.72 - - [13/Jul/2018:07:58:53 +0200] "GET / HTTP/1.1" 200 9360 "-" "ImplisenseBot 1.0"
87.230.17.72 - - [13/Jul/2018:07:58:53 +0200] "GET /robots.txt HTTP/1.1" 200 100 "-" "ImplisenseBot 1.0"
87.230.17.72 - - [13/Jul/2018:07:58:53 +0200] "GET /buecher/index.html HTTP/1.1" 200 25885 "-" "ImplisenseBot 1.0"
87.230.17.72 - - [13/Jul/2018:07:58:54 +0200] "GET /cds/index.html HTTP/1.1" 200 7987 "-" "ImplisenseBot 1.0"
87.230.17.72 - - [13/Jul/2018:07:58:55 +0200] "GET /gotteslob/index.html HTTP/1.1" 200 2770 "-" "ImplisenseBot 1.0"
87.230.17.72 - - [13/Jul/2018:07:58:56 +0200] "GET /jahrbuch/index.html HTTP/1.1" 200 3956 "-" "ImplisenseBot 1.0"
87.230.17.72 - - [13/Jul/2018:07:58:56 +0200] "GET /sonderthemen/index.html HTTP/1.1" 200 7102 "-" "ImplisenseBot 1.0"
87.230.17.72 - - [13/Jul/2018:07:58:57 +0200] "GET /kontakt/index.html HTTP/1.1" 200 2896 "-" "ImplisenseBot 1.0"
87.230.17.72 - - [13/Jul/2018:07:58:57 +0200] "GET /impressum.html HTTP/1.1" 200 2808 "-" "ImplisenseBot 1.0"
87.230.17.72 - - [13/Jul/2018:07:58:57 +0200] "GET /cds/rosarium.html HTTP/1.1" 200 6680 "-" "ImplisenseBot 1.0"
87.230.17.72 - - [13/Jul/2018:07:58:58 +0200] "GET /cds/ignatius.html HTTP/1.1" 200 6576 "-" "ImplisenseBot 1.0"
87.230.17.72 - - [13/Jul/2018:07:58:58 +0200] "GET /cds/hymnos_akathistos.html HTTP/1.1" 200 11061 "-" "ImplisenseBot 1.0"
87.230.17.72 - - [13/Jul/2018:07:58:58 +0200] "GET /buecher/index.html#engel HTTP/1.1" 200 25885 "-" "ImplisenseBot 1.0"
87.230.17.72 - - [13/Jul/2018:07:58:59 +0200] "GET /buecher/index.html#chateaubriand HTTP/1.1" 200 25885 "-" "ImplisenseBot 1.0"
87.230.17.72 - - [13/Jul/2018:07:59:00 +0200] "GET /buecher/rezensionen_chateaubriand.html#schenuit_interview HTTP/1.1" 200 47317 "-" "ImplisenseBot 1.0"
87.230.17.72 - - [13/Jul/2018:07:59:01 +0200] "GET /buecher/veroeffentlichungsliste.html HTTP/1.1" 200 129779 "-" "ImplisenseBot 1.0"
87.230.17.72 - - [13/Jul/2018:07:59:01 +0200] "GET /index.html HTTP/1.1" 200 9360 "-" "ImplisenseBot 1.0"
87.230.17.72 - - [13/Jul/2018:07:59:02 +0200] "GET /buecher/bestellung.php HTTP/1.1" 200 10142 "-" "ImplisenseBot 1.0"
87.230.17.72 - - [13/Jul/2018:07:59:03 +0200] "GET /buecher/rezensionen_psalmen.html HTTP/1.1" 200 6787 "-" "ImplisenseBot 1.0"
87.230.17.72 - - [13/Jul/2018:07:59:03 +0200] "GET /buecher/rezensionen_chateaubriand.html HTTP/1.1" 200 47317 "-" "ImplisenseBot 1.0"
87.230.17.72 - - [13/Jul/2018:07:59:04 +0200] "GET /buecher/rezensionen_engel.html HTTP/1.1" 200 6598 "-" "ImplisenseBot 1.0"
216.244.66.237 - - [13/Jul/2018:08:01:30 +0200] "GET /robots.txt HTTP/1.1" 200 100 "-" "Mozilla/5.0 (compatible; DotBot/1.1; http://www.opensiteexplorer.org/dotbot, help@moz.com)"
149.202.84.149 - - [13/Jul/2018:08:02:51 +0200] "GET / HTTP/1.1" 200 9360 "-" "Mozilla/5.0 (Windows; U; Windows NT 5.1; de; rv:1.9.2.3) Gecko/20100401 Firefox/3.6.3"
216.244.66.237 - - [13/Jul/2018:08:04:55 +0200] "GET /impressum.html HTTP/1.1" 200 2808 "-" "Mozilla/5.0 (compatible; DotBot/1.1; http://www.opensiteexplorer.org/dotbot, help@moz.com)"
194.67.210.77 - - [13/Jul/2018:08:20:43 +0200] "HEAD / HTTP/1.1" 200 - "http://cookingfun.ru/p897-rulety_iz_svininy_s_bekonom_na_uglyah.html" "Mozilla/7.0 (compatible; MSIE2.00; Windows 2003)"
62.138.0.25 - - [13/Jul/2018:08:41:28 +0200] "GET /buecher/rezensionen_engel.html HTTP/1.1" 200 6598 "-" "Mozilla/5.0 (compatible; adscanner/)"
85.25.210.234 - - [13/Jul/2018:08:53:54 +0200] "GET /buecher/rezensionen_preysing.html HTTP/1.1" 200 9502 "-" "Mozilla/5.0 (compatible; adscanner/)"
115.28.28.62 - - [13/Jul/2018:08:57:14 +0200] "GET /wp-login.php HTTP/1.1" 404 2381 "-" "Apache-HttpClient/4.5.2 (Java/1.8.0_151)"
115.28.28.62 - - [13/Jul/2018:08:57:14 +0200] "GET /?author=1 HTTP/1.1" 200 9360 "-" "Apache-HttpClient/4.5.2 (Java/1.8.0_151)"
115.28.28.62 - - [13/Jul/2018:08:57:15 +0200] "GET /?author=2 HTTP/1.1" 200 9360 "-" "Apache-HttpClient/4.5.2 (Java/1.8.0_151)"
115.28.28.62 - - [13/Jul/2018:08:57:16 +0200] "GET /?author=3 HTTP/1.1" 200 9360 "-" "Apache-HttpClient/4.5.2 (Java/1.8.0_151)"
115.28.28.62 - - [13/Jul/2018:08:57:17 +0200] "GET /?author=4 HTTP/1.1" 200 9360 "-" "Apache-HttpClient/4.5.2 (Java/1.8.0_151)"
115.28.28.62 - - [13/Jul/2018:08:57:17 +0200] "GET /?author=5 HTTP/1.1" 200 9360 "-" "Apache-HttpClient/4.5.2 (Java/1.8.0_151)"
115.28.28.62 - - [13/Jul/2018:08:57:18 +0200] "GET /?author=6 HTTP/1.1" 200 9360 "-" "Apache-HttpClient/4.5.2 (Java/1.8.0_151)"
115.28.28.62 - - [13/Jul/2018:08:57:19 +0200] "GET /?author=7 HTTP/1.1" 200 9360 "-" "Apache-HttpClient/4.5.2 (Java/1.8.0_151)"
115.28.28.62 - - [13/Jul/2018:08:57:20 +0200] "GET /?author=8 HTTP/1.1" 200 9360 "-" "Apache-HttpClient/4.5.2 (Java/1.8.0_151)"
115.28.28.62 - - [13/Jul/2018:08:57:20 +0200] "GET /?author=9 HTTP/1.1" 200 9360 "-" "Apache-HttpClient/4.5.2 (Java/1.8.0_151)"
115.28.28.62 - - [13/Jul/2018:08:57:21 +0200] "GET /?author=10 HTTP/1.1" 200 9360 "-" "Apache-HttpClient/4.5.2 (Java/1.8.0_151)"
115.28.28.62 - - [13/Jul/2018:08:57:22 +0200] "GET /?author=11 HTTP/1.1" 200 9360 "-" "Apache-HttpClient/4.5.2 (Java/1.8.0_151)"
115.28.28.62 - - [13/Jul/2018:08:57:22 +0200] "GET /?author=12 HTTP/1.1" 200 9360 "-" "Apache-HttpClient/4.5.2 (Java/1.8.0_151)"
115.28.28.62 - - [13/Jul/2018:08:57:23 +0200] "GET /?author=13 HTTP/1.1" 200 9360 "-" "Apache-HttpClient/4.5.2 (Java/1.8.0_151)"
115.28.28.62 - - [13/Jul/2018:08:57:24 +0200] "GET /?author=14 HTTP/1.1" 200 9360 "-" "Apache-HttpClient/4.5.2 (Java/1.8.0_151)"
115.28.28.62 - - [13/Jul/2018:08:57:25 +0200] "GET /?author=15 HTTP/1.1" 200 9360 "-" "Apache-HttpClient/4.5.2 (Java/1.8.0_151)"
185.209.20.147 - - [13/Jul/2018:09:00:08 +0200] "HEAD / HTTP/1.1" 200 - "https://hottour.ru" "Mozilla/6.0 (compatible; MSIE5.00; Windows 2008)"
62.138.0.25 - - [13/Jul/2018:09:09:11 +0200] "GET /buecher/rezension_gesichter_u_geschichten.pdf HTTP/1.1" 200 223287 "-" "Mozilla/5.0 (compatible; adscanner/)"
17.58.96.189 - - [13/Jul/2018:09:09:57 +0200] "GET /robots.txt HTTP/1.1" 200 100 "-" "Mozilla/5.0 (Macintosh; Intel Mac OS X 10_10_1) AppleWebKit/600.2.5 (KHTML, like Gecko) Version/8.0.2 Safari/600.2.5 (Applebot/0.1; +http://www.apple.com/go/applebot)"
17.58.96.189 - - [13/Jul/2018:09:09:57 +0200] "GET /buecher/index.html HTTP/1.1" 200 25885 "-" "Mozilla/5.0 (Macintosh; Intel Mac OS X 10_10_1) AppleWebKit/600.2.5 (KHTML, like Gecko) Version/8.0.2 Safari/600.2.5 (Applebot/0.1; +http://www.apple.com/go/applebot)"
62.138.0.25 - - [13/Jul/2018:09:19:41 +0200] "GET /buecher/rezensionen_nicht_auf_sand_gebaut.html HTTP/1.1" 200 6594 "-" "Mozilla/5.0 (compatible; adscanner/)"
194.87.236.223 - - [13/Jul/2018:09:22:14 +0200] "HEAD / HTTP/1.1" 200 - "https://www.probenzo.com.ua/mototehnika/skutery/volcan-%D0%BE%D1%82%D0%B7%D1%8B%D0%B2%D1%8B-%D0%BA%D1%83%D0%BF%D0%B8%D1%82%D1%8C" "Mozilla/4.0 (compatible; MSIE3.00; Windows 2009)"
37.229.254.170 - - [13/Jul/2018:09:26:06 +0200] "GET / HTTP/1.1" 200 9360 "https://moinozhki.com/" "Mozilla/4.0 (compatible; MSIE 6.0; Windows NT 5.1; ru) Opera 8.01"
37.229.254.170 - - [13/Jul/2018:09:26:07 +0200] "GET / HTTP/1.1" 200 9360 "https://moinozhki.com/" "Mozilla/4.0 (compatible; MSIE 6.0; Windows NT 5.1; ru) Opera 8.01"
37.229.254.170 - - [13/Jul/2018:09:26:08 +0200] "GET / HTTP/1.1" 200 9360 "https://moinozhki.com/" "Mozilla/4.0 (compatible; MSIE 6.0; Windows NT 5.1; ru) Opera 8.01"
180.76.15.135 - - [13/Jul/2018:09:38:17 +0200] "GET /sonderthemen/az2003.pdf HTTP/1.1" 200 4864675 "-" "Mozilla/5.0 (compatible; Baiduspider/2.0; +http://www.baidu.com/search/spider.html)"
85.25.210.234 - - [13/Jul/2018:10:00:04 +0200] "GET /robots.txt HTTP/1.1" 200 100 "-" "Mozilla/5.0 (compatible; adscanner/)"
85.25.210.234 - - [13/Jul/2018:10:00:05 +0200] "GET /jahrbuch/titelseiten/1966.jpg HTTP/1.1" 200 12635 "-" "Mozilla/5.0 (compatible; adscanner/)"
141.8.141.131 - - [13/Jul/2018:10:01:29 +0200] "GET /robots.txt HTTP/1.1" 200 100 "-" "Mozilla/5.0 (compatible; YandexBot/3.0; +http://yandex.com/bots)"
141.8.141.131 - - [13/Jul/2018:10:01:33 +0200] "GET /sonderthemen/presse.html HTTP/1.1" 200 5772 "-" "Mozilla/5.0 (compatible; YandexBot/3.0; +http://yandex.com/bots)"
85.25.210.234 - - [13/Jul/2018:10:08:10 +0200] "GET /buecher/gesichter.jpg HTTP/1.1" 200 7271 "-" "Mozilla/5.0 (compatible; adscanner/)"
80.147.8.196 - - [13/Jul/2018:10:10:15 +0200] "GET /buecher/gesichter/05.jpg HTTP/1.1" 200 8981 "https://www.bing.com/" "Mozilla/5.0 (Windows NT 6.1; Trident/7.0; rv:11.0) like Gecko"
62.138.0.25 - - [13/Jul/2018:10:12:00 +0200] "GET /buecher/gesichter/06.jpg HTTP/1.1" 200 8732 "-" "Mozilla/5.0 (compatible; adscanner/)"
66.249.69.181 - - [13/Jul/2018:10:13:11 +0200] "GET /cds/glockenspiel1.html HTTP/1.1" 304 - "-" "Mozilla/5.0 (Linux; Android 6.0.1; Nexus 5X Build/MMB29P) AppleWebKit/537.36 (KHTML, like Gecko) Chrome/41.0.2272.96 Mobile Safari/537.36 (compatible; Googlebot/2.1; +http://www.google.com/bot.html)"
62.138.0.25 - - [13/Jul/2018:10:22:59 +0200] "GET /buecher/bestellung.php HTTP/1.1" 200 10142 "-" "Mozilla/5.0 (compatible; adscanner/)"
80.147.8.196 - - [13/Jul/2018:10:23:33 +0200] "GET /buecher/gesichter/26.jpg HTTP/1.1" 200 8027 "https://www.bing.com/" "Mozilla/5.0 (Windows NT 6.1; Trident/7.0; rv:11.0) like Gecko"
80.147.8.196 - - [13/Jul/2018:10:23:36 +0200] "GET /favicon.ico HTTP/1.1" 200 4286 "-" "Mozilla/5.0 (Windows NT 6.1; Trident/7.0; rv:11.0) like Gecko"
185.5.249.185 - - [13/Jul/2018:10:24:25 +0200] "HEAD / HTTP/1.1" 200 - "http://www.mos-teplohod.ru" "Mozilla/3.0 (compatible; MSIE5.00; Windows 2009)"
66.249.81.116 - - [13/Jul/2018:10:25:43 +0200] "GET /cds/hymnos_akathistos.html HTTP/1.1" 200 11061 "http://k0066.kathhost.net/liturgie_roemischer_ritus.html" "Mozilla/5.0 (Linux; Android 7.0; SM-T580 Build/NRD90M) AppleWebKit/537.36 (KHTML, like Gecko) Chrome/67.0.3396.87 Safari/537.36"
66.249.81.116 - - [13/Jul/2018:10:25:43 +0200] "GET /main.css HTTP/1.1" 200 1439 "http://www.morusverlag.de/cds/hymnos_akathistos.html" "Mozilla/5.0 (Linux; Android 7.0; SM-T580 Build/NRD90M) AppleWebKit/537.36 (KHTML, like Gecko) Chrome/67.0.3396.87 Safari/537.36"
66.249.81.116 - - [13/Jul/2018:10:25:43 +0200] "GET /logo_g.gif HTTP/1.1" 200 1301 "http://www.morusverlag.de/cds/hymnos_akathistos.html" "Mozilla/5.0 (Linux; Android 7.0; SM-T580 Build/NRD90M) AppleWebKit/537.36 (KHTML, like Gecko) Chrome/67.0.3396.87 Safari/537.36"
66.249.81.112 - - [13/Jul/2018:10:25:43 +0200] "GET /mv_g.gif HTTP/1.1" 200 4070 "http://www.morusverlag.de/cds/hymnos_akathistos.html" "Mozilla/5.0 (Linux; Android 7.0; SM-T580 Build/NRD90M) AppleWebKit/537.36 (KHTML, like Gecko) Chrome/67.0.3396.87 Safari/537.36"
66.249.81.114 - - [13/Jul/2018:10:25:43 +0200] "GET /pf.gif HTTP/1.1" 200 62 "http://www.morusverlag.de/cds/hymnos_akathistos.html" "Mozilla/5.0 (Linux; Android 7.0; SM-T580 Build/NRD90M) AppleWebKit/537.36 (KHTML, like Gecko) Chrome/67.0.3396.87 Safari/537.36"
66.249.81.116 - - [13/Jul/2018:10:25:43 +0200] "GET /cds/hymnos.jpg HTTP/1.1" 200 27752 "http://www.morusverlag.de/cds/hymnos_akathistos.html" "Mozilla/5.0 (Linux; Android 7.0; SM-T580 Build/NRD90M) AppleWebKit/537.36 (KHTML, like Gecko) Chrome/67.0.3396.87 Safari/537.36"
66.249.81.116 - - [13/Jul/2018:10:25:43 +0200] "GET /cds/hymnos_heft.jpg HTTP/1.1" 200 8653 "http://www.morusverlag.de/cds/hymnos_akathistos.html" "Mozilla/5.0 (Linux; Android 7.0; SM-T580 Build/NRD90M) AppleWebKit/537.36 (KHTML, like Gecko) Chrome/67.0.3396.87 Safari/537.36"
66.249.81.114 - - [13/Jul/2018:10:25:43 +0200] "GET /m.gif HTTP/1.1" 200 95 "http://www.morusverlag.de/cds/hymnos_akathistos.html" "Mozilla/5.0 (Linux; Android 7.0; SM-T580 Build/NRD90M) AppleWebKit/537.36 (KHTML, like Gecko) Chrome/67.0.3396.87 Safari/537.36"
66.249.81.112 - - [13/Jul/2018:10:25:43 +0200] "GET /strich.gif HTTP/1.1" 200 45 "http://www.morusverlag.de/cds/hymnos_akathistos.html" "Mozilla/5.0 (Linux; Android 7.0; SM-T580 Build/NRD90M) AppleWebKit/537.36 (KHTML, like Gecko) Chrome/67.0.3396.87 Safari/537.36"
66.249.81.116 - - [13/Jul/2018:10:25:44 +0200] "GET /favicon.ico HTTP/1.1" 200 4286 "http://www.morusverlag.de/cds/hymnos_akathistos.html" "Mozilla/5.0 (Linux; Android 7.0; SM-T580 Build/NRD90M) AppleWebKit/537.36 (KHTML, like Gecko) Chrome/67.0.3396.87 Safari/537.36"
85.25.210.234 - - [13/Jul/2018:10:30:40 +0200] "GET /buecher/rezensionen_le_saulchoir.html HTTP/1.1" 200 34009 "-" "Mozilla/5.0 (compatible; adscanner/)"
62.138.0.25 - - [13/Jul/2018:10:43:26 +0200] "GET /sonderthemen/oekz2003_s01.pdf HTTP/1.1" 200 66807 "-" "Mozilla/5.0 (compatible; adscanner/)"
66.249.69.181 - - [13/Jul/2018:10:54:10 +0200] "GET /gotteslob/ HTTP/1.1" 304 - "-" "Mozilla/5.0 (Linux; Android 6.0.1; Nexus 5X Build/MMB29P) AppleWebKit/537.36 (KHTML, like Gecko) Chrome/41.0.2272.96 Mobile Safari/537.36 (compatible; Googlebot/2.1; +http://www.google.com/bot.html)"
77.75.77.36 - - [13/Jul/2018:11:08:56 +0200] "GET /robots.txt HTTP/1.1" 200 100 "-" "Mozilla/5.0 (compatible; SeznamBot/3.2; +http://napoveda.seznam.cz/en/seznambot-intro/)"
77.75.77.36 - - [13/Jul/2018:11:08:56 +0200] "GET /impressum.html HTTP/1.1" 304 - "-" "Mozilla/5.0 (compatible; SeznamBot/3.2; +http://napoveda.seznam.cz/en/seznambot-intro/)"
66.249.69.181 - - [13/Jul/2018:11:34:10 +0200] "GET / HTTP/1.1" 200 9360 "-" "Mozilla/5.0 (Linux; Android 6.0.1; Nexus 5X Build/MMB29P) AppleWebKit/537.36 (KHTML, like Gecko) Chrome/41.0.2272.96 Mobile Safari/537.36 (compatible; Googlebot/2.1; +http://www.google.com/bot.html)"
46.229.168.81 - - [13/Jul/2018:11:55:16 +0200] "GET /robots.txt HTTP/1.1" 200 100 "-" "Mozilla/5.0 (compatible; SemrushBot/2~bl; +http://www.semrush.com/bot.html)"
46.229.168.72 - - [13/Jul/2018:11:55:19 +0200] "GET /sonderthemen/index.html HTTP/1.1" 200 7102 "-" "Mozilla/5.0 (compatible; SemrushBot/2~bl; +http://www.semrush.com/bot.html)"
61.6.250.85 - - [13/Jul/2018:11:58:38 +0200] "GET /wp-login.php HTTP/1.1" 404 2381 "-" "Mozilla/5.0 (Windows NT 6.1; WOW64; rv:40.0) Gecko/20100101 Firefox/40.1"
61.6.250.85 - - [13/Jul/2018:11:58:38 +0200] "GET / HTTP/1.1" 200 9360 "-" "Mozilla/5.0 (Windows NT 6.1; WOW64; rv:40.0) Gecko/20100101 Firefox/40.1"
77.75.78.166 - - [13/Jul/2018:11:59:15 +0200] "GET /robots.txt HTTP/1.1" 200 100 "-" "Mozilla/5.0 (compatible; SeznamBot/3.2; +http://napoveda.seznam.cz/en/seznambot-intro/)"
77.75.78.166 - - [13/Jul/2018:11:59:15 +0200] "GET /jahrbuch/jahrbuch.jpg HTTP/1.1" 304 - "-" "Mozilla/5.0 (compatible; SeznamBot/3.2; +http://napoveda.seznam.cz/en/seznambot-intro/)"
52.53.201.78 - - [13/Jul/2018:12:30:33 +0200] "GET / HTTP/1.1" 200 9360 "-" "Mozilla/5.0 (Macintosh; Intel Mac OS X 10_12_6) AppleWebKit/537.36 (KHTML, like Gecko) Chrome/61.0.3163.100 Safari/537.36"
54.36.150.106 - - [13/Jul/2018:12:39:51 +0200] "GET /robots.txt HTTP/1.1" 200 100 "-" "Mozilla/5.0 (compatible; AhrefsBot/5.2; +http://ahrefs.com/robot/)"
66.249.69.179 - - [13/Jul/2018:12:54:11 +0200] "GET /cds/glockenspiel1.html HTTP/1.1" 304 - "-" "Mozilla/5.0 (Linux; Android 6.0.1; Nexus 5X Build/MMB29P) AppleWebKit/537.36 (KHTML, like Gecko) Chrome/41.0.2272.96 Mobile Safari/537.36 (compatible; Googlebot/2.1; +http://www.google.com/bot.html)"
66.249.69.179 - - [13/Jul/2018:13:34:11 +0200] "GET / HTTP/1.1" 200 9360 "-" "Mozilla/5.0 (Linux; Android 6.0.1; Nexus 5X Build/MMB29P) AppleWebKit/537.36 (KHTML, like Gecko) Chrome/41.0.2272.96 Mobile Safari/537.36 (compatible; Googlebot/2.1; +http://www.google.com/bot.html)"
46.229.168.72 - - [13/Jul/2018:13:46:13 +0200] "GET /robots.txt HTTP/1.1" 200 100 "-" "Mozilla/5.0 (compatible; SemrushBot/2~bl; +http://www.semrush.com/bot.html)"
46.229.168.68 - - [13/Jul/2018:13:46:16 +0200] "GET /cds/ignatius.html HTTP/1.1" 200 6576 "-" "Mozilla/5.0 (compatible; SemrushBot/2~bl; +http://www.semrush.com/bot.html)"
82.208.160.181 - - [13/Jul/2018:13:55:45 +0200] "GET / HTTP/1.1" 200 9360 "-" "Mozilla/5.0 (compatible& Googlebot/2.1& +http://www.google.com/bot.html)"
82.208.160.181 - - [13/Jul/2018:13:55:45 +0200] "GET / HTTP/1.1" 200 9360 "-" "Mozilla/5.0 (Linux; U; Android 4.0.3; ko-kr; LG-L160L Build/IML74K) AppleWebkit/534.30 (KHTML, like Gecko) Version/4.0 Mobile Safari/534.30"
66.249.69.177 - - [13/Jul/2018:14:14:11 +0200] "GET /cds/glockenspiel1.html HTTP/1.1" 304 - "-" "Mozilla/5.0 (Linux; Android 6.0.1; Nexus 5X Build/MMB29P) AppleWebKit/537.36 (KHTML, like Gecko) Chrome/41.0.2272.96 Mobile Safari/537.36 (compatible; Googlebot/2.1; +http://www.google.com/bot.html)"
121.135.150.166 - - [13/Jul/2018:14:55:17 +0200] "GET / HTTP/1.1" 200 9360 "-" "Python-urllib/2.7"
54.36.148.152 - - [13/Jul/2018:15:09:23 +0200] "GET /sonderthemen/index.html HTTP/1.1" 200 7102 "-" "Mozilla/5.0 (compatible; AhrefsBot/5.2; +http://ahrefs.com/robot/)"
136.243.17.161 - - [13/Jul/2018:15:26:36 +0200] "GET /buecher/der_neunte_tag.html HTTP/1.1" 200 5820 "-" "Mozilla/5.0 (X11; Linux x86_64; rv:58.0) Gecko/20100101 Firefox/58.0"
78.46.156.169 - - [13/Jul/2018:15:26:50 +0200] "GET /buecher/der_neunte_tag.html HTTP/1.1" 200 5820 "-" "Mozilla/5.0 (Macintosh; Intel Mac OS X 10_6_8) AppleWebKit/534.58.2 (KHTML, like Gecko) Version/5.1.8 Safari/534.58.2"
66.249.69.181 - - [13/Jul/2018:15:34:12 +0200] "GET /robots.txt HTTP/1.1" 200 100 "-" "Mozilla/5.0 (compatible; Googlebot/2.1; +http://www.google.com/bot.html)"
66.249.69.179 - - [13/Jul/2018:15:34:12 +0200] "GET / HTTP/1.1" 200 9360 "-" "Mozilla/5.0 (Linux; Android 6.0.1; Nexus 5X Build/MMB29P) AppleWebKit/537.36 (KHTML, like Gecko) Chrome/41.0.2272.96 Mobile Safari/537.36 (compatible; Googlebot/2.1; +http://www.google.com/bot.html)"
136.243.89.157 - - [13/Jul/2018:15:49:58 +0200] "GET /robots.txt HTTP/1.1" 200 100 "-" "Mozilla/5.0 (compatible; SEOkicks; +https://www.seokicks.de/robot.html)"
136.243.89.157 - - [13/Jul/2018:15:49:59 +0200] "GET / HTTP/1.1" 200 9360 "-" "Mozilla/5.0 (compatible; SEOkicks; +https://www.seokicks.de/robot.html)"
136.243.89.157 - - [13/Jul/2018:15:50:05 +0200] "GET /buecher/index.html HTTP/1.1" 200 25885 "http://www.morusverlag.de/" "Mozilla/5.0 (compatible; SEOkicks; +https://www.seokicks.de/robot.html)"
136.243.89.157 - - [13/Jul/2018:15:50:07 +0200] "GET /cds/index.html HTTP/1.1" 200 7987 "http://www.morusverlag.de/" "Mozilla/5.0 (compatible; SEOkicks; +https://www.seokicks.de/robot.html)"
136.243.89.157 - - [13/Jul/2018:15:50:09 +0200] "GET /gotteslob/index.html HTTP/1.1" 200 2770 "http://www.morusverlag.de/" "Mozilla/5.0 (compatible; SEOkicks; +https://www.seokicks.de/robot.html)"
136.243.89.157 - - [13/Jul/2018:15:50:12 +0200] "GET /jahrbuch/index.html HTTP/1.1" 200 3956 "http://www.morusverlag.de/" "Mozilla/5.0 (compatible; SEOkicks; +https://www.seokicks.de/robot.html)"
136.243.89.157 - - [13/Jul/2018:15:50:14 +0200] "GET /sonderthemen/index.html HTTP/1.1" 200 7102 "http://www.morusverlag.de/" "Mozilla/5.0 (compatible; SEOkicks; +https://www.seokicks.de/robot.html)"
136.243.89.157 - - [13/Jul/2018:15:50:16 +0200] "GET /kontakt/index.html HTTP/1.1" 200 2896 "http://www.morusverlag.de/" "Mozilla/5.0 (compatible; SEOkicks; +https://www.seokicks.de/robot.html)"
136.243.89.157 - - [13/Jul/2018:15:50:17 +0200] "GET /impressum.html HTTP/1.1" 200 2808 "http://www.morusverlag.de/" "Mozilla/5.0 (compatible; SEOkicks; +https://www.seokicks.de/robot.html)"
94.217.31.149 - - [13/Jul/2018:16:06:39 +0200] "GET /cds/hymnos_akathistos.html HTTP/1.1" 200 11061 "https://www.google.de/" "Mozilla/5.0 (Windows NT 10.0; Win64; x64) AppleWebKit/537.36 (KHTML, like Gecko) Chrome/67.0.3396.99 Safari/537.36"
94.217.31.149 - - [13/Jul/2018:16:06:40 +0200] "GET /main.css HTTP/1.1" 200 1439 "http://www.morusverlag.de/cds/hymnos_akathistos.html" "Mozilla/5.0 (Windows NT 10.0; Win64; x64) AppleWebKit/537.36 (KHTML, like Gecko) Chrome/67.0.3396.99 Safari/537.36"
94.217.31.149 - - [13/Jul/2018:16:06:40 +0200] "GET /logo_g.gif HTTP/1.1" 200 1301 "http://www.morusverlag.de/cds/hymnos_akathistos.html" "Mozilla/5.0 (Windows NT 10.0; Win64; x64) AppleWebKit/537.36 (KHTML, like Gecko) Chrome/67.0.3396.99 Safari/537.36"
94.217.31.149 - - [13/Jul/2018:16:06:40 +0200] "GET /mv_g.gif HTTP/1.1" 200 4070 "http://www.morusverlag.de/cds/hymnos_akathistos.html" "Mozilla/5.0 (Windows NT 10.0; Win64; x64) AppleWebKit/537.36 (KHTML, like Gecko) Chrome/67.0.3396.99 Safari/537.36"
94.217.31.149 - - [13/Jul/2018:16:06:40 +0200] "GET /m.gif HTTP/1.1" 200 95 "http://www.morusverlag.de/cds/hymnos_akathistos.html" "Mozilla/5.0 (Windows NT 10.0; Win64; x64) AppleWebKit/537.36 (KHTML, like Gecko) Chrome/67.0.3396.99 Safari/537.36"
94.217.31.149 - - [13/Jul/2018:16:06:40 +0200] "GET /pf.gif HTTP/1.1" 200 62 "http://www.morusverlag.de/cds/hymnos_akathistos.html" "Mozilla/5.0 (Windows NT 10.0; Win64; x64) AppleWebKit/537.36 (KHTML, like Gecko) Chrome/67.0.3396.99 Safari/537.36"
94.217.31.149 - - [13/Jul/2018:16:06:40 +0200] "GET /cds/hymnos_heft.jpg HTTP/1.1" 200 8653 "http://www.morusverlag.de/cds/hymnos_akathistos.html" "Mozilla/5.0 (Windows NT 10.0; Win64; x64) AppleWebKit/537.36 (KHTML, like Gecko) Chrome/67.0.3396.99 Safari/537.36"
94.217.31.149 - - [13/Jul/2018:16:06:40 +0200] "GET /strich.gif HTTP/1.1" 200 45 "http://www.morusverlag.de/cds/hymnos_akathistos.html" "Mozilla/5.0 (Windows NT 10.0; Win64; x64) AppleWebKit/537.36 (KHTML, like Gecko) Chrome/67.0.3396.99 Safari/537.36"
94.217.31.149 - - [13/Jul/2018:16:06:40 +0200] "GET /cds/hymnos.jpg HTTP/1.1" 200 27752 "http://www.morusverlag.de/cds/hymnos_akathistos.html" "Mozilla/5.0 (Windows NT 10.0; Win64; x64) AppleWebKit/537.36 (KHTML, like Gecko) Chrome/67.0.3396.99 Safari/537.36"
94.217.31.149 - - [13/Jul/2018:16:06:40 +0200] "GET /favicon.ico HTTP/1.1" 200 4286 "http://www.morusverlag.de/cds/hymnos_akathistos.html" "Mozilla/5.0 (Windows NT 10.0; Win64; x64) AppleWebKit/537.36 (KHTML, like Gecko) Chrome/67.0.3396.99 Safari/537.36"
94.217.31.149 - - [13/Jul/2018:16:06:40 +0200] "GET /cds/simplay_player.swf?audiofile=hymnos1.mp3 HTTP/1.1" 200 6377 "http://www.morusverlag.de/cds/hymnos_akathistos.html" "Mozilla/5.0 (Windows NT 10.0; Win64; x64) AppleWebKit/537.36 (KHTML, like Gecko) Chrome/67.0.3396.99 Safari/537.36"
94.217.31.149 - - [13/Jul/2018:16:06:40 +0200] "GET /cds/simplay_control.swf HTTP/1.1" 200 1243 "http://www.morusverlag.de/cds/hymnos_akathistos.html" "Mozilla/5.0 (Windows NT 10.0; Win64; x64) AppleWebKit/537.36 (KHTML, like Gecko) Chrome/67.0.3396.99 Safari/537.36"
94.217.31.149 - - [13/Jul/2018:16:06:40 +0200] "GET /cds/simplay_player.swf?audiofile=hymnos2.mp3 HTTP/1.1" 200 6377 "http://www.morusverlag.de/cds/hymnos_akathistos.html" "Mozilla/5.0 (Windows NT 10.0; Win64; x64) AppleWebKit/537.36 (KHTML, like Gecko) Chrome/67.0.3396.99 Safari/537.36"
94.217.31.149 - - [13/Jul/2018:16:06:40 +0200] "GET /cds/simplaydata/playerconfig.xml?nocache=1531490440524 HTTP/1.1" 200 149 "http://www.morusverlag.de/cds/hymnos_akathistos.html" "Mozilla/5.0 (Windows NT 10.0; Win64; x64) AppleWebKit/537.36 (KHTML, like Gecko) Chrome/67.0.3396.99 Safari/537.36"
94.217.31.149 - - [13/Jul/2018:16:06:40 +0200] "GET /cds/simplaydata/controlconfig.xml?nocache=1531490440488 HTTP/1.1" 200 121 "http://www.morusverlag.de/cds/hymnos_akathistos.html" "Mozilla/5.0 (Windows NT 10.0; Win64; x64) AppleWebKit/537.36 (KHTML, like Gecko) Chrome/67.0.3396.99 Safari/537.36"
94.217.31.149 - - [13/Jul/2018:16:06:40 +0200] "GET /cds/simplaydata/playerconfig.xml?nocache=1531490440527 HTTP/1.1" 200 149 "http://www.morusverlag.de/cds/hymnos_akathistos.html" "Mozilla/5.0 (Windows NT 10.0; Win64; x64) AppleWebKit/537.36 (KHTML, like Gecko) Chrome/67.0.3396.99 Safari/537.36"
94.217.31.149 - - [13/Jul/2018:16:06:40 +0200] "GET /cds/simplaydata/playerskins/default/skin.xml?nocache=1531490440569 HTTP/1.1" 200 649 "http://www.morusverlag.de/cds/hymnos_akathistos.html" "Mozilla/5.0 (Windows NT 10.0; Win64; x64) AppleWebKit/537.36 (KHTML, like Gecko) Chrome/67.0.3396.99 Safari/537.36"
94.217.31.149 - - [13/Jul/2018:16:06:40 +0200] "GET /cds/simplaydata/controlskins/default/skin.xml HTTP/1.1" 200 349 "http://www.morusverlag.de/cds/hymnos_akathistos.html" "Mozilla/5.0 (Windows NT 10.0; Win64; x64) AppleWebKit/537.36 (KHTML, like Gecko) Chrome/67.0.3396.99 Safari/537.36"
94.217.31.149 - - [13/Jul/2018:16:06:40 +0200] "GET /cds/simplaydata/playerskins/default/skin.xml?nocache=1531490440578 HTTP/1.1" 200 649 "http://www.morusverlag.de/cds/hymnos_akathistos.html" "Mozilla/5.0 (Windows NT 10.0; Win64; x64) AppleWebKit/537.36 (KHTML, like Gecko) Chrome/67.0.3396.99 Safari/537.36"
94.217.31.149 - - [13/Jul/2018:16:06:40 +0200] "GET /cds/simplaydata/playerskins/default/background.jpg HTTP/1.1" 200 340 "http://www.morusverlag.de/cds/hymnos_akathistos.html" "Mozilla/5.0 (Windows NT 10.0; Win64; x64) AppleWebKit/537.36 (KHTML, like Gecko) Chrome/67.0.3396.99 Safari/537.36"
94.217.31.149 - - [13/Jul/2018:16:06:40 +0200] "GET /cds/simplaydata/playerskins/default/play_up.jpg HTTP/1.1" 200 643 "http://www.morusverlag.de/cds/hymnos_akathistos.html" "Mozilla/5.0 (Windows NT 10.0; Win64; x64) AppleWebKit/537.36 (KHTML, like Gecko) Chrome/67.0.3396.99 Safari/537.36"
94.217.31.149 - - [13/Jul/2018:16:06:40 +0200] "GET /cds/simplaydata/playerskins/default/play_over.jpg HTTP/1.1" 200 986 "http://www.morusverlag.de/cds/hymnos_akathistos.html" "Mozilla/5.0 (Windows NT 10.0; Win64; x64) AppleWebKit/537.36 (KHTML, like Gecko) Chrome/67.0.3396.99 Safari/537.36"
94.217.31.149 - - [13/Jul/2018:16:06:40 +0200] "GET /cds/simplaydata/playerskins/default/play_down.jpg HTTP/1.1" 200 972 "http://www.morusverlag.de/cds/hymnos_akathistos.html" "Mozilla/5.0 (Windows NT 10.0; Win64; x64) AppleWebKit/537.36 (KHTML, like Gecko) Chrome/67.0.3396.99 Safari/537.36"
94.217.31.149 - - [13/Jul/2018:16:06:40 +0200] "GET /cds/simplaydata/playerskins/default/pause_up.jpg HTTP/1.1" 200 649 "http://www.morusverlag.de/cds/hymnos_akathistos.html" "Mozilla/5.0 (Windows NT 10.0; Win64; x64) AppleWebKit/537.36 (KHTML, like Gecko) Chrome/67.0.3396.99 Safari/537.36"
94.217.31.149 - - [13/Jul/2018:16:06:40 +0200] "GET /cds/simplaydata/playerskins/default/pause_over.jpg HTTP/1.1" 200 988 "http://www.morusverlag.de/cds/hymnos_akathistos.html" "Mozilla/5.0 (Windows NT 10.0; Win64; x64) AppleWebKit/537.36 (KHTML, like Gecko) Chrome/67.0.3396.99 Safari/537.36"
94.217.31.149 - - [13/Jul/2018:16:06:40 +0200] "GET /cds/simplaydata/playerskins/default/pause_down.jpg HTTP/1.1" 200 939 "http://www.morusverlag.de/cds/hymnos_akathistos.html" "Mozilla/5.0 (Windows NT 10.0; Win64; x64) AppleWebKit/537.36 (KHTML, like Gecko) Chrome/67.0.3396.99 Safari/537.36"
94.217.31.149 - - [13/Jul/2018:16:06:40 +0200] "GET /cds/simplaydata/controlskins/default/background.jpg HTTP/1.1" 200 772 "http://www.morusverlag.de/cds/hymnos_akathistos.html" "Mozilla/5.0 (Windows NT 10.0; Win64; x64) AppleWebKit/537.36 (KHTML, like Gecko) Chrome/67.0.3396.99 Safari/537.36"
94.217.31.149 - - [13/Jul/2018:16:06:40 +0200] "GET /cds/simplaydata/controlskins/default/handle.jpg HTTP/1.1" 200 387 "http://www.morusverlag.de/cds/hymnos_akathistos.html" "Mozilla/5.0 (Windows NT 10.0; Win64; x64) AppleWebKit/537.36 (KHTML, like Gecko) Chrome/67.0.3396.99 Safari/537.36"
94.217.31.149 - - [13/Jul/2018:16:06:40 +0200] "GET /cds/simplaydata/controlskins/default/on.jpg HTTP/1.1" 200 986 "http://www.morusverlag.de/cds/hymnos_akathistos.html" "Mozilla/5.0 (Windows NT 10.0; Win64; x64) AppleWebKit/537.36 (KHTML, like Gecko) Chrome/67.0.3396.99 Safari/537.36"
94.217.31.149 - - [13/Jul/2018:16:06:40 +0200] "GET /cds/simplaydata/controlskins/default/off.jpg HTTP/1.1" 200 608 "http://www.morusverlag.de/cds/hymnos_akathistos.html" "Mozilla/5.0 (Windows NT 10.0; Win64; x64) AppleWebKit/537.36 (KHTML, like Gecko) Chrome/67.0.3396.99 Safari/537.36"
94.217.31.149 - - [13/Jul/2018:16:06:42 +0200] "GET /cds/hymnos1.mp3 HTTP/1.1" 200 862694 "http://www.morusverlag.de/cds/hymnos_akathistos.html" "Mozilla/5.0 (Windows NT 10.0; Win64; x64) AppleWebKit/537.36 (KHTML, like Gecko) Chrome/67.0.3396.99 Safari/537.36"
94.217.31.149 - - [13/Jul/2018:16:06:56 +0200] "GET /cds/hymnos2.mp3 HTTP/1.1" 200 776595 "http://www.morusverlag.de/cds/hymnos_akathistos.html" "Mozilla/5.0 (Windows NT 10.0; Win64; x64) AppleWebKit/537.36 (KHTML, like Gecko) Chrome/67.0.3396.99 Safari/537.36"
42.236.10.98 - - [13/Jul/2018:16:54:32 +0200] "GET /robots.txt HTTP/1.1" 200 100 "http://www.morusverlag.de/robots.txt" "Mozilla/5.0 (Windows NT 6.1; WOW64) AppleWebKit/537.36 (KHTML, like Gecko) Chrome/50.0.2661.102 Safari/537.36; 360Spider"
141.8.141.131 - - [13/Jul/2018:17:05:09 +0200] "GET /robots.txt HTTP/1.1" 200 100 "-" "Mozilla/5.0 (compatible; YandexBot/3.0; +http://yandex.com/bots)"
141.8.141.131 - - [13/Jul/2018:17:05:12 +0200] "GET /buecher/diskussion.html HTTP/1.1" 200 9925 "-" "Mozilla/5.0 (compatible; YandexBot/3.0; +http://yandex.com/bots)"
46.229.168.72 - - [13/Jul/2018:17:37:04 +0200] "GET /robots.txt HTTP/1.1" 200 100 "-" "Mozilla/5.0 (compatible; SemrushBot/2~bl; +http://www.semrush.com/bot.html)"
46.229.168.67 - - [13/Jul/2018:17:37:06 +0200] "GET /cds/index.html HTTP/1.1" 200 7987 "-" "Mozilla/5.0 (compatible; SemrushBot/2~bl; +http://www.semrush.com/bot.html)"
5.9.145.132 - - [13/Jul/2018:17:37:20 +0200] "GET /sonderthemen/oekt_extra1.pdf HTTP/1.1" 200 1849015 "-" "Mozilla/5.0 (compatible; MSIE 10.0; Windows NT 6.1; Trident/5.0)"
103.82.185.35 - - [13/Jul/2018:18:21:53 +0200] "GET /wp-login.php HTTP/1.1" 404 2381 "-" "Mozilla/5.0 (Windows NT 6.1; WOW64; rv:40.0) Gecko/20100101 Firefox/40.1"
103.82.185.35 - - [13/Jul/2018:18:21:54 +0200] "GET / HTTP/1.1" 200 9360 "-" "Mozilla/5.0 (Windows NT 6.1; WOW64; rv:40.0) Gecko/20100101 Firefox/40.1"
46.229.168.71 - - [13/Jul/2018:18:39:19 +0200] "GET /robots.txt HTTP/1.1" 200 100 "-" "Mozilla/5.0 (compatible; SemrushBot/2~bl; +http://www.semrush.com/bot.html)"
46.229.168.77 - - [13/Jul/2018:18:39:20 +0200] "GET /impressum.html HTTP/1.1" 200 2808 "-" "Mozilla/5.0 (compatible; SemrushBot/2~bl; +http://www.semrush.com/bot.html)"
88.198.36.62 - - [13/Jul/2018:19:24:24 +0200] "GET / HTTP/1.1" 200 9360 "-" "Mozilla/5.0 (Macintosh; Intel Mac OS X 10_11_6) AppleWebKit/604.5.6 (KHTML, like Gecko) Version/11.0.3 Safari/604.5.6"
88.198.36.62 - - [13/Jul/2018:19:24:28 +0200] "GET /cds/index.html HTTP/1.1" 200 7987 "-" "Mozilla/5.0 (Windows NT 10.0; Win64; x64) AppleWebKit/537.36 (KHTML, like Gecko) Chrome/64.0.3282.167 Safari/537.36"
