123.125.71.19 - - [01/Jan/2011:04:45:11 +0100] "GET / HTTP/1.1" 200 326 "-" "Baiduspider+(+http://www.baidu.com/search/spider.htm)"
220.181.108.82 - - [01/Jan/2011:04:45:44 +0100] "GET / HTTP/1.1" 200 326 "-" "Baiduspider+(+http://www.baidu.com/search/spider.htm)"
123.125.71.36 - - [01/Jan/2011:14:26:24 +0100] "GET / HTTP/1.1" 200 326 "-" "Baiduspider+(+http://www.baidu.com/search/spider.htm)"
220.181.108.75 - - [01/Jan/2011:14:26:44 +0100] "GET / HTTP/1.1" 200 326 "-" "Baiduspider+(+http://www.baidu.com/search/spider.htm)"
123.125.71.108 - - [01/Jan/2011:16:53:23 +0100] "GET / HTTP/1.1" 304 - "-" "Baiduspider+(+http://www.baidu.com/search/spider.htm)"
220.181.7.35 - - [01/Jan/2011:22:35:27 +0100] "GET /robots.txt HTTP/1.1" 404 1256 "-" "Baiduspider+(+http://www.baidu.com/search/spider.htm)"
123.125.71.20 - - [02/Jan/2011:04:26:25 +0100] "GET / HTTP/1.1" 200 326 "-" "Baiduspider+(+http://www.baidu.com/search/spider.htm)"
220.181.108.95 - - [02/Jan/2011:04:26:52 +0100] "GET / HTTP/1.1" 200 326 "-" "Baiduspider+(+http://www.baidu.com/search/spider.htm)"
123.125.71.23 - - [02/Jan/2011:08:26:30 +0100] "GET / HTTP/1.1" 200 326 "-" "Baiduspider+(+http://www.baidu.com/search/spider.htm)"
220.181.108.81 - - [02/Jan/2011:08:26:51 +0100] "GET / HTTP/1.1" 200 326 "-" "Baiduspider+(+http://www.baidu.com/search/spider.htm)"
123.125.71.13 - - [02/Jan/2011:09:26:28 +0100] "GET / HTTP/1.1" 200 326 "-" "Baiduspider+(+http://www.baidu.com/search/spider.htm)"
220.181.108.75 - - [02/Jan/2011:09:26:49 +0100] "GET / HTTP/1.1" 200 326 "-" "Baiduspider+(+http://www.baidu.com/search/spider.htm)"
123.125.71.23 - - [02/Jan/2011:13:27:03 +0100] "GET / HTTP/1.1" 200 326 "-" "Baiduspider+(+http://www.baidu.com/search/spider.htm)"
220.181.108.82 - - [02/Jan/2011:13:27:27 +0100] "GET / HTTP/1.1" 200 326 "-" "Baiduspider+(+http://www.baidu.com/search/spider.htm)"
123.125.71.107 - - [02/Jan/2011:16:59:30 +0100] "GET / HTTP/1.1" 304 - "-" "Baiduspider+(+http://www.baidu.com/search/spider.htm)"
123.125.71.36 - - [02/Jan/2011:18:27:20 +0100] "GET / HTTP/1.1" 200 326 "-" "Baiduspider+(+http://www.baidu.com/search/spider.htm)"
220.181.108.83 - - [02/Jan/2011:18:27:41 +0100] "GET / HTTP/1.1" 200 326 "-" "Baiduspider+(+http://www.baidu.com/search/spider.htm)"
95.108.158.134 - - [02/Jan/2011:22:33:44 +0100] "GET /robots.txt HTTP/1.1" 404 1256 "-" "Mozilla/5.0 (compatible; YandexBot/3.0; +http://yandex.com/bots)"
123.125.71.13 - - [02/Jan/2011:23:25:17 +0100] "GET / HTTP/1.1" 200 326 "-" "Baiduspider+(+http://www.baidu.com/search/spider.htm)"
220.181.108.97 - - [02/Jan/2011:23:25:36 +0100] "GET / HTTP/1.1" 200 326 "-" "Baiduspider+(+http://www.baidu.com/search/spider.htm)"
123.125.71.34 - - [03/Jan/2011:03:43:04 +0100] "GET / HTTP/1.1" 200 326 "-" "Baiduspider+(+http://www.baidu.com/search/spider.htm)"
220.181.108.83 - - [03/Jan/2011:03:43:35 +0100] "GET / HTTP/1.1" 200 326 "-" "Baiduspider+(+http://www.baidu.com/search/spider.htm)"
95.108.158.134 - - [03/Jan/2011:05:24:14 +0100] "GET / HTTP/1.1" 200 326 "-" "Mozilla/5.0 (compatible; YandexBot/3.0; +http://yandex.com/bots)"
123.125.71.23 - - [03/Jan/2011:08:42:11 +0100] "GET / HTTP/1.1" 200 326 "-" "Baiduspider+(+http://www.baidu.com/search/spider.htm)"
220.181.108.86 - - [03/Jan/2011:08:42:41 +0100] "GET / HTTP/1.1" 200 326 "-" "Baiduspider+(+http://www.baidu.com/search/spider.htm)"
123.125.71.17 - - [03/Jan/2011:09:42:37 +0100] "GET / HTTP/1.1" 200 326 "-" "Baiduspider+(+http://www.baidu.com/search/spider.htm)"
220.181.108.95 - - [03/Jan/2011:09:43:02 +0100] "GET / HTTP/1.1" 200 326 "-" "Baiduspider+(+http://www.baidu.com/search/spider.htm)"
220.181.108.100 - - [03/Jan/2011:09:45:47 +0100] "GET /robots.txt HTTP/1.1" 404 1256 "-" "Baiduspider+(+http://www.baidu.com/search/spider.htm)"
123.125.71.111 - - [03/Jan/2011:19:02:22 +0100] "GET / HTTP/1.1" 304 - "-" "Baiduspider+(+http://www.baidu.com/search/spider.htm)"
67.195.113.247 - - [04/Jan/2011:02:27:55 +0100] "GET /robots.txt HTTP/1.0" 404 1256 "-" "Mozilla/5.0 (compatible; Yahoo! Slurp; http://help.yahoo.com/help/us/ysearch/slurp)"
67.195.113.247 - - [04/Jan/2011:02:28:02 +0100] "GET / HTTP/1.0" 200 326 "-" "Mozilla/5.0 (compatible; Yahoo! Slurp; http://help.yahoo.com/help/us/ysearch/slurp)"
123.125.71.20 - - [04/Jan/2011:04:26:56 +0100] "GET / HTTP/1.1" 200 326 "-" "Baiduspider+(+http://www.baidu.com/search/spider.htm)"
207.46.195.234 - - [04/Jan/2011:10:25:06 +0100] "GET /robots.txt HTTP/1.1" 404 1256 "-" "Mozilla/5.0 (compatible; bingbot/2.0; +http://www.bing.com/bingbot.htm)"
207.46.195.234 - - [04/Jan/2011:10:31:21 +0100] "GET / HTTP/1.1" 304 - "-" "Mozilla/5.0 (compatible; bingbot/2.0; +http://www.bing.com/bingbot.htm)"
123.125.71.21 - - [04/Jan/2011:14:25:39 +0100] "GET / HTTP/1.1" 200 326 "-" "Baiduspider+(+http://www.baidu.com/search/spider.htm)"
220.181.108.96 - - [04/Jan/2011:14:25:57 +0100] "GET / HTTP/1.1" 200 326 "-" "Baiduspider+(+http://www.baidu.com/search/spider.htm)"
123.125.71.94 - - [04/Jan/2011:14:53:28 +0100] "GET / HTTP/1.1" 304 - "-" "Baiduspider+(+http://www.baidu.com/search/spider.htm)"
217.26.52.12 - - [04/Jan/2011:14:59:59 +0100] "GET / HTTP/1.0" 200 326 "http://vipphoto.ch/" "Mozilla/4.0 (compatible; MSIE 8.0; Windows NT 5.1)"
123.125.71.30 - - [04/Jan/2011:22:26:14 +0100] "GET / HTTP/1.1" 200 326 "-" "Baiduspider+(+http://www.baidu.com/search/spider.htm)"
220.181.108.83 - - [04/Jan/2011:22:26:34 +0100] "GET / HTTP/1.1" 200 326 "-" "Baiduspider+(+http://www.baidu.com/search/spider.htm)"
220.181.7.41 - - [05/Jan/2011:12:19:53 +0100] "GET /robots.txt HTTP/1.1" 404 1256 "-" "Baiduspider+(+http://www.baidu.com/search/spider.htm)"
123.125.71.20 - - [05/Jan/2011:18:27:34 +0100] "GET / HTTP/1.1" 200 326 "-" "Baiduspider+(+http://www.baidu.com/search/spider.htm)"
220.181.108.94 - - [05/Jan/2011:18:27:57 +0100] "GET / HTTP/1.1" 200 326 "-" "Baiduspider+(+http://www.baidu.com/search/spider.htm)"
93.199.117.215 - - [05/Jan/2011:21:02:17 +0100] "GET / HTTP/1.1" 200 326 "-" "Mozilla/4.0 (compatible; MSIE 8.0; Windows NT 6.1; WOW64; Trident/4.0; SLCC2; .NET CLR 2.0.50727; .NET CLR 3.5.30729; .NET CLR 3.0.30729; Media Center PC 6.0; .NET4.0C)"
93.199.117.215 - - [05/Jan/2011:21:02:18 +0100] "GET /favicon.ico HTTP/1.1" 404 1256 "-" "Mozilla/4.0 (compatible; MSIE 8.0; Windows NT 6.1; WOW64; Trident/4.0; SLCC2; .NET CLR 2.0.50727; .NET CLR 3.5.30729; .NET CLR 3.0.30729; Media Center PC 6.0; .NET4.0C)"
123.125.71.105 - - [05/Jan/2011:21:21:39 +0100] "GET / HTTP/1.1" 304 - "-" "Baiduspider+(+http://www.baidu.com/search/spider.htm)"
123.125.71.14 - - [05/Jan/2011:23:25:56 +0100] "GET / HTTP/1.1" 200 326 "-" "Baiduspider+(+http://www.baidu.com/search/spider.htm)"
69.28.58.9 - - [05/Jan/2011:23:26:13 +0100] "GET / HTTP/1.1" 200 326 "-" "Wget/1.9+cvs-stable (Red Hat modified)"
220.181.108.89 - - [05/Jan/2011:23:26:16 +0100] "GET / HTTP/1.1" 200 326 "-" "Baiduspider+(+http://www.baidu.com/search/spider.htm)"
220.181.7.16 - - [06/Jan/2011:02:33:06 +0100] "GET /robots.txt HTTP/1.1" 404 1256 "-" "Baiduspider+(+http://www.baidu.com/search/spider.htm)"
123.125.71.13 - - [06/Jan/2011:03:28:42 +0100] "GET / HTTP/1.1" 200 326 "-" "Baiduspider+(+http://www.baidu.com/search/spider.htm)"
220.181.108.97 - - [06/Jan/2011:03:29:07 +0100] "GET / HTTP/1.1" 200 326 "-" "Baiduspider+(+http://www.baidu.com/search/spider.htm)"
123.125.71.20 - - [06/Jan/2011:04:27:45 +0100] "GET / HTTP/1.1" 200 326 "-" "Baiduspider+(+http://www.baidu.com/search/spider.htm)"
220.181.108.87 - - [06/Jan/2011:04:28:09 +0100] "GET / HTTP/1.1" 200 326 "-" "Baiduspider+(+http://www.baidu.com/search/spider.htm)"
123.125.71.35 - - [06/Jan/2011:08:26:24 +0100] "GET / HTTP/1.1" 200 326 "-" "Baiduspider+(+http://www.baidu.com/search/spider.htm)"
220.181.108.87 - - [06/Jan/2011:08:26:45 +0100] "GET / HTTP/1.1" 200 326 "-" "Baiduspider+(+http://www.baidu.com/search/spider.htm)"
69.28.58.9 - - [06/Jan/2011:08:30:19 +0100] "GET / HTTP/1.1" 200 326 "-" "Wget/1.9+cvs-stable (Red Hat modified)"
123.125.71.34 - - [06/Jan/2011:09:26:22 +0100] "GET / HTTP/1.1" 200 326 "-" "Baiduspider+(+http://www.baidu.com/search/spider.htm)"
220.181.108.90 - - [06/Jan/2011:09:26:42 +0100] "GET / HTTP/1.1" 200 326 "-" "Baiduspider+(+http://www.baidu.com/search/spider.htm)"
216.145.14.142 - - [06/Jan/2011:10:22:32 +0100] "GET /robots.txt HTTP/1.0" 404 1256 "-" "Mozilla/5.0 (Windows; U; Windows NT 5.1; en; rv:1.9.0.13) Gecko/2009073022 Firefox/3.5.2 (.NET CLR 3.5.30729) SurveyBot/2.3 (DomainTools)"
216.145.14.142 - - [06/Jan/2011:10:22:32 +0100] "GET / HTTP/1.1" 200 326 "http://whois.domaintools.com/ruehling.com" "Mozilla/5.0 (Windows; U; Windows NT 5.1; en; rv:1.9.0.13) Gecko/2009073022 Firefox/3.5.2 (.NET CLR 3.5.30729) SurveyBot/2.3 (DomainTools)"
123.125.71.36 - - [06/Jan/2011:17:38:02 +0100] "GET / HTTP/1.1" 200 326 "-" "Baiduspider+(+http://www.baidu.com/search/spider.htm)"
220.181.108.82 - - [06/Jan/2011:17:38:36 +0100] "GET / HTTP/1.1" 200 326 "-" "Baiduspider+(+http://www.baidu.com/search/spider.htm)"
50.18.13.174 - - [06/Jan/2011:22:24:42 +0100] "GET / HTTP/1.0" 200 326 "-" "Mozilla/5.0 (Macintosh; U; Intel Mac OS X 10.7; en-US; rv:13.37) Gecko/20121221 Firefox/4.7"
123.125.71.12 - - [06/Jan/2011:23:26:56 +0100] "GET / HTTP/1.1" 200 326 "-" "Baiduspider+(+http://www.baidu.com/search/spider.htm)"
220.181.108.77 - - [06/Jan/2011:23:27:19 +0100] "GET / HTTP/1.1" 200 326 "-" "Baiduspider+(+http://www.baidu.com/search/spider.htm)"
95.108.158.134 - - [07/Jan/2011:02:06:22 +0100] "GET /robots.txt HTTP/1.1" 404 1256 "-" "Mozilla/5.0 (compatible; YandexBot/3.0; +http://yandex.com/bots)"
205.178.190.235 - - [07/Jan/2011:04:51:06 +0100] "HEAD / HTTP/1.1" 200 - "-" "Mozilla/5.0 (Windows; U; Windows NT 5.1; en-US; rv:1.8.1.16) Gecko/20080702 Firefox/2.0.0.16"
205.178.190.235 - - [07/Jan/2011:04:51:18 +0100] "GET / HTTP/1.1" 200 326 "-" "Mozilla/4.0 (compatible; MSIE 7.0; Windows NT 5.1; .NET CLR 1.1.4322; .NET CLR 2.0.50727)"
205.178.190.235 - - [07/Jan/2011:04:52:19 +0100] "GET / HTTP/1.1" 200 326 "-" "Mozilla/4.0 (compatible; MSIE 7.0; Windows NT 5.1; .NET CLR 1.1.4322; .NET CLR 2.0.50727)"
205.178.190.235 - - [07/Jan/2011:04:52:20 +0100] "GET /robots.txt HTTP/1.1" 404 1256 "-" "Mozilla/4.0 (compatible; MSIE 7.0; Windows NT 5.1; .NET CLR 1.1.4322; .NET CLR 2.0.50727)"
95.108.158.134 - - [07/Jan/2011:07:57:40 +0100] "GET / HTTP/1.1" 200 326 "-" "Mozilla/5.0 (compatible; YandexBot/3.0; +http://yandex.com/bots)"
123.125.71.29 - - [07/Jan/2011:09:27:02 +0100] "GET / HTTP/1.1" 200 326 "-" "Baiduspider+(+http://www.baidu.com/search/spider.htm)"
220.181.108.85 - - [07/Jan/2011:09:27:23 +0100] "GET / HTTP/1.1" 200 326 "-" "Baiduspider+(+http://www.baidu.com/search/spider.htm)"
123.125.71.28 - - [07/Jan/2011:13:26:55 +0100] "GET / HTTP/1.1" 200 326 "-" "Baiduspider+(+http://www.baidu.com/search/spider.htm)"
220.181.108.87 - - [07/Jan/2011:13:27:17 +0100] "GET / HTTP/1.1" 200 326 "-" "Baiduspider+(+http://www.baidu.com/search/spider.htm)"
123.125.71.33 - - [07/Jan/2011:14:25:55 +0100] "GET / HTTP/1.1" 200 326 "-" "Baiduspider+(+http://www.baidu.com/search/spider.htm)"
220.181.108.78 - - [07/Jan/2011:14:26:16 +0100] "GET / HTTP/1.1" 200 326 "-" "Baiduspider+(+http://www.baidu.com/search/spider.htm)"
66.74.33.123 - - [07/Jan/2011:15:58:41 +0100] "GET / HTTP/1.1" 200 326 "-" "Mozilla/5.0 (Windows; U; Windows NT 6.1; en-US) AppleWebKit/532.5 (KHTML, like Gecko) Chrome/4.1.249.1064 Safari/532.5"
50.16.28.123 - - [07/Jan/2011:19:06:12 +0100] "GET / HTTP/1.1" 200 326 "-" "Mozilla/5.0 (Windows; U; Windows NT 6.0; en-US; rv:1.9.2.3) Gecko/20100401 Firefox/3.6.3 GTB6 (.NET CLR 3.5.30729)"
123.125.71.95 - - [08/Jan/2011:00:09:28 +0100] "GET / HTTP/1.1" 304 - "-" "Baiduspider+(+http://www.baidu.com/search/spider.htm)"
123.125.71.28 - - [08/Jan/2011:04:29:12 +0100] "GET / HTTP/1.1" 200 326 "-" "Baiduspider+(+http://www.baidu.com/search/spider.htm)"
220.181.108.76 - - [08/Jan/2011:04:29:36 +0100] "GET / HTTP/1.1" 200 326 "-" "Baiduspider+(+http://www.baidu.com/search/spider.htm)"
123.125.71.19 - - [08/Jan/2011:09:27:07 +0100] "GET / HTTP/1.1" 200 326 "-" "Baiduspider+(+http://www.baidu.com/search/spider.htm)"
220.181.108.97 - - [08/Jan/2011:09:27:28 +0100] "GET / HTTP/1.1" 200 326 "-" "Baiduspider+(+http://www.baidu.com/search/spider.htm)"
220.181.7.48 - - [08/Jan/2011:11:15:28 +0100] "GET /robots.txt HTTP/1.1" 404 1256 "-" "Baiduspider+(+http://www.baidu.com/search/spider.htm)"
123.125.71.34 - - [08/Jan/2011:14:26:11 +0100] "GET / HTTP/1.1" 200 326 "-" "Baiduspider+(+http://www.baidu.com/search/spider.htm)"
220.181.108.93 - - [08/Jan/2011:14:26:32 +0100] "GET / HTTP/1.1" 200 326 "-" "Baiduspider+(+http://www.baidu.com/search/spider.htm)"
123.125.71.35 - - [08/Jan/2011:17:38:27 +0100] "GET / HTTP/1.1" 200 326 "-" "Baiduspider+(+http://www.baidu.com/search/spider.htm)"
220.181.108.89 - - [08/Jan/2011:17:39:02 +0100] "GET / HTTP/1.1" 200 326 "-" "Baiduspider+(+http://www.baidu.com/search/spider.htm)"
123.125.71.19 - - [08/Jan/2011:18:28:42 +0100] "GET / HTTP/1.1" 200 326 "-" "Baiduspider+(+http://www.baidu.com/search/spider.htm)"
220.181.108.81 - - [08/Jan/2011:18:29:04 +0100] "GET / HTTP/1.1" 200 326 "-" "Baiduspider+(+http://www.baidu.com/search/spider.htm)"
123.125.71.14 - - [08/Jan/2011:22:26:47 +0100] "GET / HTTP/1.1" 200 326 "-" "Baiduspider+(+http://www.baidu.com/search/spider.htm)"
220.181.108.88 - - [08/Jan/2011:22:27:08 +0100] "GET / HTTP/1.1" 200 326 "-" "Baiduspider+(+http://www.baidu.com/search/spider.htm)"
123.125.71.27 - - [08/Jan/2011:23:26:05 +0100] "GET / HTTP/1.1" 200 326 "-" "Baiduspider+(+http://www.baidu.com/search/spider.htm)"
220.181.108.81 - - [08/Jan/2011:23:26:24 +0100] "GET / HTTP/1.1" 200 326 "-" "Baiduspider+(+http://www.baidu.com/search/spider.htm)"
220.181.7.50 - - [09/Jan/2011:03:13:07 +0100] "GET /robots.txt HTTP/1.1" 404 1256 "-" "Baiduspider+(+http://www.baidu.com/search/spider.htm)"
95.211.81.200 - - [09/Jan/2011:03:52:39 +0100] "GET / HTTP/1.0" 200 326 "-" "-"
95.211.81.200 - - [09/Jan/2011:03:52:39 +0100] "GET / HTTP/1.0" 200 326 "-" "-"
123.125.71.22 - - [09/Jan/2011:04:28:43 +0100] "GET / HTTP/1.1" 200 326 "-" "Baiduspider+(+http://www.baidu.com/search/spider.htm)"
220.181.108.84 - - [09/Jan/2011:04:29:06 +0100] "GET / HTTP/1.1" 200 326 "-" "Baiduspider+(+http://www.baidu.com/search/spider.htm)"
74.52.245.146 - - [09/Jan/2011:05:38:32 +0100] "GET / HTTP/1.0" 200 326 "-" "Mozilla/5.0 (X11; U; Linux i686; en-US; rv:1.7.5) Gecko/20041107 Firefox/1.0"
66.249.71.82 - - [09/Jan/2011:06:08:46 +0100] "GET /robots.txt HTTP/1.1" 404 1256 "-" "Mozilla/5.0 (compatible; Googlebot/2.1; +http://www.google.com/bot.html)"
66.249.71.82 - - [09/Jan/2011:06:08:46 +0100] "GET / HTTP/1.1" 304 - "-" "Mozilla/5.0 (compatible; Googlebot/2.1; +http://www.google.com/bot.html)"
123.125.71.115 - - [09/Jan/2011:23:36:02 +0100] "GET / HTTP/1.1" 304 - "-" "Baiduspider+(+http://www.baidu.com/search/spider.htm)"
123.125.71.23 - - [10/Jan/2011:04:28:52 +0100] "GET / HTTP/1.1" 200 326 "-" "Baiduspider+(+http://www.baidu.com/search/spider.htm)"
220.181.108.88 - - [10/Jan/2011:04:29:19 +0100] "GET / HTTP/1.1" 200 326 "-" "Baiduspider+(+http://www.baidu.com/search/spider.htm)"
123.125.71.30 - - [10/Jan/2011:09:26:00 +0100] "GET / HTTP/1.1" 200 326 "-" "Baiduspider+(+http://www.baidu.com/search/spider.htm)"
220.181.108.76 - - [10/Jan/2011:09:26:21 +0100] "GET / HTTP/1.1" 200 326 "-" "Baiduspider+(+http://www.baidu.com/search/spider.htm)"
123.125.71.30 - - [10/Jan/2011:17:38:47 +0100] "GET / HTTP/1.1" 200 326 "-" "Baiduspider+(+http://www.baidu.com/search/spider.htm)"
220.181.108.77 - - [10/Jan/2011:17:39:22 +0100] "GET / HTTP/1.1" 200 326 "-" "Baiduspider+(+http://www.baidu.com/search/spider.htm)"
123.125.71.17 - - [10/Jan/2011:18:28:40 +0100] "GET / HTTP/1.1" 200 326 "-" "Baiduspider+(+http://www.baidu.com/search/spider.htm)"
220.181.108.85 - - [10/Jan/2011:18:29:02 +0100] "GET / HTTP/1.1" 200 326 "-" "Baiduspider+(+http://www.baidu.com/search/spider.htm)"
95.108.158.134 - - [10/Jan/2011:21:06:26 +0100] "GET /robots.txt HTTP/1.1" 404 1256 "-" "Mozilla/5.0 (compatible; YandexBot/3.0; +http://yandex.com/bots)"
95.108.158.134 - - [10/Jan/2011:21:06:35 +0100] "GET / HTTP/1.1" 200 326 "-" "Mozilla/5.0 (compatible; YandexBot/3.0; +http://yandex.com/bots)"
123.125.71.15 - - [11/Jan/2011:03:29:40 +0100] "GET / HTTP/1.1" 200 326 "-" "Baiduspider+(+http://www.baidu.com/search/spider.htm)"
220.181.108.76 - - [11/Jan/2011:03:30:08 +0100] "GET / HTTP/1.1" 200 326 "-" "Baiduspider+(+http://www.baidu.com/search/spider.htm)"
123.125.66.34 - - [11/Jan/2011:04:04:13 +0100] "GET /robots.txt HTTP/1.1" 404 1256 "-" "Baiduspider+(+http://www.baidu.com/search/spider.htm)"
123.125.71.20 - - [11/Jan/2011:14:27:18 +0100] "GET / HTTP/1.1" 200 326 "-" "Baiduspider+(+http://www.baidu.com/search/spider.htm)"
220.181.108.96 - - [11/Jan/2011:14:27:39 +0100] "GET / HTTP/1.1" 200 326 "-" "Baiduspider+(+http://www.baidu.com/search/spider.htm)"
123.125.71.34 - - [11/Jan/2011:22:26:32 +0100] "GET / HTTP/1.1" 200 326 "-" "Baiduspider+(+http://www.baidu.com/search/spider.htm)"
220.181.108.80 - - [11/Jan/2011:22:26:54 +0100] "GET / HTTP/1.1" 200 326 "-" "Baiduspider+(+http://www.baidu.com/search/spider.htm)"
220.181.108.102 - - [12/Jan/2011:00:09:40 +0100] "GET /robots.txt HTTP/1.1" 404 1256 "-" "Baiduspider+(+http://www.baidu.com/search/spider.htm)"
123.125.71.116 - - [12/Jan/2011:00:31:23 +0100] "GET / HTTP/1.1" 304 - "-" "Baiduspider+(+http://www.baidu.com/search/spider.htm)"
123.125.71.15 - - [12/Jan/2011:04:29:29 +0100] "GET / HTTP/1.1" 200 326 "-" "Baiduspider+(+http://www.baidu.com/search/spider.htm)"
220.181.108.81 - - [12/Jan/2011:04:29:54 +0100] "GET / HTTP/1.1" 200 326 "-" "Baiduspider+(+http://www.baidu.com/search/spider.htm)"
123.125.71.33 - - [12/Jan/2011:09:26:31 +0100] "GET / HTTP/1.1" 200 326 "-" "Baiduspider+(+http://www.baidu.com/search/spider.htm)"
220.181.108.96 - - [12/Jan/2011:09:26:50 +0100] "GET / HTTP/1.1" 200 326 "-" "Baiduspider+(+http://www.baidu.com/search/spider.htm)"
72.94.249.37 - - [12/Jan/2011:16:54:26 +0100] "GET / HTTP/1.1" 200 326 "-" "Mozilla/4.0 (compatible; MSIE 6.0; Windows NT 5.1; SV1; .NET CLR 1.1.4322)"
123.125.71.23 - - [12/Jan/2011:18:28:29 +0100] "GET / HTTP/1.1" 200 326 "-" "Baiduspider+(+http://www.baidu.com/search/spider.htm)"
220.181.108.94 - - [12/Jan/2011:18:28:54 +0100] "GET / HTTP/1.1" 200 326 "-" "Baiduspider+(+http://www.baidu.com/search/spider.htm)"
192.168.10.110 - - [12/Jan/2011:21:51:21 +0100] "GET / HTTP/1.1" 200 326 "-" "Mozilla/5.0 (Windows; U; Windows NT 5.2; de; rv:1.9.2.13) Gecko/20101203 Firefox/3.6.13 ( .NET CLR 3.5.30729)"
192.168.10.110 - - [12/Jan/2011:21:51:22 +0100] "GET /favicon.ico HTTP/1.1" 404 1256 "-" "Mozilla/5.0 (Windows; U; Windows NT 5.2; de; rv:1.9.2.13) Gecko/20101203 Firefox/3.6.13 ( .NET CLR 3.5.30729)"
192.168.10.110 - - [12/Jan/2011:21:51:25 +0100] "GET /favicon.ico HTTP/1.1" 404 1256 "-" "Mozilla/5.0 (Windows; U; Windows NT 5.2; de; rv:1.9.2.13) Gecko/20101203 Firefox/3.6.13 ( .NET CLR 3.5.30729)"
192.168.10.110 - - [12/Jan/2011:21:51:31 +0100] "GET /upload HTTP/1.1" 404 1256 "-" "Mozilla/5.0 (Windows; U; Windows NT 5.2; de; rv:1.9.2.13) Gecko/20101203 Firefox/3.6.13 ( .NET CLR 3.5.30729)"
192.168.10.110 - - [12/Jan/2011:21:51:39 +0100] "GET /upload/ HTTP/1.1" 404 1256 "-" "Mozilla/5.0 (Windows; U; Windows NT 5.2; de; rv:1.9.2.13) Gecko/20101203 Firefox/3.6.13 ( .NET CLR 3.5.30729)"
192.168.10.110 - - [12/Jan/2011:21:51:54 +0100] "GET /upload/MM72-G-374_Pro.old HTTP/1.1" 404 1256 "-" "Mozilla/5.0 (Windows; U; Windows NT 5.2; de; rv:1.9.2.13) Gecko/20101203 Firefox/3.6.13 ( .NET CLR 3.5.30729)"
192.168.10.110 - - [12/Jan/2011:21:52:40 +0100] "GET /MM72-G-374_Pro.old HTTP/1.1" 404 1256 "-" "Mozilla/5.0 (Windows; U; Windows NT 5.2; de; rv:1.9.2.13) Gecko/20101203 Firefox/3.6.13 ( .NET CLR 3.5.30729)"
192.168.10.110 - - [12/Jan/2011:21:53:09 +0100] "GET /verz4_sortiert.txt HTTP/1.1" 404 1256 "-" "Mozilla/5.0 (Windows; U; Windows NT 5.2; de; rv:1.9.2.13) Gecko/20101203 Firefox/3.6.13 ( .NET CLR 3.5.30729)"
192.168.10.110 - - [12/Jan/2011:21:54:58 +0100] "GET /upload/ HTTP/1.1" 404 1256 "-" "Mozilla/5.0 (Windows; U; Windows NT 5.2; de; rv:1.9.2.13) Gecko/20101203 Firefox/3.6.13 ( .NET CLR 3.5.30729)"
123.125.71.13 - - [12/Jan/2011:22:25:52 +0100] "GET / HTTP/1.1" 200 326 "-" "Baiduspider+(+http://www.baidu.com/search/spider.htm)"
220.181.108.89 - - [12/Jan/2011:22:26:13 +0100] "GET / HTTP/1.1" 200 326 "-" "Baiduspider+(+http://www.baidu.com/search/spider.htm)"
123.125.71.15 - - [12/Jan/2011:23:26:17 +0100] "GET / HTTP/1.1" 200 326 "-" "Baiduspider+(+http://www.baidu.com/search/spider.htm)"
220.181.108.83 - - [12/Jan/2011:23:26:38 +0100] "GET / HTTP/1.1" 200 326 "-" "Baiduspider+(+http://www.baidu.com/search/spider.htm)"
123.125.71.18 - - [13/Jan/2011:04:28:49 +0100] "GET / HTTP/1.1" 200 326 "-" "Baiduspider+(+http://www.baidu.com/search/spider.htm)"
220.181.108.80 - - [13/Jan/2011:04:29:14 +0100] "GET / HTTP/1.1" 200 326 "-" "Baiduspider+(+http://www.baidu.com/search/spider.htm)"
123.125.71.18 - - [13/Jan/2011:07:26:33 +0100] "GET / HTTP/1.1" 200 326 "-" "Baiduspider+(+http://www.baidu.com/search/spider.htm)"
220.181.108.76 - - [13/Jan/2011:07:26:57 +0100] "GET / HTTP/1.1" 200 326 "-" "Baiduspider+(+http://www.baidu.com/search/spider.htm)"
123.125.71.12 - - [13/Jan/2011:09:26:03 +0100] "GET / HTTP/1.1" 200 326 "-" "Baiduspider+(+http://www.baidu.com/search/spider.htm)"
220.181.108.76 - - [13/Jan/2011:09:26:27 +0100] "GET / HTTP/1.1" 200 326 "-" "Baiduspider+(+http://www.baidu.com/search/spider.htm)"
123.125.71.19 - - [13/Jan/2011:14:26:13 +0100] "GET / HTTP/1.1" 200 326 "-" "Baiduspider+(+http://www.baidu.com/search/spider.htm)"
220.181.108.84 - - [13/Jan/2011:14:26:34 +0100] "GET / HTTP/1.1" 200 326 "-" "Baiduspider+(+http://www.baidu.com/search/spider.htm)"
123.125.71.113 - - [13/Jan/2011:16:04:57 +0100] "GET / HTTP/1.1" 304 - "-" "Baiduspider+(+http://www.baidu.com/search/spider.htm)"
123.125.71.25 - - [13/Jan/2011:18:27:32 +0100] "GET / HTTP/1.1" 200 326 "-" "Baiduspider+(+http://www.baidu.com/search/spider.htm)"
220.181.108.77 - - [13/Jan/2011:18:27:54 +0100] "GET / HTTP/1.1" 200 326 "-" "Baiduspider+(+http://www.baidu.com/search/spider.htm)"
123.125.71.26 - - [14/Jan/2011:03:28:47 +0100] "GET / HTTP/1.1" 200 326 "-" "Baiduspider+(+http://www.baidu.com/search/spider.htm)"
69.28.58.10 - - [14/Jan/2011:03:29:01 +0100] "GET / HTTP/1.1" 200 326 "-" "Wget/1.9+cvs-stable (Red Hat modified)"
220.181.108.83 - - [14/Jan/2011:03:29:15 +0100] "GET / HTTP/1.1" 200 326 "-" "Baiduspider+(+http://www.baidu.com/search/spider.htm)"
123.125.71.29 - - [14/Jan/2011:04:28:22 +0100] "GET / HTTP/1.1" 200 326 "-" "Baiduspider+(+http://www.baidu.com/search/spider.htm)"
220.181.108.80 - - [14/Jan/2011:04:28:47 +0100] "GET / HTTP/1.1" 200 326 "-" "Baiduspider+(+http://www.baidu.com/search/spider.htm)"
123.125.71.18 - - [14/Jan/2011:08:25:30 +0100] "GET / HTTP/1.1" 200 326 "-" "Baiduspider+(+http://www.baidu.com/search/spider.htm)"
220.181.108.76 - - [14/Jan/2011:08:25:50 +0100] "GET / HTTP/1.1" 200 326 "-" "Baiduspider+(+http://www.baidu.com/search/spider.htm)"
65.52.108.58 - - [14/Jan/2011:20:32:30 +0100] "GET /robots.txt HTTP/1.1" 404 1256 "-" "Mozilla/5.0 (compatible; bingbot/2.0; +http://www.bing.com/bingbot.htm)"
65.52.108.58 - - [14/Jan/2011:20:34:20 +0100] "GET / HTTP/1.1" 304 - "-" "Mozilla/5.0 (compatible; bingbot/2.0; +http://www.bing.com/bingbot.htm)"
123.125.71.117 - - [14/Jan/2011:22:55:05 +0100] "GET / HTTP/1.1" 304 - "-" "Baiduspider+(+http://www.baidu.com/search/spider.htm)"
84.196.240.90 - - [14/Jan/2011:23:58:55 +0100] "GET / HTTP/1.0" 200 326 "-" "Mozilla/3.0"
69.58.178.57 - - [15/Jan/2011:00:56:45 +0100] "GET /robots.txt HTTP/1.1" 404 1256 "-" "Mozilla/5.0 (X11; U; Linux i686; en-US; rv:1.9.1.3; ips-agent) Gecko/20090824 Fedora/1.0.7-1.1.fc4 Firefox/3.5.3"
69.58.178.57 - - [15/Jan/2011:00:56:46 +0100] "GET / HTTP/1.1" 200 326 "-" "Mozilla/5.0 (X11; U; Linux i686; en-US; rv:1.9.1.3; ips-agent) Gecko/20090824 Fedora/1.0.7-1.1.fc4 Firefox/3.5.3"
69.58.178.57 - - [15/Jan/2011:00:56:48 +0100] "GET / HTTP/1.1" 200 326 "-" "BlackBerry9000/4.6.0.167 Profile/MIDP-2.0 Configuration/CLDC-1.1 VendorID/102 ips-agent"
205.203.134.197 - - [15/Jan/2011:02:19:51 +0100] "GET / HTTP/1.0" 200 326 "-" "Mozilla/4.0 (compatible; MSIE 6.0; Windows NT 5.0)"
220.181.7.52 - - [15/Jan/2011:02:34:57 +0100] "GET /robots.txt HTTP/1.1" 404 1256 "-" "Baiduspider+(+http://www.baidu.com/search/spider.htm)"
95.108.158.134 - - [15/Jan/2011:09:14:43 +0100] "GET /robots.txt HTTP/1.1" 404 1256 "-" "Mozilla/5.0 (compatible; YandexBot/3.0; +http://yandex.com/bots)"
123.125.71.19 - - [15/Jan/2011:13:26:32 +0100] "GET / HTTP/1.1" 200 326 "-" "Baiduspider+(+http://www.baidu.com/search/spider.htm)"
220.181.108.85 - - [15/Jan/2011:13:26:58 +0100] "GET / HTTP/1.1" 200 326 "-" "Baiduspider+(+http://www.baidu.com/search/spider.htm)"
95.108.158.134 - - [15/Jan/2011:16:31:11 +0100] "GET / HTTP/1.1" 200 326 "-" "Mozilla/5.0 (compatible; YandexBot/3.0; +http://yandex.com/bots)"
220.181.7.33 - - [15/Jan/2011:16:39:16 +0100] "GET /robots.txt HTTP/1.1" 404 1256 "-" "Baiduspider+(+http://www.baidu.com/search/spider.htm)"
123.125.71.14 - - [15/Jan/2011:18:27:38 +0100] "GET / HTTP/1.1" 200 326 "-" "Baiduspider+(+http://www.baidu.com/search/spider.htm)"
220.181.108.76 - - [15/Jan/2011:18:28:01 +0100] "GET / HTTP/1.1" 200 326 "-" "Baiduspider+(+http://www.baidu.com/search/spider.htm)"
50.16.21.39 - - [15/Jan/2011:19:09:47 +0100] "HEAD / HTTP/1.1" 200 - "-" "curl/7.18.2 (i486-pc-linux-gnu) libcurl/7.18.2 OpenSSL/0.9.8g zlib/1.2.3.3 libidn/1.8"
50.16.21.39 - - [15/Jan/2011:19:09:48 +0100] "GET / HTTP/1.1" 200 326 "-" "curl/7.18.2 (i486-pc-linux-gnu) libcurl/7.18.2 OpenSSL/0.9.8g zlib/1.2.3.3 libidn/1.8"
69.28.58.10 - - [15/Jan/2011:21:56:28 +0100] "GET / HTTP/1.1" 200 326 "-" "Wget/1.9+cvs-stable (Red Hat modified)"
123.125.71.29 - - [15/Jan/2011:23:26:46 +0100] "GET / HTTP/1.1" 200 326 "-" "Baiduspider+(+http://www.baidu.com/search/spider.htm)"
69.28.58.10 - - [15/Jan/2011:23:27:01 +0100] "GET / HTTP/1.1" 200 326 "-" "Wget/1.9+cvs-stable (Red Hat modified)"
220.181.108.96 - - [15/Jan/2011:23:27:10 +0100] "GET / HTTP/1.1" 200 326 "-" "Baiduspider+(+http://www.baidu.com/search/spider.htm)"
123.125.71.12 - - [16/Jan/2011:02:29:23 +0100] "GET / HTTP/1.1" 200 326 "-" "Baiduspider+(+http://www.baidu.com/search/spider.htm)"
220.181.108.83 - - [16/Jan/2011:02:29:49 +0100] "GET / HTTP/1.1" 200 326 "-" "Baiduspider+(+http://www.baidu.com/search/spider.htm)"
123.125.71.28 - - [16/Jan/2011:04:27:48 +0100] "GET / HTTP/1.1" 200 326 "-" "Baiduspider+(+http://www.baidu.com/search/spider.htm)"
220.181.108.86 - - [16/Jan/2011:04:28:16 +0100] "GET / HTTP/1.1" 200 326 "-" "Baiduspider+(+http://www.baidu.com/search/spider.htm)"
123.125.71.32 - - [16/Jan/2011:08:25:37 +0100] "GET / HTTP/1.1" 200 326 "-" "Baiduspider+(+http://www.baidu.com/search/spider.htm)"
220.181.108.89 - - [16/Jan/2011:08:25:58 +0100] "GET / HTTP/1.1" 200 326 "-" "Baiduspider+(+http://www.baidu.com/search/spider.htm)"
123.125.71.32 - - [16/Jan/2011:09:26:34 +0100] "GET / HTTP/1.1" 200 326 "-" "Baiduspider+(+http://www.baidu.com/search/spider.htm)"
220.181.108.76 - - [16/Jan/2011:09:26:55 +0100] "GET / HTTP/1.1" 200 326 "-" "Baiduspider+(+http://www.baidu.com/search/spider.htm)"
123.125.71.27 - - [16/Jan/2011:12:27:00 +0100] "GET / HTTP/1.1" 200 326 "-" "Baiduspider+(+http://www.baidu.com/search/spider.htm)"
220.181.108.81 - - [16/Jan/2011:12:27:24 +0100] "GET / HTTP/1.1" 200 326 "-" "Baiduspider+(+http://www.baidu.com/search/spider.htm)"
123.125.71.26 - - [16/Jan/2011:17:37:23 +0100] "GET / HTTP/1.1" 200 326 "-" "Baiduspider+(+http://www.baidu.com/search/spider.htm)"
220.181.108.86 - - [16/Jan/2011:17:37:57 +0100] "GET / HTTP/1.1" 200 326 "-" "Baiduspider+(+http://www.baidu.com/search/spider.htm)"
123.125.71.104 - - [17/Jan/2011:01:38:29 +0100] "GET / HTTP/1.1" 304 - "-" "Baiduspider+(+http://www.baidu.com/search/spider.htm)"
123.125.71.29 - - [17/Jan/2011:03:28:52 +0100] "GET / HTTP/1.1" 200 326 "-" "Baiduspider+(+http://www.baidu.com/search/spider.htm)"
220.181.108.88 - - [17/Jan/2011:03:29:18 +0100] "GET / HTTP/1.1" 200 326 "-" "Baiduspider+(+http://www.baidu.com/search/spider.htm)"
178.77.78.8 - - [17/Jan/2011:07:15:50 +0100] "GET / HTTP/1.0" 200 326 "http://web2design.myprivatetrade.com" "Mozilla/4.0 (compatible; MSIE 7.0; Windows NT 6.0; Trident/4.0)"
123.125.71.21 - - [17/Jan/2011:08:25:26 +0100] "GET / HTTP/1.1" 200 326 "-" "Baiduspider+(+http://www.baidu.com/search/spider.htm)"
220.181.108.76 - - [17/Jan/2011:08:25:46 +0100] "GET / HTTP/1.1" 200 326 "-" "Baiduspider+(+http://www.baidu.com/search/spider.htm)"
64.246.165.200 - - [17/Jan/2011:08:55:33 +0100] "GET /robots.txt HTTP/1.0" 404 1256 "-" "Mozilla/5.0 (Windows; U; Windows NT 5.1; en; rv:1.9.0.13) Gecko/2009073022 Firefox/3.5.2 (.NET CLR 3.5.30729) SurveyBot/2.3 (DomainTools)"
64.246.165.200 - - [17/Jan/2011:08:55:33 +0100] "GET / HTTP/1.1" 200 326 "http://whois.domaintools.com/ruehling.com" "Mozilla/5.0 (Windows; U; Windows NT 5.1; en; rv:1.9.0.13) Gecko/2009073022 Firefox/3.5.2 (.NET CLR 3.5.30729) SurveyBot/2.3 (DomainTools)"
123.125.71.17 - - [17/Jan/2011:09:25:43 +0100] "GET / HTTP/1.1" 200 326 "-" "Baiduspider+(+http://www.baidu.com/search/spider.htm)"
220.181.108.77 - - [17/Jan/2011:09:26:04 +0100] "GET / HTTP/1.1" 200 326 "-" "Baiduspider+(+http://www.baidu.com/search/spider.htm)"
123.125.71.34 - - [17/Jan/2011:14:25:56 +0100] "GET / HTTP/1.1" 200 326 "-" "Baiduspider+(+http://www.baidu.com/search/spider.htm)"
220.181.108.81 - - [17/Jan/2011:14:26:20 +0100] "GET / HTTP/1.1" 200 326 "-" "Baiduspider+(+http://www.baidu.com/search/spider.htm)"
123.125.71.31 - - [17/Jan/2011:22:25:55 +0100] "GET / HTTP/1.1" 200 326 "-" "Baiduspider+(+http://www.baidu.com/search/spider.htm)"
220.181.108.92 - - [17/Jan/2011:22:26:16 +0100] "GET / HTTP/1.1" 200 326 "-" "Baiduspider+(+http://www.baidu.com/search/spider.htm)"
123.125.71.24 - - [17/Jan/2011:23:26:57 +0100] "GET / HTTP/1.1" 200 326 "-" "Baiduspider+(+http://www.baidu.com/search/spider.htm)"
220.181.108.76 - - [17/Jan/2011:23:27:20 +0100] "GET / HTTP/1.1" 200 326 "-" "Baiduspider+(+http://www.baidu.com/search/spider.htm)"
220.181.7.53 - - [18/Jan/2011:02:31:07 +0100] "GET /robots.txt HTTP/1.1" 404 1256 "-" "Baiduspider+(+http://www.baidu.com/search/spider.htm)"
123.125.71.13 - - [18/Jan/2011:03:29:45 +0100] "GET / HTTP/1.1" 200 326 "-" "Baiduspider+(+http://www.baidu.com/search/spider.htm)"
220.181.108.84 - - [18/Jan/2011:03:30:14 +0100] "GET / HTTP/1.1" 200 326 "-" "Baiduspider+(+http://www.baidu.com/search/spider.htm)"
123.125.71.36 - - [18/Jan/2011:04:28:04 +0100] "GET / HTTP/1.1" 200 326 "-" "Baiduspider+(+http://www.baidu.com/search/spider.htm)"
220.181.108.85 - - [18/Jan/2011:04:28:30 +0100] "GET / HTTP/1.1" 200 326 "-" "Baiduspider+(+http://www.baidu.com/search/spider.htm)"
95.108.158.134 - - [18/Jan/2011:08:21:00 +0100] "GET /robots.txt HTTP/1.1" 404 1256 "-" "Mozilla/5.0 (compatible; YandexBot/3.0; +http://yandex.com/bots)"
123.125.71.19 - - [18/Jan/2011:09:25:48 +0100] "GET / HTTP/1.1" 200 326 "-" "Baiduspider+(+http://www.baidu.com/search/spider.htm)"
220.181.108.91 - - [18/Jan/2011:09:26:10 +0100] "GET / HTTP/1.1" 200 326 "-" "Baiduspider+(+http://www.baidu.com/search/spider.htm)"
220.181.7.47 - - [18/Jan/2011:17:25:05 +0100] "GET /robots.txt HTTP/1.1" 404 1256 "-" "Baiduspider+(+http://www.baidu.com/search/spider.htm)"
123.125.71.97 - - [18/Jan/2011:22:27:14 +0100] "GET / HTTP/1.1" 304 - "-" "Baiduspider+(+http://www.baidu.com/search/spider.htm)"
95.108.158.134 - - [19/Jan/2011:03:41:41 +0100] "GET / HTTP/1.1" 200 326 "-" "Mozilla/5.0 (compatible; YandexBot/3.0; +http://yandex.com/bots)"
123.125.71.12 - - [19/Jan/2011:04:28:16 +0100] "GET / HTTP/1.1" 200 326 "-" "Baiduspider+(+http://www.baidu.com/search/spider.htm)"
220.181.108.86 - - [19/Jan/2011:04:28:42 +0100] "GET / HTTP/1.1" 200 326 "-" "Baiduspider+(+http://www.baidu.com/search/spider.htm)"
80.94.164.141 - - [19/Jan/2011:05:43:36 +0100] "GET / HTTP/1.0" 200 326 "http://www.znatok.biz" "Mozilla/5.0 (X11; U; Linux i686; en-US; rv:1.8.1.11) Firefox/2.0.0.11"
123.125.71.35 - - [19/Jan/2011:14:26:53 +0100] "GET / HTTP/1.1" 200 326 "-" "Baiduspider+(+http://www.baidu.com/search/spider.htm)"
220.181.108.90 - - [19/Jan/2011:14:27:15 +0100] "GET / HTTP/1.1" 200 326 "-" "Baiduspider+(+http://www.baidu.com/search/spider.htm)"
178.77.77.126 - - [19/Jan/2011:16:05:19 +0100] "GET / HTTP/1.0" 200 326 "http://www.hk-marketing.eu" "Mozilla/4.0 (compatible; MSIE 7.0; Windows NT 6.0; Trident/4.0)"
69.28.58.2 - - [19/Jan/2011:16:21:47 +0100] "GET / HTTP/1.1" 200 326 "-" "Wget/1.9+cvs-stable (Red Hat modified)"
123.125.71.25 - - [19/Jan/2011:18:28:22 +0100] "GET / HTTP/1.1" 200 326 "-" "Baiduspider+(+http://www.baidu.com/search/spider.htm)"
220.181.108.86 - - [19/Jan/2011:18:28:45 +0100] "GET / HTTP/1.1" 200 326 "-" "Baiduspider+(+http://www.baidu.com/search/spider.htm)"
123.125.71.20 - - [19/Jan/2011:23:27:01 +0100] "GET / HTTP/1.1" 200 326 "-" "Baiduspider+(+http://www.baidu.com/search/spider.htm)"
220.181.108.84 - - [19/Jan/2011:23:27:22 +0100] "GET / HTTP/1.1" 200 326 "-" "Baiduspider+(+http://www.baidu.com/search/spider.htm)"
220.181.7.24 - - [20/Jan/2011:06:34:17 +0100] "GET /robots.txt HTTP/1.1" 404 1256 "-" "Baiduspider+(+http://www.baidu.com/search/spider.htm)"
123.125.71.26 - - [20/Jan/2011:14:27:01 +0100] "GET / HTTP/1.1" 200 326 "-" "Baiduspider+(+http://www.baidu.com/search/spider.htm)"
220.181.108.89 - - [20/Jan/2011:14:27:23 +0100] "GET / HTTP/1.1" 200 326 "-" "Baiduspider+(+http://www.baidu.com/search/spider.htm)"
123.125.71.102 - - [20/Jan/2011:16:24:02 +0100] "GET / HTTP/1.1" 304 - "-" "Baiduspider+(+http://www.baidu.com/search/spider.htm)"
123.125.71.14 - - [20/Jan/2011:18:27:37 +0100] "GET / HTTP/1.1" 200 326 "-" "Baiduspider+(+http://www.baidu.com/search/spider.htm)"
220.181.108.87 - - [20/Jan/2011:18:27:59 +0100] "GET / HTTP/1.1" 200 326 "-" "Baiduspider+(+http://www.baidu.com/search/spider.htm)"
220.181.7.35 - - [21/Jan/2011:01:19:39 +0100] "GET /robots.txt HTTP/1.1" 404 1256 "-" "Baiduspider+(+http://www.baidu.com/search/spider.htm)"
123.125.71.28 - - [21/Jan/2011:03:29:09 +0100] "GET / HTTP/1.1" 200 326 "-" "Baiduspider+(+http://www.baidu.com/search/spider.htm)"
220.181.108.97 - - [21/Jan/2011:03:29:34 +0100] "GET / HTTP/1.1" 200 326 "-" "Baiduspider+(+http://www.baidu.com/search/spider.htm)"
123.125.71.28 - - [21/Jan/2011:08:26:03 +0100] "GET / HTTP/1.1" 200 326 "-" "Baiduspider+(+http://www.baidu.com/search/spider.htm)"
220.181.108.81 - - [21/Jan/2011:08:26:28 +0100] "GET / HTTP/1.1" 200 326 "-" "Baiduspider+(+http://www.baidu.com/search/spider.htm)"
123.125.71.36 - - [21/Jan/2011:09:26:09 +0100] "GET / HTTP/1.1" 200 326 "-" "Baiduspider+(+http://www.baidu.com/search/spider.htm)"
220.181.108.86 - - [21/Jan/2011:09:26:34 +0100] "GET / HTTP/1.1" 200 326 "-" "Baiduspider+(+http://www.baidu.com/search/spider.htm)"
123.125.71.34 - - [21/Jan/2011:13:27:18 +0100] "GET / HTTP/1.1" 200 326 "-" "Baiduspider+(+http://www.baidu.com/search/spider.htm)"
123.125.71.27 - - [21/Jan/2011:14:26:35 +0100] "GET / HTTP/1.1" 200 326 "-" "Baiduspider+(+http://www.baidu.com/search/spider.htm)"
220.181.108.81 - - [21/Jan/2011:14:26:56 +0100] "GET / HTTP/1.1" 200 326 "-" "Baiduspider+(+http://www.baidu.com/search/spider.htm)"
123.125.71.115 - - [21/Jan/2011:15:19:56 +0100] "GET / HTTP/1.1" 304 - "-" "Baiduspider+(+http://www.baidu.com/search/spider.htm)"
123.125.71.27 - - [21/Jan/2011:18:27:58 +0100] "GET / HTTP/1.1" 200 326 "-" "Baiduspider+(+http://www.baidu.com/search/spider.htm)"
220.181.108.89 - - [21/Jan/2011:18:28:20 +0100] "GET / HTTP/1.1" 200 326 "-" "Baiduspider+(+http://www.baidu.com/search/spider.htm)"
95.108.158.134 - - [21/Jan/2011:20:42:37 +0100] "GET /robots.txt HTTP/1.1" 404 1256 "-" "Mozilla/5.0 (compatible; YandexBot/3.0; +http://yandex.com/bots)"
123.125.71.36 - - [21/Jan/2011:23:27:00 +0100] "GET / HTTP/1.1" 200 326 "-" "Baiduspider+(+http://www.baidu.com/search/spider.htm)"
220.181.108.96 - - [21/Jan/2011:23:27:21 +0100] "GET / HTTP/1.1" 200 326 "-" "Baiduspider+(+http://www.baidu.com/search/spider.htm)"
95.108.158.134 - - [22/Jan/2011:01:45:24 +0100] "GET / HTTP/1.1" 200 326 "-" "Mozilla/5.0 (compatible; YandexBot/3.0; +http://yandex.com/bots)"
206.183.1.74 - - [22/Jan/2011:05:50:11 +0100] "GET /robots.txt HTTP/1.1" 404 1256 "-" "Mozilla/4.0 (compatible; http://search.thunderstone.com/texis/websearch/about.html)"
206.183.1.74 - - [22/Jan/2011:05:50:12 +0100] "GET / HTTP/1.1" 200 326 "-" "Mozilla/4.0 (compatible; http://search.thunderstone.com/texis/websearch/about.html)"
123.125.71.19 - - [22/Jan/2011:08:26:06 +0100] "GET / HTTP/1.1" 200 326 "-" "Baiduspider+(+http://www.baidu.com/search/spider.htm)"
220.181.108.76 - - [22/Jan/2011:08:26:27 +0100] "GET / HTTP/1.1" 200 326 "-" "Baiduspider+(+http://www.baidu.com/search/spider.htm)"
123.125.71.30 - - [22/Jan/2011:13:27:50 +0100] "GET / HTTP/1.1" 200 326 "-" "Baiduspider+(+http://www.baidu.com/search/spider.htm)"
220.181.108.97 - - [22/Jan/2011:13:28:14 +0100] "GET / HTTP/1.1" 200 326 "-" "Baiduspider+(+http://www.baidu.com/search/spider.htm)"
123.125.71.12 - - [22/Jan/2011:18:28:01 +0100] "GET / HTTP/1.1" 200 326 "-" "Baiduspider+(+http://www.baidu.com/search/spider.htm)"
220.181.108.76 - - [22/Jan/2011:18:28:24 +0100] "GET / HTTP/1.1" 200 326 "-" "Baiduspider+(+http://www.baidu.com/search/spider.htm)"
123.125.71.101 - - [22/Jan/2011:19:18:00 +0100] "GET / HTTP/1.1" 304 - "-" "Baiduspider+(+http://www.baidu.com/search/spider.htm)"
123.125.71.35 - - [22/Jan/2011:23:26:49 +0100] "GET / HTTP/1.1" 200 326 "-" "Baiduspider+(+http://www.baidu.com/search/spider.htm)"
220.181.108.86 - - [22/Jan/2011:23:27:11 +0100] "GET / HTTP/1.1" 200 326 "-" "Baiduspider+(+http://www.baidu.com/search/spider.htm)"
69.28.58.10 - - [22/Jan/2011:23:32:17 +0100] "GET / HTTP/1.1" 200 326 "-" "Wget/1.9+cvs-stable (Red Hat modified)"
123.125.71.33 - - [23/Jan/2011:01:28:47 +0100] "GET / HTTP/1.1" 200 326 "-" "Baiduspider+(+http://www.baidu.com/search/spider.htm)"
220.181.108.95 - - [23/Jan/2011:01:29:12 +0100] "GET / HTTP/1.1" 200 326 "-" "Baiduspider+(+http://www.baidu.com/search/spider.htm)"
123.125.71.21 - - [23/Jan/2011:04:28:07 +0100] "GET / HTTP/1.1" 200 326 "-" "Baiduspider+(+http://www.baidu.com/search/spider.htm)"
220.181.108.81 - - [23/Jan/2011:04:28:31 +0100] "GET / HTTP/1.1" 200 326 "-" "Baiduspider+(+http://www.baidu.com/search/spider.htm)"
220.181.7.30 - - [23/Jan/2011:05:09:02 +0100] "GET /robots.txt HTTP/1.1" 404 1256 "-" "Baiduspider+(+http://www.baidu.com/search/spider.htm)"
123.125.71.22 - - [23/Jan/2011:09:25:55 +0100] "GET / HTTP/1.1" 200 326 "-" "Baiduspider+(+http://www.baidu.com/search/spider.htm)"
220.181.108.75 - - [23/Jan/2011:09:26:16 +0100] "GET / HTTP/1.1" 200 326 "-" "Baiduspider+(+http://www.baidu.com/search/spider.htm)"
220.181.7.37 - - [23/Jan/2011:21:18:21 +0100] "GET /robots.txt HTTP/1.1" 404 1256 "-" "Baiduspider+(+http://www.baidu.com/search/spider.htm)"
123.125.71.101 - - [23/Jan/2011:21:51:24 +0100] "GET / HTTP/1.1" 304 - "-" "Baiduspider+(+http://www.baidu.com/search/spider.htm)"
123.125.71.29 - - [23/Jan/2011:23:26:54 +0100] "GET / HTTP/1.1" 200 326 "-" "Baiduspider+(+http://www.baidu.com/search/spider.htm)"
220.181.108.76 - - [23/Jan/2011:23:27:15 +0100] "GET / HTTP/1.1" 200 326 "-" "Baiduspider+(+http://www.baidu.com/search/spider.htm)"
123.125.71.12 - - [24/Jan/2011:04:28:10 +0100] "GET / HTTP/1.1" 200 326 "-" "Baiduspider+(+http://www.baidu.com/search/spider.htm)"
220.181.108.76 - - [24/Jan/2011:04:28:36 +0100] "GET / HTTP/1.1" 200 326 "-" "Baiduspider+(+http://www.baidu.com/search/spider.htm)"
123.125.71.28 - - [24/Jan/2011:07:26:00 +0100] "GET / HTTP/1.1" 200 326 "-" "Baiduspider+(+http://www.baidu.com/search/spider.htm)"
220.181.108.92 - - [24/Jan/2011:07:26:21 +0100] "GET / HTTP/1.1" 200 326 "-" "Baiduspider+(+http://www.baidu.com/search/spider.htm)"
123.125.71.32 - - [24/Jan/2011:08:25:59 +0100] "GET / HTTP/1.1" 200 326 "-" "Baiduspider+(+http://www.baidu.com/search/spider.htm)"
220.181.108.87 - - [24/Jan/2011:08:26:20 +0100] "GET / HTTP/1.1" 200 326 "-" "Baiduspider+(+http://www.baidu.com/search/spider.htm)"
123.125.71.12 - - [24/Jan/2011:18:28:01 +0100] "GET / HTTP/1.1" 200 326 "-" "Baiduspider+(+http://www.baidu.com/search/spider.htm)"
220.181.108.88 - - [24/Jan/2011:18:28:25 +0100] "GET / HTTP/1.1" 200 326 "-" "Baiduspider+(+http://www.baidu.com/search/spider.htm)"
95.108.158.134 - - [24/Jan/2011:21:44:34 +0100] "GET /robots.txt HTTP/1.1" 404 1256 "-" "Mozilla/5.0 (compatible; YandexBot/3.0; +http://yandex.com/bots)"
123.125.71.29 - - [24/Jan/2011:22:26:15 +0100] "GET / HTTP/1.1" 200 326 "-" "Baiduspider+(+http://www.baidu.com/search/spider.htm)"
220.181.108.76 - - [24/Jan/2011:22:26:37 +0100] "GET / HTTP/1.1" 200 326 "-" "Baiduspider+(+http://www.baidu.com/search/spider.htm)"
123.125.71.33 - - [24/Jan/2011:23:26:58 +0100] "GET / HTTP/1.1" 200 326 "-" "Baiduspider+(+http://www.baidu.com/search/spider.htm)"
220.181.108.93 - - [24/Jan/2011:23:27:19 +0100] "GET / HTTP/1.1" 200 326 "-" "Baiduspider+(+http://www.baidu.com/search/spider.htm)"
207.46.204.231 - - [24/Jan/2011:23:28:39 +0100] "GET /robots.txt HTTP/1.1" 404 1256 "-" "Mozilla/5.0 (compatible; bingbot/2.0; +http://www.bing.com/bingbot.htm)"
207.46.204.231 - - [24/Jan/2011:23:30:24 +0100] "GET / HTTP/1.1" 304 - "-" "Mozilla/5.0 (compatible; bingbot/2.0; +http://www.bing.com/bingbot.htm)"
95.108.158.134 - - [25/Jan/2011:00:29:42 +0100] "GET / HTTP/1.1" 200 326 "-" "Mozilla/5.0 (compatible; YandexBot/3.0; +http://yandex.com/bots)"
50.16.17.82 - - [25/Jan/2011:03:52:40 +0100] "HEAD / HTTP/1.1" 200 - "-" "Mozilla/5.0 (Windows; U; Windows NT 6.0; en-US; rv:1.9.2.3) Gecko/20100401 Firefox/3.6.3 GTB6 (.NET CLR 3.5.30729)"
178.77.78.8 - - [25/Jan/2011:04:27:51 +0100] "GET / HTTP/1.0" 200 326 "http://web2design.myprivatetrade.com" "Mozilla/4.0 (compatible; MSIE 7.0; Windows NT 6.0; Trident/4.0)"
123.125.71.12 - - [25/Jan/2011:14:26:33 +0100] "GET / HTTP/1.1" 200 326 "-" "Baiduspider+(+http://www.baidu.com/search/spider.htm)"
220.181.108.82 - - [25/Jan/2011:14:26:56 +0100] "GET / HTTP/1.1" 200 326 "-" "Baiduspider+(+http://www.baidu.com/search/spider.htm)"
123.125.71.24 - - [25/Jan/2011:17:37:35 +0100] "GET / HTTP/1.1" 200 326 "-" "Baiduspider+(+http://www.baidu.com/search/spider.htm)"
220.181.108.97 - - [25/Jan/2011:17:38:10 +0100] "GET / HTTP/1.1" 200 326 "-" "Baiduspider+(+http://www.baidu.com/search/spider.htm)"
123.125.71.19 - - [25/Jan/2011:18:27:59 +0100] "GET / HTTP/1.1" 200 326 "-" "Baiduspider+(+http://www.baidu.com/search/spider.htm)"
220.181.108.75 - - [25/Jan/2011:18:28:22 +0100] "GET / HTTP/1.1" 200 326 "-" "Baiduspider+(+http://www.baidu.com/search/spider.htm)"
123.125.71.33 - - [25/Jan/2011:22:25:57 +0100] "GET / HTTP/1.1" 200 326 "-" "Baiduspider+(+http://www.baidu.com/search/spider.htm)"
220.181.108.83 - - [25/Jan/2011:22:26:17 +0100] "GET / HTTP/1.1" 200 326 "-" "Baiduspider+(+http://www.baidu.com/search/spider.htm)"
184.72.180.150 - - [25/Jan/2011:23:07:56 +0100] "GET / HTTP/1.0" 200 326 "-" "Mozilla/5.0 (compatible; NetcraftSurveyAgent/1.0; +info@netcraft.com)"
123.125.71.33 - - [25/Jan/2011:23:26:48 +0100] "GET / HTTP/1.1" 200 326 "-" "Baiduspider+(+http://www.baidu.com/search/spider.htm)"
220.181.108.95 - - [25/Jan/2011:23:27:09 +0100] "GET / HTTP/1.1" 200 326 "-" "Baiduspider+(+http://www.baidu.com/search/spider.htm)"
123.125.71.117 - - [26/Jan/2011:00:52:25 +0100] "GET / HTTP/1.1" 304 - "-" "Baiduspider+(+http://www.baidu.com/search/spider.htm)"
220.181.7.25 - - [26/Jan/2011:03:38:09 +0100] "GET /robots.txt HTTP/1.1" 404 1256 "-" "Baiduspider+(+http://www.baidu.com/search/spider.htm)"
123.125.71.33 - - [26/Jan/2011:04:28:28 +0100] "GET / HTTP/1.1" 200 326 "-" "Baiduspider+(+http://www.baidu.com/search/spider.htm)"
220.181.108.86 - - [26/Jan/2011:04:28:53 +0100] "GET / HTTP/1.1" 200 326 "-" "Baiduspider+(+http://www.baidu.com/search/spider.htm)"
123.125.71.32 - - [26/Jan/2011:08:26:03 +0100] "GET / HTTP/1.1" 200 326 "-" "Baiduspider+(+http://www.baidu.com/search/spider.htm)"
220.181.108.86 - - [26/Jan/2011:08:26:24 +0100] "GET / HTTP/1.1" 200 326 "-" "Baiduspider+(+http://www.baidu.com/search/spider.htm)"
123.125.71.12 - - [26/Jan/2011:13:27:02 +0100] "GET / HTTP/1.1" 200 326 "-" "Baiduspider+(+http://www.baidu.com/search/spider.htm)"
220.181.108.83 - - [26/Jan/2011:13:27:28 +0100] "GET / HTTP/1.1" 200 326 "-" "Baiduspider+(+http://www.baidu.com/search/spider.htm)"
220.181.7.19 - - [26/Jan/2011:18:26:35 +0100] "GET /robots.txt HTTP/1.1" 404 1256 "-" "Baiduspider+(+http://www.baidu.com/search/spider.htm)"
123.125.71.17 - - [26/Jan/2011:22:25:55 +0100] "GET / HTTP/1.1" 200 326 "-" "Baiduspider+(+http://www.baidu.com/search/spider.htm)"
220.181.108.96 - - [26/Jan/2011:22:26:16 +0100] "GET / HTTP/1.1" 200 326 "-" "Baiduspider+(+http://www.baidu.com/search/spider.htm)"
178.77.77.146 - - [27/Jan/2011:02:54:02 +0100] "GET / HTTP/1.0" 200 326 "http://www.paybox.me/r/breezie" "Mozilla/4.0 (compatible; MSIE 7.0; Windows NT 6.0; Trident/4.0)"
123.125.71.31 - - [27/Jan/2011:03:27:20 +0100] "GET / HTTP/1.1" 200 326 "-" "Baiduspider+(+http://www.baidu.com/search/spider.htm)"
220.181.108.91 - - [27/Jan/2011:03:27:44 +0100] "GET / HTTP/1.1" 200 326 "-" "Baiduspider+(+http://www.baidu.com/search/spider.htm)"
123.125.71.26 - - [27/Jan/2011:04:27:46 +0100] "GET / HTTP/1.1" 200 326 "-" "Baiduspider+(+http://www.baidu.com/search/spider.htm)"
220.181.108.89 - - [27/Jan/2011:04:28:14 +0100] "GET / HTTP/1.1" 200 326 "-" "Baiduspider+(+http://www.baidu.com/search/spider.htm)"
69.28.58.35 - - [27/Jan/2011:04:48:32 +0100] "GET / HTTP/1.1" 200 326 "-" "Wget/1.9+cvs-stable (Red Hat modified)"
207.182.146.234 - - [27/Jan/2011:08:22:59 +0100] "GET / HTTP/1.1" 200 326 "-" "Java/1.6.0_22"
123.125.71.26 - - [27/Jan/2011:09:26:18 +0100] "GET / HTTP/1.1" 200 326 "-" "Baiduspider+(+http://www.baidu.com/search/spider.htm)"
220.181.108.93 - - [27/Jan/2011:09:26:37 +0100] "GET / HTTP/1.1" 200 326 "-" "Baiduspider+(+http://www.baidu.com/search/spider.htm)"
123.125.71.19 - - [27/Jan/2011:13:27:42 +0100] "GET / HTTP/1.1" 200 326 "-" "Baiduspider+(+http://www.baidu.com/search/spider.htm)"
220.181.108.93 - - [27/Jan/2011:13:28:04 +0100] "GET / HTTP/1.1" 200 326 "-" "Baiduspider+(+http://www.baidu.com/search/spider.htm)"
123.125.71.25 - - [27/Jan/2011:14:25:52 +0100] "GET / HTTP/1.1" 200 326 "-" "Baiduspider+(+http://www.baidu.com/search/spider.htm)"
220.181.108.93 - - [27/Jan/2011:14:26:14 +0100] "GET / HTTP/1.1" 200 326 "-" "Baiduspider+(+http://www.baidu.com/search/spider.htm)"
123.125.71.111 - - [27/Jan/2011:16:38:33 +0100] "GET / HTTP/1.1" 304 - "-" "Baiduspider+(+http://www.baidu.com/search/spider.htm)"
123.125.71.22 - - [27/Jan/2011:18:27:27 +0100] "GET / HTTP/1.1" 200 326 "-" "Baiduspider+(+http://www.baidu.com/search/spider.htm)"
220.181.108.80 - - [27/Jan/2011:18:27:48 +0100] "GET / HTTP/1.1" 200 326 "-" "Baiduspider+(+http://www.baidu.com/search/spider.htm)"
123.125.71.28 - - [27/Jan/2011:23:26:59 +0100] "GET / HTTP/1.1" 200 326 "-" "Baiduspider+(+http://www.baidu.com/search/spider.htm)"
220.181.108.90 - - [27/Jan/2011:23:27:20 +0100] "GET / HTTP/1.1" 200 326 "-" "Baiduspider+(+http://www.baidu.com/search/spider.htm)"
95.108.158.134 - - [28/Jan/2011:00:23:56 +0100] "GET /robots.txt HTTP/1.1" 404 1256 "-" "Mozilla/5.0 (compatible; YandexBot/3.0; +http://yandex.com/bots)"
95.108.158.134 - - [28/Jan/2011:04:04:39 +0100] "GET / HTTP/1.1" 200 326 "-" "Mozilla/5.0 (compatible; YandexBot/3.0; +http://yandex.com/bots)"
123.125.71.18 - - [28/Jan/2011:04:27:56 +0100] "GET / HTTP/1.1" 200 326 "-" "Baiduspider+(+http://www.baidu.com/search/spider.htm)"
220.181.108.87 - - [28/Jan/2011:04:28:20 +0100] "GET / HTTP/1.1" 200 326 "-" "Baiduspider+(+http://www.baidu.com/search/spider.htm)"
64.246.161.30 - - [28/Jan/2011:14:18:29 +0100] "GET /robots.txt HTTP/1.0" 404 1256 "-" "Mozilla/5.0 (Windows; U; Windows NT 5.1; en; rv:1.9.0.13) Gecko/2009073022 Firefox/3.5.2 (.NET CLR 3.5.30729) SurveyBot/2.3 (DomainTools)"
64.246.161.30 - - [28/Jan/2011:14:18:30 +0100] "GET / HTTP/1.1" 200 326 "http://whois.domaintools.com/ruehling.com" "Mozilla/5.0 (Windows; U; Windows NT 5.1; en; rv:1.9.0.13) Gecko/2009073022 Firefox/3.5.2 (.NET CLR 3.5.30729) SurveyBot/2.3 (DomainTools)"
123.125.71.110 - - [29/Jan/2011:01:32:32 +0100] "GET / HTTP/1.1" 200 326 "-" "Baiduspider+(+http://www.baidu.com/search/spider.htm)"
123.125.71.21 - - [29/Jan/2011:04:28:17 +0100] "GET / HTTP/1.1" 200 326 "-" "Baiduspider+(+http://www.baidu.com/search/spider.htm)"
220.181.108.96 - - [29/Jan/2011:04:28:42 +0100] "GET / HTTP/1.1" 200 326 "-" "Baiduspider+(+http://www.baidu.com/search/spider.htm)"
220.181.7.39 - - [29/Jan/2011:10:34:05 +0100] "GET /robots.txt HTTP/1.1" 404 1256 "-" "Baiduspider+(+http://www.baidu.com/search/spider.htm)"
123.125.71.36 - - [29/Jan/2011:14:28:03 +0100] "GET / HTTP/1.1" 200 326 "-" "Baiduspider+(+http://www.baidu.com/search/spider.htm)"
220.181.108.86 - - [29/Jan/2011:14:28:27 +0100] "GET / HTTP/1.1" 200 326 "-" "Baiduspider+(+http://www.baidu.com/search/spider.htm)"
207.241.227.79 - - [29/Jan/2011:22:38:33 +0100] "GET /robots.txt HTTP/1.1" 404 1256 "-" "ia_archiver-web.archive.org"
69.50.200.141 - - [29/Jan/2011:22:38:36 +0100] "GET / HTTP/1.1" 200 326 "-" "Opera/9.20 (Windows NT 6.0; U; en)"
123.125.71.24 - - [30/Jan/2011:02:28:19 +0100] "GET / HTTP/1.1" 200 326 "-" "Baiduspider+(+http://www.baidu.com/search/spider.htm)"
220.181.108.80 - - [30/Jan/2011:02:28:43 +0100] "GET / HTTP/1.1" 200 326 "-" "Baiduspider+(+http://www.baidu.com/search/spider.htm)"
123.125.71.16 - - [30/Jan/2011:03:29:16 +0100] "GET / HTTP/1.1" 200 326 "-" "Baiduspider+(+http://www.baidu.com/search/spider.htm)"
69.28.58.9 - - [30/Jan/2011:03:29:28 +0100] "GET / HTTP/1.1" 200 326 "-" "Wget/1.9+cvs-stable (Red Hat modified)"
