87.139.183.142 - - [02/Apr/2013:09:28:49 +0200] "GET /impressum.php HTTP/1.1" 200 4709 "http://www.vita-apotheke.com/kontakt.php" "Mozilla/5.0 (compatible; MSIE 9.0; Windows NT 6.1; Win64; x64; Trident/5.0)"
150.70.196.170 - - [02/Apr/2013:09:28:54 +0200] "GET /js/jquery-1.5.1.min.js HTTP/1.0" 200 85260 "-" "Mozilla/4.0 (compatible; MSIE 6.0; Windows NT 5.1)"
150.70.75.35 - - [02/Apr/2013:09:29:39 +0200] "GET /js/jquery.cross-slide.js HTTP/1.0" 200 6780 "-" "Mozilla/4.0 (compatible; MSIE 6.0; Windows NT 5.1)"
150.70.75.35 - - [02/Apr/2013:09:29:47 +0200] "GET /js/fancybox/jquery.fancybox-1.3.4.pack.js HTTP/1.0" 200 15624 "-" "Mozilla/4.0 (compatible; MSIE 6.0; Windows NT 5.1)"
150.70.97.120 - - [02/Apr/2013:09:30:39 +0200] "GET /kontakt.php HTTP/1.1" 200 5112 "-" "Mozilla/4.0 (compatible; MSIE 8.0; Windows NT 5.1; Trident/4.0)"
150.70.75.30 - - [02/Apr/2013:09:30:55 +0200] "GET /impressum.php HTTP/1.0" 200 4709 "-" "Mozilla/4.0 (compatible; MSIE 6.0; Windows NT 5.1)"
150.70.75.35 - - [02/Apr/2013:09:31:45 +0200] "GET /kontakt.php HTTP/1.0" 200 5112 "-" "Mozilla/4.0 (compatible; MSIE 6.0; Windows NT 5.1)"
150.70.97.117 - - [02/Apr/2013:09:33:15 +0200] "GET /impressum.php HTTP/1.1" 200 4709 "-" "Mozilla/4.0 (compatible; MSIE 8.0; Windows NT 5.1; Trident/4.0)"
150.70.196.170 - - [02/Apr/2013:09:34:30 +0200] "GET /impressum.php HTTP/1.0" 200 4709 "-" "Mozilla/4.0 (compatible; MSIE 6.0; Windows NT 5.1)"
93.220.66.76 - - [02/Apr/2013:10:56:48 +0200] "GET / HTTP/1.1" 200 4552 "http://www.google.de/url?sa=t&rct=j&q=vita%20apotheke%20berlin&source=web&cd=3&ved=0CEkQoAIwAg&url=http%3A%2F%2Fwww.vita-apotheke.com%2F&ei=QJ1aUeHBBsvRsga2hYCADQ&usg=AFQjCNGHscoO06lKwKfUZWpPexrvGv3sxg&bvm=bv.44697112,bs.1,d.Yms" "Mozilla/5.0 (Macintosh; U; Intel Mac OS X 10_6_8; de-de) AppleWebKit/533.21.1 (KHTML, like Gecko) Version/5.0.5 Safari/533.21.1"
93.220.66.76 - - [02/Apr/2013:10:56:48 +0200] "GET /js/jquery.cross-slide.js HTTP/1.1" 200 6780 "http://www.vita-apotheke.com/" "Mozilla/5.0 (Macintosh; U; Intel Mac OS X 10_6_8; de-de) AppleWebKit/533.21.1 (KHTML, like Gecko) Version/5.0.5 Safari/533.21.1"
93.220.66.76 - - [02/Apr/2013:10:56:48 +0200] "GET /css/vita.css HTTP/1.1" 200 5485 "http://www.vita-apotheke.com/" "Mozilla/5.0 (Macintosh; U; Intel Mac OS X 10_6_8; de-de) AppleWebKit/533.21.1 (KHTML, like Gecko) Version/5.0.5 Safari/533.21.1"
93.220.66.76 - - [02/Apr/2013:10:56:48 +0200] "GET /js/fancybox/jquery.fancybox-1.3.4.pack.js HTTP/1.1" 200 15624 "http://www.vita-apotheke.com/" "Mozilla/5.0 (Macintosh; U; Intel Mac OS X 10_6_8; de-de) AppleWebKit/533.21.1 (KHTML, like Gecko) Version/5.0.5 Safari/533.21.1"
93.220.66.76 - - [02/Apr/2013:10:56:48 +0200] "GET /js/fancybox/jquery.fancybox-1.3.4.css HTTP/1.1" 200 8494 "http://www.vita-apotheke.com/" "Mozilla/5.0 (Macintosh; U; Intel Mac OS X 10_6_8; de-de) AppleWebKit/533.21.1 (KHTML, like Gecko) Version/5.0.5 Safari/533.21.1"
93.220.66.76 - - [02/Apr/2013:10:56:48 +0200] "GET /js/jquery-1.5.1.min.js HTTP/1.1" 200 85260 "http://www.vita-apotheke.com/" "Mozilla/5.0 (Macintosh; U; Intel Mac OS X 10_6_8; de-de) AppleWebKit/533.21.1 (KHTML, like Gecko) Version/5.0.5 Safari/533.21.1"
93.220.66.76 - - [02/Apr/2013:10:56:48 +0200] "GET /images/quapos-zertifikat.jpg HTTP/1.1" 200 3804 "http://www.vita-apotheke.com/" "Mozilla/5.0 (Macintosh; U; Intel Mac OS X 10_6_8; de-de) AppleWebKit/533.21.1 (KHTML, like Gecko) Version/5.0.5 Safari/533.21.1"
93.220.66.76 - - [02/Apr/2013:10:56:48 +0200] "GET /images/AKB_QMS_Liskow_2006.png HTTP/1.1" 200 6005 "http://www.vita-apotheke.com/" "Mozilla/5.0 (Macintosh; U; Intel Mac OS X 10_6_8; de-de) AppleWebKit/533.21.1 (KHTML, like Gecko) Version/5.0.5 Safari/533.21.1"
93.220.66.76 - - [02/Apr/2013:10:56:48 +0200] "GET /images/MA_MonikaLorenz.jpg HTTP/1.1" 200 46854 "http://www.vita-apotheke.com/" "Mozilla/5.0 (Macintosh; U; Intel Mac OS X 10_6_8; de-de) AppleWebKit/533.21.1 (KHTML, like Gecko) Version/5.0.5 Safari/533.21.1"
93.220.66.76 - - [02/Apr/2013:10:56:48 +0200] "GET /images/grafik_navi_mittelgruen.jpg HTTP/1.1" 200 13783 "http://www.vita-apotheke.com/" "Mozilla/5.0 (Macintosh; U; Intel Mac OS X 10_6_8; de-de) AppleWebKit/533.21.1 (KHTML, like Gecko) Version/5.0.5 Safari/533.21.1"
93.220.66.76 - - [02/Apr/2013:10:56:48 +0200] "GET /images/vita-logo-dunkelgruen.jpg HTTP/1.1" 200 7021 "http://www.vita-apotheke.com/" "Mozilla/5.0 (Macintosh; U; Intel Mac OS X 10_6_8; de-de) AppleWebKit/533.21.1 (KHTML, like Gecko) Version/5.0.5 Safari/533.21.1"
93.220.66.76 - - [02/Apr/2013:10:56:49 +0200] "GET /favicon.ico HTTP/1.1" 404 1256 "http://www.vita-apotheke.com/" "Mozilla/5.0 (Macintosh; U; Intel Mac OS X 10_6_8; de-de) AppleWebKit/533.21.1 (KHTML, like Gecko) Version/5.0.5 Safari/533.21.1"
217.68.171.25 - - [02/Apr/2013:11:41:16 +0200] "GET /kontakt.php HTTP/1.1" 200 5112 "-" "Mozilla/5.0 (Windows NT 6.0; rv:19.0) Gecko/20100101 Firefox/19.0"
217.68.171.25 - - [02/Apr/2013:11:41:16 +0200] "GET /css/vita.css HTTP/1.1" 200 5485 "http://www.vita-apotheke.com/kontakt.php" "Mozilla/5.0 (Windows NT 6.0; rv:19.0) Gecko/20100101 Firefox/19.0"
217.68.171.25 - - [02/Apr/2013:11:41:16 +0200] "GET /js/fancybox/jquery.fancybox-1.3.4.pack.js HTTP/1.1" 200 15624 "http://www.vita-apotheke.com/kontakt.php" "Mozilla/5.0 (Windows NT 6.0; rv:19.0) Gecko/20100101 Firefox/19.0"
217.68.171.25 - - [02/Apr/2013:11:41:16 +0200] "GET /js/jquery.cross-slide.js HTTP/1.1" 200 6780 "http://www.vita-apotheke.com/kontakt.php" "Mozilla/5.0 (Windows NT 6.0; rv:19.0) Gecko/20100101 Firefox/19.0"
217.68.171.25 - - [02/Apr/2013:11:41:16 +0200] "GET /images/AKB_QMS_Liskow_2006.png HTTP/1.1" 200 6005 "http://www.vita-apotheke.com/kontakt.php" "Mozilla/5.0 (Windows NT 6.0; rv:19.0) Gecko/20100101 Firefox/19.0"
217.68.171.25 - - [02/Apr/2013:11:41:16 +0200] "GET /js/fancybox/jquery.fancybox-1.3.4.css HTTP/1.1" 200 8494 "http://www.vita-apotheke.com/kontakt.php" "Mozilla/5.0 (Windows NT 6.0; rv:19.0) Gecko/20100101 Firefox/19.0"
217.68.171.25 - - [02/Apr/2013:11:41:16 +0200] "GET /images/quapos-zertifikat.jpg HTTP/1.1" 200 3804 "http://www.vita-apotheke.com/kontakt.php" "Mozilla/5.0 (Windows NT 6.0; rv:19.0) Gecko/20100101 Firefox/19.0"
217.68.171.25 - - [02/Apr/2013:11:41:16 +0200] "GET /js/jquery-1.5.1.min.js HTTP/1.1" 200 85260 "http://www.vita-apotheke.com/kontakt.php" "Mozilla/5.0 (Windows NT 6.0; rv:19.0) Gecko/20100101 Firefox/19.0"
217.68.171.25 - - [02/Apr/2013:11:41:17 +0200] "GET /images/grafik_navi_mittelgruen.jpg HTTP/1.1" 200 13783 "http://www.vita-apotheke.com/css/vita.css" "Mozilla/5.0 (Windows NT 6.0; rv:19.0) Gecko/20100101 Firefox/19.0"
217.68.171.25 - - [02/Apr/2013:11:41:17 +0200] "GET /images/vita-logo-dunkelgruen.jpg HTTP/1.1" 200 7021 "http://www.vita-apotheke.com/css/vita.css" "Mozilla/5.0 (Windows NT 6.0; rv:19.0) Gecko/20100101 Firefox/19.0"
217.68.171.25 - - [02/Apr/2013:11:41:18 +0200] "GET /favicon.ico HTTP/1.1" 404 1256 "-" "Mozilla/5.0 (Windows NT 6.0; rv:19.0) Gecko/20100101 Firefox/19.0"
217.68.171.25 - - [02/Apr/2013:11:41:23 +0200] "GET /historie.php HTTP/1.1" 200 5199 "http://www.vita-apotheke.com/kontakt.php" "Mozilla/5.0 (Windows NT 6.0; rv:19.0) Gecko/20100101 Firefox/19.0"
217.68.171.25 - - [02/Apr/2013:11:41:23 +0200] "GET /images/Historie01.jpg HTTP/1.1" 200 17762 "http://www.vita-apotheke.com/historie.php" "Mozilla/5.0 (Windows NT 6.0; rv:19.0) Gecko/20100101 Firefox/19.0"
217.68.171.25 - - [02/Apr/2013:11:41:23 +0200] "GET /images/Historie.jpg HTTP/1.1" 200 22682 "http://www.vita-apotheke.com/historie.php" "Mozilla/5.0 (Windows NT 6.0; rv:19.0) Gecko/20100101 Firefox/19.0"
217.68.171.25 - - [02/Apr/2013:11:41:32 +0200] "GET /mitarbeiter.php HTTP/1.1" 200 6899 "http://www.vita-apotheke.com/historie.php" "Mozilla/5.0 (Windows NT 6.0; rv:19.0) Gecko/20100101 Firefox/19.0"
217.68.171.25 - - [02/Apr/2013:11:41:32 +0200] "GET /images/MA_Arnim_Apotheke.jpg HTTP/1.1" 200 43855 "http://www.vita-apotheke.com/mitarbeiter.php" "Mozilla/5.0 (Windows NT 6.0; rv:19.0) Gecko/20100101 Firefox/19.0"
217.68.171.25 - - [02/Apr/2013:11:41:32 +0200] "GET /images/MA_BirgitBurkhardt.jpg HTTP/1.1" 200 39949 "http://www.vita-apotheke.com/mitarbeiter.php" "Mozilla/5.0 (Windows NT 6.0; rv:19.0) Gecko/20100101 Firefox/19.0"
217.68.171.25 - - [02/Apr/2013:11:41:32 +0200] "GET /images/MA_MonikaLorenz1.jpg HTTP/1.1" 200 48000 "http://www.vita-apotheke.com/mitarbeiter.php" "Mozilla/5.0 (Windows NT 6.0; rv:19.0) Gecko/20100101 Firefox/19.0"
217.68.171.25 - - [02/Apr/2013:11:41:33 +0200] "GET /images/MA_JuttaLangbein.jpg HTTP/1.1" 200 47891 "http://www.vita-apotheke.com/mitarbeiter.php" "Mozilla/5.0 (Windows NT 6.0; rv:19.0) Gecko/20100101 Firefox/19.0"
217.68.171.25 - - [02/Apr/2013:11:41:32 +0200] "GET /images/MA_AndreasHidde.jpg HTTP/1.1" 200 42347 "http://www.vita-apotheke.com/mitarbeiter.php" "Mozilla/5.0 (Windows NT 6.0; rv:19.0) Gecko/20100101 Firefox/19.0"
217.68.171.25 - - [02/Apr/2013:11:41:32 +0200] "GET /images/MA_Vita_Apotheke_Startseite.jpg HTTP/1.1" 200 45767 "http://www.vita-apotheke.com/mitarbeiter.php" "Mozilla/5.0 (Windows NT 6.0; rv:19.0) Gecko/20100101 Firefox/19.0"
217.68.171.25 - - [02/Apr/2013:11:41:33 +0200] "GET /images/MA_MarianneRuhnke.jpg HTTP/1.1" 200 39674 "http://www.vita-apotheke.com/mitarbeiter.php" "Mozilla/5.0 (Windows NT 6.0; rv:19.0) Gecko/20100101 Firefox/19.0"
217.68.171.25 - - [02/Apr/2013:11:41:33 +0200] "GET /images/MA_Bode.jpg HTTP/1.1" 200 8375 "http://www.vita-apotheke.com/mitarbeiter.php" "Mozilla/5.0 (Windows NT 6.0; rv:19.0) Gecko/20100101 Firefox/19.0"
217.68.171.25 - - [02/Apr/2013:11:41:32 +0200] "GET /images/MA_DoerteMeinsen.jpg HTTP/1.1" 200 48925 "http://www.vita-apotheke.com/mitarbeiter.php" "Mozilla/5.0 (Windows NT 6.0; rv:19.0) Gecko/20100101 Firefox/19.0"
217.68.171.25 - - [02/Apr/2013:11:41:33 +0200] "GET /images/MA_MichaelLeihs.jpg HTTP/1.1" 200 41017 "http://www.vita-apotheke.com/mitarbeiter.php" "Mozilla/5.0 (Windows NT 6.0; rv:19.0) Gecko/20100101 Firefox/19.0"
217.68.171.25 - - [02/Apr/2013:11:41:33 +0200] "GET /images/MA_Dieter_Wrusch.jpg HTTP/1.1" 200 11791 "http://www.vita-apotheke.com/mitarbeiter.php" "Mozilla/5.0 (Windows NT 6.0; rv:19.0) Gecko/20100101 Firefox/19.0"
217.68.171.25 - - [02/Apr/2013:11:41:33 +0200] "GET /images/MA_HeikeGudereit.jpg HTTP/1.1" 200 33826 "http://www.vita-apotheke.com/mitarbeiter.php" "Mozilla/5.0 (Windows NT 6.0; rv:19.0) Gecko/20100101 Firefox/19.0"
217.68.171.25 - - [02/Apr/2013:11:41:33 +0200] "GET /images/MA_ChristineSchrade.jpg HTTP/1.1" 200 38398 "http://www.vita-apotheke.com/mitarbeiter.php" "Mozilla/5.0 (Windows NT 6.0; rv:19.0) Gecko/20100101 Firefox/19.0"
217.68.171.25 - - [02/Apr/2013:11:41:33 +0200] "GET /images/MA_AnjaJacob.jpg HTTP/1.1" 200 42072 "http://www.vita-apotheke.com/mitarbeiter.php" "Mozilla/5.0 (Windows NT 6.0; rv:19.0) Gecko/20100101 Firefox/19.0"
217.68.171.25 - - [02/Apr/2013:11:41:33 +0200] "GET /images/MA_Marion_Lemke.jpg HTTP/1.1" 200 8394 "http://www.vita-apotheke.com/mitarbeiter.php" "Mozilla/5.0 (Windows NT 6.0; rv:19.0) Gecko/20100101 Firefox/19.0"
217.68.171.25 - - [02/Apr/2013:11:41:33 +0200] "GET /images/MA_KarinGroeschner.jpg HTTP/1.1" 200 33459 "http://www.vita-apotheke.com/mitarbeiter.php" "Mozilla/5.0 (Windows NT 6.0; rv:19.0) Gecko/20100101 Firefox/19.0"
217.68.171.25 - - [02/Apr/2013:11:41:33 +0200] "GET /images/MA_MagittPilgrim.jpg HTTP/1.1" 200 9139 "http://www.vita-apotheke.com/mitarbeiter.php" "Mozilla/5.0 (Windows NT 6.0; rv:19.0) Gecko/20100101 Firefox/19.0"
217.68.171.25 - - [02/Apr/2013:11:41:33 +0200] "GET /images/MA_Ajmic.jpg HTTP/1.1" 200 8577 "http://www.vita-apotheke.com/mitarbeiter.php" "Mozilla/5.0 (Windows NT 6.0; rv:19.0) Gecko/20100101 Firefox/19.0"
217.68.171.25 - - [02/Apr/2013:11:41:33 +0200] "GET /images/MA_ArnoBarz.jpg HTTP/1.1" 200 10186 "http://www.vita-apotheke.com/mitarbeiter.php" "Mozilla/5.0 (Windows NT 6.0; rv:19.0) Gecko/20100101 Firefox/19.0"
194.127.8.25 - - [02/Apr/2013:12:24:17 +0200] "GET / HTTP/1.1" 200 4552 "-" "Mozilla/4.0 (compatible; MSIE 7.0; Windows NT 5.1; .NET CLR 1.1.4322; .NET CLR 2.0.50727; .NET CLR 3.0.4506.2152; .NET CLR 3.5.30729; MS-RTC LM 8; .NET4.0C; .NET4.0E)"
194.127.8.25 - - [02/Apr/2013:12:24:17 +0200] "GET / HTTP/1.1" 200 4552 "-" "Mozilla/4.0 (compatible; MSIE 7.0; Windows NT 5.1; .NET CLR 1.1.4322; .NET CLR 2.0.50727; .NET CLR 3.0.4506.2152; .NET CLR 3.5.30729; MS-RTC LM 8; .NET4.0C; .NET4.0E)"
194.127.8.25 - - [02/Apr/2013:12:24:17 +0200] "GET /css/vita.css HTTP/1.1" 200 5485 "http://www.vita-apotheke.com/" "Mozilla/4.0 (compatible; MSIE 7.0; Windows NT 5.1; .NET CLR 1.1.4322; .NET CLR 2.0.50727; .NET CLR 3.0.4506.2152; .NET CLR 3.5.30729; MS-RTC LM 8; .NET4.0C; .NET4.0E)"
194.127.8.18 - - [02/Apr/2013:12:24:17 +0200] "GET /images/AKB_QMS_Liskow_2006.png HTTP/1.1" 200 6005 "-" "Mozilla/4.0 (compatible;)"
194.127.8.18 - - [02/Apr/2013:12:24:17 +0200] "GET /images/quapos-zertifikat.jpg HTTP/1.1" 200 3804 "-" "Mozilla/4.0 (compatible;)"
194.127.8.25 - - [02/Apr/2013:12:24:17 +0200] "GET /js/jquery-1.5.1.min.js HTTP/1.1" 200 85260 "http://www.vita-apotheke.com/" "Mozilla/4.0 (compatible; MSIE 7.0; Windows NT 5.1; .NET CLR 1.1.4322; .NET CLR 2.0.50727; .NET CLR 3.0.4506.2152; .NET CLR 3.5.30729; MS-RTC LM 8; .NET4.0C; .NET4.0E)"
194.127.8.18 - - [02/Apr/2013:12:24:17 +0200] "GET /images/MA_MonikaLorenz.jpg HTTP/1.1" 200 46854 "-" "Mozilla/4.0 (compatible;)"
194.127.8.25 - - [02/Apr/2013:12:24:18 +0200] "GET /js/jquery.cross-slide.js HTTP/1.1" 200 6780 "http://www.vita-apotheke.com/" "Mozilla/4.0 (compatible; MSIE 7.0; Windows NT 5.1; .NET CLR 1.1.4322; .NET CLR 2.0.50727; .NET CLR 3.0.4506.2152; .NET CLR 3.5.30729; MS-RTC LM 8; .NET4.0C; .NET4.0E)"
194.127.8.25 - - [02/Apr/2013:12:24:18 +0200] "GET /js/fancybox/jquery.fancybox-1.3.4.pack.js HTTP/1.1" 200 15624 "http://www.vita-apotheke.com/" "Mozilla/4.0 (compatible; MSIE 7.0; Windows NT 5.1; .NET CLR 1.1.4322; .NET CLR 2.0.50727; .NET CLR 3.0.4506.2152; .NET CLR 3.5.30729; MS-RTC LM 8; .NET4.0C; .NET4.0E)"
194.127.8.25 - - [02/Apr/2013:12:24:18 +0200] "GET /js/fancybox/jquery.fancybox-1.3.4.css HTTP/1.1" 200 8494 "http://www.vita-apotheke.com/" "Mozilla/4.0 (compatible; MSIE 7.0; Windows NT 5.1; .NET CLR 1.1.4322; .NET CLR 2.0.50727; .NET CLR 3.0.4506.2152; .NET CLR 3.5.30729; MS-RTC LM 8; .NET4.0C; .NET4.0E)"
194.127.8.25 - - [02/Apr/2013:12:24:18 +0200] "GET /images/grafik_navi_mittelgruen.jpg HTTP/1.1" 200 13783 "http://www.vita-apotheke.com/" "Mozilla/4.0 (compatible; MSIE 7.0; Windows NT 5.1; .NET CLR 1.1.4322; .NET CLR 2.0.50727; .NET CLR 3.0.4506.2152; .NET CLR 3.5.30729; MS-RTC LM 8; .NET4.0C; .NET4.0E)"
194.127.8.25 - - [02/Apr/2013:12:24:18 +0200] "GET /images/vita-logo-dunkelgruen.jpg HTTP/1.1" 200 7021 "http://www.vita-apotheke.com/" "Mozilla/4.0 (compatible; MSIE 7.0; Windows NT 5.1; .NET CLR 1.1.4322; .NET CLR 2.0.50727; .NET CLR 3.0.4506.2152; .NET CLR 3.5.30729; MS-RTC LM 8; .NET4.0C; .NET4.0E)"
194.127.8.25 - - [02/Apr/2013:12:24:18 +0200] "GET /js/fancybox/fancybox.png HTTP/1.1" 200 15287 "http://www.vita-apotheke.com/" "Mozilla/4.0 (compatible; MSIE 7.0; Windows NT 5.1; .NET CLR 1.1.4322; .NET CLR 2.0.50727; .NET CLR 3.0.4506.2152; .NET CLR 3.5.30729; MS-RTC LM 8; .NET4.0C; .NET4.0E)"
194.127.8.25 - - [02/Apr/2013:12:24:18 +0200] "GET /js/fancybox/blank.gif HTTP/1.1" 200 43 "http://www.vita-apotheke.com/" "Mozilla/4.0 (compatible; MSIE 7.0; Windows NT 5.1; .NET CLR 1.1.4322; .NET CLR 2.0.50727; .NET CLR 3.0.4506.2152; .NET CLR 3.5.30729; MS-RTC LM 8; .NET4.0C; .NET4.0E)"
194.127.8.25 - - [02/Apr/2013:12:24:18 +0200] "GET /favicon.ico HTTP/1.1" 404 1256 "-" "Mozilla/4.0 (compatible; MSIE 7.0; Windows NT 5.1; .NET CLR 1.1.4322; .NET CLR 2.0.50727; .NET CLR 3.0.4506.2152; .NET CLR 3.5.30729; MS-RTC LM 8; .NET4.0C; .NET4.0E)"
194.127.8.25 - - [02/Apr/2013:12:24:32 +0200] "GET /sterillabor.php HTTP/1.1" 200 4343 "http://www.vita-apotheke.com/" "Mozilla/4.0 (compatible; MSIE 7.0; Windows NT 5.1; .NET CLR 1.1.4322; .NET CLR 2.0.50727; .NET CLR 3.0.4506.2152; .NET CLR 3.5.30729; MS-RTC LM 8; .NET4.0C; .NET4.0E)"
194.127.8.18 - - [02/Apr/2013:12:24:32 +0200] "GET /images/Sterilabteilung03.jpg HTTP/1.1" 200 34797 "-" "Mozilla/4.0 (compatible;)"
194.127.8.18 - - [02/Apr/2013:12:24:32 +0200] "GET /images/MA_Team_Zyto.jpg HTTP/1.1" 200 10684 "-" "Mozilla/4.0 (compatible;)"
194.127.8.24 - - [02/Apr/2013:12:25:14 +0200] "GET /favicon.ico HTTP/1.1" 404 1256 "-" "Mozilla/4.0 (compatible; MSIE 7.0; Windows NT 5.1; .NET CLR 1.1.4322; .NET CLR 2.0.50727; .NET CLR 3.0.4506.2152; .NET CLR 3.5.30729; MS-RTC LM 8; .NET4.0C; .NET4.0E)"
194.127.8.24 - - [02/Apr/2013:12:25:14 +0200] "GET / HTTP/1.1" 200 4552 "-" "Mozilla/4.0 (compatible; MSIE 7.0; Windows NT 5.1; .NET CLR 1.1.4322; .NET CLR 2.0.50727; .NET CLR 3.0.4506.2152; .NET CLR 3.5.30729; MS-RTC LM 8; .NET4.0C; .NET4.0E)"
194.127.8.24 - - [02/Apr/2013:12:25:14 +0200] "GET / HTTP/1.1" 200 4552 "-" "Mozilla/4.0 (compatible; MSIE 7.0; Windows NT 5.1; .NET CLR 1.1.4322; .NET CLR 2.0.50727; .NET CLR 3.0.4506.2152; .NET CLR 3.5.30729; MS-RTC LM 8; .NET4.0C; .NET4.0E)"
194.127.8.18 - - [02/Apr/2013:12:25:14 +0200] "GET /css/vita.css HTTP/1.1" 200 5485 "-" "Mozilla/4.0 (compatible;)"
194.127.8.18 - - [02/Apr/2013:12:25:14 +0200] "GET /js/jquery.cross-slide.js HTTP/1.1" 200 6780 "-" "Mozilla/4.0 (compatible;)"
194.127.8.18 - - [02/Apr/2013:12:25:14 +0200] "GET /js/fancybox/jquery.fancybox-1.3.4.css HTTP/1.1" 200 8494 "-" "Mozilla/4.0 (compatible;)"
194.127.8.18 - - [02/Apr/2013:12:25:14 +0200] "GET /js/fancybox/jquery.fancybox-1.3.4.pack.js HTTP/1.1" 200 15624 "-" "Mozilla/4.0 (compatible;)"
194.127.8.18 - - [02/Apr/2013:12:25:14 +0200] "GET /images/AKB_QMS_Liskow_2006.png HTTP/1.1" 200 6005 "-" "Mozilla/4.0 (compatible;)"
194.127.8.18 - - [02/Apr/2013:12:25:14 +0200] "GET /images/quapos-zertifikat.jpg HTTP/1.1" 200 3804 "-" "Mozilla/4.0 (compatible;)"
194.127.8.18 - - [02/Apr/2013:12:25:14 +0200] "GET /images/MA_MonikaLorenz.jpg HTTP/1.1" 200 46854 "-" "Mozilla/4.0 (compatible;)"
194.127.8.18 - - [02/Apr/2013:12:25:14 +0200] "GET /js/jquery-1.5.1.min.js HTTP/1.1" 200 85260 "-" "Mozilla/4.0 (compatible;)"
194.127.8.24 - - [02/Apr/2013:12:25:15 +0200] "GET /images/grafik_navi_mittelgruen.jpg HTTP/1.1" 200 13783 "http://www.vita-apotheke.com/" "Mozilla/4.0 (compatible; MSIE 7.0; Windows NT 5.1; .NET CLR 1.1.4322; .NET CLR 2.0.50727; .NET CLR 3.0.4506.2152; .NET CLR 3.5.30729; MS-RTC LM 8; .NET4.0C; .NET4.0E)"
194.127.8.24 - - [02/Apr/2013:12:25:15 +0200] "GET /images/vita-logo-dunkelgruen.jpg HTTP/1.1" 200 7021 "http://www.vita-apotheke.com/" "Mozilla/4.0 (compatible; MSIE 7.0; Windows NT 5.1; .NET CLR 1.1.4322; .NET CLR 2.0.50727; .NET CLR 3.0.4506.2152; .NET CLR 3.5.30729; MS-RTC LM 8; .NET4.0C; .NET4.0E)"
194.127.8.24 - - [02/Apr/2013:12:25:15 +0200] "GET /js/fancybox/blank.gif HTTP/1.1" 200 43 "http://www.vita-apotheke.com/" "Mozilla/4.0 (compatible; MSIE 7.0; Windows NT 5.1; .NET CLR 1.1.4322; .NET CLR 2.0.50727; .NET CLR 3.0.4506.2152; .NET CLR 3.5.30729; MS-RTC LM 8; .NET4.0C; .NET4.0E)"
194.127.8.24 - - [02/Apr/2013:12:25:15 +0200] "GET /js/fancybox/fancybox.png HTTP/1.1" 200 15287 "http://www.vita-apotheke.com/" "Mozilla/4.0 (compatible; MSIE 7.0; Windows NT 5.1; .NET CLR 1.1.4322; .NET CLR 2.0.50727; .NET CLR 3.0.4506.2152; .NET CLR 3.5.30729; MS-RTC LM 8; .NET4.0C; .NET4.0E)"
194.127.8.25 - - [02/Apr/2013:12:25:24 +0200] "GET /historie.php HTTP/1.1" 200 5199 "http://www.vita-apotheke.com/sterillabor.php" "Mozilla/4.0 (compatible; MSIE 7.0; Windows NT 5.1; .NET CLR 1.1.4322; .NET CLR 2.0.50727; .NET CLR 3.0.4506.2152; .NET CLR 3.5.30729; MS-RTC LM 8; .NET4.0C; .NET4.0E)"
194.127.8.18 - - [02/Apr/2013:12:25:24 +0200] "GET /images/Historie01.jpg HTTP/1.1" 200 17762 "-" "Mozilla/4.0 (compatible;)"
194.127.8.18 - - [02/Apr/2013:12:25:24 +0200] "GET /images/Historie.jpg HTTP/1.1" 200 22682 "-" "Mozilla/4.0 (compatible;)"
194.127.8.24 - - [02/Apr/2013:12:25:27 +0200] "GET /sterillabor.php HTTP/1.1" 200 4343 "http://www.vita-apotheke.com/" "Mozilla/4.0 (compatible; MSIE 7.0; Windows NT 5.1; .NET CLR 1.1.4322; .NET CLR 2.0.50727; .NET CLR 3.0.4506.2152; .NET CLR 3.5.30729; MS-RTC LM 8; .NET4.0C; .NET4.0E)"
194.127.8.18 - - [02/Apr/2013:12:25:27 +0200] "GET /images/Sterilabteilung03.jpg HTTP/1.1" 200 34797 "-" "Mozilla/4.0 (compatible;)"
194.127.8.18 - - [02/Apr/2013:12:25:27 +0200] "GET /images/MA_Team_Zyto.jpg HTTP/1.1" 200 10684 "-" "Mozilla/4.0 (compatible;)"
194.127.8.25 - - [02/Apr/2013:12:25:48 +0200] "GET /mitarbeiter.php HTTP/1.1" 200 6899 "http://www.vita-apotheke.com/historie.php" "Mozilla/4.0 (compatible; MSIE 7.0; Windows NT 5.1; .NET CLR 1.1.4322; .NET CLR 2.0.50727; .NET CLR 3.0.4506.2152; .NET CLR 3.5.30729; MS-RTC LM 8; .NET4.0C; .NET4.0E)"
194.127.8.18 - - [02/Apr/2013:12:25:49 +0200] "GET /images/MA_Arnim_Apotheke.jpg HTTP/1.1" 200 43855 "-" "Mozilla/4.0 (compatible;)"
194.127.8.18 - - [02/Apr/2013:12:25:49 +0200] "GET /images/MA_MonikaLorenz1.jpg HTTP/1.1" 200 48000 "-" "Mozilla/4.0 (compatible;)"
194.127.8.25 - - [02/Apr/2013:12:25:49 +0200] "GET /images/MA_Bode.jpg HTTP/1.1" 200 8375 "http://www.vita-apotheke.com/mitarbeiter.php" "Mozilla/4.0 (compatible; MSIE 7.0; Windows NT 5.1; .NET CLR 1.1.4322; .NET CLR 2.0.50727; .NET CLR 3.0.4506.2152; .NET CLR 3.5.30729; MS-RTC LM 8; .NET4.0C; .NET4.0E)"
194.127.8.25 - - [02/Apr/2013:12:25:49 +0200] "GET /images/MA_Vita_Apotheke_Startseite.jpg HTTP/1.1" 200 45767 "http://www.vita-apotheke.com/mitarbeiter.php" "Mozilla/4.0 (compatible; MSIE 7.0; Windows NT 5.1; .NET CLR 1.1.4322; .NET CLR 2.0.50727; .NET CLR 3.0.4506.2152; .NET CLR 3.5.30729; MS-RTC LM 8; .NET4.0C; .NET4.0E)"
194.127.8.25 - - [02/Apr/2013:12:25:49 +0200] "GET /images/MA_Dieter_Wrusch.jpg HTTP/1.1" 200 11791 "http://www.vita-apotheke.com/mitarbeiter.php" "Mozilla/4.0 (compatible; MSIE 7.0; Windows NT 5.1; .NET CLR 1.1.4322; .NET CLR 2.0.50727; .NET CLR 3.0.4506.2152; .NET CLR 3.5.30729; MS-RTC LM 8; .NET4.0C; .NET4.0E)"
194.127.8.25 - - [02/Apr/2013:12:25:49 +0200] "GET /images/MA_JuttaLangbein.jpg HTTP/1.1" 200 47891 "http://www.vita-apotheke.com/mitarbeiter.php" "Mozilla/4.0 (compatible; MSIE 7.0; Windows NT 5.1; .NET CLR 1.1.4322; .NET CLR 2.0.50727; .NET CLR 3.0.4506.2152; .NET CLR 3.5.30729; MS-RTC LM 8; .NET4.0C; .NET4.0E)"
194.127.8.25 - - [02/Apr/2013:12:25:49 +0200] "GET /images/MA_AndreasHidde.jpg HTTP/1.1" 200 42347 "http://www.vita-apotheke.com/mitarbeiter.php" "Mozilla/4.0 (compatible; MSIE 7.0; Windows NT 5.1; .NET CLR 1.1.4322; .NET CLR 2.0.50727; .NET CLR 3.0.4506.2152; .NET CLR 3.5.30729; MS-RTC LM 8; .NET4.0C; .NET4.0E)"
194.127.8.25 - - [02/Apr/2013:12:25:49 +0200] "GET /images/MA_MichaelLeihs.jpg HTTP/1.1" 200 41017 "http://www.vita-apotheke.com/mitarbeiter.php" "Mozilla/4.0 (compatible; MSIE 7.0; Windows NT 5.1; .NET CLR 1.1.4322; .NET CLR 2.0.50727; .NET CLR 3.0.4506.2152; .NET CLR 3.5.30729; MS-RTC LM 8; .NET4.0C; .NET4.0E)"
194.127.8.25 - - [02/Apr/2013:12:25:49 +0200] "GET /images/MA_MarianneRuhnke.jpg HTTP/1.1" 200 39674 "http://www.vita-apotheke.com/mitarbeiter.php" "Mozilla/4.0 (compatible; MSIE 7.0; Windows NT 5.1; .NET CLR 1.1.4322; .NET CLR 2.0.50727; .NET CLR 3.0.4506.2152; .NET CLR 3.5.30729; MS-RTC LM 8; .NET4.0C; .NET4.0E)"
194.127.8.25 - - [02/Apr/2013:12:25:49 +0200] "GET /images/MA_BirgitBurkhardt.jpg HTTP/1.1" 200 39949 "http://www.vita-apotheke.com/mitarbeiter.php" "Mozilla/4.0 (compatible; MSIE 7.0; Windows NT 5.1; .NET CLR 1.1.4322; .NET CLR 2.0.50727; .NET CLR 3.0.4506.2152; .NET CLR 3.5.30729; MS-RTC LM 8; .NET4.0C; .NET4.0E)"
194.127.8.25 - - [02/Apr/2013:12:25:49 +0200] "GET /images/MA_DoerteMeinsen.jpg HTTP/1.1" 200 48925 "http://www.vita-apotheke.com/mitarbeiter.php" "Mozilla/4.0 (compatible; MSIE 7.0; Windows NT 5.1; .NET CLR 1.1.4322; .NET CLR 2.0.50727; .NET CLR 3.0.4506.2152; .NET CLR 3.5.30729; MS-RTC LM 8; .NET4.0C; .NET4.0E)"
194.127.8.25 - - [02/Apr/2013:12:25:49 +0200] "GET /images/MA_AnjaJacob.jpg HTTP/1.1" 200 42072 "http://www.vita-apotheke.com/mitarbeiter.php" "Mozilla/4.0 (compatible; MSIE 7.0; Windows NT 5.1; .NET CLR 1.1.4322; .NET CLR 2.0.50727; .NET CLR 3.0.4506.2152; .NET CLR 3.5.30729; MS-RTC LM 8; .NET4.0C; .NET4.0E)"
194.127.8.25 - - [02/Apr/2013:12:25:49 +0200] "GET /images/MA_KarinGroeschner.jpg HTTP/1.1" 200 33459 "http://www.vita-apotheke.com/mitarbeiter.php" "Mozilla/4.0 (compatible; MSIE 7.0; Windows NT 5.1; .NET CLR 1.1.4322; .NET CLR 2.0.50727; .NET CLR 3.0.4506.2152; .NET CLR 3.5.30729; MS-RTC LM 8; .NET4.0C; .NET4.0E)"
194.127.8.25 - - [02/Apr/2013:12:25:49 +0200] "GET /images/MA_ChristineSchrade.jpg HTTP/1.1" 200 38398 "http://www.vita-apotheke.com/mitarbeiter.php" "Mozilla/4.0 (compatible; MSIE 7.0; Windows NT 5.1; .NET CLR 1.1.4322; .NET CLR 2.0.50727; .NET CLR 3.0.4506.2152; .NET CLR 3.5.30729; MS-RTC LM 8; .NET4.0C; .NET4.0E)"
194.127.8.25 - - [02/Apr/2013:12:25:49 +0200] "GET /images/MA_MagittPilgrim.jpg HTTP/1.1" 200 9139 "http://www.vita-apotheke.com/mitarbeiter.php" "Mozilla/4.0 (compatible; MSIE 7.0; Windows NT 5.1; .NET CLR 1.1.4322; .NET CLR 2.0.50727; .NET CLR 3.0.4506.2152; .NET CLR 3.5.30729; MS-RTC LM 8; .NET4.0C; .NET4.0E)"
194.127.8.25 - - [02/Apr/2013:12:25:49 +0200] "GET /images/MA_Marion_Lemke.jpg HTTP/1.1" 200 8394 "http://www.vita-apotheke.com/mitarbeiter.php" "Mozilla/4.0 (compatible; MSIE 7.0; Windows NT 5.1; .NET CLR 1.1.4322; .NET CLR 2.0.50727; .NET CLR 3.0.4506.2152; .NET CLR 3.5.30729; MS-RTC LM 8; .NET4.0C; .NET4.0E)"
194.127.8.25 - - [02/Apr/2013:12:25:49 +0200] "GET /images/MA_ArnoBarz.jpg HTTP/1.1" 200 10186 "http://www.vita-apotheke.com/mitarbeiter.php" "Mozilla/4.0 (compatible; MSIE 7.0; Windows NT 5.1; .NET CLR 1.1.4322; .NET CLR 2.0.50727; .NET CLR 3.0.4506.2152; .NET CLR 3.5.30729; MS-RTC LM 8; .NET4.0C; .NET4.0E)"
194.127.8.25 - - [02/Apr/2013:12:25:49 +0200] "GET /images/MA_Ajmic.jpg HTTP/1.1" 200 8577 "http://www.vita-apotheke.com/mitarbeiter.php" "Mozilla/4.0 (compatible; MSIE 7.0; Windows NT 5.1; .NET CLR 1.1.4322; .NET CLR 2.0.50727; .NET CLR 3.0.4506.2152; .NET CLR 3.5.30729; MS-RTC LM 8; .NET4.0C; .NET4.0E)"
194.127.8.25 - - [02/Apr/2013:12:25:49 +0200] "GET /images/MA_HeikeGudereit.jpg HTTP/1.1" 200 33826 "http://www.vita-apotheke.com/mitarbeiter.php" "Mozilla/4.0 (compatible; MSIE 7.0; Windows NT 5.1; .NET CLR 1.1.4322; .NET CLR 2.0.50727; .NET CLR 3.0.4506.2152; .NET CLR 3.5.30729; MS-RTC LM 8; .NET4.0C; .NET4.0E)"
194.127.8.24 - - [02/Apr/2013:12:25:49 +0200] "GET /historie.php HTTP/1.1" 200 5199 "http://www.vita-apotheke.com/sterillabor.php" "Mozilla/4.0 (compatible; MSIE 7.0; Windows NT 5.1; .NET CLR 1.1.4322; .NET CLR 2.0.50727; .NET CLR 3.0.4506.2152; .NET CLR 3.5.30729; MS-RTC LM 8; .NET4.0C; .NET4.0E)"
194.127.8.18 - - [02/Apr/2013:12:25:50 +0200] "GET /images/Historie.jpg HTTP/1.1" 200 22682 "-" "Mozilla/4.0 (compatible;)"
194.127.8.18 - - [02/Apr/2013:12:25:50 +0200] "GET /images/Historie01.jpg HTTP/1.1" 200 17762 "-" "Mozilla/4.0 (compatible;)"
194.127.8.24 - - [02/Apr/2013:12:25:54 +0200] "GET /mitarbeiter.php HTTP/1.1" 200 6899 "http://www.vita-apotheke.com/historie.php" "Mozilla/4.0 (compatible; MSIE 7.0; Windows NT 5.1; .NET CLR 1.1.4322; .NET CLR 2.0.50727; .NET CLR 3.0.4506.2152; .NET CLR 3.5.30729; MS-RTC LM 8; .NET4.0C; .NET4.0E)"
194.127.8.18 - - [02/Apr/2013:12:25:54 +0200] "GET /images/MA_MonikaLorenz1.jpg HTTP/1.1" 200 48000 "-" "Mozilla/4.0 (compatible;)"
194.127.8.18 - - [02/Apr/2013:12:25:54 +0200] "GET /images/MA_Arnim_Apotheke.jpg HTTP/1.1" 200 43855 "-" "Mozilla/4.0 (compatible;)"
194.127.8.24 - - [02/Apr/2013:12:25:54 +0200] "GET /images/MA_AndreasHidde.jpg HTTP/1.1" 200 42347 "http://www.vita-apotheke.com/mitarbeiter.php" "Mozilla/4.0 (compatible; MSIE 7.0; Windows NT 5.1; .NET CLR 1.1.4322; .NET CLR 2.0.50727; .NET CLR 3.0.4506.2152; .NET CLR 3.5.30729; MS-RTC LM 8; .NET4.0C; .NET4.0E)"
194.127.8.24 - - [02/Apr/2013:12:25:54 +0200] "GET /images/MA_Dieter_Wrusch.jpg HTTP/1.1" 200 11791 "http://www.vita-apotheke.com/mitarbeiter.php" "Mozilla/4.0 (compatible; MSIE 7.0; Windows NT 5.1; .NET CLR 1.1.4322; .NET CLR 2.0.50727; .NET CLR 3.0.4506.2152; .NET CLR 3.5.30729; MS-RTC LM 8; .NET4.0C; .NET4.0E)"
194.127.8.24 - - [02/Apr/2013:12:25:54 +0200] "GET /images/MA_HeikeGudereit.jpg HTTP/1.1" 200 33826 "http://www.vita-apotheke.com/mitarbeiter.php" "Mozilla/4.0 (compatible; MSIE 7.0; Windows NT 5.1; .NET CLR 1.1.4322; .NET CLR 2.0.50727; .NET CLR 3.0.4506.2152; .NET CLR 3.5.30729; MS-RTC LM 8; .NET4.0C; .NET4.0E)"
194.127.8.24 - - [02/Apr/2013:12:25:54 +0200] "GET /images/MA_Vita_Apotheke_Startseite.jpg HTTP/1.1" 200 45767 "http://www.vita-apotheke.com/mitarbeiter.php" "Mozilla/4.0 (compatible; MSIE 7.0; Windows NT 5.1; .NET CLR 1.1.4322; .NET CLR 2.0.50727; .NET CLR 3.0.4506.2152; .NET CLR 3.5.30729; MS-RTC LM 8; .NET4.0C; .NET4.0E)"
194.127.8.24 - - [02/Apr/2013:12:25:54 +0200] "GET /images/MA_BirgitBurkhardt.jpg HTTP/1.1" 200 39949 "http://www.vita-apotheke.com/mitarbeiter.php" "Mozilla/4.0 (compatible; MSIE 7.0; Windows NT 5.1; .NET CLR 1.1.4322; .NET CLR 2.0.50727; .NET CLR 3.0.4506.2152; .NET CLR 3.5.30729; MS-RTC LM 8; .NET4.0C; .NET4.0E)"
194.127.8.24 - - [02/Apr/2013:12:25:54 +0200] "GET /images/MA_DoerteMeinsen.jpg HTTP/1.1" 200 48925 "http://www.vita-apotheke.com/mitarbeiter.php" "Mozilla/4.0 (compatible; MSIE 7.0; Windows NT 5.1; .NET CLR 1.1.4322; .NET CLR 2.0.50727; .NET CLR 3.0.4506.2152; .NET CLR 3.5.30729; MS-RTC LM 8; .NET4.0C; .NET4.0E)"
194.127.8.24 - - [02/Apr/2013:12:25:54 +0200] "GET /images/MA_JuttaLangbein.jpg HTTP/1.1" 200 47891 "http://www.vita-apotheke.com/mitarbeiter.php" "Mozilla/4.0 (compatible; MSIE 7.0; Windows NT 5.1; .NET CLR 1.1.4322; .NET CLR 2.0.50727; .NET CLR 3.0.4506.2152; .NET CLR 3.5.30729; MS-RTC LM 8; .NET4.0C; .NET4.0E)"
194.127.8.24 - - [02/Apr/2013:12:25:54 +0200] "GET /images/MA_KarinGroeschner.jpg HTTP/1.1" 200 33459 "http://www.vita-apotheke.com/mitarbeiter.php" "Mozilla/4.0 (compatible; MSIE 7.0; Windows NT 5.1; .NET CLR 1.1.4322; .NET CLR 2.0.50727; .NET CLR 3.0.4506.2152; .NET CLR 3.5.30729; MS-RTC LM 8; .NET4.0C; .NET4.0E)"
194.127.8.24 - - [02/Apr/2013:12:25:54 +0200] "GET /images/MA_MarianneRuhnke.jpg HTTP/1.1" 200 39674 "http://www.vita-apotheke.com/mitarbeiter.php" "Mozilla/4.0 (compatible; MSIE 7.0; Windows NT 5.1; .NET CLR 1.1.4322; .NET CLR 2.0.50727; .NET CLR 3.0.4506.2152; .NET CLR 3.5.30729; MS-RTC LM 8; .NET4.0C; .NET4.0E)"
194.127.8.24 - - [02/Apr/2013:12:25:54 +0200] "GET /images/MA_Marion_Lemke.jpg HTTP/1.1" 200 8394 "http://www.vita-apotheke.com/mitarbeiter.php" "Mozilla/4.0 (compatible; MSIE 7.0; Windows NT 5.1; .NET CLR 1.1.4322; .NET CLR 2.0.50727; .NET CLR 3.0.4506.2152; .NET CLR 3.5.30729; MS-RTC LM 8; .NET4.0C; .NET4.0E)"
194.127.8.24 - - [02/Apr/2013:12:25:54 +0200] "GET /images/MA_MagittPilgrim.jpg HTTP/1.1" 200 9139 "http://www.vita-apotheke.com/mitarbeiter.php" "Mozilla/4.0 (compatible; MSIE 7.0; Windows NT 5.1; .NET CLR 1.1.4322; .NET CLR 2.0.50727; .NET CLR 3.0.4506.2152; .NET CLR 3.5.30729; MS-RTC LM 8; .NET4.0C; .NET4.0E)"
194.127.8.24 - - [02/Apr/2013:12:25:54 +0200] "GET /images/MA_Ajmic.jpg HTTP/1.1" 200 8577 "http://www.vita-apotheke.com/mitarbeiter.php" "Mozilla/4.0 (compatible; MSIE 7.0; Windows NT 5.1; .NET CLR 1.1.4322; .NET CLR 2.0.50727; .NET CLR 3.0.4506.2152; .NET CLR 3.5.30729; MS-RTC LM 8; .NET4.0C; .NET4.0E)"
194.127.8.24 - - [02/Apr/2013:12:25:54 +0200] "GET /images/MA_ArnoBarz.jpg HTTP/1.1" 200 10186 "http://www.vita-apotheke.com/mitarbeiter.php" "Mozilla/4.0 (compatible; MSIE 7.0; Windows NT 5.1; .NET CLR 1.1.4322; .NET CLR 2.0.50727; .NET CLR 3.0.4506.2152; .NET CLR 3.5.30729; MS-RTC LM 8; .NET4.0C; .NET4.0E)"
194.127.8.24 - - [02/Apr/2013:12:25:54 +0200] "GET /images/MA_AnjaJacob.jpg HTTP/1.1" 200 42072 "http://www.vita-apotheke.com/mitarbeiter.php" "Mozilla/4.0 (compatible; MSIE 7.0; Windows NT 5.1; .NET CLR 1.1.4322; .NET CLR 2.0.50727; .NET CLR 3.0.4506.2152; .NET CLR 3.5.30729; MS-RTC LM 8; .NET4.0C; .NET4.0E)"
194.127.8.24 - - [02/Apr/2013:12:25:54 +0200] "GET /images/MA_MichaelLeihs.jpg HTTP/1.1" 200 41017 "http://www.vita-apotheke.com/mitarbeiter.php" "Mozilla/4.0 (compatible; MSIE 7.0; Windows NT 5.1; .NET CLR 1.1.4322; .NET CLR 2.0.50727; .NET CLR 3.0.4506.2152; .NET CLR 3.5.30729; MS-RTC LM 8; .NET4.0C; .NET4.0E)"
194.127.8.24 - - [02/Apr/2013:12:25:55 +0200] "GET /images/MA_Bode.jpg HTTP/1.1" 200 8375 "http://www.vita-apotheke.com/mitarbeiter.php" "Mozilla/4.0 (compatible; MSIE 7.0; Windows NT 5.1; .NET CLR 1.1.4322; .NET CLR 2.0.50727; .NET CLR 3.0.4506.2152; .NET CLR 3.5.30729; MS-RTC LM 8; .NET4.0C; .NET4.0E)"
194.127.8.24 - - [02/Apr/2013:12:25:55 +0200] "GET /images/MA_ChristineSchrade.jpg HTTP/1.1" 200 38398 "http://www.vita-apotheke.com/mitarbeiter.php" "Mozilla/4.0 (compatible; MSIE 7.0; Windows NT 5.1; .NET CLR 1.1.4322; .NET CLR 2.0.50727; .NET CLR 3.0.4506.2152; .NET CLR 3.5.30729; MS-RTC LM 8; .NET4.0C; .NET4.0E)"
194.127.8.25 - - [02/Apr/2013:12:27:35 +0200] "GET /sterillabor.php HTTP/1.1" 200 4343 "http://www.vita-apotheke.com/mitarbeiter.php" "Mozilla/4.0 (compatible; MSIE 7.0; Windows NT 5.1; .NET CLR 1.1.4322; .NET CLR 2.0.50727; .NET CLR 3.0.4506.2152; .NET CLR 3.5.30729; MS-RTC LM 8; .NET4.0C; .NET4.0E)"
194.127.8.24 - - [02/Apr/2013:12:27:37 +0200] "GET /rundgang_start.php HTTP/1.1" 200 4740 "http://www.vita-apotheke.com/mitarbeiter.php" "Mozilla/4.0 (compatible; MSIE 7.0; Windows NT 5.1; .NET CLR 1.1.4322; .NET CLR 2.0.50727; .NET CLR 3.0.4506.2152; .NET CLR 3.5.30729; MS-RTC LM 8; .NET4.0C; .NET4.0E)"
194.127.8.18 - - [02/Apr/2013:12:27:37 +0200] "GET /images/pfeil_weiter.gif HTTP/1.1" 200 343 "-" "Mozilla/4.0 (compatible;)"
194.127.8.18 - - [02/Apr/2013:12:27:37 +0200] "GET /images/Handverkauf01.jpg HTTP/1.1" 200 46866 "-" "Mozilla/4.0 (compatible;)"
194.127.8.18 - - [02/Apr/2013:12:27:37 +0200] "GET /images/Handverkauf03.jpg HTTP/1.1" 200 45225 "-" "Mozilla/4.0 (compatible;)"
194.127.8.25 - - [02/Apr/2013:12:27:40 +0200] "GET /images/MA_Team_Zyto_gross.jpg HTTP/1.1" 200 229841 "http://www.vita-apotheke.com/sterillabor.php" "Mozilla/4.0 (compatible; MSIE 7.0; Windows NT 5.1; .NET CLR 1.1.4322; .NET CLR 2.0.50727; .NET CLR 3.0.4506.2152; .NET CLR 3.5.30729; MS-RTC LM 8; .NET4.0C; .NET4.0E)"
194.127.8.24 - - [02/Apr/2013:12:27:42 +0200] "GET /rundgang_beratungsraum.php HTTP/1.1" 200 5113 "http://www.vita-apotheke.com/rundgang_start.php" "Mozilla/4.0 (compatible; MSIE 7.0; Windows NT 5.1; .NET CLR 1.1.4322; .NET CLR 2.0.50727; .NET CLR 3.0.4506.2152; .NET CLR 3.5.30729; MS-RTC LM 8; .NET4.0C; .NET4.0E)"
194.127.8.18 - - [02/Apr/2013:12:27:42 +0200] "GET /images/pfeil_zurueck.gif HTTP/1.1" 200 350 "-" "Mozilla/4.0 (compatible;)"
194.127.8.18 - - [02/Apr/2013:12:27:42 +0200] "GET /images/pfeil_top.gif HTTP/1.1" 200 274 "-" "Mozilla/4.0 (compatible;)"
194.127.8.18 - - [02/Apr/2013:12:27:42 +0200] "GET /images/Beratungsraum01.jpg HTTP/1.1" 200 31923 "-" "Mozilla/4.0 (compatible;)"
194.127.8.18 - - [02/Apr/2013:12:27:42 +0200] "GET /images/Beratungsraum.jpg HTTP/1.1" 200 40383 "-" "Mozilla/4.0 (compatible;)"
194.127.8.24 - - [02/Apr/2013:12:27:46 +0200] "GET /rundgang_regie.php HTTP/1.1" 200 5129 "http://www.vita-apotheke.com/rundgang_beratungsraum.php" "Mozilla/4.0 (compatible; MSIE 7.0; Windows NT 5.1; .NET CLR 1.1.4322; .NET CLR 2.0.50727; .NET CLR 3.0.4506.2152; .NET CLR 3.5.30729; MS-RTC LM 8; .NET4.0C; .NET4.0E)"
194.127.8.18 - - [02/Apr/2013:12:27:46 +0200] "GET /images/Regie.jpg HTTP/1.1" 200 17660 "-" "Mozilla/4.0 (compatible;)"
194.127.8.18 - - [02/Apr/2013:12:27:46 +0200] "GET /images/Regie02.jpg HTTP/1.1" 200 41232 "-" "Mozilla/4.0 (compatible;)"
194.127.8.24 - - [02/Apr/2013:12:27:52 +0200] "GET /rundgang_warenlager.php HTTP/1.1" 200 4864 "http://www.vita-apotheke.com/rundgang_regie.php" "Mozilla/4.0 (compatible; MSIE 7.0; Windows NT 5.1; .NET CLR 1.1.4322; .NET CLR 2.0.50727; .NET CLR 3.0.4506.2152; .NET CLR 3.5.30729; MS-RTC LM 8; .NET4.0C; .NET4.0E)"
194.127.8.18 - - [02/Apr/2013:12:27:52 +0200] "GET /images/Warenlager01.jpg HTTP/1.1" 200 39871 "-" "Mozilla/4.0 (compatible;)"
194.127.8.18 - - [02/Apr/2013:12:27:52 +0200] "GET /images/Warenlager.jpg HTTP/1.1" 200 40688 "-" "Mozilla/4.0 (compatible;)"
194.127.8.24 - - [02/Apr/2013:12:27:59 +0200] "GET /rundgang_sterilabteilung.php HTTP/1.1" 200 4659 "http://www.vita-apotheke.com/rundgang_warenlager.php" "Mozilla/4.0 (compatible; MSIE 7.0; Windows NT 5.1; .NET CLR 1.1.4322; .NET CLR 2.0.50727; .NET CLR 3.0.4506.2152; .NET CLR 3.5.30729; MS-RTC LM 8; .NET4.0C; .NET4.0E)"
194.127.8.18 - - [02/Apr/2013:12:27:59 +0200] "GET /images/Sterilabteilung04.jpg HTTP/1.1" 200 33155 "-" "Mozilla/4.0 (compatible;)"
194.127.8.24 - - [02/Apr/2013:12:28:52 +0200] "GET /mitarbeiter.php HTTP/1.1" 200 6899 "http://www.vita-apotheke.com/rundgang_sterilabteilung.php" "Mozilla/4.0 (compatible; MSIE 7.0; Windows NT 5.1; .NET CLR 1.1.4322; .NET CLR 2.0.50727; .NET CLR 3.0.4506.2152; .NET CLR 3.5.30729; MS-RTC LM 8; .NET4.0C; .NET4.0E)"
194.127.8.25 - - [02/Apr/2013:12:28:55 +0200] "GET /images/Sterilabteilung03_gross.jpg HTTP/1.1" 200 1498324 "http://www.vita-apotheke.com/sterillabor.php" "Mozilla/4.0 (compatible; MSIE 7.0; Windows NT 5.1; .NET CLR 1.1.4322; .NET CLR 2.0.50727; .NET CLR 3.0.4506.2152; .NET CLR 3.5.30729; MS-RTC LM 8; .NET4.0C; .NET4.0E)"
194.127.8.25 - - [02/Apr/2013:12:29:08 +0200] "GET /historie.php HTTP/1.1" 200 5199 "http://www.vita-apotheke.com/sterillabor.php" "Mozilla/4.0 (compatible; MSIE 7.0; Windows NT 5.1; .NET CLR 1.1.4322; .NET CLR 2.0.50727; .NET CLR 3.0.4506.2152; .NET CLR 3.5.30729; MS-RTC LM 8; .NET4.0C; .NET4.0E)"
194.127.8.25 - - [02/Apr/2013:12:29:15 +0200] "GET /rundgang_start.php HTTP/1.1" 200 4740 "http://www.vita-apotheke.com/historie.php" "Mozilla/4.0 (compatible; MSIE 7.0; Windows NT 5.1; .NET CLR 1.1.4322; .NET CLR 2.0.50727; .NET CLR 3.0.4506.2152; .NET CLR 3.5.30729; MS-RTC LM 8; .NET4.0C; .NET4.0E)"
194.127.8.18 - - [02/Apr/2013:12:29:15 +0200] "GET /images/pfeil_weiter.gif HTTP/1.1" 200 343 "-" "Mozilla/4.0 (compatible;)"
194.127.8.18 - - [02/Apr/2013:12:29:15 +0200] "GET /images/Handverkauf01.jpg HTTP/1.1" 200 46866 "-" "Mozilla/4.0 (compatible;)"
194.127.8.18 - - [02/Apr/2013:12:29:15 +0200] "GET /images/Handverkauf03.jpg HTTP/1.1" 200 45225 "-" "Mozilla/4.0 (compatible;)"
194.127.8.25 - - [02/Apr/2013:12:29:18 +0200] "GET /images/Handverkauf03_gross.jpg HTTP/1.1" 200 2081670 "http://www.vita-apotheke.com/rundgang_start.php" "Mozilla/4.0 (compatible; MSIE 7.0; Windows NT 5.1; .NET CLR 1.1.4322; .NET CLR 2.0.50727; .NET CLR 3.0.4506.2152; .NET CLR 3.5.30729; MS-RTC LM 8; .NET4.0C; .NET4.0E)"
194.127.8.25 - - [02/Apr/2013:12:29:28 +0200] "GET /rundgang_beratungsraum.php HTTP/1.1" 200 5113 "http://www.vita-apotheke.com/rundgang_start.php" "Mozilla/4.0 (compatible; MSIE 7.0; Windows NT 5.1; .NET CLR 1.1.4322; .NET CLR 2.0.50727; .NET CLR 3.0.4506.2152; .NET CLR 3.5.30729; MS-RTC LM 8; .NET4.0C; .NET4.0E)"
194.127.8.18 - - [02/Apr/2013:12:29:28 +0200] "GET /images/pfeil_zurueck.gif HTTP/1.1" 200 350 "-" "Mozilla/4.0 (compatible;)"
194.127.8.18 - - [02/Apr/2013:12:29:28 +0200] "GET /images/Beratungsraum01.jpg HTTP/1.1" 200 31923 "-" "Mozilla/4.0 (compatible;)"
194.127.8.18 - - [02/Apr/2013:12:29:28 +0200] "GET /images/pfeil_top.gif HTTP/1.1" 200 274 "-" "Mozilla/4.0 (compatible;)"
194.127.8.18 - - [02/Apr/2013:12:29:28 +0200] "GET /images/Beratungsraum.jpg HTTP/1.1" 200 40383 "-" "Mozilla/4.0 (compatible;)"
194.127.8.25 - - [02/Apr/2013:12:29:36 +0200] "GET /rundgang_regie.php HTTP/1.1" 200 5129 "http://www.vita-apotheke.com/rundgang_beratungsraum.php" "Mozilla/4.0 (compatible; MSIE 7.0; Windows NT 5.1; .NET CLR 1.1.4322; .NET CLR 2.0.50727; .NET CLR 3.0.4506.2152; .NET CLR 3.5.30729; MS-RTC LM 8; .NET4.0C; .NET4.0E)"
194.127.8.18 - - [02/Apr/2013:12:29:36 +0200] "GET /images/Regie.jpg HTTP/1.1" 200 17660 "-" "Mozilla/4.0 (compatible;)"
194.127.8.18 - - [02/Apr/2013:12:29:36 +0200] "GET /images/Regie02.jpg HTTP/1.1" 200 41232 "-" "Mozilla/4.0 (compatible;)"
194.127.8.25 - - [02/Apr/2013:12:29:38 +0200] "GET /rundgang_warenlager.php HTTP/1.1" 200 4864 "http://www.vita-apotheke.com/rundgang_regie.php" "Mozilla/4.0 (compatible; MSIE 7.0; Windows NT 5.1; .NET CLR 1.1.4322; .NET CLR 2.0.50727; .NET CLR 3.0.4506.2152; .NET CLR 3.5.30729; MS-RTC LM 8; .NET4.0C; .NET4.0E)"
194.127.8.18 - - [02/Apr/2013:12:29:38 +0200] "GET /images/Warenlager01.jpg HTTP/1.1" 200 39871 "-" "Mozilla/4.0 (compatible;)"
194.127.8.18 - - [02/Apr/2013:12:29:38 +0200] "GET /images/Warenlager.jpg HTTP/1.1" 200 40688 "-" "Mozilla/4.0 (compatible;)"
194.127.8.25 - - [02/Apr/2013:12:29:42 +0200] "GET /images/Warenlager_gross.jpg HTTP/1.1" 200 3227471 "http://www.vita-apotheke.com/rundgang_warenlager.php" "Mozilla/4.0 (compatible; MSIE 7.0; Windows NT 5.1; .NET CLR 1.1.4322; .NET CLR 2.0.50727; .NET CLR 3.0.4506.2152; .NET CLR 3.5.30729; MS-RTC LM 8; .NET4.0C; .NET4.0E)"
194.127.8.24 - - [02/Apr/2013:12:29:58 +0200] "GET /sterillabor.php HTTP/1.1" 200 4343 "http://www.vita-apotheke.com/mitarbeiter.php" "Mozilla/4.0 (compatible; MSIE 7.0; Windows NT 5.1; .NET CLR 1.1.4322; .NET CLR 2.0.50727; .NET CLR 3.0.4506.2152; .NET CLR 3.5.30729; MS-RTC LM 8; .NET4.0C; .NET4.0E)"
194.127.8.25 - - [02/Apr/2013:12:30:40 +0200] "GET /rundgang_sterilabteilung.php HTTP/1.1" 200 4659 "http://www.vita-apotheke.com/rundgang_warenlager.php" "Mozilla/4.0 (compatible; MSIE 7.0; Windows NT 5.1; .NET CLR 1.1.4322; .NET CLR 2.0.50727; .NET CLR 3.0.4506.2152; .NET CLR 3.5.30729; MS-RTC LM 8; .NET4.0C; .NET4.0E)"
194.127.8.18 - - [02/Apr/2013:12:30:40 +0200] "GET /images/Sterilabteilung04.jpg HTTP/1.1" 200 33155 "-" "Mozilla/4.0 (compatible;)"
194.127.8.25 - - [02/Apr/2013:12:30:48 +0200] "GET /rundgang_start.php HTTP/1.1" 200 4740 "http://www.vita-apotheke.com/rundgang_sterilabteilung.php" "Mozilla/4.0 (compatible; MSIE 7.0; Windows NT 5.1; .NET CLR 1.1.4322; .NET CLR 2.0.50727; .NET CLR 3.0.4506.2152; .NET CLR 3.5.30729; MS-RTC LM 8; .NET4.0C; .NET4.0E)"
194.127.8.25 - - [02/Apr/2013:12:30:57 +0200] "GET /rundgang_beratungsraum.php HTTP/1.1" 200 5113 "http://www.vita-apotheke.com/rundgang_start.php" "Mozilla/4.0 (compatible; MSIE 7.0; Windows NT 5.1; .NET CLR 1.1.4322; .NET CLR 2.0.50727; .NET CLR 3.0.4506.2152; .NET CLR 3.5.30729; MS-RTC LM 8; .NET4.0C; .NET4.0E)"
194.127.8.25 - - [02/Apr/2013:12:31:01 +0200] "GET /rundgang_regie.php HTTP/1.1" 200 5129 "http://www.vita-apotheke.com/rundgang_beratungsraum.php" "Mozilla/4.0 (compatible; MSIE 7.0; Windows NT 5.1; .NET CLR 1.1.4322; .NET CLR 2.0.50727; .NET CLR 3.0.4506.2152; .NET CLR 3.5.30729; MS-RTC LM 8; .NET4.0C; .NET4.0E)"
194.127.8.25 - - [02/Apr/2013:12:31:08 +0200] "GET /rundgang_warenlager.php HTTP/1.1" 200 4864 "http://www.vita-apotheke.com/rundgang_regie.php" "Mozilla/4.0 (compatible; MSIE 7.0; Windows NT 5.1; .NET CLR 1.1.4322; .NET CLR 2.0.50727; .NET CLR 3.0.4506.2152; .NET CLR 3.5.30729; MS-RTC LM 8; .NET4.0C; .NET4.0E)"
194.127.8.25 - - [02/Apr/2013:12:31:27 +0200] "GET /mitarbeiter.php HTTP/1.1" 200 6899 "http://www.vita-apotheke.com/rundgang_warenlager.php" "Mozilla/4.0 (compatible; MSIE 7.0; Windows NT 5.1; .NET CLR 1.1.4322; .NET CLR 2.0.50727; .NET CLR 3.0.4506.2152; .NET CLR 3.5.30729; MS-RTC LM 8; .NET4.0C; .NET4.0E)"
194.127.8.25 - - [02/Apr/2013:12:32:42 +0200] "GET /rundgang_start.php HTTP/1.1" 200 4740 "http://www.vita-apotheke.com/mitarbeiter.php" "Mozilla/4.0 (compatible; MSIE 7.0; Windows NT 5.1; .NET CLR 1.1.4322; .NET CLR 2.0.50727; .NET CLR 3.0.4506.2152; .NET CLR 3.5.30729; MS-RTC LM 8; .NET4.0C; .NET4.0E)"
194.127.8.25 - - [02/Apr/2013:12:32:43 +0200] "GET /rundgang_beratungsraum.php HTTP/1.1" 200 5113 "http://www.vita-apotheke.com/rundgang_start.php" "Mozilla/4.0 (compatible; MSIE 7.0; Windows NT 5.1; .NET CLR 1.1.4322; .NET CLR 2.0.50727; .NET CLR 3.0.4506.2152; .NET CLR 3.5.30729; MS-RTC LM 8; .NET4.0C; .NET4.0E)"
194.127.8.25 - - [02/Apr/2013:12:32:45 +0200] "GET /rundgang_regie.php HTTP/1.1" 200 5129 "http://www.vita-apotheke.com/rundgang_beratungsraum.php" "Mozilla/4.0 (compatible; MSIE 7.0; Windows NT 5.1; .NET CLR 1.1.4322; .NET CLR 2.0.50727; .NET CLR 3.0.4506.2152; .NET CLR 3.5.30729; MS-RTC LM 8; .NET4.0C; .NET4.0E)"
194.127.8.25 - - [02/Apr/2013:12:32:46 +0200] "GET /rundgang_warenlager.php HTTP/1.1" 200 4864 "http://www.vita-apotheke.com/rundgang_regie.php" "Mozilla/4.0 (compatible; MSIE 7.0; Windows NT 5.1; .NET CLR 1.1.4322; .NET CLR 2.0.50727; .NET CLR 3.0.4506.2152; .NET CLR 3.5.30729; MS-RTC LM 8; .NET4.0C; .NET4.0E)"
194.127.8.25 - - [02/Apr/2013:12:33:14 +0200] "GET /arnim_apotheke.php HTTP/1.1" 200 5230 "http://www.vita-apotheke.com/rundgang_warenlager.php" "Mozilla/4.0 (compatible; MSIE 7.0; Windows NT 5.1; .NET CLR 1.1.4322; .NET CLR 2.0.50727; .NET CLR 3.0.4506.2152; .NET CLR 3.5.30729; MS-RTC LM 8; .NET4.0C; .NET4.0E)"
194.127.8.18 - - [02/Apr/2013:12:33:14 +0200] "GET /images/arnim2.gif HTTP/1.1" 200 27035 "-" "Mozilla/4.0 (compatible;)"
194.127.8.25 - - [02/Apr/2013:12:33:14 +0200] "GET /images/MA_Arnim_Apotheke2.jpg HTTP/1.1" 200 33357 "http://www.vita-apotheke.com/arnim_apotheke.php" "Mozilla/4.0 (compatible; MSIE 7.0; Windows NT 5.1; .NET CLR 1.1.4322; .NET CLR 2.0.50727; .NET CLR 3.0.4506.2152; .NET CLR 3.5.30729; MS-RTC LM 8; .NET4.0C; .NET4.0E)"
194.127.8.25 - - [02/Apr/2013:12:33:14 +0200] "GET /images/arnim.gif HTTP/1.1" 200 31227 "http://www.vita-apotheke.com/arnim_apotheke.php" "Mozilla/4.0 (compatible; MSIE 7.0; Windows NT 5.1; .NET CLR 1.1.4322; .NET CLR 2.0.50727; .NET CLR 3.0.4506.2152; .NET CLR 3.5.30729; MS-RTC LM 8; .NET4.0C; .NET4.0E)"
194.127.8.25 - - [02/Apr/2013:12:33:54 +0200] "GET /aerzteadressen.php HTTP/1.1" 200 5245 "http://www.vita-apotheke.com/arnim_apotheke.php" "Mozilla/4.0 (compatible; MSIE 7.0; Windows NT 5.1; .NET CLR 1.1.4322; .NET CLR 2.0.50727; .NET CLR 3.0.4506.2152; .NET CLR 3.5.30729; MS-RTC LM 8; .NET4.0C; .NET4.0E)"
194.127.8.25 - - [02/Apr/2013:12:34:18 +0200] "GET /historie.php HTTP/1.1" 200 5199 "http://www.vita-apotheke.com/aerzteadressen.php" "Mozilla/4.0 (compatible; MSIE 7.0; Windows NT 5.1; .NET CLR 1.1.4322; .NET CLR 2.0.50727; .NET CLR 3.0.4506.2152; .NET CLR 3.5.30729; MS-RTC LM 8; .NET4.0C; .NET4.0E)"
37.140.141.34 - - [02/Apr/2013:12:54:31 +0200] "GET /images/quapos-zertifikat-gross.jpg HTTP/1.1" 304 - "-" "Mozilla/5.0 (compatible; YandexImages/3.0; +http://yandex.com/bots)"
157.56.93.224 - - [02/Apr/2013:13:50:00 +0200] "GET /robots.txt HTTP/1.1" 404 1256 "-" "Mozilla/5.0 (compatible; bingbot/2.0; +http://www.bing.com/bingbot.htm)"
157.56.93.224 - - [02/Apr/2013:13:51:42 +0200] "GET /rundgang_hv.php HTTP/1.1" 200 4740 "-" "Mozilla/5.0 (compatible; bingbot/2.0; +http://www.bing.com/bingbot.htm)"
79.193.171.25 - - [02/Apr/2013:15:17:46 +0200] "GET / HTTP/1.1" 200 4552 "http://www.google.de/url?sa=t&rct=j&q=&esrc=s&source=web&cd=1&ved=0CD0QFjAA&url=http%3A%2F%2Fwww.vita-apotheke.com%2F&ei=atpaUbSkIcrw4QTh64GYBg&usg=AFQjCNGHscoO06lKwKfUZWpPexrvGv3sxg&bvm=bv.44442042,d.bGE" "Mozilla/5.0 (Windows NT 6.0; rv:19.0) Gecko/20100101 Firefox/19.0"
79.193.171.25 - - [02/Apr/2013:15:17:46 +0200] "GET /css/vita.css HTTP/1.1" 200 5485 "http://www.vita-apotheke.com/" "Mozilla/5.0 (Windows NT 6.0; rv:19.0) Gecko/20100101 Firefox/19.0"
79.193.171.25 - - [02/Apr/2013:15:17:46 +0200] "GET /js/fancybox/jquery.fancybox-1.3.4.pack.js HTTP/1.1" 200 15624 "http://www.vita-apotheke.com/" "Mozilla/5.0 (Windows NT 6.0; rv:19.0) Gecko/20100101 Firefox/19.0"
79.193.171.25 - - [02/Apr/2013:15:17:46 +0200] "GET /images/AKB_QMS_Liskow_2006.png HTTP/1.1" 200 6005 "http://www.vita-apotheke.com/" "Mozilla/5.0 (Windows NT 6.0; rv:19.0) Gecko/20100101 Firefox/19.0"
79.193.171.25 - - [02/Apr/2013:15:17:46 +0200] "GET /js/jquery.cross-slide.js HTTP/1.1" 200 6780 "http://www.vita-apotheke.com/" "Mozilla/5.0 (Windows NT 6.0; rv:19.0) Gecko/20100101 Firefox/19.0"
79.193.171.25 - - [02/Apr/2013:15:17:46 +0200] "GET /images/quapos-zertifikat.jpg HTTP/1.1" 200 3804 "http://www.vita-apotheke.com/" "Mozilla/5.0 (Windows NT 6.0; rv:19.0) Gecko/20100101 Firefox/19.0"
79.193.171.25 - - [02/Apr/2013:15:17:46 +0200] "GET /js/fancybox/jquery.fancybox-1.3.4.css HTTP/1.1" 200 8494 "http://www.vita-apotheke.com/" "Mozilla/5.0 (Windows NT 6.0; rv:19.0) Gecko/20100101 Firefox/19.0"
79.193.171.25 - - [02/Apr/2013:15:17:46 +0200] "GET /images/MA_MonikaLorenz.jpg HTTP/1.1" 200 46854 "http://www.vita-apotheke.com/" "Mozilla/5.0 (Windows NT 6.0; rv:19.0) Gecko/20100101 Firefox/19.0"
79.193.171.25 - - [02/Apr/2013:15:17:46 +0200] "GET /js/jquery-1.5.1.min.js HTTP/1.1" 200 85260 "http://www.vita-apotheke.com/" "Mozilla/5.0 (Windows NT 6.0; rv:19.0) Gecko/20100101 Firefox/19.0"
79.193.171.25 - - [02/Apr/2013:15:17:47 +0200] "GET /images/grafik_navi_mittelgruen.jpg HTTP/1.1" 200 13783 "http://www.vita-apotheke.com/css/vita.css" "Mozilla/5.0 (Windows NT 6.0; rv:19.0) Gecko/20100101 Firefox/19.0"
79.193.171.25 - - [02/Apr/2013:15:17:47 +0200] "GET /images/vita-logo-dunkelgruen.jpg HTTP/1.1" 200 7021 "http://www.vita-apotheke.com/css/vita.css" "Mozilla/5.0 (Windows NT 6.0; rv:19.0) Gecko/20100101 Firefox/19.0"
79.193.171.25 - - [02/Apr/2013:15:17:47 +0200] "GET /favicon.ico HTTP/1.1" 404 1256 "-" "Mozilla/5.0 (Windows NT 6.0; rv:19.0) Gecko/20100101 Firefox/19.0"
79.193.171.25 - - [02/Apr/2013:15:17:47 +0200] "GET /favicon.ico HTTP/1.1" 404 1256 "-" "Mozilla/5.0 (Windows NT 6.0; rv:19.0) Gecko/20100101 Firefox/19.0"
79.193.171.25 - - [02/Apr/2013:15:18:13 +0200] "GET /rundgang_start.php HTTP/1.1" 200 4740 "http://www.vita-apotheke.com/" "Mozilla/5.0 (Windows NT 6.0; rv:19.0) Gecko/20100101 Firefox/19.0"
79.193.171.25 - - [02/Apr/2013:15:18:14 +0200] "GET /images/pfeil_weiter.gif HTTP/1.1" 200 343 "http://www.vita-apotheke.com/rundgang_start.php" "Mozilla/5.0 (Windows NT 6.0; rv:19.0) Gecko/20100101 Firefox/19.0"
79.193.171.25 - - [02/Apr/2013:15:18:14 +0200] "GET /images/Handverkauf03.jpg HTTP/1.1" 200 45225 "http://www.vita-apotheke.com/rundgang_start.php" "Mozilla/5.0 (Windows NT 6.0; rv:19.0) Gecko/20100101 Firefox/19.0"
