5.9.25.67 - - [21/Sep/2012:05:51:07 +0200] "GET /Karte02.JPG HTTP/1.1" 304 - "-" "Pixray-Seeker/2.0 (Pixray-Seeker; http://www.pixray.com/pixraybot; crawler@pixray.com)"
94.23.42.135 - - [21/Sep/2012:08:31:59 +0200] "GET /robots.txt HTTP/1.0" 404 1256 "-" "Mozilla/5.0 (compatible; MJ12bot/v1.4.3; http://www.majestic12.co.uk/bot.php?+)"
94.23.42.135 - - [21/Sep/2012:08:32:03 +0200] "GET /Feinstaubfilter/feinstaubfilter.html HTTP/1.0" 200 13065 "-" "Mozilla/5.0 (compatible; MJ12bot/v1.4.3; http://www.majestic12.co.uk/bot.php?+)"
94.23.42.135 - - [21/Sep/2012:08:32:12 +0200] "GET /Impressum/impressum.html HTTP/1.0" 200 11991 "-" "Mozilla/5.0 (compatible; MJ12bot/v1.4.3; http://www.majestic12.co.uk/bot.php?+)"
94.23.42.135 - - [21/Sep/2012:08:32:14 +0200] "GET /Produkte/produkte.html HTTP/1.0" 200 17755 "-" "Mozilla/5.0 (compatible; MJ12bot/v1.4.3; http://www.majestic12.co.uk/bot.php?+)"
94.23.42.135 - - [21/Sep/2012:08:32:16 +0200] "GET /Service_Kontakt/service_kontakt.html HTTP/1.0" 200 11157 "-" "Mozilla/5.0 (compatible; MJ12bot/v1.4.3; http://www.majestic12.co.uk/bot.php?+)"
94.23.42.135 - - [21/Sep/2012:08:32:20 +0200] "GET /Shop/shop.html HTTP/1.0" 200 59578 "-" "Mozilla/5.0 (compatible; MJ12bot/v1.4.3; http://www.majestic12.co.uk/bot.php?+)"
94.23.42.135 - - [21/Sep/2012:08:32:25 +0200] "GET /index.html HTTP/1.0" 200 12828 "-" "Mozilla/5.0 (compatible; MJ12bot/v1.4.3; http://www.majestic12.co.uk/bot.php?+)"
69.58.178.57 - - [21/Sep/2012:09:06:32 +0200] "GET /robots.txt HTTP/1.1" 404 1256 "-" "Mozilla/5.0 (X11; U; Linux i686; en-US; rv:1.9.1.3; ips-agent) Gecko/20090824 Fedora/1.0.7-1.1.fc4 Firefox/3.5.3"
69.58.178.57 - - [21/Sep/2012:09:06:33 +0200] "GET / HTTP/1.1" 200 12828 "-" "Mozilla/5.0 (X11; U; Linux i686; en-US; rv:1.9.1.3; ips-agent) Gecko/20090824 Fedora/1.0.7-1.1.fc4 Firefox/3.5.3"
69.58.178.57 - - [21/Sep/2012:09:06:35 +0200] "GET /index.html HTTP/1.1" 200 12828 "-" "Mozilla/5.0 (X11; U; Linux i686; en-US; rv:1.9.1.3; ips-agent) Gecko/20090824 Fedora/1.0.7-1.1.fc4 Firefox/3.5.3"
69.58.178.57 - - [21/Sep/2012:09:06:36 +0200] "GET /Produkte/produkte.html HTTP/1.1" 200 17755 "-" "Mozilla/5.0 (X11; U; Linux i686; en-US; rv:1.9.1.3; ips-agent) Gecko/20090824 Fedora/1.0.7-1.1.fc4 Firefox/3.5.3"
69.58.178.57 - - [21/Sep/2012:09:06:38 +0200] "GET /Feinstaubfilter/feinstaubfilter.html HTTP/1.1" 200 13065 "-" "Mozilla/5.0 (X11; U; Linux i686; en-US; rv:1.9.1.3; ips-agent) Gecko/20090824 Fedora/1.0.7-1.1.fc4 Firefox/3.5.3"
69.58.178.57 - - [21/Sep/2012:09:06:39 +0200] "GET /Service_Kontakt/service_kontakt.html HTTP/1.1" 200 11157 "-" "Mozilla/5.0 (X11; U; Linux i686; en-US; rv:1.9.1.3; ips-agent) Gecko/20090824 Fedora/1.0.7-1.1.fc4 Firefox/3.5.3"
69.58.178.57 - - [21/Sep/2012:09:06:40 +0200] "GET /Impressum/impressum.html HTTP/1.1" 200 11991 "-" "Mozilla/5.0 (X11; U; Linux i686; en-US; rv:1.9.1.3; ips-agent) Gecko/20090824 Fedora/1.0.7-1.1.fc4 Firefox/3.5.3"
69.58.178.57 - - [21/Sep/2012:09:06:42 +0200] "GET /Shop/shop.html HTTP/1.1" 200 59578 "-" "Mozilla/5.0 (X11; U; Linux i686; en-US; rv:1.9.1.3; ips-agent) Gecko/20090824 Fedora/1.0.7-1.1.fc4 Firefox/3.5.3"
69.58.178.57 - - [21/Sep/2012:09:06:43 +0200] "GET /Produkte/Tonerkartuschen/tonerkartuschen.html HTTP/1.1" 200 13203 "-" "Mozilla/5.0 (X11; U; Linux i686; en-US; rv:1.9.1.3; ips-agent) Gecko/20090824 Fedora/1.0.7-1.1.fc4 Firefox/3.5.3"
69.58.178.57 - - [21/Sep/2012:09:06:45 +0200] "GET /Produkte/Tintenpatronen/tintenpatronen.html HTTP/1.1" 200 15225 "-" "Mozilla/5.0 (X11; U; Linux i686; en-US; rv:1.9.1.3; ips-agent) Gecko/20090824 Fedora/1.0.7-1.1.fc4 Firefox/3.5.3"
69.58.178.57 - - [21/Sep/2012:09:06:46 +0200] "GET /Produkte/weitere_Produkte/weitere_produkte.html HTTP/1.1" 200 12524 "-" "Mozilla/5.0 (X11; U; Linux i686; en-US; rv:1.9.1.3; ips-agent) Gecko/20090824 Fedora/1.0.7-1.1.fc4 Firefox/3.5.3"
66.249.72.80 - - [21/Sep/2012:10:34:04 +0200] "GET /robots.txt HTTP/1.1" 404 1256 "-" "Mozilla/5.0 (compatible; Googlebot/2.1; +http://www.google.com/bot.html)"
66.249.72.80 - - [21/Sep/2012:10:34:04 +0200] "GET /Feinstaubfilter/micronair/micronair.html HTTP/1.1" 304 - "-" "Mozilla/5.0 (compatible; Googlebot/2.1; +http://www.google.com/bot.html)"
194.25.207.210 - - [21/Sep/2012:14:32:36 +0200] "GET / HTTP/1.1" 200 12828 "http://www.google.de/url?sa=t&rct=j&q=&esrc=s&source=web&cd=1&ved=0CD8QFjAA&url=http%3A%2F%2Fwww.sirius-berlin.de%2F&ei=Il5cUMGeEc2O4gTHoIHoCg&usg=AFQjCNGPtAUXJumSlzcucuvDG92yo-pnyg" "Mozilla/5.0 (Windows NT 5.1; rv:15.0) Gecko/20100101 Firefox/15.0.1"
194.25.207.210 - - [21/Sep/2012:14:32:36 +0200] "GET /clearpixel.gif HTTP/1.1" 200 43 "http://www.sirius-berlin.de/" "Mozilla/5.0 (Windows NT 5.1; rv:15.0) Gecko/20100101 Firefox/15.0.1"
194.25.207.210 - - [21/Sep/2012:14:32:36 +0200] "GET /rollover.js HTTP/1.1" 200 32709 "http://www.sirius-berlin.de/" "Mozilla/5.0 (Windows NT 5.1; rv:15.0) Gecko/20100101 Firefox/15.0.1"
194.25.207.210 - - [21/Sep/2012:14:32:36 +0200] "GET /Sirius-LOGO21.JPG HTTP/1.1" 200 2563 "http://www.sirius-berlin.de/" "Mozilla/5.0 (Windows NT 5.1; rv:15.0) Gecko/20100101 Firefox/15.0.1"
194.25.207.210 - - [21/Sep/2012:14:32:36 +0200] "GET /Produkte_Np1.gif HTTP/1.1" 200 1744 "http://www.sirius-berlin.de/" "Mozilla/5.0 (Windows NT 5.1; rv:15.0) Gecko/20100101 Firefox/15.0.1"
194.25.207.210 - - [21/Sep/2012:14:32:36 +0200] "GET /Home_Hp3.gif HTTP/1.1" 200 1773 "http://www.sirius-berlin.de/" "Mozilla/5.0 (Windows NT 5.1; rv:15.0) Gecko/20100101 Firefox/15.0.1"
194.25.207.210 - - [21/Sep/2012:14:32:36 +0200] "GET /Service_Kontakt_Np1.gif HTTP/1.1" 200 1794 "http://www.sirius-berlin.de/" "Mozilla/5.0 (Windows NT 5.1; rv:15.0) Gecko/20100101 Firefox/15.0.1"
194.25.207.210 - - [21/Sep/2012:14:32:36 +0200] "GET /Feinstaubfilter_Np1.gif HTTP/1.1" 200 1780 "http://www.sirius-berlin.de/" "Mozilla/5.0 (Windows NT 5.1; rv:15.0) Gecko/20100101 Firefox/15.0.1"
194.25.207.210 - - [21/Sep/2012:14:32:36 +0200] "GET /Shop_Np1.gif HTTP/1.1" 200 1699 "http://www.sirius-berlin.de/" "Mozilla/5.0 (Windows NT 5.1; rv:15.0) Gecko/20100101 Firefox/15.0.1"
194.25.207.210 - - [21/Sep/2012:14:32:36 +0200] "GET /BuiltWithNOF.gif HTTP/1.1" 200 2587 "http://www.sirius-berlin.de/" "Mozilla/5.0 (Windows NT 5.1; rv:15.0) Gecko/20100101 Firefox/15.0.1"
194.25.207.210 - - [21/Sep/2012:14:32:36 +0200] "GET /Impressum_Np1.gif HTTP/1.1" 200 1750 "http://www.sirius-berlin.de/" "Mozilla/5.0 (Windows NT 5.1; rv:15.0) Gecko/20100101 Firefox/15.0.1"
194.25.207.210 - - [21/Sep/2012:14:32:36 +0200] "GET /Sirius-LOGO1.JPG HTTP/1.1" 200 4357 "http://www.sirius-berlin.de/" "Mozilla/5.0 (Windows NT 5.1; rv:15.0) Gecko/20100101 Firefox/15.0.1"
194.25.207.210 - - [21/Sep/2012:14:32:36 +0200] "GET /Home_NnBanner.gif HTTP/1.1" 200 5803 "http://www.sirius-berlin.de/" "Mozilla/5.0 (Windows NT 5.1; rv:15.0) Gecko/20100101 Firefox/15.0.1"
194.25.207.210 - - [21/Sep/2012:14:32:36 +0200] "GET /DSC0019902.JPG HTTP/1.1" 200 7772 "http://www.sirius-berlin.de/" "Mozilla/5.0 (Windows NT 5.1; rv:15.0) Gecko/20100101 Firefox/15.0.1"
194.25.207.210 - - [21/Sep/2012:14:32:36 +0200] "GET /Home_HRp4.gif HTTP/1.1" 200 2027 "http://www.sirius-berlin.de/" "Mozilla/5.0 (Windows NT 5.1; rv:15.0) Gecko/20100101 Firefox/15.0.1"
194.25.207.210 - - [21/Sep/2012:14:32:36 +0200] "GET /Feinstaubfilter_NRp2.gif HTTP/1.1" 200 2034 "http://www.sirius-berlin.de/" "Mozilla/5.0 (Windows NT 5.1; rv:15.0) Gecko/20100101 Firefox/15.0.1"
194.25.207.210 - - [21/Sep/2012:14:32:36 +0200] "GET /Service_Kontakt_NRp2.gif HTTP/1.1" 200 2044 "http://www.sirius-berlin.de/" "Mozilla/5.0 (Windows NT 5.1; rv:15.0) Gecko/20100101 Firefox/15.0.1"
194.25.207.210 - - [21/Sep/2012:14:32:36 +0200] "GET /Produkte_NRp2.gif HTTP/1.1" 200 2001 "http://www.sirius-berlin.de/" "Mozilla/5.0 (Windows NT 5.1; rv:15.0) Gecko/20100101 Firefox/15.0.1"
194.25.207.210 - - [21/Sep/2012:14:32:36 +0200] "GET /Impressum_NRp2.gif HTTP/1.1" 200 2011 "http://www.sirius-berlin.de/" "Mozilla/5.0 (Windows NT 5.1; rv:15.0) Gecko/20100101 Firefox/15.0.1"
194.25.207.210 - - [21/Sep/2012:14:32:36 +0200] "GET /Shop_NRp2.gif HTTP/1.1" 200 1954 "http://www.sirius-berlin.de/" "Mozilla/5.0 (Windows NT 5.1; rv:15.0) Gecko/20100101 Firefox/15.0.1"
194.25.207.210 - - [21/Sep/2012:14:32:36 +0200] "GET /background.gif HTTP/1.1" 200 5457 "http://www.sirius-berlin.de/" "Mozilla/5.0 (Windows NT 5.1; rv:15.0) Gecko/20100101 Firefox/15.0.1"
194.25.207.210 - - [21/Sep/2012:14:32:37 +0200] "GET /favicon.ico HTTP/1.1" 404 1256 "-" "Mozilla/5.0 (Windows NT 5.1; rv:15.0) Gecko/20100101 Firefox/15.0.1"
194.25.207.210 - - [21/Sep/2012:14:32:37 +0200] "GET /favicon.ico HTTP/1.1" 404 1256 "-" "Mozilla/5.0 (Windows NT 5.1; rv:15.0) Gecko/20100101 Firefox/15.0.1"
194.25.207.210 - - [21/Sep/2012:14:32:40 +0200] "GET /Service_Kontakt/service_kontakt.html HTTP/1.1" 200 11157 "http://www.sirius-berlin.de/" "Mozilla/5.0 (Windows NT 5.1; rv:15.0) Gecko/20100101 Firefox/15.0.1"
194.25.207.210 - - [21/Sep/2012:14:32:40 +0200] "GET /Home_Np1.gif HTTP/1.1" 200 1706 "http://www.sirius-berlin.de/Service_Kontakt/service_kontakt.html" "Mozilla/5.0 (Windows NT 5.1; rv:15.0) Gecko/20100101 Firefox/15.0.1"
194.25.207.210 - - [21/Sep/2012:14:32:40 +0200] "GET /Service_Kontakt_Hp3.gif HTTP/1.1" 200 2451 "http://www.sirius-berlin.de/Service_Kontakt/service_kontakt.html" "Mozilla/5.0 (Windows NT 5.1; rv:15.0) Gecko/20100101 Firefox/15.0.1"
194.25.207.210 - - [21/Sep/2012:14:32:40 +0200] "GET /Service_Kontakt_NnBanner.gif HTTP/1.1" 200 6313 "http://www.sirius-berlin.de/Service_Kontakt/service_kontakt.html" "Mozilla/5.0 (Windows NT 5.1; rv:15.0) Gecko/20100101 Firefox/15.0.1"
194.25.207.210 - - [21/Sep/2012:14:32:40 +0200] "GET /Home_NRp2.gif HTTP/1.1" 200 1965 "http://www.sirius-berlin.de/Service_Kontakt/service_kontakt.html" "Mozilla/5.0 (Windows NT 5.1; rv:15.0) Gecko/20100101 Firefox/15.0.1"
194.25.207.210 - - [21/Sep/2012:14:32:40 +0200] "GET /Service_Kontakt_HRp4.gif HTTP/1.1" 200 2700 "http://www.sirius-berlin.de/Service_Kontakt/service_kontakt.html" "Mozilla/5.0 (Windows NT 5.1; rv:15.0) Gecko/20100101 Firefox/15.0.1"
194.25.207.210 - - [21/Sep/2012:14:32:43 +0200] "GET /Impressum/impressum.html HTTP/1.1" 200 11991 "http://www.sirius-berlin.de/Service_Kontakt/service_kontakt.html" "Mozilla/5.0 (Windows NT 5.1; rv:15.0) Gecko/20100101 Firefox/15.0.1"
194.25.207.210 - - [21/Sep/2012:14:32:43 +0200] "GET /Impressum_Hp3.gif HTTP/1.1" 200 1876 "http://www.sirius-berlin.de/Impressum/impressum.html" "Mozilla/5.0 (Windows NT 5.1; rv:15.0) Gecko/20100101 Firefox/15.0.1"
194.25.207.210 - - [21/Sep/2012:14:32:43 +0200] "GET /Sirius-LOGO102.JPG HTTP/1.1" 200 4357 "http://www.sirius-berlin.de/Impressum/impressum.html" "Mozilla/5.0 (Windows NT 5.1; rv:15.0) Gecko/20100101 Firefox/15.0.1"
194.25.207.210 - - [21/Sep/2012:14:32:43 +0200] "GET /Impressum_NnBanner.gif HTTP/1.1" 200 5996 "http://www.sirius-berlin.de/Impressum/impressum.html" "Mozilla/5.0 (Windows NT 5.1; rv:15.0) Gecko/20100101 Firefox/15.0.1"
194.25.207.210 - - [21/Sep/2012:14:32:43 +0200] "GET /Karte02.JPG HTTP/1.1" 200 14958 "http://www.sirius-berlin.de/Impressum/impressum.html" "Mozilla/5.0 (Windows NT 5.1; rv:15.0) Gecko/20100101 Firefox/15.0.1"
194.25.207.210 - - [21/Sep/2012:14:32:43 +0200] "GET /Impressum_HRp4.gif HTTP/1.1" 200 2143 "http://www.sirius-berlin.de/Impressum/impressum.html" "Mozilla/5.0 (Windows NT 5.1; rv:15.0) Gecko/20100101 Firefox/15.0.1"
37.59.215.53 - - [21/Sep/2012:14:59:23 +0200] "HEAD / HTTP/1.1" 200 - "-" "Mozilla/5.0 (Windows NT 6.1; WOW64; rv:6.0) Gecko/20100101 Firefox/6.0"
37.59.215.53 - - [21/Sep/2012:14:59:24 +0200] "HEAD / HTTP/1.1" 200 - "-" "SEOstats 2.1.0 https://github.com/eyecatchup/SEOstats"
66.249.72.80 - - [21/Sep/2012:19:23:24 +0200] "GET /Service_Kontakt/service_kontakt.html HTTP/1.1" 200 11157 "-" "Mozilla/5.0 (compatible; Googlebot/2.1; +http://www.google.com/bot.html)"
178.154.179.250 - - [21/Sep/2012:20:58:06 +0200] "GET /robots.txt HTTP/1.1" 404 1256 "-" "Mozilla/5.0 (compatible; YandexBot/3.0; +http://yandex.com/bots)"
66.249.72.80 - - [21/Sep/2012:22:39:16 +0200] "GET /robots.txt HTTP/1.1" 404 1256 "-" "Mozilla/5.0 (compatible; Googlebot/2.1; +http://www.google.com/bot.html)"
66.249.72.80 - - [21/Sep/2012:22:39:16 +0200] "GET /Shop/shop.html HTTP/1.1" 304 - "-" "Mozilla/5.0 (compatible; Googlebot/2.1; +http://www.google.com/bot.html)"
178.154.179.250 - - [22/Sep/2012:00:58:43 +0200] "GET /Impressum/impressum.html HTTP/1.1" 200 11991 "-" "Mozilla/5.0 (compatible; YandexBot/3.0; +http://yandex.com/bots)"
173.236.21.106 - - [22/Sep/2012:04:34:04 +0200] "GET /robots.txt HTTP/1.0" 404 1256 "-" "Mozilla/5.0 (compatible; MJ12bot/v1.4.3; http://www.majestic12.co.uk/bot.php?+)"
173.236.21.106 - - [22/Sep/2012:04:34:05 +0200] "GET /Feinstaubfilter/Dexwet/dexwet.html HTTP/1.0" 200 16100 "-" "Mozilla/5.0 (compatible; MJ12bot/v1.4.3; http://www.majestic12.co.uk/bot.php?+)"
173.236.21.106 - - [22/Sep/2012:04:34:07 +0200] "GET /Feinstaubfilter/feinstaubfilter.html HTTP/1.0" 200 13065 "-" "Mozilla/5.0 (compatible; MJ12bot/v1.4.3; http://www.majestic12.co.uk/bot.php?+)"
173.236.21.106 - - [22/Sep/2012:04:34:09 +0200] "GET /Feinstaubfilter/micronair/micronair.html HTTP/1.0" 200 19812 "-" "Mozilla/5.0 (compatible; MJ12bot/v1.4.3; http://www.majestic12.co.uk/bot.php?+)"
173.236.21.106 - - [22/Sep/2012:04:34:10 +0200] "GET /html/feinstaubfilter.html HTTP/1.0" 404 1256 "-" "Mozilla/5.0 (compatible; MJ12bot/v1.4.3; http://www.majestic12.co.uk/bot.php?+)"
66.249.72.80 - - [22/Sep/2012:07:14:08 +0200] "GET /robots.txt HTTP/1.1" 404 1256 "-" "Mozilla/5.0 (compatible; Googlebot/2.1; +http://www.google.com/bot.html)"
66.249.72.80 - - [22/Sep/2012:07:14:08 +0200] "GET /Feinstaubfilter/micronair/micronair.html HTTP/1.1" 304 - "-" "Mozilla/5.0 (iPhone; U; CPU iPhone OS 4_1 like Mac OS X; en-us) AppleWebKit/532.9 (KHTML, like Gecko) Version/4.0.5 Mobile/8B117 Safari/6531.22.7 (compatible; Googlebot-Mobile/2.1; +http://www.google.com/bot.html)"
173.242.125.196 - - [22/Sep/2012:09:19:54 +0200] "GET /robots.txt HTTP/1.0" 404 1256 "-" "Mozilla/5.0 (compatible; MJ12bot/v1.4.3; http://www.majestic12.co.uk/bot.php?+)"
173.242.125.196 - - [22/Sep/2012:09:19:56 +0200] "GET / HTTP/1.0" 200 12828 "-" "Mozilla/5.0 (compatible; MJ12bot/v1.4.3; http://www.majestic12.co.uk/bot.php?+)"
93.220.210.212 - - [22/Sep/2012:09:39:35 +0200] "GET / HTTP/1.1" 200 12828 "-" "Mozilla/4.0 (compatible; MSIE 8.0; Windows NT 6.0; .NET CLR 1.1.4322; .NET CLR 2.0.50727; .NET CLR 3.0.04506.30)"
93.220.210.212 - - [22/Sep/2012:09:39:44 +0200] "GET /Impressum/impressum.html HTTP/1.1" 200 11991 "-" "Mozilla/4.0 (compatible; MSIE 7.0; Windows NT 6.0; WOW64; SLCC1; .NET CLR 2.0.50727; .NET CLR 1.1.4322; .NET CLR 3.5.21022; .NET CLR 3.0.04506)"
5.9.25.71 - - [22/Sep/2012:12:37:52 +0200] "GET /robots.txt HTTP/1.1" 404 1256 "-" "Pixray-Seeker/2.0 (Pixray-Seeker; http://www.pixray.com/pixraybot; crawler@pixray.com)"
5.9.25.71 - - [22/Sep/2012:12:37:52 +0200] "GET /Produkte/produkte.html HTTP/1.1" 304 - "-" "Pixray-Seeker/2.0 (Pixray-Seeker; http://www.pixray.com/pixraybot; crawler@pixray.com)"
5.9.25.74 - - [22/Sep/2012:13:28:38 +0200] "GET /robots.txt HTTP/1.1" 404 1256 "-" "Pixray-Seeker/2.0 (Pixray-Seeker; http://www.pixray.com/pixraybot; crawler@pixray.com)"
5.9.25.74 - - [22/Sep/2012:13:28:38 +0200] "GET /Sirius-LOGO1.JPG HTTP/1.1" 304 - "-" "Pixray-Seeker/2.0 (Pixray-Seeker; http://www.pixray.com/pixraybot; crawler@pixray.com)"
37.140.141.34 - - [22/Sep/2012:13:31:32 +0200] "GET /robots.txt HTTP/1.1" 404 1256 "-" "Mozilla/5.0 (compatible; YandexImages/3.0; +http://yandex.com/bots)"
5.9.25.72 - - [22/Sep/2012:15:51:47 +0200] "GET /robots.txt HTTP/1.1" 404 1256 "-" "Pixray-Seeker/2.0 (Pixray-Seeker; http://www.pixray.com/pixraybot; crawler@pixray.com)"
5.9.25.72 - - [22/Sep/2012:15:51:47 +0200] "GET /thumb_Carrier.jpg HTTP/1.1" 304 - "-" "Pixray-Seeker/2.0 (Pixray-Seeker; http://www.pixray.com/pixraybot; crawler@pixray.com)"
180.76.5.97 - - [22/Sep/2012:16:34:36 +0200] "GET /robots.txt HTTP/1.1" 404 1256 "-" "Mozilla/5.0 (compatible; Baiduspider/2.0; +http://www.baidu.com/search/spider.html)"
78.54.31.32 - - [22/Sep/2012:17:42:11 +0200] "GET / HTTP/1.1" 200 12828 "-" "Jakarta Commons-HttpClient/3.1"
78.54.31.32 - - [22/Sep/2012:17:42:12 +0200] "GET /Impressum/impressum.html HTTP/1.1" 200 11991 "-" "Jakarta Commons-HttpClient/3.1"
93.124.89.74 - - [22/Sep/2012:20:11:57 +0200] "GET /Sirius-LOGO1.JPG HTTP/1.1" 200 4357 "http://images.yandex.ru/yandsearch?img_url=www.sirius-berlin.de%2FSirius-LOGO1.JPG&iorient=&icolor=&p=7&site=&text=%D1%81%D0%B8%D1%80%D0%B8%D1%83%D1%81%20%D0%BB%D0%BE%D0%B3%D0%BE%D1%82%D0%B8%D0%BF&wp=&pos=237&isize=&type=&recent=&rpt=simage&itype=&nojs=1" "Mozilla/4.0 (compatible; MSIE 8.0; Windows NT 5.1; Trident/4.0; MRSPUTNIK 2, 4, 1, 44; MRA 6.0 (build 5970); InfoPath.1; .NET CLR 1.1.4322; .NET CLR 2.0.50727; .NET CLR 3.0.4506.2152; .NET CLR 3.5.30729; .NET4.0C; .NET4.0E; msn OptimizedIE8;RURU)"
93.124.89.74 - - [22/Sep/2012:20:12:03 +0200] "GET /Sirius-LOGO1.JPG HTTP/1.1" 304 - "http://images.yandex.ru/yandsearch?img_url=www.sirius-berlin.de%2FSirius-LOGO1.JPG&iorient=&icolor=&p=7&site=&text=%D1%81%D0%B8%D1%80%D0%B8%D1%83%D1%81%20%D0%BB%D0%BE%D0%B3%D0%BE%D1%82%D0%B8%D0%BF&wp=&pos=237&isize=&type=&recent=&rpt=simage&itype=&nojs=1" "Mozilla/4.0 (compatible; MSIE 8.0; Windows NT 5.1; Trident/4.0; MRSPUTNIK 2, 4, 1, 44; MRA 6.0 (build 5970); InfoPath.1; .NET CLR 1.1.4322; .NET CLR 2.0.50727; .NET CLR 3.0.4506.2152; .NET CLR 3.5.30729; .NET4.0C; .NET4.0E; msn OptimizedIE8;RURU)"
93.124.89.74 - - [22/Sep/2012:20:12:03 +0200] "GET /favicon.ico HTTP/1.1" 404 1256 "-" "Mozilla/4.0 (compatible; MSIE 8.0; Windows NT 5.1; Trident/4.0; MRSPUTNIK 2, 4, 1, 44; MRA 6.0 (build 5970); InfoPath.1; .NET CLR 1.1.4322; .NET CLR 2.0.50727; .NET CLR 3.0.4506.2152; .NET CLR 3.5.30729; .NET4.0C; .NET4.0E; msn OptimizedIE8;RURU)"
178.154.179.250 - - [22/Sep/2012:20:25:09 +0200] "GET /robots.txt HTTP/1.1" 404 1256 "-" "Mozilla/5.0 (compatible; YandexBot/3.0; +http://yandex.com/bots)"
178.77.126.55 - - [22/Sep/2012:21:35:18 +0200] "GET /robots.txt HTTP/1.1" 404 1256 "-" "Mozilla/5.0 (compatible; CareerBot/1.1; +http://www.career-x.de/bot.html)"
178.77.126.55 - - [22/Sep/2012:21:35:18 +0200] "GET / HTTP/1.1" 200 12828 "-" "Mozilla/5.0 (compatible; CareerBot/1.1; +http://www.career-x.de/bot.html)"
208.115.111.67 - - [22/Sep/2012:21:51:56 +0200] "GET /robots.txt HTTP/1.1" 404 1256 "-" "Mozilla/5.0 (compatible; Ezooms/1.0; ezooms.bot@gmail.com)"
208.115.111.67 - - [22/Sep/2012:22:35:00 +0200] "GET /index.html HTTP/1.1" 200 12828 "-" "Mozilla/5.0 (compatible; Ezooms/1.0; ezooms.bot@gmail.com)"
37.140.141.34 - - [22/Sep/2012:22:53:17 +0200] "GET /Home_NnBanner.gif HTTP/1.1" 200 5803 "-" "Mozilla/5.0 (compatible; YandexImages/3.0; +http://yandex.com/bots)"
213.186.120.196 - - [23/Sep/2012:02:09:14 +0200] "GET /robots.txt HTTP/1.1" 404 1256 "-" "Mozilla/5.0 (compatible; AhrefsBot/3.1; +http://ahrefs.com/robot/)"
178.154.179.250 - - [23/Sep/2012:03:24:44 +0200] "GET / HTTP/1.1" 200 12828 "-" "Mozilla/5.0 (compatible; YandexBot/3.0; +http://yandex.com/bots)"
66.249.72.80 - - [23/Sep/2012:04:40:28 +0200] "GET /robots.txt HTTP/1.1" 404 1256 "-" "Mozilla/5.0 (compatible; Googlebot/2.1; +http://www.google.com/bot.html)"
66.249.72.80 - - [23/Sep/2012:04:40:28 +0200] "GET /Impressum/impressum.html HTTP/1.1" 304 - "-" "Mozilla/5.0 (iPhone; U; CPU iPhone OS 4_1 like Mac OS X; en-us) AppleWebKit/532.9 (KHTML, like Gecko) Version/4.0.5 Mobile/8B117 Safari/6531.22.7 (compatible; Googlebot-Mobile/2.1; +http://www.google.com/bot.html)"
66.249.72.80 - - [23/Sep/2012:06:11:54 +0200] "GET /Feinstaubfilter/Dexwet/dexwet.html HTTP/1.1" 304 - "-" "Mozilla/5.0 (compatible; Googlebot/2.1; +http://www.google.com/bot.html)"
178.154.179.250 - - [23/Sep/2012:06:27:46 +0200] "GET /Produkte/produkte.html HTTP/1.1" 200 17755 "-" "Mozilla/5.0 (compatible; YandexBot/3.0; +http://yandex.com/bots)"
178.154.179.250 - - [23/Sep/2012:07:25:32 +0200] "GET /index.html HTTP/1.1" 200 12828 "-" "Mozilla/5.0 (compatible; YandexBot/3.0; +http://yandex.com/bots)"
37.59.215.53 - - [23/Sep/2012:09:10:19 +0200] "GET / HTTP/1.1" 200 12828 "www.sirius-berlin.de" "Mozilla/5.0 (Windows NT 6.2; WOW64; rv:15.0) Gecko/20100101 Firefox/15.0.1"
180.76.5.156 - - [23/Sep/2012:17:35:28 +0200] "GET /robots.txt HTTP/1.1" 404 1256 "-" "Mozilla/5.0 (compatible; Baiduspider/2.0; +http://www.baidu.com/search/spider.html)"
178.154.179.250 - - [23/Sep/2012:18:23:05 +0200] "GET / HTTP/1.1" 200 12828 "-" "Mozilla/5.0 (compatible; YandexBot/3.0; +http://yandex.com/bots)"
5.9.25.76 - - [23/Sep/2012:22:29:44 +0200] "GET /robots.txt HTTP/1.1" 404 1256 "-" "Pixray-Seeker/2.0 (Pixray-Seeker; http://www.pixray.com/pixraybot; crawler@pixray.com)"
5.9.25.76 - - [23/Sep/2012:22:29:44 +0200] "GET /Shop/Filter/filter_0.html HTTP/1.1" 304 - "-" "Pixray-Seeker/2.0 (Pixray-Seeker; http://www.pixray.com/pixraybot; crawler@pixray.com)"
66.249.72.80 - - [23/Sep/2012:22:54:11 +0200] "GET /robots.txt HTTP/1.1" 404 1256 "-" "Mozilla/5.0 (compatible; Googlebot/2.1; +http://www.google.com/bot.html)"
66.249.72.80 - - [23/Sep/2012:22:54:11 +0200] "GET / HTTP/1.1" 200 12828 "-" "Mozilla/5.0 (compatible; Googlebot/2.1; +http://www.google.com/bot.html)"
178.154.179.250 - - [24/Sep/2012:00:30:11 +0200] "GET /robots.txt HTTP/1.1" 404 1256 "-" "Mozilla/5.0 (compatible; YandexBot/3.0; +http://yandex.com/bots)"
178.154.179.250 - - [24/Sep/2012:01:01:00 +0200] "GET /Shop/shop.html HTTP/1.1" 200 59578 "-" "Mozilla/5.0 (compatible; YandexBot/3.0; +http://yandex.com/bots)"
65.55.24.214 - - [24/Sep/2012:06:14:08 +0200] "GET /robots.txt HTTP/1.1" 404 1256 "-" "Mozilla/5.0 (compatible; bingbot/2.0; +http://www.bing.com/bingbot.htm)"
65.55.24.214 - - [24/Sep/2012:07:08:49 +0200] "GET /Shop/Filter/filter_2.html HTTP/1.1" 304 - "-" "Mozilla/5.0 (compatible; bingbot/2.0; +http://www.bing.com/bingbot.htm)"
180.76.5.193 - - [24/Sep/2012:07:44:45 +0200] "GET / HTTP/1.1" 200 12828 "-" "Mozilla/5.0 (compatible; Baiduspider/2.0; +http://www.baidu.com/search/spider.html)"
208.115.113.83 - - [24/Sep/2012:08:26:59 +0200] "GET /robots.txt HTTP/1.1" 404 1256 "-" "Mozilla/5.0 (compatible; Ezooms/1.0; ezooms.bot@gmail.com)"
208.115.113.83 - - [24/Sep/2012:08:43:47 +0200] "GET / HTTP/1.1" 200 12828 "-" "Mozilla/5.0 (compatible; Ezooms/1.0; ezooms.bot@gmail.com)"
93.228.74.97 - - [24/Sep/2012:11:45:29 +0200] "GET / HTTP/1.1" 200 12828 "-" "Mozilla/4.0 (compatible; MSIE 7.0; Windows NT 6.0; WOW64; SLCC1; .NET CLR 2.0.50727; .NET CLR 1.1.4322; .NET CLR 3.5.21022; .NET CLR 3.0.04506)"
93.228.74.97 - - [24/Sep/2012:11:45:44 +0200] "GET /Impressum/impressum.html HTTP/1.1" 200 11991 "-" "Mozilla/4.0+(compatible;+MSIE+7.0;+Windows+NT+5.1)"
180.76.5.53 - - [24/Sep/2012:12:14:36 +0200] "GET /robots.txt HTTP/1.1" 404 1256 "-" "Mozilla/5.0 (compatible; Baiduspider/2.0; +http://www.baidu.com/search/spider.html)"
95.108.151.244 - - [24/Sep/2012:18:01:59 +0200] "GET /robots.txt HTTP/1.1" 404 1256 "-" "Mozilla/5.0 (compatible; YandexBot/3.0; +http://yandex.com/bots)"
95.108.151.244 - - [24/Sep/2012:18:02:00 +0200] "GET / HTTP/1.1" 200 12828 "-" "Mozilla/5.0 (compatible; YandexBot/3.0; +http://yandex.com/bots)"
95.108.151.244 - - [24/Sep/2012:18:02:01 +0200] "GET / HTTP/1.1" 200 12828 "-" "Mozilla/5.0 (compatible; YandexBot/3.0; +http://yandex.com/bots)"
178.77.126.55 - - [24/Sep/2012:18:37:09 +0200] "GET /robots.txt HTTP/1.1" 404 1256 "-" "Mozilla/5.0 (compatible; CareerBot/1.1; +http://www.career-x.de/bot.html)"
178.77.126.55 - - [24/Sep/2012:18:37:09 +0200] "GET / HTTP/1.1" 200 12828 "-" "Mozilla/5.0 (compatible; CareerBot/1.1; +http://www.career-x.de/bot.html)"
213.186.120.196 - - [24/Sep/2012:20:21:31 +0200] "GET /robots.txt HTTP/1.1" 404 1256 "-" "Mozilla/5.0 (compatible; AhrefsBot/3.1; +http://ahrefs.com/robot/)"
66.249.72.80 - - [24/Sep/2012:21:34:03 +0200] "GET /robots.txt HTTP/1.1" 404 1256 "-" "Mozilla/5.0 (compatible; Googlebot/2.1; +http://www.google.com/bot.html)"
66.249.72.80 - - [24/Sep/2012:22:03:32 +0200] "GET /index.html HTTP/1.1" 200 12828 "-" "Mozilla/5.0 (compatible; Googlebot/2.1; +http://www.google.com/bot.html)"
157.55.32.153 - - [24/Sep/2012:22:19:34 +0200] "GET /robots.txt HTTP/1.1" 404 1256 "-" "Mozilla/5.0 (compatible; bingbot/2.0; +http://www.bing.com/bingbot.htm)"
157.55.32.153 - - [24/Sep/2012:22:43:57 +0200] "GET / HTTP/1.1" 304 - "-" "Mozilla/5.0 (compatible; bingbot/2.0; +http://www.bing.com/bingbot.htm)"
66.249.72.80 - - [24/Sep/2012:22:49:01 +0200] "GET / HTTP/1.1" 200 12828 "-" "Mozilla/5.0 (iPhone; U; CPU iPhone OS 4_1 like Mac OS X; en-us) AppleWebKit/532.9 (KHTML, like Gecko) Version/4.0.5 Mobile/8B117 Safari/6531.22.7 (compatible; Googlebot-Mobile/2.1; +http://www.google.com/bot.html)"
178.154.179.250 - - [25/Sep/2012:01:43:16 +0200] "GET /robots.txt HTTP/1.1" 404 1256 "-" "Mozilla/5.0 (compatible; YandexBot/3.0; +http://yandex.com/bots)"
180.76.5.140 - - [25/Sep/2012:03:29:46 +0200] "GET / HTTP/1.1" 200 12828 "-" "Mozilla/5.0 (compatible; Baiduspider/2.0; +http://www.baidu.com/search/spider.html)"
178.154.179.250 - - [25/Sep/2012:04:32:25 +0200] "GET /Produkte/produkte.html HTTP/1.1" 304 - "-" "Mozilla/5.0 (compatible; YandexBot/3.0; +http://yandex.com/bots)"
178.154.179.250 - - [25/Sep/2012:04:32:29 +0200] "GET /Service_Kontakt/service_kontakt.html HTTP/1.1" 304 - "-" "Mozilla/5.0 (compatible; YandexBot/3.0; +http://yandex.com/bots)"
66.249.72.80 - - [25/Sep/2012:07:59:30 +0200] "GET /robots.txt HTTP/1.1" 404 1256 "-" "Mozilla/5.0 (compatible; Googlebot/2.1; +http://www.google.com/bot.html)"
66.249.72.80 - - [25/Sep/2012:07:59:30 +0200] "GET /Feinstaubfilter/feinstaubfilter.html HTTP/1.1" 304 - "-" "Mozilla/5.0 (iPhone; U; CPU iPhone OS 4_1 like Mac OS X; en-us) AppleWebKit/532.9 (KHTML, like Gecko) Version/4.0.5 Mobile/8B117 Safari/6531.22.7 (compatible; Googlebot-Mobile/2.1; +http://www.google.com/bot.html)"
66.249.72.80 - - [25/Sep/2012:11:59:44 +0200] "GET /Shop/shop.html HTTP/1.1" 200 59578 "-" "Mozilla/5.0 (compatible; Googlebot/2.1; +http://www.google.com/bot.html)"
66.249.72.80 - - [25/Sep/2012:18:05:29 +0200] "GET /Produkte/produkte.html HTTP/1.1" 200 17755 "-" "Mozilla/5.0 (compatible; Googlebot/2.1; +http://www.google.com/bot.html)"
93.220.223.23 - - [25/Sep/2012:18:55:04 +0200] "GET / HTTP/1.1" 200 12828 "-" "Mozilla/5.0 Gecko/2009042316 Firefox/3.x"
66.249.72.80 - - [25/Sep/2012:19:32:06 +0200] "GET /Impressum/impressum.html HTTP/1.1" 200 11991 "-" "Mozilla/5.0 (compatible; Googlebot/2.1; +http://www.google.com/bot.html)"
173.236.21.106 - - [25/Sep/2012:20:39:46 +0200] "GET /robots.txt HTTP/1.0" 404 1256 "-" "Mozilla/5.0 (compatible; MJ12bot/v1.4.3; http://www.majestic12.co.uk/bot.php?+)"
173.236.21.106 - - [25/Sep/2012:20:39:47 +0200] "GET / HTTP/1.0" 200 12828 "-" "Mozilla/5.0 (compatible; MJ12bot/v1.4.3; http://www.majestic12.co.uk/bot.php?+)"
180.76.6.225 - - [25/Sep/2012:21:19:40 +0200] "GET /robots.txt HTTP/1.1" 404 1256 "-" "Mozilla/5.0 (compatible; Baiduspider/2.0; +http://www.baidu.com/search/spider.html)"
131.253.41.145 - - [25/Sep/2012:22:29:50 +0200] "GET /robots.txt HTTP/1.1" 404 1256 "-" "msnbot-media/1.1 (+http://search.msn.com/msnbot.htm)"
131.253.41.145 - - [25/Sep/2012:22:29:50 +0200] "GET /Gruppe02.jpg HTTP/1.1" 200 57869 "-" "msnbot-media/1.1 (+http://search.msn.com/msnbot.htm)"
66.249.72.80 - - [26/Sep/2012:00:49:18 +0200] "GET /robots.txt HTTP/1.1" 404 1256 "-" "Mozilla/5.0 (compatible; Googlebot/2.1; +http://www.google.com/bot.html)"
66.249.72.80 - - [26/Sep/2012:00:49:18 +0200] "GET /Service_Kontakt/service_kontakt.html HTTP/1.1" 200 11157 "-" "Mozilla/5.0 (compatible; Googlebot/2.1; +http://www.google.com/bot.html)"
157.55.32.109 - - [26/Sep/2012:01:10:07 +0200] "GET /robots.txt HTTP/1.1" 404 1256 "-" "Mozilla/5.0 (compatible; bingbot/2.0; +http://www.bing.com/bingbot.htm)"
66.249.72.80 - - [26/Sep/2012:01:15:22 +0200] "GET /Feinstaubfilter/feinstaubfilter.html HTTP/1.1" 200 13065 "-" "Mozilla/5.0 (compatible; Googlebot/2.1; +http://www.google.com/bot.html)"
157.55.33.47 - - [26/Sep/2012:01:16:50 +0200] "GET /Produkte/weitere_Produkte/weitere_produkte.html HTTP/1.1" 200 12524 "-" "Mozilla/5.0 (compatible; bingbot/2.0; +http://www.bing.com/bingbot.htm)"
157.55.33.98 - - [26/Sep/2012:01:50:25 +0200] "GET /Impressum/impressum.html HTTP/1.1" 200 11991 "-" "Mozilla/5.0 (compatible; bingbot/2.0; +http://www.bing.com/bingbot.htm)"
95.108.151.244 - - [26/Sep/2012:09:45:23 +0200] "GET /robots.txt HTTP/1.1" 404 1256 "-" "Mozilla/5.0 (compatible; YandexBot/3.0; +http://yandex.com/bots)"
95.108.151.244 - - [26/Sep/2012:09:45:24 +0200] "GET / HTTP/1.1" 200 12828 "-" "Mozilla/5.0 (compatible; YandexBot/3.0; +http://yandex.com/bots)"
95.108.151.244 - - [26/Sep/2012:09:45:25 +0200] "GET / HTTP/1.1" 200 12828 "-" "Mozilla/5.0 (compatible; YandexBot/3.0; +http://yandex.com/bots)"
37.59.4.134 - - [26/Sep/2012:10:58:05 +0200] "HEAD / HTTP/1.1" 200 - "-" "Mozilla/5.0 (Windows NT 6.1; WOW64; rv:6.0) Gecko/20100101 Firefox/6.0"
37.59.4.134 - - [26/Sep/2012:10:58:05 +0200] "HEAD / HTTP/1.1" 200 - "-" "SEOstats 2.1.0 https://github.com/eyecatchup/SEOstats"
157.55.35.80 - - [26/Sep/2012:11:17:30 +0200] "GET /robots.txt HTTP/1.1" 404 1256 "-" "Mozilla/5.0 (compatible; bingbot/2.0; +http://www.bing.com/bingbot.htm)"
157.55.35.80 - - [26/Sep/2012:11:23:25 +0200] "GET /Feinstaubfilter/Dexwet/dexwet.html HTTP/1.1" 304 - "-" "Mozilla/5.0 (compatible; bingbot/2.0; +http://www.bing.com/bingbot.htm)"
193.28.178.13 - - [26/Sep/2012:11:25:44 +0200] "GET /robots.txt HTTP/1.1" 404 1256 "-" "Mozilla/5.0 (Windows NT x.y; Win64; x64; rv:10.0.1) Gecko/20100101 Firefox/10.0.1"
193.28.178.13 - - [26/Sep/2012:11:25:44 +0200] "GET / HTTP/1.1" 200 12828 "-" "Mozilla/5.0 (Windows NT x.y; Win64; x64; rv:10.0.1) Gecko/20100101 Firefox/10.0.1"
193.28.178.13 - - [26/Sep/2012:11:25:52 +0200] "GET /Service_Kontakt/service_kontakt.html HTTP/1.1" 200 11157 "-" "Mozilla/5.0 (Windows NT x.y; Win64; x64; rv:10.0.1) Gecko/20100101 Firefox/10.0.1"
193.28.178.13 - - [26/Sep/2012:11:25:52 +0200] "GET /Impressum HTTP/1.1" 301 360 "-" "Mozilla/5.0 (Windows NT x.y; Win64; x64; rv:10.0.1) Gecko/20100101 Firefox/10.0.1"
193.28.178.13 - - [26/Sep/2012:11:25:53 +0200] "GET /Impressum/ HTTP/1.1" 403 1222 "-" "Mozilla/5.0 (Windows NT x.y; Win64; x64; rv:10.0.1) Gecko/20100101 Firefox/10.0.1"
193.28.178.13 - - [26/Sep/2012:11:25:53 +0200] "GET /Impressum/impressum.html HTTP/1.1" 200 11991 "-" "Mozilla/5.0 (Windows NT x.y; Win64; x64; rv:10.0.1) Gecko/20100101 Firefox/10.0.1"
193.28.178.13 - - [26/Sep/2012:11:25:53 +0200] "GET /Service/Kontakt HTTP/1.1" 404 1256 "-" "Mozilla/5.0 (Windows NT x.y; Win64; x64; rv:10.0.1) Gecko/20100101 Firefox/10.0.1"
193.28.178.13 - - [26/Sep/2012:11:25:58 +0200] "GET / HTTP/1.1" 200 12828 "-" "Mozilla/5.0 (Linux; U; Android 2.2; en-gb; GT-P1000 Build/FROYO) AppleWebKit/533.1 (KHTML, like Gecko) Version/4.0 Mobile Safari/533.1"
178.77.126.55 - - [26/Sep/2012:13:40:20 +0200] "GET /robots.txt HTTP/1.1" 404 1256 "-" "Mozilla/5.0 (compatible; CareerBot/1.1; +http://www.career-x.de/bot.html)"
178.77.126.55 - - [26/Sep/2012:13:40:20 +0200] "GET / HTTP/1.1" 200 12828 "-" "Mozilla/5.0 (compatible; CareerBot/1.1; +http://www.career-x.de/bot.html)"
208.115.111.67 - - [26/Sep/2012:13:54:49 +0200] "GET /robots.txt HTTP/1.1" 404 1256 "-" "Mozilla/5.0 (compatible; Ezooms/1.0; ezooms.bot@gmail.com)"
178.154.179.250 - - [26/Sep/2012:14:01:53 +0200] "GET /robots.txt HTTP/1.1" 404 1256 "-" "Mozilla/5.0 (compatible; YandexBot/3.0; +http://yandex.com/bots)"
178.154.179.250 - - [26/Sep/2012:14:01:55 +0200] "GET /Produkte/produkte.html HTTP/1.1" 304 - "-" "Mozilla/5.0 (compatible; YandexBot/3.0; +http://yandex.com/bots)"
66.249.72.80 - - [26/Sep/2012:15:16:11 +0200] "GET /robots.txt HTTP/1.1" 404 1256 "-" "Mozilla/5.0 (compatible; Googlebot/2.1; +http://www.google.com/bot.html)"
66.249.72.80 - - [26/Sep/2012:15:16:11 +0200] "GET / HTTP/1.1" 200 12828 "-" "Mozilla/5.0 (compatible; Googlebot/2.1; +http://www.google.com/bot.html)"
208.115.113.83 - - [26/Sep/2012:15:59:07 +0200] "GET /robots.txt HTTP/1.1" 404 1256 "-" "Mozilla/5.0 (compatible; Ezooms/1.0; ezooms.bot@gmail.com)"
157.55.34.180 - - [26/Sep/2012:18:27:27 +0200] "GET /robots.txt HTTP/1.1" 404 1256 "-" "Mozilla/5.0 (compatible; bingbot/2.0; +http://www.bing.com/bingbot.htm)"
208.115.113.83 - - [26/Sep/2012:18:27:53 +0200] "GET /Feinstaubfilter/micronair/micronair.html HTTP/1.1" 200 19812 "-" "Mozilla/5.0 (compatible; Ezooms/1.0; ezooms.bot@gmail.com)"
212.7.194.137 - - [26/Sep/2012:21:37:56 +0200] "GET / HTTP/1.1" 200 12828 "-" "Mozilla/4.0 (compatible; MSIE 8.0; Windows NT 6.1; Trident/4.0)"
208.115.111.67 - - [27/Sep/2012:02:00:45 +0200] "GET /robots.txt HTTP/1.1" 404 1256 "-" "Mozilla/5.0 (compatible; Ezooms/1.0; ezooms.bot@gmail.com)"
5.9.6.232 - - [27/Sep/2012:03:28:40 +0200] "GET / HTTP/1.1" 200 12828 "-" "Mozilla/5.0 (Windows NT 6.1; rv:8.0) Gecko/20100101 Firefox/8.0"
5.9.6.231 - - [27/Sep/2012:03:28:41 +0200] "GET / HTTP/1.1" 200 12828 "-" "Mozilla/5.0 (iPhone; U; CPU iPhone OS 3_0 like Mac OS X; en-us) AppleWebKit/528.18 (KHTML, like Gecko) Version/4.0 Mobile/7A341 Safari/528.16"
83.133.125.202 - - [27/Sep/2012:04:40:04 +0200] "GET / HTTP/1.1" 200 12828 "http://www.sumaja.de/?such_wert=berlin" "Mozilla/5.0 (Windows; U; Windows NT 6.1; de; rv:1.9.2.8) Gecko/20100722 Firefox/3.6.8 GTB7.1"
213.186.127.7 - - [27/Sep/2012:05:44:20 +0200] "GET /Shop/Filter/filter_0.html HTTP/1.1" 200 26544 "-" "Mozilla/5.0 (compatible; AhrefsBot/3.1; +http://ahrefs.com/robot/)"
95.108.151.244 - - [27/Sep/2012:06:34:03 +0200] "GET /robots.txt HTTP/1.1" 404 1256 "-" "Mozilla/5.0 (compatible; YandexBot/3.0; +http://yandex.com/bots)"
95.108.151.244 - - [27/Sep/2012:06:34:04 +0200] "GET / HTTP/1.1" 200 12828 "-" "Mozilla/5.0 (compatible; YandexBot/3.0; +http://yandex.com/bots)"
95.108.151.244 - - [27/Sep/2012:06:34:05 +0200] "GET / HTTP/1.1" 200 12828 "-" "Mozilla/5.0 (compatible; YandexBot/3.0; +http://yandex.com/bots)"
208.115.113.83 - - [27/Sep/2012:07:56:42 +0200] "GET /robots.txt HTTP/1.1" 404 1256 "-" "Mozilla/5.0 (compatible; Ezooms/1.0; ezooms.bot@gmail.com)"
66.249.72.16 - - [27/Sep/2012:09:55:07 +0200] "GET /robots.txt HTTP/1.1" 404 1256 "-" "Mozilla/5.0 (compatible; Googlebot/2.1; +http://www.google.com/bot.html)"
66.249.72.16 - - [27/Sep/2012:09:55:07 +0200] "GET /Feinstaubfilter/Dexwet/dexwet.html HTTP/1.1" 200 16100 "-" "Mozilla/5.0 (iPhone; U; CPU iPhone OS 4_1 like Mac OS X; en-us) AppleWebKit/532.9 (KHTML, like Gecko) Version/4.0.5 Mobile/8B117 Safari/6531.22.7 (compatible; Googlebot-Mobile/2.1; +http://www.google.com/bot.html)"
66.249.72.16 - - [27/Sep/2012:09:57:06 +0200] "GET /Dexwet_Hs1.gif HTTP/1.1" 200 1904 "http://www.sirius-berlin.de/Feinstaubfilter/Dexwet/dexwet.html" "Mozilla/5.0 (compatible; Googlebot/2.1; +http://www.google.com/bot.html)"
66.249.72.16 - - [27/Sep/2012:09:57:07 +0200] "GET /DSC00127a03.JPG HTTP/1.1" 200 4277 "http://www.sirius-berlin.de/Feinstaubfilter/Dexwet/dexwet.html" "Mozilla/5.0 (compatible; Googlebot/2.1; +http://www.google.com/bot.html)"
66.249.72.16 - - [27/Sep/2012:09:57:07 +0200] "GET /DSC00123a02.JPG HTTP/1.1" 200 4361 "http://www.sirius-berlin.de/Feinstaubfilter/Dexwet/dexwet.html" "Mozilla/5.0 (compatible; Googlebot/2.1; +http://www.google.com/bot.html)"
66.249.72.16 - - [27/Sep/2012:09:57:08 +0200] "GET /Dexwet_NnBanner.gif HTTP/1.1" 200 5987 "http://www.sirius-berlin.de/Feinstaubfilter/Dexwet/dexwet.html" "Mozilla/5.0 (compatible; Googlebot/2.1; +http://www.google.com/bot.html)"
66.249.72.16 - - [27/Sep/2012:09:57:08 +0200] "GET /Modular_Detail1.jpg HTTP/1.1" 200 8212 "http://www.sirius-berlin.de/Feinstaubfilter/Dexwet/dexwet.html" "Mozilla/5.0 (compatible; Googlebot/2.1; +http://www.google.com/bot.html)"
66.249.72.16 - - [27/Sep/2012:09:57:10 +0200] "GET /Dexwet_HRs4.gif HTTP/1.1" 200 1880 "http://www.sirius-berlin.de/Feinstaubfilter/Dexwet/dexwet.html" "Mozilla/5.0 (compatible; Googlebot/2.1; +http://www.google.com/bot.html)"
208.115.113.83 - - [27/Sep/2012:10:17:30 +0200] "GET /Feinstaubfilter/Dexwet/dexwet.html HTTP/1.1" 200 16100 "-" "Mozilla/5.0 (compatible; Ezooms/1.0; ezooms.bot@gmail.com)"
178.154.179.250 - - [27/Sep/2012:13:16:11 +0200] "GET / HTTP/1.1" 200 12828 "-" "Mozilla/5.0 (compatible; YandexBot/3.0; +http://yandex.com/bots)"
180.76.5.187 - - [27/Sep/2012:13:38:04 +0200] "GET /robots.txt HTTP/1.1" 404 1256 "-" "Mozilla/5.0 (compatible; Baiduspider/2.0; +http://www.baidu.com/search/spider.html)"
87.123.81.120 - - [27/Sep/2012:14:27:02 +0200] "GET / HTTP/1.1" 200 12828 "-" "Mozilla/5.0 (compatible; MSIE 9.0; Windows NT 6.1; Win64; x64; Trident/5.0)"
87.123.81.120 - - [27/Sep/2012:14:27:02 +0200] "GET /rollover.js HTTP/1.1" 200 32709 "http://www.sirius-berlin.de/" "Mozilla/5.0 (compatible; MSIE 9.0; Windows NT 6.1; Win64; x64; Trident/5.0)"
87.123.81.120 - - [27/Sep/2012:14:27:02 +0200] "GET /rollover.js HTTP/1.1" 200 32709 "http://www.sirius-berlin.de/" "Mozilla/5.0 (compatible; MSIE 9.0; Windows NT 6.1; Win64; x64; Trident/5.0)"
87.123.81.120 - - [27/Sep/2012:14:27:02 +0200] "GET /clearpixel.gif HTTP/1.1" 200 43 "http://www.sirius-berlin.de/" "Mozilla/5.0 (compatible; MSIE 9.0; Windows NT 6.1; Win64; x64; Trident/5.0)"
87.123.81.120 - - [27/Sep/2012:14:27:02 +0200] "GET /Sirius-LOGO21.JPG HTTP/1.1" 200 2563 "http://www.sirius-berlin.de/" "Mozilla/5.0 (compatible; MSIE 9.0; Windows NT 6.1; Win64; x64; Trident/5.0)"
87.123.81.120 - - [27/Sep/2012:14:27:02 +0200] "GET /Home_Hp3.gif HTTP/1.1" 200 1773 "http://www.sirius-berlin.de/" "Mozilla/5.0 (compatible; MSIE 9.0; Windows NT 6.1; Win64; x64; Trident/5.0)"
87.123.81.120 - - [27/Sep/2012:14:27:02 +0200] "GET /Service_Kontakt_Np1.gif HTTP/1.1" 200 1794 "http://www.sirius-berlin.de/" "Mozilla/5.0 (compatible; MSIE 9.0; Windows NT 6.1; Win64; x64; Trident/5.0)"
87.123.81.120 - - [27/Sep/2012:14:27:02 +0200] "GET /Produkte_Np1.gif HTTP/1.1" 200 1744 "http://www.sirius-berlin.de/" "Mozilla/5.0 (compatible; MSIE 9.0; Windows NT 6.1; Win64; x64; Trident/5.0)"
87.123.81.120 - - [27/Sep/2012:14:27:02 +0200] "GET /Feinstaubfilter_Np1.gif HTTP/1.1" 200 1780 "http://www.sirius-berlin.de/" "Mozilla/5.0 (compatible; MSIE 9.0; Windows NT 6.1; Win64; x64; Trident/5.0)"
87.123.81.120 - - [27/Sep/2012:14:27:02 +0200] "GET /Impressum_Np1.gif HTTP/1.1" 200 1750 "http://www.sirius-berlin.de/" "Mozilla/5.0 (compatible; MSIE 9.0; Windows NT 6.1; Win64; x64; Trident/5.0)"
87.123.81.120 - - [27/Sep/2012:14:27:02 +0200] "GET /Shop_Np1.gif HTTP/1.1" 200 1699 "http://www.sirius-berlin.de/" "Mozilla/5.0 (compatible; MSIE 9.0; Windows NT 6.1; Win64; x64; Trident/5.0)"
87.123.81.120 - - [27/Sep/2012:14:27:02 +0200] "GET /BuiltWithNOF.gif HTTP/1.1" 200 2587 "http://www.sirius-berlin.de/" "Mozilla/5.0 (compatible; MSIE 9.0; Windows NT 6.1; Win64; x64; Trident/5.0)"
87.123.81.120 - - [27/Sep/2012:14:27:02 +0200] "GET /Home_NnBanner.gif HTTP/1.1" 200 5803 "http://www.sirius-berlin.de/" "Mozilla/5.0 (compatible; MSIE 9.0; Windows NT 6.1; Win64; x64; Trident/5.0)"
87.123.81.120 - - [27/Sep/2012:14:27:02 +0200] "GET /Sirius-LOGO1.JPG HTTP/1.1" 200 4357 "http://www.sirius-berlin.de/" "Mozilla/5.0 (compatible; MSIE 9.0; Windows NT 6.1; Win64; x64; Trident/5.0)"
87.123.81.120 - - [27/Sep/2012:14:27:02 +0200] "GET /DSC0019902.JPG HTTP/1.1" 200 7772 "http://www.sirius-berlin.de/" "Mozilla/5.0 (compatible; MSIE 9.0; Windows NT 6.1; Win64; x64; Trident/5.0)"
87.123.81.120 - - [27/Sep/2012:14:27:02 +0200] "GET /background.gif HTTP/1.1" 200 5457 "http://www.sirius-berlin.de/" "Mozilla/5.0 (compatible; MSIE 9.0; Windows NT 6.1; Win64; x64; Trident/5.0)"
87.123.81.120 - - [27/Sep/2012:14:27:02 +0200] "GET /Home_HRp4.gif HTTP/1.1" 200 2027 "http://www.sirius-berlin.de/" "Mozilla/5.0 (compatible; MSIE 9.0; Windows NT 6.1; Win64; x64; Trident/5.0)"
87.123.81.120 - - [27/Sep/2012:14:27:02 +0200] "GET /Produkte_NRp2.gif HTTP/1.1" 200 2001 "http://www.sirius-berlin.de/" "Mozilla/5.0 (compatible; MSIE 9.0; Windows NT 6.1; Win64; x64; Trident/5.0)"
87.123.81.120 - - [27/Sep/2012:14:27:02 +0200] "GET /Feinstaubfilter_NRp2.gif HTTP/1.1" 200 2034 "http://www.sirius-berlin.de/" "Mozilla/5.0 (compatible; MSIE 9.0; Windows NT 6.1; Win64; x64; Trident/5.0)"
87.123.81.120 - - [27/Sep/2012:14:27:02 +0200] "GET /Service_Kontakt_NRp2.gif HTTP/1.1" 200 2044 "http://www.sirius-berlin.de/" "Mozilla/5.0 (compatible; MSIE 9.0; Windows NT 6.1; Win64; x64; Trident/5.0)"
87.123.81.120 - - [27/Sep/2012:14:27:02 +0200] "GET /Impressum_NRp2.gif HTTP/1.1" 200 2011 "http://www.sirius-berlin.de/" "Mozilla/5.0 (compatible; MSIE 9.0; Windows NT 6.1; Win64; x64; Trident/5.0)"
87.123.81.120 - - [27/Sep/2012:14:27:02 +0200] "GET /Shop_NRp2.gif HTTP/1.1" 200 1954 "http://www.sirius-berlin.de/" "Mozilla/5.0 (compatible; MSIE 9.0; Windows NT 6.1; Win64; x64; Trident/5.0)"
87.123.81.120 - - [27/Sep/2012:14:27:04 +0200] "GET /favicon.ico HTTP/1.1" 404 1256 "-" "Mozilla/5.0 (compatible; MSIE 9.0; Windows NT 6.1; Win64; x64; Trident/5.0)"
87.123.81.120 - - [27/Sep/2012:14:27:15 +0200] "GET /Produkte/produkte.html HTTP/1.1" 200 17755 "http://www.sirius-berlin.de/" "Mozilla/5.0 (compatible; MSIE 9.0; Windows NT 6.1; Win64; x64; Trident/5.0)"
87.123.81.120 - - [27/Sep/2012:14:27:15 +0200] "GET /Home_Np1.gif HTTP/1.1" 200 1706 "http://www.sirius-berlin.de/Produkte/produkte.html" "Mozilla/5.0 (compatible; MSIE 9.0; Windows NT 6.1; Win64; x64; Trident/5.0)"
87.123.81.120 - - [27/Sep/2012:14:27:15 +0200] "GET /Produkte_Hp3.gif HTTP/1.1" 200 1878 "http://www.sirius-berlin.de/Produkte/produkte.html" "Mozilla/5.0 (compatible; MSIE 9.0; Windows NT 6.1; Win64; x64; Trident/5.0)"
87.123.81.120 - - [27/Sep/2012:14:27:15 +0200] "GET /Tonerkartuschen_Ns1.gif HTTP/1.1" 200 1960 "http://www.sirius-berlin.de/Produkte/produkte.html" "Mozilla/5.0 (compatible; MSIE 9.0; Windows NT 6.1; Win64; x64; Trident/5.0)"
87.123.81.120 - - [27/Sep/2012:14:27:15 +0200] "GET /Tintenpatronen_Ns1.gif HTTP/1.1" 200 1954 "http://www.sirius-berlin.de/Produkte/produkte.html" "Mozilla/5.0 (compatible; MSIE 9.0; Windows NT 6.1; Win64; x64; Trident/5.0)"
87.123.81.120 - - [27/Sep/2012:14:27:15 +0200] "GET /weitere_Produkte_Ns1.gif HTTP/1.1" 200 1960 "http://www.sirius-berlin.de/Produkte/produkte.html" "Mozilla/5.0 (compatible; MSIE 9.0; Windows NT 6.1; Win64; x64; Trident/5.0)"
87.123.81.120 - - [27/Sep/2012:14:27:15 +0200] "GET /Produkte_NnBanner.gif HTTP/1.1" 200 5997 "http://www.sirius-berlin.de/Produkte/produkte.html" "Mozilla/5.0 (compatible; MSIE 9.0; Windows NT 6.1; Win64; x64; Trident/5.0)"
87.123.81.120 - - [27/Sep/2012:14:27:15 +0200] "GET /Produkte/a_thumb_Multipack02.jpg HTTP/1.1" 200 19266 "http://www.sirius-berlin.de/Produkte/produkte.html" "Mozilla/5.0 (compatible; MSIE 9.0; Windows NT 6.1; Win64; x64; Trident/5.0)"
87.123.81.120 - - [27/Sep/2012:14:27:15 +0200] "GET /DSC00199.JPG HTTP/1.1" 200 7772 "http://www.sirius-berlin.de/Produkte/produkte.html" "Mozilla/5.0 (compatible; MSIE 9.0; Windows NT 6.1; Win64; x64; Trident/5.0)"
87.123.81.120 - - [27/Sep/2012:14:27:15 +0200] "GET /zertifikat04.gif HTTP/1.1" 200 18090 "http://www.sirius-berlin.de/Produkte/produkte.html" "Mozilla/5.0 (compatible; MSIE 9.0; Windows NT 6.1; Win64; x64; Trident/5.0)"
87.123.81.120 - - [27/Sep/2012:14:27:16 +0200] "GET /Home_NRp2.gif HTTP/1.1" 200 1965 "http://www.sirius-berlin.de/Produkte/produkte.html" "Mozilla/5.0 (compatible; MSIE 9.0; Windows NT 6.1; Win64; x64; Trident/5.0)"
87.123.81.120 - - [27/Sep/2012:14:27:16 +0200] "GET /Produkte_HRp4.gif HTTP/1.1" 200 2518 "http://www.sirius-berlin.de/Produkte/produkte.html" "Mozilla/5.0 (compatible; MSIE 9.0; Windows NT 6.1; Win64; x64; Trident/5.0)"
87.123.81.120 - - [27/Sep/2012:14:27:16 +0200] "GET /Tonerkartuschen_NRs2.gif HTTP/1.1" 200 1935 "http://www.sirius-berlin.de/Produkte/produkte.html" "Mozilla/5.0 (compatible; MSIE 9.0; Windows NT 6.1; Win64; x64; Trident/5.0)"
87.123.81.120 - - [27/Sep/2012:14:27:16 +0200] "GET /weitere_Produkte_NRs2.gif HTTP/1.1" 200 1935 "http://www.sirius-berlin.de/Produkte/produkte.html" "Mozilla/5.0 (compatible; MSIE 9.0; Windows NT 6.1; Win64; x64; Trident/5.0)"
87.123.81.120 - - [27/Sep/2012:14:27:16 +0200] "GET /Tintenpatronen_NRs2.gif HTTP/1.1" 200 1930 "http://www.sirius-berlin.de/Produkte/produkte.html" "Mozilla/5.0 (compatible; MSIE 9.0; Windows NT 6.1; Win64; x64; Trident/5.0)"
87.123.81.120 - - [27/Sep/2012:14:27:15 +0200] "GET /RAL-UZ-55-FEB-2004_16003.jpg HTTP/1.1" 200 52762 "http://www.sirius-berlin.de/Produkte/produkte.html" "Mozilla/5.0 (compatible; MSIE 9.0; Windows NT 6.1; Win64; x64; Trident/5.0)"
87.123.81.120 - - [27/Sep/2012:14:27:16 +0200] "GET /favicon.ico HTTP/1.1" 404 1256 "-" "Mozilla/5.0 (compatible; MSIE 9.0; Windows NT 6.1; Win64; x64; Trident/5.0)"
87.123.81.120 - - [27/Sep/2012:14:27:19 +0200] "GET /Produkte/weitere_Produkte/weitere_produkte.html HTTP/1.1" 200 12524 "http://www.sirius-berlin.de/Produkte/produkte.html" "Mozilla/5.0 (compatible; MSIE 9.0; Windows NT 6.1; Win64; x64; Trident/5.0)"
87.123.81.120 - - [27/Sep/2012:14:27:19 +0200] "GET /weitere_Produkte_Hs1.gif HTTP/1.1" 200 1960 "http://www.sirius-berlin.de/Produkte/weitere_Produkte/weitere_produkte.html" "Mozilla/5.0 (compatible; MSIE 9.0; Windows NT 6.1; Win64; x64; Trident/5.0)"
87.123.81.120 - - [27/Sep/2012:14:27:20 +0200] "GET /weitere_Produkte_NnBanner.gif HTTP/1.1" 200 6305 "http://www.sirius-berlin.de/Produkte/weitere_Produkte/weitere_produkte.html" "Mozilla/5.0 (compatible; MSIE 9.0; Windows NT 6.1; Win64; x64; Trident/5.0)"
87.123.81.120 - - [27/Sep/2012:14:27:20 +0200] "GET /weitere_Produkte_HRs4.gif HTTP/1.1" 200 1935 "http://www.sirius-berlin.de/Produkte/weitere_Produkte/weitere_produkte.html" "Mozilla/5.0 (compatible; MSIE 9.0; Windows NT 6.1; Win64; x64; Trident/5.0)"
87.123.81.120 - - [27/Sep/2012:14:27:20 +0200] "GET /Gruppe02.jpg HTTP/1.1" 200 57869 "http://www.sirius-berlin.de/Produkte/weitere_Produkte/weitere_produkte.html" "Mozilla/5.0 (compatible; MSIE 9.0; Windows NT 6.1; Win64; x64; Trident/5.0)"
213.186.119.142 - - [27/Sep/2012:14:44:47 +0200] "GET /Feinstaubfilter/Dexwet/dexwet.html HTTP/1.1" 200 16100 "-" "Mozilla/5.0 (compatible; AhrefsBot/3.1; +http://ahrefs.com/robot/)"
87.171.47.70 - - [27/Sep/2012:14:57:31 +0200] "GET / HTTP/1.1" 200 12828 "http://www.google.de/url?sa=t&rct=j&q=&esrc=s&source=web&cd=1&ved=0CCYQFjAA&url=http%3A%2F%2Fwww.sirius-berlin.de%2F&ei=E01kUI_NDojftAbTjIHABQ&usg=AFQjCNGPtAUXJumSlzcucuvDG92yo-pnyg" "Mozilla/5.0 (Windows NT 6.1; WOW64; rv:15.0) Gecko/20100101 Firefox/15.0.1"
87.171.47.70 - - [27/Sep/2012:14:57:31 +0200] "GET /rollover.js HTTP/1.1" 200 32709 "http://www.sirius-berlin.de/" "Mozilla/5.0 (Windows NT 6.1; WOW64; rv:15.0) Gecko/20100101 Firefox/15.0.1"
87.171.47.70 - - [27/Sep/2012:14:57:31 +0200] "GET /clearpixel.gif HTTP/1.1" 200 43 "http://www.sirius-berlin.de/" "Mozilla/5.0 (Windows NT 6.1; WOW64; rv:15.0) Gecko/20100101 Firefox/15.0.1"
87.171.47.70 - - [27/Sep/2012:14:57:31 +0200] "GET /Sirius-LOGO21.JPG HTTP/1.1" 200 2563 "http://www.sirius-berlin.de/" "Mozilla/5.0 (Windows NT 6.1; WOW64; rv:15.0) Gecko/20100101 Firefox/15.0.1"
87.171.47.70 - - [27/Sep/2012:14:57:31 +0200] "GET /Home_Hp3.gif HTTP/1.1" 200 1773 "http://www.sirius-berlin.de/" "Mozilla/5.0 (Windows NT 6.1; WOW64; rv:15.0) Gecko/20100101 Firefox/15.0.1"
87.171.47.70 - - [27/Sep/2012:14:57:31 +0200] "GET /Produkte_Np1.gif HTTP/1.1" 200 1744 "http://www.sirius-berlin.de/" "Mozilla/5.0 (Windows NT 6.1; WOW64; rv:15.0) Gecko/20100101 Firefox/15.0.1"
87.171.47.70 - - [27/Sep/2012:14:57:31 +0200] "GET /Feinstaubfilter_Np1.gif HTTP/1.1" 200 1780 "http://www.sirius-berlin.de/" "Mozilla/5.0 (Windows NT 6.1; WOW64; rv:15.0) Gecko/20100101 Firefox/15.0.1"
87.171.47.70 - - [27/Sep/2012:14:57:31 +0200] "GET /Service_Kontakt_Np1.gif HTTP/1.1" 200 1794 "http://www.sirius-berlin.de/" "Mozilla/5.0 (Windows NT 6.1; WOW64; rv:15.0) Gecko/20100101 Firefox/15.0.1"
87.171.47.70 - - [27/Sep/2012:14:57:32 +0200] "GET /Impressum_Np1.gif HTTP/1.1" 200 1750 "http://www.sirius-berlin.de/" "Mozilla/5.0 (Windows NT 6.1; WOW64; rv:15.0) Gecko/20100101 Firefox/15.0.1"
87.171.47.70 - - [27/Sep/2012:14:57:32 +0200] "GET /Shop_Np1.gif HTTP/1.1" 200 1699 "http://www.sirius-berlin.de/" "Mozilla/5.0 (Windows NT 6.1; WOW64; rv:15.0) Gecko/20100101 Firefox/15.0.1"
87.171.47.70 - - [27/Sep/2012:14:57:32 +0200] "GET /BuiltWithNOF.gif HTTP/1.1" 200 2587 "http://www.sirius-berlin.de/" "Mozilla/5.0 (Windows NT 6.1; WOW64; rv:15.0) Gecko/20100101 Firefox/15.0.1"
87.171.47.70 - - [27/Sep/2012:14:57:32 +0200] "GET /Home_NnBanner.gif HTTP/1.1" 200 5803 "http://www.sirius-berlin.de/" "Mozilla/5.0 (Windows NT 6.1; WOW64; rv:15.0) Gecko/20100101 Firefox/15.0.1"
87.171.47.70 - - [27/Sep/2012:14:57:32 +0200] "GET /Sirius-LOGO1.JPG HTTP/1.1" 200 4357 "http://www.sirius-berlin.de/" "Mozilla/5.0 (Windows NT 6.1; WOW64; rv:15.0) Gecko/20100101 Firefox/15.0.1"
87.171.47.70 - - [27/Sep/2012:14:57:32 +0200] "GET /DSC0019902.JPG HTTP/1.1" 200 7772 "http://www.sirius-berlin.de/" "Mozilla/5.0 (Windows NT 6.1; WOW64; rv:15.0) Gecko/20100101 Firefox/15.0.1"
87.171.47.70 - - [27/Sep/2012:14:57:32 +0200] "GET /Home_HRp4.gif HTTP/1.1" 200 2027 "http://www.sirius-berlin.de/" "Mozilla/5.0 (Windows NT 6.1; WOW64; rv:15.0) Gecko/20100101 Firefox/15.0.1"
87.171.47.70 - - [27/Sep/2012:14:57:32 +0200] "GET /Produkte_NRp2.gif HTTP/1.1" 200 2001 "http://www.sirius-berlin.de/" "Mozilla/5.0 (Windows NT 6.1; WOW64; rv:15.0) Gecko/20100101 Firefox/15.0.1"
87.171.47.70 - - [27/Sep/2012:14:57:32 +0200] "GET /Feinstaubfilter_NRp2.gif HTTP/1.1" 200 2034 "http://www.sirius-berlin.de/" "Mozilla/5.0 (Windows NT 6.1; WOW64; rv:15.0) Gecko/20100101 Firefox/15.0.1"
87.171.47.70 - - [27/Sep/2012:14:57:32 +0200] "GET /Service_Kontakt_NRp2.gif HTTP/1.1" 200 2044 "http://www.sirius-berlin.de/" "Mozilla/5.0 (Windows NT 6.1; WOW64; rv:15.0) Gecko/20100101 Firefox/15.0.1"
87.171.47.70 - - [27/Sep/2012:14:57:32 +0200] "GET /Impressum_NRp2.gif HTTP/1.1" 200 2011 "http://www.sirius-berlin.de/" "Mozilla/5.0 (Windows NT 6.1; WOW64; rv:15.0) Gecko/20100101 Firefox/15.0.1"
