80.149.156.212 - - [08/Sep/2011:10:54:10 +0200] "GET /kontakt/mitarbeiter/Bredow.jpg HTTP/1.1" 200 13359 "http://www.personal-dienstleistung.de/kontakt/kontakt%20berlin.html" "Mozilla/4.0 (compatible; MSIE 8.0; Windows NT 6.1; Trident/4.0; SLCC2; .NET CLR 2.0.50727; .NET CLR 3.5.30729; .NET CLR 3.0.30729; Media Center PC 6.0; .NET4.0C; .NET4.0E; CMDTDF; Tablet PC 2.0)"
80.149.156.212 - - [08/Sep/2011:10:54:10 +0200] "GET /kontakt/mitarbeiter/kretzschmar.jpg HTTP/1.1" 200 18462 "http://www.personal-dienstleistung.de/kontakt/kontakt%20berlin.html" "Mozilla/4.0 (compatible; MSIE 8.0; Windows NT 6.1; Trident/4.0; SLCC2; .NET CLR 2.0.50727; .NET CLR 3.5.30729; .NET CLR 3.0.30729; Media Center PC 6.0; .NET4.0C; .NET4.0E; CMDTDF; Tablet PC 2.0)"
80.149.156.212 - - [08/Sep/2011:10:54:10 +0200] "GET /kontakt/mitarbeiter/karp.jpg HTTP/1.1" 200 13372 "http://www.personal-dienstleistung.de/kontakt/kontakt%20berlin.html" "Mozilla/4.0 (compatible; MSIE 8.0; Windows NT 6.1; Trident/4.0; SLCC2; .NET CLR 2.0.50727; .NET CLR 3.5.30729; .NET CLR 3.0.30729; Media Center PC 6.0; .NET4.0C; .NET4.0E; CMDTDF; Tablet PC 2.0)"
80.149.156.212 - - [08/Sep/2011:10:54:10 +0200] "GET /kontakt/mitarbeiter/Lietzenberger.jpg HTTP/1.1" 200 22418 "http://www.personal-dienstleistung.de/kontakt/kontakt%20berlin.html" "Mozilla/4.0 (compatible; MSIE 8.0; Windows NT 6.1; Trident/4.0; SLCC2; .NET CLR 2.0.50727; .NET CLR 3.5.30729; .NET CLR 3.0.30729; Media Center PC 6.0; .NET4.0C; .NET4.0E; CMDTDF; Tablet PC 2.0)"
80.149.156.212 - - [08/Sep/2011:10:54:10 +0200] "GET /kontakt/Bilder/Mitarbeiter%20Perso/FrauEngel.jpg HTTP/1.1" 200 14742 "http://www.personal-dienstleistung.de/kontakt/kontakt%20berlin.html" "Mozilla/4.0 (compatible; MSIE 8.0; Windows NT 6.1; Trident/4.0; SLCC2; .NET CLR 2.0.50727; .NET CLR 3.5.30729; .NET CLR 3.0.30729; Media Center PC 6.0; .NET4.0C; .NET4.0E; CMDTDF; Tablet PC 2.0)"
80.149.156.212 - - [08/Sep/2011:10:54:10 +0200] "GET /kontakt/mitarbeiter/wegner.jpg HTTP/1.1" 200 15316 "http://www.personal-dienstleistung.de/kontakt/kontakt%20berlin.html" "Mozilla/4.0 (compatible; MSIE 8.0; Windows NT 6.1; Trident/4.0; SLCC2; .NET CLR 2.0.50727; .NET CLR 3.5.30729; .NET CLR 3.0.30729; Media Center PC 6.0; .NET4.0C; .NET4.0E; CMDTDF; Tablet PC 2.0)"
80.149.156.212 - - [08/Sep/2011:10:54:11 +0200] "GET /favicon.ico HTTP/1.1" 404 1256 "-" "Mozilla/4.0 (compatible; MSIE 8.0; Windows NT 6.1; Trident/4.0; SLCC2; .NET CLR 2.0.50727; .NET CLR 3.5.30729; .NET CLR 3.0.30729; Media Center PC 6.0; .NET4.0C; .NET4.0E; CMDTDF; Tablet PC 2.0)"
65.52.104.90 - - [08/Sep/2011:11:21:16 +0200] "GET /robots.txt HTTP/1.1" 404 1256 "-" "Mozilla/5.0 (compatible; bingbot/2.0; +http://www.bing.com/bingbot.htm)"
65.52.104.90 - - [08/Sep/2011:11:22:05 +0200] "GET /kompetenz/service.html HTTP/1.1" 304 - "-" "Mozilla/5.0 (compatible; bingbot/2.0; +http://www.bing.com/bingbot.htm)"
79.255.233.110 - - [08/Sep/2011:11:42:58 +0200] "GET / HTTP/1.1" 302 - "http://stepstone.morgenpost.de/upload_DE/offers/htmlfiles/41707/1830404/xmlOffer_1830404_DE.html" "Mozilla/5.0 (Windows NT 5.1; rv:6.0.2) Gecko/20100101 Firefox/6.0.2"
94.223.6.17 - - [08/Sep/2011:11:48:16 +0200] "GET / HTTP/1.1" 302 - "-" "Mozilla/5.0 (Windows NT 6.0; WOW64; rv:6.0.2) Gecko/20100101 Firefox/6.0.2"
213.23.49.195 - - [08/Sep/2011:12:47:41 +0200] "GET / HTTP/1.1" 302 - "http://www.google.de/url?sa=t&source=web&cd=6&sqi=2&ved=0CHcQFjAF&url=http%3A%2F%2Fwww.personal-dienstleistung.de%2F&rct=j&q=k%26k%20industriebau%20und%20personalbetreuungs%20gmbh&ei=9ZxoTsbNNOXc4QTa3JzCDA&usg=AFQjCNGG8qIxAIusv-vnrtTv4JmZ2Fyhmw" "Mozilla/4.0 (compatible; MSIE 8.0; Windows NT 5.1; Trident/4.0; .NET CLR 2.0.50727; .NET CLR 3.0.4506.2152; .NET CLR 3.5.30729)"
80.152.227.254 - - [08/Sep/2011:14:02:47 +0200] "GET / HTTP/1.1" 302 - "http://www.stadtbranchenbuch.com/waren-mueritz/493/ms___5422025.html" "Mozilla/4.0 (compatible; MSIE 6.0; Windows NT 5.1; SV1; .NET CLR 1.1.4322)"
83.218.36.234 - - [08/Sep/2011:14:06:45 +0200] "GET / HTTP/1.0" 302 - "-" "Mozilla/5.0 (compatible; MSIE 9.0; Windows NT 6.1; Trident/5.0)"
80.187.103.43 - - [08/Sep/2011:14:14:21 +0200] "GET / HTTP/1.1" 302 - "-" "Mozilla/5.0 (Windows NT 5.1; rv:2.0) Gecko/20100101 Firefox/4.0"
2.207.119.81 - - [08/Sep/2011:14:15:31 +0200] "GET / HTTP/1.1" 302 - "-" "Mozilla/4.0 (compatible; MSIE 7.0; Windows NT 6.1; WOW64; Trident/4.0; SIMBAR={296A707D-D5A3-4A8D-968B-D49D73C11F2C}; SLCC2; .NET CLR 2.0.50727; .NET CLR 3.5.30729; .NET CLR 3.0.30729; Media Center PC 6.0; .NET4.0C)"
80.187.103.75 - - [08/Sep/2011:14:18:15 +0200] "GET / HTTP/1.1" 302 - "-" "Mozilla/5.0 (Windows NT 5.1; rv:2.0) Gecko/20100101 Firefox/4.0"
217.111.201.70 - - [08/Sep/2011:14:24:16 +0200] "HEAD / HTTP/1.1" 302 - "-" "Xenu Link Sleuth/1.3.8"
217.231.173.173 - - [08/Sep/2011:14:55:55 +0200] "GET / HTTP/1.1" 302 - "-" "Mozilla/5.0 (Windows NT 5.1; rv:6.0.1) Gecko/20100101 Firefox/6.0.1"
208.80.194.30 - - [08/Sep/2011:15:09:44 +0200] "GET / HTTP/1.0" 302 - "-" "Mozilla/4.0 (compatible; MSIE 6.0; Windows NT 5.1; SV1; .NET CLR 1.1.4322; OverDrive Download Station 1.0)"
84.189.182.186 - - [08/Sep/2011:15:15:45 +0200] "GET / HTTP/1.1" 302 - "http://www.google.de/url?sa=t&source=web&cd=2&ved=0CDsQoAIwAQ&url=http%3A%2F%2Fwww.personal-dienstleistung.de%2F&rct=j&q=personalservice%20in%20karlshorst&ei=2L9oTviTBoL54QSf0KywDA&usg=AFQjCNGG8qIxAIusv-vnrtTv4JmZ2Fyhmw" "Mozilla/5.0 (Windows NT 6.0; rv:6.0.1) Gecko/20100101 Firefox/6.0.1"
84.189.182.186 - - [08/Sep/2011:15:20:40 +0200] "GET / HTTP/1.1" 302 - "http://www.kuk-personal-dienstleistung.de/wp-content/uploads/2011/01/Mitarbeiter-Auftragsbearbeitung-und-Kundenbetreuung1.pdf" "Mozilla/5.0 (Windows NT 6.0; rv:6.0.1) Gecko/20100101 Firefox/6.0.1"
67.195.111.217 - - [08/Sep/2011:15:27:18 +0200] "GET /robots.txt HTTP/1.0" 404 1256 "-" "Mozilla/5.0 (compatible; Yahoo! Slurp; http://help.yahoo.com/help/us/ysearch/slurp)"
67.195.111.217 - - [08/Sep/2011:15:27:18 +0200] "GET /kompetenz/personalleasing.html HTTP/1.0" 200 5302 "-" "Mozilla/5.0 (compatible; Yahoo! Slurp; http://help.yahoo.com/help/us/ysearch/slurp)"
88.75.39.97 - - [08/Sep/2011:15:41:16 +0200] "GET / HTTP/1.1" 302 - "http://www.stepstone.de/stellenangebote--Mitarbeiter-Auftragsannahme-und-Kundenbetreuung-m-w-Berlin-K-K-GmbH--1907514-inline.html?cid=backinjob" "Mozilla/5.0 (X11; Linux i686; rv:6.0.1) Gecko/20100101 Firefox/6.0.1"
216.55.185.45 - - [08/Sep/2011:15:46:13 +0200] "GET / HTTP/1.0" 302 - "-" "Mozilla/5.0 (Windows NT 6.1; rv:5.0) Gecko/20100101 Firefox/5.0"
216.55.185.45 - - [08/Sep/2011:15:46:15 +0200] "GET / HTTP/1.0" 302 - "-" "Mozilla/5.0 (Windows NT 6.1; rv:5.0) Gecko/20100101 Firefox/5.0"
216.55.185.45 - - [08/Sep/2011:15:46:17 +0200] "GET / HTTP/1.0" 302 - "-" "Mozilla/5.0 (Windows NT 6.1; rv:5.0) Gecko/20100101 Firefox/5.0"
67.195.111.217 - - [08/Sep/2011:16:56:34 +0200] "GET /referenz/referenzenberl.html HTTP/1.0" 200 3591 "-" "Mozilla/5.0 (compatible; Yahoo! Slurp; http://help.yahoo.com/help/us/ysearch/slurp)"
65.52.104.90 - - [08/Sep/2011:18:12:11 +0200] "GET /robots.txt HTTP/1.1" 404 1256 "-" "Mozilla/5.0 (compatible; bingbot/2.0; +http://www.bing.com/bingbot.htm)"
65.52.104.90 - - [08/Sep/2011:18:13:05 +0200] "GET /Isozertifikat.pdf HTTP/1.1" 200 236893 "-" "Mozilla/5.0 (compatible; bingbot/2.0; +http://www.bing.com/bingbot.htm)"
65.52.104.90 - - [08/Sep/2011:18:22:05 +0200] "GET /kompetenz/Hotelservicedienstl.html HTTP/1.1" 304 - "-" "Mozilla/5.0 (compatible; bingbot/2.0; +http://www.bing.com/bingbot.htm)"
80.187.103.75 - - [08/Sep/2011:18:35:26 +0200] "GET / HTTP/1.1" 302 - "-" "Mozilla/5.0 (Windows NT 5.1; rv:2.0) Gecko/20100101 Firefox/4.0"
65.52.104.90 - - [08/Sep/2011:18:53:05 +0200] "GET /referenz/referenzenhannover.html HTTP/1.1" 304 - "-" "Mozilla/5.0 (compatible; bingbot/2.0; +http://www.bing.com/bingbot.htm)"
67.195.111.217 - - [08/Sep/2011:19:09:09 +0200] "GET /Erlaubnis.pdf HTTP/1.0" 200 118510 "-" "Mozilla/5.0 (compatible; Yahoo! Slurp; http://help.yahoo.com/help/us/ysearch/slurp)"
188.138.94.12 - - [08/Sep/2011:19:55:24 +0200] "GET / HTTP/1.1" 302 - "-" "Mozilla/5.0 (X11; U; Linux i686; de; rv:1.9.0.1; compatible; iCjobs Stellenangebote Jobs; http://www.icjobs.de) Gecko/20100401 iCjobs/3.2.3"
188.138.94.12 - - [08/Sep/2011:19:55:27 +0200] "GET /robots.txt HTTP/1.1" 404 1256 "-" "Mozilla/5.0 (X11; U; Linux i686; de; rv:1.9.0.1; compatible; iCjobs Stellenangebote Jobs; http://www.icjobs.de) Gecko/20100401 iCjobs/3.2.3"
188.138.94.12 - - [08/Sep/2011:19:55:27 +0200] "GET / HTTP/1.1" 302 - "-" "Mozilla/5.0 (X11; U; Linux i686; de; rv:1.9.0.1; compatible; iCjobs Stellenangebote Jobs; http://www.icjobs.de) Gecko/20100401 iCjobs/3.2.3"
79.226.19.25 - - [08/Sep/2011:20:34:22 +0200] "GET / HTTP/1.1" 302 - "http://www.agentur-zeitarbeit.de/component/option,com_afz_category/id,96/subcat,142/" "Mozilla/5.0 (Windows; U; Windows NT 6.1; de; rv:1.9.2.22) Gecko/20110902 Firefox/3.6.22"
84.161.250.19 - - [08/Sep/2011:20:48:22 +0200] "GET / HTTP/1.1" 302 - "http://www.google.de/search?sourceid=chrome&ie=UTF-8&q=personaldienstleistung+.ch" "Mozilla/5.0 (Windows NT 6.1) AppleWebKit/535.1 (KHTML, like Gecko) Chrome/13.0.782.220 Safari/535.1"
67.195.111.217 - - [08/Sep/2011:22:44:44 +0200] "GET /news/presse.html HTTP/1.0" 404 1256 "-" "Mozilla/5.0 (compatible; Yahoo! Slurp; http://help.yahoo.com/help/us/ysearch/slurp)"
88.71.137.94 - - [08/Sep/2011:23:49:32 +0200] "GET / HTTP/1.1" 302 - "http://www.agentur-zeitarbeit.de/component/option,com_afz_category/id,96/subcat,142/" "Mozilla/5.0 (Windows NT 6.1; rv:2.0.1) Gecko/20100101 Firefox/4.0.1"
213.23.45.198 - - [09/Sep/2011:00:10:10 +0200] "GET / HTTP/1.1" 302 - "-" "Mozilla/4.0 (compatible; MSIE 8.0; Windows NT 6.1; Trident/4.0)"
67.195.111.217 - - [09/Sep/2011:00:45:00 +0200] "GET /robots.txt HTTP/1.0" 404 1256 "-" "Mozilla/5.0 (compatible; Yahoo! Slurp; http://help.yahoo.com/help/us/ysearch/slurp)"
67.195.111.217 - - [09/Sep/2011:00:45:00 +0200] "GET /AnfrageAll.html HTTP/1.0" 200 8274 "-" "Mozilla/5.0 (compatible; Yahoo! Slurp; http://help.yahoo.com/help/us/ysearch/slurp)"
67.195.111.217 - - [09/Sep/2011:00:45:01 +0200] "GET /anfrage/anforderungen.html HTTP/1.0" 200 7478 "http://www.personal-dienstleistung.de/AnfrageAll.html" "Mozilla/5.0 (compatible; Yahoo! Slurp; http://help.yahoo.com/help/us/ysearch/slurp)"
67.195.111.217 - - [09/Sep/2011:01:18:17 +0200] "GET /anfahrtalllay.html HTTP/1.0" 200 10071 "-" "Mozilla/5.0 (compatible; Yahoo! Slurp; http://help.yahoo.com/help/us/ysearch/slurp)"
67.195.111.217 - - [09/Sep/2011:01:18:18 +0200] "GET /Anfahrt/anfahrt+.html HTTP/1.0" 200 3893 "http://www.personal-dienstleistung.de/anfahrtalllay.html" "Mozilla/5.0 (compatible; Yahoo! Slurp; http://help.yahoo.com/help/us/ysearch/slurp)"
67.195.111.217 - - [09/Sep/2011:01:34:52 +0200] "GET / HTTP/1.0" 302 - "-" "Mozilla/5.0 (compatible; Yahoo! Slurp; http://help.yahoo.com/help/us/ysearch/slurp)"
65.52.104.90 - - [09/Sep/2011:02:43:41 +0200] "GET /robots.txt HTTP/1.1" 404 1256 "-" "Mozilla/5.0 (compatible; bingbot/2.0; +http://www.bing.com/bingbot.htm)"
65.52.104.90 - - [09/Sep/2011:02:44:35 +0200] "GET / HTTP/1.1" 302 - "-" "Mozilla/5.0 (compatible; bingbot/2.0; +http://www.bing.com/bingbot.htm)"
65.52.104.90 - - [09/Sep/2011:02:44:35 +0200] "GET /kompetenz/seite1.html HTTP/1.1" 304 - "-" "Mozilla/5.0 (compatible; bingbot/2.0; +http://www.bing.com/bingbot.htm)"
67.195.111.217 - - [09/Sep/2011:04:09:34 +0200] "GET /referenzen.html HTTP/1.0" 200 6836 "-" "Mozilla/5.0 (compatible; Yahoo! Slurp; http://help.yahoo.com/help/us/ysearch/slurp)"
67.195.111.217 - - [09/Sep/2011:06:43:32 +0200] "GET /Anfahrt/anfahrtberlin.html HTTP/1.0" 200 3572 "-" "Mozilla/5.0 (compatible; Yahoo! Slurp; http://help.yahoo.com/help/us/ysearch/slurp)"
66.249.67.118 - - [09/Sep/2011:07:30:16 +0200] "GET /robots.txt HTTP/1.1" 404 1256 "-" "Mozilla/5.0 (compatible; Googlebot/2.1; +http://www.google.com/bot.html)"
66.249.67.118 - - [09/Sep/2011:07:30:16 +0200] "GET / HTTP/1.1" 302 - "-" "DoCoMo/2.0 N905i(c100;TB;W24H16) (compatible; Googlebot-Mobile/2.1; +http://www.google.com/bot.html)"
67.195.111.217 - - [09/Sep/2011:07:32:59 +0200] "GET /linksAll.html HTTP/1.0" 200 8990 "-" "Mozilla/5.0 (compatible; Yahoo! Slurp; http://help.yahoo.com/help/us/ysearch/slurp)"
67.195.111.217 - - [09/Sep/2011:07:46:31 +0200] "GET /Anfahrt/anfahrtHannover.html HTTP/1.0" 200 3172 "-" "Mozilla/5.0 (compatible; Yahoo! Slurp; http://help.yahoo.com/help/us/ysearch/slurp)"
67.195.111.217 - - [09/Sep/2011:07:48:47 +0200] "GET /Anfahrt/anfahrtpolen.html HTTP/1.0" 200 3753 "-" "Mozilla/5.0 (compatible; Yahoo! Slurp; http://help.yahoo.com/help/us/ysearch/slurp)"
178.5.20.118 - - [09/Sep/2011:09:10:55 +0200] "GET / HTTP/1.1" 302 - "http://www.stepstone.de/stellenangebote--Personaldisponent-in-Berlin-K-K-GmbH--1830404-popup.html" "Mozilla/5.0 (Windows NT 6.0; rv:6.0.2) Gecko/20100101 Firefox/6.0.2"
217.83.209.60 - - [09/Sep/2011:09:21:29 +0200] "GET /favicon.ico HTTP/1.1" 404 1256 "-" "Mozilla/4.0 (compatible; MSIE 7.0; Windows NT 6.1; WOW64; Trident/4.0; SLCC2; .NET CLR 2.0.50727; .NET CLR 3.5.30729; .NET CLR 3.0.30729; Media Center PC 6.0; InfoPath.2; .NET4.0C)"
84.190.63.9 - - [09/Sep/2011:09:51:20 +0200] "GET / HTTP/1.1" 302 - "http://www.google.de/url?sa=t&source=web&cd=1&ved=0CD0QFjAA&url=http%3A%2F%2Fwww.personal-dienstleistung.de%2F&rct=j&q=www.personal-dienstleistung.de&ei=c8VpToy2O8KN-waZp9yBBQ&usg=AFQjCNGG8qIxAIusv-vnrtTv4JmZ2Fyhmw" "Mozilla/5.0 (X11; U; Linux i686; de; rv:1.9.0.18) Gecko/2010021502 Ubuntu/8.10 (intrepid) Firefox/3.0.18"
67.195.111.217 - - [09/Sep/2011:09:57:28 +0200] "GET /kompetenz/getraenkelog.html HTTP/1.0" 200 5224 "-" "Mozilla/5.0 (compatible; Yahoo! Slurp; http://help.yahoo.com/help/us/ysearch/slurp)"
217.231.181.92 - - [09/Sep/2011:10:01:56 +0200] "GET / HTTP/1.1" 302 - "-" "Mozilla/5.0 (Windows NT 5.1; rv:6.0.1) Gecko/20100101 Firefox/6.0.1"
213.172.111.82 - - [09/Sep/2011:10:09:20 +0200] "GET / HTTP/1.1" 302 - "-" "Mozilla/4.0 (compatible; MSIE 8.0; Windows NT 6.1; Trident/4.0; SLCC2; .NET CLR 2.0.50727; .NET CLR 3.5.30729; .NET CLR 3.0.30729; Media Center PC 6.0; .NET4.0C; .NET4.0E; InfoPath.3)"
65.52.104.90 - - [09/Sep/2011:10:12:55 +0200] "GET /robots.txt HTTP/1.1" 404 1256 "-" "Mozilla/5.0 (compatible; bingbot/2.0; +http://www.bing.com/bingbot.htm)"
65.52.104.90 - - [09/Sep/2011:10:13:30 +0200] "GET /kontakt/kontakt%20waren.html HTTP/1.1" 304 - "-" "Mozilla/5.0 (compatible; bingbot/2.0; +http://www.bing.com/bingbot.htm)"
31.16.26.243 - - [09/Sep/2011:10:29:39 +0200] "GET / HTTP/1.1" 302 - "http://www.personal-technik.de/pages/standorte.php" "Mozilla/5.0 (Windows NT 6.1; WOW64; rv:6.0.2) Gecko/20100101 Firefox/6.0.2"
80.187.102.18 - - [09/Sep/2011:10:39:11 +0200] "GET / HTTP/1.1" 302 - "-" "Mozilla/5.0 (Windows NT 5.1; rv:2.0) Gecko/20100101 Firefox/4.0"
109.42.4.137 - - [09/Sep/2011:11:00:45 +0200] "GET / HTTP/1.1" 302 - "http://www.agentur-zeitarbeit.de/component/option,com_afz_category/id,96/subcat,142/" "Mozilla/5.0 (Windows; U; Windows NT 5.1; de; rv:1.9.2.21) Gecko/20110830 Firefox/3.6.21"
141.20.118.127 - - [09/Sep/2011:11:02:29 +0200] "GET / HTTP/1.1" 302 - "http://www.google.de/search?q=zeitarbeitsfirmen&rlz=1I7SUNC_de" "Mozilla/4.0 (compatible; MSIE 8.0; Windows NT 5.1; Trident/4.0; GTB7.1; InfoPath.2; .NET CLR 2.0.50727; .NET CLR 3.0.4506.2152; .NET CLR 3.5.30729; OfficeLiveConnector.1.3; OfficeLivePatch.1.3; .NET4.0C)"
80.245.147.81 - - [09/Sep/2011:11:14:23 +0200] "GET / HTTP/1.1" 302 - "http://www.google.de/url?sa=t&source=web&cd=6&sqi=2&ved=0CGAQFjAF&url=http%3A%2F%2Fwww.personal-dienstleistung.de%2F&rct=j&q=K%20%26%20K%20Industriebau%20u.%20personalbetreuungs%20gmbh&ei=09hpTvGOCef34QS5ga3yBA&usg=AFQjCNGG8qIxAIusv-vnrtTv4JmZ2Fyhmw" "Mozilla/4.0 (compatible; MSIE 8.0; Windows NT 5.1; Trident/4.0; .NET CLR 2.0.50727; .NET CLR 3.0.4506.2152; .NET CLR 3.5.30729)"
217.231.181.92 - - [09/Sep/2011:11:23:06 +0200] "GET / HTTP/1.1" 302 - "-" "Mozilla/5.0 (Windows NT 5.1; rv:6.0.1) Gecko/20100101 Firefox/6.0.1"
2.207.42.126 - - [09/Sep/2011:11:58:38 +0200] "GET / HTTP/1.1" 302 - "http://www.google.de/url?sa=t&source=web&cd=1&sqi=2&ved=0CCQQFjAA&url=http%3A%2F%2Fwww.personal-dienstleistung.de%2F&rct=j&q=www.personal-dienstleistung.de&ei=SeNpTtGyKMjLsgbf97DUBA&usg=AFQjCNGG8qIxAIusv-vnrtTv4JmZ2Fyhmw" "Mozilla/4.0 (compatible; MSIE 7.0; Windows NT 6.1; Trident/4.0; SLCC2; .NET CLR 2.0.50727; .NET CLR 3.5.30729; .NET CLR 3.0.30729; Media Center PC 6.0; OfficeLiveConnector.1.3; OfficeLivePatch.0.0; .NET4.0C)"
119.63.196.29 - - [09/Sep/2011:12:07:01 +0200] "GET / HTTP/1.1" 302 - "-" "Mozilla/5.0 (compatible; Baiduspider/2.0; +http://www.baidu.com/search/spider.html)"
65.52.104.90 - - [09/Sep/2011:12:43:42 +0200] "GET /robots.txt HTTP/1.1" 404 1256 "-" "Mozilla/5.0 (compatible; bingbot/2.0; +http://www.bing.com/bingbot.htm)"
65.52.104.90 - - [09/Sep/2011:12:44:29 +0200] "GET /kompetenz/personalberatung.html HTTP/1.1" 304 - "-" "Mozilla/5.0 (compatible; bingbot/2.0; +http://www.bing.com/bingbot.htm)"
65.52.104.90 - - [09/Sep/2011:12:47:30 +0200] "GET / HTTP/1.1" 302 - "-" "Mozilla/5.0 (compatible; bingbot/2.0; +http://www.bing.com/bingbot.htm)"
80.187.103.174 - - [09/Sep/2011:13:37:08 +0200] "GET / HTTP/1.1" 302 - "-" "Mozilla/5.0 (Windows NT 5.1; rv:2.0) Gecko/20100101 Firefox/4.0"
93.80.238.46 - - [09/Sep/2011:13:58:43 +0200] "GET /robots.txt HTTP/1.1" 404 1256 "-" "Mozilla/5.0 (compatible; 008/0.83; http://www.80legs.com/webcrawler.html;) Gecko/2008032620"
93.80.238.46 - - [09/Sep/2011:13:58:43 +0200] "GET / HTTP/1.1" 302 - "-" "Mozilla/5.0 (compatible; 008/0.83; http://www.80legs.com/webcrawler.html) Gecko/2008032620"
65.52.104.90 - - [09/Sep/2011:15:19:26 +0200] "GET /robots.txt HTTP/1.1" 404 1256 "-" "Mozilla/5.0 (compatible; bingbot/2.0; +http://www.bing.com/bingbot.htm)"
65.52.104.90 - - [09/Sep/2011:15:20:00 +0200] "GET /kontakt/kontakt%20berlin.html HTTP/1.1" 304 - "-" "Mozilla/5.0 (compatible; bingbot/2.0; +http://www.bing.com/bingbot.htm)"
67.195.111.217 - - [09/Sep/2011:15:55:29 +0200] "GET /robots.txt HTTP/1.0" 404 1256 "-" "Mozilla/5.0 (compatible; Yahoo! Slurp; http://help.yahoo.com/help/us/ysearch/slurp)"
67.195.111.217 - - [09/Sep/2011:15:55:29 +0200] "GET /refall.html HTTP/1.0" 200 10444 "-" "Mozilla/5.0 (compatible; Yahoo! Slurp; http://help.yahoo.com/help/us/ysearch/slurp)"
67.195.111.217 - - [09/Sep/2011:15:55:32 +0200] "GET /referenzen.html HTTP/1.0" 200 6836 "http://www.personal-dienstleistung.de/refall.html" "Mozilla/5.0 (compatible; Yahoo! Slurp; http://help.yahoo.com/help/us/ysearch/slurp)"
92.78.180.182 - - [09/Sep/2011:17:02:07 +0200] "GET / HTTP/1.1" 302 - "http://www.google.de/search?client=opera&rls=de&q=k+und+k+treskowallee&sourceid=opera&ie=utf-8&oe=utf-8&channel=suggest" "Opera/9.80 (Windows NT 5.1; U; de) Presto/2.9.168 Version/11.51"
89.247.135.218 - - [09/Sep/2011:17:08:55 +0200] "GET / HTTP/1.1" 302 - "http://www.agentur-zeitarbeit.de/component/option,com_afz_category/id,96/subcat,142/" "Mozilla/4.0 (compatible; MSIE 8.0; Windows NT 5.1; Trident/4.0; .NET CLR 2.0.50727; .NET CLR 3.0.04506.30; .NET CLR 3.0.4506.2152; .NET CLR 3.5.30729)"
89.247.135.218 - - [09/Sep/2011:17:11:01 +0200] "GET / HTTP/1.1" 302 - "http://www.agentur-zeitarbeit.de/component/option,com_afz_category/id,96/subcat,142/" "Mozilla/4.0 (compatible; MSIE 8.0; Windows NT 5.1; Trident/4.0; .NET CLR 2.0.50727; .NET CLR 3.0.04506.30; .NET CLR 3.0.4506.2152; .NET CLR 3.5.30729)"
119.63.196.12 - - [09/Sep/2011:17:11:30 +0200] "GET /robots.txt HTTP/1.1" 404 1256 "-" "Baiduspider+(+http://www.baidu.com/search/spider.htm)"
89.247.135.218 - - [09/Sep/2011:17:12:12 +0200] "GET / HTTP/1.1" 302 - "http://www.agentur-zeitarbeit.de/component/option,com_afz_category/id,96/subcat,142/" "Mozilla/4.0 (compatible; MSIE 8.0; Windows NT 5.1; Trident/4.0; .NET CLR 2.0.50727; .NET CLR 3.0.04506.30; .NET CLR 3.0.4506.2152; .NET CLR 3.5.30729)"
89.247.135.218 - - [09/Sep/2011:17:59:54 +0200] "GET / HTTP/1.1" 302 - "http://www.agentur-zeitarbeit.de/component/option,com_afz_category/id,96/subcat,142/" "Mozilla/4.0 (compatible; MSIE 8.0; Windows NT 5.1; Trident/4.0; .NET CLR 2.0.50727; .NET CLR 3.0.4506.2152; .NET CLR 3.5.30729)"
188.165.224.216 - - [09/Sep/2011:18:29:11 +0200] "GET / HTTP/1.1" 302 - "-" "Mozilla/5.0 (Windows NT 6.1; WOW64; rv:6.0) Gecko/20100101 Firefox/6.0"
84.189.62.166 - - [09/Sep/2011:18:43:23 +0200] "GET /kontakt/kontakt%20berlin.html HTTP/1.1" 200 15986 "http://www.google.de/" "Opera/9.80 (Windows NT 5.1; U; de) Presto/2.7.62 Version/11.01"
84.189.62.166 - - [09/Sep/2011:18:43:23 +0200] "GET /kontakt/Bilder/Mitarbeiter%20Perso/FrauMuhsalneu.jpg HTTP/1.1" 200 31185 "http://www.personal-dienstleistung.de/kontakt/kontakt%20berlin.html" "Opera/9.80 (Windows NT 5.1; U; de) Presto/2.7.62 Version/11.01"
84.189.62.166 - - [09/Sep/2011:18:43:24 +0200] "GET /kontakt/Bilder/Mitarbeiter%20Perso/FrauStammbergerneu.jpg HTTP/1.1" 200 32601 "http://www.personal-dienstleistung.de/kontakt/kontakt%20berlin.html" "Opera/9.80 (Windows NT 5.1; U; de) Presto/2.7.62 Version/11.01"
84.189.62.166 - - [09/Sep/2011:18:43:24 +0200] "GET /kontakt/Bilder/ziehnert.jpg HTTP/1.1" 200 34204 "http://www.personal-dienstleistung.de/kontakt/kontakt%20berlin.html" "Opera/9.80 (Windows NT 5.1; U; de) Presto/2.7.62 Version/11.01"
84.189.62.166 - - [09/Sep/2011:18:43:24 +0200] "GET /kontakt/mitarbeiter/Ramona%20Greenhalgh.JPG HTTP/1.1" 200 23273 "http://www.personal-dienstleistung.de/kontakt/kontakt%20berlin.html" "Opera/9.80 (Windows NT 5.1; U; de) Presto/2.7.62 Version/11.01"
84.189.62.166 - - [09/Sep/2011:18:43:24 +0200] "GET /kontakt/mitarbeiter/zietal.jpg HTTP/1.1" 200 13399 "http://www.personal-dienstleistung.de/kontakt/kontakt%20berlin.html" "Opera/9.80 (Windows NT 5.1; U; de) Presto/2.7.62 Version/11.01"
84.189.62.166 - - [09/Sep/2011:18:43:24 +0200] "GET /kontakt/mitarbeiter/sucrow.jpg HTTP/1.1" 200 13378 "http://www.personal-dienstleistung.de/kontakt/kontakt%20berlin.html" "Opera/9.80 (Windows NT 5.1; U; de) Presto/2.7.62 Version/11.01"
84.189.62.166 - - [09/Sep/2011:18:43:24 +0200] "GET /kontakt/mitarbeiter/Bredow.jpg HTTP/1.1" 200 13359 "http://www.personal-dienstleistung.de/kontakt/kontakt%20berlin.html" "Opera/9.80 (Windows NT 5.1; U; de) Presto/2.7.62 Version/11.01"
84.189.62.166 - - [09/Sep/2011:18:43:24 +0200] "GET /kontakt/mitarbeiter/kretzschmar.jpg HTTP/1.1" 200 18462 "http://www.personal-dienstleistung.de/kontakt/kontakt%20berlin.html" "Opera/9.80 (Windows NT 5.1; U; de) Presto/2.7.62 Version/11.01"
84.189.62.166 - - [09/Sep/2011:18:43:24 +0200] "GET /kontakt/mitarbeiter/karp.jpg HTTP/1.1" 200 13372 "http://www.personal-dienstleistung.de/kontakt/kontakt%20berlin.html" "Opera/9.80 (Windows NT 5.1; U; de) Presto/2.7.62 Version/11.01"
84.189.62.166 - - [09/Sep/2011:18:43:24 +0200] "GET /kontakt/mitarbeiter/Lietzenberger.jpg HTTP/1.1" 200 22418 "http://www.personal-dienstleistung.de/kontakt/kontakt%20berlin.html" "Opera/9.80 (Windows NT 5.1; U; de) Presto/2.7.62 Version/11.01"
84.189.62.166 - - [09/Sep/2011:18:43:24 +0200] "GET /kontakt/Bilder/Mitarbeiter%20Perso/FrauEngel.jpg HTTP/1.1" 200 14742 "http://www.personal-dienstleistung.de/kontakt/kontakt%20berlin.html" "Opera/9.80 (Windows NT 5.1; U; de) Presto/2.7.62 Version/11.01"
84.189.62.166 - - [09/Sep/2011:18:43:24 +0200] "GET /kontakt/mitarbeiter/wegner.jpg HTTP/1.1" 200 15316 "http://www.personal-dienstleistung.de/kontakt/kontakt%20berlin.html" "Opera/9.80 (Windows NT 5.1; U; de) Presto/2.7.62 Version/11.01"
84.189.62.166 - - [09/Sep/2011:18:43:24 +0200] "GET /kontakt/mitarbeiter/Lietzenberger.jpg HTTP/1.1" 200 22418 "http://www.personal-dienstleistung.de/kontakt/kontakt%20berlin.html" "Opera/9.80 (Windows NT 5.1; U; de) Presto/2.7.62 Version/11.01"
84.189.62.166 - - [09/Sep/2011:18:43:24 +0200] "GET /kontakt/Bilder/Mitarbeiter%20Perso/FrauEngel.jpg HTTP/1.1" 200 14742 "http://www.personal-dienstleistung.de/kontakt/kontakt%20berlin.html" "Opera/9.80 (Windows NT 5.1; U; de) Presto/2.7.62 Version/11.01"
84.189.62.166 - - [09/Sep/2011:18:43:24 +0200] "GET /kontakt/mitarbeiter/wegner.jpg HTTP/1.1" 200 15316 "http://www.personal-dienstleistung.de/kontakt/kontakt%20berlin.html" "Opera/9.80 (Windows NT 5.1; U; de) Presto/2.7.62 Version/11.01"
84.189.62.166 - - [09/Sep/2011:18:43:24 +0200] "GET /favicon.ico HTTP/1.1" 404 1256 "http://www.personal-dienstleistung.de/kontakt/kontakt%20berlin.html" "Opera/9.80 (Windows NT 5.1; U; de) Presto/2.7.62 Version/11.01"
94.223.128.45 - - [09/Sep/2011:19:25:50 +0200] "GET / HTTP/1.1" 302 - "http://www.jobpoint-berlin.de/jobboerse/details.php?kennziffer=100427" "Mozilla/5.0 (Windows NT 6.1; rv:6.0.2) Gecko/20100101 Firefox/6.0.2"
80.187.103.174 - - [09/Sep/2011:19:52:47 +0200] "GET / HTTP/1.1" 302 - "-" "Mozilla/5.0 (Windows NT 5.1; rv:2.0) Gecko/20100101 Firefox/4.0"
80.187.103.174 - - [09/Sep/2011:19:52:49 +0200] "GET / HTTP/1.1" 302 - "-" "Mozilla/5.0 (Windows NT 5.1; rv:2.0) Gecko/20100101 Firefox/4.0"
82.165.37.69 - - [09/Sep/2011:20:40:40 +0200] "GET / HTTP/1.0" 302 - "http://werbung-public-relations.18x24.com/?roboto.html/" "Mozilla/5.0 (compatible; IPTCBOT;"
188.40.42.56 - - [09/Sep/2011:21:00:58 +0200] "GET / HTTP/1.1" 302 - "-" "Java/1.6.0_26"
188.40.42.56 - - [09/Sep/2011:21:00:59 +0200] "GET /kk-als-dienstleister HTTP/1.1" 404 1256 "-" "Java/1.6.0_26"
188.40.42.56 - - [09/Sep/2011:21:00:59 +0200] "GET /stellenangebote HTTP/1.1" 404 1256 "-" "Java/1.6.0_26"
207.46.199.217 - - [09/Sep/2011:22:42:29 +0200] "GET /robots.txt HTTP/1.1" 404 1256 "-" "msnbot-media/1.1 (+http://search.msn.com/msnbot.htm)"
207.46.199.217 - - [09/Sep/2011:22:42:29 +0200] "GET /kompetenz/bilder/einpackkasten.jpg HTTP/1.1" 200 47911 "-" "msnbot-media/1.1 (+http://search.msn.com/msnbot.htm)"
207.46.199.217 - - [09/Sep/2011:22:42:30 +0200] "GET /kompetenz/service.html HTTP/1.1" 200 4628 "-" "msnbot-media/1.1 (+http://search.msn.com/msnbot.htm)"
65.52.104.90 - - [09/Sep/2011:22:59:36 +0200] "GET /robots.txt HTTP/1.1" 404 1256 "-" "Mozilla/5.0 (compatible; bingbot/2.0; +http://www.bing.com/bingbot.htm)"
65.52.104.90 - - [09/Sep/2011:23:00:31 +0200] "GET /linksAll.html HTTP/1.1" 304 - "-" "Mozilla/5.0 (compatible; bingbot/2.0; +http://www.bing.com/bingbot.htm)"
66.249.67.118 - - [10/Sep/2011:03:00:02 +0200] "GET /robots.txt HTTP/1.1" 404 1256 "-" "Mozilla/5.0 (compatible; Googlebot/2.1; +http://www.google.com/bot.html)"
66.249.67.118 - - [10/Sep/2011:03:00:02 +0200] "GET / HTTP/1.1" 302 - "-" "Mozilla/5.0 (compatible; Googlebot/2.1; +http://www.google.com/bot.html)"
119.63.196.126 - - [10/Sep/2011:03:21:03 +0200] "GET / HTTP/1.1" 302 - "-" "Mozilla/5.0 (compatible; Baiduspider/2.0; +http://www.baidu.com/search/spider.html)"
65.52.104.90 - - [10/Sep/2011:03:21:47 +0200] "GET /robots.txt HTTP/1.1" 404 1256 "-" "Mozilla/5.0 (compatible; bingbot/2.0; +http://www.bing.com/bingbot.htm)"
65.52.104.90 - - [10/Sep/2011:03:22:32 +0200] "GET /Erlaubnis.pdf HTTP/1.1" 200 118510 "-" "Mozilla/5.0 (compatible; bingbot/2.0; +http://www.bing.com/bingbot.htm)"
65.52.104.90 - - [10/Sep/2011:03:36:02 +0200] "GET /kontakt/kontakt+.html HTTP/1.1" 304 - "-" "Mozilla/5.0 (compatible; bingbot/2.0; +http://www.bing.com/bingbot.htm)"
119.63.196.83 - - [10/Sep/2011:03:39:42 +0200] "GET /robots.txt HTTP/1.1" 404 1256 "-" "Baiduspider+(+http://www.baidu.com/search/spider.htm)"
65.52.104.90 - - [10/Sep/2011:03:46:01 +0200] "GET /referenz/referenzenberl.html HTTP/1.1" 304 - "-" "Mozilla/5.0 (compatible; bingbot/2.0; +http://www.bing.com/bingbot.htm)"
62.141.56.170 - - [10/Sep/2011:08:41:29 +0200] "GET /robots.txt HTTP/1.1" 404 1256 "-" "UnisterBot (Mozilla/5.0 compatible; crawler@unister-gmbh.de)"
62.141.56.170 - - [10/Sep/2011:08:45:40 +0200] "GET / HTTP/1.1" 302 - "-" "UnisterBot (Mozilla/5.0 compatible; crawler@unister-gmbh.de)"
217.83.204.26 - - [10/Sep/2011:09:52:15 +0200] "GET /favicon.ico HTTP/1.1" 404 1256 "-" "Mozilla/4.0 (compatible; MSIE 7.0; Windows NT 6.1; WOW64; Trident/4.0; SLCC2; .NET CLR 2.0.50727; .NET CLR 3.5.30729; .NET CLR 3.0.30729; Media Center PC 6.0; InfoPath.2; .NET4.0C)"
78.53.5.33 - - [10/Sep/2011:10:47:57 +0200] "GET / HTTP/1.1" 302 - "http://www.jobpoint-berlin.de/jobboerse/details.php?kennziffer=100427" "Mozilla/5.0 (Windows NT 5.1; rv:6.0.2) Gecko/20100101 Firefox/6.0.2"
217.231.223.127 - - [10/Sep/2011:11:06:48 +0200] "GET / HTTP/1.1" 302 - "-" "Mozilla/5.0 (Windows NT 5.1; rv:6.0.1) Gecko/20100101 Firefox/6.0.1"
77.12.161.20 - - [10/Sep/2011:11:29:51 +0200] "GET / HTTP/1.1" 302 - "http://www.agentur-zeitarbeit.de/component/option,com_afz_category/id,96/subcat,142/" "Mozilla/5.0 (Windows NT 6.1; WOW64; rv:6.0.2) Gecko/20100101 Firefox/6.0.2"
178.63.77.6 - - [10/Sep/2011:11:56:17 +0200] "GET / HTTP/1.0" 302 - "-" "-"
178.63.77.6 - - [10/Sep/2011:11:56:18 +0200] "GET / HTTP/1.0" 302 - "-" "-"
178.63.77.6 - - [10/Sep/2011:11:56:19 +0200] "GET / HTTP/1.1" 302 - "-" "Mozilla/5.0 (X11; U; Linux x86_64; C) AppleWebKit/533.3 (KHTML, like Gecko) Qt/4.7.1 Safari/533.3"
88.89.168.251 - - [10/Sep/2011:12:21:56 +0200] "GET /robots.txt HTTP/1.0" 404 1256 "-" "Mozilla/5.0 (compatible; MJ12bot/v1.4.0; http://www.majestic12.co.uk/bot.php?+)"
88.89.168.251 - - [10/Sep/2011:12:22:07 +0200] "GET / HTTP/1.0" 302 - "-" "Mozilla/5.0 (compatible; MJ12bot/v1.4.0; http://www.majestic12.co.uk/bot.php?+)"
85.179.14.190 - - [10/Sep/2011:12:54:15 +0200] "GET / HTTP/1.1" 302 - "http://www.google.de/url?sa=t&source=web&cd=5&ved=0CF4QFjAE&url=http%3A%2F%2Fwww.personal-dienstleistung.de%2F&rct=j&q=zeitarbeit%20%20k%26k&ei=v0FrTvLkAo3GswabosTmBA&usg=AFQjCNGG8qIxAIusv-vnrtTv4JmZ2Fyhmw" "Mozilla/5.0 (Windows NT 6.1; WOW64; rv:6.0.1) Gecko/20100101 Firefox/6.0.1"
65.52.104.90 - - [10/Sep/2011:13:08:50 +0200] "GET /robots.txt HTTP/1.1" 404 1256 "-" "Mozilla/5.0 (compatible; bingbot/2.0; +http://www.bing.com/bingbot.htm)"
65.52.104.90 - - [10/Sep/2011:13:09:35 +0200] "GET /kompetenz/Hotelservicedienstl.html HTTP/1.1" 304 - "-" "Mozilla/5.0 (compatible; bingbot/2.0; +http://www.bing.com/bingbot.htm)"
84.189.42.147 - - [10/Sep/2011:14:45:39 +0200] "GET / HTTP/1.1" 302 - "http://www.stepstone.de/stellenangebote--Mitarbeiter-Auftragsannahme-und-Kundenbetreuung-m-w-Berlin-K-K-GmbH--1907514-popup.html" "Mozilla/4.0 (compatible; MSIE 8.0; Windows NT 5.1; Trident/4.0; .NET CLR 2.0.50727; .NET CLR 3.0.4506.2152; .NET CLR 3.5.30729; .NET4.0C; .NET4.0E)"
67.195.111.217 - - [10/Sep/2011:15:51:34 +0200] "GET /robots.txt HTTP/1.0" 404 1256 "-" "Mozilla/5.0 (compatible; Yahoo! Slurp; http://help.yahoo.com/help/us/ysearch/slurp)"
67.195.111.217 - - [10/Sep/2011:15:51:34 +0200] "GET /kompetenz/konfektionierung.html HTTP/1.0" 200 6064 "-" "Mozilla/5.0 (compatible; Yahoo! Slurp; http://help.yahoo.com/help/us/ysearch/slurp)"
67.195.111.217 - - [10/Sep/2011:16:31:33 +0200] "GET /Isozertifikat.pdf HTTP/1.0" 200 236893 "-" "Mozilla/5.0 (compatible; Yahoo! Slurp; http://help.yahoo.com/help/us/ysearch/slurp)"
85.25.71.15 - - [10/Sep/2011:18:13:59 +0200] "GET / HTTP/1.1" 302 - "-" "Mozilla/5.0 (X11; U; Linux i686; en-US; rv:1.9.0.1) Gecko/2008070206 Firefox/3.0.1"
173.236.21.106 - - [10/Sep/2011:18:42:01 +0200] "GET /robots.txt HTTP/1.0" 404 1256 "-" "Mozilla/5.0 (compatible; MJ12bot/v1.4.0; http://www.majestic12.co.uk/bot.php?+)"
173.236.21.106 - - [10/Sep/2011:18:42:02 +0200] "GET / HTTP/1.0" 302 - "-" "Mozilla/5.0 (compatible; MJ12bot/v1.4.0; http://www.majestic12.co.uk/bot.php?+)"
220.181.108.158 - - [10/Sep/2011:20:59:47 +0200] "GET /robots.txt HTTP/1.1" 404 1256 "-" "Baiduspider+(+http://www.baidu.com/search/spider.htm)"
83.233.186.30 - - [10/Sep/2011:23:23:23 +0200] "GET / HTTP/1.1" 302 - "-" "Mozilla/4.0 (CMS Crawler: http://www.cmscrawler.com)"
83.233.186.30 - - [10/Sep/2011:23:23:24 +0200] "GET /wp-login.php HTTP/1.1" 404 1256 "-" "Mozilla/4.0 (CMS Crawler: http://www.cmscrawler.com)"
83.233.186.30 - - [10/Sep/2011:23:23:24 +0200] "GET /umbraco/ HTTP/1.1" 404 1256 "-" "Mozilla/4.0 (CMS Crawler: http://www.cmscrawler.com)"
83.233.186.30 - - [10/Sep/2011:23:23:24 +0200] "GET /admin HTTP/1.1" 404 1256 "-" "Mozilla/4.0 (CMS Crawler: http://www.cmscrawler.com)"
83.233.186.30 - - [10/Sep/2011:23:23:24 +0200] "GET /dynamix/ HTTP/1.1" 404 1256 "-" "Mozilla/4.0 (CMS Crawler: http://www.cmscrawler.com)"
83.233.186.30 - - [10/Sep/2011:23:23:24 +0200] "GET /sitecore/ HTTP/1.1" 404 1256 "-" "Mozilla/4.0 (CMS Crawler: http://www.cmscrawler.com)"
83.233.186.30 - - [10/Sep/2011:23:23:24 +0200] "GET /Pages/Login.aspx HTTP/1.1" 404 1256 "-" "Mozilla/4.0 (CMS Crawler: http://www.cmscrawler.com)"
83.233.186.30 - - [10/Sep/2011:23:23:24 +0200] "GET /zino/css/zino_core.css HTTP/1.1" 404 1256 "-" "Mozilla/4.0 (CMS Crawler: http://www.cmscrawler.com)"
83.233.186.30 - - [10/Sep/2011:23:23:24 +0200] "GET /n2/ HTTP/1.1" 404 1256 "-" "Mozilla/4.0 (CMS Crawler: http://www.cmscrawler.com)"
208.80.194.37 - - [10/Sep/2011:23:41:00 +0200] "GET / HTTP/1.0" 302 - "-" "Mozilla/4.0 (compatible; MSIE 7.0; Windows NT 5.1; Blingo Toolbar 1.0; .NET CLR 2.0.50727)"
217.231.223.127 - - [11/Sep/2011:00:14:20 +0200] "GET / HTTP/1.1" 302 - "-" "Mozilla/5.0 (Windows NT 5.1; rv:6.0.1) Gecko/20100101 Firefox/6.0.1"
213.186.122.3 - - [11/Sep/2011:01:23:12 +0200] "GET /robots.txt HTTP/1.1" 404 1256 "-" "Mozilla/5.0 (compatible; AhrefsBot/1.0; +http://ahrefs.com/robot/)"
213.186.122.3 - - [11/Sep/2011:01:23:13 +0200] "GET /kontakt/kontakt%20berlin.html HTTP/1.1" 200 15986 "-" "Mozilla/5.0 (compatible; AhrefsBot/1.0; +http://ahrefs.com/robot/)"
95.108.151.244 - - [11/Sep/2011:02:22:15 +0200] "GET /robots.txt HTTP/1.1" 404 1256 "-" "Mozilla/5.0 (compatible; YandexBot/3.0; +http://yandex.com/bots)"
95.108.151.244 - - [11/Sep/2011:02:22:17 +0200] "GET /abfallentsorgung HTTP/1.1" 404 1256 "-" "Mozilla/5.0 (compatible; YandexBot/3.0; +http://yandex.com/bots)"
95.108.151.244 - - [11/Sep/2011:02:22:18 +0200] "GET /abfallentsorgung HTTP/1.1" 404 1256 "-" "Mozilla/5.0 (compatible; YandexBot/3.0; +http://yandex.com/bots)"
95.108.151.244 - - [11/Sep/2011:02:22:19 +0200] "GET /agb HTTP/1.1" 404 1256 "-" "Mozilla/5.0 (compatible; YandexBot/3.0; +http://yandex.com/bots)"
95.108.151.244 - - [11/Sep/2011:02:22:20 +0200] "GET /agb HTTP/1.1" 404 1256 "-" "Mozilla/5.0 (compatible; YandexBot/3.0; +http://yandex.com/bots)"
95.108.151.244 - - [11/Sep/2011:02:22:21 +0200] "GET /callcenter HTTP/1.1" 404 1256 "-" "Mozilla/5.0 (compatible; YandexBot/3.0; +http://yandex.com/bots)"
95.108.151.244 - - [11/Sep/2011:02:22:22 +0200] "GET /callcenter HTTP/1.1" 404 1256 "-" "Mozilla/5.0 (compatible; YandexBot/3.0; +http://yandex.com/bots)"
95.108.151.244 - - [11/Sep/2011:02:22:27 +0200] "GET /impressum HTTP/1.1" 404 1256 "-" "Mozilla/5.0 (compatible; YandexBot/3.0; +http://yandex.com/bots)"
95.108.151.244 - - [11/Sep/2011:02:22:28 +0200] "GET /impressum HTTP/1.1" 404 1256 "-" "Mozilla/5.0 (compatible; YandexBot/3.0; +http://yandex.com/bots)"
95.108.151.244 - - [11/Sep/2011:02:22:29 +0200] "GET /konfektionierung HTTP/1.1" 404 1256 "-" "Mozilla/5.0 (compatible; YandexBot/3.0; +http://yandex.com/bots)"
95.108.151.244 - - [11/Sep/2011:02:22:30 +0200] "GET /konfektionierung HTTP/1.1" 404 1256 "-" "Mozilla/5.0 (compatible; YandexBot/3.0; +http://yandex.com/bots)"
95.108.151.244 - - [11/Sep/2011:02:22:35 +0200] "GET /kontakt/berlin HTTP/1.1" 404 1256 "-" "Mozilla/5.0 (compatible; YandexBot/3.0; +http://yandex.com/bots)"
95.108.151.244 - - [11/Sep/2011:02:22:36 +0200] "GET /kontakt/berlin HTTP/1.1" 404 1256 "-" "Mozilla/5.0 (compatible; YandexBot/3.0; +http://yandex.com/bots)"
95.108.151.244 - - [11/Sep/2011:02:22:37 +0200] "GET /kontakt/berlin/anfahrt HTTP/1.1" 404 1256 "-" "Mozilla/5.0 (compatible; YandexBot/3.0; +http://yandex.com/bots)"
95.108.151.244 - - [11/Sep/2011:02:22:38 +0200] "GET /kontakt/berlin/anfahrt HTTP/1.1" 404 1256 "-" "Mozilla/5.0 (compatible; YandexBot/3.0; +http://yandex.com/bots)"
95.108.151.244 - - [11/Sep/2011:02:22:39 +0200] "GET /kontakt/krakow HTTP/1.1" 404 1256 "-" "Mozilla/5.0 (compatible; YandexBot/3.0; +http://yandex.com/bots)"
95.108.151.244 - - [11/Sep/2011:02:22:40 +0200] "GET /kontakt/krakow HTTP/1.1" 404 1256 "-" "Mozilla/5.0 (compatible; YandexBot/3.0; +http://yandex.com/bots)"
95.108.151.244 - - [11/Sep/2011:02:22:43 +0200] "GET /kontakt/waren HTTP/1.1" 404 1256 "-" "Mozilla/5.0 (compatible; YandexBot/3.0; +http://yandex.com/bots)"
95.108.151.244 - - [11/Sep/2011:02:22:44 +0200] "GET /kontakt/waren HTTP/1.1" 404 1256 "-" "Mozilla/5.0 (compatible; YandexBot/3.0; +http://yandex.com/bots)"
95.108.151.244 - - [11/Sep/2011:02:22:45 +0200] "GET /leistungen HTTP/1.1" 404 1256 "-" "Mozilla/5.0 (compatible; YandexBot/3.0; +http://yandex.com/bots)"
95.108.151.244 - - [11/Sep/2011:02:22:46 +0200] "GET /leistungen HTTP/1.1" 404 1256 "-" "Mozilla/5.0 (compatible; YandexBot/3.0; +http://yandex.com/bots)"
95.108.151.244 - - [11/Sep/2011:02:22:47 +0200] "GET /stellenangebote-berlin HTTP/1.1" 404 1256 "-" "Mozilla/5.0 (compatible; YandexBot/3.0; +http://yandex.com/bots)"
95.108.151.244 - - [11/Sep/2011:02:22:48 +0200] "GET /stellenangebote-berlin HTTP/1.1" 404 1256 "-" "Mozilla/5.0 (compatible; YandexBot/3.0; +http://yandex.com/bots)"
95.108.151.244 - - [11/Sep/2011:02:22:49 +0200] "GET /stellenangebote-hannover HTTP/1.1" 404 1256 "-" "Mozilla/5.0 (compatible; YandexBot/3.0; +http://yandex.com/bots)"
95.108.151.244 - - [11/Sep/2011:02:22:53 +0200] "GET /stellenangebote-hannover HTTP/1.1" 404 1256 "-" "Mozilla/5.0 (compatible; YandexBot/3.0; +http://yandex.com/bots)"
95.108.151.244 - - [11/Sep/2011:02:33:59 +0200] "GET /robots.txt HTTP/1.1" 404 1256 "-" "Mozilla/5.0 (compatible; YandexBot/3.0; +http://yandex.com/bots)"
95.108.151.244 - - [11/Sep/2011:02:34:00 +0200] "GET /abfallentsorgung HTTP/1.1" 404 1256 "-" "Mozilla/5.0 (compatible; YandexBot/3.0; +http://yandex.com/bots)"
95.108.151.244 - - [11/Sep/2011:02:34:01 +0200] "GET /abfallentsorgung HTTP/1.1" 404 1256 "-" "Mozilla/5.0 (compatible; YandexBot/3.0; +http://yandex.com/bots)"
95.108.151.244 - - [11/Sep/2011:02:34:02 +0200] "GET /agb HTTP/1.1" 404 1256 "-" "Mozilla/5.0 (compatible; YandexBot/3.0; +http://yandex.com/bots)"
95.108.151.244 - - [11/Sep/2011:02:34:03 +0200] "GET /agb HTTP/1.1" 404 1256 "-" "Mozilla/5.0 (compatible; YandexBot/3.0; +http://yandex.com/bots)"
95.108.151.244 - - [11/Sep/2011:02:34:04 +0200] "GET /callcenter HTTP/1.1" 404 1256 "-" "Mozilla/5.0 (compatible; YandexBot/3.0; +http://yandex.com/bots)"
95.108.151.244 - - [11/Sep/2011:02:34:05 +0200] "GET /callcenter HTTP/1.1" 404 1256 "-" "Mozilla/5.0 (compatible; YandexBot/3.0; +http://yandex.com/bots)"
95.108.151.244 - - [11/Sep/2011:02:34:10 +0200] "GET /impressum HTTP/1.1" 404 1256 "-" "Mozilla/5.0 (compatible; YandexBot/3.0; +http://yandex.com/bots)"
95.108.151.244 - - [11/Sep/2011:02:34:11 +0200] "GET /impressum HTTP/1.1" 404 1256 "-" "Mozilla/5.0 (compatible; YandexBot/3.0; +http://yandex.com/bots)"
95.108.151.244 - - [11/Sep/2011:02:34:12 +0200] "GET /konfektionierung HTTP/1.1" 404 1256 "-" "Mozilla/5.0 (compatible; YandexBot/3.0; +http://yandex.com/bots)"
95.108.151.244 - - [11/Sep/2011:02:34:13 +0200] "GET /konfektionierung HTTP/1.1" 404 1256 "-" "Mozilla/5.0 (compatible; YandexBot/3.0; +http://yandex.com/bots)"
95.108.151.244 - - [11/Sep/2011:02:34:14 +0200] "GET /kontakt/berlin HTTP/1.1" 404 1256 "-" "Mozilla/5.0 (compatible; YandexBot/3.0; +http://yandex.com/bots)"
95.108.151.244 - - [11/Sep/2011:02:34:18 +0200] "GET /kontakt/berlin HTTP/1.1" 404 1256 "-" "Mozilla/5.0 (compatible; YandexBot/3.0; +http://yandex.com/bots)"
95.108.151.244 - - [11/Sep/2011:02:34:19 +0200] "GET /kontakt/berlin/anfahrt HTTP/1.1" 404 1256 "-" "Mozilla/5.0 (compatible; YandexBot/3.0; +http://yandex.com/bots)"
95.108.151.244 - - [11/Sep/2011:02:34:20 +0200] "GET /kontakt/berlin/anfahrt HTTP/1.1" 404 1256 "-" "Mozilla/5.0 (compatible; YandexBot/3.0; +http://yandex.com/bots)"
95.108.151.244 - - [11/Sep/2011:02:34:21 +0200] "GET /kontakt/krakow HTTP/1.1" 404 1256 "-" "Mozilla/5.0 (compatible; YandexBot/3.0; +http://yandex.com/bots)"
95.108.151.244 - - [11/Sep/2011:02:34:22 +0200] "GET /kontakt/krakow HTTP/1.1" 404 1256 "-" "Mozilla/5.0 (compatible; YandexBot/3.0; +http://yandex.com/bots)"
95.108.151.244 - - [11/Sep/2011:02:34:23 +0200] "GET /kontakt/waren HTTP/1.1" 404 1256 "-" "Mozilla/5.0 (compatible; YandexBot/3.0; +http://yandex.com/bots)"
95.108.151.244 - - [11/Sep/2011:02:34:24 +0200] "GET /kontakt/waren HTTP/1.1" 404 1256 "-" "Mozilla/5.0 (compatible; YandexBot/3.0; +http://yandex.com/bots)"
95.108.151.244 - - [11/Sep/2011:02:34:28 +0200] "GET /leistungen HTTP/1.1" 404 1256 "-" "Mozilla/5.0 (compatible; YandexBot/3.0; +http://yandex.com/bots)"
95.108.151.244 - - [11/Sep/2011:02:34:29 +0200] "GET /leistungen HTTP/1.1" 404 1256 "-" "Mozilla/5.0 (compatible; YandexBot/3.0; +http://yandex.com/bots)"
95.108.151.244 - - [11/Sep/2011:02:34:30 +0200] "GET /stellenangebote-berlin HTTP/1.1" 404 1256 "-" "Mozilla/5.0 (compatible; YandexBot/3.0; +http://yandex.com/bots)"
95.108.151.244 - - [11/Sep/2011:02:34:31 +0200] "GET /stellenangebote-berlin HTTP/1.1" 404 1256 "-" "Mozilla/5.0 (compatible; YandexBot/3.0; +http://yandex.com/bots)"
95.108.151.244 - - [11/Sep/2011:02:34:32 +0200] "GET /stellenangebote-hannover HTTP/1.1" 404 1256 "-" "Mozilla/5.0 (compatible; YandexBot/3.0; +http://yandex.com/bots)"
95.108.151.244 - - [11/Sep/2011:02:34:33 +0200] "GET /stellenangebote-hannover HTTP/1.1" 404 1256 "-" "Mozilla/5.0 (compatible; YandexBot/3.0; +http://yandex.com/bots)"
88.131.106.22 - - [11/Sep/2011:03:03:17 +0200] "GET /robots.txt HTTP/1.0" 404 1256 "-" "Mozilla/5.0 (Windows; U; Windows NT 5.1; en-US) Speedy Spider (http://www.entireweb.com/about/search_tech/speedy_spider/)"
88.131.106.22 - - [11/Sep/2011:03:03:17 +0200] "GET /refall.html HTTP/1.0" 200 10444 "-" "Mozilla/5.0 (Windows; U; Windows NT 5.1; en-US) Speedy Spider (http://www.entireweb.com/about/search_tech/speedy_spider/)"
85.25.184.24 - - [11/Sep/2011:03:55:18 +0200] "GET / HTTP/1.1" 302 - "http://www.stadtportal-berlin.de/goto/746" "Mozilla/5.0 (X11; U; Linux i686; de; rv:1.9.0.1; compatible; iCjobs Stellenangebote Jobs; http://www.icjobs.de) Gecko/20100401 iCjobs/3.2.3"
65.52.104.90 - - [11/Sep/2011:04:12:32 +0200] "GET /robots.txt HTTP/1.1" 404 1256 "-" "Mozilla/5.0 (compatible; bingbot/2.0; +http://www.bing.com/bingbot.htm)"
65.52.104.90 - - [11/Sep/2011:04:13:31 +0200] "GET /impressuminframe.html HTTP/1.1" 304 - "-" "Mozilla/5.0 (compatible; bingbot/2.0; +http://www.bing.com/bingbot.htm)"
188.163.16.155 - - [11/Sep/2011:05:26:29 +0200] "GET /robots.txt HTTP/1.0" 404 1256 "-" "Mozilla/5.0 (compatible; MJ12bot/v1.4.0; http://www.majestic12.co.uk/bot.php?+)"
188.163.16.155 - - [11/Sep/2011:05:26:31 +0200] "GET / HTTP/1.1" 302 - "-" "Mozilla/5.0 (compatible; MJ12bot/v1.4.0; http://www.majestic12.co.uk/bot.php?+)"
66.249.72.173 - - [11/Sep/2011:07:21:57 +0200] "GET /robots.txt HTTP/1.1" 404 1256 "-" "Mozilla/5.0 (compatible; Googlebot/2.1; +http://www.google.com/bot.html)"
66.249.72.173 - - [11/Sep/2011:07:21:57 +0200] "GET /refall.html HTTP/1.1" 304 - "-" "Mozilla/5.0 (compatible; Googlebot/2.1; +http://www.google.com/bot.html)"
80.187.103.112 - - [11/Sep/2011:09:26:42 +0200] "GET / HTTP/1.1" 302 - "-" "Mozilla/5.0 (Windows NT 5.1; rv:2.0) Gecko/20100101 Firefox/4.0"
217.231.223.41 - - [11/Sep/2011:09:49:26 +0200] "GET / HTTP/1.1" 302 - "-" "Mozilla/5.0 (Windows NT 5.1; rv:6.0.2) Gecko/20100101 Firefox/6.0.2"
217.231.223.41 - - [11/Sep/2011:10:54:24 +0200] "GET / HTTP/1.1" 302 - "-" "Mozilla/5.0 (Windows NT 5.1; rv:6.0.2) Gecko/20100101 Firefox/6.0.2"
91.61.88.35 - - [11/Sep/2011:11:51:21 +0200] "GET / HTTP/1.1" 302 - "http://search.conduit.com/Results.aspx?q=www.personal-dienstleistung.de&meta=all&hl=de&gl=de&gil=de-DE&SelfSearch=1&SearchType=SearchWeb&SearchSource=48&ctid=CT2269050&octid=CT2269050" "Mozilla/5.0 (Windows NT 6.1; WOW64) AppleWebKit/535.1 (KHTML, like Gecko) Chrome/13.0.782.220 Safari/535.1"
84.169.140.134 - - [11/Sep/2011:12:07:55 +0200] "GET / HTTP/1.1" 302 - "http://www.agentur-zeitarbeit.de/component/option,com_afz_category/id,96/subcat,142/" "Mozilla/5.0 (Windows NT 6.1; WOW64) AppleWebKit/535.1 (KHTML, like Gecko) Chrome/13.0.782.220 Safari/535.1"
80.187.103.51 - - [11/Sep/2011:13:14:38 +0200] "GET / HTTP/1.1" 302 - "http://www.jobmonitor.com/jobs-stellenangebote/Deutschland/ref-8264992-12/" "Mozilla/5.0 (compatible; MSIE 9.0; Windows NT 6.0; Trident/5.0)"
195.80.219.75 - - [11/Sep/2011:13:35:48 +0200] "GET / HTTP/1.1" 302 - "http://www.jobpoint-berlin.de/jobboerse/details.php?kennziffer=100427" "Mozilla/5.0 (Windows; U; Windows NT 6.1; pl; rv:1.9.2.21) Gecko/20110830 Firefox/3.6.21"
85.25.71.15 - - [11/Sep/2011:13:55:17 +0200] "GET / HTTP/1.1" 302 - "-" "Mozilla/5.0 (X11; U; Linux i686; en-US; rv:1.9.0.1) Gecko/2008070206 Firefox/3.0.1"
66.249.72.173 - - [11/Sep/2011:14:33:48 +0200] "GET /robots.txt HTTP/1.1" 404 1256 "-" "Mozilla/5.0 (compatible; Googlebot/2.1; +http://www.google.com/bot.html)"
66.249.72.173 - - [11/Sep/2011:14:33:48 +0200] "GET / HTTP/1.1" 302 - "-" "SAMSUNG-SGH-E250/1.0 Profile/MIDP-2.0 Configuration/CLDC-1.1 UP.Browser/6.2.3.3.c.1.101 (GUI) MMP/2.0 (compatible; Googlebot-Mobile/2.1; +http://www.google.com/bot.html)"
119.63.196.110 - - [11/Sep/2011:14:41:06 +0200] "GET /robots.txt HTTP/1.1" 404 1256 "-" "Baiduspider+(+http://www.baidu.com/search/spider.htm)"
195.80.219.75 - - [11/Sep/2011:15:33:47 +0200] "GET / HTTP/1.1" 302 - "http://www.jobpoint-berlin.de/jobboerse/details.php?kennziffer=100427" "Mozilla/5.0 (Windows; U; Windows NT 6.1; pl; rv:1.9.2.21) Gecko/20110830 Firefox/3.6.21"
64.246.165.50 - - [11/Sep/2011:18:24:24 +0200] "GET /robots.txt HTTP/1.0" 404 1256 "-" "Mozilla/5.0 (Windows; U; Windows NT 5.1; en; rv:1.9.0.13) Gecko/2009073022 Firefox/3.5.2 (.NET CLR 3.5.30729) SurveyBot/2.3 (DomainTools)"
64.246.165.50 - - [11/Sep/2011:18:24:24 +0200] "GET / HTTP/1.1" 302 - "http://whois.domaintools.com/personal-dienstleistung.de" "Mozilla/5.0 (Windows; U; Windows NT 5.1; en; rv:1.9.0.13) Gecko/2009073022 Firefox/3.5.2 (.NET CLR 3.5.30729) SurveyBot/2.3 (DomainTools)"
82.169.180.184 - - [11/Sep/2011:18:53:28 +0200] "GET / HTTP/1.1" 302 - "-" "Java/1.6.0_20"
82.169.180.184 - - [11/Sep/2011:18:53:29 +0200] "GET /kk-als-dienstleister HTTP/1.1" 404 1256 "-" "Java/1.6.0_20"
82.169.180.184 - - [11/Sep/2011:18:53:29 +0200] "GET /stellenangebote HTTP/1.1" 404 1256 "-" "Java/1.6.0_20"
119.63.196.44 - - [11/Sep/2011:21:12:08 +0200] "GET /robots.txt HTTP/1.1" 404 1256 "-" "Baiduspider+(+http://www.baidu.com/search/spider.htm)"
80.226.24.6 - - [11/Sep/2011:21:16:55 +0200] "GET /kompetalllay.html HTTP/1.1" 200 11702 "-" "Mozilla/5.0 (Windows; U; Windows NT 5.1; de; rv:1.9.2.18) Gecko/20110614 Firefox/3.6.18 GTB7.1 (.NET CLR 3.5.30729)"
80.226.24.6 - - [11/Sep/2011:21:16:56 +0200] "GET /images/hg1_01.gif HTTP/1.1" 200 54550 "http://www.personal-dienstleistung.de/kompetalllay.html" "Mozilla/5.0 (Windows; U; Windows NT 5.1; de; rv:1.9.2.18) Gecko/20110614 Firefox/3.6.18 GTB7.1 (.NET CLR 3.5.30729)"
80.226.24.6 - - [11/Sep/2011:21:16:56 +0200] "GET /CSScriptLib.js HTTP/1.1" 200 74417 "http://www.personal-dienstleistung.de/kompetalllay.html" "Mozilla/5.0 (Windows; U; Windows NT 5.1; de; rv:1.9.2.18) Gecko/20110614 Firefox/3.6.18 GTB7.1 (.NET CLR 3.5.30729)"
80.226.24.6 - - [11/Sep/2011:21:16:56 +0200] "GET /images/hg1_04.gif HTTP/1.1" 200 6715 "http://www.personal-dienstleistung.de/kompetalllay.html" "Mozilla/5.0 (Windows; U; Windows NT 5.1; de; rv:1.9.2.18) Gecko/20110614 Firefox/3.6.18 GTB7.1 (.NET CLR 3.5.30729)"
80.226.24.6 - - [11/Sep/2011:21:16:56 +0200] "GET /images/hg1_13.gif HTTP/1.1" 200 3972 "http://www.personal-dienstleistung.de/kompetalllay.html" "Mozilla/5.0 (Windows; U; Windows NT 5.1; de; rv:1.9.2.18) Gecko/20110614 Firefox/3.6.18 GTB7.1 (.NET CLR 3.5.30729)"
80.226.24.6 - - [11/Sep/2011:21:16:57 +0200] "GET /images/hg1_14.gif HTTP/1.1" 200 10344 "http://www.personal-dienstleistung.de/kompetalllay.html" "Mozilla/5.0 (Windows; U; Windows NT 5.1; de; rv:1.9.2.18) Gecko/20110614 Firefox/3.6.18 GTB7.1 (.NET CLR 3.5.30729)"
80.226.24.6 - - [11/Sep/2011:21:16:57 +0200] "GET /images/hg1_lk_08.gif HTTP/1.1" 200 4301 "http://www.personal-dienstleistung.de/kompetalllay.html" "Mozilla/5.0 (Windows; U; Windows NT 5.1; de; rv:1.9.2.18) Gecko/20110614 Firefox/3.6.18 GTB7.1 (.NET CLR 3.5.30729)"
80.226.24.6 - - [11/Sep/2011:21:16:57 +0200] "GET /images/hg1_lk_10.gif HTTP/1.1" 200 4384 "http://www.personal-dienstleistung.de/kompetalllay.html" "Mozilla/5.0 (Windows; U; Windows NT 5.1; de; rv:1.9.2.18) Gecko/20110614 Firefox/3.6.18 GTB7.1 (.NET CLR 3.5.30729)"
80.226.24.6 - - [11/Sep/2011:21:16:57 +0200] "GET /images/hg1_lk_11.gif HTTP/1.1" 200 4195 "http://www.personal-dienstleistung.de/kompetalllay.html" "Mozilla/5.0 (Windows; U; Windows NT 5.1; de; rv:1.9.2.18) Gecko/20110614 Firefox/3.6.18 GTB7.1 (.NET CLR 3.5.30729)"
80.226.24.6 - - [11/Sep/2011:21:16:58 +0200] "GET /images/hg1_lk_13.gif HTTP/1.1" 200 6597 "http://www.personal-dienstleistung.de/kompetalllay.html" "Mozilla/5.0 (Windows; U; Windows NT 5.1; de; rv:1.9.2.18) Gecko/20110614 Firefox/3.6.18 GTB7.1 (.NET CLR 3.5.30729)"
80.226.24.6 - - [11/Sep/2011:21:16:58 +0200] "GET /images/leistd.jpg HTTP/1.1" 200 25525 "http://www.personal-dienstleistung.de/kompetalllay.html" "Mozilla/5.0 (Windows; U; Windows NT 5.1; de; rv:1.9.2.18) Gecko/20110614 Firefox/3.6.18 GTB7.1 (.NET CLR 3.5.30729)"
80.226.24.6 - - [11/Sep/2011:21:16:58 +0200] "GET /images/hg1_lk_12.gif HTTP/1.1" 200 5120 "http://www.personal-dienstleistung.de/kompetalllay.html" "Mozilla/5.0 (Windows; U; Windows NT 5.1; de; rv:1.9.2.18) Gecko/20110614 Firefox/3.6.18 GTB7.1 (.NET CLR 3.5.30729)"
80.226.24.6 - - [11/Sep/2011:21:16:58 +0200] "GET /images/hg1_lk_09.gif HTTP/1.1" 200 4461 "http://www.personal-dienstleistung.de/kompetalllay.html" "Mozilla/5.0 (Windows; U; Windows NT 5.1; de; rv:1.9.2.18) Gecko/20110614 Firefox/3.6.18 GTB7.1 (.NET CLR 3.5.30729)"
