141.91.136.40 - - [28/Sep/2011:11:00:10 +0200] "GET /kontakt/Bilder/Mitarbeiter%20Perso/FrauStammbergerneu.jpg HTTP/1.0" 200 32601 "http://www.personal-dienstleistung.de/kontakt/kontakt%20berlin.html" "Mozilla/4.0 (compatible; MSIE 8.0; Windows NT 5.2; WOW64; Trident/4.0; .NET CLR 2.0.50727; .NET CLR 3.0.4506.2152; .NET CLR 3.5.30729)"
141.91.136.40 - - [28/Sep/2011:11:00:10 +0200] "GET /kontakt/mitarbeiter/sucrow.jpg HTTP/1.0" 200 13378 "http://www.personal-dienstleistung.de/kontakt/kontakt%20berlin.html" "Mozilla/4.0 (compatible; MSIE 8.0; Windows NT 5.2; WOW64; Trident/4.0; .NET CLR 2.0.50727; .NET CLR 3.0.4506.2152; .NET CLR 3.5.30729)"
141.91.136.40 - - [28/Sep/2011:11:00:10 +0200] "GET /kontakt/Bilder/ziehnert.jpg HTTP/1.0" 200 34204 "http://www.personal-dienstleistung.de/kontakt/kontakt%20berlin.html" "Mozilla/4.0 (compatible; MSIE 8.0; Windows NT 5.2; WOW64; Trident/4.0; .NET CLR 2.0.50727; .NET CLR 3.0.4506.2152; .NET CLR 3.5.30729)"
141.91.136.40 - - [28/Sep/2011:11:00:10 +0200] "GET /kontakt/mitarbeiter/Bredow.jpg HTTP/1.0" 200 13359 "http://www.personal-dienstleistung.de/kontakt/kontakt%20berlin.html" "Mozilla/4.0 (compatible; MSIE 8.0; Windows NT 5.2; WOW64; Trident/4.0; .NET CLR 2.0.50727; .NET CLR 3.0.4506.2152; .NET CLR 3.5.30729)"
141.91.136.40 - - [28/Sep/2011:11:00:10 +0200] "GET /kontakt/mitarbeiter/kretzschmar.jpg HTTP/1.0" 200 18462 "http://www.personal-dienstleistung.de/kontakt/kontakt%20berlin.html" "Mozilla/4.0 (compatible; MSIE 8.0; Windows NT 5.2; WOW64; Trident/4.0; .NET CLR 2.0.50727; .NET CLR 3.0.4506.2152; .NET CLR 3.5.30729)"
141.91.136.40 - - [28/Sep/2011:11:00:10 +0200] "GET /kontakt/mitarbeiter/karp.jpg HTTP/1.0" 200 13372 "http://www.personal-dienstleistung.de/kontakt/kontakt%20berlin.html" "Mozilla/4.0 (compatible; MSIE 8.0; Windows NT 5.2; WOW64; Trident/4.0; .NET CLR 2.0.50727; .NET CLR 3.0.4506.2152; .NET CLR 3.5.30729)"
141.91.136.40 - - [28/Sep/2011:11:00:10 +0200] "GET /kontakt/mitarbeiter/Lietzenberger.jpg HTTP/1.0" 200 22418 "http://www.personal-dienstleistung.de/kontakt/kontakt%20berlin.html" "Mozilla/4.0 (compatible; MSIE 8.0; Windows NT 5.2; WOW64; Trident/4.0; .NET CLR 2.0.50727; .NET CLR 3.0.4506.2152; .NET CLR 3.5.30729)"
141.91.136.40 - - [28/Sep/2011:11:00:10 +0200] "GET /kontakt/Bilder/Mitarbeiter%20Perso/FrauEngel.jpg HTTP/1.0" 200 14742 "http://www.personal-dienstleistung.de/kontakt/kontakt%20berlin.html" "Mozilla/4.0 (compatible; MSIE 8.0; Windows NT 5.2; WOW64; Trident/4.0; .NET CLR 2.0.50727; .NET CLR 3.0.4506.2152; .NET CLR 3.5.30729)"
141.91.136.40 - - [28/Sep/2011:11:00:10 +0200] "GET /kontakt/mitarbeiter/wegner.jpg HTTP/1.0" 200 15316 "http://www.personal-dienstleistung.de/kontakt/kontakt%20berlin.html" "Mozilla/4.0 (compatible; MSIE 8.0; Windows NT 5.2; WOW64; Trident/4.0; .NET CLR 2.0.50727; .NET CLR 3.0.4506.2152; .NET CLR 3.5.30729)"
141.91.136.40 - - [28/Sep/2011:11:00:10 +0200] "GET /favicon.ico HTTP/1.0" 404 1256 "-" "Mozilla/4.0 (compatible; MSIE 8.0; Windows NT 5.2; WOW64; Trident/4.0; .NET CLR 2.0.50727; .NET CLR 3.0.4506.2152; .NET CLR 3.5.30729)"
184.154.48.82 - - [28/Sep/2011:11:15:00 +0200] "GET /robots.txt HTTP/1.0" 404 1256 "-" "Mozilla/5.0 (compatible; MJ12bot/v1.4.0; http://www.majestic12.co.uk/bot.php?+)"
184.154.48.82 - - [28/Sep/2011:11:15:02 +0200] "GET / HTTP/1.0" 302 - "-" "Mozilla/5.0 (compatible; MJ12bot/v1.4.0; http://www.majestic12.co.uk/bot.php?+)"
217.231.178.230 - - [28/Sep/2011:11:15:10 +0200] "GET / HTTP/1.1" 302 - "-" "Mozilla/5.0 (Windows NT 5.1; rv:6.0.2) Gecko/20100101 Firefox/6.0.2"
88.74.63.109 - - [28/Sep/2011:11:32:26 +0200] "GET / HTTP/1.1" 302 - "-" "Mozilla/5.0 (Windows NT 6.1; rv:6.0.2) Gecko/20100101 Firefox/6.0.2"
88.74.63.109 - - [28/Sep/2011:11:36:53 +0200] "GET / HTTP/1.1" 302 - "-" "Mozilla/5.0 (Windows NT 6.1; rv:6.0.2) Gecko/20100101 Firefox/6.0.2"
208.80.194.29 - - [28/Sep/2011:11:48:56 +0200] "GET / HTTP/1.0" 302 - "-" "Mozilla/4.0 (compatible; MSIE 6.0; Windows NT 5.1; SV1; Sky Broadband; .NET CLR 1.1.4322; .NET CLR 2.0.50727; ZangoToolbar 4.8.3)"
173.242.125.191 - - [28/Sep/2011:12:32:24 +0200] "GET /robots.txt HTTP/1.0" 404 1256 "-" "Mozilla/5.0 (compatible; MJ12bot/v1.4.0; http://www.majestic12.co.uk/bot.php?+)"
173.242.125.191 - - [28/Sep/2011:12:32:25 +0200] "GET / HTTP/1.0" 302 - "-" "Mozilla/5.0 (compatible; MJ12bot/v1.4.0; http://www.majestic12.co.uk/bot.php?+)"
80.187.106.18 - - [28/Sep/2011:12:42:49 +0200] "GET / HTTP/1.1" 302 - "-" "Mozilla/5.0 (Windows NT 5.1; rv:6.0.2) Gecko/20100101 Firefox/6.0.2"
80.187.106.18 - - [28/Sep/2011:12:42:50 +0200] "GET / HTTP/1.1" 302 - "-" "Mozilla/5.0 (Windows NT 5.1; rv:6.0.2) Gecko/20100101 Firefox/6.0.2"
67.195.111.217 - - [28/Sep/2011:13:24:20 +0200] "GET /robots.txt HTTP/1.0" 404 1256 "-" "Mozilla/5.0 (compatible; Yahoo! Slurp; http://help.yahoo.com/help/us/ysearch/slurp)"
67.195.111.217 - - [28/Sep/2011:13:24:20 +0200] "GET /kontakt/kontakt%20waren.html HTTP/1.0" 200 8546 "-" "Mozilla/5.0 (compatible; Yahoo! Slurp; http://help.yahoo.com/help/us/ysearch/slurp)"
88.74.63.109 - - [28/Sep/2011:13:38:45 +0200] "GET / HTTP/1.1" 302 - "-" "Mozilla/5.0 (Windows NT 6.1; rv:6.0.2) Gecko/20100101 Firefox/6.0.2"
80.187.106.18 - - [28/Sep/2011:14:01:57 +0200] "GET / HTTP/1.1" 302 - "-" "Mozilla/5.0 (Windows NT 5.1; rv:6.0.2) Gecko/20100101 Firefox/6.0.2"
93.219.126.232 - - [28/Sep/2011:14:26:35 +0200] "GET / HTTP/1.1" 302 - "http://www.agentur-zeitarbeit.de/component/option,com_afz_category/id,96/subcat,142/" "Mozilla/5.0 (Macintosh; U; PPC Mac OS X; de-de) AppleWebKit/312.9 (KHTML, like Gecko) Safari/312.6"
84.188.63.48 - - [28/Sep/2011:14:39:39 +0200] "GET / HTTP/1.1" 302 - "http://home.meinestadt.de/mueritz/suche?words=K%26K" "Mozilla/5.0 (Windows; U; Windows NT 6.1; de; rv:1.9.2.22) Gecko/20110902 Firefox/3.6.22"
91.64.208.43 - - [28/Sep/2011:14:47:48 +0200] "GET / HTTP/1.1" 302 - "http://home.meinestadt.de/neubrandenburg/suche?words=zeitarbeit" "Mozilla/5.0 (Windows NT 5.1) AppleWebKit/535.1 (KHTML, like Gecko) Chrome/14.0.835.186 Safari/535.1"
83.221.85.79 - - [28/Sep/2011:15:49:10 +0200] "GET / HTTP/1.1" 302 - "http://jobs.meinestadt.de/x/job.php/jobid=10812680" "Mozilla/5.0 (Windows NT 6.1; WOW64; rv:6.0.2) Gecko/20100101 Firefox/6.0.2"
193.106.245.21 - - [28/Sep/2011:15:55:29 +0200] "GET / HTTP/1.1" 302 - "http://poczta.strefa.pl/poczta/" "Mozilla/4.0 (compatible; MSIE 8.0; Windows NT 6.1; Trident/4.0; SLCC2; .NET CLR 2.0.50727; .NET CLR 3.5.30729; .NET CLR 3.0.30729; Media Center PC 6.0; Tablet PC 2.0; .NET4.0C)"
217.231.178.230 - - [28/Sep/2011:17:21:36 +0200] "GET / HTTP/1.1" 302 - "-" "Mozilla/4.0 (compatible; MSIE 8.0; Windows NT 5.1; Trident/4.0; .NET CLR 1.1.4322; .NET CLR 2.0.50727; .NET CLR 3.0.4506.2152; .NET CLR 3.5.30729)"
85.179.76.81 - - [28/Sep/2011:17:55:05 +0200] "GET / HTTP/1.1" 302 - "http://www.stepstone.de/stellenangebote--Mitarbeiter-Auftragsannahme-und-Kundenbetreuung-m-w-Berlin-K-K-GmbH--1907514-popup.html" "Mozilla/5.0 (Macintosh; Intel Mac OS X 10.5; rv:6.0.2) Gecko/20100101 Firefox/6.0.2"
91.60.122.150 - - [28/Sep/2011:18:07:25 +0200] "GET / HTTP/1.1" 302 - "-" "Mozilla/4.0 (compatible; MSIE 8.0; Windows NT 6.1; WOW64; Trident/4.0; SLCC2; .NET CLR 2.0.50727; .NET CLR 3.5.30729; .NET CLR 3.0.30729; Media Center PC 6.0; .NET4.0C; MALC)"
176.9.16.210 - - [28/Sep/2011:18:40:18 +0200] "GET /robots.txt HTTP/1.0" 404 1256 "-" "Mozilla/5.0 (compatible; MJ12bot/v1.4.0; http://www.majestic12.co.uk/bot.php?+)"
176.9.16.210 - - [28/Sep/2011:18:40:19 +0200] "GET / HTTP/1.0" 302 - "-" "Mozilla/5.0 (compatible; MJ12bot/v1.4.0; http://www.majestic12.co.uk/bot.php?+)"
207.46.204.234 - - [28/Sep/2011:19:06:12 +0200] "GET /robots.txt HTTP/1.1" 404 1256 "-" "Mozilla/5.0 (compatible; bingbot/2.0; +http://www.bing.com/bingbot.htm)"
207.46.204.234 - - [28/Sep/2011:19:07:15 +0200] "GET /linksAll.html HTTP/1.1" 200 8990 "-" "Mozilla/5.0 (compatible; bingbot/2.0; +http://www.bing.com/bingbot.htm)"
207.46.204.234 - - [28/Sep/2011:20:23:11 +0200] "GET /kompetalllay.html HTTP/1.1" 304 - "-" "Mozilla/5.0 (compatible; bingbot/2.0; +http://www.bing.com/bingbot.htm)"
79.193.149.11 - - [28/Sep/2011:20:24:55 +0200] "GET / HTTP/1.1" 302 - "-" "Mozilla/5.0 (Macintosh; Intel Mac OS X 10_6_8) AppleWebKit/534.50 (KHTML, like Gecko) Version/5.1 Safari/534.50"
91.33.32.145 - - [28/Sep/2011:20:31:58 +0200] "GET / HTTP/1.1" 302 - "http://www.hotfrog.de/Firmen/K-K-Industriebau-und-Personalbetreuungs/Abfallentsorgung-137942" "Mozilla/5.0 (Windows NT 6.1; rv:6.0.2) Gecko/20100101 Firefox/6.0.2"
79.193.149.11 - - [28/Sep/2011:22:22:41 +0200] "GET / HTTP/1.1" 302 - "-" "Mozilla/5.0 (Macintosh; Intel Mac OS X 10_6_8) AppleWebKit/534.50 (KHTML, like Gecko) Version/5.1 Safari/534.50"
207.46.204.234 - - [29/Sep/2011:00:29:23 +0200] "GET /robots.txt HTTP/1.1" 404 1256 "-" "Mozilla/5.0 (compatible; bingbot/2.0; +http://www.bing.com/bingbot.htm)"
207.46.204.234 - - [29/Sep/2011:00:30:05 +0200] "GET / HTTP/1.1" 302 - "-" "Mozilla/5.0 (compatible; bingbot/2.0; +http://www.bing.com/bingbot.htm)"
207.46.204.234 - - [29/Sep/2011:00:31:35 +0200] "GET / HTTP/1.0" 302 - "-" "Mozilla/5.0 (compatible; bingbot/2.0; +http://www.bing.com/bingbot.htm)"
220.181.108.108 - - [29/Sep/2011:00:34:46 +0200] "GET /robots.txt HTTP/1.1" 404 1256 "-" "Baiduspider+(+http://www.baidu.com/search/spider.htm)"
184.154.48.82 - - [29/Sep/2011:00:52:40 +0200] "GET /robots.txt HTTP/1.0" 404 1256 "-" "Mozilla/5.0 (compatible; MJ12bot/v1.4.0; http://www.majestic12.co.uk/bot.php?+)"
184.154.48.82 - - [29/Sep/2011:00:52:42 +0200] "GET /K1/fuer%20unternehmen/referenzen.html HTTP/1.0" 404 1256 "-" "Mozilla/5.0 (compatible; MJ12bot/v1.4.0; http://www.majestic12.co.uk/bot.php?+)"
184.154.48.82 - - [29/Sep/2011:00:52:43 +0200] "GET /K1/partner.html HTTP/1.0" 404 1256 "-" "Mozilla/5.0 (compatible; MJ12bot/v1.4.0; http://www.majestic12.co.uk/bot.php?+)"
184.154.48.82 - - [29/Sep/2011:00:52:45 +0200] "GET /K1/referenzen.html HTTP/1.0" 404 1256 "-" "Mozilla/5.0 (compatible; MJ12bot/v1.4.0; http://www.majestic12.co.uk/bot.php?+)"
184.154.48.82 - - [29/Sep/2011:00:52:46 +0200] "GET /linksAll.html HTTP/1.0" 200 8990 "-" "Mozilla/5.0 (compatible; MJ12bot/v1.4.0; http://www.majestic12.co.uk/bot.php?+)"
184.154.48.82 - - [29/Sep/2011:00:52:48 +0200] "GET /referenz/referenzenberl.html HTTP/1.0" 200 3591 "-" "Mozilla/5.0 (compatible; MJ12bot/v1.4.0; http://www.majestic12.co.uk/bot.php?+)"
184.154.48.82 - - [29/Sep/2011:00:52:49 +0200] "GET /referenzen.html HTTP/1.0" 200 6836 "-" "Mozilla/5.0 (compatible; MJ12bot/v1.4.0; http://www.majestic12.co.uk/bot.php?+)"
173.242.125.206 - - [29/Sep/2011:01:37:46 +0200] "GET /robots.txt HTTP/1.0" 404 1256 "-" "Mozilla/5.0 (compatible; MJ12bot/v1.4.0; http://www.majestic12.co.uk/bot.php?+)"
173.242.125.206 - - [29/Sep/2011:01:37:48 +0200] "GET / HTTP/1.0" 302 - "-" "Mozilla/5.0 (compatible; MJ12bot/v1.4.0; http://www.majestic12.co.uk/bot.php?+)"
207.46.204.234 - - [29/Sep/2011:02:07:52 +0200] "GET /robots.txt HTTP/1.1" 404 1256 "-" "Mozilla/5.0 (compatible; bingbot/2.0; +http://www.bing.com/bingbot.htm)"
207.46.204.234 - - [29/Sep/2011:02:08:41 +0200] "GET /kontakt/kontakt%20waren.html HTTP/1.1" 304 - "-" "Mozilla/5.0 (compatible; bingbot/2.0; +http://www.bing.com/bingbot.htm)"
67.195.111.217 - - [29/Sep/2011:02:37:27 +0200] "GET /robots.txt HTTP/1.0" 404 1256 "-" "Mozilla/5.0 (compatible; Yahoo! Slurp; http://help.yahoo.com/help/us/ysearch/slurp)"
67.195.111.217 - - [29/Sep/2011:02:37:28 +0200] "GET /kontakt/kontakt%20berlin.html HTTP/1.0" 200 15986 "-" "Mozilla/5.0 (compatible; Yahoo! Slurp; http://help.yahoo.com/help/us/ysearch/slurp)"
207.46.204.234 - - [29/Sep/2011:02:40:05 +0200] "GET /news/oeffentlichkeitsarbeit.html HTTP/1.1" 404 1256 "-" "Mozilla/5.0 (compatible; bingbot/2.0; +http://www.bing.com/bingbot.htm)"
173.236.21.106 - - [29/Sep/2011:03:09:00 +0200] "GET /robots.txt HTTP/1.0" 404 1256 "-" "Mozilla/5.0 (compatible; MJ12bot/v1.4.0; http://www.majestic12.co.uk/bot.php?+)"
173.236.21.106 - - [29/Sep/2011:03:09:02 +0200] "GET / HTTP/1.0" 302 - "-" "Mozilla/5.0 (compatible; MJ12bot/v1.4.0; http://www.majestic12.co.uk/bot.php?+)"
173.236.21.106 - - [29/Sep/2011:03:09:14 +0200] "GET / HTTP/1.0" 302 - "-" "Mozilla/5.0 (compatible; MJ12bot/v1.4.0; http://www.majestic12.co.uk/bot.php?+)"
173.236.21.106 - - [29/Sep/2011:03:09:24 +0200] "GET / HTTP/1.0" 302 - "-" "Mozilla/5.0 (compatible; MJ12bot/v1.4.0; http://www.majestic12.co.uk/bot.php?+)"
67.195.111.217 - - [29/Sep/2011:05:18:26 +0200] "GET / HTTP/1.0" 302 - "-" "Mozilla/5.0 (compatible; Yahoo! Slurp; http://help.yahoo.com/help/us/ysearch/slurp)"
207.46.204.234 - - [29/Sep/2011:05:25:51 +0200] "GET /robots.txt HTTP/1.1" 404 1256 "-" "Mozilla/5.0 (compatible; bingbot/2.0; +http://www.bing.com/bingbot.htm)"
207.46.204.234 - - [29/Sep/2011:05:26:32 +0200] "GET / HTTP/1.1" 302 - "-" "Mozilla/5.0 (compatible; bingbot/2.0; +http://www.bing.com/bingbot.htm)"
207.46.204.234 - - [29/Sep/2011:05:26:32 +0200] "GET / HTTP/1.1" 302 - "-" "Mozilla/5.0 (compatible; bingbot/2.0; +http://www.bing.com/bingbot.htm)"
77.188.96.156 - - [29/Sep/2011:07:19:51 +0200] "GET / HTTP/1.1" 302 - "http://www.google.de/url?sa=t&rct=j&q=personal%20in%20berlin&source=web&cd=42&ved=0CCEQFjABOCg&url=http%3A%2F%2Fwww.personal-dienstleistung.de%2F&ctbm=plcs&ei=8f-DTviTL-jb4QTs6JW2Dw&usg=AFQjCNGG8qIxAIusv-vnrtTv4JmZ2Fyhmw" "Mozilla/5.0 (Windows NT 5.1; rv:6.0.2) Gecko/20100101 Firefox/6.0.2"
62.220.8.14 - - [29/Sep/2011:08:28:22 +0200] "GET / HTTP/1.0" 302 - "-" "Mozilla/4.0 (compatible; MSIE 7.0; Windows NT 5.1; .NET CLR 1.1.4322; .NET CLR 2.0.50727; .NET CLR 3.0.04506.648; InfoPath.2; .NET CLR 3.0.4506.2152; .NET CLR 3.5.30729)"
79.193.150.126 - - [29/Sep/2011:09:53:52 +0200] "GET / HTTP/1.1" 302 - "-" "Mozilla/5.0 (Macintosh; Intel Mac OS X 10_6_8) AppleWebKit/534.50 (KHTML, like Gecko) Version/5.1 Safari/534.50"
80.187.96.186 - - [29/Sep/2011:10:18:59 +0200] "GET / HTTP/1.1" 302 - "-" "Mozilla/5.0 (Windows NT 5.1; rv:6.0.2) Gecko/20100101 Firefox/6.0.2"
207.46.204.234 - - [29/Sep/2011:10:46:11 +0200] "GET /robots.txt HTTP/1.1" 404 1256 "-" "Mozilla/5.0 (compatible; bingbot/2.0; +http://www.bing.com/bingbot.htm)"
207.46.204.234 - - [29/Sep/2011:10:47:05 +0200] "GET /kontakt/kontakt%20berlin.html HTTP/1.1" 304 - "-" "Mozilla/5.0 (compatible; bingbot/2.0; +http://www.bing.com/bingbot.htm)"
67.195.111.217 - - [29/Sep/2011:11:10:02 +0200] "GET /Anfahrt/anfahrtHannover.html HTTP/1.0" 200 3172 "-" "Mozilla/5.0 (compatible; Yahoo! Slurp; http://help.yahoo.com/help/us/ysearch/slurp)"
89.204.153.206 - - [29/Sep/2011:11:27:10 +0200] "GET / HTTP/1.1" 302 - "http://jobboerse.arbeitsagentur.de/vamJB/stellenangeboteFinden.html?execution=e4s1&_eventId_detailView&benc=1Sx6b7i%2F%2BjpkbC4tch%2FzDYC5zWmAEmLFnIOevIwUx1rYXSDBOoVV7w%3D%3D&benc=8YFYpzPWUJ4MlcQyY%2FDVjlrwXzZVR4TcKVNC9qyluhwRpDEDFq5vlRaRoqGFqK8ljAmCEtbIQ3M%3D&benc=sisgCCXvbwqwtBJOueruocrR5PbDVPa%2Bb5NCfg%2BTT7tqMublG9heimnNIrvjNEtB4MdkWoQpM0KvIcSyq%2Fx3eYAs5J%2FZooeN1zYjb1rzJIftJEpSonbzUxltsJWNhgru" "Mozilla/5.0 (Windows NT 5.1) AppleWebKit/535.1 (KHTML, like Gecko) Chrome/14.0.835.186 Safari/535.1"
84.190.113.26 - - [29/Sep/2011:12:13:52 +0200] "GET / HTTP/1.1" 302 - "http://jobboerse.arbeitsagentur.de/vamJB/stellenangeboteFinden.html?execution=e9s1&_eventId_detailView&benc=OH7ZtgS%2F405drIGK0%2BqKhkXorkZw711vnbl6NwcdECI4ZmJD0xfyPA%3D%3D&benc=ee9%2B%2BIX%2FmPoTs7Sr8WQIGdjGVFte0xpt56P6MgUwlPxpmZGS8poa0mSrC3nsMtXkcx0KzEfnJ2E%3D&benc=lV%2BZn61r5zYOhN2xYWSF4DPUy%2FyXx4ZDq9XJI%2FAh3sa0eYHYkvI6QhFBNfdZhZ7uP6R8EXKlvmu%2BpOQ0DUoUUqfBAbbzNvXKXvgIKXAIUkoeI%2FhTiir2nrcctCEZgh4F" "Mozilla/5.0 (Windows NT 6.1; WOW64; rv:6.0.2) Gecko/20100101 Firefox/6.0.2"
67.195.111.217 - - [29/Sep/2011:13:07:44 +0200] "GET /robots.txt HTTP/1.0" 404 1256 "-" "Mozilla/5.0 (compatible; Yahoo! Slurp; http://help.yahoo.com/help/us/ysearch/slurp)"
67.195.111.217 - - [29/Sep/2011:13:07:45 +0200] "GET /Isozertifikat.pdf HTTP/1.0" 200 236893 "-" "Mozilla/5.0 (compatible; Yahoo! Slurp; http://help.yahoo.com/help/us/ysearch/slurp)"
80.187.96.186 - - [29/Sep/2011:14:05:04 +0200] "GET / HTTP/1.1" 302 - "-" "Mozilla/5.0 (Windows NT 5.1; rv:6.0.2) Gecko/20100101 Firefox/6.0.2"
92.226.80.244 - - [29/Sep/2011:14:26:59 +0200] "GET / HTTP/1.1" 302 - "http://branchenbuch.meinestadt.de/waren-mueritz/firma/kundk-industriebau-und-personalbetreuungs-gmbh" "Mozilla/5.0 (Windows; U; Windows NT 5.1; de; rv:1.9.2.23) Gecko/20110920 BTRS28059 Firefox/3.6.23 ( .NET CLR 3.5.30729)"
109.144.231.230 - - [29/Sep/2011:14:40:28 +0200] "GET / HTTP/1.1" 302 - "-" "Mozilla/5.0 (Macintosh; Intel Mac OS X 10_6_8) AppleWebKit/534.50 (KHTML, like Gecko) Version/5.1 Safari/534.50"
207.46.204.234 - - [29/Sep/2011:14:49:22 +0200] "GET /robots.txt HTTP/1.1" 404 1256 "-" "Mozilla/5.0 (compatible; bingbot/2.0; +http://www.bing.com/bingbot.htm)"
207.46.204.234 - - [29/Sep/2011:14:50:16 +0200] "GET /Anfahrt/anfahrt+.html HTTP/1.1" 200 3893 "-" "Mozilla/5.0 (compatible; bingbot/2.0; +http://www.bing.com/bingbot.htm)"
93.159.111.103 - - [29/Sep/2011:15:15:31 +0200] "GET /robots.txt HTTP/1.1" 404 1256 "-" "Mozilla/5.0 (compatible; suggybot v0.01a, http://blog.suggy.com/was-ist-suggy/suggy-webcrawler/)"
92.78.191.90 - - [29/Sep/2011:15:48:04 +0200] "GET / HTTP/1.1" 302 - "http://www.google.de/url?sa=t&rct=j&q=http%3A%2F%2Fwww.personal-dinsrleistung.de&source=web&cd=1&sqi=2&ved=0CCYQFjAA&url=http%3A%2F%2Fwww.personal-dienstleistung.de%2F&ei=6HaETpCzENOK4gTZwYS3Dw&usg=AFQjCNGG8qIxAIusv-vnrtTv4JmZ2Fyhmw" "Mozilla/5.0 (Windows NT 6.0) AppleWebKit/535.1 (KHTML, like Gecko) Chrome/14.0.835.186 Safari/535.1"
178.5.16.50 - - [29/Sep/2011:15:51:48 +0200] "GET / HTTP/1.1" 302 - "http://www.google.de/url?sa=t&rct=j&q=gasag%20berlin%20jobangebote&source=web&cd=1&ved=0CDcQFjAA&url=http%3A%2F%2Fwww.personal-dienstleistung.de%2F&ctbm=plcs&ei=43eETt-9O9H54QTzvcmkDw&usg=AFQjCNGG8qIxAIusv-vnrtTv4JmZ2Fyhmw" "Mozilla/5.0 (Windows; U; Windows NT 5.1; de; rv:1.9.2.13) Gecko/20101203 Firefox/3.6.13"
77.188.106.109 - - [29/Sep/2011:15:55:46 +0200] "GET / HTTP/1.1" 302 - "http://www.jobpoint-berlin.de/jobboerse/details.php?kennziffer=100427" "Mozilla/5.0 (compatible; MSIE 9.0; Windows NT 6.1; WOW64; Trident/5.0)"
67.195.111.217 - - [29/Sep/2011:16:20:51 +0200] "GET /Anfahrt/anfahrtberlin.html HTTP/1.0" 200 3572 "-" "Mozilla/5.0 (compatible; Yahoo! Slurp; http://help.yahoo.com/help/us/ysearch/slurp)"
85.178.136.20 - - [29/Sep/2011:16:21:57 +0200] "GET / HTTP/1.1" 302 - "http://www.agentur-zeitarbeit.de/component/option,com_afz_category/id,96/subcat,142/" "Mozilla/5.0 (Windows NT 5.1) AppleWebKit/535.1 (KHTML, like Gecko) Chrome/14.0.835.186 Safari/535.1"
91.66.108.105 - - [29/Sep/2011:16:35:32 +0200] "GET / HTTP/1.1" 302 - "http://www.backinjob.de/homepage.php?c=999910000000091621" "Mozilla/5.0 (Macintosh; Intel Mac OS X 10.6; rv:7.0) Gecko/20100101 Firefox/7.0"
207.46.204.234 - - [29/Sep/2011:16:58:57 +0200] "GET /robots.txt HTTP/1.1" 404 1256 "-" "Mozilla/5.0 (compatible; bingbot/2.0; +http://www.bing.com/bingbot.htm)"
207.46.204.234 - - [29/Sep/2011:16:59:31 +0200] "GET /kompetenz/personalberatung.html HTTP/1.1" 304 - "-" "Mozilla/5.0 (compatible; bingbot/2.0; +http://www.bing.com/bingbot.htm)"
207.46.204.234 - - [29/Sep/2011:17:11:05 +0200] "GET /kompetenz/Hotelservicedienstl.html HTTP/1.1" 304 - "-" "Mozilla/5.0 (compatible; bingbot/2.0; +http://www.bing.com/bingbot.htm)"
95.33.0.26 - - [29/Sep/2011:18:06:29 +0200] "GET / HTTP/1.1" 302 - "http://www.xn--kuk-objektservice-gebudemanagement-v4c.de/miet-immobilien.html" "Mozilla/5.0 (compatible; MSIE 9.0; Windows NT 6.1; WOW64; Trident/5.0)"
88.130.131.113 - - [29/Sep/2011:18:44:14 +0200] "GET / HTTP/1.1" 302 - "http://maps.google.de/maps?q=zeitarbeit&oe=utf-8&rls=org.mozilla:de:official&client=firefox-a&um=1&ie=UTF-8&hl=de&sa=N&tab=wl" "Mozilla/5.0 (Windows NT 6.1; rv:7.0) Gecko/20100101 Firefox/7.0"
88.130.131.113 - - [29/Sep/2011:18:45:31 +0200] "GET / HTTP/1.1" 302 - "http://maps.google.de/maps?q=zeitarbeit&oe=utf-8&rls=org.mozilla:de:official&client=firefox-a&um=1&ie=UTF-8&hl=de&sa=N&tab=wl" "Mozilla/5.0 (Windows NT 6.1; rv:7.0) Gecko/20100101 Firefox/7.0"
88.130.131.113 - - [29/Sep/2011:18:46:24 +0200] "GET / HTTP/1.1" 302 - "http://maps.google.de/maps?q=zeitarbeit&oe=utf-8&rls=org.mozilla:de:official&client=firefox-a&um=1&ie=UTF-8&hl=de&sa=N&tab=wl" "Mozilla/5.0 (Windows NT 6.1; rv:7.0) Gecko/20100101 Firefox/7.0"
67.195.111.217 - - [29/Sep/2011:19:13:28 +0200] "GET /kompetenz/getraenkelog.html HTTP/1.0" 200 5224 "-" "Mozilla/5.0 (compatible; Yahoo! Slurp; http://help.yahoo.com/help/us/ysearch/slurp)"
80.187.106.173 - - [29/Sep/2011:20:04:56 +0200] "GET / HTTP/1.1" 302 - "-" "Mozilla/5.0 (Windows NT 5.1; rv:6.0.2) Gecko/20100101 Firefox/6.0.2"
67.195.111.217 - - [29/Sep/2011:20:06:21 +0200] "GET /kompetenz/service.html HTTP/1.0" 200 4628 "-" "Mozilla/5.0 (compatible; Yahoo! Slurp; http://help.yahoo.com/help/us/ysearch/slurp)"
208.80.194.26 - - [29/Sep/2011:20:53:19 +0200] "GET / HTTP/1.0" 302 - "-" "Mozilla/4.0 (compatible; MSIE 6.0; Windows NT 5.1; {C91D416A-28D6-15B9-D1FA-49CB39CF53E1}; SV1; .NET CLR 1.1.4322)"
85.214.75.94 - - [29/Sep/2011:23:02:25 +0200] "HEAD / HTTP/1.1" 302 - "http://www.eurip.com" "EuripBot/1.1 (+http://www.eurip.com) PreCheck"
66.249.72.243 - - [29/Sep/2011:23:04:34 +0200] "GET /robots.txt HTTP/1.1" 404 1256 "-" "Mozilla/5.0 (compatible; Googlebot/2.1; +http://www.google.com/bot.html)"
66.249.72.243 - - [29/Sep/2011:23:04:34 +0200] "GET /impressum.html HTTP/1.1" 200 8245 "-" "Mozilla/5.0 (compatible; Googlebot/2.1; +http://www.google.com/bot.html)"
195.241.187.211 - - [29/Sep/2011:23:13:50 +0200] "GET /robots.txt HTTP/1.0" 404 1256 "-" "Mozilla/5.0 (compatible; MJ12bot/v1.4.0; http://www.majestic12.co.uk/bot.php?+)"
195.241.187.211 - - [29/Sep/2011:23:13:52 +0200] "GET / HTTP/1.0" 302 - "-" "Mozilla/5.0 (compatible; MJ12bot/v1.4.0; http://www.majestic12.co.uk/bot.php?+)"
85.214.75.94 - - [29/Sep/2011:23:31:30 +0200] "HEAD / HTTP/1.1" 302 - "http://www.eurip.com" "EuripBot/1.1 (+http://www.eurip.com) PreCheck"
82.83.203.151 - - [29/Sep/2011:23:52:36 +0200] "GET /K1/kontakt+.html HTTP/1.1" 404 1256 "-" "WinSysClean"
82.83.203.151 - - [29/Sep/2011:23:52:36 +0200] "GET /favicon.ico HTTP/1.1" 404 1256 "-" "WinSysClean"
66.249.72.243 - - [30/Sep/2011:00:00:31 +0200] "GET /index.html HTTP/1.1" 404 1256 "-" "Mozilla/5.0 (compatible; Googlebot/2.1; +http://www.google.com/bot.html)"
66.249.72.243 - - [30/Sep/2011:00:07:13 +0200] "GET /images/hg1_21.gif HTTP/1.1" 200 3374 "-" "Googlebot-Image/1.0"
66.249.72.243 - - [30/Sep/2011:00:11:49 +0200] "GET /images/hg1_23.gif HTTP/1.1" 200 5581 "-" "Googlebot-Image/1.0"
66.249.72.243 - - [30/Sep/2011:00:16:16 +0200] "GET /images/hg1_14.gif HTTP/1.1" 200 10344 "-" "Googlebot-Image/1.0"
66.249.72.243 - - [30/Sep/2011:00:20:50 +0200] "GET /images/hg1_22.gif HTTP/1.1" 200 4975 "-" "Googlebot-Image/1.0"
66.249.72.243 - - [30/Sep/2011:00:25:29 +0200] "GET /images/hg1_04.gif HTTP/1.1" 200 6715 "-" "Googlebot-Image/1.0"
66.249.72.243 - - [30/Sep/2011:00:29:54 +0200] "GET /images/hg1_13.gif HTTP/1.1" 200 3972 "-" "Googlebot-Image/1.0"
66.249.72.243 - - [30/Sep/2011:00:34:58 +0200] "GET /images/hg1_02.gif HTTP/1.1" 200 32178 "-" "Googlebot-Image/1.0"
66.249.72.243 - - [30/Sep/2011:00:43:12 +0200] "GET /images/neuerbanner/bneu_01.gif HTTP/1.1" 200 25045 "-" "Googlebot-Image/1.0"
66.249.72.243 - - [30/Sep/2011:00:47:45 +0200] "GET /images/neuerbanner/bneu_05.gif HTTP/1.1" 200 2032 "-" "Googlebot-Image/1.0"
207.46.204.234 - - [30/Sep/2011:01:01:08 +0200] "GET /robots.txt HTTP/1.1" 404 1256 "-" "Mozilla/5.0 (compatible; bingbot/2.0; +http://www.bing.com/bingbot.htm)"
207.46.204.234 - - [30/Sep/2011:01:02:01 +0200] "GET / HTTP/1.1" 302 - "-" "Mozilla/5.0 (compatible; bingbot/2.0; +http://www.bing.com/bingbot.htm)"
188.107.171.136 - - [30/Sep/2011:01:39:31 +0200] "GET / HTTP/1.1" 302 - "-" "Mozilla/4.0 (compatible; MSIE 7.0; Windows NT 6.0; WOW64; SLCC1; .NET CLR 2.0.50727; .NET CLR 3.0.04320)"
67.195.111.217 - - [30/Sep/2011:02:20:17 +0200] "GET /robots.txt HTTP/1.0" 404 1256 "-" "Mozilla/5.0 (compatible; Yahoo! Slurp; http://help.yahoo.com/help/us/ysearch/slurp)"
67.195.111.217 - - [30/Sep/2011:02:20:18 +0200] "GET /anfahrtalllay.html HTTP/1.0" 200 10071 "-" "Mozilla/5.0 (compatible; Yahoo! Slurp; http://help.yahoo.com/help/us/ysearch/slurp)"
67.195.111.217 - - [30/Sep/2011:02:20:19 +0200] "GET /Anfahrt/anfahrt+.html HTTP/1.0" 200 3893 "http://www.personal-dienstleistung.de/anfahrtalllay.html" "Mozilla/5.0 (compatible; Yahoo! Slurp; http://help.yahoo.com/help/us/ysearch/slurp)"
207.46.204.234 - - [30/Sep/2011:02:23:28 +0200] "GET /robots.txt HTTP/1.1" 404 1256 "-" "Mozilla/5.0 (compatible; bingbot/2.0; +http://www.bing.com/bingbot.htm)"
207.46.204.234 - - [30/Sep/2011:02:24:01 +0200] "GET /kontakt/kontakt%20waren.html HTTP/1.1" 304 - "-" "Mozilla/5.0 (compatible; bingbot/2.0; +http://www.bing.com/bingbot.htm)"
66.249.72.243 - - [30/Sep/2011:04:18:25 +0200] "GET /images/hg1_22.gif HTTP/1.1" 200 4975 "http://www.personal-dienstleistung.de/impressum.html" "Mozilla/5.0 (compatible; Googlebot/2.1; +http://www.google.com/bot.html)"
66.249.72.243 - - [30/Sep/2011:04:18:27 +0200] "GET /images/hg1_10.gif HTTP/1.1" 200 4586 "http://www.personal-dienstleistung.de/impressum.html" "Mozilla/5.0 (compatible; Googlebot/2.1; +http://www.google.com/bot.html)"
66.249.72.243 - - [30/Sep/2011:04:18:28 +0200] "GET /images/hg1_19.gif HTTP/1.1" 200 1883 "http://www.personal-dienstleistung.de/impressum.html" "Mozilla/5.0 (compatible; Googlebot/2.1; +http://www.google.com/bot.html)"
66.249.72.243 - - [30/Sep/2011:04:18:29 +0200] "GET /images/neuerbanner/bneu_01.gif HTTP/1.1" 200 25045 "http://www.personal-dienstleistung.de/impressum.html" "Mozilla/5.0 (compatible; Googlebot/2.1; +http://www.google.com/bot.html)"
66.249.72.243 - - [30/Sep/2011:04:18:30 +0200] "GET /images/hg1_04.gif HTTP/1.1" 200 6715 "http://www.personal-dienstleistung.de/impressum.html" "Mozilla/5.0 (compatible; Googlebot/2.1; +http://www.google.com/bot.html)"
66.249.72.243 - - [30/Sep/2011:04:18:31 +0200] "GET /images/neuerbanner/bneu_03.gif HTTP/1.1" 200 706 "http://www.personal-dienstleistung.de/impressum.html" "Mozilla/5.0 (compatible; Googlebot/2.1; +http://www.google.com/bot.html)"
66.249.72.243 - - [30/Sep/2011:04:18:31 +0200] "GET /images/hg1_09.gif HTTP/1.1" 200 4780 "http://www.personal-dienstleistung.de/impressum.html" "Mozilla/5.0 (compatible; Googlebot/2.1; +http://www.google.com/bot.html)"
66.249.72.243 - - [30/Sep/2011:04:18:32 +0200] "GET /images/hg1_07.gif HTTP/1.1" 200 5126 "http://www.personal-dienstleistung.de/impressum.html" "Mozilla/5.0 (compatible; Googlebot/2.1; +http://www.google.com/bot.html)"
66.249.72.243 - - [30/Sep/2011:04:18:33 +0200] "GET /images/hg1_15.gif HTTP/1.1" 200 789 "http://www.personal-dienstleistung.de/impressum.html" "Mozilla/5.0 (compatible; Googlebot/2.1; +http://www.google.com/bot.html)"
66.249.72.243 - - [30/Sep/2011:04:18:34 +0200] "GET /images/hg1_13.gif HTTP/1.1" 200 3972 "http://www.personal-dienstleistung.de/impressum.html" "Mozilla/5.0 (compatible; Googlebot/2.1; +http://www.google.com/bot.html)"
66.249.72.243 - - [30/Sep/2011:04:18:35 +0200] "GET /images/hg1_08.gif HTTP/1.1" 200 4931 "http://www.personal-dienstleistung.de/impressum.html" "Mozilla/5.0 (compatible; Googlebot/2.1; +http://www.google.com/bot.html)"
66.249.72.243 - - [30/Sep/2011:04:18:36 +0200] "GET /images/hg1_18.gif HTTP/1.1" 200 1911 "http://www.personal-dienstleistung.de/impressum.html" "Mozilla/5.0 (compatible; Googlebot/2.1; +http://www.google.com/bot.html)"
66.249.72.243 - - [30/Sep/2011:04:18:37 +0200] "GET /images/neuerbanner/bneu_04.gif HTTP/1.1" 200 983 "http://www.personal-dienstleistung.de/impressum.html" "Mozilla/5.0 (compatible; Googlebot/2.1; +http://www.google.com/bot.html)"
66.249.72.243 - - [30/Sep/2011:04:18:38 +0200] "GET /images/neuerbanner/bneu_02.gif HTTP/1.1" 200 1830 "http://www.personal-dienstleistung.de/impressum.html" "Mozilla/5.0 (compatible; Googlebot/2.1; +http://www.google.com/bot.html)"
66.249.72.243 - - [30/Sep/2011:04:18:39 +0200] "GET /images/hghg.jpg HTTP/1.1" 200 2578 "http://www.personal-dienstleistung.de/impressum.html" "Mozilla/5.0 (compatible; Googlebot/2.1; +http://www.google.com/bot.html)"
66.249.72.243 - - [30/Sep/2011:04:18:40 +0200] "GET /images/neuerbanner/bneu_05.gif HTTP/1.1" 200 2032 "http://www.personal-dienstleistung.de/impressum.html" "Mozilla/5.0 (compatible; Googlebot/2.1; +http://www.google.com/bot.html)"
66.249.72.243 - - [30/Sep/2011:04:18:40 +0200] "GET /images/hg1_17.gif HTTP/1.1" 200 1597 "http://www.personal-dienstleistung.de/impressum.html" "Mozilla/5.0 (compatible; Googlebot/2.1; +http://www.google.com/bot.html)"
66.249.72.243 - - [30/Sep/2011:04:18:41 +0200] "GET /images/hg1_21.gif HTTP/1.1" 200 3374 "http://www.personal-dienstleistung.de/impressum.html" "Mozilla/5.0 (compatible; Googlebot/2.1; +http://www.google.com/bot.html)"
66.249.72.243 - - [30/Sep/2011:04:18:42 +0200] "GET /images/hg1_16.gif HTTP/1.1" 200 1417 "http://www.personal-dienstleistung.de/impressum.html" "Mozilla/5.0 (compatible; Googlebot/2.1; +http://www.google.com/bot.html)"
66.249.72.243 - - [30/Sep/2011:04:18:43 +0200] "GET /images/hg1_01.gif HTTP/1.1" 200 54550 "http://www.personal-dienstleistung.de/impressum.html" "Mozilla/5.0 (compatible; Googlebot/2.1; +http://www.google.com/bot.html)"
66.249.72.243 - - [30/Sep/2011:04:18:44 +0200] "GET /images/hg1_23.gif HTTP/1.1" 200 5581 "http://www.personal-dienstleistung.de/impressum.html" "Mozilla/5.0 (compatible; Googlebot/2.1; +http://www.google.com/bot.html)"
66.249.72.243 - - [30/Sep/2011:04:18:45 +0200] "GET /images/hg1_20.gif HTTP/1.1" 200 1423 "http://www.personal-dienstleistung.de/impressum.html" "Mozilla/5.0 (compatible; Googlebot/2.1; +http://www.google.com/bot.html)"
66.249.72.243 - - [30/Sep/2011:04:18:46 +0200] "GET /images/hg1_02.gif HTTP/1.1" 200 32178 "http://www.personal-dienstleistung.de/impressum.html" "Mozilla/5.0 (compatible; Googlebot/2.1; +http://www.google.com/bot.html)"
66.249.72.243 - - [30/Sep/2011:04:18:47 +0200] "GET /images/hg1_06.gif HTTP/1.1" 200 5512 "http://www.personal-dienstleistung.de/impressum.html" "Mozilla/5.0 (compatible; Googlebot/2.1; +http://www.google.com/bot.html)"
66.249.72.243 - - [30/Sep/2011:04:18:48 +0200] "GET /CSScriptLib.js HTTP/1.1" 200 74417 "http://www.personal-dienstleistung.de/impressum.html" "Mozilla/5.0 (compatible; Googlebot/2.1; +http://www.google.com/bot.html)"
66.249.72.243 - - [30/Sep/2011:04:18:49 +0200] "GET /images/hg1_11.gif HTTP/1.1" 200 4699 "http://www.personal-dienstleistung.de/impressum.html" "Mozilla/5.0 (compatible; Googlebot/2.1; +http://www.google.com/bot.html)"
66.249.72.243 - - [30/Sep/2011:04:18:49 +0200] "GET /images/hg1_14.gif HTTP/1.1" 200 10344 "http://www.personal-dienstleistung.de/impressum.html" "Mozilla/5.0 (compatible; Googlebot/2.1; +http://www.google.com/bot.html)"
66.249.72.243 - - [30/Sep/2011:04:18:53 +0200] "GET /impressuminframe.html HTTP/1.1" 200 8032 "http://www.personal-dienstleistung.de/impressum.html" "Mozilla/5.0 (compatible; Googlebot/2.1; +http://www.google.com/bot.html)"
66.249.72.243 - - [30/Sep/2011:04:18:56 +0200] "GET /images/hg1_over_08.gif HTTP/1.1" 200 5039 "http://www.personal-dienstleistung.de/impressum.html" "Mozilla/5.0 (compatible; Googlebot/2.1; +http://www.google.com/bot.html)"
66.249.72.243 - - [30/Sep/2011:04:18:57 +0200] "GET /images/hg1_over_07.gif HTTP/1.1" 200 5160 "http://www.personal-dienstleistung.de/impressum.html" "Mozilla/5.0 (compatible; Googlebot/2.1; +http://www.google.com/bot.html)"
66.249.72.243 - - [30/Sep/2011:04:18:57 +0200] "GET /images/hg1_over_10.gif HTTP/1.1" 200 4589 "http://www.personal-dienstleistung.de/impressum.html" "Mozilla/5.0 (compatible; Googlebot/2.1; +http://www.google.com/bot.html)"
66.249.72.243 - - [30/Sep/2011:04:18:58 +0200] "GET /images/hg1_over_09.gif HTTP/1.1" 200 4870 "http://www.personal-dienstleistung.de/impressum.html" "Mozilla/5.0 (compatible; Googlebot/2.1; +http://www.google.com/bot.html)"
66.249.72.243 - - [30/Sep/2011:04:18:59 +0200] "GET /images/hg1_over_06.gif HTTP/1.1" 200 5680 "http://www.personal-dienstleistung.de/impressum.html" "Mozilla/5.0 (compatible; Googlebot/2.1; +http://www.google.com/bot.html)"
92.85.47.23 - - [30/Sep/2011:05:44:45 +0200] "GET / HTTP/1.1" 302 - "-" "Java/1.6.0_04"
92.85.47.23 - - [30/Sep/2011:05:44:47 +0200] "GET /kk-als-dienstleister HTTP/1.1" 404 1256 "-" "Java/1.6.0_04"
92.85.47.23 - - [30/Sep/2011:05:44:47 +0200] "GET /stellenangebote HTTP/1.1" 404 1256 "-" "Java/1.6.0_04"
180.76.5.103 - - [30/Sep/2011:06:06:15 +0200] "GET / HTTP/1.1" 302 - "-" "Mozilla/5.0 (compatible; Baiduspider/2.0; +http://www.baidu.com/search/spider.html)"
178.63.77.6 - - [30/Sep/2011:07:32:02 +0200] "GET / HTTP/1.0" 302 - "-" "-"
178.63.77.6 - - [30/Sep/2011:07:32:03 +0200] "GET / HTTP/1.0" 302 - "-" "-"
178.63.77.6 - - [30/Sep/2011:07:32:04 +0200] "GET / HTTP/1.0" 302 - "-" "-"
178.63.77.6 - - [30/Sep/2011:07:32:04 +0200] "GET / HTTP/1.1" 302 - "-" "Mozilla/5.0 (X11; U; Linux x86_64; C) AppleWebKit/533.3 (KHTML, like Gecko) Qt/4.7.1 Safari/533.3"
67.195.111.217 - - [30/Sep/2011:08:57:26 +0200] "GET /impressum.html HTTP/1.0" 200 8245 "-" "Mozilla/5.0 (compatible; Yahoo! Slurp; http://help.yahoo.com/help/us/ysearch/slurp)"
67.195.111.217 - - [30/Sep/2011:08:57:27 +0200] "GET /impressuminframe.html HTTP/1.0" 200 8032 "http://www.personal-dienstleistung.de/impressum.html" "Mozilla/5.0 (compatible; Yahoo! Slurp; http://help.yahoo.com/help/us/ysearch/slurp)"
31.17.200.1 - - [30/Sep/2011:09:08:02 +0200] "GET / HTTP/1.1" 302 - "-" "Mozilla/5.0 (Windows NT 5.1; rv:6.0.2) Gecko/20100101 Firefox/6.0.2"
90.128.125.52 - - [30/Sep/2011:09:11:24 +0200] "GET / HTTP/1.1" 302 - "-" "Mozilla/4.0 (compatible; MSIE 7.0; Windows NT 5.1; .NET CLR 1.1.4322; .NET CLR 2.0.50727; InfoPath.1; .NET CLR 3.0.4506.2152; .NET CLR 3.5.30729; .NET4.0C; .NET4.0E)"
31.17.200.1 - - [30/Sep/2011:09:12:59 +0200] "GET / HTTP/1.1" 302 - "-" "Mozilla/5.0 (Windows NT 5.1; rv:6.0.2) Gecko/20100101 Firefox/6.0.2"
67.195.111.217 - - [30/Sep/2011:09:30:09 +0200] "GET /AnfrageAll.html HTTP/1.0" 200 8274 "-" "Mozilla/5.0 (compatible; Yahoo! Slurp; http://help.yahoo.com/help/us/ysearch/slurp)"
67.195.111.217 - - [30/Sep/2011:09:30:11 +0200] "GET /anfrage/anforderungen.html HTTP/1.0" 200 7478 "http://www.personal-dienstleistung.de/AnfrageAll.html" "Mozilla/5.0 (compatible; Yahoo! Slurp; http://help.yahoo.com/help/us/ysearch/slurp)"
90.128.125.52 - - [30/Sep/2011:09:31:11 +0200] "GET / HTTP/1.1" 302 - "-" "Mozilla/4.0 (compatible; MSIE 7.0; Windows NT 5.1; .NET CLR 1.1.4322; .NET CLR 2.0.50727; InfoPath.1; .NET CLR 3.0.4506.2152; .NET CLR 3.5.30729; .NET4.0C; .NET4.0E)"
195.71.187.114 - - [30/Sep/2011:09:39:03 +0200] "GET / HTTP/1.1" 302 - "http://www.stepstone.de/stellenangebote--Mitarbeiter-Auftragsannahme-und-Kundenbetreuung-m-w-Berlin-K-K-GmbH--1907514-inline.html?cid=Banner_Criteo_jobfeed" "Mozilla/5.0 (Windows; U; Windows NT 6.1; de; rv:1.9.1.7) Gecko/20091221 Firefox/3.5.7"
67.195.111.217 - - [30/Sep/2011:09:40:25 +0200] "GET /kompetenz/personalleasing.html HTTP/1.0" 200 5302 "-" "Mozilla/5.0 (compatible; Yahoo! Slurp; http://help.yahoo.com/help/us/ysearch/slurp)"
80.187.97.67 - - [30/Sep/2011:10:01:21 +0200] "GET / HTTP/1.1" 302 - "-" "Mozilla/5.0 (Windows NT 5.1; rv:6.0.2) Gecko/20100101 Firefox/6.0.2"
213.23.84.215 - - [30/Sep/2011:10:18:40 +0200] "GET / HTTP/1.0" 302 - "http://www.agentur-zeitarbeit.de/component/option,com_afz_category/id,96/subcat,142/" "Mozilla/5.0 (Windows; U; Windows NT 5.1; de; rv:1.9.2.8) Gecko/20100722 Firefox/3.6.8 (.NET CLR 3.5.30729)"
89.204.137.167 - - [30/Sep/2011:10:27:47 +0200] "GET / HTTP/1.1" 302 - "http://www.google.de/url?sa=t&rct=j&q=k%2Bu.%2Bk%2Bzeitarbeit%2B%252C%2Bberlin&source=web&cd=4&ved=0CGQQoAIwAw&url=http%3A%2F%2Fwww.personal-dienstleistung.de%2F&ei=SX2FTu7iHYbasgabu6jgAQ&usg=AFQjCNGG8qIxAIusv-vnrtTv4JmZ2Fyhmw" "Mozilla/5.0 (Windows NT 6.1; rv:6.0.2) Gecko/20100101 Firefox/6.0.2"
61.247.204.39 - - [30/Sep/2011:10:45:08 +0200] "GET /robots.txt HTTP/1.1" 404 1256 "-" "Yeti/1.0 (NHN Corp.; http://help.naver.com/robots/)"
61.247.204.39 - - [30/Sep/2011:10:45:09 +0200] "GET / HTTP/1.1" 302 - "-" "Yeti/1.0 (NHN Corp.; http://help.naver.com/robots/)"
80.187.97.67 - - [30/Sep/2011:11:01:58 +0200] "GET / HTTP/1.1" 302 - "-" "Mozilla/5.0 (Windows NT 5.1; rv:6.0.2) Gecko/20100101 Firefox/6.0.2"
80.187.97.67 - - [30/Sep/2011:11:03:58 +0200] "GET / HTTP/1.1" 302 - "-" "Mozilla/5.0 (Windows NT 5.1; rv:6.0.2) Gecko/20100101 Firefox/6.0.2"
91.64.203.146 - - [30/Sep/2011:11:31:27 +0200] "GET / HTTP/1.1" 302 - "http://maps.google.de/maps?client=firefox-a&rls=org.mozilla:de:official&channel=s&hl=de&biw=1366&bih=562&um=1&ie=UTF-8&q=k%26K+berlin+karlshorst&fb=1&gl=de&hq=k%26K+berlin&hnear=0x47a848d786b56d67:0x52120465b5faec0,Karlshorst,+Berlin&ei=N4yFTvzmDs_MsgatovjgAQ&sa=X&oi=local_group&ct=image&ved=0CAQQtgM&iwloc=cids:9468052864918027225" "Mozilla/5.0 (Windows NT 6.1; rv:6.0) Gecko/20100101 Firefox/6.0"
173.242.125.206 - - [30/Sep/2011:12:03:03 +0200] "GET /robots.txt HTTP/1.0" 404 1256 "-" "Mozilla/5.0 (compatible; MJ12bot/v1.4.0; http://www.majestic12.co.uk/bot.php?+)"
173.242.125.206 - - [30/Sep/2011:12:03:04 +0200] "GET / HTTP/1.0" 302 - "-" "Mozilla/5.0 (compatible; MJ12bot/v1.4.0; http://www.majestic12.co.uk/bot.php?+)"
173.242.125.206 - - [30/Sep/2011:12:03:11 +0200] "GET / HTTP/1.0" 302 - "-" "Mozilla/5.0 (compatible; MJ12bot/v1.4.0; http://www.majestic12.co.uk/bot.php?+)"
83.233.186.30 - - [30/Sep/2011:12:13:24 +0200] "GET /robots.txt HTTP/1.1" 404 1256 "-" "Mozilla/5.0 (Windows; U; Windows NT 5.1; en-US; rv:1.7.7) Gecko/20050414 Firefox/1.0.3"
83.233.186.30 - - [30/Sep/2011:12:13:24 +0200] "GET / HTTP/1.1" 302 - "-" "Mozilla/5.0 (Windows; U; Windows NT 5.1; en-US; rv:1.7.7) Gecko/20050414 Firefox/1.0.3"
79.193.150.195 - - [30/Sep/2011:13:04:42 +0200] "GET / HTTP/1.1" 302 - "-" "Mozilla/5.0 (Macintosh; Intel Mac OS X 10_6_8) AppleWebKit/534.50 (KHTML, like Gecko) Version/5.1 Safari/534.50"
217.231.177.114 - - [30/Sep/2011:13:16:47 +0200] "GET / HTTP/1.1" 302 - "-" "Mozilla/5.0 (Windows NT 5.1; rv:6.0.2) Gecko/20100101 Firefox/6.0.2"
82.165.37.69 - - [30/Sep/2011:14:01:44 +0200] "GET / HTTP/1.0" 302 - "http://immobilien-club.blogspot.com/" "Mozilla/5.0 (compatible; IPTCBOT;"
94.102.210.135 - - [30/Sep/2011:16:02:34 +0200] "GET / HTTP/1.1" 302 - "-" "libwww-perl/5.813"
31.17.200.1 - - [30/Sep/2011:16:49:16 +0200] "GET / HTTP/1.1" 302 - "-" "Mozilla/5.0 (Windows NT 5.1; rv:6.0.2) Gecko/20100101 Firefox/6.0.2"
85.178.24.75 - - [30/Sep/2011:18:07:29 +0200] "GET / HTTP/1.1" 302 - "http://www.agentur-zeitarbeit.de/component/option,com_afz_category/id,96/subcat,142/" "Mozilla/5.0 (iPad; U; CPU OS 4_3_3 like Mac OS X; en-us) AppleWebKit/533.17.9 (KHTML, like Gecko) Version/5.0.2 Mobile/8J2 Safari/6533.18.5"
87.171.80.121 - - [30/Sep/2011:19:46:47 +0200] "GET / HTTP/1.1" 302 - "http://www.agentur-zeitarbeit.de/component/option,com_afz_category/id,96/subcat,257/" "Mozilla/5.0 (Windows NT 5.1; rv:6.0.2) Gecko/20100101 Firefox/6.0.2"
180.76.5.159 - - [30/Sep/2011:20:47:24 +0200] "GET /robots.txt HTTP/1.1" 404 1256 "-" "Baiduspider+(+http://www.baidu.com/search/spider.htm)"
88.130.138.50 - - [30/Sep/2011:22:00:03 +0200] "GET / HTTP/1.1" 302 - "http://www.whdi.de/share/imk_adr.php?infoId=BE-430-100-20009" "Mozilla/5.0 (Windows NT 6.1; rv:6.0.2) Gecko/20100101 Firefox/6.0.2"
176.31.244.198 - - [30/Sep/2011:22:27:15 +0200] "GET /kontakt/kontakt%20berlin.html HTTP/1.1" 200 15986 "-" "Mozilla/5.0 (X11; Linux i686; rv:6.0) Gecko/20100101 Firefox/6.0"
84.189.64.198 - - [30/Sep/2011:23:22:52 +0200] "GET / HTTP/1.1" 302 - "-" "Mozilla/5.0 (Macintosh; Intel Mac OS X 10_6_8) AppleWebKit/534.50 (KHTML, like Gecko) Version/5.1 Safari/534.50"
193.203.192.15 - - [30/Sep/2011:23:37:43 +0200] "GET / HTTP/1.1" 302 - "-" "-"
66.249.72.243 - - [30/Sep/2011:23:44:45 +0200] "GET /robots.txt HTTP/1.1" 404 1256 "-" "Mozilla/5.0 (compatible; Googlebot/2.1; +http://www.google.com/bot.html)"
66.249.72.243 - - [30/Sep/2011:23:44:45 +0200] "GET /Anfahrt/anfahrtwaren.html HTTP/1.1" 200 3404 "-" "Mozilla/5.0 (compatible; Googlebot/2.1; +http://www.google.com/bot.html)"