89.204.155.165 - - [01/Apr/2011:00:07:15 +0200] "GET /impressuminframe.html HTTP/1.1" 200 8032 "http://www.google.de/search?q=Treskowallee+106+10318+Berlin&ie=utf-8&oe=utf-8&aq=t&rls=org.mozilla:de:official&client=firefox-a" "Mozilla/5.0 (Windows; U; Windows NT 5.1; de; rv:1.9.2.16) Gecko/20110319 Firefox/3.6.16 ( .NET CLR 3.5.30729)"
89.204.155.165 - - [01/Apr/2011:00:07:16 +0200] "GET /favicon.ico HTTP/1.1" 404 1256 "-" "Mozilla/5.0 (Windows; U; Windows NT 5.1; de; rv:1.9.2.16) Gecko/20110319 Firefox/3.6.16 ( .NET CLR 3.5.30729)"
89.204.155.165 - - [01/Apr/2011:00:07:19 +0200] "GET /favicon.ico HTTP/1.1" 404 1256 "-" "Mozilla/5.0 (Windows; U; Windows NT 5.1; de; rv:1.9.2.16) Gecko/20110319 Firefox/3.6.16 ( .NET CLR 3.5.30729)"
86.109.255.22 - - [01/Apr/2011:01:00:08 +0200] "GET /robots.txt HTTP/1.1" 404 1256 "-" "gonzo/2[D] (+http://www.suchen.de/faq.html)"
86.109.255.22 - - [01/Apr/2011:01:00:09 +0200] "GET / HTTP/1.1" 302 - "-" "gonzo/2[D] (+http://www.suchen.de/faq.html)"
67.195.114.236 - - [01/Apr/2011:01:05:12 +0200] "GET /Anfahrt/anfahrtpolen.html HTTP/1.0" 200 3753 "-" "Mozilla/5.0 (compatible; Yahoo! Slurp; http://help.yahoo.com/help/us/ysearch/slurp)"
92.225.18.113 - - [01/Apr/2011:02:48:25 +0200] "GET / HTTP/1.0" 302 - "-" "-"
207.46.199.183 - - [01/Apr/2011:05:32:52 +0200] "GET /robots.txt HTTP/1.1" 404 1256 "-" "Mozilla/5.0 (compatible; bingbot/2.0; +http://www.bing.com/bingbot.htm)"
67.195.114.236 - - [01/Apr/2011:09:02:17 +0200] "GET /robots.txt HTTP/1.0" 404 1256 "-" "Mozilla/5.0 (compatible; Yahoo! Slurp; http://help.yahoo.com/help/us/ysearch/slurp)"
67.195.114.236 - - [01/Apr/2011:09:02:18 +0200] "GET /Anfahrt/anfahrtwaren.html HTTP/1.0" 200 3404 "-" "Mozilla/5.0 (compatible; Yahoo! Slurp; http://help.yahoo.com/help/us/ysearch/slurp)"
67.195.114.236 - - [01/Apr/2011:09:57:04 +0200] "GET /linksAll.html HTTP/1.0" 200 8990 "-" "Mozilla/5.0 (compatible; Yahoo! Slurp; http://help.yahoo.com/help/us/ysearch/slurp)"
67.195.114.236 - - [01/Apr/2011:10:36:11 +0200] "GET / HTTP/1.0" 302 - "-" "Mozilla/5.0 (compatible; Yahoo! Slurp; http://help.yahoo.com/help/us/ysearch/slurp)"
84.188.117.58 - - [01/Apr/2011:12:34:32 +0200] "GET / HTTP/1.1" 302 - "http://www.agentur-zeitarbeit.de/component/option,com_afz_category/id,96/subcat,142/" "Mozilla/4.0 (compatible; MSIE 6.0; TOB 6.11; Windows NT 5.1; SV1; .NET CLR 1.1.4322)"
66.249.67.65 - - [01/Apr/2011:13:26:22 +0200] "GET /robots.txt HTTP/1.1" 404 1256 "-" "Googlebot-Image/1.0"
66.249.67.65 - - [01/Apr/2011:13:26:23 +0200] "GET /images/hg1_15.gif HTTP/1.1" 304 - "-" "Googlebot-Image/1.0"
66.249.67.65 - - [01/Apr/2011:13:53:19 +0200] "GET /images/neuerbanner/bneu_01.gif HTTP/1.1" 304 - "-" "Googlebot-Image/1.0"
88.131.106.5 - - [01/Apr/2011:14:00:23 +0200] "GET /robots.txt HTTP/1.0" 404 1256 "-" "Mozilla/5.0 (Windows; U; Windows NT 5.1; en-US) Speedy Spider (http://www.entireweb.com/about/search_tech/speedy_spider/)"
88.131.106.2 - - [01/Apr/2011:14:00:23 +0200] "GET /anfahrtalllay.html HTTP/1.0" 200 10071 "-" "Mozilla/5.0 (Windows; U; Windows NT 5.1; en-US) Speedy Spider (http://www.entireweb.com/about/search_tech/speedy_spider/)"
84.182.228.117 - - [01/Apr/2011:14:08:38 +0200] "GET /favicon.ico HTTP/1.1" 404 1256 "-" "Mozilla/4.0 (compatible; MSIE 6.0; Windows NT 5.1; SV1; .NET CLR 1.1.4322; .NET CLR 2.0.50727)"
66.249.67.65 - - [01/Apr/2011:14:25:10 +0200] "GET /images/hg1_14.gif HTTP/1.1" 304 - "-" "Googlebot-Image/1.0"
207.46.199.201 - - [01/Apr/2011:14:49:10 +0200] "GET /robots.txt HTTP/1.1" 404 1256 "-" "Mozilla/5.0 (compatible; bingbot/2.0; +http://www.bing.com/bingbot.htm)"
66.249.72.51 - - [01/Apr/2011:14:57:02 +0200] "GET /robots.txt HTTP/1.1" 404 1256 "-" "Googlebot-Image/1.0"
66.249.72.51 - - [01/Apr/2011:14:57:02 +0200] "GET /images/neuerbanner/bneu_05.gif HTTP/1.1" 304 - "-" "Googlebot-Image/1.0"
93.219.45.50 - - [01/Apr/2011:15:04:36 +0200] "GET /impressuminframe.html HTTP/1.1" 200 8032 "http://www.google.de/search?q=treskowallee+106+10318&hl=de&prmd=ivns&um=1&ie=UTF-8&sa=N&tab=lw" "Mozilla/5.0 (Windows NT 6.1; WOW64; rv:2.0) Gecko/20100101 Firefox/4.0"
93.219.45.50 - - [01/Apr/2011:15:04:36 +0200] "GET /favicon.ico HTTP/1.1" 404 1256 "-" "Mozilla/5.0 (Windows NT 6.1; WOW64; rv:2.0) Gecko/20100101 Firefox/4.0"
93.219.45.50 - - [01/Apr/2011:15:04:36 +0200] "GET /favicon.ico HTTP/1.1" 404 1256 "-" "Mozilla/5.0 (Windows NT 6.1; WOW64; rv:2.0) Gecko/20100101 Firefox/4.0"
93.219.45.50 - - [01/Apr/2011:15:04:36 +0200] "GET /favicon.ico HTTP/1.1" 404 1256 "-" "Mozilla/5.0 (Windows NT 6.1; WOW64; rv:2.0) Gecko/20100101 Firefox/4.0"
217.231.161.87 - - [01/Apr/2011:15:12:56 +0200] "GET / HTTP/1.1" 302 - "-" "Mozilla/4.0 (compatible; MSIE 8.0; Windows NT 5.1; Trident/4.0; .NET CLR 1.1.4322; .NET CLR 2.0.50727; .NET CLR 3.0.4506.2152; .NET CLR 3.5.30729)"
66.249.72.51 - - [01/Apr/2011:15:28:54 +0200] "GET /images/hg1_22.gif HTTP/1.1" 304 - "-" "Googlebot-Image/1.0"
66.249.72.51 - - [01/Apr/2011:16:00:46 +0200] "GET /images/hg1_13.gif HTTP/1.1" 304 - "-" "Googlebot-Image/1.0"
66.249.72.51 - - [01/Apr/2011:16:32:39 +0200] "GET /Bilder/referenzen/referenzen_15.gif HTTP/1.1" 304 - "-" "Googlebot-Image/1.0"
208.115.111.67 - - [01/Apr/2011:16:44:02 +0200] "GET /robots.txt HTTP/1.1" 404 1256 "-" "Mozilla/5.0 (compatible; Ezooms/1.0; ezooms.bot@gmail.com)"
208.115.111.67 - - [01/Apr/2011:16:59:38 +0200] "GET / HTTP/1.1" 302 - "-" "Mozilla/5.0 (compatible; Ezooms/1.0; ezooms.bot@gmail.com)"
66.249.72.51 - - [01/Apr/2011:17:04:33 +0200] "GET /Bilder/referenzen/referenzen_14.gif HTTP/1.1" 304 - "-" "Googlebot-Image/1.0"
93.241.31.5 - - [01/Apr/2011:17:10:30 +0200] "GET / HTTP/1.1" 302 - "http://www.google.de/search?client=firefox-a&rls=org.mozilla%3Ade%3Aofficial&channel=s&hl=de&source=hp&q=Personal-dienstleistung.de&meta=&btnG=Google-Suche" "Mozilla/5.0 (Windows; U; Windows NT 5.1; de; rv:1.9.2.16) Gecko/20110319 Firefox/3.6.16"
88.131.106.4 - - [01/Apr/2011:17:18:12 +0200] "GET /robots.txt HTTP/1.0" 404 1256 "-" "Mozilla/5.0 (Windows; U; Windows NT 5.1; en-US) Speedy Spider (http://www.entireweb.com/about/search_tech/speedy_spider/)"
88.131.106.3 - - [01/Apr/2011:17:18:13 +0200] "GET /Anfahrt/anfahrtwaren.html HTTP/1.0" 200 3404 "-" "Mozilla/5.0 (Windows; U; Windows NT 5.1; en-US) Speedy Spider (http://www.entireweb.com/about/search_tech/speedy_spider/)"
66.249.72.51 - - [01/Apr/2011:17:36:29 +0200] "GET /referenz/Bilder/referenzen/referenzen_15.gif HTTP/1.1" 304 - "-" "Googlebot-Image/1.0"
217.231.161.87 - - [01/Apr/2011:18:04:35 +0200] "GET / HTTP/1.1" 302 - "-" "Mozilla/5.0 (Windows; U; Windows NT 5.1; de; rv:1.9.2.13) Gecko/20101203 Firefox/3.6.13 ( .NET CLR 3.5.30729)"
66.249.72.51 - - [01/Apr/2011:18:08:19 +0200] "GET /referenz/Bilder/referenzen/referenzen_10.gif HTTP/1.1" 304 - "-" "Googlebot-Image/1.0"
66.249.72.51 - - [01/Apr/2011:18:40:09 +0200] "GET /referenz/Bilder/referenzen/referenzen_09.gif HTTP/1.1" 304 - "-" "Googlebot-Image/1.0"
66.249.72.51 - - [01/Apr/2011:19:12:05 +0200] "GET /referenz/Bilder/referenzen/referenzen_03.gif HTTP/1.1" 304 - "-" "Googlebot-Image/1.0"
66.249.72.51 - - [01/Apr/2011:19:43:52 +0200] "GET /referenz/Bilder/referenzen/referenzen_04.gif HTTP/1.1" 304 - "-" "Googlebot-Image/1.0"
84.139.189.81 - - [01/Apr/2011:20:00:44 +0200] "GET / HTTP/1.1" 302 - "-" "Mozilla/4.0 (compatible; MSIE 8.0; Windows NT 6.1; WOW64; Trident/4.0; SLCC2; .NET CLR 2.0.50727; .NET CLR 3.5.30729; .NET CLR 3.0.30729; Media Center PC 6.0; HPNTDF; InfoPath.2; .NET4.0C)"
66.249.72.51 - - [01/Apr/2011:20:15:41 +0200] "GET /referenz/Bilder/referenzen/referenzen_02.gif HTTP/1.1" 304 - "-" "Googlebot-Image/1.0"
66.249.72.51 - - [01/Apr/2011:20:47:35 +0200] "GET /kontakt/Bilder/Mitarbeiter%20Perso/FrauMuhsalneu.jpg HTTP/1.1" 304 - "-" "Googlebot-Image/1.0"
66.249.72.51 - - [01/Apr/2011:21:19:29 +0200] "GET /kontakt/Bilder/Mitarbeiter%20Perso/FrauStammbergerneu.jpg HTTP/1.1" 304 - "-" "Googlebot-Image/1.0"
66.249.72.51 - - [01/Apr/2011:21:51:21 +0200] "GET /kontakt/mitarbeiter/zietal.jpg HTTP/1.1" 304 - "-" "Googlebot-Image/1.0"
66.249.72.51 - - [01/Apr/2011:22:23:10 +0200] "GET /kontakt/Bilder/Mitarbeiter%20Perso/FrauBroecker.jpg HTTP/1.1" 304 - "-" "Googlebot-Image/1.0"
66.249.72.51 - - [01/Apr/2011:22:55:04 +0200] "GET /kontakt/mitarbeiter/wegner.jpg HTTP/1.1" 304 - "-" "Googlebot-Image/1.0"
66.249.72.51 - - [01/Apr/2011:23:27:01 +0200] "GET /kontakt/mitarbeiter/sucrow.jpg HTTP/1.1" 304 - "-" "Googlebot-Image/1.0"
66.249.72.51 - - [01/Apr/2011:23:58:50 +0200] "GET /kontakt/Bilder/Mitarbeiter%20Perso/no.jpg HTTP/1.1" 304 - "-" "Googlebot-Image/1.0"
66.249.72.51 - - [02/Apr/2011:00:30:47 +0200] "GET /kontakt/mitarbeiter/kretzschmar.jpg HTTP/1.1" 304 - "-" "Googlebot-Image/1.0"
66.249.72.51 - - [02/Apr/2011:01:02:33 +0200] "GET /kontakt/Bilder/Nancy_Schmidtke.jpg HTTP/1.1" 304 - "-" "Googlebot-Image/1.0"
207.46.199.180 - - [02/Apr/2011:01:09:58 +0200] "GET /robots.txt HTTP/1.1" 404 1256 "-" "Mozilla/5.0 (compatible; bingbot/2.0; +http://www.bing.com/bingbot.htm)"
66.249.72.51 - - [02/Apr/2011:01:34:25 +0200] "GET /kontakt/Bilder/ziehnert.jpg HTTP/1.1" 304 - "-" "Googlebot-Image/1.0"
66.249.72.51 - - [02/Apr/2011:02:06:26 +0200] "GET /kontakt/Bilder/Mitarbeiter%20Perso/FrauEngel.jpg HTTP/1.1" 304 - "-" "Googlebot-Image/1.0"
66.249.72.51 - - [02/Apr/2011:02:38:16 +0200] "GET /kontakt/mitarbeiter/karp.jpg HTTP/1.1" 304 - "-" "Googlebot-Image/1.0"
66.249.72.51 - - [02/Apr/2011:03:10:03 +0200] "GET /robots.txt HTTP/1.1" 404 1256 "-" "Googlebot-Image/1.0"
66.249.72.51 - - [02/Apr/2011:03:10:03 +0200] "GET /Anfahrt/Bilder/images/karte-berlin_01_01.gif HTTP/1.1" 304 - "-" "Googlebot-Image/1.0"
66.249.72.51 - - [02/Apr/2011:03:42:04 +0200] "GET /Anfahrt/Bilder/ANFAHRTHan_02.gif HTTP/1.1" 304 - "-" "Googlebot-Image/1.0"
66.249.72.51 - - [02/Apr/2011:04:13:46 +0200] "GET /Anfahrt/Bilder/Laden.jpg HTTP/1.1" 304 - "-" "Googlebot-Image/1.0"
66.249.72.51 - - [02/Apr/2011:04:45:48 +0200] "GET /robots.txt HTTP/1.1" 404 1256 "-" "Googlebot-Image/1.0"
66.249.72.51 - - [02/Apr/2011:04:45:49 +0200] "GET /Anfahrt/Bilder/ANFAHRTPolen_01.gif HTTP/1.1" 304 - "-" "Googlebot-Image/1.0"
66.249.72.51 - - [02/Apr/2011:05:17:39 +0200] "GET /Anfahrt/Bilder/ANFAHRTWaren_02.gif HTTP/1.1" 304 - "-" "Googlebot-Image/1.0"
66.249.72.51 - - [02/Apr/2011:05:49:22 +0200] "GET /kompetenz/bilder/einpackkasten.jpg HTTP/1.1" 304 - "-" "Googlebot-Image/1.0"
66.249.72.51 - - [02/Apr/2011:06:21:24 +0200] "GET /Anfahrt/Bilder/ANFAHRTHan2.jpg HTTP/1.1" 304 - "-" "Googlebot-Image/1.0"
207.46.199.182 - - [02/Apr/2011:06:31:01 +0200] "GET /robots.txt HTTP/1.1" 404 1256 "-" "Mozilla/5.0 (compatible; bingbot/2.0; +http://www.bing.com/bingbot.htm)"
67.195.114.236 - - [02/Apr/2011:06:46:26 +0200] "GET /robots.txt HTTP/1.0" 404 1256 "-" "Mozilla/5.0 (compatible; Yahoo! Slurp; http://help.yahoo.com/help/us/ysearch/slurp)"
67.195.114.236 - - [02/Apr/2011:06:46:27 +0200] "GET /kompetenz/personalleasing.html HTTP/1.0" 200 5302 "-" "Mozilla/5.0 (compatible; Yahoo! Slurp; http://help.yahoo.com/help/us/ysearch/slurp)"
66.249.72.51 - - [02/Apr/2011:06:53:02 +0200] "GET /Bilder/referenzen/referenzen_02.gif HTTP/1.1" 304 - "-" "Googlebot-Image/1.0"
66.249.72.51 - - [02/Apr/2011:07:25:03 +0200] "GET /Bilder/referenzen/referenzen_11.gif HTTP/1.1" 304 - "-" "Googlebot-Image/1.0"
66.249.72.51 - - [02/Apr/2011:07:57:01 +0200] "GET /Bilder/referenzen/referenzen_03.gif HTTP/1.1" 304 - "-" "Googlebot-Image/1.0"
66.249.72.51 - - [02/Apr/2011:08:28:56 +0200] "GET /Bilder/referenzen/referenzen_09.gif HTTP/1.1" 304 - "-" "Googlebot-Image/1.0"
66.249.72.51 - - [02/Apr/2011:09:00:50 +0200] "GET /Bilder/referenzen/referenzen_06.gif HTTP/1.1" 304 - "-" "Googlebot-Image/1.0"
188.127.227.203 - - [02/Apr/2011:09:07:06 +0200] "GET /robots.txt HTTP/1.0" 404 1256 "-" "Mozilla/5.0 (compatible; MJ12bot/v1.3.3; http://www.majestic12.co.uk/bot.php?+)"
188.127.227.203 - - [02/Apr/2011:09:07:09 +0200] "GET / HTTP/1.0" 302 - "-" "Mozilla/5.0 (compatible; MJ12bot/v1.3.3; http://www.majestic12.co.uk/bot.php?+)"
65.111.171.90 - - [02/Apr/2011:09:12:45 +0200] "GET /robots.txt HTTP/1.0" 404 1256 "-" "Gigabot/3.0 (http://www.gigablast.com/spider.html)"
65.111.171.90 - - [02/Apr/2011:09:12:45 +0200] "GET / HTTP/1.0" 302 - "-" "Gigabot/3.0 (http://www.gigablast.com/spider.html)"
66.249.72.51 - - [02/Apr/2011:09:32:39 +0200] "GET /Bilder/referenzen/referenzen_12.gif HTTP/1.1" 304 - "-" "Googlebot-Image/1.0"
66.249.72.51 - - [02/Apr/2011:10:04:21 +0200] "GET /kompetenz/bilder/leasing1.jpg HTTP/1.1" 304 - "-" "Googlebot-Image/1.0"
67.195.114.236 - - [02/Apr/2011:10:08:59 +0200] "GET /robots.txt HTTP/1.0" 404 1256 "-" "Mozilla/5.0 (compatible; Yahoo! Slurp; http://help.yahoo.com/help/us/ysearch/slurp)"
67.195.114.236 - - [02/Apr/2011:10:09:00 +0200] "GET /kompetenz/getraenkelog.html HTTP/1.0" 200 5224 "-" "Mozilla/5.0 (compatible; Yahoo! Slurp; http://help.yahoo.com/help/us/ysearch/slurp)"
66.249.72.51 - - [02/Apr/2011:10:36:46 +0200] "GET /kompetenz/bilder/4stundenkasten.jpg HTTP/1.1" 304 - "-" "Googlebot-Image/1.0"
66.249.72.51 - - [02/Apr/2011:11:08:02 +0200] "GET /referenz/Bilder/referenzen/referenzen_16.gif HTTP/1.1" 304 - "-" "Googlebot-Image/1.0"
66.249.72.51 - - [02/Apr/2011:11:40:30 +0200] "GET /referenz/Bilder/referenzen/referenzen_13.gif HTTP/1.1" 304 - "-" "Googlebot-Image/1.0"
66.249.72.51 - - [02/Apr/2011:12:12:19 +0200] "GET /referenz/Bilder/referenzen/referenzen_14.gif HTTP/1.1" 304 - "-" "Googlebot-Image/1.0"
84.188.229.177 - - [02/Apr/2011:14:32:38 +0200] "GET / HTTP/1.1" 302 - "http://www.jobpoint-berlin.de/jobboerse/details.php?kennziffer=94576" "Mozilla/4.0 (compatible; MSIE 8.0; Windows NT 6.1; WOW64; Trident/4.0; GTB6.6; SLCC2; .NET CLR 2.0.50727; .NET CLR 3.5.30729; .NET CLR 3.0.30729; Media Center PC 6.0; eSobiSubscriber 2.0.4.16; .NET4.0C)"
66.249.72.51 - - [02/Apr/2011:16:01:16 +0200] "GET /images/hg1_02.gif HTTP/1.1" 304 - "-" "Googlebot-Image/1.0"
66.249.72.51 - - [02/Apr/2011:16:09:04 +0200] "GET /images/hg1_21.gif HTTP/1.1" 304 - "-" "Googlebot-Image/1.0"
208.115.111.67 - - [02/Apr/2011:16:42:26 +0200] "GET /robots.txt HTTP/1.1" 404 1256 "-" "Mozilla/5.0 (compatible; Ezooms/1.0; ezooms.bot@gmail.com)"
208.115.111.67 - - [02/Apr/2011:16:58:15 +0200] "GET / HTTP/1.1" 302 - "-" "Mozilla/5.0 (compatible; Ezooms/1.0; ezooms.bot@gmail.com)"
207.46.204.240 - - [02/Apr/2011:17:27:01 +0200] "GET /robots.txt HTTP/1.1" 404 1256 "-" "Mozilla/5.0 (compatible; bingbot/2.0; +http://www.bing.com/bingbot.htm)"
207.46.204.240 - - [02/Apr/2011:17:29:27 +0200] "GET /NewsAll.html HTTP/1.1" 200 9246 "-" "Mozilla/5.0 (compatible; bingbot/2.0; +http://www.bing.com/bingbot.htm)"
207.46.199.178 - - [02/Apr/2011:19:21:39 +0200] "GET /robots.txt HTTP/1.1" 404 1256 "-" "Mozilla/5.0 (compatible; bingbot/2.0; +http://www.bing.com/bingbot.htm)"
78.46.97.10 - - [02/Apr/2011:19:27:46 +0200] "GET /robots.txt HTTP/1.1" 404 1256 "http://www.personal-dienstleistung.de/" "Mozilla/5.0 (Macintosh; U; Intel Mac OS X 10.6; de; rv:1.9.2.15) Gecko/20110303 Firefox/3.6.15"
78.46.97.10 - - [02/Apr/2011:19:27:46 +0200] "GET / HTTP/1.1" 302 - "http://www.personal-dienstleistung.de/" "Mozilla/5.0 (Macintosh; U; Intel Mac OS X 10.6; de; rv:1.9.2.15) Gecko/20110303 Firefox/3.6.15"
207.46.204.227 - - [02/Apr/2011:20:44:18 +0200] "GET /robots.txt HTTP/1.1" 404 1256 "-" "Mozilla/5.0 (compatible; bingbot/2.0; +http://www.bing.com/bingbot.htm)"
207.46.204.227 - - [02/Apr/2011:20:45:11 +0200] "GET /impressum.html HTTP/1.1" 200 8245 "-" "Mozilla/5.0 (compatible; bingbot/2.0; +http://www.bing.com/bingbot.htm)"
65.52.110.54 - - [02/Apr/2011:21:27:08 +0200] "GET /robots.txt HTTP/1.1" 404 1256 "-" "Mozilla/5.0 (compatible; bingbot/2.0; +http://www.bing.com/bingbot.htm)"
66.249.72.51 - - [02/Apr/2011:21:27:32 +0200] "GET /robots.txt HTTP/1.1" 404 1256 "-" "Googlebot-Image/1.0"
66.249.72.51 - - [02/Apr/2011:21:27:32 +0200] "GET /referenz/Bilder/referenzen/referenzen_06.gif HTTP/1.1" 304 - "-" "Googlebot-Image/1.0"
65.52.110.54 - - [02/Apr/2011:21:27:41 +0200] "GET / HTTP/1.1" 302 - "-" "Mozilla/5.0 (compatible; bingbot/2.0; +http://www.bing.com/bingbot.htm)"
66.249.72.51 - - [02/Apr/2011:21:50:51 +0200] "GET /kontakt/mitarbeiter/Bredow.jpg HTTP/1.1" 304 - "-" "Googlebot-Image/1.0"
207.46.199.177 - - [02/Apr/2011:23:56:47 +0200] "GET /robots.txt HTTP/1.1" 404 1256 "-" "Mozilla/5.0 (compatible; bingbot/2.0; +http://www.bing.com/bingbot.htm)"
66.249.72.51 - - [03/Apr/2011:00:02:54 +0200] "GET /kompetenz/bilder/Konf1.jpg HTTP/1.1" 304 - "-" "Googlebot-Image/1.0"
95.26.225.30 - - [03/Apr/2011:00:44:21 +0200] "GET / HTTP/1.1" 302 - "http://yandex.ru/yandsearch?text=Login+with+username" "Mozilla/4.0 (compatible; MSIE 6.0; Windows NT 5.1; SV1)"
67.195.114.236 - - [03/Apr/2011:02:04:19 +0200] "GET /robots.txt HTTP/1.0" 404 1256 "-" "Mozilla/5.0 (compatible; Yahoo! Slurp; http://help.yahoo.com/help/us/ysearch/slurp)"
67.195.114.236 - - [03/Apr/2011:02:04:20 +0200] "GET /impressum.html HTTP/1.0" 200 8245 "-" "Mozilla/5.0 (compatible; Yahoo! Slurp; http://help.yahoo.com/help/us/ysearch/slurp)"
67.195.114.236 - - [03/Apr/2011:02:04:20 +0200] "GET /impressuminframe.html HTTP/1.0" 200 8032 "http://www.personal-dienstleistung.de/impressum.html" "Mozilla/5.0 (compatible; Yahoo! Slurp; http://help.yahoo.com/help/us/ysearch/slurp)"
67.195.114.236 - - [03/Apr/2011:04:06:44 +0200] "GET /kontakt/kontakt%20hannover.html HTTP/1.0" 200 8512 "-" "Mozilla/5.0 (compatible; Yahoo! Slurp; http://help.yahoo.com/help/us/ysearch/slurp)"
95.108.158.134 - - [03/Apr/2011:04:25:33 +0200] "GET /robots.txt HTTP/1.1" 404 1256 "-" "Mozilla/5.0 (compatible; YandexBot/3.0; +http://yandex.com/bots)"
95.108.158.134 - - [03/Apr/2011:04:25:35 +0200] "GET / HTTP/1.1" 302 - "-" "Mozilla/5.0 (compatible; YandexBot/3.0; +http://yandex.com/bots)"
67.195.114.236 - - [03/Apr/2011:07:42:41 +0200] "GET /robots.txt HTTP/1.0" 404 1256 "-" "Mozilla/5.0 (compatible; Yahoo! Slurp; http://help.yahoo.com/help/us/ysearch/slurp)"
67.195.114.236 - - [03/Apr/2011:07:42:42 +0200] "GET /Erlaubnis.pdf HTTP/1.0" 200 118510 "-" "Mozilla/5.0 (compatible; Yahoo! Slurp; http://help.yahoo.com/help/us/ysearch/slurp)"
213.180.209.129 - - [03/Apr/2011:09:01:04 +0200] "GET /robots.txt HTTP/1.1" 404 1256 "-" "Yandex/1.01.001 (compatible; Win16; i)"
213.180.209.129 - - [03/Apr/2011:09:01:04 +0200] "GET / HTTP/1.1" 302 - "-" "Yandex/1.01.001 (compatible; Win16; i)"
67.195.114.236 - - [03/Apr/2011:10:24:06 +0200] "GET /kontakt/kontakt%20polen.html HTTP/1.0" 200 10393 "-" "Mozilla/5.0 (compatible; Yahoo! Slurp; http://help.yahoo.com/help/us/ysearch/slurp)"
217.231.220.120 - - [03/Apr/2011:10:57:01 +0200] "GET / HTTP/1.1" 302 - "-" "Mozilla/5.0 (Windows; U; Windows NT 5.1; de; rv:1.9.2.13) Gecko/20101203 Firefox/3.6.13 ( .NET CLR 3.5.30729)"
67.195.114.236 - - [03/Apr/2011:11:47:06 +0200] "GET /Anfahrt/anfahrtHannover.html HTTP/1.0" 200 3172 "-" "Mozilla/5.0 (compatible; Yahoo! Slurp; http://help.yahoo.com/help/us/ysearch/slurp)"
67.195.114.236 - - [03/Apr/2011:12:22:08 +0200] "GET /AnfrageAll.html HTTP/1.0" 200 8274 "-" "Mozilla/5.0 (compatible; Yahoo! Slurp; http://help.yahoo.com/help/us/ysearch/slurp)"
67.195.114.236 - - [03/Apr/2011:12:22:09 +0200] "GET /anfrage/anforderungen.html HTTP/1.0" 200 7478 "http://www.personal-dienstleistung.de/AnfrageAll.html" "Mozilla/5.0 (compatible; Yahoo! Slurp; http://help.yahoo.com/help/us/ysearch/slurp)"
207.46.199.182 - - [03/Apr/2011:14:38:43 +0200] "GET /robots.txt HTTP/1.1" 404 1256 "-" "Mozilla/5.0 (compatible; bingbot/2.0; +http://www.bing.com/bingbot.htm)"
77.184.95.50 - - [03/Apr/2011:14:42:35 +0200] "GET / HTTP/1.1" 302 - "http://www.agentur-zeitarbeit.de/component/option,com_afz_category/id,96/subcat,142/" "Mozilla/5.0 (Windows; U; Windows NT 6.1; de; rv:1.9.2.13) Gecko/20101203 Firefox/3.6.13"
67.195.114.236 - - [03/Apr/2011:15:38:19 +0200] "GET /referenz/referenzenberl.html HTTP/1.0" 200 3591 "-" "Mozilla/5.0 (compatible; Yahoo! Slurp; http://help.yahoo.com/help/us/ysearch/slurp)"
208.115.111.67 - - [03/Apr/2011:16:46:07 +0200] "GET /robots.txt HTTP/1.1" 404 1256 "-" "Mozilla/5.0 (compatible; Ezooms/1.0; ezooms.bot@gmail.com)"
208.115.111.67 - - [03/Apr/2011:17:01:40 +0200] "GET / HTTP/1.1" 302 - "-" "Mozilla/5.0 (compatible; Ezooms/1.0; ezooms.bot@gmail.com)"
67.195.114.236 - - [03/Apr/2011:17:52:47 +0200] "GET /kontakt/kontakt%20waren.html HTTP/1.0" 200 8546 "-" "Mozilla/5.0 (compatible; Yahoo! Slurp; http://help.yahoo.com/help/us/ysearch/slurp)"
67.195.114.236 - - [03/Apr/2011:18:36:39 +0200] "GET /robots.txt HTTP/1.0" 404 1256 "-" "Mozilla/5.0 (compatible; Yahoo! Slurp; http://help.yahoo.com/help/us/ysearch/slurp)"
67.195.114.236 - - [03/Apr/2011:18:36:39 +0200] "GET /kontakt/kontakt%20berlin.html HTTP/1.0" 200 15986 "-" "Mozilla/5.0 (compatible; Yahoo! Slurp; http://help.yahoo.com/help/us/ysearch/slurp)"
93.219.162.52 - - [03/Apr/2011:19:59:08 +0200] "GET / HTTP/1.1" 302 - "-" "Mozilla/5.0 (Windows; U; Windows NT 6.0; de; rv:1.9.2.3) Gecko/20100401 Firefox/3.6.3 ( .NET CLR 3.5.30729)"
217.231.220.120 - - [03/Apr/2011:20:46:28 +0200] "GET / HTTP/1.1" 302 - "-" "Mozilla/5.0 (Windows; U; Windows NT 5.1; de; rv:1.9.2.13) Gecko/20101203 Firefox/3.6.13 ( .NET CLR 3.5.30729)"
67.195.114.236 - - [03/Apr/2011:22:01:28 +0200] "GET /Isozertifikat.pdf HTTP/1.0" 200 236893 "-" "Mozilla/5.0 (compatible; Yahoo! Slurp; http://help.yahoo.com/help/us/ysearch/slurp)"
217.231.220.120 - - [03/Apr/2011:22:15:43 +0200] "GET / HTTP/1.1" 302 - "-" "Mozilla/5.0 (Windows; U; Windows NT 5.1; de; rv:1.9.2.13) Gecko/20101203 Firefox/3.6.13 ( .NET CLR 3.5.30729)"
87.145.161.32 - - [03/Apr/2011:22:21:36 +0200] "GET / HTTP/1.1" 302 - "http://www.agentur-zeitarbeit.de/component/option,com_afz_category/id,96/subcat,142/" "Mozilla/5.0 (Windows; U; Windows NT 6.0; de; rv:1.9.2.16) Gecko/20110319 AskTbNRO/3.11.3.15590 Firefox/3.6.16 ( .NET CLR 3.5.30729; .NET4.0C)"
217.231.220.120 - - [03/Apr/2011:22:48:42 +0200] "GET / HTTP/1.1" 302 - "-" "Mozilla/4.0 (compatible; MSIE 8.0; Windows NT 5.1; Trident/4.0; .NET CLR 1.1.4322; .NET CLR 2.0.50727; .NET CLR 3.0.4506.2152; .NET CLR 3.5.30729)"
217.231.220.120 - - [03/Apr/2011:23:30:39 +0200] "GET / HTTP/1.1" 302 - "-" "Mozilla/4.0 (compatible; MSIE 8.0; Windows NT 5.1; Trident/4.0; .NET CLR 1.1.4322; .NET CLR 2.0.50727; .NET CLR 3.0.4506.2152; .NET CLR 3.5.30729)"
80.171.78.178 - - [04/Apr/2011:02:17:39 +0200] "GET / HTTP/1.1" 302 - "-" "Mozilla/5.0 Gecko/20091102 Firefox/3.5.5"
80.171.78.178 - - [04/Apr/2011:02:17:58 +0200] "GET /server-info HTTP/1.1" 404 1256 "-" "Mozilla/5.0 Gecko/20091102 Firefox/3.5.5" d078178.adsl.hansenet.de - - [04/Apr/2011:02:17:59 +0200] "GET /server-status HTTP/1.1" 403 1222 "-" "Mozilla/5.0 Gecko/20091102 Firefox/3.5.5"
80.171.78.178 - - [04/Apr/2011:02:17:59 +0200] "GET /w3c/p3p.xml HTTP/1.1" 404 1256 "-" "Mozilla/5.0 Gecko/20091102 Firefox/3.5.5"
80.171.78.178 - - [04/Apr/2011:02:17:59 +0200] "GET /robots.txt HTTP/1.1" 404 1256 "-" "Mozilla/5.0 Gecko/20091102 Firefox/3.5.5"
80.171.78.178 - - [04/Apr/2011:02:17:59 +0200] "GET / HTTP/1.1" 302 - "-" "Mozilla/5.0 Gecko/20091102 Firefox/3.5.5"
80.171.78.178 - - [04/Apr/2011:02:17:59 +0200] "GET / HTTP/1.1" 302 - "-" "Mozilla/5.0 Gecko/20091102 Firefox/3.5.5"
80.171.78.178 - - [04/Apr/2011:02:17:59 +0200] "GET / HTTP/1.1" 302 - "-" "Mozilla/5.0 Gecko/20091102 Firefox/3.5.5"
66.249.72.51 - - [04/Apr/2011:02:35:16 +0200] "GET /robots.txt HTTP/1.1" 404 1256 "-" "SAMSUNG-SGH-E250/1.0 Profile/MIDP-2.0 Configuration/CLDC-1.1 UP.Browser/6.2.3.3.c.1.101 (GUI) MMP/2.0 (compatible; Googlebot-Mobile/2.1; +http://www.google.com/bot.html)"
66.249.72.51 - - [04/Apr/2011:02:35:16 +0200] "GET / HTTP/1.1" 302 - "-" "SAMSUNG-SGH-E250/1.0 Profile/MIDP-2.0 Configuration/CLDC-1.1 UP.Browser/6.2.3.3.c.1.101 (GUI) MMP/2.0 (compatible; Googlebot-Mobile/2.1; +http://www.google.com/bot.html)"
67.195.114.236 - - [04/Apr/2011:02:54:00 +0200] "GET /kompetenz/service.html HTTP/1.0" 200 4628 "-" "Mozilla/5.0 (compatible; Yahoo! Slurp; http://help.yahoo.com/help/us/ysearch/slurp)"
66.249.72.51 - - [04/Apr/2011:03:06:31 +0200] "GET / HTTP/1.1" 302 - "-" "DoCoMo/2.0 N905i(c100;TB;W24H16) (compatible; Googlebot-Mobile/2.1; +http://www.google.com/bot.html)"
207.46.199.188 - - [04/Apr/2011:05:38:12 +0200] "GET /robots.txt HTTP/1.1" 404 1256 "-" "Mozilla/5.0 (compatible; bingbot/2.0; +http://www.bing.com/bingbot.htm)"
83.133.125.202 - - [04/Apr/2011:05:38:41 +0200] "GET / HTTP/1.1" 302 - "http://www.bigfinder.de/" "Mozilla/4.0 (compatible; MSIE 8.0; Windows NT 5.1; Trident/4.0; FBSMTWB; ATC/1.0; .NET CLR 1.1.4322; ATC/1.0; .NET CLR 2.0.50727; .NET CLR 3.0.4506.2152; .NET CLR 3.5.30729)"
95.222.251.77 - - [04/Apr/2011:06:01:53 +0200] "GET /robots.txt HTTP/1.0" 404 1256 "-" "Mozilla/4.0 (compatible; MSIE 8.0; Windows NT 5.1; Trident/4.0; .NET CLR 1.1.4322; .NET CLR 2.0.50727; .NET CLR 3.0.4506.2152; .NET CLR 3.5.30729)"
95.222.251.77 - - [04/Apr/2011:06:07:44 +0200] "GET / HTTP/1.0" 302 - "http://www.aueg-netzwerk.de/mitglieder/mitgliedsliste.html" "Mozilla/4.0 (compatible; MSIE 8.0; Windows NT 5.1; Trident/4.0; .NET CLR 1.1.4322; .NET CLR 2.0.50727; .NET CLR 3.0.4506.2152; .NET CLR 3.5.30729)"
85.25.236.145 - - [04/Apr/2011:06:33:54 +0200] "GET / HTTP/1.1" 302 - "-" "Mozilla/5.0 (X11; U; Linux i686; de; rv:1.9.0.1; compatible; iCjobs Stellenangebote Jobs; http://www.icjobs.de) Gecko/20100401 iCjobs/3.2.3"
85.25.236.145 - - [04/Apr/2011:06:33:58 +0200] "GET /robots.txt HTTP/1.1" 404 1256 "-" "Mozilla/5.0 (X11; U; Linux i686; de; rv:1.9.0.1; compatible; iCjobs Stellenangebote Jobs; http://www.icjobs.de) Gecko/20100401 iCjobs/3.2.3"
85.25.236.145 - - [04/Apr/2011:06:33:58 +0200] "GET / HTTP/1.1" 302 - "-" "Mozilla/5.0 (X11; U; Linux i686; de; rv:1.9.0.1; compatible; iCjobs Stellenangebote Jobs; http://www.icjobs.de) Gecko/20100401 iCjobs/3.2.3"
217.231.155.203 - - [04/Apr/2011:07:45:04 +0200] "GET / HTTP/1.1" 302 - "-" "Mozilla/4.0 (compatible; MSIE 8.0; Windows NT 5.1; Trident/4.0; .NET CLR 1.1.4322; .NET CLR 2.0.50727; .NET CLR 3.0.4506.2152; .NET CLR 3.5.30729)"
93.159.111.103 - - [04/Apr/2011:09:16:34 +0200] "GET /robots.txt HTTP/1.1" 404 1256 "-" "Mozilla/5.0 (compatible; suggybot v0.01a, http://blog.suggy.com/was-ist-suggy/suggy-webcrawler/)"
217.231.155.203 - - [04/Apr/2011:09:26:52 +0200] "GET / HTTP/1.1" 302 - "-" "Mozilla/4.0 (compatible; MSIE 8.0; Windows NT 5.1; Trident/4.0; .NET CLR 1.1.4322; .NET CLR 2.0.50727; .NET CLR 3.0.4506.2152; .NET CLR 3.5.30729)"
78.53.11.34 - - [04/Apr/2011:09:49:11 +0200] "GET / HTTP/1.1" 302 - "-" "Mozilla/4.0 (compatible; MSIE 8.0; Windows NT 6.1; Win64; x64; Trident/4.0; .NET CLR 2.0.50727; SLCC2; .NET CLR 3.5.30729; .NET CLR 3.0.30729; Media Center PC 6.0; MAAR; .NET4.0C)"
85.176.97.54 - - [04/Apr/2011:09:50:45 +0200] "HEAD /robots.txt HTTP/1.1" 404 - "-" "Toplistbot"
85.176.97.54 - - [04/Apr/2011:09:50:45 +0200] "GET / HTTP/1.1" 302 - "-" "Toplistbot"
212.202.235.226 - - [04/Apr/2011:11:41:50 +0200] "GET / HTTP/1.1" 302 - "-" "Mozilla/4.0 (compatible; MSIE 8.0; Windows NT 5.1; Trident/4.0; .NET CLR 2.0.50727; .NET CLR 3.0.4506.2152; .NET CLR 3.5.30729)"
65.52.110.36 - - [04/Apr/2011:11:54:30 +0200] "GET /robots.txt HTTP/1.1" 404 1256 "-" "Mozilla/5.0 (compatible; bingbot/2.0; +http://www.bing.com/bingbot.htm)"
65.52.110.36 - - [04/Apr/2011:11:55:30 +0200] "GET / HTTP/1.1" 302 - "-" "Mozilla/5.0 (compatible; bingbot/2.0; +http://www.bing.com/bingbot.htm)"
78.52.136.8 - - [04/Apr/2011:12:22:19 +0200] "GET / HTTP/1.1" 302 - "http://jobboerse.arbeitsagentur.de/vamJB/stellenangeboteFinden.html;jsessionid=2wXdNZccdJQFQY4Jf05bJbY7PN543LB21s7x2NG9C2FXvnqt7J5p!-180038739?&benc=8tjuHJr2FWcQnfHUtl9b1d7Uzk%2FBd%2FDZKpBnsXkFlcBxMU%2FfINwVFg%3D%3D&benc=M%2BqxIm5DolCeHgmsSpLN2t3schPyxGoUjY9SOWya0%2BfRmEnGeGWWP7YYyIWbcAZ04KAq6KlfC%2B0%3D" "Mozilla/5.0 (Windows; U; Windows NT 6.1; en-US) AppleWebKit/534.16 (KHTML, like Gecko) Chrome/10.0.648.204 Safari/534.16"
67.195.114.236 - - [04/Apr/2011:12:31:18 +0200] "GET /robots.txt HTTP/1.0" 404 1256 "-" "Mozilla/5.0 (compatible; Yahoo! Slurp; http://help.yahoo.com/help/us/ysearch/slurp)"
67.195.114.236 - - [04/Apr/2011:12:31:18 +0200] "GET /refall.html HTTP/1.0" 200 10444 "-" "Mozilla/5.0 (compatible; Yahoo! Slurp; http://help.yahoo.com/help/us/ysearch/slurp)"
67.195.114.236 - - [04/Apr/2011:12:31:19 +0200] "GET /referenzen.html HTTP/1.0" 200 6836 "http://www.personal-dienstleistung.de/refall.html" "Mozilla/5.0 (compatible; Yahoo! Slurp; http://help.yahoo.com/help/us/ysearch/slurp)"
91.65.165.69 - - [04/Apr/2011:12:53:03 +0200] "GET / HTTP/1.1" 302 - "http://www.whdi.de/hwsuche/kp_handwerkersuche_details.php?infoid=BE-430-100-20009" "Mozilla/5.0 (compatible; MSIE 9.0; Windows NT 6.1; WOW64; Trident/5.0)"
82.82.188.139 - - [04/Apr/2011:13:03:31 +0200] "GET / HTTP/1.1" 302 - "-" "Mozilla/4.0 (compatible; MSIE 8.0; Windows NT 5.1; Trident/4.0; GTB6.6; .NET CLR 1.1.4322; .NET CLR 2.0.50727; .NET CLR 3.0.4506.2152; .NET CLR 3.5.30729)"
89.204.137.74 - - [04/Apr/2011:13:06:12 +0200] "GET / HTTP/1.1" 302 - "-" "Mozilla/4.0 (compatible; MSIE 8.0; Windows NT 6.1; WOW64; Trident/4.0; SLCC2; .NET CLR 2.0.50727; .NET CLR 3.5.30729; .NET CLR 3.0.30729; Media Center PC 6.0; HPNTDF; InfoPath.2; .NET4.0C)"
213.201.137.210 - - [04/Apr/2011:13:12:38 +0200] "GET /robots.txt HTTP/1.1" 404 1256 "-" "ilocal company search (+http://www.ilocal.nl/about/crawler.jsp)"
213.201.137.210 - - [04/Apr/2011:13:12:38 +0200] "GET / HTTP/1.1" 302 - "-" "ilocal company search (+http://www.ilocal.nl/about/crawler.jsp)"
89.204.137.118 - - [04/Apr/2011:13:29:03 +0200] "GET / HTTP/1.1" 302 - "http://www.personal-technik.de/pages/standorte.php" "Mozilla/4.0 (compatible; MSIE 8.0; Windows NT 6.1; WOW64; Trident/4.0; SLCC2; .NET CLR 2.0.50727; .NET CLR 3.5.30729; .NET CLR 3.0.30729; Media Center PC 6.0; HPNTDF; InfoPath.2; .NET4.0C)"
85.177.89.27 - - [04/Apr/2011:13:29:56 +0200] "GET / HTTP/1.1" 302 - "http://www.gelbeseiten.de/yp/subscriberlist_advertisementAction.yp?subscriberID=1056208986&tradeID=17468&index=116.0&sessionDataString=H4sIAAAAAAAAAI2Oy07DQAxFv6bLVON5OaO7opV4LBAVSGyrSeOUoJCESSiUr2eEYIGUBd75Wj730CGG2HCoCo41FZYaV0QxXBDpqhGOtrRciFJeGqWhPcxKX0o6StW3U9dOs-pT96mH/J0I4j/A7SdPQx-p4k6aWd5-p6tPyJuJHVtj2rpmFth/4Mv5xRrmSSmwxNqhdkY4/H6w34mUr-pDgTAqo3CiwI4s3omN9YwPp9dOW0U4k1lbIqcCPgkX44LYNeNmGtK8/-p7FLSnnDemQuXfE1pfY5Qj32X-p78L8yS9QVb/GYIWhIBW-pt5az1BU9emA2QAQAA" "Mozilla/5.0 (Windows; U; Windows NT 5.1; de; rv:1.9.2.16) Gecko/20110319 Firefox/3.6.16 GTB7.1 (.NET CLR 3.5.30729)"
91.66.132.169 - - [04/Apr/2011:14:19:48 +0200] "GET /impressuminframe.html HTTP/1.1" 200 8032 "http://www.google.de/url?sa=t&source=web&cd=3&ved=0CCkQFjAC&url=http%3A%2F%2Fwww.personal-dienstleistung.de%2Fimpressuminframe.html&rct=j&q=k%26k%20GmbH%20treskowallee%20%20106&ei=4LeZTc_uK4rAswbhwaHOCA&usg=AFQjCNHbLrgjyWZZr9bEFROTuvzAZfwpgQ" "Mozilla/5.0 (Windows; U; Windows NT 6.0; de; rv:1.9.2.15) Gecko/20110303 BTRS19367 Firefox/3.6.15 ( .NET CLR 3.5.30729; .NET4.0C)"
91.66.132.169 - - [04/Apr/2011:14:19:48 +0200] "GET /favicon.ico HTTP/1.1" 404 1256 "-" "Mozilla/5.0 (Windows; U; Windows NT 6.0; de; rv:1.9.2.15) Gecko/20110303 BTRS19367 Firefox/3.6.15 ( .NET CLR 3.5.30729; .NET4.0C)"
91.66.132.169 - - [04/Apr/2011:14:19:51 +0200] "GET /favicon.ico HTTP/1.1" 404 1256 "-" "Mozilla/5.0 (Windows; U; Windows NT 6.0; de; rv:1.9.2.15) Gecko/20110303 BTRS19367 Firefox/3.6.15 ( .NET CLR 3.5.30729; .NET4.0C)"
87.193.152.154 - - [04/Apr/2011:14:41:41 +0200] "GET / HTTP/1.0" 302 - "-" "Mozilla/4.0 (compatible; MSIE 8.0; Windows NT 5.1; Trident/4.0; .NET CLR 1.1.4322; InfoPath.2)"
87.193.152.154 - - [04/Apr/2011:14:47:33 +0200] "GET / HTTP/1.0" 302 - "-" "Mozilla/4.0 (compatible; MSIE 8.0; Windows NT 5.1; Trident/4.0; .NET CLR 1.1.4322; InfoPath.2)"
91.66.132.169 - - [04/Apr/2011:15:17:40 +0200] "GET /kontaKTalllay.html HTTP/1.1" 200 10606 "http://www.google.de/url?sa=t&source=web&cd=18&ved=0CEcQFjAHOAo&url=http%3A%2F%2Fwww.personal-dienstleistung.de%2FkontaKTalllay.html&rct=j&q=k%26k%20GmbH%20treskowallee%20%20106&ei=3rqZTeSyB8v1sgbVnaHMCA&usg=AFQjCNFfGSzNt-eyQ8APfV4BHRYpfmoy7A" "Mozilla/5.0 (Windows; U; Windows NT 6.0; de; rv:1.9.2.15) Gecko/20110303 BTRS19367 Firefox/3.6.15 ( .NET CLR 3.5.30729; .NET4.0C)"
91.66.132.169 - - [04/Apr/2011:15:17:41 +0200] "GET /CSScriptLib.js HTTP/1.1" 200 74417 "http://www.personal-dienstleistung.de/kontaKTalllay.html" "Mozilla/5.0 (Windows; U; Windows NT 6.0; de; rv:1.9.2.15) Gecko/20110303 BTRS19367 Firefox/3.6.15 ( .NET CLR 3.5.30729; .NET4.0C)"
91.66.132.169 - - [04/Apr/2011:15:17:41 +0200] "GET /images/hg1_02.gif HTTP/1.1" 200 32178 "http://www.personal-dienstleistung.de/kontaKTalllay.html" "Mozilla/5.0 (Windows; U; Windows NT 6.0; de; rv:1.9.2.15) Gecko/20110303 BTRS19367 Firefox/3.6.15 ( .NET CLR 3.5.30729; .NET4.0C)"
91.66.132.169 - - [04/Apr/2011:15:17:41 +0200] "GET /images/hg1_14.gif HTTP/1.1" 200 10344 "http://www.personal-dienstleistung.de/kontaKTalllay.html" "Mozilla/5.0 (Windows; U; Windows NT 6.0; de; rv:1.9.2.15) Gecko/20110303 BTRS19367 Firefox/3.6.15 ( .NET CLR 3.5.30729; .NET4.0C)"
91.66.132.169 - - [04/Apr/2011:15:17:41 +0200] "GET /images/hg1_13.gif HTTP/1.1" 200 3972 "http://www.personal-dienstleistung.de/kontaKTalllay.html" "Mozilla/5.0 (Windows; U; Windows NT 6.0; de; rv:1.9.2.15) Gecko/20110303 BTRS19367 Firefox/3.6.15 ( .NET CLR 3.5.30729; .NET4.0C)"
91.66.132.169 - - [04/Apr/2011:15:17:41 +0200] "GET /images/hg1_04.gif HTTP/1.1" 200 6715 "http://www.personal-dienstleistung.de/kontaKTalllay.html" "Mozilla/5.0 (Windows; U; Windows NT 6.0; de; rv:1.9.2.15) Gecko/20110303 BTRS19367 Firefox/3.6.15 ( .NET CLR 3.5.30729; .NET4.0C)"
91.66.132.169 - - [04/Apr/2011:15:17:41 +0200] "GET /images/hg1_15.gif HTTP/1.1" 200 789 "http://www.personal-dienstleistung.de/kontaKTalllay.html" "Mozilla/5.0 (Windows; U; Windows NT 6.0; de; rv:1.9.2.15) Gecko/20110303 BTRS19367 Firefox/3.6.15 ( .NET CLR 3.5.30729; .NET4.0C)"
91.66.132.169 - - [04/Apr/2011:15:17:41 +0200] "GET /images/hg1_16.gif HTTP/1.1" 200 1417 "http://www.personal-dienstleistung.de/kontaKTalllay.html" "Mozilla/5.0 (Windows; U; Windows NT 6.0; de; rv:1.9.2.15) Gecko/20110303 BTRS19367 Firefox/3.6.15 ( .NET CLR 3.5.30729; .NET4.0C)"
91.66.132.169 - - [04/Apr/2011:15:17:41 +0200] "GET /images/hg1_17.gif HTTP/1.1" 200 1597 "http://www.personal-dienstleistung.de/kontaKTalllay.html" "Mozilla/5.0 (Windows; U; Windows NT 6.0; de; rv:1.9.2.15) Gecko/20110303 BTRS19367 Firefox/3.6.15 ( .NET CLR 3.5.30729; .NET4.0C)"
91.66.132.169 - - [04/Apr/2011:15:17:41 +0200] "GET /images/hg1_18.gif HTTP/1.1" 200 1911 "http://www.personal-dienstleistung.de/kontaKTalllay.html" "Mozilla/5.0 (Windows; U; Windows NT 6.0; de; rv:1.9.2.15) Gecko/20110303 BTRS19367 Firefox/3.6.15 ( .NET CLR 3.5.30729; .NET4.0C)"
91.66.132.169 - - [04/Apr/2011:15:17:41 +0200] "GET /images/hg1_19.gif HTTP/1.1" 200 1883 "http://www.personal-dienstleistung.de/kontaKTalllay.html" "Mozilla/5.0 (Windows; U; Windows NT 6.0; de; rv:1.9.2.15) Gecko/20110303 BTRS19367 Firefox/3.6.15 ( .NET CLR 3.5.30729; .NET4.0C)"
91.66.132.169 - - [04/Apr/2011:15:17:41 +0200] "GET /images/hg1_20.gif HTTP/1.1" 200 1423 "http://www.personal-dienstleistung.de/kontaKTalllay.html" "Mozilla/5.0 (Windows; U; Windows NT 6.0; de; rv:1.9.2.15) Gecko/20110303 BTRS19367 Firefox/3.6.15 ( .NET CLR 3.5.30729; .NET4.0C)"
91.66.132.169 - - [04/Apr/2011:15:17:41 +0200] "GET /images/hg1_21.gif HTTP/1.1" 200 3374 "http://www.personal-dienstleistung.de/kontaKTalllay.html" "Mozilla/5.0 (Windows; U; Windows NT 6.0; de; rv:1.9.2.15) Gecko/20110303 BTRS19367 Firefox/3.6.15 ( .NET CLR 3.5.30729; .NET4.0C)"
91.66.132.169 - - [04/Apr/2011:15:17:41 +0200] "GET /images/hg1_22.gif HTTP/1.1" 200 4975 "http://www.personal-dienstleistung.de/kontaKTalllay.html" "Mozilla/5.0 (Windows; U; Windows NT 6.0; de; rv:1.9.2.15) Gecko/20110303 BTRS19367 Firefox/3.6.15 ( .NET CLR 3.5.30729; .NET4.0C)"
91.66.132.169 - - [04/Apr/2011:15:17:41 +0200] "GET /images/hg1_23.gif HTTP/1.1" 200 5581 "http://www.personal-dienstleistung.de/kontaKTalllay.html" "Mozilla/5.0 (Windows; U; Windows NT 6.0; de; rv:1.9.2.15) Gecko/20110303 BTRS19367 Firefox/3.6.15 ( .NET CLR 3.5.30729; .NET4.0C)"
91.66.132.169 - - [04/Apr/2011:15:17:41 +0200] "GET /images/hg1_06.gif HTTP/1.1" 200 5512 "http://www.personal-dienstleistung.de/kontaKTalllay.html" "Mozilla/5.0 (Windows; U; Windows NT 6.0; de; rv:1.9.2.15) Gecko/20110303 BTRS19367 Firefox/3.6.15 ( .NET CLR 3.5.30729; .NET4.0C)"
91.66.132.169 - - [04/Apr/2011:15:17:41 +0200] "GET /images/hg1_01.gif HTTP/1.1" 200 54550 "http://www.personal-dienstleistung.de/kontaKTalllay.html" "Mozilla/5.0 (Windows; U; Windows NT 6.0; de; rv:1.9.2.15) Gecko/20110303 BTRS19367 Firefox/3.6.15 ( .NET CLR 3.5.30729; .NET4.0C)"
91.66.132.169 - - [04/Apr/2011:15:17:41 +0200] "GET /images/hg1_08.gif HTTP/1.1" 200 4931 "http://www.personal-dienstleistung.de/kontaKTalllay.html" "Mozilla/5.0 (Windows; U; Windows NT 6.0; de; rv:1.9.2.15) Gecko/20110303 BTRS19367 Firefox/3.6.15 ( .NET CLR 3.5.30729; .NET4.0C)"
91.66.132.169 - - [04/Apr/2011:15:17:41 +0200] "GET /images/hg1_07.gif HTTP/1.1" 200 5126 "http://www.personal-dienstleistung.de/kontaKTalllay.html" "Mozilla/5.0 (Windows; U; Windows NT 6.0; de; rv:1.9.2.15) Gecko/20110303 BTRS19367 Firefox/3.6.15 ( .NET CLR 3.5.30729; .NET4.0C)"
91.66.132.169 - - [04/Apr/2011:15:17:41 +0200] "GET /images/hg1_10.gif HTTP/1.1" 200 4586 "http://www.personal-dienstleistung.de/kontaKTalllay.html" "Mozilla/5.0 (Windows; U; Windows NT 6.0; de; rv:1.9.2.15) Gecko/20110303 BTRS19367 Firefox/3.6.15 ( .NET CLR 3.5.30729; .NET4.0C)"
91.66.132.169 - - [04/Apr/2011:15:17:41 +0200] "GET /images/hg1_09.gif HTTP/1.1" 200 4780 "http://www.personal-dienstleistung.de/kontaKTalllay.html" "Mozilla/5.0 (Windows; U; Windows NT 6.0; de; rv:1.9.2.15) Gecko/20110303 BTRS19367 Firefox/3.6.15 ( .NET CLR 3.5.30729; .NET4.0C)"
91.66.132.169 - - [04/Apr/2011:15:17:41 +0200] "GET /images/hg1_11.gif HTTP/1.1" 200 4699 "http://www.personal-dienstleistung.de/kontaKTalllay.html" "Mozilla/5.0 (Windows; U; Windows NT 6.0; de; rv:1.9.2.15) Gecko/20110303 BTRS19367 Firefox/3.6.15 ( .NET CLR 3.5.30729; .NET4.0C)"
91.66.132.169 - - [04/Apr/2011:15:17:41 +0200] "GET /images/hg1_over_12.gif HTTP/1.1" 200 5834 "http://www.personal-dienstleistung.de/kontaKTalllay.html" "Mozilla/5.0 (Windows; U; Windows NT 6.0; de; rv:1.9.2.15) Gecko/20110303 BTRS19367 Firefox/3.6.15 ( .NET CLR 3.5.30729; .NET4.0C)"
91.66.132.169 - - [04/Apr/2011:15:17:41 +0200] "GET /images/hg1_lkontakt_07.gif HTTP/1.1" 200 4813 "http://www.personal-dienstleistung.de/kontaKTalllay.html" "Mozilla/5.0 (Windows; U; Windows NT 6.0; de; rv:1.9.2.15) Gecko/20110303 BTRS19367 Firefox/3.6.15 ( .NET CLR 3.5.30729; .NET4.0C)"
91.66.132.169 - - [04/Apr/2011:15:17:41 +0200] "GET /images/hg1_lkontakt_08.gif HTTP/1.1" 200 4243 "http://www.personal-dienstleistung.de/kontaKTalllay.html" "Mozilla/5.0 (Windows; U; Windows NT 6.0; de; rv:1.9.2.15) Gecko/20110303 BTRS19367 Firefox/3.6.15 ( .NET CLR 3.5.30729; .NET4.0C)"
91.66.132.169 - - [04/Apr/2011:15:17:41 +0200] "GET /images/hg1_lkontakt_09.gif HTTP/1.1" 200 3644 "http://www.personal-dienstleistung.de/kontaKTalllay.html" "Mozilla/5.0 (Windows; U; Windows NT 6.0; de; rv:1.9.2.15) Gecko/20110303 BTRS19367 Firefox/3.6.15 ( .NET CLR 3.5.30729; .NET4.0C)"
91.66.132.169 - - [04/Apr/2011:15:17:41 +0200] "GET /images/hg1_lkontakt_10.gif HTTP/1.1" 200 5337 "http://www.personal-dienstleistung.de/kontaKTalllay.html" "Mozilla/5.0 (Windows; U; Windows NT 6.0; de; rv:1.9.2.15) Gecko/20110303 BTRS19367 Firefox/3.6.15 ( .NET CLR 3.5.30729; .NET4.0C)"
91.66.132.169 - - [04/Apr/2011:15:17:41 +0200] "GET /images/neuerbanner/bneu_01.gif HTTP/1.1" 200 25045 "http://www.personal-dienstleistung.de/kontaKTalllay.html" "Mozilla/5.0 (Windows; U; Windows NT 6.0; de; rv:1.9.2.15) Gecko/20110303 BTRS19367 Firefox/3.6.15 ( .NET CLR 3.5.30729; .NET4.0C)"
91.66.132.169 - - [04/Apr/2011:15:17:41 +0200] "GET /images/neuerbanner/bneu_02.gif HTTP/1.1" 200 1830 "http://www.personal-dienstleistung.de/kontaKTalllay.html" "Mozilla/5.0 (Windows; U; Windows NT 6.0; de; rv:1.9.2.15) Gecko/20110303 BTRS19367 Firefox/3.6.15 ( .NET CLR 3.5.30729; .NET4.0C)"
91.66.132.169 - - [04/Apr/2011:15:17:41 +0200] "GET /images/neuerbanner/bneu_03.gif HTTP/1.1" 200 706 "http://www.personal-dienstleistung.de/kontaKTalllay.html" "Mozilla/5.0 (Windows; U; Windows NT 6.0; de; rv:1.9.2.15) Gecko/20110303 BTRS19367 Firefox/3.6.15 ( .NET CLR 3.5.30729; .NET4.0C)"
91.66.132.169 - - [04/Apr/2011:15:17:41 +0200] "GET /images/neuerbanner/bneu_04.gif HTTP/1.1" 200 983 "http://www.personal-dienstleistung.de/kontaKTalllay.html" "Mozilla/5.0 (Windows; U; Windows NT 6.0; de; rv:1.9.2.15) Gecko/20110303 BTRS19367 Firefox/3.6.15 ( .NET CLR 3.5.30729; .NET4.0C)"
91.66.132.169 - - [04/Apr/2011:15:17:41 +0200] "GET /images/neuerbanner/bneu_05.gif HTTP/1.1" 200 2032 "http://www.personal-dienstleistung.de/kontaKTalllay.html" "Mozilla/5.0 (Windows; U; Windows NT 6.0; de; rv:1.9.2.15) Gecko/20110303 BTRS19367 Firefox/3.6.15 ( .NET CLR 3.5.30729; .NET4.0C)"
91.66.132.169 - - [04/Apr/2011:15:17:41 +0200] "GET /images/hghg.jpg HTTP/1.1" 200 2578 "http://www.personal-dienstleistung.de/kontaKTalllay.html" "Mozilla/5.0 (Windows; U; Windows NT 6.0; de; rv:1.9.2.15) Gecko/20110303 BTRS19367 Firefox/3.6.15 ( .NET CLR 3.5.30729; .NET4.0C)"
91.66.132.169 - - [04/Apr/2011:15:17:41 +0200] "GET /kontakt/kontakt+.html HTTP/1.1" 200 10806 "http://www.personal-dienstleistung.de/kontaKTalllay.html" "Mozilla/5.0 (Windows; U; Windows NT 6.0; de; rv:1.9.2.15) Gecko/20110303 BTRS19367 Firefox/3.6.15 ( .NET CLR 3.5.30729; .NET4.0C)"
91.66.132.169 - - [04/Apr/2011:15:17:41 +0200] "GET /kontakt/Bilder/anfahrtbutton.jpg HTTP/1.1" 200 5877 "http://www.personal-dienstleistung.de/kontakt/kontakt+.html" "Mozilla/5.0 (Windows; U; Windows NT 6.0; de; rv:1.9.2.15) Gecko/20110303 BTRS19367 Firefox/3.6.15 ( .NET CLR 3.5.30729; .NET4.0C)"
91.66.132.169 - - [04/Apr/2011:15:17:41 +0200] "GET /kontakt/Bilder/Ansprechpartner.jpg HTTP/1.1" 200 7959 "http://www.personal-dienstleistung.de/kontakt/kontakt+.html" "Mozilla/5.0 (Windows; U; Windows NT 6.0; de; rv:1.9.2.15) Gecko/20110303 BTRS19367 Firefox/3.6.15 ( .NET CLR 3.5.30729; .NET4.0C)"
91.66.132.169 - - [04/Apr/2011:15:17:41 +0200] "GET /kontakt/Bilder/email.jpg HTTP/1.1" 200 5286 "http://www.personal-dienstleistung.de/kontakt/kontakt+.html" "Mozilla/5.0 (Windows; U; Windows NT 6.0; de; rv:1.9.2.15) Gecko/20110303 BTRS19367 Firefox/3.6.15 ( .NET CLR 3.5.30729; .NET4.0C)"
91.66.132.169 - - [04/Apr/2011:15:17:41 +0200] "GET /images/hg1_over_06.gif HTTP/1.1" 200 5680 "http://www.personal-dienstleistung.de/kontaKTalllay.html" "Mozilla/5.0 (Windows; U; Windows NT 6.0; de; rv:1.9.2.15) Gecko/20110303 BTRS19367 Firefox/3.6.15 ( .NET CLR 3.5.30729; .NET4.0C)"
91.66.132.169 - - [04/Apr/2011:15:17:41 +0200] "GET /images/hg1_over_08.gif HTTP/1.1" 200 5039 "http://www.personal-dienstleistung.de/kontaKTalllay.html" "Mozilla/5.0 (Windows; U; Windows NT 6.0; de; rv:1.9.2.15) Gecko/20110303 BTRS19367 Firefox/3.6.15 ( .NET CLR 3.5.30729; .NET4.0C)"
91.66.132.169 - - [04/Apr/2011:15:17:41 +0200] "GET /images/hg1_over_07.gif HTTP/1.1" 200 5160 "http://www.personal-dienstleistung.de/kontaKTalllay.html" "Mozilla/5.0 (Windows; U; Windows NT 6.0; de; rv:1.9.2.15) Gecko/20110303 BTRS19367 Firefox/3.6.15 ( .NET CLR 3.5.30729; .NET4.0C)"
91.66.132.169 - - [04/Apr/2011:15:17:41 +0200] "GET /images/hg1_over_09.gif HTTP/1.1" 200 4870 "http://www.personal-dienstleistung.de/kontaKTalllay.html" "Mozilla/5.0 (Windows; U; Windows NT 6.0; de; rv:1.9.2.15) Gecko/20110303 BTRS19367 Firefox/3.6.15 ( .NET CLR 3.5.30729; .NET4.0C)"
91.66.132.169 - - [04/Apr/2011:15:17:41 +0200] "GET /images/hg1_over_10.gif HTTP/1.1" 200 4589 "http://www.personal-dienstleistung.de/kontaKTalllay.html" "Mozilla/5.0 (Windows; U; Windows NT 6.0; de; rv:1.9.2.15) Gecko/20110303 BTRS19367 Firefox/3.6.15 ( .NET CLR 3.5.30729; .NET4.0C)"
91.66.132.169 - - [04/Apr/2011:15:17:41 +0200] "GET /images/hg1_lkontakt_over_08.gif HTTP/1.1" 200 4404 "http://www.personal-dienstleistung.de/kontaKTalllay.html" "Mozilla/5.0 (Windows; U; Windows NT 6.0; de; rv:1.9.2.15) Gecko/20110303 BTRS19367 Firefox/3.6.15 ( .NET CLR 3.5.30729; .NET4.0C)"
91.66.132.169 - - [04/Apr/2011:15:17:41 +0200] "GET /images/hg1_lkontakt_over_07.gif HTTP/1.1" 200 5018 "http://www.personal-dienstleistung.de/kontaKTalllay.html" "Mozilla/5.0 (Windows; U; Windows NT 6.0; de; rv:1.9.2.15) Gecko/20110303 BTRS19367 Firefox/3.6.15 ( .NET CLR 3.5.30729; .NET4.0C)"
91.66.132.169 - - [04/Apr/2011:15:17:41 +0200] "GET /images/hg1_lkontakt_over_09.gif HTTP/1.1" 200 3909 "http://www.personal-dienstleistung.de/kontaKTalllay.html" "Mozilla/5.0 (Windows; U; Windows NT 6.0; de; rv:1.9.2.15) Gecko/20110303 BTRS19367 Firefox/3.6.15 ( .NET CLR 3.5.30729; .NET4.0C)"
91.66.132.169 - - [04/Apr/2011:15:17:41 +0200] "GET /images/hg1_lkontakt_over_10.gif HTTP/1.1" 200 5581 "http://www.personal-dienstleistung.de/kontaKTalllay.html" "Mozilla/5.0 (Windows; U; Windows NT 6.0; de; rv:1.9.2.15) Gecko/20110303 BTRS19367 Firefox/3.6.15 ( .NET CLR 3.5.30729; .NET4.0C)"
91.66.132.169 - - [04/Apr/2011:15:18:52 +0200] "GET /images/hg1_over_11.gif HTTP/1.1" 200 4915 "http://www.personal-dienstleistung.de/kontaKTalllay.html" "Mozilla/5.0 (Windows; U; Windows NT 6.0; de; rv:1.9.2.15) Gecko/20110303 BTRS19367 Firefox/3.6.15 ( .NET CLR 3.5.30729; .NET4.0C)"
91.66.132.169 - - [04/Apr/2011:15:18:58 +0200] "GET /AnfrageAll.html HTTP/1.1" 200 8274 "http://www.personal-dienstleistung.de/kontaKTalllay.html" "Mozilla/5.0 (Windows; U; Windows NT 6.0; de; rv:1.9.2.15) Gecko/20110303 BTRS19367 Firefox/3.6.15 ( .NET CLR 3.5.30729; .NET4.0C)"
91.66.132.169 - - [04/Apr/2011:15:18:58 +0200] "GET /anfrage/anforderungen.html HTTP/1.1" 200 7478 "http://www.personal-dienstleistung.de/AnfrageAll.html" "Mozilla/5.0 (Windows; U; Windows NT 6.0; de; rv:1.9.2.15) Gecko/20110303 BTRS19367 Firefox/3.6.15 ( .NET CLR 3.5.30729; .NET4.0C)"
91.66.132.169 - - [04/Apr/2011:15:18:58 +0200] "GET /anfrage/Bilder/azsdrucken.jpg HTTP/1.1" 200 15655 "http://www.personal-dienstleistung.de/anfrage/anforderungen.html" "Mozilla/5.0 (Windows; U; Windows NT 6.0; de; rv:1.9.2.15) Gecko/20110303 BTRS19367 Firefox/3.6.15 ( .NET CLR 3.5.30729; .NET4.0C)"
67.195.114.236 - - [04/Apr/2011:15:55:49 +0200] "GET /robots.txt HTTP/1.0" 404 1256 "-" "Mozilla/5.0 (compatible; Yahoo! Slurp; http://help.yahoo.com/help/us/ysearch/slurp)"
67.195.114.236 - - [04/Apr/2011:15:55:50 +0200] "GET / HTTP/1.0" 302 - "-" "Mozilla/5.0 (compatible; Yahoo! Slurp; http://help.yahoo.com/help/us/ysearch/slurp)"
208.115.111.67 - - [04/Apr/2011:16:42:17 +0200] "GET /robots.txt HTTP/1.1" 404 1256 "-" "Mozilla/5.0 (compatible; Ezooms/1.0; ezooms.bot@gmail.com)"
208.115.111.67 - - [04/Apr/2011:16:57:54 +0200] "GET / HTTP/1.1" 302 - "-" "Mozilla/5.0 (compatible; Ezooms/1.0; ezooms.bot@gmail.com)"
85.25.124.29 - - [04/Apr/2011:19:23:52 +0200] "GET / HTTP/1.1" 302 - "-" "Mozilla/5.0 (X11; U; Linux i686; de; rv:1.9.0.1; compatible; iCjobs Stellenangebote Jobs; http://www.icjobs.de) Gecko/20100401 iCjobs/3.2.3"
85.25.124.29 - - [04/Apr/2011:19:23:59 +0200] "GET /robots.txt HTTP/1.1" 404 1256 "-" "Mozilla/5.0 (X11; U; Linux i686; de; rv:1.9.0.1; compatible; iCjobs Stellenangebote Jobs; http://www.icjobs.de) Gecko/20100401 iCjobs/3.2.3"
85.25.124.29 - - [04/Apr/2011:19:23:59 +0200] "GET / HTTP/1.1" 302 - "-" "Mozilla/5.0 (X11; U; Linux i686; de; rv:1.9.0.1; compatible; iCjobs Stellenangebote Jobs; http://www.icjobs.de) Gecko/20100401 iCjobs/3.2.3"
66.249.72.51 - - [04/Apr/2011:20:37:21 +0200] "GET /robots.txt HTTP/1.1" 404 1256 "-" "Mozilla/5.0 (compatible; Googlebot/2.1; +http://www.google.com/bot.html)"
66.249.72.51 - - [04/Apr/2011:20:37:21 +0200] "GET / HTTP/1.1" 302 - "-" "Mozilla/5.0 (compatible; Googlebot/2.1; +http://www.google.com/bot.html)"
79.232.177.23 - - [04/Apr/2011:22:08:50 +0200] "GET /kontakt/kontakt%20waren.html HTTP/1.1" 200 8546 "http://www.google.de/imgres?imgurl=http://www.personal-dienstleistung.de/kontakt/Bilder/Mitarbeiter%2520Perso/FrauMuhsalneu.jpg&imgrefurl=http://www.personal-dienstleistung.de/kontakt/kontakt%2520waren.html&usg=__74f7csLf9OPYhQoiaE50DPIyN9E=&h=145&w=100&sz=31&hl=de&start=22&zoom=1&itbs=1&tbnid=dG6A2pYrOjZZqM:&tbnh=95&tbnw=66&prev=/search%3Fq%3Dmanuela%2Bmuhsal%26start%3D21%26hl%3Dde%26sa%3DN%26rlz%3D1T4ACPW_deDE369DE366%26ndsp%3D21%26tbm%3Disch%26prmd%3Divnso&ei=2CWaTZ2QHYXHswa6_OTcBQ" "Mozilla/4.0 (compatible; MSIE 8.0; Windows NT 6.1; WOW64; Trident/4.0; GTB6.6; SLCC2; .NET CLR 2.0.50727; .NET CLR 3.5.30729; .NET CLR 3.0.30729; Media Center PC 6.0; .NET4.0C)"
79.232.177.23 - - [04/Apr/2011:22:08:50 +0200] "GET /kontakt/Bilder/Mitarbeiter%20Perso/no.jpg HTTP/1.1" 200 7381 "http://www.personal-dienstleistung.de/kontakt/kontakt%20waren.html" "Mozilla/4.0 (compatible; MSIE 8.0; Windows NT 6.1; WOW64; Trident/4.0; GTB6.6; SLCC2; .NET CLR 2.0.50727; .NET CLR 3.5.30729; .NET CLR 3.0.30729; Media Center PC 6.0; .NET4.0C)"
79.232.177.23 - - [04/Apr/2011:22:08:50 +0200] "GET /kontakt/Bilder/Mitarbeiter%20Perso/FrauMuhsalneu.jpg HTTP/1.1" 200 31185 "http://www.personal-dienstleistung.de/kontakt/kontakt%20waren.html" "Mozilla/4.0 (compatible; MSIE 8.0; Windows NT 6.1; WOW64; Trident/4.0; GTB6.6; SLCC2; .NET CLR 2.0.50727; .NET CLR 3.5.30729; .NET CLR 3.0.30729; Media Center PC 6.0; .NET4.0C)"
79.232.177.23 - - [04/Apr/2011:22:08:50 +0200] "GET /kontakt/Bilder/Nancy_Schmidtke.jpg HTTP/1.1" 200 20589 "http://www.personal-dienstleistung.de/kontakt/kontakt%20waren.html" "Mozilla/4.0 (compatible; MSIE 8.0; Windows NT 6.1; WOW64; Trident/4.0; GTB6.6; SLCC2; .NET CLR 2.0.50727; .NET CLR 3.5.30729; .NET CLR 3.0.30729; Media Center PC 6.0; .NET4.0C)"
