65.52.110.82 - - [23/Apr/2011:21:32:33 +0200] "GET /linksAll.html HTTP/1.1" 304 - "-" "Mozilla/5.0 (compatible; bingbot/2.0; +http://www.bing.com/bingbot.htm)"
78.129.201.71 - - [23/Apr/2011:22:30:58 +0200] "GET /robots.txt HTTP/1.0" 404 1256 "-" "Mozilla/5.0 (compatible; MJ12bot/v1.3.3; http://www.majestic12.co.uk/bot.php?+)"
78.129.201.71 - - [23/Apr/2011:22:30:59 +0200] "GET / HTTP/1.0" 302 - "-" "Mozilla/5.0 (compatible; MJ12bot/v1.3.3; http://www.majestic12.co.uk/bot.php?+)"
208.80.194.34 - - [23/Apr/2011:23:14:49 +0200] "GET / HTTP/1.0" 302 - "-" "Mozilla/4.0 (compatible; MSIE 6.0; Windows NT 5.1; SV1; sbcydsl 3.12; .NET CLR 1.1.4322; yplus 5.1.04b)"
67.195.113.240 - - [24/Apr/2011:00:44:06 +0200] "GET /kompetenz/personalleasing.html HTTP/1.0" 200 5302 "-" "Mozilla/5.0 (compatible; Yahoo! Slurp; http://help.yahoo.com/help/us/ysearch/slurp)"
95.108.158.134 - - [24/Apr/2011:02:44:23 +0200] "GET /robots.txt HTTP/1.1" 404 1256 "-" "Mozilla/5.0 (compatible; YandexBot/3.0; +http://yandex.com/bots)"
66.249.72.51 - - [24/Apr/2011:05:10:58 +0200] "GET /robots.txt HTTP/1.1" 404 1256 "-" "SAMSUNG-SGH-E250/1.0 Profile/MIDP-2.0 Configuration/CLDC-1.1 UP.Browser/6.2.3.3.c.1.101 (GUI) MMP/2.0 (compatible; Googlebot-Mobile/2.1; +http://www.google.com/bot.html)"
66.249.72.51 - - [24/Apr/2011:05:10:58 +0200] "GET / HTTP/1.1" 302 - "-" "SAMSUNG-SGH-E250/1.0 Profile/MIDP-2.0 Configuration/CLDC-1.1 UP.Browser/6.2.3.3.c.1.101 (GUI) MMP/2.0 (compatible; Googlebot-Mobile/2.1; +http://www.google.com/bot.html)"
95.108.158.134 - - [24/Apr/2011:07:49:17 +0200] "GET / HTTP/1.1" 302 - "-" "Mozilla/5.0 (compatible; YandexBot/3.0; +http://yandex.com/bots)"
88.131.106.22 - - [24/Apr/2011:07:58:09 +0200] "GET /robots.txt HTTP/1.0" 404 1256 "-" "Mozilla/5.0 (Windows; U; Windows NT 5.1; en-US) Speedy Spider (http://www.entireweb.com/about/search_tech/speedy_spider/)"
88.131.106.22 - - [24/Apr/2011:07:58:09 +0200] "GET /Anfahrt/anfahrtHannover.html HTTP/1.0" 200 3172 "-" "Mozilla/5.0 (Windows; U; Windows NT 5.1; en-US) Speedy Spider (http://www.entireweb.com/about/search_tech/speedy_spider/)"
88.131.106.22 - - [24/Apr/2011:08:13:38 +0200] "GET /Anfahrt/Bilder/anfahrtberlin.pdf HTTP/1.0" 200 151366 "-" "Mozilla/5.0 (Windows; U; Windows NT 5.1; en-US) Speedy Spider (http://www.entireweb.com/about/search_tech/speedy_spider/)"
66.249.72.51 - - [24/Apr/2011:08:53:23 +0200] "GET /kompetenz/getraenkelog.html HTTP/1.1" 200 5224 "-" "Mozilla/5.0 (compatible; Googlebot/2.1; +http://www.google.com/bot.html)"
207.46.199.55 - - [24/Apr/2011:09:24:17 +0200] "GET /robots.txt HTTP/1.1" 404 1256 "-" "Mozilla/5.0 (compatible; bingbot/2.0; +http://www.bing.com/bingbot.htm)"
207.46.199.55 - - [24/Apr/2011:09:25:22 +0200] "GET /anfahrtalllay.html HTTP/1.1" 304 - "-" "Mozilla/5.0 (compatible; bingbot/2.0; +http://www.bing.com/bingbot.htm)"
66.249.72.51 - - [24/Apr/2011:10:24:11 +0200] "GET / HTTP/1.1" 302 - "-" "DoCoMo/2.0 N905i(c100;TB;W24H16) (compatible; Googlebot-Mobile/2.1; +http://www.google.com/bot.html)"
65.52.108.60 - - [24/Apr/2011:11:02:14 +0200] "GET /robots.txt HTTP/1.1" 404 1256 "-" "Mozilla/5.0 (compatible; bingbot/2.0; +http://www.bing.com/bingbot.htm)"
65.52.108.60 - - [24/Apr/2011:11:02:51 +0200] "GET /kontakt/kontakt+.html HTTP/1.1" 304 - "-" "Mozilla/5.0 (compatible; bingbot/2.0; +http://www.bing.com/bingbot.htm)"
78.55.167.229 - - [24/Apr/2011:11:17:26 +0200] "GET / HTTP/1.1" 302 - "http://www.rekruter.de/adressen/detail.lasso?id=6798" "Mozilla/4.0 (compatible; MSIE 8.0; Windows NT 6.1; WOW64; Trident/4.0; GTB6.6; SLCC2; .NET CLR 2.0.50727; .NET CLR 3.5.30729; .NET CLR 3.0.30729; Media Center PC 6.0; .NET4.0C; MANM)"
78.55.167.229 - - [24/Apr/2011:11:18:26 +0200] "GET / HTTP/1.1" 302 - "http://www.rekruter.de/adressen/detail.lasso?id=6798" "Mozilla/4.0 (compatible; MSIE 8.0; Windows NT 6.1; WOW64; Trident/4.0; GTB6.6; SLCC2; .NET CLR 2.0.50727; .NET CLR 3.5.30729; .NET CLR 3.0.30729; Media Center PC 6.0; .NET4.0C; MANM)"
78.55.167.229 - - [24/Apr/2011:11:19:02 +0200] "GET / HTTP/1.1" 302 - "http://www.rekruter.de/adressen/detail.lasso?id=6798" "Mozilla/4.0 (compatible; MSIE 8.0; Windows NT 6.1; WOW64; Trident/4.0; GTB6.6; SLCC2; .NET CLR 2.0.50727; .NET CLR 3.5.30729; .NET CLR 3.0.30729; Media Center PC 6.0; .NET4.0C; MANM)"
66.249.72.51 - - [24/Apr/2011:11:27:59 +0200] "GET / HTTP/1.1" 302 - "-" "Mozilla/5.0 (compatible; Googlebot/2.1; +http://www.google.com/bot.html)"
66.36.230.78 - - [24/Apr/2011:17:59:00 +0200] "GET /robots.txt HTTP/1.1" 404 1256 "-" "Mozilla/4.0 (compatible; MSIE 5.01; Windows NT)"
66.36.230.78 - - [24/Apr/2011:17:59:08 +0200] "GET / HTTP/1.1" 302 - "-" "Mozilla/4.0 (compatible; MSIE 5.01; Windows NT)"
94.23.211.138 - - [24/Apr/2011:18:39:41 +0200] "HEAD / HTTP/1.1" 302 - "-" "Mozilla/4.0 (compatible; MSIE 5.01; Windows NT 5.0)"
67.195.113.240 - - [24/Apr/2011:19:35:20 +0200] "GET /robots.txt HTTP/1.0" 404 1256 "-" "Mozilla/5.0 (compatible; Yahoo! Slurp; http://help.yahoo.com/help/us/ysearch/slurp)"
67.195.113.240 - - [24/Apr/2011:19:35:24 +0200] "GET /kontakt/kontakt%20hannover.html HTTP/1.0" 200 8512 "-" "Mozilla/5.0 (compatible; Yahoo! Slurp; http://help.yahoo.com/help/us/ysearch/slurp)"
93.219.168.244 - - [24/Apr/2011:20:01:12 +0200] "GET / HTTP/1.1" 302 - "-" "Mozilla/5.0 (Windows; U; Windows NT 6.0; de; rv:1.9.2.3) Gecko/20100401 Firefox/3.6.3 ( .NET CLR 3.5.30729)"
66.249.72.51 - - [24/Apr/2011:20:55:51 +0200] "GET /robots.txt HTTP/1.1" 404 1256 "-" "Mozilla/5.0 (compatible; Googlebot/2.1; +http://www.google.com/bot.html)"
66.249.72.51 - - [24/Apr/2011:20:55:51 +0200] "GET /anfahrtalllay.html HTTP/1.1" 200 10071 "-" "Mozilla/5.0 (compatible; Googlebot/2.1; +http://www.google.com/bot.html)"
74.125.16.66 - - [24/Apr/2011:22:18:58 +0200] "GET / HTTP/1.1" 302 - "-" "Mozilla/5.0 (en-us) AppleWebKit/534.14 (KHTML, like Gecko; Google Wireless Transcoder) Chrome/9.0.597 Safari/534.14"
89.183.162.204 - - [25/Apr/2011:00:47:32 +0200] "GET /favicon.ico HTTP/1.1" 404 1256 "http://query.ie.kikin.com/query-server/K/Query/?ksu=http%3A//www.init.com/&returnType=html" "Mozilla/5.0 (Windows; U; Windows NT 5.1; de; rv:1.9.2.16) Gecko/20110319 Firefox/3.6.16 (.NET CLR 3.5.30729)"
46.137.44.108 - - [25/Apr/2011:00:47:32 +0200] "GET / HTTP/1.1" 302 - "-" "Mozilla/5.0 (Windows; U; Windows NT 6.1; en-US; rv:1.9.2.13) Gecko/20101203 Firefox/3.6.13"
46.137.44.108 - - [25/Apr/2011:00:47:37 +0200] "GET /favicon.ico HTTP/1.1" 404 1256 "-" "Mozilla/5.0 (Windows; U; Windows NT 6.1; en-US; rv:1.9.2.13) Gecko/20101203 Firefox/3.6.13"
67.195.113.240 - - [25/Apr/2011:02:46:57 +0200] "GET /referenz/referenzenberl.html HTTP/1.0" 200 3591 "-" "Mozilla/5.0 (compatible; Yahoo! Slurp; http://help.yahoo.com/help/us/ysearch/slurp)"
65.52.110.39 - - [25/Apr/2011:03:07:19 +0200] "GET /robots.txt HTTP/1.1" 404 1256 "-" "Mozilla/5.0 (compatible; bingbot/2.0; +http://www.bing.com/bingbot.htm)"
65.52.110.39 - - [25/Apr/2011:03:08:02 +0200] "GET / HTTP/1.1" 302 - "-" "Mozilla/5.0 (compatible; bingbot/2.0; +http://www.bing.com/bingbot.htm)"
65.52.110.50 - - [25/Apr/2011:03:25:05 +0200] "GET /impressuminframe.html HTTP/1.1" 304 - "-" "Mozilla/5.0 (compatible; bingbot/2.0; +http://www.bing.com/bingbot.htm)"
67.195.113.240 - - [25/Apr/2011:06:49:47 +0200] "GET /robots.txt HTTP/1.0" 404 1256 "-" "Mozilla/5.0 (compatible; Yahoo! Slurp; http://help.yahoo.com/help/us/ysearch/slurp)"
67.195.113.240 - - [25/Apr/2011:06:49:48 +0200] "GET /linksAll.html HTTP/1.0" 200 8990 "-" "Mozilla/5.0 (compatible; Yahoo! Slurp; http://help.yahoo.com/help/us/ysearch/slurp)"
88.74.24.105 - - [25/Apr/2011:07:48:40 +0200] "GET / HTTP/1.1" 302 - "http://jobs.meinestadt.de/x/job.php/jobid=9588944" "Mozilla/5.0 (Windows NT 6.1; rv:2.0) Gecko/20100101 Firefox/4.0"
67.195.113.240 - - [25/Apr/2011:08:21:56 +0200] "GET /kompetenz/getraenkelog.html HTTP/1.0" 200 5224 "-" "Mozilla/5.0 (compatible; Yahoo! Slurp; http://help.yahoo.com/help/us/ysearch/slurp)"
65.52.110.68 - - [25/Apr/2011:09:59:53 +0200] "GET /robots.txt HTTP/1.1" 404 1256 "-" "Mozilla/5.0 (compatible; bingbot/2.0; +http://www.bing.com/bingbot.htm)"
65.52.110.68 - - [25/Apr/2011:10:00:52 +0200] "GET / HTTP/1.1" 302 - "-" "Mozilla/5.0 (compatible; bingbot/2.0; +http://www.bing.com/bingbot.htm)"
67.195.113.240 - - [25/Apr/2011:13:04:55 +0200] "GET / HTTP/1.0" 302 - "-" "Mozilla/5.0 (compatible; Yahoo! Slurp; http://help.yahoo.com/help/us/ysearch/slurp)"
92.229.60.140 - - [25/Apr/2011:13:33:38 +0200] "GET / HTTP/1.1" 302 - "http://www.google.de/search?rlz=1C1CHIK_deDE400DE401&sourceid=chrome&ie=UTF-8&q=zeitarbeit+treskowallee+berlin" "Mozilla/5.0 (Windows; U; Windows NT 6.0; en-US) AppleWebKit/534.16 (KHTML, like Gecko) Chrome/10.0.648.205 Safari/534.16"
65.52.108.60 - - [25/Apr/2011:13:40:18 +0200] "GET /robots.txt HTTP/1.1" 404 1256 "-" "Mozilla/5.0 (compatible; bingbot/2.0; +http://www.bing.com/bingbot.htm)"
65.52.108.60 - - [25/Apr/2011:13:41:34 +0200] "GET /kompetenz/personalberatung.html HTTP/1.1" 304 - "-" "Mozilla/5.0 (compatible; bingbot/2.0; +http://www.bing.com/bingbot.htm)"
217.231.200.232 - - [25/Apr/2011:15:48:24 +0200] "GET / HTTP/1.1" 302 - "-" "Mozilla/4.0 (compatible; MSIE 8.0; Windows NT 5.1; Trident/4.0; .NET CLR 1.1.4322; .NET CLR 2.0.50727; .NET CLR 3.0.4506.2152; .NET CLR 3.5.30729)"
46.114.78.58 - - [25/Apr/2011:18:12:47 +0200] "GET / HTTP/1.1" 302 - "-" "Mozilla/5.0 (Windows; U; Windows NT 6.1; de; rv:1.9.2.16) Gecko/20110319 Firefox/3.6.16"
46.114.78.58 - - [25/Apr/2011:18:12:47 +0200] "GET / HTTP/1.1" 302 - "-" "Mozilla/5.0 (Windows; U; Windows NT 6.1; de; rv:1.9.2.16) Gecko/20110319 Firefox/3.6.16"
208.80.194.28 - - [25/Apr/2011:18:14:48 +0200] "GET / HTTP/1.0" 302 - "-" "Mozilla/4.0 (compatible; MSIE 7.0; Windows NT 5.1; FunWebProducts; PeoplePal 3.0; SpamBlockerUtility 4.8.0; yplus 5.1.03b)"
67.195.113.240 - - [25/Apr/2011:20:04:22 +0200] "GET /robots.txt HTTP/1.0" 404 1256 "-" "Mozilla/5.0 (compatible; Yahoo! Slurp; http://help.yahoo.com/help/us/ysearch/slurp)"
67.195.113.240 - - [25/Apr/2011:20:04:22 +0200] "GET /Anfahrt/anfahrtpolen.html HTTP/1.0" 200 3753 "-" "Mozilla/5.0 (compatible; Yahoo! Slurp; http://help.yahoo.com/help/us/ysearch/slurp)"
77.185.202.74 - - [25/Apr/2011:20:25:06 +0200] "GET / HTTP/1.1" 302 - "-" "Mozilla/5.0 (Windows NT 5.1; rv:2.0) Gecko/20100101 Firefox/4.0"
67.195.113.240 - - [25/Apr/2011:20:41:56 +0200] "GET /Anfahrt/anfahrtHannover.html HTTP/1.0" 200 3172 "-" "Mozilla/5.0 (compatible; Yahoo! Slurp; http://help.yahoo.com/help/us/ysearch/slurp)"
67.195.113.240 - - [25/Apr/2011:21:14:34 +0200] "GET / HTTP/1.0" 302 - "-" "Mozilla/5.0 (compatible; Yahoo! Slurp; http://help.yahoo.com/help/us/ysearch/slurp)"
67.195.113.240 - - [25/Apr/2011:22:49:55 +0200] "GET / HTTP/1.0" 302 - "-" "Mozilla/5.0 (compatible; Yahoo! Slurp; http://help.yahoo.com/help/us/ysearch/slurp)"
207.46.12.240 - - [25/Apr/2011:23:23:34 +0200] "GET /robots.txt HTTP/1.1" 404 1256 "-" "Mozilla/5.0 (compatible; bingbot/2.0; +http://www.bing.com/bingbot.htm)"
207.46.12.240 - - [25/Apr/2011:23:24:21 +0200] "GET / HTTP/1.1" 302 - "-" "Mozilla/5.0 (compatible; bingbot/2.0; +http://www.bing.com/bingbot.htm)"
67.195.113.240 - - [26/Apr/2011:02:50:43 +0200] "GET /anfahrtalllay.html HTTP/1.0" 200 10071 "-" "Mozilla/5.0 (compatible; Yahoo! Slurp; http://help.yahoo.com/help/us/ysearch/slurp)"
67.195.113.240 - - [26/Apr/2011:02:50:44 +0200] "GET /Anfahrt/anfahrt+.html HTTP/1.0" 200 3893 "http://www.personal-dienstleistung.de/anfahrtalllay.html" "Mozilla/5.0 (compatible; Yahoo! Slurp; http://help.yahoo.com/help/us/ysearch/slurp)"
67.195.113.240 - - [26/Apr/2011:02:51:58 +0200] "GET /AnfrageAll.html HTTP/1.0" 200 8274 "-" "Mozilla/5.0 (compatible; Yahoo! Slurp; http://help.yahoo.com/help/us/ysearch/slurp)"
67.195.113.240 - - [26/Apr/2011:02:51:59 +0200] "GET /robots.txt HTTP/1.0" 404 1256 "-" "Mozilla/5.0 (compatible; Yahoo! Slurp; http://help.yahoo.com/help/us/ysearch/slurp)"
67.195.113.240 - - [26/Apr/2011:02:52:00 +0200] "GET /anfrage/anforderungen.html HTTP/1.0" 200 7478 "http://www.personal-dienstleistung.de/AnfrageAll.html" "Mozilla/5.0 (compatible; Yahoo! Slurp; http://help.yahoo.com/help/us/ysearch/slurp)"
174.121.74.122 - - [26/Apr/2011:03:18:43 +0200] "GET /robots.txt HTTP/1.0" 404 1256 "-" "GeoHasher/Nutch-1.0 (GeoHasher Web Search Engine; geohasher.gotdns.org; geo_hasher at yahoo * com)"
174.121.74.122 - - [26/Apr/2011:03:18:43 +0200] "GET /kompetenz/seite1.html HTTP/1.0" 200 4131 "-" "GeoHasher/Nutch-1.0 (GeoHasher Web Search Engine; geohasher.gotdns.org; geo_hasher at yahoo * com)"
174.121.74.122 - - [26/Apr/2011:03:20:16 +0200] "GET /Anfahrt/anfahrtberlin.html HTTP/1.0" 200 3572 "-" "GeoHasher/Nutch-1.0 (GeoHasher Web Search Engine; geohasher.gotdns.org; geo_hasher at yahoo * com)"
174.121.74.122 - - [26/Apr/2011:03:28:38 +0200] "GET /Anfahrt/kontakt+.html HTTP/1.0" 404 1256 "-" "GeoHasher/Nutch-1.0 (GeoHasher Web Search Engine; geohasher.gotdns.org; geo_hasher at yahoo * com)"
174.121.74.122 - - [26/Apr/2011:03:34:29 +0200] "GET /impressuminframe.html HTTP/1.0" 200 8032 "-" "GeoHasher/Nutch-1.0 (GeoHasher Web Search Engine; geohasher.gotdns.org; geo_hasher at yahoo * com)"
174.121.74.122 - - [26/Apr/2011:03:35:40 +0200] "GET /Anfahrt/home/seite1.html HTTP/1.0" 404 1256 "-" "GeoHasher/Nutch-1.0 (GeoHasher Web Search Engine; geohasher.gotdns.org; geo_hasher at yahoo * com)"
174.121.74.122 - - [26/Apr/2011:03:38:37 +0200] "GET /news/oeffentlichkeitsarbeit.html HTTP/1.0" 404 1256 "-" "GeoHasher/Nutch-1.0 (GeoHasher Web Search Engine; geohasher.gotdns.org; geo_hasher at yahoo * com)"
174.121.74.122 - - [26/Apr/2011:03:40:15 +0200] "GET /AnfrageAll.html HTTP/1.0" 200 8274 "-" "GeoHasher/Nutch-1.0 (GeoHasher Web Search Engine; geohasher.gotdns.org; geo_hasher at yahoo * com)"
217.153.221.171 - - [26/Apr/2011:06:22:40 +0200] "GET / HTTP/1.1" 302 - "http://www.agentur-zeitarbeit.de/component/option,com_afz_category/id,96/subcat,142/" "Mozilla/5.0 (Windows; U; Windows NT 6.1; pl; rv:1.9.2.16) Gecko/20110319 Firefox/3.6.16"
92.78.120.48 - - [26/Apr/2011:08:32:00 +0200] "GET / HTTP/1.1" 302 - "http://www.mv-stellenboerse.de/kontakt.html" "Mozilla/5.0 (compatible; MSIE 9.0; Windows NT 6.0; Trident/5.0)"
217.92.195.246 - - [26/Apr/2011:08:50:11 +0200] "GET / HTTP/1.1" 302 - "-" "Mozilla/4.0 (compatible; MSIE 8.0; Windows NT 5.1; Trident/4.0; .NET CLR 2.0.50727; .NET CLR 3.0.4506.2152; .NET CLR 3.5.30729; CMDTDF)"
88.131.106.22 - - [26/Apr/2011:08:51:38 +0200] "GET /robots.txt HTTP/1.0" 404 1256 "-" "Mozilla/5.0 (Windows; U; Windows NT 5.1; en-US) Speedy Spider (http://www.entireweb.com/about/search_tech/speedy_spider/)"
88.131.106.22 - - [26/Apr/2011:08:51:38 +0200] "GET /kompetenz/werksvertraege.html HTTP/1.0" 200 6093 "-" "Mozilla/5.0 (Windows; U; Windows NT 5.1; en-US) Speedy Spider (http://www.entireweb.com/about/search_tech/speedy_spider/)"
66.249.72.51 - - [26/Apr/2011:09:45:34 +0200] "GET /robots.txt HTTP/1.1" 404 1256 "-" "Mozilla/5.0 (compatible; Googlebot/2.1; +http://www.google.com/bot.html)"
66.249.72.51 - - [26/Apr/2011:09:45:34 +0200] "GET /referenz/referenzenhannover.html HTTP/1.1" 200 3149 "-" "Mozilla/5.0 (compatible; Googlebot/2.1; +http://www.google.com/bot.html)"
145.253.3.197 - - [26/Apr/2011:10:34:19 +0200] "GET / HTTP/1.0" 302 - "http://www.jobpoint-berlin.de/jobboerse/details.php?kennziffer=94576" "Mozilla/5.0 (Windows; U; Windows NT 5.1; de; rv:1.9.2.9) Gecko/20100824 Firefox/3.6.9 (.NET CLR 3.5.30729)"
217.92.195.246 - - [26/Apr/2011:10:38:00 +0200] "GET / HTTP/1.1" 302 - "-" "Mozilla/4.0 (compatible; MSIE 8.0; Windows NT 5.1; Trident/4.0; .NET CLR 2.0.50727; .NET CLR 3.0.4506.2152; .NET CLR 3.5.30729; CMDTDF)"
188.192.65.117 - - [26/Apr/2011:11:06:03 +0200] "GET / HTTP/1.1" 302 - "-" "Mozilla/5.0 (Windows NT 5.1; rv:2.0) Gecko/20100101 Firefox/4.0"
217.92.185.180 - - [26/Apr/2011:11:41:05 +0200] "GET / HTTP/1.0" 302 - "-" "Mozilla/5.0 (X11; U; Linux i686; de; rv:1.9.1.5) Gecko/20091102 Firefox/3.5.5 (IC_Client)"
84.188.14.44 - - [26/Apr/2011:11:55:15 +0200] "GET / HTTP/1.1" 302 - "http://branchenbuch.meinestadt.de/waren-mueritz/brazl/100-19055-19084-72204" "Mozilla/4.0 (compatible; MSIE 7.0; Windows NT 5.1; Trident/4.0; .NET CLR 2.0.50727; .NET CLR 3.0.4506.2152; .NET CLR 3.5.30729)"
212.204.57.130 - - [26/Apr/2011:11:57:58 +0200] "GET /kontakt/kontakt%20waren.html HTTP/1.0" 200 8546 "http://www.google.de/search?hl=de&sa=X&ei=EZe2TZ6iMoiWswb178XfDQ&ved=0CBgQBSgA&q=nancy+schmidtke+waren&spell=1&biw=1600&bih=1039" "Mozilla/5.0 (Windows; U; Windows NT 5.1; de; rv:1.9.2.16) Gecko/20110319 Firefox/3.6.16 ( .NET CLR 3.5.30729; .NET4.0E)"
212.204.57.130 - - [26/Apr/2011:11:57:58 +0200] "GET /kontakt/Bilder/Mitarbeiter%20Perso/no.jpg HTTP/1.0" 200 7381 "http://www.personal-dienstleistung.de/kontakt/kontakt%20waren.html" "Mozilla/5.0 (Windows; U; Windows NT 5.1; de; rv:1.9.2.16) Gecko/20110319 Firefox/3.6.16 ( .NET CLR 3.5.30729; .NET4.0E)"
212.204.57.130 - - [26/Apr/2011:11:57:58 +0200] "GET /kontakt/Bilder/Nancy_Schmidtke.jpg HTTP/1.0" 200 20589 "http://www.personal-dienstleistung.de/kontakt/kontakt%20waren.html" "Mozilla/5.0 (Windows; U; Windows NT 5.1; de; rv:1.9.2.16) Gecko/20110319 Firefox/3.6.16 ( .NET CLR 3.5.30729; .NET4.0E)"
212.204.57.130 - - [26/Apr/2011:11:57:58 +0200] "GET /kontakt/Bilder/Mitarbeiter%20Perso/FrauMuhsalneu.jpg HTTP/1.0" 200 31185 "http://www.personal-dienstleistung.de/kontakt/kontakt%20waren.html" "Mozilla/5.0 (Windows; U; Windows NT 5.1; de; rv:1.9.2.16) Gecko/20110319 Firefox/3.6.16 ( .NET CLR 3.5.30729; .NET4.0E)"
212.204.57.130 - - [26/Apr/2011:11:57:58 +0200] "GET /kontakt/Bilder/Mitarbeiter%20Perso/FrauBroecker.jpg HTTP/1.0" 200 42993 "http://www.personal-dienstleistung.de/kontakt/kontakt%20waren.html" "Mozilla/5.0 (Windows; U; Windows NT 5.1; de; rv:1.9.2.16) Gecko/20110319 Firefox/3.6.16 ( .NET CLR 3.5.30729; .NET4.0E)"
212.204.57.130 - - [26/Apr/2011:11:57:59 +0200] "GET /favicon.ico HTTP/1.0" 404 1256 "-" "Mozilla/5.0 (Windows; U; Windows NT 5.1; de; rv:1.9.2.16) Gecko/20110319 Firefox/3.6.16 ( .NET CLR 3.5.30729; .NET4.0E)"
84.188.14.44 - - [26/Apr/2011:11:58:49 +0200] "GET / HTTP/1.1" 302 - "http://branchenbuch.meinestadt.de/waren-mueritz/brazl/100-19055-19084-72204" "Mozilla/4.0 (compatible; MSIE 8.0; Windows NT 5.1; Trident/4.0; .NET CLR 2.0.50727; .NET CLR 3.0.4506.2152; .NET CLR 3.5.30729)"
91.64.106.149 - - [26/Apr/2011:14:01:36 +0200] "GET / HTTP/1.1" 302 - "-" "Mozilla/5.0 (Windows; U; Windows NT 5.1; de; rv:1.9.2.16) Gecko/20110319 Firefox/3.6.16"
78.55.215.113 - - [26/Apr/2011:15:03:41 +0200] "GET /favicon.ico HTTP/1.1" 404 1256 "-" "Mozilla/4.0 (compatible; MSIE 7.0; Windows NT 6.1; WOW64; Trident/4.0; GTB6.6; SLCC2; .NET CLR 2.0.50727; .NET CLR 3.5.30729; .NET CLR 3.0.30729; Media Center PC 6.0; .NET4.0C; MANM)"
93.241.160.252 - - [26/Apr/2011:15:05:13 +0200] "GET / HTTP/1.1" 302 - "http://www.xn--kuk-objektservice-gebudemanagement-v4c.de/miet-immobilien.html" "Mozilla/5.0 (Windows; U; Windows NT 5.1; de; rv:1.9.2.8) Gecko/20100722 Firefox/3.6.8 (.NET CLR 3.5.30729)"
67.195.113.240 - - [26/Apr/2011:16:15:02 +0200] "GET /kompetenz/service.html HTTP/1.0" 200 4628 "-" "Mozilla/5.0 (compatible; Yahoo! Slurp; http://help.yahoo.com/help/us/ysearch/slurp)"
91.66.170.127 - - [26/Apr/2011:17:03:39 +0200] "GET / HTTP/1.1" 302 - "-" "Mozilla/4.0 (compatible; MSIE 8.0; Windows NT 6.1; Trident/4.0; SIMBAR={5E93C1F4-35FF-11E0-A67A-6C626D6916C2}; SLCC2; .NET CLR 2.0.50727; .NET CLR 3.5.30729; .NET CLR 3.0.30729; Media Center PC 6.0; .NET4.0C; MAMD)"
91.66.170.127 - - [26/Apr/2011:17:03:57 +0200] "GET / HTTP/1.1" 302 - "-" "Mozilla/4.0 (compatible; MSIE 8.0; Windows NT 6.1; Trident/4.0; SIMBAR={5E93C1F4-35FF-11E0-A67A-6C626D6916C2}; SLCC2; .NET CLR 2.0.50727; .NET CLR 3.5.30729; .NET CLR 3.0.30729; Media Center PC 6.0; .NET4.0C; MAMD)"
217.231.175.68 - - [26/Apr/2011:17:45:44 +0200] "GET / HTTP/1.1" 302 - "-" "Mozilla/4.0 (compatible; MSIE 8.0; Windows NT 5.1; Trident/4.0; .NET CLR 1.1.4322; .NET CLR 2.0.50727; .NET CLR 3.0.4506.2152; .NET CLR 3.5.30729)"
212.204.57.130 - - [26/Apr/2011:18:11:55 +0200] "GET /favicon.ico HTTP/1.0" 404 1256 "-" "Mozilla/5.0 (Windows; U; Windows NT 5.1; de; rv:1.9.2.16) Gecko/20110319 Firefox/3.6.16 ( .NET CLR 3.5.30729; .NET4.0E)"
212.204.57.130 - - [26/Apr/2011:18:27:02 +0200] "GET /favicon.ico HTTP/1.0" 404 1256 "-" "Mozilla/5.0 (Windows; U; Windows NT 5.1; de; rv:1.9.2.16) Gecko/20110319 Firefox/3.6.16 ( .NET CLR 3.5.30729; .NET4.0E)"
212.204.57.130 - - [26/Apr/2011:18:27:07 +0200] "GET / HTTP/1.0" 302 - "-" "Mozilla/5.0 (Windows; U; Windows NT 5.1; de; rv:1.9.2.16) Gecko/20110319 Firefox/3.6.16 ( .NET CLR 3.5.30729; .NET4.0E)"
66.249.72.51 - - [26/Apr/2011:19:37:16 +0200] "GET /Anfahrt/Bilder/anfahrtberlin.pdf HTTP/1.1" 304 - "-" "Mozilla/5.0 (compatible; Googlebot/2.1; +http://www.google.com/bot.html)"
67.195.113.240 - - [26/Apr/2011:22:21:08 +0200] "GET /robots.txt HTTP/1.0" 404 1256 "-" "Mozilla/5.0 (compatible; Yahoo! Slurp; http://help.yahoo.com/help/us/ysearch/slurp)"
67.195.113.240 - - [26/Apr/2011:22:21:08 +0200] "GET /kompetenz/Hotelservicedienstl.html HTTP/1.0" 200 5322 "-" "Mozilla/5.0 (compatible; Yahoo! Slurp; http://help.yahoo.com/help/us/ysearch/slurp)"
67.195.113.240 - - [26/Apr/2011:22:47:12 +0200] "GET / HTTP/1.0" 302 - "-" "Mozilla/5.0 (compatible; Yahoo! Slurp; http://help.yahoo.com/help/us/ysearch/slurp)"
77.188.105.167 - - [26/Apr/2011:23:10:42 +0200] "GET / HTTP/1.1" 302 - "-" "Mozilla/5.0 (Windows NT 6.0; WOW64; rv:2.0) Gecko/20100101 Firefox/4.0"
213.236.164.214 - - [26/Apr/2011:23:43:00 +0200] "GET /robots.txt HTTP/1.0" 404 1256 "-" "Mozilla/5.0 (compatible; MJ12bot/v1.3.3; http://www.majestic12.co.uk/bot.php?+)"
213.236.164.214 - - [26/Apr/2011:23:43:00 +0200] "GET / HTTP/1.0" 302 - "-" "Mozilla/5.0 (compatible; MJ12bot/v1.3.3; http://www.majestic12.co.uk/bot.php?+)"
67.195.113.240 - - [27/Apr/2011:01:05:18 +0200] "GET /kontakt/kontakt%20waren.html HTTP/1.0" 200 8546 "-" "Mozilla/5.0 (compatible; Yahoo! Slurp; http://help.yahoo.com/help/us/ysearch/slurp)"
77.12.36.234 - - [27/Apr/2011:01:21:56 +0200] "GET / HTTP/1.1" 302 - "-" "Mozilla/5.0 (Windows NT 5.1; rv:2.0) Gecko/20100101 Firefox/4.0"
67.195.113.240 - - [27/Apr/2011:01:43:29 +0200] "GET /refall.html HTTP/1.0" 200 10444 "-" "Mozilla/5.0 (compatible; Yahoo! Slurp; http://help.yahoo.com/help/us/ysearch/slurp)"
67.195.113.240 - - [27/Apr/2011:01:43:30 +0200] "GET /referenzen.html HTTP/1.0" 200 6836 "http://www.personal-dienstleistung.de/refall.html" "Mozilla/5.0 (compatible; Yahoo! Slurp; http://help.yahoo.com/help/us/ysearch/slurp)"
78.46.39.12 - - [27/Apr/2011:04:09:12 +0200] "GET /robots.txt HTTP/1.1" 404 1256 "-" "Mozilla/5.0 (compatible; NerdByNature.Bot; http://www.nerdbynature.net/bot)"
78.46.39.12 - - [27/Apr/2011:04:09:13 +0200] "HEAD / HTTP/1.1" 302 - "-" "Mozilla/5.0 (compatible; NerdByNature.Bot; http://www.nerdbynature.net/bot)"
78.46.39.12 - - [27/Apr/2011:04:09:13 +0200] "GET / HTTP/1.1" 302 - "-" "Mozilla/5.0 (compatible; NerdByNature.Bot; http://www.nerdbynature.net/bot)"
80.94.164.141 - - [27/Apr/2011:05:44:05 +0200] "GET / HTTP/1.0" 302 - "http://www.denezhki.com/" "Mozilla/5.0 (X11; U; Linux i686; en-US; rv:1.8.1.11) Firefox/2.0.0.11"
92.229.219.192 - - [27/Apr/2011:08:30:27 +0200] "GET /favicon.ico HTTP/1.1" 404 1256 "-" "Mozilla/4.0 (compatible; MSIE 7.0; Windows NT 6.1; WOW64; Trident/4.0; GTB6.6; SLCC2; .NET CLR 2.0.50727; .NET CLR 3.5.30729; .NET CLR 3.0.30729; Media Center PC 6.0; .NET4.0C; MANM)"
178.3.98.181 - - [27/Apr/2011:09:04:24 +0200] "GET / HTTP/1.1" 302 - "http://www.xn--kuk-objektservice-gebudemanagement-v4c.de/impressum.html" "Mozilla/5.0 (Windows; U; Windows NT 6.0; en-US) AppleWebKit/534.16 (KHTML, like Gecko) Chrome/10.0.648.205 Safari/534.16"
88.130.189.76 - - [27/Apr/2011:09:24:33 +0200] "GET / HTTP/1.1" 302 - "-" "Mozilla/4.0 (compatible; MSIE 8.0; Windows NT 5.1; Trident/4.0; GTB6.6; .NET CLR 1.1.4322; .NET CLR 3.0.4506.2152; .NET CLR 3.5.30729; .NET CLR 2.0.50727)"
88.130.189.76 - - [27/Apr/2011:09:25:25 +0200] "GET / HTTP/1.1" 302 - "-" "Mozilla/4.0 (compatible; MSIE 8.0; Windows NT 5.1; Trident/4.0; GTB6.6; .NET CLR 1.1.4322; .NET CLR 3.0.4506.2152; .NET CLR 3.5.30729; .NET CLR 2.0.50727)"
88.130.189.76 - - [27/Apr/2011:09:25:38 +0200] "GET / HTTP/1.1" 302 - "-" "Mozilla/4.0 (compatible; MSIE 8.0; Windows NT 5.1; Trident/4.0; GTB6.6; .NET CLR 1.1.4322; .NET CLR 3.0.4506.2152; .NET CLR 3.5.30729; .NET CLR 2.0.50727)"
193.28.100.28 - - [27/Apr/2011:10:24:18 +0200] "GET / HTTP/1.0" 302 - "-" "Mozilla/4.0 (compatible; MSIE 8.0; Windows NT 5.1; Trident/4.0; .NET CLR 2.0.50727; .NET CLR 3.0.4506.2152; .NET CLR 3.5.30729; .NET CLR 1.1.4322)"
67.195.113.240 - - [27/Apr/2011:10:34:08 +0200] "GET /robots.txt HTTP/1.0" 404 1256 "-" "Mozilla/5.0 (compatible; Yahoo! Slurp; http://help.yahoo.com/help/us/ysearch/slurp)"
67.195.113.240 - - [27/Apr/2011:10:34:08 +0200] "GET /kontakt/kontakt%20berlin.html HTTP/1.0" 200 15986 "-" "Mozilla/5.0 (compatible; Yahoo! Slurp; http://help.yahoo.com/help/us/ysearch/slurp)"
91.64.115.26 - - [27/Apr/2011:10:44:34 +0200] "GET / HTTP/1.1" 302 - "http://www.agentur-zeitarbeit.de/component/option,com_afz_category/id,96/subcat,142/" "Mozilla/5.0 (Windows; U; Windows NT 5.1; de; rv:1.9.2.16) Gecko/20110319 Firefox/3.6.16"
92.226.96.98 - - [27/Apr/2011:11:03:43 +0200] "GET /favicon.ico HTTP/1.1" 404 1256 "-" "Mozilla/4.0 (compatible; MSIE 7.0; Windows NT 5.1; Trident/4.0; .NET CLR 2.0.50727; 360space)"
212.37.171.203 - - [27/Apr/2011:11:04:49 +0200] "GET / HTTP/1.1" 302 - "http://www.agentur-zeitarbeit.de/component/option,com_afz_category/id,96/subcat,142/" "Mozilla/5.0 (Windows; U; Windows NT 5.1; de; rv:1.9.2.16) Gecko/20110319 Firefox/3.6.16 (.NET CLR 3.5.30729)"
213.248.101.18 - - [27/Apr/2011:11:28:24 +0200] "GET / HTTP/1.1" 302 - "http://jobs.meinestadt.de/x/job.php/jobid=9359130" "Mozilla/4.0 (compatible; MSIE 8.0; Windows NT 5.2; WOW64; Trident/4.0; .NET CLR 2.0.50727; InfoPath.2; .NET CLR 1.1.4322; .NET CLR 3.0.4506.2152; .NET CLR 3.5.30729)"
88.72.18.161 - - [27/Apr/2011:11:51:14 +0200] "GET / HTTP/1.1" 302 - "-" "Mozilla/5.0 (Windows; U; Windows NT 5.1; de; rv:1.9.2.13) Gecko/20101203 Firefox anonymized by Abelssoft 1627379934 (.NET CLR 3.5.30729)"
195.20.220.201 - - [27/Apr/2011:12:00:36 +0200] "GET / HTTP/1.0" 302 - "http://jobboerse.arbeitsagentur.de/vamJB/stellenangeboteFinden.html?execution=e2s1&_eventId_detailView&benc=flHqVTN%2BoAvmfQ3HJQ3lEh%2Fk%2BAlbMGiRQeNz%2FUWNuaXw7mOZpFOaxw%3D%3D&benc=YaU%2B%2BYAxpkB1j0bruagzrnejwvxinpWHRnLPvmXerMjoASFsKtC9Q08RWb2e5IXIgTaue9vpBYQ%3D" "Mozilla/4.0 (compatible; MSIE 7.0; Windows NT 5.1; .NET CLR 2.0.50727; InfoPath.1)"
208.80.194.27 - - [27/Apr/2011:13:16:17 +0200] "GET / HTTP/1.0" 302 - "-" "Mozilla/4.0 (compatible; MSIE 6.0; Windows NT 5.1; SV1; FDM; MEGAUPLOAD 1.0)"
67.195.113.240 - - [27/Apr/2011:13:21:29 +0200] "GET /Anfahrt/anfahrtberlin.html HTTP/1.0" 200 3572 "-" "Mozilla/5.0 (compatible; Yahoo! Slurp; http://help.yahoo.com/help/us/ysearch/slurp)"
67.195.113.240 - - [27/Apr/2011:13:33:49 +0200] "GET / HTTP/1.0" 302 - "-" "Mozilla/5.0 (compatible; Yahoo! Slurp; http://help.yahoo.com/help/us/ysearch/slurp)"
72.14.164.150 - - [27/Apr/2011:14:09:48 +0200] "GET / HTTP/1.1" 302 - "http://www.mv-ernaehrung.de/module/mitglieder/exit.php?id=154" "LinkWalker/2.0"
91.65.52.162 - - [27/Apr/2011:14:10:07 +0200] "GET / HTTP/1.1" 302 - "http://www.agentur-zeitarbeit.de/component/option,com_afz_category/id,96/subcat,142/" "Mozilla/5.0 (Windows NT 6.1; WOW64; rv:2.0) Gecko/20100101 Firefox/4.0"
91.65.52.162 - - [27/Apr/2011:14:29:39 +0200] "GET / HTTP/1.1" 302 - "http://www.agentur-zeitarbeit.de/component/option,com_afz_category/id,96/subcat,142/" "Mozilla/5.0 (Windows NT 6.1; WOW64; rv:2.0) Gecko/20100101 Firefox/4.0"
71.33.194.207 - - [27/Apr/2011:14:49:15 +0200] "GET /robots.txt HTTP/1.1" 404 1256 "-" "Mozilla/5.0 (compatible; 008/0.83; http://www.80legs.com/webcrawler.html;) Gecko/2008032620"
71.33.194.207 - - [27/Apr/2011:14:49:15 +0200] "GET / HTTP/1.1" 302 - "-" "Mozilla/5.0 (compatible; 008/0.83; http://www.80legs.com/webcrawler.html) Gecko/2008032620"
217.231.166.197 - - [27/Apr/2011:14:50:27 +0200] "GET / HTTP/1.1" 302 - "-" "Mozilla/4.0 (compatible; MSIE 8.0; Windows NT 5.1; Trident/4.0; .NET CLR 1.1.4322; .NET CLR 2.0.50727; .NET CLR 3.0.4506.2152; .NET CLR 3.5.30729)"
84.189.45.124 - - [27/Apr/2011:14:51:17 +0200] "GET / HTTP/1.1" 302 - "http://www.jobpoint-berlin.de/jobboerse/details.php?kennziffer=95320" "Mozilla/5.0 (Windows; U; Windows NT 5.1; de; rv:1.9.2.16) Gecko/20110319 Firefox/3.6.16"
217.231.166.197 - - [27/Apr/2011:14:53:19 +0200] "GET / HTTP/1.1" 302 - "-" "Mozilla/4.0 (compatible; MSIE 8.0; Windows NT 5.1; Trident/4.0; .NET CLR 1.1.4322; .NET CLR 2.0.50727; .NET CLR 3.0.4506.2152; .NET CLR 3.5.30729)"
217.231.166.197 - - [27/Apr/2011:14:54:17 +0200] "GET / HTTP/1.1" 302 - "-" "Mozilla/4.0 (compatible; MSIE 8.0; Windows NT 5.1; Trident/4.0; .NET CLR 1.1.4322; .NET CLR 2.0.50727; .NET CLR 3.0.4506.2152; .NET CLR 3.5.30729)"
123.125.71.116 - - [27/Apr/2011:15:02:17 +0200] "GET / HTTP/1.1" 302 - "-" "Baiduspider+(+http://www.baidu.com/search/spider.htm)"
93.241.162.196 - - [27/Apr/2011:15:17:43 +0200] "GET / HTTP/1.1" 302 - "http://www.xn--kuk-objektservice-gebudemanagement-v4c.de/" "Mozilla/5.0 (Windows; U; Windows NT 5.1; de; rv:1.9.2.8) Gecko/20100722 Firefox/3.6.8 (.NET CLR 3.5.30729)"
220.181.108.118 - - [27/Apr/2011:15:38:19 +0200] "GET /robots.txt HTTP/1.1" 404 1256 "-" "Baiduspider+(+http://www.baidu.com/search/spider.htm)"
67.195.113.240 - - [27/Apr/2011:16:47:31 +0200] "GET /robots.txt HTTP/1.0" 404 1256 "-" "Mozilla/5.0 (compatible; Yahoo! Slurp; http://help.yahoo.com/help/us/ysearch/slurp)"
67.195.113.240 - - [27/Apr/2011:16:47:32 +0200] "GET /Erlaubnis.pdf HTTP/1.0" 200 118510 "-" "Mozilla/5.0 (compatible; Yahoo! Slurp; http://help.yahoo.com/help/us/ysearch/slurp)"
213.248.101.18 - - [27/Apr/2011:16:54:06 +0200] "GET / HTTP/1.1" 302 - "http://jobs.meinestadt.de/x/job.php/jobid=9359130" "Mozilla/4.0 (compatible; MSIE 8.0; Windows NT 5.2; WOW64; Trident/4.0; .NET CLR 2.0.50727; InfoPath.2; .NET CLR 1.1.4322; .NET CLR 3.0.4506.2152; .NET CLR 3.5.30729)"
178.0.149.237 - - [27/Apr/2011:17:04:39 +0200] "GET / HTTP/1.1" 302 - "-" "Mozilla/5.0 (Windows NT 5.1; rv:2.0) Gecko/20100101 Firefox/4.0"
217.83.204.54 - - [27/Apr/2011:17:47:19 +0200] "GET / HTTP/1.1" 302 - "http://jobs.meinestadt.de/x/job.php/jobid=9359130" "Mozilla/4.0 (compatible; MSIE 7.0; TOB 6.11; Windows NT 5.1; Trident/4.0; GTB6.6; .NET CLR 1.1.4322; .NET CLR 2.0.50727; .NET CLR 3.0.04506.30; .NET CLR 3.0.4506.2152; .NET CLR 3.5.30729)"
67.195.113.240 - - [27/Apr/2011:19:12:36 +0200] "GET /Anfahrt/anfahrtwaren.html HTTP/1.0" 200 3404 "-" "Mozilla/5.0 (compatible; Yahoo! Slurp; http://help.yahoo.com/help/us/ysearch/slurp)"
80.67.30.99 - - [27/Apr/2011:19:55:12 +0200] "GET / HTTP/1.0" 302 - "-" "-"
93.219.188.69 - - [27/Apr/2011:20:01:13 +0200] "GET / HTTP/1.1" 302 - "-" "Mozilla/5.0 (Windows; U; Windows NT 6.0; de; rv:1.9.2.3) Gecko/20100401 Firefox/3.6.3 ( .NET CLR 3.5.30729)"
217.153.221.171 - - [27/Apr/2011:23:00:24 +0200] "GET / HTTP/1.1" 302 - "http://www.agentur-zeitarbeit.de/component/option,com_afz_category/id,96/subcat,142/" "Mozilla/5.0 (Windows; U; Windows NT 6.1; pl; rv:1.9.2.16) Gecko/20110319 Firefox/3.6.16"
64.246.161.190 - - [27/Apr/2011:23:35:10 +0200] "GET /robots.txt HTTP/1.0" 404 1256 "-" "Mozilla/5.0 (Windows; U; Windows NT 5.1; en; rv:1.9.0.13) Gecko/2009073022 Firefox/3.5.2 (.NET CLR 3.5.30729) SurveyBot/2.3 (DomainTools)"
64.246.161.190 - - [27/Apr/2011:23:35:12 +0200] "GET / HTTP/1.1" 302 - "http://whois.domaintools.com/personal-dienstleistung.de" "Mozilla/5.0 (Windows; U; Windows NT 5.1; en; rv:1.9.0.13) Gecko/2009073022 Firefox/3.5.2 (.NET CLR 3.5.30729) SurveyBot/2.3 (DomainTools)"
77.186.40.200 - - [28/Apr/2011:06:52:12 +0200] "GET / HTTP/1.1" 302 - "-" "Mozilla/5.0 (X11; U; Linux i686; de; rv:1.9.2.16) Gecko/20110323 Ubuntu/10.04 (lucid) Firefox/3.6.16"
67.195.113.240 - - [28/Apr/2011:08:12:35 +0200] "GET /robots.txt HTTP/1.0" 404 1256 "-" "Mozilla/5.0 (compatible; Yahoo! Slurp; http://help.yahoo.com/help/us/ysearch/slurp)"
67.195.113.240 - - [28/Apr/2011:08:12:36 +0200] "GET /impressum.html HTTP/1.0" 200 8245 "-" "Mozilla/5.0 (compatible; Yahoo! Slurp; http://help.yahoo.com/help/us/ysearch/slurp)"
67.195.113.240 - - [28/Apr/2011:08:12:37 +0200] "GET /impressuminframe.html HTTP/1.0" 200 8032 "http://www.personal-dienstleistung.de/impressum.html" "Mozilla/5.0 (compatible; Yahoo! Slurp; http://help.yahoo.com/help/us/ysearch/slurp)"
212.204.57.130 - - [28/Apr/2011:08:58:37 +0200] "GET /favicon.ico HTTP/1.0" 404 1256 "-" "Mozilla/5.0 (Windows; U; Windows NT 5.1; de; rv:1.9.2.16) Gecko/20110319 Firefox/3.6.16 ( .NET CLR 3.5.30729; .NET4.0E)"
85.25.184.200 - - [28/Apr/2011:10:54:34 +0200] "GET / HTTP/1.1" 302 - "-" "Mozilla/5.0 (X11; U; Linux i686; de; rv:1.9.0.1; compatible; iCjobs Stellenangebote Jobs; http://www.icjobs.de) Gecko/20100401 iCjobs/3.2.3"
85.25.184.200 - - [28/Apr/2011:10:54:37 +0200] "GET /robots.txt HTTP/1.1" 404 1256 "-" "Mozilla/5.0 (X11; U; Linux i686; de; rv:1.9.0.1; compatible; iCjobs Stellenangebote Jobs; http://www.icjobs.de) Gecko/20100401 iCjobs/3.2.3"
85.25.184.200 - - [28/Apr/2011:10:54:37 +0200] "GET / HTTP/1.1" 302 - "-" "Mozilla/5.0 (X11; U; Linux i686; de; rv:1.9.0.1; compatible; iCjobs Stellenangebote Jobs; http://www.icjobs.de) Gecko/20100401 iCjobs/3.2.3"
217.92.207.109 - - [28/Apr/2011:13:19:42 +0200] "GET / HTTP/1.0" 302 - "http://www.mv-ernaehrung.de/index.php?mod=foerdermitglieder" "Mozilla/4.0 (compatible; MSIE 8.0; Windows NT 5.1; Trident/4.0; .NET CLR 2.0.50727; .NET CLR 3.0.4506.2152; .NET CLR 3.5.30729; InfoPath.1)"
212.204.57.130 - - [28/Apr/2011:13:42:19 +0200] "GET /favicon.ico HTTP/1.0" 404 1256 "-" "Mozilla/5.0 (Windows; U; Windows NT 5.1; de; rv:1.9.2.16) Gecko/20110319 Firefox/3.6.16 ( .NET CLR 3.5.30729; .NET4.0E)"
66.249.72.51 - - [28/Apr/2011:13:56:59 +0200] "GET /robots.txt HTTP/1.1" 404 1256 "-" "Mozilla/5.0 (compatible; Googlebot/2.1; +http://www.google.com/bot.html)"
66.249.72.51 - - [28/Apr/2011:13:56:59 +0200] "GET /kompetenz/Hotelservicedienstl.html HTTP/1.1" 304 - "-" "Mozilla/5.0 (compatible; Googlebot/2.1; +http://www.google.com/bot.html)"
78.52.134.208 - - [28/Apr/2011:14:03:54 +0200] "GET / HTTP/1.1" 302 - "http://www.stepstone.de/stellenangebote-des-unternehmens--K-K-GmbH--41707.html" "Opera/9.80 (Windows NT 5.1; U; de) Presto/2.6.30 Version/10.63"
207.46.199.50 - - [28/Apr/2011:14:23:31 +0200] "GET /robots.txt HTTP/1.1" 404 1256 "-" "Mozilla/5.0 (compatible; bingbot/2.0; +http://www.bing.com/bingbot.htm)"
207.46.199.50 - - [28/Apr/2011:14:24:14 +0200] "GET /refall.html HTTP/1.1" 200 10444 "-" "Mozilla/5.0 (compatible; bingbot/2.0; +http://www.bing.com/bingbot.htm)"
80.149.215.42 - - [28/Apr/2011:15:29:06 +0200] "GET / HTTP/1.1" 302 - "http://maps.google.de/maps?hl=de&client=firefox-a&hs=9oQ&rls=org.mozilla:de:official&q=Trapezblechd%C3%A4cher&um=1&ie=UTF-8&sa=N&tab=wl" "Mozilla/5.0 (Windows; U; Windows NT 5.1; de; rv:1.9.2.16) Gecko/20110319 Firefox/3.6.16"
87.142.112.174 - - [28/Apr/2011:16:06:50 +0200] "GET / HTTP/1.1" 302 - "http://www.whdi.de/share/imk_adr.php?infoId=BE-430-100-20009" "Mozilla/5.0 (Windows; U; Windows NT 5.1; de; rv:1.9.2.16) Gecko/20110319 Firefox/3.6.16 ( .NET CLR 3.5.30729)"
67.195.113.240 - - [28/Apr/2011:16:27:06 +0200] "GET /robots.txt HTTP/1.0" 404 1256 "-" "Mozilla/5.0 (compatible; Yahoo! Slurp; http://help.yahoo.com/help/us/ysearch/slurp)"
67.195.113.240 - - [28/Apr/2011:16:27:07 +0200] "GET /Isozertifikat.pdf HTTP/1.0" 200 236893 "-" "Mozilla/5.0 (compatible; Yahoo! Slurp; http://help.yahoo.com/help/us/ysearch/slurp)"
87.149.177.209 - - [28/Apr/2011:16:55:10 +0200] "GET / HTTP/1.1" 302 - "http://www.agentur-zeitarbeit.de/component/option,com_afz_category/id,96/subcat,142/" "Mozilla/4.0 (compatible; MSIE 8.0; Windows NT 6.0; Trident/4.0; GTB6.6; SLCC1; .NET CLR 2.0.50727; Media Center PC 5.0; .NET CLR 3.5.30729; .NET4.0C; .NET CLR 3.0.30729)"
50.17.78.197 - - [28/Apr/2011:19:56:25 +0200] "GET / HTTP/1.0" 302 - "-" "Mozilla/5.0 (compatible; NetcraftSurveyAgent/1.0; +info@netcraft.com)"
91.23.50.32 - - [28/Apr/2011:22:38:10 +0200] "GET / HTTP/1.1" 302 - "http://jobs.meinestadt.de/x/job.php/jobid=9675671?xtmc=kommissionierer&xtcr=2" "Mozilla/4.0 (compatible; MSIE 8.0; Windows NT 5.1; Trident/4.0; GTB6.6; .NET CLR 2.0.50727; .NET CLR 3.0.4506.2152; .NET CLR 3.5.30729)"
207.46.204.178 - - [29/Apr/2011:00:34:26 +0200] "GET /robots.txt HTTP/1.1" 404 1256 "-" "Mozilla/5.0 (compatible; bingbot/2.0; +http://www.bing.com/bingbot.htm)"
207.46.204.178 - - [29/Apr/2011:00:35:11 +0200] "GET /kompetalllay.html HTTP/1.1" 304 - "-" "Mozilla/5.0 (compatible; bingbot/2.0; +http://www.bing.com/bingbot.htm)"
85.214.92.8 - - [29/Apr/2011:06:28:53 +0200] "GET /muieblackcat HTTP/1.1" 404 1256 "-" "-"
85.214.92.8 - - [29/Apr/2011:06:29:05 +0200] "GET //db/scripts/setup.php HTTP/1.1" 404 1256 "-" "-"
85.214.92.8 - - [29/Apr/2011:06:29:05 +0200] "GET //dbadmin/scripts/setup.php HTTP/1.1" 404 1256 "-" "-"
85.214.92.8 - - [29/Apr/2011:06:29:05 +0200] "GET //myadmin/scripts/setup.php HTTP/1.1" 404 1256 "-" "-"
85.214.92.8 - - [29/Apr/2011:06:29:05 +0200] "GET //mysql/scripts/setup.php HTTP/1.1" 404 1256 "-" "-"
85.214.92.8 - - [29/Apr/2011:06:29:05 +0200] "GET //mysqladmin/scripts/setup.php HTTP/1.1" 404 1256 "-" "-"
85.214.92.8 - - [29/Apr/2011:06:29:05 +0200] "GET //typo3/phpmyadmin/scripts/setup.php HTTP/1.1" 404 1256 "-" "-"
85.214.92.8 - - [29/Apr/2011:06:29:05 +0200] "GET //phpadmin/scripts/setup.php HTTP/1.1" 404 1256 "-" "-"
85.214.92.8 - - [29/Apr/2011:06:29:05 +0200] "GET //phpMyAdmin/scripts/setup.php HTTP/1.1" 404 1256 "-" "-"
85.214.92.8 - - [29/Apr/2011:06:29:05 +0200] "GET //phpmyadmin/scripts/setup.php HTTP/1.1" 404 1256 "-" "-"
85.214.92.8 - - [29/Apr/2011:06:29:08 +0200] "GET //phpmyadmin2/scripts/setup.php HTTP/1.1" 404 1256 "-" "-"
85.214.92.8 - - [29/Apr/2011:06:29:08 +0200] "GET //pma/scripts/setup.php HTTP/1.1" 404 1256 "-" "-"
85.214.92.8 - - [29/Apr/2011:06:29:08 +0200] "GET //web/phpMyAdmin/scripts/setup.php HTTP/1.1" 404 1256 "-" "-"
85.214.92.8 - - [29/Apr/2011:06:29:08 +0200] "GET //xampp/phpmyadmin/scripts/setup.php HTTP/1.1" 404 1256 "-" "-"
85.214.92.8 - - [29/Apr/2011:06:29:11 +0200] "GET //php-my-admin/scripts/setup.php HTTP/1.1" 404 1256 "-" "-"
85.214.92.8 - - [29/Apr/2011:06:29:11 +0200] "GET //websql/scripts/setup.php HTTP/1.1" 404 1256 "-" "-"
85.214.92.8 - - [29/Apr/2011:06:29:11 +0200] "GET //phpmyadmin/scripts/setup.php HTTP/1.1" 404 1256 "-" "-"
85.214.92.8 - - [29/Apr/2011:06:29:12 +0200] "GET //phpMyAdmin/scripts/setup.php HTTP/1.1" 404 1256 "-" "-"
85.214.92.8 - - [29/Apr/2011:06:29:12 +0200] "GET //phpMyAdmin-2/scripts/setup.php HTTP/1.1" 404 1256 "-" "-"
85.214.92.8 - - [29/Apr/2011:06:29:15 +0200] "GET //phpMyAdmin-2.2.3/scripts/setup.php HTTP/1.1" 404 1256 "-" "-"
85.214.92.8 - - [29/Apr/2011:06:29:15 +0200] "GET //phpMyAdmin-2.2.6/scripts/setup.php HTTP/1.1" 404 1256 "-" "-"
85.214.92.8 - - [29/Apr/2011:06:29:15 +0200] "GET //phpMyAdmin-2.5.1/scripts/setup.php HTTP/1.1" 404 1256 "-" "-"
85.214.92.8 - - [29/Apr/2011:06:29:15 +0200] "GET //phpMyAdmin-2.5.4/scripts/setup.php HTTP/1.1" 404 1256 "-" "-"
85.214.92.8 - - [29/Apr/2011:06:29:15 +0200] "GET //phpMyAdmin-2.5.5-rc1/scripts/setup.php HTTP/1.1" 404 1256 "-" "-"
85.214.92.8 - - [29/Apr/2011:06:29:15 +0200] "GET //phpMyAdmin-2.5.5-rc2/scripts/setup.php HTTP/1.1" 404 1256 "-" "-"
85.214.92.8 - - [29/Apr/2011:06:29:15 +0200] "GET //phpMyAdmin-2.5.5/scripts/setup.php HTTP/1.1" 404 1256 "-" "-"
85.214.92.8 - - [29/Apr/2011:06:29:15 +0200] "GET //phpMyAdmin-2.5.5-pl1/scripts/setup.php HTTP/1.1" 404 1256 "-" "-"
85.214.92.8 - - [29/Apr/2011:06:29:15 +0200] "GET //phpMyAdmin-2.5.6-rc1/scripts/setup.php HTTP/1.1" 404 1256 "-" "-"
85.214.92.8 - - [29/Apr/2011:06:29:18 +0200] "GET //phpMyAdmin-2.5.6/scripts/setup.php HTTP/1.1" 404 1256 "-" "-"
85.214.92.8 - - [29/Apr/2011:06:29:18 +0200] "GET //phpMyAdmin-2.5.7/scripts/setup.php HTTP/1.1" 404 1256 "-" "-"
85.214.92.8 - - [29/Apr/2011:06:29:21 +0200] "GET //phpMyAdmin-2.6.0-alpha/scripts/setup.php HTTP/1.1" 404 1256 "-" "-"
85.214.92.8 - - [29/Apr/2011:06:29:21 +0200] "GET //phpMyAdmin-2.6.0-alpha2/scripts/setup.php HTTP/1.1" 404 1256 "-" "-"
85.214.92.8 - - [29/Apr/2011:06:29:21 +0200] "GET //phpMyAdmin-2.6.0-beta1/scripts/setup.php HTTP/1.1" 404 1256 "-" "-"
85.214.92.8 - - [29/Apr/2011:06:29:21 +0200] "GET //phpMyAdmin-2.6.0-beta2/scripts/setup.php HTTP/1.1" 404 1256 "-" "-"
85.214.92.8 - - [29/Apr/2011:06:29:21 +0200] "GET //phpMyAdmin-2.6.0-rc1/scripts/setup.php HTTP/1.1" 404 1256 "-" "-"
85.214.92.8 - - [29/Apr/2011:06:29:21 +0200] "GET //phpMyAdmin-2.6.0-rc2/scripts/setup.php HTTP/1.1" 404 1256 "-" "-"
85.214.92.8 - - [29/Apr/2011:06:29:21 +0200] "GET //phpMyAdmin-2.6.0-rc3/scripts/setup.php HTTP/1.1" 404 1256 "-" "-"
85.214.92.8 - - [29/Apr/2011:06:29:21 +0200] "GET //phpMyAdmin-2.6.0/scripts/setup.php HTTP/1.1" 404 1256 "-" "-"
85.214.92.8 - - [29/Apr/2011:06:29:21 +0200] "GET //phpMyAdmin-2.6.0-pl1/scripts/setup.php HTTP/1.1" 404 1256 "-" "-"
85.214.92.8 - - [29/Apr/2011:06:29:21 +0200] "GET //phpMyAdmin-2.6.0-pl2/scripts/setup.php HTTP/1.1" 404 1256 "-" "-"
85.214.92.8 - - [29/Apr/2011:06:29:24 +0200] "GET //phpMyAdmin-2.6.1-rc1/scripts/setup.php HTTP/1.1" 404 1256 "-" "-"
85.214.92.8 - - [29/Apr/2011:06:29:24 +0200] "GET //phpMyAdmin-2.6.1-rc2/scripts/setup.php HTTP/1.1" 404 1256 "-" "-"
85.214.92.8 - - [29/Apr/2011:06:29:24 +0200] "GET //phpMyAdmin-2.6.1/scripts/setup.php HTTP/1.1" 404 1256 "-" "-"
85.214.92.8 - - [29/Apr/2011:06:29:27 +0200] "GET //phpMyAdmin-2.6.1-pl2/scripts/setup.php HTTP/1.1" 404 1256 "-" "-"
85.214.92.8 - - [29/Apr/2011:06:29:30 +0200] "GET //phpMyAdmin-2.6.2-rc1/scripts/setup.php HTTP/1.1" 404 1256 "-" "-"
85.214.92.8 - - [29/Apr/2011:06:29:30 +0200] "GET //phpMyAdmin-2.6.2-beta1/scripts/setup.php HTTP/1.1" 404 1256 "-" "-"
85.214.92.8 - - [29/Apr/2011:06:29:30 +0200] "GET //phpMyAdmin-2.6.2-rc1/scripts/setup.php HTTP/1.1" 404 1256 "-" "-"
85.214.92.8 - - [29/Apr/2011:06:29:33 +0200] "GET //phpMyAdmin-2.6.2-pl1/scripts/setup.php HTTP/1.1" 404 1256 "-" "-"
85.214.92.8 - - [29/Apr/2011:06:29:33 +0200] "GET //phpMyAdmin-2.6.3/scripts/setup.php HTTP/1.1" 404 1256 "-" "-"
85.214.92.8 - - [29/Apr/2011:06:29:33 +0200] "GET //phpMyAdmin-2.6.3-rc1/scripts/setup.php HTTP/1.1" 404 1256 "-" "-"
85.214.92.8 - - [29/Apr/2011:06:29:33 +0200] "GET //phpMyAdmin-2.6.3/scripts/setup.php HTTP/1.1" 404 1256 "-" "-"
85.214.92.8 - - [29/Apr/2011:06:29:36 +0200] "GET //phpMyAdmin-2.6.4-rc1/scripts/setup.php HTTP/1.1" 404 1256 "-" "-"
85.214.92.8 - - [29/Apr/2011:06:29:36 +0200] "GET //phpMyAdmin-2.6.4-pl1/scripts/setup.php HTTP/1.1" 404 1256 "-" "-"
85.214.92.8 - - [29/Apr/2011:06:29:36 +0200] "GET //phpMyAdmin-2.6.4-pl2/scripts/setup.php HTTP/1.1" 404 1256 "-" "-"
85.214.92.8 - - [29/Apr/2011:06:29:36 +0200] "GET //phpMyAdmin-2.6.4-pl3/scripts/setup.php HTTP/1.1" 404 1256 "-" "-"
85.214.92.8 - - [29/Apr/2011:06:29:36 +0200] "GET //phpMyAdmin-2.6.4-pl4/scripts/setup.php HTTP/1.1" 404 1256 "-" "-"
85.214.92.8 - - [29/Apr/2011:06:29:36 +0200] "GET //phpMyAdmin-2.6.4/scripts/setup.php HTTP/1.1" 404 1256 "-" "-"
85.214.92.8 - - [29/Apr/2011:06:29:39 +0200] "GET //phpMyAdmin-2.7.0-rc1/scripts/setup.php HTTP/1.1" 404 1256 "-" "-"
85.214.92.8 - - [29/Apr/2011:06:29:39 +0200] "GET //phpMyAdmin-2.7.0-pl1/scripts/setup.php HTTP/1.1" 404 1256 "-" "-"
85.214.92.8 - - [29/Apr/2011:06:29:39 +0200] "GET //phpMyAdmin-2.7.0-pl2/scripts/setup.php HTTP/1.1" 404 1256 "-" "-"
85.214.92.8 - - [29/Apr/2011:06:29:43 +0200] "GET //phpMyAdmin-2.8.0-beta1/scripts/setup.php HTTP/1.1" 404 1256 "-" "-"
85.214.92.8 - - [29/Apr/2011:06:29:46 +0200] "GET //phpMyAdmin-2.8.0-rc2/scripts/setup.php HTTP/1.1" 404 1256 "-" "-"
85.214.92.8 - - [29/Apr/2011:06:29:46 +0200] "GET //phpMyAdmin-2.8.0/scripts/setup.php HTTP/1.1" 404 1256 "-" "-"
85.214.92.8 - - [29/Apr/2011:06:29:46 +0200] "GET //phpMyAdmin-2.8.0.1/scripts/setup.php HTTP/1.1" 404 1256 "-" "-"
85.214.92.8 - - [29/Apr/2011:06:29:46 +0200] "GET //phpMyAdmin-2.8.0.2/scripts/setup.php HTTP/1.1" 404 1256 "-" "-"
85.214.92.8 - - [29/Apr/2011:06:29:46 +0200] "GET //phpMyAdmin-2.8.0.3/scripts/setup.php HTTP/1.1" 404 1256 "-" "-"
85.214.92.8 - - [29/Apr/2011:06:29:49 +0200] "GET //phpMyAdmin-2.8.1-rc1/scripts/setup.php HTTP/1.1" 404 1256 "-" "-"
85.214.92.8 - - [29/Apr/2011:06:29:49 +0200] "GET //phpMyAdmin-2.8.1/scripts/setup.php HTTP/1.1" 404 1256 "-" "-"
85.214.92.8 - - [29/Apr/2011:06:29:49 +0200] "GET //phpMyAdmin-2.8.2/scripts/setup.php HTTP/1.1" 404 1256 "-" "-"
85.214.92.8 - - [29/Apr/2011:06:29:49 +0200] "GET //sqlmanager/scripts/setup.php HTTP/1.1" 404 1256 "-" "-"
85.214.92.8 - - [29/Apr/2011:06:29:52 +0200] "GET //p/m/a/scripts/setup.php HTTP/1.1" 404 1256 "-" "-"
85.214.92.8 - - [29/Apr/2011:06:29:52 +0200] "GET //PMA2005/scripts/setup.php HTTP/1.1" 404 1256 "-" "-"
85.214.92.8 - - [29/Apr/2011:06:29:55 +0200] "GET //phpmanager/scripts/setup.php HTTP/1.1" 404 1256 "-" "-"
85.214.92.8 - - [29/Apr/2011:06:29:55 +0200] "GET //php-myadmin/scripts/setup.php HTTP/1.1" 404 1256 "-" "-"
85.214.92.8 - - [29/Apr/2011:06:29:55 +0200] "GET //phpmy-admin/scripts/setup.php HTTP/1.1" 404 1256 "-" "-"
85.214.92.8 - - [29/Apr/2011:06:29:55 +0200] "GET //webadmin/scripts/setup.php HTTP/1.1" 404 1256 "-" "-"
85.214.92.8 - - [29/Apr/2011:06:29:55 +0200] "GET //sqlweb/scripts/setup.php HTTP/1.1" 404 1256 "-" "-"
85.214.92.8 - - [29/Apr/2011:06:29:58 +0200] "GET //webdb/scripts/setup.php HTTP/1.1" 404 1256 "-" "-"
85.214.92.8 - - [29/Apr/2011:06:30:01 +0200] "GET //mysql-admin/scripts/setup.php HTTP/1.1" 404 1256 "-" "-"
85.214.92.8 - - [29/Apr/2011:06:30:01 +0200] "GET //databaseadmin/scripts/setup.php HTTP/1.1" 404 1256 "-" "-"
85.214.92.8 - - [29/Apr/2011:06:30:01 +0200] "GET //admm/scripts/setup.php HTTP/1.1" 404 1256 "-" "-"
195.88.117.149 - - [29/Apr/2011:07:56:44 +0200] "GET / HTTP/1.0" 302 - "http://www.agentur-zeitarbeit.de/component/option,com_afz_category/id,96/subcat,142/" "Mozilla/4.0 (compatible; MSIE 8.0; Windows NT 5.1; Trident/4.0; .NET CLR 1.1.4322; .NET CLR 2.0.50727; .NET CLR 3.0.4506.2152; .NET CLR 3.5.30729; .NET4.0C; .NET4.0E)"
216.104.15.130 - - [29/Apr/2011:07:58:39 +0200] "GET / HTTP/1.0" 302 - "-" "Mozilla/4.0 (compatible; MSIE 6.0; Windows NT 5.1)"
92.230.126.194 - - [29/Apr/2011:08:00:16 +0200] "GET / HTTP/1.1" 302 - "http://www.stepstone.de/stellenangebote-des-unternehmens--K-K-GmbH--41707.html" "Mozilla/5.0 (Windows; U; Windows NT 6.1; de; rv:1.9.2.16) Gecko/20110319 Firefox/3.6.16"
67.195.113.240 - - [29/Apr/2011:08:07:21 +0200] "GET /robots.txt HTTP/1.0" 404 1256 "-" "Mozilla/5.0 (compatible; Yahoo! Slurp; http://help.yahoo.com/help/us/ysearch/slurp)"
67.195.113.240 - - [29/Apr/2011:08:07:21 +0200] "GET /kompetenz/getraenkelog.html HTTP/1.0" 200 5224 "-" "Mozilla/5.0 (compatible; Yahoo! Slurp; http://help.yahoo.com/help/us/ysearch/slurp)"
207.46.204.243 - - [29/Apr/2011:08:51:23 +0200] "GET /robots.txt HTTP/1.1" 404 1256 "-" "Mozilla/5.0 (compatible; bingbot/2.0; +http://www.bing.com/bingbot.htm)"
207.46.204.243 - - [29/Apr/2011:08:52:19 +0200] "GET / HTTP/1.1" 302 - "-" "Mozilla/5.0 (compatible; bingbot/2.0; +http://www.bing.com/bingbot.htm)"
208.80.194.37 - - [29/Apr/2011:09:53:44 +0200] "GET / HTTP/1.0" 302 - "-" "Mozilla/4.0 (compatible; MSIE 7.0; Windows NT 6.0; Mailinfo [867753]; SLCC1; .NET CLR 2.0.50727; Media Center PC 5.0; .NET CLR 3.0.04506; .NET CLR 1.1.4322)"
78.55.61.52 - - [29/Apr/2011:10:48:28 +0200] "GET /favicon.ico HTTP/1.1" 404 1256 "-" "Mozilla/4.0 (compatible; MSIE 7.0; Windows NT 6.1; WOW64; Trident/4.0; GTB6.6; SLCC2; .NET CLR 2.0.50727; .NET CLR 3.5.30729; .NET CLR 3.0.30729; Media Center PC 6.0; .NET4.0C; MANM)"
123.125.71.111 - - [29/Apr/2011:12:37:47 +0200] "GET / HTTP/1.1" 302 - "-" "Baiduspider+(+http://www.baidu.com/search/spider.htm)"
67.195.113.240 - - [29/Apr/2011:13:53:42 +0200] "GET /robots.txt HTTP/1.0" 404 1256 "-" "Mozilla/5.0 (compatible; Yahoo! Slurp; http://help.yahoo.com/help/us/ysearch/slurp)"
67.195.113.240 - - [29/Apr/2011:13:53:42 +0200] "GET /referenz/referenzenberl.html HTTP/1.0" 200 3591 "-" "Mozilla/5.0 (compatible; Yahoo! Slurp; http://help.yahoo.com/help/us/ysearch/slurp)"
80.153.3.166 - - [29/Apr/2011:13:58:15 +0200] "GET / HTTP/1.1" 302 - "-" "Mozilla/4.0 (compatible; MSIE 7.0; Windows NT 6.1; Trident/4.0; SLCC2; .NET CLR 2.0.50727; .NET CLR 3.5.30729; .NET CLR 3.0.30729; Media Center PC 6.0; .NET4.0C; .NET4.0E; CMDTDF)"
67.195.113.240 - - [29/Apr/2011:14:34:55 +0200] "GET /kontakt/kontakt%20polen.html HTTP/1.0" 200 10393 "-" "Mozilla/5.0 (compatible; Yahoo! Slurp; http://help.yahoo.com/help/us/ysearch/slurp)"
67.195.113.240 - - [29/Apr/2011:17:03:42 +0200] "GET /AnfrageAll.html HTTP/1.0" 200 8274 "-" "Mozilla/5.0 (compatible; Yahoo! Slurp; http://help.yahoo.com/help/us/ysearch/slurp)"
67.195.113.240 - - [29/Apr/2011:17:03:43 +0200] "GET /anfrage/anforderungen.html HTTP/1.0" 200 7478 "http://www.personal-dienstleistung.de/AnfrageAll.html" "Mozilla/5.0 (compatible; Yahoo! Slurp; http://help.yahoo.com/help/us/ysearch/slurp)"
67.195.113.240 - - [29/Apr/2011:17:57:52 +0200] "GET /Anfahrt/anfahrtpolen.html HTTP/1.0" 200 3753 "-" "Mozilla/5.0 (compatible; Yahoo! Slurp; http://help.yahoo.com/help/us/ysearch/slurp)"
67.195.113.240 - - [29/Apr/2011:21:19:58 +0200] "GET /kompetenz/konfektionierung.html HTTP/1.0" 200 6064 "-" "Mozilla/5.0 (compatible; Yahoo! Slurp; http://help.yahoo.com/help/us/ysearch/slurp)"
67.195.113.240 - - [29/Apr/2011:22:43:34 +0200] "GET /linksAll.html HTTP/1.0" 200 8990 "-" "Mozilla/5.0 (compatible; Yahoo! Slurp; http://help.yahoo.com/help/us/ysearch/slurp)"
65.111.171.90 - - [30/Apr/2011:04:49:28 +0200] "GET /robots.txt HTTP/1.0" 404 1256 "-" "Gigabot/3.0 (http://www.gigablast.com/spider.html)"
65.111.171.90 - - [30/Apr/2011:04:49:29 +0200] "GET / HTTP/1.0" 302 - "-" "Gigabot/3.0 (http://www.gigablast.com/spider.html)"
