78.53.12.112 - - [02/Jan/2010:15:51:08 +0100] "GET /anfrage/anforderungen.html HTTP/1.1" 200 7478 "http://www.personal-dienstleistung.de/AnfrageAll.html" "Mozilla/5.0 (Windows; U; Windows NT 6.0; de; rv:1.9.1.6) Gecko/20091201 Ant.com Toolbar 1.5 Firefox/3.5.6 (.NET CLR 1.1.4322; .NET CLR 2.0.50727; .NET CLR 3.0.30729; .NET CLR 3.5.30729)"
78.53.12.112 - - [02/Jan/2010:15:51:08 +0100] "GET /anfrage/Bilder/azsdrucken.jpg HTTP/1.1" 200 15655 "http://www.personal-dienstleistung.de/anfrage/anforderungen.html" "Mozilla/5.0 (Windows; U; Windows NT 6.0; de; rv:1.9.1.6) Gecko/20091201 Ant.com Toolbar 1.5 Firefox/3.5.6 (.NET CLR 1.1.4322; .NET CLR 2.0.50727; .NET CLR 3.0.30729; .NET CLR 3.5.30729)"
207.46.199.178 - - [02/Jan/2010:16:22:15 +0100] "GET /robots.txt HTTP/1.1" 404 1256 "-" "msnbot/2.0b (+http://search.msn.com/msnbot.htm)"
207.46.199.178 - - [02/Jan/2010:16:28:21 +0100] "GET /anfahrtalllay.html HTTP/1.1" 200 10071 "-" "msnbot/2.0b (+http://search.msn.com/msnbot.htm)"
91.7.228.26 - - [02/Jan/2010:16:57:36 +0100] "GET /favicon.ico HTTP/1.1" 404 1256 "-" "Mozilla/4.0 (compatible; MSIE 7.0; Windows NT 6.0; GTB0.0; SLCC1; .NET CLR 2.0.50727; Media Center PC 5.0; .NET CLR 3.5.30729; .NET CLR 3.0.30729)"
66.249.65.48 - - [02/Jan/2010:17:04:53 +0100] "GET /Anfahrt/CSScriptLib.js HTTP/1.1" 404 1256 "-" "Mozilla/5.0 (compatible; Googlebot/2.1; +http://www.google.com/bot.html)"
92.51.147.197 - - [02/Jan/2010:17:09:56 +0100] "HEAD / HTTP/1.1" 200 - "-" "BotOnParade, http://www.bots-on-para.de/bot.html"
92.51.135.202 - - [02/Jan/2010:17:24:08 +0100] "HEAD / HTTP/1.1" 200 - "-" "BotOnParade, http://www.bots-on-para.de/bot.html"
88.131.106.24 - - [02/Jan/2010:18:34:12 +0100] "GET /robots.txt HTTP/1.0" 404 1256 "-" "Speedy Spider (http://www.entireweb.com/about/search_tech/speedy_spider/)"
88.131.106.24 - - [02/Jan/2010:18:34:14 +0100] "GET / HTTP/1.0" 200 9150 "-" "Speedy Spider (http://www.entireweb.com/about/search_tech/speedy_spider/)"
91.7.240.165 - - [02/Jan/2010:19:09:07 +0100] "GET /favicon.ico HTTP/1.1" 404 1256 "-" "Mozilla/4.0 (compatible; MSIE 7.0; Windows NT 6.0; GTB0.0; SLCC1; .NET CLR 2.0.50727; Media Center PC 5.0; .NET CLR 3.5.30729; .NET CLR 3.0.30729)"
66.249.65.48 - - [02/Jan/2010:19:21:47 +0100] "GET /robots.txt HTTP/1.1" 404 1256 "-" "Googlebot-Image/1.0"
66.249.65.48 - - [02/Jan/2010:19:21:47 +0100] "GET /images/hg1_23.gif HTTP/1.1" 304 - "-" "Googlebot-Image/1.0"
83.167.62.171 - - [02/Jan/2010:20:42:54 +0100] "GET /robots.txt HTTP/1.1" 404 1256 "-" "Mozilla/5.0 (compatible; Exabot/3.0 (BiggerBetter); +http://www.exabot.com/go/robot)"
83.167.62.171 - - [02/Jan/2010:20:42:54 +0100] "GET /Anfahrt/fuer%20bewerber/seite1.html HTTP/1.1" 404 1256 "-" "Mozilla/5.0 (compatible; Exabot/3.0 (BiggerBetter); +http://www.exabot.com/go/robot)"
87.188.245.6 - - [02/Jan/2010:21:29:42 +0100] "GET /kontakt/mitarbeiter/karp.jpg HTTP/1.1" 200 16909 "-" "Mozilla/5.0 (Windows; U; Windows NT 6.0; de; rv:1.9.1.6) Gecko/20091201 Firefox/3.5.6 GTB6 (.NET CLR 3.5.30729)"
84.149.86.160 - - [02/Jan/2010:22:07:34 +0100] "GET / HTTP/1.1" 200 9150 "http://www.google.de/search?q=K%26K+GmbH+&ie=utf-8&oe=utf-8&aq=t&rls=org.mozilla:de:official&client=firefox-a" "Mozilla/5.0 (Windows; U; Windows NT 6.1; de; rv:1.9.2b5) Gecko/20091204 Firefox/3.6b5"
84.178.200.103 - - [02/Jan/2010:22:08:55 +0100] "GET / HTTP/1.1" 200 9150 "http://www.google.de/search?client=firefox-a&rls=org.mozilla%3Ade%3Aofficial&channel=s&hl=de&source=hp&q=k%26k+gmbh&meta=&btnG=Google-Suche" "Mozilla/5.0 (Windows; U; Windows NT 5.1; de; rv:1.9.1.6) Gecko/20091201 Firefox/3.5.6"
83.167.62.171 - - [02/Jan/2010:22:49:35 +0100] "GET /Anfahrt/Bilder/anfahrtpolen.pdf HTTP/1.1" 200 1212248 "-" "Mozilla/5.0 (compatible; Exabot/3.0 (BiggerBetter); +http://www.exabot.com/go/robot)"
92.51.147.197 - - [02/Jan/2010:23:17:04 +0100] "HEAD / HTTP/1.1" 200 - "-" "BotOnParade, http://www.bots-on-para.de/bot.html"
67.195.110.161 - - [02/Jan/2010:23:39:05 +0100] "GET /robots.txt HTTP/1.0" 404 1256 "-" "Mozilla/5.0 (compatible; Yahoo! Slurp; http://help.yahoo.com/help/us/ysearch/slurp)"
67.195.110.161 - - [02/Jan/2010:23:39:05 +0100] "GET /kompetenz/getraenkelog.html HTTP/1.0" 200 5224 "-" "Mozilla/5.0 (compatible; Yahoo! Slurp/3.0; http://help.yahoo.com/help/us/ysearch/slurp)"
92.51.147.197 - - [03/Jan/2010:00:03:32 +0100] "HEAD / HTTP/1.1" 200 - "-" "BotOnParade, http://www.bots-on-para.de/bot.html"
84.130.240.29 - - [03/Jan/2010:00:16:10 +0100] "GET / HTTP/1.1" 200 9150 "http://www.google.de/search?hl=de&source=hp&q=K%26K+GmbH&btnG=Google-Suche&meta=&aq=f&oq=K%26K+GmbH&fp=6e1a413bb204dd20" "Mozilla/5.0 (Windows; U; Windows NT 5.1; de; rv:1.9.1.6) Gecko/20091201 Firefox/3.5.6 (.NET CLR 3.5.30729)"
65.55.106.138 - - [03/Jan/2010:00:25:38 +0100] "GET /robots.txt HTTP/1.1" 404 1256 "-" "msnbot/2.0b (+http://search.msn.com/msnbot.htm)"
65.55.106.138 - - [03/Jan/2010:00:26:14 +0100] "GET /Erlaubnis.pdf HTTP/1.1" 304 - "-" "msnbot/2.0b (+http://search.msn.com/msnbot.htm)"
83.167.62.171 - - [03/Jan/2010:00:28:34 +0100] "GET /referenz/referenzenhannover.html HTTP/1.1" 200 3149 "-" "Mozilla/5.0 (compatible; Exabot/3.0 (BiggerBetter); +http://www.exabot.com/go/robot)"
87.250.255.242 - - [03/Jan/2010:00:29:36 +0100] "GET / HTTP/1.1" 200 9150 "-" "Yandex/1.01.001 (compatible; Win16; I)"
67.195.110.161 - - [03/Jan/2010:01:17:19 +0100] "GET / HTTP/1.0" 200 9150 "-" "Mozilla/5.0 (compatible; Yahoo! Slurp/3.0; http://help.yahoo.com/help/us/ysearch/slurp)"
220.181.7.40 - - [03/Jan/2010:02:02:54 +0100] "GET /robots.txt HTTP/1.1" 404 1256 "-" "Baiduspider+(+http://www.baidu.com/search/spider.htm)"
67.195.110.161 - - [03/Jan/2010:02:07:30 +0100] "GET /news/?S=A HTTP/1.0" 404 1256 "-" "Mozilla/5.0 (compatible; Yahoo! Slurp/3.0; http://help.yahoo.com/help/us/ysearch/slurp)"
66.249.65.48 - - [03/Jan/2010:02:13:06 +0100] "GET /kontakt/mitarbeiter/Lietzenberger.jpg HTTP/1.1" 304 - "-" "Googlebot-Image/1.0"
65.55.106.185 - - [03/Jan/2010:02:15:41 +0100] "GET /robots.txt HTTP/1.1" 404 1256 "-" "msnbot/2.0b (+http://search.msn.com/msnbot.htm)"
65.55.106.185 - - [03/Jan/2010:02:16:47 +0100] "GET /kontaKTalllay.html HTTP/1.1" 304 - "-" "msnbot/2.0b (+http://search.msn.com/msnbot.htm)"
65.55.106.187 - - [03/Jan/2010:02:24:17 +0100] "GET /impressum.html HTTP/1.1" 304 - "-" "msnbot/2.0b (+http://search.msn.com/msnbot.htm)"
65.55.207.47 - - [03/Jan/2010:03:05:18 +0100] "GET /robots.txt HTTP/1.1" 404 1256 "-" "msnbot/2.0b (+http://search.msn.com/msnbot.htm)"
65.55.207.47 - - [03/Jan/2010:03:06:15 +0100] "GET /index.html HTTP/1.1" 304 - "-" "msnbot/2.0b (+http://search.msn.com/msnbot.htm)"
88.77.144.51 - - [03/Jan/2010:03:36:19 +0100] "GET / HTTP/1.1" 200 9150 "http://www.google.de/search?q=K%26K+GmbH&ie=utf-8&oe=utf-8&aq=t&rls=org.mozilla:de:official&client=firefox-a" "Mozilla/5.0 (Windows; U; Windows NT 5.1; de; rv:1.9.1.3) Gecko/20090824 Firefox/3.5.3"
67.218.116.131 - - [03/Jan/2010:03:51:58 +0100] "GET /robots.txt HTTP/1.0" 404 1256 "-" "Mozilla/5.0 (Twiceler-0.9 http://www.cuil.com/twiceler/robot.html)"
92.51.135.202 - - [03/Jan/2010:04:34:06 +0100] "HEAD / HTTP/1.1" 200 - "-" "BotOnParade, http://www.bots-on-para.de/bot.html"
92.51.147.197 - - [03/Jan/2010:05:23:47 +0100] "HEAD / HTTP/1.1" 200 - "-" "BotOnParade, http://www.bots-on-para.de/bot.html"
87.230.47.8 - - [03/Jan/2010:05:44:03 +0100] "HEAD / HTTP/1.1" 200 - "-" "-"
87.250.255.242 - - [03/Jan/2010:06:02:38 +0100] "GET /robots.txt HTTP/1.1" 404 1256 "-" "Yandex/1.01.001 (compatible; Win16; I)"
92.51.135.202 - - [03/Jan/2010:06:39:51 +0100] "HEAD / HTTP/1.1" 200 - "-" "BotOnParade, http://www.bots-on-para.de/bot.html"
92.51.147.197 - - [03/Jan/2010:06:49:45 +0100] "HEAD / HTTP/1.1" 200 - "-" "BotOnParade, http://www.bots-on-para.de/bot.html"
92.51.147.197 - - [03/Jan/2010:06:58:27 +0100] "HEAD / HTTP/1.1" 200 - "-" "BotOnParade, http://www.bots-on-para.de/bot.html"
92.51.147.197 - - [03/Jan/2010:08:49:24 +0100] "HEAD / HTTP/1.1" 200 - "-" "BotOnParade, http://www.bots-on-para.de/bot.html"
65.55.106.159 - - [03/Jan/2010:09:04:33 +0100] "GET /robots.txt HTTP/1.1" 404 1256 "-" "msnbot/2.0b (+http://search.msn.com/msnbot.htm)"
65.55.106.159 - - [03/Jan/2010:09:05:15 +0100] "GET /kontakt/kontakt%20hannover.html HTTP/1.1" 304 - "-" "msnbot/2.0b (+http://search.msn.com/msnbot.htm)"
87.250.255.242 - - [03/Jan/2010:09:10:18 +0100] "GET /news/newsseite1.html HTTP/1.1" 404 1256 "-" "Yandex/1.01.001 (compatible; Win16; I)"
92.51.147.197 - - [03/Jan/2010:11:01:27 +0100] "HEAD / HTTP/1.1" 200 - "-" "BotOnParade, http://www.bots-on-para.de/bot.html"
92.51.135.202 - - [03/Jan/2010:11:01:27 +0100] "HEAD / HTTP/1.1" 200 - "-" "BotOnParade, http://www.bots-on-para.de/bot.html"
66.249.65.48 - - [03/Jan/2010:11:06:17 +0100] "GET /robots.txt HTTP/1.1" 404 1256 "-" "Googlebot-Image/1.0"
66.249.65.48 - - [03/Jan/2010:11:06:17 +0100] "GET /Anfahrt/Bilder/Laden.jpg HTTP/1.1" 304 - "-" "Googlebot-Image/1.0"
87.250.255.242 - - [03/Jan/2010:12:32:33 +0100] "GET /referenz/referenzenhannover.html HTTP/1.1" 304 - "-" "Yandex/1.01.001 (compatible; Win16; I)"
81.227.84.40 - - [03/Jan/2010:12:32:57 +0100] "GET /impressuminframe.html HTTP/1.1" 200 8032 "http://www.google.de/search?hl=de&q=K%26K+GmbH+hamburg&btnG=Suche&meta=&aq=f&oq=" "Mozilla/5.0 (Windows; U; Windows NT 6.1; en-US) AppleWebKit/532.0 (KHTML, like Gecko) Chrome/3.0.195.33 Safari/532.0"
81.227.84.40 - - [03/Jan/2010:12:32:57 +0100] "GET /favicon.ico HTTP/1.1" 404 1256 "-" "Mozilla/5.0 (Windows; U; Windows NT 6.1; en-US) AppleWebKit/532.0 (KHTML, like Gecko) Chrome/3.0.195.33 Safari/532.0"
91.7.235.127 - - [03/Jan/2010:12:46:10 +0100] "GET /favicon.ico HTTP/1.1" 404 1256 "-" "Mozilla/4.0 (compatible; MSIE 7.0; Windows NT 5.1; Trident/4.0; .NET CLR 1.0.3705; .NET CLR 1.1.4322; Media Center PC 4.0; .NET CLR 2.0.50727; .NET CLR 3.0.4506.2152; .NET CLR 3.5.30729)"
92.51.135.202 - - [03/Jan/2010:13:13:33 +0100] "HEAD / HTTP/1.1" 200 - "-" "BotOnParade, http://www.bots-on-para.de/bot.html"
91.7.235.127 - - [03/Jan/2010:13:27:18 +0100] "GET /favicon.ico HTTP/1.1" 404 1256 "-" "Mozilla/4.0 (compatible; MSIE 7.0; Windows NT 6.0; GTB0.0; SLCC1; .NET CLR 2.0.50727; Media Center PC 5.0; .NET CLR 3.5.30729; .NET CLR 3.0.30729)"
91.7.235.127 - - [03/Jan/2010:14:07:04 +0100] "GET /favicon.ico HTTP/1.1" 404 1256 "-" "Mozilla/4.0 (compatible; MSIE 7.0; Windows NT 5.1; Trident/4.0; .NET CLR 1.0.3705; .NET CLR 1.1.4322; Media Center PC 4.0; .NET CLR 2.0.50727; .NET CLR 3.0.4506.2152; .NET CLR 3.5.30729)"
207.46.199.185 - - [03/Jan/2010:14:12:05 +0100] "GET /robots.txt HTTP/1.1" 404 1256 "-" "msnbot/2.0b (+http://search.msn.com/msnbot.htm)"
207.46.199.193 - - [03/Jan/2010:14:24:54 +0100] "GET /robots.txt HTTP/1.1" 404 1256 "-" "msnbot/2.0b (+http://search.msn.com/msnbot.htm)"
91.96.169.6 - - [03/Jan/2010:14:25:23 +0100] "GET / HTTP/1.1" 200 9150 "http://www.agentur-zeitarbeit.eu/Niedersachsen/" "Mozilla/5.0 (Windows; U; Windows NT 5.1; de; rv:1.9.0.16) Gecko/2009120208 Firefox/3.0.16"
91.96.169.6 - - [03/Jan/2010:14:25:23 +0100] "GET /images/hghg.jpg HTTP/1.1" 200 2578 "http://www.personal-dienstleistung.de/" "Mozilla/5.0 (Windows; U; Windows NT 5.1; de; rv:1.9.0.16) Gecko/2009120208 Firefox/3.0.16"
91.96.169.6 - - [03/Jan/2010:14:25:23 +0100] "GET /images/hg1_02.gif HTTP/1.1" 200 32178 "http://www.personal-dienstleistung.de/" "Mozilla/5.0 (Windows; U; Windows NT 5.1; de; rv:1.9.0.16) Gecko/2009120208 Firefox/3.0.16"
91.96.169.6 - - [03/Jan/2010:14:25:23 +0100] "GET /images/hg1_04.gif HTTP/1.1" 200 6715 "http://www.personal-dienstleistung.de/" "Mozilla/5.0 (Windows; U; Windows NT 5.1; de; rv:1.9.0.16) Gecko/2009120208 Firefox/3.0.16"
91.96.169.6 - - [03/Jan/2010:14:25:23 +0100] "GET /images/neuerbanner/bneu_01.gif HTTP/1.1" 200 25045 "http://www.personal-dienstleistung.de/" "Mozilla/5.0 (Windows; U; Windows NT 5.1; de; rv:1.9.0.16) Gecko/2009120208 Firefox/3.0.16"
91.96.169.6 - - [03/Jan/2010:14:25:23 +0100] "GET /images/hg1_13.gif HTTP/1.1" 200 3972 "http://www.personal-dienstleistung.de/" "Mozilla/5.0 (Windows; U; Windows NT 5.1; de; rv:1.9.0.16) Gecko/2009120208 Firefox/3.0.16"
91.96.169.6 - - [03/Jan/2010:14:25:23 +0100] "GET /images/hg1_14.gif HTTP/1.1" 200 10344 "http://www.personal-dienstleistung.de/" "Mozilla/5.0 (Windows; U; Windows NT 5.1; de; rv:1.9.0.16) Gecko/2009120208 Firefox/3.0.16"
91.96.169.6 - - [03/Jan/2010:14:25:23 +0100] "GET /images/hg1_15.gif HTTP/1.1" 200 789 "http://www.personal-dienstleistung.de/" "Mozilla/5.0 (Windows; U; Windows NT 5.1; de; rv:1.9.0.16) Gecko/2009120208 Firefox/3.0.16"
91.96.169.6 - - [03/Jan/2010:14:25:23 +0100] "GET /images/hg1_16.gif HTTP/1.1" 200 1417 "http://www.personal-dienstleistung.de/" "Mozilla/5.0 (Windows; U; Windows NT 5.1; de; rv:1.9.0.16) Gecko/2009120208 Firefox/3.0.16"
91.96.169.6 - - [03/Jan/2010:14:25:23 +0100] "GET /images/hg1_17.gif HTTP/1.1" 200 1597 "http://www.personal-dienstleistung.de/" "Mozilla/5.0 (Windows; U; Windows NT 5.1; de; rv:1.9.0.16) Gecko/2009120208 Firefox/3.0.16"
91.96.169.6 - - [03/Jan/2010:14:25:23 +0100] "GET /images/hg1_18.gif HTTP/1.1" 200 1911 "http://www.personal-dienstleistung.de/" "Mozilla/5.0 (Windows; U; Windows NT 5.1; de; rv:1.9.0.16) Gecko/2009120208 Firefox/3.0.16"
91.96.169.6 - - [03/Jan/2010:14:25:23 +0100] "GET /images/hg1_19.gif HTTP/1.1" 200 1883 "http://www.personal-dienstleistung.de/" "Mozilla/5.0 (Windows; U; Windows NT 5.1; de; rv:1.9.0.16) Gecko/2009120208 Firefox/3.0.16"
91.96.169.6 - - [03/Jan/2010:14:25:23 +0100] "GET /images/hg1_20.gif HTTP/1.1" 200 1423 "http://www.personal-dienstleistung.de/" "Mozilla/5.0 (Windows; U; Windows NT 5.1; de; rv:1.9.0.16) Gecko/2009120208 Firefox/3.0.16"
91.96.169.6 - - [03/Jan/2010:14:25:23 +0100] "GET /images/hg1_01.gif HTTP/1.1" 200 54550 "http://www.personal-dienstleistung.de/" "Mozilla/5.0 (Windows; U; Windows NT 5.1; de; rv:1.9.0.16) Gecko/2009120208 Firefox/3.0.16"
91.96.169.6 - - [03/Jan/2010:14:25:23 +0100] "GET /images/hg1_21.gif HTTP/1.1" 200 3374 "http://www.personal-dienstleistung.de/" "Mozilla/5.0 (Windows; U; Windows NT 5.1; de; rv:1.9.0.16) Gecko/2009120208 Firefox/3.0.16"
91.96.169.6 - - [03/Jan/2010:14:25:23 +0100] "GET /images/hg1_22.gif HTTP/1.1" 200 4975 "http://www.personal-dienstleistung.de/" "Mozilla/5.0 (Windows; U; Windows NT 5.1; de; rv:1.9.0.16) Gecko/2009120208 Firefox/3.0.16"
91.96.169.6 - - [03/Jan/2010:14:25:23 +0100] "GET /images/hg1_23.gif HTTP/1.1" 200 5581 "http://www.personal-dienstleistung.de/" "Mozilla/5.0 (Windows; U; Windows NT 5.1; de; rv:1.9.0.16) Gecko/2009120208 Firefox/3.0.16"
91.96.169.6 - - [03/Jan/2010:14:25:23 +0100] "GET /images/hg1_06.gif HTTP/1.1" 200 5512 "http://www.personal-dienstleistung.de/" "Mozilla/5.0 (Windows; U; Windows NT 5.1; de; rv:1.9.0.16) Gecko/2009120208 Firefox/3.0.16"
91.96.169.6 - - [03/Jan/2010:14:25:23 +0100] "GET /images/hg1_07.gif HTTP/1.1" 200 5126 "http://www.personal-dienstleistung.de/" "Mozilla/5.0 (Windows; U; Windows NT 5.1; de; rv:1.9.0.16) Gecko/2009120208 Firefox/3.0.16"
91.96.169.6 - - [03/Jan/2010:14:25:24 +0100] "GET /images/hg1_08.gif HTTP/1.1" 200 4931 "http://www.personal-dienstleistung.de/" "Mozilla/5.0 (Windows; U; Windows NT 5.1; de; rv:1.9.0.16) Gecko/2009120208 Firefox/3.0.16"
91.96.169.6 - - [03/Jan/2010:14:25:24 +0100] "GET /images/hg1_09.gif HTTP/1.1" 200 4780 "http://www.personal-dienstleistung.de/" "Mozilla/5.0 (Windows; U; Windows NT 5.1; de; rv:1.9.0.16) Gecko/2009120208 Firefox/3.0.16"
91.96.169.6 - - [03/Jan/2010:14:25:24 +0100] "GET /images/hg1_10.gif HTTP/1.1" 200 4586 "http://www.personal-dienstleistung.de/" "Mozilla/5.0 (Windows; U; Windows NT 5.1; de; rv:1.9.0.16) Gecko/2009120208 Firefox/3.0.16"
91.96.169.6 - - [03/Jan/2010:14:25:24 +0100] "GET /images/hg1_11.gif HTTP/1.1" 200 4699 "http://www.personal-dienstleistung.de/" "Mozilla/5.0 (Windows; U; Windows NT 5.1; de; rv:1.9.0.16) Gecko/2009120208 Firefox/3.0.16"
91.96.169.6 - - [03/Jan/2010:14:25:24 +0100] "GET /images/1seite.jpg HTTP/1.1" 200 54445 "http://www.personal-dienstleistung.de/" "Mozilla/5.0 (Windows; U; Windows NT 5.1; de; rv:1.9.0.16) Gecko/2009120208 Firefox/3.0.16"
91.96.169.6 - - [03/Jan/2010:14:25:24 +0100] "GET /images/neuerbanner/bneu_02.gif HTTP/1.1" 200 1830 "http://www.personal-dienstleistung.de/" "Mozilla/5.0 (Windows; U; Windows NT 5.1; de; rv:1.9.0.16) Gecko/2009120208 Firefox/3.0.16"
91.96.169.6 - - [03/Jan/2010:14:25:24 +0100] "GET /images/neuerbanner/bneu_03.gif HTTP/1.1" 200 706 "http://www.personal-dienstleistung.de/" "Mozilla/5.0 (Windows; U; Windows NT 5.1; de; rv:1.9.0.16) Gecko/2009120208 Firefox/3.0.16"
91.96.169.6 - - [03/Jan/2010:14:25:24 +0100] "GET /images/neuerbanner/bneu_04.gif HTTP/1.1" 200 983 "http://www.personal-dienstleistung.de/" "Mozilla/5.0 (Windows; U; Windows NT 5.1; de; rv:1.9.0.16) Gecko/2009120208 Firefox/3.0.16"
91.96.169.6 - - [03/Jan/2010:14:25:24 +0100] "GET /images/neuerbanner/bneu_05.gif HTTP/1.1" 200 2032 "http://www.personal-dienstleistung.de/" "Mozilla/5.0 (Windows; U; Windows NT 5.1; de; rv:1.9.0.16) Gecko/2009120208 Firefox/3.0.16"
91.96.169.6 - - [03/Jan/2010:14:25:24 +0100] "GET /images/kontaktlink1seite.jpg HTTP/1.1" 200 23352 "http://www.personal-dienstleistung.de/" "Mozilla/5.0 (Windows; U; Windows NT 5.1; de; rv:1.9.0.16) Gecko/2009120208 Firefox/3.0.16"
91.96.169.6 - - [03/Jan/2010:14:25:24 +0100] "GET /favicon.ico HTTP/1.1" 404 1256 "-" "Mozilla/5.0 (Windows; U; Windows NT 5.1; de; rv:1.9.0.16) Gecko/2009120208 Firefox/3.0.16"
91.96.169.6 - - [03/Jan/2010:14:25:27 +0100] "GET /favicon.ico HTTP/1.1" 404 1256 "-" "Mozilla/5.0 (Windows; U; Windows NT 5.1; de; rv:1.9.0.16) Gecko/2009120208 Firefox/3.0.16"
91.96.169.6 - - [03/Jan/2010:14:25:33 +0100] "GET /AnfrageAll.html HTTP/1.1" 200 8274 "http://www.personal-dienstleistung.de/" "Mozilla/5.0 (Windows; U; Windows NT 5.1; de; rv:1.9.0.16) Gecko/2009120208 Firefox/3.0.16"
91.96.169.6 - - [03/Jan/2010:14:25:33 +0100] "GET /CSScriptLib.js HTTP/1.1" 200 74417 "http://www.personal-dienstleistung.de/AnfrageAll.html" "Mozilla/5.0 (Windows; U; Windows NT 5.1; de; rv:1.9.0.16) Gecko/2009120208 Firefox/3.0.16"
91.96.169.6 - - [03/Jan/2010:14:25:34 +0100] "GET /images/hg1_over_08.gif HTTP/1.1" 200 5039 "http://www.personal-dienstleistung.de/AnfrageAll.html" "Mozilla/5.0 (Windows; U; Windows NT 5.1; de; rv:1.9.0.16) Gecko/2009120208 Firefox/3.0.16"
91.96.169.6 - - [03/Jan/2010:14:25:34 +0100] "GET /anfrage/anforderungen.html HTTP/1.1" 200 7478 "http://www.personal-dienstleistung.de/AnfrageAll.html" "Mozilla/5.0 (Windows; U; Windows NT 5.1; de; rv:1.9.0.16) Gecko/2009120208 Firefox/3.0.16"
91.96.169.6 - - [03/Jan/2010:14:25:34 +0100] "GET /anfrage/Bilder/azsdrucken.jpg HTTP/1.1" 200 15655 "http://www.personal-dienstleistung.de/anfrage/anforderungen.html" "Mozilla/5.0 (Windows; U; Windows NT 5.1; de; rv:1.9.0.16) Gecko/2009120208 Firefox/3.0.16"
91.96.169.6 - - [03/Jan/2010:14:25:34 +0100] "GET /images/hg1_over_06.gif HTTP/1.1" 200 5680 "http://www.personal-dienstleistung.de/AnfrageAll.html" "Mozilla/5.0 (Windows; U; Windows NT 5.1; de; rv:1.9.0.16) Gecko/2009120208 Firefox/3.0.16"
91.96.169.6 - - [03/Jan/2010:14:25:34 +0100] "GET /images/hg1_over_07.gif HTTP/1.1" 200 5160 "http://www.personal-dienstleistung.de/AnfrageAll.html" "Mozilla/5.0 (Windows; U; Windows NT 5.1; de; rv:1.9.0.16) Gecko/2009120208 Firefox/3.0.16"
91.96.169.6 - - [03/Jan/2010:14:25:34 +0100] "GET /images/hg1_over_09.gif HTTP/1.1" 200 4870 "http://www.personal-dienstleistung.de/AnfrageAll.html" "Mozilla/5.0 (Windows; U; Windows NT 5.1; de; rv:1.9.0.16) Gecko/2009120208 Firefox/3.0.16"
91.96.169.6 - - [03/Jan/2010:14:25:34 +0100] "GET /images/hg1_over_10.gif HTTP/1.1" 200 4589 "http://www.personal-dienstleistung.de/AnfrageAll.html" "Mozilla/5.0 (Windows; U; Windows NT 5.1; de; rv:1.9.0.16) Gecko/2009120208 Firefox/3.0.16"
207.46.199.185 - - [03/Jan/2010:14:32:01 +0100] "GET /Erlaubnis.pdf HTTP/1.1" 200 118510 "-" "msnbot/2.0b (+http://search.msn.com/msnbot.htm)"
207.46.199.193 - - [03/Jan/2010:14:35:00 +0100] "GET /anfrage/anforderungen.html HTTP/1.1" 200 7478 "-" "msnbot/2.0b (+http://search.msn.com/msnbot.htm)"
92.51.147.197 - - [03/Jan/2010:14:41:12 +0100] "HEAD / HTTP/1.1" 200 - "-" "BotOnParade, http://www.bots-on-para.de/bot.html"
92.51.147.197 - - [03/Jan/2010:15:13:58 +0100] "HEAD / HTTP/1.1" 200 - "-" "BotOnParade, http://www.bots-on-para.de/bot.html"
92.51.135.202 - - [03/Jan/2010:15:22:53 +0100] "HEAD / HTTP/1.1" 200 - "-" "BotOnParade, http://www.bots-on-para.de/bot.html"
65.55.207.98 - - [03/Jan/2010:15:28:52 +0100] "GET /robots.txt HTTP/1.1" 404 1256 "-" "msnbot/2.0b (+http://search.msn.com/msnbot.htm)"
65.55.207.98 - - [03/Jan/2010:15:29:46 +0100] "GET /refall.html HTTP/1.1" 304 - "-" "msnbot/2.0b (+http://search.msn.com/msnbot.htm)"
87.250.255.242 - - [03/Jan/2010:15:43:18 +0100] "GET /kompetalllay.html HTTP/1.1" 304 - "-" "Yandex/1.01.001 (compatible; Win16; I)"
207.46.199.195 - - [03/Jan/2010:15:49:00 +0100] "GET /robots.txt HTTP/1.1" 404 1256 "-" "msnbot/2.0b (+http://search.msn.com/msnbot.htm)"
88.131.106.24 - - [03/Jan/2010:15:55:14 +0100] "GET /robots.txt HTTP/1.0" 404 1256 "-" "Speedy Spider (http://www.entireweb.com/about/search_tech/speedy_spider/)"
88.131.106.24 - - [03/Jan/2010:15:55:14 +0100] "GET /NewsAll.html HTTP/1.0" 200 9246 "-" "Speedy Spider (http://www.entireweb.com/about/search_tech/speedy_spider/)"
207.46.199.195 - - [03/Jan/2010:16:07:55 +0100] "GET /Anfahrt/anfahrtwaren2.html HTTP/1.1" 200 14370 "-" "msnbot/2.0b (+http://search.msn.com/msnbot.htm)"
66.249.65.48 - - [03/Jan/2010:16:38:42 +0100] "GET / HTTP/1.1" 304 - "-" "Mozilla/5.0 (compatible; Googlebot/2.1; +http://www.google.com/bot.html)"
91.121.106.59 - - [03/Jan/2010:16:39:18 +0100] "HEAD / HTTP/1.1" 200 - "-" "Mozilla/4.0 (compatible; MSIE 5.01; Windows NT 5.0)"
66.249.65.48 - - [03/Jan/2010:18:07:36 +0100] "GET /referenzen.html HTTP/1.1" 200 6836 "-" "Mozilla/5.0 (compatible; Googlebot/2.1; +http://www.google.com/bot.html)"
67.195.110.161 - - [03/Jan/2010:18:24:49 +0100] "GET /robots.txt HTTP/1.0" 404 1256 "-" "Mozilla/5.0 (compatible; Yahoo! Slurp; http://help.yahoo.com/help/us/ysearch/slurp)"
67.195.110.161 - - [03/Jan/2010:18:24:49 +0100] "GET /Anfahrt/Bilder/anfahrthannover.pdf HTTP/1.0" 200 750670 "-" "Mozilla/5.0 (compatible; Yahoo! Slurp/3.0; http://help.yahoo.com/help/us/ysearch/slurp)"
91.64.179.237 - - [03/Jan/2010:18:43:55 +0100] "GET / HTTP/1.1" 304 - "-" "Mozilla/4.0 (compatible; MSIE 7.0; Windows NT 6.0; GTB6.3; Mozilla/4.0 (compatible; MSIE 6.0; Windows NT 5.1; SV1) ; SLCC1; .NET CLR 2.0.50727; Media Center PC 5.0; .NET CLR 3.5.30729; .NET CLR 3.0.30618)"
91.64.179.237 - - [03/Jan/2010:18:43:56 +0100] "GET /images/hg1_01.gif HTTP/1.1" 304 - "http://www.personal-dienstleistung.de/" "Mozilla/4.0 (compatible; MSIE 7.0; Windows NT 6.0; GTB6.3; Mozilla/4.0 (compatible; MSIE 6.0; Windows NT 5.1; SV1) ; SLCC1; .NET CLR 2.0.50727; Media Center PC 5.0; .NET CLR 3.5.30729; .NET CLR 3.0.30618)"
91.64.179.237 - - [03/Jan/2010:18:43:56 +0100] "GET /images/hghg.jpg HTTP/1.1" 304 - "http://www.personal-dienstleistung.de/" "Mozilla/4.0 (compatible; MSIE 7.0; Windows NT 6.0; GTB6.3; Mozilla/4.0 (compatible; MSIE 6.0; Windows NT 5.1; SV1) ; SLCC1; .NET CLR 2.0.50727; Media Center PC 5.0; .NET CLR 3.5.30729; .NET CLR 3.0.30618)"
91.64.179.237 - - [03/Jan/2010:18:43:56 +0100] "GET /images/hg1_02.gif HTTP/1.1" 304 - "http://www.personal-dienstleistung.de/" "Mozilla/4.0 (compatible; MSIE 7.0; Windows NT 6.0; GTB6.3; Mozilla/4.0 (compatible; MSIE 6.0; Windows NT 5.1; SV1) ; SLCC1; .NET CLR 2.0.50727; Media Center PC 5.0; .NET CLR 3.5.30729; .NET CLR 3.0.30618)"
91.64.179.237 - - [03/Jan/2010:18:43:56 +0100] "GET /images/hg1_04.gif HTTP/1.1" 304 - "http://www.personal-dienstleistung.de/" "Mozilla/4.0 (compatible; MSIE 7.0; Windows NT 6.0; GTB6.3; Mozilla/4.0 (compatible; MSIE 6.0; Windows NT 5.1; SV1) ; SLCC1; .NET CLR 2.0.50727; Media Center PC 5.0; .NET CLR 3.5.30729; .NET CLR 3.0.30618)"
91.64.179.237 - - [03/Jan/2010:18:43:56 +0100] "GET /images/neuerbanner/bneu_01.gif HTTP/1.1" 304 - "http://www.personal-dienstleistung.de/" "Mozilla/4.0 (compatible; MSIE 7.0; Windows NT 6.0; GTB6.3; Mozilla/4.0 (compatible; MSIE 6.0; Windows NT 5.1; SV1) ; SLCC1; .NET CLR 2.0.50727; Media Center PC 5.0; .NET CLR 3.5.30729; .NET CLR 3.0.30618)"
91.64.179.237 - - [03/Jan/2010:18:43:56 +0100] "GET /images/hg1_14.gif HTTP/1.1" 304 - "http://www.personal-dienstleistung.de/" "Mozilla/4.0 (compatible; MSIE 7.0; Windows NT 6.0; GTB6.3; Mozilla/4.0 (compatible; MSIE 6.0; Windows NT 5.1; SV1) ; SLCC1; .NET CLR 2.0.50727; Media Center PC 5.0; .NET CLR 3.5.30729; .NET CLR 3.0.30618)"
91.64.179.237 - - [03/Jan/2010:18:43:56 +0100] "GET /images/hg1_13.gif HTTP/1.1" 304 - "http://www.personal-dienstleistung.de/" "Mozilla/4.0 (compatible; MSIE 7.0; Windows NT 6.0; GTB6.3; Mozilla/4.0 (compatible; MSIE 6.0; Windows NT 5.1; SV1) ; SLCC1; .NET CLR 2.0.50727; Media Center PC 5.0; .NET CLR 3.5.30729; .NET CLR 3.0.30618)"
91.64.179.237 - - [03/Jan/2010:18:43:56 +0100] "GET /images/hg1_15.gif HTTP/1.1" 304 - "http://www.personal-dienstleistung.de/" "Mozilla/4.0 (compatible; MSIE 7.0; Windows NT 6.0; GTB6.3; Mozilla/4.0 (compatible; MSIE 6.0; Windows NT 5.1; SV1) ; SLCC1; .NET CLR 2.0.50727; Media Center PC 5.0; .NET CLR 3.5.30729; .NET CLR 3.0.30618)"
91.64.179.237 - - [03/Jan/2010:18:43:56 +0100] "GET /images/hg1_16.gif HTTP/1.1" 304 - "http://www.personal-dienstleistung.de/" "Mozilla/4.0 (compatible; MSIE 7.0; Windows NT 6.0; GTB6.3; Mozilla/4.0 (compatible; MSIE 6.0; Windows NT 5.1; SV1) ; SLCC1; .NET CLR 2.0.50727; Media Center PC 5.0; .NET CLR 3.5.30729; .NET CLR 3.0.30618)"
91.64.179.237 - - [03/Jan/2010:18:43:56 +0100] "GET /images/hg1_17.gif HTTP/1.1" 304 - "http://www.personal-dienstleistung.de/" "Mozilla/4.0 (compatible; MSIE 7.0; Windows NT 6.0; GTB6.3; Mozilla/4.0 (compatible; MSIE 6.0; Windows NT 5.1; SV1) ; SLCC1; .NET CLR 2.0.50727; Media Center PC 5.0; .NET CLR 3.5.30729; .NET CLR 3.0.30618)"
91.64.179.237 - - [03/Jan/2010:18:43:56 +0100] "GET /images/hg1_18.gif HTTP/1.1" 304 - "http://www.personal-dienstleistung.de/" "Mozilla/4.0 (compatible; MSIE 7.0; Windows NT 6.0; GTB6.3; Mozilla/4.0 (compatible; MSIE 6.0; Windows NT 5.1; SV1) ; SLCC1; .NET CLR 2.0.50727; Media Center PC 5.0; .NET CLR 3.5.30729; .NET CLR 3.0.30618)"
91.64.179.237 - - [03/Jan/2010:18:43:56 +0100] "GET /images/hg1_19.gif HTTP/1.1" 304 - "http://www.personal-dienstleistung.de/" "Mozilla/4.0 (compatible; MSIE 7.0; Windows NT 6.0; GTB6.3; Mozilla/4.0 (compatible; MSIE 6.0; Windows NT 5.1; SV1) ; SLCC1; .NET CLR 2.0.50727; Media Center PC 5.0; .NET CLR 3.5.30729; .NET CLR 3.0.30618)"
91.64.179.237 - - [03/Jan/2010:18:43:56 +0100] "GET /images/hg1_20.gif HTTP/1.1" 304 - "http://www.personal-dienstleistung.de/" "Mozilla/4.0 (compatible; MSIE 7.0; Windows NT 6.0; GTB6.3; Mozilla/4.0 (compatible; MSIE 6.0; Windows NT 5.1; SV1) ; SLCC1; .NET CLR 2.0.50727; Media Center PC 5.0; .NET CLR 3.5.30729; .NET CLR 3.0.30618)"
91.64.179.237 - - [03/Jan/2010:18:43:56 +0100] "GET /images/hg1_21.gif HTTP/1.1" 304 - "http://www.personal-dienstleistung.de/" "Mozilla/4.0 (compatible; MSIE 7.0; Windows NT 6.0; GTB6.3; Mozilla/4.0 (compatible; MSIE 6.0; Windows NT 5.1; SV1) ; SLCC1; .NET CLR 2.0.50727; Media Center PC 5.0; .NET CLR 3.5.30729; .NET CLR 3.0.30618)"
91.64.179.237 - - [03/Jan/2010:18:43:56 +0100] "GET /images/hg1_22.gif HTTP/1.1" 304 - "http://www.personal-dienstleistung.de/" "Mozilla/4.0 (compatible; MSIE 7.0; Windows NT 6.0; GTB6.3; Mozilla/4.0 (compatible; MSIE 6.0; Windows NT 5.1; SV1) ; SLCC1; .NET CLR 2.0.50727; Media Center PC 5.0; .NET CLR 3.5.30729; .NET CLR 3.0.30618)"
91.64.179.237 - - [03/Jan/2010:18:43:56 +0100] "GET /images/hg1_23.gif HTTP/1.1" 304 - "http://www.personal-dienstleistung.de/" "Mozilla/4.0 (compatible; MSIE 7.0; Windows NT 6.0; GTB6.3; Mozilla/4.0 (compatible; MSIE 6.0; Windows NT 5.1; SV1) ; SLCC1; .NET CLR 2.0.50727; Media Center PC 5.0; .NET CLR 3.5.30729; .NET CLR 3.0.30618)"
91.64.179.237 - - [03/Jan/2010:18:43:56 +0100] "GET /images/hg1_06.gif HTTP/1.1" 304 - "http://www.personal-dienstleistung.de/" "Mozilla/4.0 (compatible; MSIE 7.0; Windows NT 6.0; GTB6.3; Mozilla/4.0 (compatible; MSIE 6.0; Windows NT 5.1; SV1) ; SLCC1; .NET CLR 2.0.50727; Media Center PC 5.0; .NET CLR 3.5.30729; .NET CLR 3.0.30618)"
91.64.179.237 - - [03/Jan/2010:18:43:56 +0100] "GET /images/hg1_07.gif HTTP/1.1" 304 - "http://www.personal-dienstleistung.de/" "Mozilla/4.0 (compatible; MSIE 7.0; Windows NT 6.0; GTB6.3; Mozilla/4.0 (compatible; MSIE 6.0; Windows NT 5.1; SV1) ; SLCC1; .NET CLR 2.0.50727; Media Center PC 5.0; .NET CLR 3.5.30729; .NET CLR 3.0.30618)"
91.64.179.237 - - [03/Jan/2010:18:43:56 +0100] "GET /images/hg1_08.gif HTTP/1.1" 304 - "http://www.personal-dienstleistung.de/" "Mozilla/4.0 (compatible; MSIE 7.0; Windows NT 6.0; GTB6.3; Mozilla/4.0 (compatible; MSIE 6.0; Windows NT 5.1; SV1) ; SLCC1; .NET CLR 2.0.50727; Media Center PC 5.0; .NET CLR 3.5.30729; .NET CLR 3.0.30618)"
91.64.179.237 - - [03/Jan/2010:18:43:56 +0100] "GET /images/hg1_09.gif HTTP/1.1" 304 - "http://www.personal-dienstleistung.de/" "Mozilla/4.0 (compatible; MSIE 7.0; Windows NT 6.0; GTB6.3; Mozilla/4.0 (compatible; MSIE 6.0; Windows NT 5.1; SV1) ; SLCC1; .NET CLR 2.0.50727; Media Center PC 5.0; .NET CLR 3.5.30729; .NET CLR 3.0.30618)"
91.64.179.237 - - [03/Jan/2010:18:43:56 +0100] "GET /images/hg1_10.gif HTTP/1.1" 304 - "http://www.personal-dienstleistung.de/" "Mozilla/4.0 (compatible; MSIE 7.0; Windows NT 6.0; GTB6.3; Mozilla/4.0 (compatible; MSIE 6.0; Windows NT 5.1; SV1) ; SLCC1; .NET CLR 2.0.50727; Media Center PC 5.0; .NET CLR 3.5.30729; .NET CLR 3.0.30618)"
91.64.179.237 - - [03/Jan/2010:18:43:56 +0100] "GET /images/hg1_11.gif HTTP/1.1" 304 - "http://www.personal-dienstleistung.de/" "Mozilla/4.0 (compatible; MSIE 7.0; Windows NT 6.0; GTB6.3; Mozilla/4.0 (compatible; MSIE 6.0; Windows NT 5.1; SV1) ; SLCC1; .NET CLR 2.0.50727; Media Center PC 5.0; .NET CLR 3.5.30729; .NET CLR 3.0.30618)"
91.64.179.237 - - [03/Jan/2010:18:43:56 +0100] "GET /images/neuerbanner/bneu_02.gif HTTP/1.1" 304 - "http://www.personal-dienstleistung.de/" "Mozilla/4.0 (compatible; MSIE 7.0; Windows NT 6.0; GTB6.3; Mozilla/4.0 (compatible; MSIE 6.0; Windows NT 5.1; SV1) ; SLCC1; .NET CLR 2.0.50727; Media Center PC 5.0; .NET CLR 3.5.30729; .NET CLR 3.0.30618)"
91.64.179.237 - - [03/Jan/2010:18:43:56 +0100] "GET /images/1seite.jpg HTTP/1.1" 304 - "http://www.personal-dienstleistung.de/" "Mozilla/4.0 (compatible; MSIE 7.0; Windows NT 6.0; GTB6.3; Mozilla/4.0 (compatible; MSIE 6.0; Windows NT 5.1; SV1) ; SLCC1; .NET CLR 2.0.50727; Media Center PC 5.0; .NET CLR 3.5.30729; .NET CLR 3.0.30618)"
91.64.179.237 - - [03/Jan/2010:18:43:56 +0100] "GET /images/neuerbanner/bneu_03.gif HTTP/1.1" 304 - "http://www.personal-dienstleistung.de/" "Mozilla/4.0 (compatible; MSIE 7.0; Windows NT 6.0; GTB6.3; Mozilla/4.0 (compatible; MSIE 6.0; Windows NT 5.1; SV1) ; SLCC1; .NET CLR 2.0.50727; Media Center PC 5.0; .NET CLR 3.5.30729; .NET CLR 3.0.30618)"
91.64.179.237 - - [03/Jan/2010:18:43:56 +0100] "GET /images/neuerbanner/bneu_04.gif HTTP/1.1" 304 - "http://www.personal-dienstleistung.de/" "Mozilla/4.0 (compatible; MSIE 7.0; Windows NT 6.0; GTB6.3; Mozilla/4.0 (compatible; MSIE 6.0; Windows NT 5.1; SV1) ; SLCC1; .NET CLR 2.0.50727; Media Center PC 5.0; .NET CLR 3.5.30729; .NET CLR 3.0.30618)"
91.64.179.237 - - [03/Jan/2010:18:43:56 +0100] "GET /images/neuerbanner/bneu_05.gif HTTP/1.1" 304 - "http://www.personal-dienstleistung.de/" "Mozilla/4.0 (compatible; MSIE 7.0; Windows NT 6.0; GTB6.3; Mozilla/4.0 (compatible; MSIE 6.0; Windows NT 5.1; SV1) ; SLCC1; .NET CLR 2.0.50727; Media Center PC 5.0; .NET CLR 3.5.30729; .NET CLR 3.0.30618)"
91.64.179.237 - - [03/Jan/2010:18:43:56 +0100] "GET /images/kontaktlink1seite.jpg HTTP/1.1" 304 - "http://www.personal-dienstleistung.de/" "Mozilla/4.0 (compatible; MSIE 7.0; Windows NT 6.0; GTB6.3; Mozilla/4.0 (compatible; MSIE 6.0; Windows NT 5.1; SV1) ; SLCC1; .NET CLR 2.0.50727; Media Center PC 5.0; .NET CLR 3.5.30729; .NET CLR 3.0.30618)"
91.64.179.237 - - [03/Jan/2010:18:44:03 +0100] "GET /kompetalllay.html HTTP/1.1" 200 11702 "http://www.personal-dienstleistung.de/" "Mozilla/4.0 (compatible; MSIE 7.0; Windows NT 6.0; GTB6.3; Mozilla/4.0 (compatible; MSIE 6.0; Windows NT 5.1; SV1) ; SLCC1; .NET CLR 2.0.50727; Media Center PC 5.0; .NET CLR 3.5.30729; .NET CLR 3.0.30618)"
91.64.179.237 - - [03/Jan/2010:18:44:03 +0100] "GET /CSScriptLib.js HTTP/1.1" 304 - "http://www.personal-dienstleistung.de/kompetalllay.html" "Mozilla/4.0 (compatible; MSIE 7.0; Windows NT 6.0; GTB6.3; Mozilla/4.0 (compatible; MSIE 6.0; Windows NT 5.1; SV1) ; SLCC1; .NET CLR 2.0.50727; Media Center PC 5.0; .NET CLR 3.5.30729; .NET CLR 3.0.30618)"
91.64.179.237 - - [03/Jan/2010:18:44:03 +0100] "GET /images/hg1_over_06.gif HTTP/1.1" 304 - "http://www.personal-dienstleistung.de/kompetalllay.html" "Mozilla/4.0 (compatible; MSIE 7.0; Windows NT 6.0; GTB6.3; Mozilla/4.0 (compatible; MSIE 6.0; Windows NT 5.1; SV1) ; SLCC1; .NET CLR 2.0.50727; Media Center PC 5.0; .NET CLR 3.5.30729; .NET CLR 3.0.30618)"
91.64.179.237 - - [03/Jan/2010:18:44:03 +0100] "GET /images/hg1_lk_07.gif HTTP/1.1" 200 4334 "http://www.personal-dienstleistung.de/kompetalllay.html" "Mozilla/4.0 (compatible; MSIE 7.0; Windows NT 6.0; GTB6.3; Mozilla/4.0 (compatible; MSIE 6.0; Windows NT 5.1; SV1) ; SLCC1; .NET CLR 2.0.50727; Media Center PC 5.0; .NET CLR 3.5.30729; .NET CLR 3.0.30618)"
91.64.179.237 - - [03/Jan/2010:18:44:03 +0100] "GET /kompetenz/seite1.html HTTP/1.1" 200 4131 "http://www.personal-dienstleistung.de/kompetalllay.html" "Mozilla/4.0 (compatible; MSIE 7.0; Windows NT 6.0; GTB6.3; Mozilla/4.0 (compatible; MSIE 6.0; Windows NT 5.1; SV1) ; SLCC1; .NET CLR 2.0.50727; Media Center PC 5.0; .NET CLR 3.5.30729; .NET CLR 3.0.30618)"
91.64.179.237 - - [03/Jan/2010:18:44:03 +0100] "GET /images/hg1_lk_08.gif HTTP/1.1" 200 4301 "http://www.personal-dienstleistung.de/kompetalllay.html" "Mozilla/4.0 (compatible; MSIE 7.0; Windows NT 6.0; GTB6.3; Mozilla/4.0 (compatible; MSIE 6.0; Windows NT 5.1; SV1) ; SLCC1; .NET CLR 2.0.50727; Media Center PC 5.0; .NET CLR 3.5.30729; .NET CLR 3.0.30618)"
91.64.179.237 - - [03/Jan/2010:18:44:03 +0100] "GET /images/hg1_lk_10.gif HTTP/1.1" 200 4384 "http://www.personal-dienstleistung.de/kompetalllay.html" "Mozilla/4.0 (compatible; MSIE 7.0; Windows NT 6.0; GTB6.3; Mozilla/4.0 (compatible; MSIE 6.0; Windows NT 5.1; SV1) ; SLCC1; .NET CLR 2.0.50727; Media Center PC 5.0; .NET CLR 3.5.30729; .NET CLR 3.0.30618)"
91.64.179.237 - - [03/Jan/2010:18:44:03 +0100] "GET /images/hg1_lk_11.gif HTTP/1.1" 200 4195 "http://www.personal-dienstleistung.de/kompetalllay.html" "Mozilla/4.0 (compatible; MSIE 7.0; Windows NT 6.0; GTB6.3; Mozilla/4.0 (compatible; MSIE 6.0; Windows NT 5.1; SV1) ; SLCC1; .NET CLR 2.0.50727; Media Center PC 5.0; .NET CLR 3.5.30729; .NET CLR 3.0.30618)"
91.64.179.237 - - [03/Jan/2010:18:44:03 +0100] "GET /images/hg1_lk_12.gif HTTP/1.1" 200 5120 "http://www.personal-dienstleistung.de/kompetalllay.html" "Mozilla/4.0 (compatible; MSIE 7.0; Windows NT 6.0; GTB6.3; Mozilla/4.0 (compatible; MSIE 6.0; Windows NT 5.1; SV1) ; SLCC1; .NET CLR 2.0.50727; Media Center PC 5.0; .NET CLR 3.5.30729; .NET CLR 3.0.30618)"
91.64.179.237 - - [03/Jan/2010:18:44:03 +0100] "GET /images/hg1_lk_13.gif HTTP/1.1" 200 6597 "http://www.personal-dienstleistung.de/kompetalllay.html" "Mozilla/4.0 (compatible; MSIE 7.0; Windows NT 6.0; GTB6.3; Mozilla/4.0 (compatible; MSIE 6.0; Windows NT 5.1; SV1) ; SLCC1; .NET CLR 2.0.50727; Media Center PC 5.0; .NET CLR 3.5.30729; .NET CLR 3.0.30618)"
91.64.179.237 - - [03/Jan/2010:18:44:03 +0100] "GET /images/leistd.jpg HTTP/1.1" 200 25525 "http://www.personal-dienstleistung.de/kompetalllay.html" "Mozilla/4.0 (compatible; MSIE 7.0; Windows NT 6.0; GTB6.3; Mozilla/4.0 (compatible; MSIE 6.0; Windows NT 5.1; SV1) ; SLCC1; .NET CLR 2.0.50727; Media Center PC 5.0; .NET CLR 3.5.30729; .NET CLR 3.0.30618)"
91.64.179.237 - - [03/Jan/2010:18:44:04 +0100] "GET /images/hg1_lk_09.gif HTTP/1.1" 200 4461 "http://www.personal-dienstleistung.de/kompetalllay.html" "Mozilla/4.0 (compatible; MSIE 7.0; Windows NT 6.0; GTB6.3; Mozilla/4.0 (compatible; MSIE 6.0; Windows NT 5.1; SV1) ; SLCC1; .NET CLR 2.0.50727; Media Center PC 5.0; .NET CLR 3.5.30729; .NET CLR 3.0.30618)"
91.64.179.237 - - [03/Jan/2010:18:44:04 +0100] "GET /images/hg1_lk_over_12.gif HTTP/1.1" 200 5394 "http://www.personal-dienstleistung.de/kompetalllay.html" "Mozilla/4.0 (compatible; MSIE 7.0; Windows NT 6.0; GTB6.3; Mozilla/4.0 (compatible; MSIE 6.0; Windows NT 5.1; SV1) ; SLCC1; .NET CLR 2.0.50727; Media Center PC 5.0; .NET CLR 3.5.30729; .NET CLR 3.0.30618)"
91.64.179.237 - - [03/Jan/2010:18:44:04 +0100] "GET /images/hg1_lk_over_11.gif HTTP/1.1" 200 4466 "http://www.personal-dienstleistung.de/kompetalllay.html" "Mozilla/4.0 (compatible; MSIE 7.0; Windows NT 6.0; GTB6.3; Mozilla/4.0 (compatible; MSIE 6.0; Windows NT 5.1; SV1) ; SLCC1; .NET CLR 2.0.50727; Media Center PC 5.0; .NET CLR 3.5.30729; .NET CLR 3.0.30618)"
91.64.179.237 - - [03/Jan/2010:18:44:04 +0100] "GET /images/hg1_lk_over_13.gif HTTP/1.1" 200 7048 "http://www.personal-dienstleistung.de/kompetalllay.html" "Mozilla/4.0 (compatible; MSIE 7.0; Windows NT 6.0; GTB6.3; Mozilla/4.0 (compatible; MSIE 6.0; Windows NT 5.1; SV1) ; SLCC1; .NET CLR 2.0.50727; Media Center PC 5.0; .NET CLR 3.5.30729; .NET CLR 3.0.30618)"
91.64.179.237 - - [03/Jan/2010:18:44:04 +0100] "GET /images/hg1_over_07.gif HTTP/1.1" 304 - "http://www.personal-dienstleistung.de/kompetalllay.html" "Mozilla/4.0 (compatible; MSIE 7.0; Windows NT 6.0; GTB6.3; Mozilla/4.0 (compatible; MSIE 6.0; Windows NT 5.1; SV1) ; SLCC1; .NET CLR 2.0.50727; Media Center PC 5.0; .NET CLR 3.5.30729; .NET CLR 3.0.30618)"
91.64.179.237 - - [03/Jan/2010:18:44:04 +0100] "GET /images/hg1_over_08.gif HTTP/1.1" 304 - "http://www.personal-dienstleistung.de/kompetalllay.html" "Mozilla/4.0 (compatible; MSIE 7.0; Windows NT 6.0; GTB6.3; Mozilla/4.0 (compatible; MSIE 6.0; Windows NT 5.1; SV1) ; SLCC1; .NET CLR 2.0.50727; Media Center PC 5.0; .NET CLR 3.5.30729; .NET CLR 3.0.30618)"
91.64.179.237 - - [03/Jan/2010:18:44:04 +0100] "GET /images/hg1_over_09.gif HTTP/1.1" 304 - "http://www.personal-dienstleistung.de/kompetalllay.html" "Mozilla/4.0 (compatible; MSIE 7.0; Windows NT 6.0; GTB6.3; Mozilla/4.0 (compatible; MSIE 6.0; Windows NT 5.1; SV1) ; SLCC1; .NET CLR 2.0.50727; Media Center PC 5.0; .NET CLR 3.5.30729; .NET CLR 3.0.30618)"
91.64.179.237 - - [03/Jan/2010:18:44:04 +0100] "GET /images/hg1_over_10.gif HTTP/1.1" 304 - "http://www.personal-dienstleistung.de/kompetalllay.html" "Mozilla/4.0 (compatible; MSIE 7.0; Windows NT 6.0; GTB6.3; Mozilla/4.0 (compatible; MSIE 6.0; Windows NT 5.1; SV1) ; SLCC1; .NET CLR 2.0.50727; Media Center PC 5.0; .NET CLR 3.5.30729; .NET CLR 3.0.30618)"
91.64.179.237 - - [03/Jan/2010:18:44:04 +0100] "GET /images/hg1_over_11.gif HTTP/1.1" 304 - "http://www.personal-dienstleistung.de/kompetalllay.html" "Mozilla/4.0 (compatible; MSIE 7.0; Windows NT 6.0; GTB6.3; Mozilla/4.0 (compatible; MSIE 6.0; Windows NT 5.1; SV1) ; SLCC1; .NET CLR 2.0.50727; Media Center PC 5.0; .NET CLR 3.5.30729; .NET CLR 3.0.30618)"
91.64.179.237 - - [03/Jan/2010:18:44:04 +0100] "GET /images/hg1_lk_07_overneu.gif HTTP/1.1" 200 4563 "http://www.personal-dienstleistung.de/kompetalllay.html" "Mozilla/4.0 (compatible; MSIE 7.0; Windows NT 6.0; GTB6.3; Mozilla/4.0 (compatible; MSIE 6.0; Windows NT 5.1; SV1) ; SLCC1; .NET CLR 2.0.50727; Media Center PC 5.0; .NET CLR 3.5.30729; .NET CLR 3.0.30618)"
91.64.179.237 - - [03/Jan/2010:18:44:04 +0100] "GET /images/hg1_lk_08_overneu.gif HTTP/1.1" 200 4543 "http://www.personal-dienstleistung.de/kompetalllay.html" "Mozilla/4.0 (compatible; MSIE 7.0; Windows NT 6.0; GTB6.3; Mozilla/4.0 (compatible; MSIE 6.0; Windows NT 5.1; SV1) ; SLCC1; .NET CLR 2.0.50727; Media Center PC 5.0; .NET CLR 3.5.30729; .NET CLR 3.0.30618)"
91.64.179.237 - - [03/Jan/2010:18:44:04 +0100] "GET /images/hg1_lk_10_overneu.gif HTTP/1.1" 200 4646 "http://www.personal-dienstleistung.de/kompetalllay.html" "Mozilla/4.0 (compatible; MSIE 7.0; Windows NT 6.0; GTB6.3; Mozilla/4.0 (compatible; MSIE 6.0; Windows NT 5.1; SV1) ; SLCC1; .NET CLR 2.0.50727; Media Center PC 5.0; .NET CLR 3.5.30729; .NET CLR 3.0.30618)"
91.64.179.237 - - [03/Jan/2010:18:44:04 +0100] "GET /images/hg1_lk_09-overneu.gif HTTP/1.1" 200 4742 "http://www.personal-dienstleistung.de/kompetalllay.html" "Mozilla/4.0 (compatible; MSIE 7.0; Windows NT 6.0; GTB6.3; Mozilla/4.0 (compatible; MSIE 6.0; Windows NT 5.1; SV1) ; SLCC1; .NET CLR 2.0.50727; Media Center PC 5.0; .NET CLR 3.5.30729; .NET CLR 3.0.30618)"
91.64.179.237 - - [03/Jan/2010:18:45:08 +0100] "GET /refall.html HTTP/1.1" 304 - "http://www.personal-dienstleistung.de/kompetalllay.html" "Mozilla/4.0 (compatible; MSIE 7.0; Windows NT 6.0; GTB6.3; Mozilla/4.0 (compatible; MSIE 6.0; Windows NT 5.1; SV1) ; SLCC1; .NET CLR 2.0.50727; Media Center PC 5.0; .NET CLR 3.5.30729; .NET CLR 3.0.30618)"
91.64.179.237 - - [03/Jan/2010:18:45:08 +0100] "GET /images/hg1_lkontakt_07.gif HTTP/1.1" 304 - "http://www.personal-dienstleistung.de/refall.html" "Mozilla/4.0 (compatible; MSIE 7.0; Windows NT 6.0; GTB6.3; Mozilla/4.0 (compatible; MSIE 6.0; Windows NT 5.1; SV1) ; SLCC1; .NET CLR 2.0.50727; Media Center PC 5.0; .NET CLR 3.5.30729; .NET CLR 3.0.30618)"
91.64.179.237 - - [03/Jan/2010:18:45:08 +0100] "GET /images/hg1_lkontakt_08.gif HTTP/1.1" 304 - "http://www.personal-dienstleistung.de/refall.html" "Mozilla/4.0 (compatible; MSIE 7.0; Windows NT 6.0; GTB6.3; Mozilla/4.0 (compatible; MSIE 6.0; Windows NT 5.1; SV1) ; SLCC1; .NET CLR 2.0.50727; Media Center PC 5.0; .NET CLR 3.5.30729; .NET CLR 3.0.30618)"
91.64.179.237 - - [03/Jan/2010:18:45:08 +0100] "GET /images/hg1_lkontakt_09.gif HTTP/1.1" 304 - "http://www.personal-dienstleistung.de/refall.html" "Mozilla/4.0 (compatible; MSIE 7.0; Windows NT 6.0; GTB6.3; Mozilla/4.0 (compatible; MSIE 6.0; Windows NT 5.1; SV1) ; SLCC1; .NET CLR 2.0.50727; Media Center PC 5.0; .NET CLR 3.5.30729; .NET CLR 3.0.30618)"
91.64.179.237 - - [03/Jan/2010:18:45:08 +0100] "GET /images/hg1_lkontakt_10.gif HTTP/1.1" 304 - "http://www.personal-dienstleistung.de/refall.html" "Mozilla/4.0 (compatible; MSIE 7.0; Windows NT 6.0; GTB6.3; Mozilla/4.0 (compatible; MSIE 6.0; Windows NT 5.1; SV1) ; SLCC1; .NET CLR 2.0.50727; Media Center PC 5.0; .NET CLR 3.5.30729; .NET CLR 3.0.30618)"
91.64.179.237 - - [03/Jan/2010:18:45:08 +0100] "GET /referenzen.html HTTP/1.1" 304 - "http://www.personal-dienstleistung.de/refall.html" "Mozilla/4.0 (compatible; MSIE 7.0; Windows NT 6.0; GTB6.3; Mozilla/4.0 (compatible; MSIE 6.0; Windows NT 5.1; SV1) ; SLCC1; .NET CLR 2.0.50727; Media Center PC 5.0; .NET CLR 3.5.30729; .NET CLR 3.0.30618)"
91.64.179.237 - - [03/Jan/2010:18:45:08 +0100] "GET /Bilder/referenzen/referenzen_06.gif HTTP/1.1" 304 - "http://www.personal-dienstleistung.de/referenzen.html" "Mozilla/4.0 (compatible; MSIE 7.0; Windows NT 6.0; GTB6.3; Mozilla/4.0 (compatible; MSIE 6.0; Windows NT 5.1; SV1) ; SLCC1; .NET CLR 2.0.50727; Media Center PC 5.0; .NET CLR 3.5.30729; .NET CLR 3.0.30618)"
91.64.179.237 - - [03/Jan/2010:18:45:08 +0100] "GET /Bilder/referenzen/referenzen_07.gif HTTP/1.1" 304 - "http://www.personal-dienstleistung.de/referenzen.html" "Mozilla/4.0 (compatible; MSIE 7.0; Windows NT 6.0; GTB6.3; Mozilla/4.0 (compatible; MSIE 6.0; Windows NT 5.1; SV1) ; SLCC1; .NET CLR 2.0.50727; Media Center PC 5.0; .NET CLR 3.5.30729; .NET CLR 3.0.30618)"
91.64.179.237 - - [03/Jan/2010:18:45:08 +0100] "GET /Bilder/referenzen/referenzen_09.gif HTTP/1.1" 304 - "http://www.personal-dienstleistung.de/referenzen.html" "Mozilla/4.0 (compatible; MSIE 7.0; Windows NT 6.0; GTB6.3; Mozilla/4.0 (compatible; MSIE 6.0; Windows NT 5.1; SV1) ; SLCC1; .NET CLR 2.0.50727; Media Center PC 5.0; .NET CLR 3.5.30729; .NET CLR 3.0.30618)"
91.64.179.237 - - [03/Jan/2010:18:45:08 +0100] "GET /Bilder/referenzen/referenzen_10.gif HTTP/1.1" 304 - "http://www.personal-dienstleistung.de/referenzen.html" "Mozilla/4.0 (compatible; MSIE 7.0; Windows NT 6.0; GTB6.3; Mozilla/4.0 (compatible; MSIE 6.0; Windows NT 5.1; SV1) ; SLCC1; .NET CLR 2.0.50727; Media Center PC 5.0; .NET CLR 3.5.30729; .NET CLR 3.0.30618)"
91.64.179.237 - - [03/Jan/2010:18:45:08 +0100] "GET /Bilder/referenzen/referenzen_01.gif HTTP/1.1" 304 - "http://www.personal-dienstleistung.de/referenzen.html" "Mozilla/4.0 (compatible; MSIE 7.0; Windows NT 6.0; GTB6.3; Mozilla/4.0 (compatible; MSIE 6.0; Windows NT 5.1; SV1) ; SLCC1; .NET CLR 2.0.50727; Media Center PC 5.0; .NET CLR 3.5.30729; .NET CLR 3.0.30618)"
91.64.179.237 - - [03/Jan/2010:18:45:08 +0100] "GET /Bilder/referenzen/referenzen_02.gif HTTP/1.1" 304 - "http://www.personal-dienstleistung.de/referenzen.html" "Mozilla/4.0 (compatible; MSIE 7.0; Windows NT 6.0; GTB6.3; Mozilla/4.0 (compatible; MSIE 6.0; Windows NT 5.1; SV1) ; SLCC1; .NET CLR 2.0.50727; Media Center PC 5.0; .NET CLR 3.5.30729; .NET CLR 3.0.30618)"
91.64.179.237 - - [03/Jan/2010:18:45:08 +0100] "GET /Bilder/referenzen/referenzen_03.gif HTTP/1.1" 304 - "http://www.personal-dienstleistung.de/referenzen.html" "Mozilla/4.0 (compatible; MSIE 7.0; Windows NT 6.0; GTB6.3; Mozilla/4.0 (compatible; MSIE 6.0; Windows NT 5.1; SV1) ; SLCC1; .NET CLR 2.0.50727; Media Center PC 5.0; .NET CLR 3.5.30729; .NET CLR 3.0.30618)"
91.64.179.237 - - [03/Jan/2010:18:45:08 +0100] "GET /Bilder/referenzen/referenzen_04.gif HTTP/1.1" 304 - "http://www.personal-dienstleistung.de/referenzen.html" "Mozilla/4.0 (compatible; MSIE 7.0; Windows NT 6.0; GTB6.3; Mozilla/4.0 (compatible; MSIE 6.0; Windows NT 5.1; SV1) ; SLCC1; .NET CLR 2.0.50727; Media Center PC 5.0; .NET CLR 3.5.30729; .NET CLR 3.0.30618)"
91.64.179.237 - - [03/Jan/2010:18:45:08 +0100] "GET /Bilder/referenzen/referenzen_11.gif HTTP/1.1" 304 - "http://www.personal-dienstleistung.de/referenzen.html" "Mozilla/4.0 (compatible; MSIE 7.0; Windows NT 6.0; GTB6.3; Mozilla/4.0 (compatible; MSIE 6.0; Windows NT 5.1; SV1) ; SLCC1; .NET CLR 2.0.50727; Media Center PC 5.0; .NET CLR 3.5.30729; .NET CLR 3.0.30618)"
91.64.179.237 - - [03/Jan/2010:18:45:08 +0100] "GET /Bilder/referenzen/referenzen_12.gif HTTP/1.1" 304 - "http://www.personal-dienstleistung.de/referenzen.html" "Mozilla/4.0 (compatible; MSIE 7.0; Windows NT 6.0; GTB6.3; Mozilla/4.0 (compatible; MSIE 6.0; Windows NT 5.1; SV1) ; SLCC1; .NET CLR 2.0.50727; Media Center PC 5.0; .NET CLR 3.5.30729; .NET CLR 3.0.30618)"
91.64.179.237 - - [03/Jan/2010:18:45:08 +0100] "GET /Bilder/referenzen/referenzen_13.gif HTTP/1.1" 304 - "http://www.personal-dienstleistung.de/referenzen.html" "Mozilla/4.0 (compatible; MSIE 7.0; Windows NT 6.0; GTB6.3; Mozilla/4.0 (compatible; MSIE 6.0; Windows NT 5.1; SV1) ; SLCC1; .NET CLR 2.0.50727; Media Center PC 5.0; .NET CLR 3.5.30729; .NET CLR 3.0.30618)"
91.64.179.237 - - [03/Jan/2010:18:45:09 +0100] "GET /Bilder/referenzen/referenzen_14.gif HTTP/1.1" 304 - "http://www.personal-dienstleistung.de/referenzen.html" "Mozilla/4.0 (compatible; MSIE 7.0; Windows NT 6.0; GTB6.3; Mozilla/4.0 (compatible; MSIE 6.0; Windows NT 5.1; SV1) ; SLCC1; .NET CLR 2.0.50727; Media Center PC 5.0; .NET CLR 3.5.30729; .NET CLR 3.0.30618)"
91.64.179.237 - - [03/Jan/2010:18:45:09 +0100] "GET /Bilder/referenzen/referenzen_15.gif HTTP/1.1" 304 - "http://www.personal-dienstleistung.de/referenzen.html" "Mozilla/4.0 (compatible; MSIE 7.0; Windows NT 6.0; GTB6.3; Mozilla/4.0 (compatible; MSIE 6.0; Windows NT 5.1; SV1) ; SLCC1; .NET CLR 2.0.50727; Media Center PC 5.0; .NET CLR 3.5.30729; .NET CLR 3.0.30618)"
91.64.179.237 - - [03/Jan/2010:18:45:09 +0100] "GET /Bilder/referenzen/referenzen_16.gif HTTP/1.1" 304 - "http://www.personal-dienstleistung.de/referenzen.html" "Mozilla/4.0 (compatible; MSIE 7.0; Windows NT 6.0; GTB6.3; Mozilla/4.0 (compatible; MSIE 6.0; Windows NT 5.1; SV1) ; SLCC1; .NET CLR 2.0.50727; Media Center PC 5.0; .NET CLR 3.5.30729; .NET CLR 3.0.30618)"
91.64.179.237 - - [03/Jan/2010:18:45:09 +0100] "GET /Bilder/referenzen/referenzen_17.gif HTTP/1.1" 304 - "http://www.personal-dienstleistung.de/referenzen.html" "Mozilla/4.0 (compatible; MSIE 7.0; Windows NT 6.0; GTB6.3; Mozilla/4.0 (compatible; MSIE 6.0; Windows NT 5.1; SV1) ; SLCC1; .NET CLR 2.0.50727; Media Center PC 5.0; .NET CLR 3.5.30729; .NET CLR 3.0.30618)"
91.64.179.237 - - [03/Jan/2010:18:45:09 +0100] "GET /images/hg1_lkontakt_over_07.gif HTTP/1.1" 304 - "http://www.personal-dienstleistung.de/refall.html" "Mozilla/4.0 (compatible; MSIE 7.0; Windows NT 6.0; GTB6.3; Mozilla/4.0 (compatible; MSIE 6.0; Windows NT 5.1; SV1) ; SLCC1; .NET CLR 2.0.50727; Media Center PC 5.0; .NET CLR 3.5.30729; .NET CLR 3.0.30618)"
91.64.179.237 - - [03/Jan/2010:18:45:09 +0100] "GET /images/hg1_lkontakt_over_08.gif HTTP/1.1" 304 - "http://www.personal-dienstleistung.de/refall.html" "Mozilla/4.0 (compatible; MSIE 7.0; Windows NT 6.0; GTB6.3; Mozilla/4.0 (compatible; MSIE 6.0; Windows NT 5.1; SV1) ; SLCC1; .NET CLR 2.0.50727; Media Center PC 5.0; .NET CLR 3.5.30729; .NET CLR 3.0.30618)"
91.64.179.237 - - [03/Jan/2010:18:45:09 +0100] "GET /images/hg1_lkontakt_over_09.gif HTTP/1.1" 304 - "http://www.personal-dienstleistung.de/refall.html" "Mozilla/4.0 (compatible; MSIE 7.0; Windows NT 6.0; GTB6.3; Mozilla/4.0 (compatible; MSIE 6.0; Windows NT 5.1; SV1) ; SLCC1; .NET CLR 2.0.50727; Media Center PC 5.0; .NET CLR 3.5.30729; .NET CLR 3.0.30618)"
91.64.179.237 - - [03/Jan/2010:18:45:09 +0100] "GET /images/hg1_lkontakt_over_10.gif HTTP/1.1" 304 - "http://www.personal-dienstleistung.de/refall.html" "Mozilla/4.0 (compatible; MSIE 7.0; Windows NT 6.0; GTB6.3; Mozilla/4.0 (compatible; MSIE 6.0; Windows NT 5.1; SV1) ; SLCC1; .NET CLR 2.0.50727; Media Center PC 5.0; .NET CLR 3.5.30729; .NET CLR 3.0.30618)"
