66.249.71.69 - - [05/Oct/2012:12:45:19 +0200] "GET /download/Lift_D.pdf HTTP/1.1" 304 - "-" "Mozilla/5.0 (compatible; Googlebot/2.1; +http://www.google.com/bot.html)"
65.55.55.230 - - [05/Oct/2012:13:14:20 +0200] "GET /leistungen.php HTTP/1.1" 200 6987 "-" "Mozilla/5.0 (compatible; bingbot/2.0; +http://www.bing.com/bingbot.htm)"
157.55.32.108 - - [05/Oct/2012:13:14:57 +0200] "GET / HTTP/1.1" 200 6276 "-" "Mozilla/5.0 (compatible; bingbot/2.0; +http://www.bing.com/bingbot.htm)"
157.55.35.41 - - [05/Oct/2012:13:20:42 +0200] "GET /kontakt.php HTTP/1.1" 200 6512 "-" "Mozilla/5.0 (compatible; bingbot/2.0; +http://www.bing.com/bingbot.htm)"
157.56.229.187 - - [05/Oct/2012:13:22:12 +0200] "GET /verkauf.php HTTP/1.1" 200 6085 "-" "Mozilla/5.0 (compatible; bingbot/2.0; +http://www.bing.com/bingbot.htm)"
157.55.33.80 - - [05/Oct/2012:13:31:33 +0200] "GET /aktuelles.php HTTP/1.1" 200 8519 "-" "Mozilla/5.0 (compatible; bingbot/2.0; +http://www.bing.com/bingbot.htm)"
65.55.211.24 - - [05/Oct/2012:15:49:01 +0200] "GET /robots.txt HTTP/1.1" 404 - "-" "msnbot-media/1.1 (+http://search.msn.com/msnbot.htm)"
65.55.211.24 - - [05/Oct/2012:15:49:01 +0200] "GET /img/bild_1.jpg HTTP/1.1" 200 44440 "-" "msnbot-media/1.1 (+http://search.msn.com/msnbot.htm)"
178.154.179.250 - - [05/Oct/2012:18:30:48 +0200] "GET /robots.txt HTTP/1.1" 404 - "-" "Mozilla/5.0 (compatible; YandexBot/3.0; +http://yandex.com/bots)"
91.8.9.249 - - [05/Oct/2012:18:47:24 +0200] "GET / HTTP/1.1" 200 6276 "http://www.google.de/url?sa=t&rct=j&q=bauaufz%C3%BCge&source=web&cd=12&sqi=2&ved=0CGsQFjAL&url=http%3A%2F%2Fwww.groeger-bauaufzuege.de%2F&ei=Yg5vUKDqKsfdsgaovICwCw&usg=AFQjCNFBXgtaJQ5GEULKJBrc_pmJTjvlmQ" "Mozilla/5.0 (compatible; MSIE 9.0; Windows NT 6.1; WOW64; Trident/5.0)"
91.8.9.249 - - [05/Oct/2012:18:47:25 +0200] "GET /css/groeger.css HTTP/1.1" 200 5198 "http://www.groeger-bauaufzuege.de/" "Mozilla/5.0 (compatible; MSIE 9.0; Windows NT 6.1; WOW64; Trident/5.0)"
91.8.9.249 - - [05/Oct/2012:18:47:25 +0200] "GET /swfobject.js HTTP/1.1" 200 6880 "http://www.groeger-bauaufzuege.de/" "Mozilla/5.0 (compatible; MSIE 9.0; Windows NT 6.1; WOW64; Trident/5.0)"
91.8.9.249 - - [05/Oct/2012:18:47:25 +0200] "GET /fancybox/jquery.fancybox-1.3.4.pack.js HTTP/1.1" 200 15624 "http://www.groeger-bauaufzuege.de/" "Mozilla/5.0 (compatible; MSIE 9.0; Windows NT 6.1; WOW64; Trident/5.0)"
91.8.9.249 - - [05/Oct/2012:18:47:25 +0200] "GET /img/logo_groeger.gif HTTP/1.1" 200 3605 "http://www.groeger-bauaufzuege.de/" "Mozilla/5.0 (compatible; MSIE 9.0; Windows NT 6.1; WOW64; Trident/5.0)"
91.8.9.249 - - [05/Oct/2012:18:47:25 +0200] "GET /img/pfeil.png HTTP/1.1" 200 840 "http://www.groeger-bauaufzuege.de/" "Mozilla/5.0 (compatible; MSIE 9.0; Windows NT 6.1; WOW64; Trident/5.0)"
91.8.9.249 - - [05/Oct/2012:18:47:25 +0200] "GET /fancybox/jquery.fancybox-1.3.4.css HTTP/1.1" 200 8494 "http://www.groeger-bauaufzuege.de/" "Mozilla/5.0 (compatible; MSIE 9.0; Windows NT 6.1; WOW64; Trident/5.0)"
91.8.9.249 - - [05/Oct/2012:18:47:25 +0200] "GET /jquery.cross-slide.js HTTP/1.1" 200 11724 "http://www.groeger-bauaufzuege.de/" "Mozilla/5.0 (compatible; MSIE 9.0; Windows NT 6.1; WOW64; Trident/5.0)"
91.8.9.249 - - [05/Oct/2012:18:47:25 +0200] "GET /img/bild_1.jpg HTTP/1.1" 200 44440 "http://www.groeger-bauaufzuege.de/" "Mozilla/5.0 (compatible; MSIE 9.0; Windows NT 6.1; WOW64; Trident/5.0)"
91.8.9.249 - - [05/Oct/2012:18:47:25 +0200] "GET /jquery-1.4.3.min.js HTTP/1.1" 200 77746 "http://www.groeger-bauaufzuege.de/" "Mozilla/5.0 (compatible; MSIE 9.0; Windows NT 6.1; WOW64; Trident/5.0)"
91.8.9.249 - - [05/Oct/2012:18:47:26 +0200] "GET /img/grauverlauf.png HTTP/1.1" 200 3242 "http://www.groeger-bauaufzuege.de/" "Mozilla/5.0 (compatible; MSIE 9.0; Windows NT 6.1; WOW64; Trident/5.0)"
91.8.9.249 - - [05/Oct/2012:18:47:26 +0200] "GET /img/groeger_web.jpg HTTP/1.1" 200 10877 "http://www.groeger-bauaufzuege.de/" "Mozilla/5.0 (compatible; MSIE 9.0; Windows NT 6.1; WOW64; Trident/5.0)"
91.8.9.249 - - [05/Oct/2012:18:47:26 +0200] "GET /fancybox/fancybox-y.png HTTP/1.1" 200 176 "http://www.groeger-bauaufzuege.de/" "Mozilla/5.0 (compatible; MSIE 9.0; Windows NT 6.1; WOW64; Trident/5.0)"
91.8.9.249 - - [05/Oct/2012:18:47:26 +0200] "GET /fancybox/blank.gif HTTP/1.1" 200 43 "http://www.groeger-bauaufzuege.de/" "Mozilla/5.0 (compatible; MSIE 9.0; Windows NT 6.1; WOW64; Trident/5.0)"
91.8.9.249 - - [05/Oct/2012:18:47:26 +0200] "GET /img/bild_2.jpg HTTP/1.1" 200 53191 "http://www.groeger-bauaufzuege.de/" "Mozilla/5.0 (compatible; MSIE 9.0; Windows NT 6.1; WOW64; Trident/5.0)"
91.8.9.249 - - [05/Oct/2012:18:47:26 +0200] "GET /img/bild_3.jpg HTTP/1.1" 200 57915 "http://www.groeger-bauaufzuege.de/" "Mozilla/5.0 (compatible; MSIE 9.0; Windows NT 6.1; WOW64; Trident/5.0)"
91.8.9.249 - - [05/Oct/2012:18:47:26 +0200] "GET /fancybox/fancybox-x.png HTTP/1.1" 200 203 "http://www.groeger-bauaufzuege.de/" "Mozilla/5.0 (compatible; MSIE 9.0; Windows NT 6.1; WOW64; Trident/5.0)"
91.8.9.249 - - [05/Oct/2012:18:47:26 +0200] "GET /fancybox/fancybox.png HTTP/1.1" 200 15287 "http://www.groeger-bauaufzuege.de/" "Mozilla/5.0 (compatible; MSIE 9.0; Windows NT 6.1; WOW64; Trident/5.0)"
91.8.9.249 - - [05/Oct/2012:18:47:26 +0200] "GET /img/bild_4.jpg HTTP/1.1" 200 45325 "http://www.groeger-bauaufzuege.de/" "Mozilla/5.0 (compatible; MSIE 9.0; Windows NT 6.1; WOW64; Trident/5.0)"
91.8.9.249 - - [05/Oct/2012:18:47:27 +0200] "GET /img/favicon.gif HTTP/1.1" 200 119 "-" "Mozilla/5.0 (compatible; MSIE 9.0; Windows NT 6.1; WOW64; Trident/5.0)"
91.8.9.249 - - [05/Oct/2012:18:47:30 +0200] "GET /verkauf.php HTTP/1.1" 200 6085 "http://www.groeger-bauaufzuege.de/" "Mozilla/5.0 (compatible; MSIE 9.0; Windows NT 6.1; WOW64; Trident/5.0)"
91.8.9.249 - - [05/Oct/2012:18:47:31 +0200] "GET /img/logo_geda.gif HTTP/1.1" 200 4337 "http://www.groeger-bauaufzuege.de/verkauf.php" "Mozilla/5.0 (compatible; MSIE 9.0; Windows NT 6.1; WOW64; Trident/5.0)"
91.8.9.249 - - [05/Oct/2012:18:47:31 +0200] "GET /img/logo_boecker.gif HTTP/1.1" 200 2974 "http://www.groeger-bauaufzuege.de/verkauf.php" "Mozilla/5.0 (compatible; MSIE 9.0; Windows NT 6.1; WOW64; Trident/5.0)"
91.8.9.249 - - [05/Oct/2012:18:47:31 +0200] "GET /img/logo_steinbach.jpg HTTP/1.1" 200 9601 "http://www.groeger-bauaufzuege.de/verkauf.php" "Mozilla/5.0 (compatible; MSIE 9.0; Windows NT 6.1; WOW64; Trident/5.0)"
91.8.9.249 - - [05/Oct/2012:18:47:31 +0200] "GET /img/favicon.gif HTTP/1.1" 200 119 "-" "Mozilla/5.0 (compatible; MSIE 9.0; Windows NT 6.1; WOW64; Trident/5.0)"
91.8.9.249 - - [05/Oct/2012:18:47:43 +0200] "GET /verkauf.php HTTP/1.1" 200 6085 "http://www.groeger-bauaufzuege.de/verkauf.php" "Mozilla/5.0 (compatible; MSIE 9.0; Windows NT 6.1; WOW64; Trident/5.0)"
91.8.9.249 - - [05/Oct/2012:18:47:46 +0200] "GET /vermietung.php HTTP/1.1" 200 6164 "http://www.groeger-bauaufzuege.de/verkauf.php" "Mozilla/5.0 (compatible; MSIE 9.0; Windows NT 6.1; WOW64; Trident/5.0)"
91.8.9.249 - - [05/Oct/2012:18:47:50 +0200] "GET /verkauf.php HTTP/1.1" 200 6085 "http://www.groeger-bauaufzuege.de/vermietung.php" "Mozilla/5.0 (compatible; MSIE 9.0; Windows NT 6.1; WOW64; Trident/5.0)"
91.8.9.249 - - [05/Oct/2012:18:47:54 +0200] "GET /vermietung.php HTTP/1.1" 200 6164 "http://www.groeger-bauaufzuege.de/verkauf.php" "Mozilla/5.0 (compatible; MSIE 9.0; Windows NT 6.1; WOW64; Trident/5.0)"
178.255.215.70 - - [05/Oct/2012:19:43:18 +0200] "GET /robots.txt HTTP/1.1" 404 - "-" "Mozilla/5.0 (compatible; Exabot/3.0; +http://www.exabot.com/go/robot)"
178.255.215.70 - - [05/Oct/2012:19:43:18 +0200] "GET / HTTP/1.1" 200 6276 "-" "Mozilla/5.0 (compatible; Exabot/3.0; +http://www.exabot.com/go/robot)"
178.154.179.250 - - [05/Oct/2012:21:44:41 +0200] "GET / HTTP/1.1" 200 6276 "-" "Mozilla/5.0 (compatible; YandexBot/3.0; +http://yandex.com/bots)"
208.115.111.73 - - [05/Oct/2012:23:03:49 +0200] "GET /robots.txt HTTP/1.1" 404 - "-" "Mozilla/5.0 (compatible; Ezooms/1.0; ezooms.bot@gmail.com)"
208.115.111.73 - - [06/Oct/2012:00:50:32 +0200] "GET /unternehmen.php HTTP/1.1" 200 6705 "-" "Mozilla/5.0 (compatible; Ezooms/1.0; ezooms.bot@gmail.com)"
157.55.32.108 - - [06/Oct/2012:02:00:35 +0200] "GET /robots.txt HTTP/1.1" 404 - "-" "Mozilla/5.0 (compatible; bingbot/2.0; +http://www.bing.com/bingbot.htm)"
157.55.32.108 - - [06/Oct/2012:02:05:06 +0200] "GET / HTTP/1.1" 200 6276 "-" "Mozilla/5.0 (compatible; bingbot/2.0; +http://www.bing.com/bingbot.htm)"
213.186.120.196 - - [06/Oct/2012:03:05:05 +0200] "GET /vermietung.php HTTP/1.1" 200 6164 "-" "Mozilla/5.0 (compatible; AhrefsBot/3.1; +http://ahrefs.com/robot/)"
157.55.32.82 - - [06/Oct/2012:03:16:18 +0200] "GET /robots.txt HTTP/1.1" 404 - "-" "Mozilla/5.0 (compatible; bingbot/2.0; +http://www.bing.com/bingbot.htm)"
157.55.32.82 - - [06/Oct/2012:03:37:58 +0200] "GET /download/boecker_auf_achse_2011.pdf HTTP/1.1" 200 1766601 "-" "Mozilla/5.0 (compatible; bingbot/2.0; +http://www.bing.com/bingbot.htm)"
5.9.61.162 - - [06/Oct/2012:04:55:28 +0200] "GET / HTTP/1.1" 200 6276 "-" "Mozilla/5.0 (Windows; U; Windows NT 5.1; de-DE; rv:1.8.1.13) Gecko/20080311 Firefox/2.0.0.13"
157.55.35.41 - - [06/Oct/2012:05:29:35 +0200] "GET /robots.txt HTTP/1.1" 404 - "-" "Mozilla/5.0 (compatible; bingbot/2.0; +http://www.bing.com/bingbot.htm)"
157.55.35.41 - - [06/Oct/2012:05:30:10 +0200] "GET /angebote.php HTTP/1.1" 200 8444 "-" "Mozilla/5.0 (compatible; bingbot/2.0; +http://www.bing.com/bingbot.htm)"
83.133.125.202 - - [06/Oct/2012:06:05:29 +0200] "GET / HTTP/1.1" 200 6276 "http://www.bigfinder.de/" "Mozilla/5.0 (Windows; U; Windows NT 6.0; en-US) AppleWebKit/533.4 (KHTML, like Gecko) Chrome/5.0.375.126 Safari/533.4"
83.133.125.202 - - [06/Oct/2012:08:52:51 +0200] "GET / HTTP/1.1" 200 6276 "http://www.bigfinder.de/" "Mozilla/5.0 (Windows; U; Windows NT 6.0; en-US) AppleWebKit/533.4 (KHTML, like Gecko) Chrome/5.0.375.126 Safari/533.4"
66.249.71.69 - - [06/Oct/2012:09:07:30 +0200] "GET /robots.txt HTTP/1.1" 404 - "-" "Mozilla/5.0 (compatible; Googlebot/2.1; +http://www.google.com/bot.html)"
66.249.71.69 - - [06/Oct/2012:09:07:30 +0200] "GET /vermietung.php HTTP/1.1" 200 6164 "-" "Mozilla/5.0 (iPhone; U; CPU iPhone OS 4_1 like Mac OS X; en-us) AppleWebKit/532.9 (KHTML, like Gecko) Version/4.0.5 Mobile/8B117 Safari/6531.22.7 (compatible; Googlebot-Mobile/2.1; +http://www.google.com/bot.html)"
178.154.179.250 - - [06/Oct/2012:10:42:35 +0200] "GET /index.php HTTP/1.1" 200 6276 "-" "Mozilla/5.0 (compatible; YandexBot/3.0; +http://yandex.com/bots)"
157.56.229.187 - - [06/Oct/2012:13:37:13 +0200] "GET /robots.txt HTTP/1.1" 404 - "-" "Mozilla/5.0 (compatible; bingbot/2.0; +http://www.bing.com/bingbot.htm)"
157.56.229.187 - - [06/Oct/2012:13:43:45 +0200] "GET /gebrauchtmaschinen.php HTTP/1.1" 200 5660 "-" "Mozilla/5.0 (compatible; bingbot/2.0; +http://www.bing.com/bingbot.htm)"
94.23.220.161 - - [06/Oct/2012:14:27:31 +0200] "GET /angebote.php HTTP/1.1" 200 8444 "-" "Mozilla/5.0 (X11; Linux i686; rv:6.0) Gecko/20100101 Firefox/6.0"
94.23.225.68 - - [06/Oct/2012:14:27:32 +0200] "GET /verkauf.php HTTP/1.1" 200 6085 "-" "Mozilla/5.0 (X11; Linux i686; rv:6.0) Gecko/20100101 Firefox/6.0"
94.23.225.68 - - [06/Oct/2012:14:27:32 +0200] "GET /kontakt.php HTTP/1.1" 200 6512 "-" "Mozilla/5.0 (X11; Linux i686; rv:6.0) Gecko/20100101 Firefox/6.0"
94.23.220.161 - - [06/Oct/2012:14:27:32 +0200] "GET /angebote.php HTTP/1.1" 200 8444 "-" "Mozilla/5.0 (X11; Linux i686; rv:6.0) Gecko/20100101 Firefox/6.0"
207.46.194.251 - - [06/Oct/2012:15:03:17 +0200] "GET /leistungen.php HTTP/1.1" 200 6987 "-" "Mozilla/4.0 (compatible; MSIE 7.0; Windows NT 5.2; SLCC1; .NET CLR 1.1.4325; .NET CLR 2.0.40607; .NET CLR 3.0.04506.648)"
207.46.194.251 - - [06/Oct/2012:15:03:19 +0200] "GET /css/groeger.css HTTP/1.1" 200 5198 "http://www.groeger-bauaufzuege.de/leistungen.php" "Mozilla/4.0 (compatible; MSIE 7.0; Windows NT 5.2; SLCC1; .NET CLR 1.1.4325; .NET CLR 2.0.40607; .NET CLR 3.0.04506.648)"
207.46.194.251 - - [06/Oct/2012:15:03:19 +0200] "GET /swfobject.js HTTP/1.1" 200 6880 "http://www.groeger-bauaufzuege.de/leistungen.php" "Mozilla/4.0 (compatible; MSIE 7.0; Windows NT 5.2; SLCC1; .NET CLR 1.1.4325; .NET CLR 2.0.40607; .NET CLR 3.0.04506.648)"
207.46.194.251 - - [06/Oct/2012:15:03:31 +0200] "GET /jquery-1.4.3.min.js HTTP/1.1" 200 77746 "http://www.groeger-bauaufzuege.de/leistungen.php" "Mozilla/4.0 (compatible; MSIE 7.0; Windows NT 5.2; SLCC1; .NET CLR 1.1.4325; .NET CLR 2.0.40607; .NET CLR 3.0.04506.648)"
207.46.194.251 - - [06/Oct/2012:15:03:35 +0200] "GET /jquery.cross-slide.js HTTP/1.1" 200 11724 "http://www.groeger-bauaufzuege.de/leistungen.php" "Mozilla/4.0 (compatible; MSIE 7.0; Windows NT 5.2; SLCC1; .NET CLR 1.1.4325; .NET CLR 2.0.40607; .NET CLR 3.0.04506.648)"
207.46.194.251 - - [06/Oct/2012:15:03:37 +0200] "GET /fancybox/jquery.fancybox-1.3.4.pack.js HTTP/1.1" 200 15624 "http://www.groeger-bauaufzuege.de/leistungen.php" "Mozilla/4.0 (compatible; MSIE 7.0; Windows NT 5.2; SLCC1; .NET CLR 1.1.4325; .NET CLR 2.0.40607; .NET CLR 3.0.04506.648)"
207.46.194.251 - - [06/Oct/2012:15:03:40 +0200] "GET /fancybox/jquery.fancybox-1.3.4.css HTTP/1.1" 200 8494 "http://www.groeger-bauaufzuege.de/leistungen.php" "Mozilla/4.0 (compatible; MSIE 7.0; Windows NT 5.2; SLCC1; .NET CLR 1.1.4325; .NET CLR 2.0.40607; .NET CLR 3.0.04506.648)"
66.249.71.69 - - [06/Oct/2012:15:47:56 +0200] "GET / HTTP/1.1" 200 6276 "-" "Mozilla/5.0 (compatible; Googlebot/2.1; +http://www.google.com/bot.html)"
157.55.35.41 - - [06/Oct/2012:16:43:30 +0200] "GET /robots.txt HTTP/1.1" 404 - "-" "Mozilla/5.0 (compatible; bingbot/2.0; +http://www.bing.com/bingbot.htm)"
157.55.35.41 - - [06/Oct/2012:16:48:21 +0200] "GET /impressum.php HTTP/1.1" 200 7428 "-" "Mozilla/5.0 (compatible; bingbot/2.0; +http://www.bing.com/bingbot.htm)"
178.154.179.250 - - [06/Oct/2012:17:12:18 +0200] "GET /robots.txt HTTP/1.1" 404 - "-" "Mozilla/5.0 (compatible; YandexBot/3.0; +http://yandex.com/bots)"
79.211.205.149 - - [06/Oct/2012:17:36:48 +0200] "GET / HTTP/1.1" 200 6276 "http://www.google.de/url?sa=t&rct=j&q=bauaufzug%20f%C3%BCr%20dachdecker&source=web&cd=7&ved=0CGoQFjAG&url=http%3A%2F%2Fwww.groeger-bauaufzuege.de%2F&ei=Pk9wUIHrCcTJswbUpYDQCA&usg=AFQjCNFBXgtaJQ5GEULKJBrc_pmJTjvlmQ" "Mozilla/5.0 (Windows NT 5.1; rv:15.0) Gecko/20100101 Firefox/15.0.1"
79.211.205.149 - - [06/Oct/2012:17:36:48 +0200] "GET /css/groeger.css HTTP/1.1" 200 5198 "http://www.groeger-bauaufzuege.de/" "Mozilla/5.0 (Windows NT 5.1; rv:15.0) Gecko/20100101 Firefox/15.0.1"
79.211.205.149 - - [06/Oct/2012:17:36:48 +0200] "GET /swfobject.js HTTP/1.1" 200 6880 "http://www.groeger-bauaufzuege.de/" "Mozilla/5.0 (Windows NT 5.1; rv:15.0) Gecko/20100101 Firefox/15.0.1"
79.211.205.149 - - [06/Oct/2012:17:36:48 +0200] "GET /jquery.cross-slide.js HTTP/1.1" 200 11724 "http://www.groeger-bauaufzuege.de/" "Mozilla/5.0 (Windows NT 5.1; rv:15.0) Gecko/20100101 Firefox/15.0.1"
79.211.205.149 - - [06/Oct/2012:17:36:48 +0200] "GET /img/favicon.gif HTTP/1.1" 200 119 "-" "Mozilla/5.0 (Windows NT 5.1; rv:15.0) Gecko/20100101 Firefox/15.0.1"
79.211.205.149 - - [06/Oct/2012:17:36:48 +0200] "GET /img/logo_groeger.gif HTTP/1.1" 200 3605 "http://www.groeger-bauaufzuege.de/" "Mozilla/5.0 (Windows NT 5.1; rv:15.0) Gecko/20100101 Firefox/15.0.1"
79.211.205.149 - - [06/Oct/2012:17:36:49 +0200] "GET /img/pfeil.png HTTP/1.1" 200 840 "http://www.groeger-bauaufzuege.de/" "Mozilla/5.0 (Windows NT 5.1; rv:15.0) Gecko/20100101 Firefox/15.0.1"
79.211.205.149 - - [06/Oct/2012:17:36:49 +0200] "GET /fancybox/jquery.fancybox-1.3.4.pack.js HTTP/1.1" 200 15624 "http://www.groeger-bauaufzuege.de/" "Mozilla/5.0 (Windows NT 5.1; rv:15.0) Gecko/20100101 Firefox/15.0.1"
79.211.205.149 - - [06/Oct/2012:17:36:48 +0200] "GET /img/bild_1.jpg HTTP/1.1" 200 44440 "http://www.groeger-bauaufzuege.de/" "Mozilla/5.0 (Windows NT 5.1; rv:15.0) Gecko/20100101 Firefox/15.0.1"
79.211.205.149 - - [06/Oct/2012:17:36:48 +0200] "GET /jquery-1.4.3.min.js HTTP/1.1" 200 77746 "http://www.groeger-bauaufzuege.de/" "Mozilla/5.0 (Windows NT 5.1; rv:15.0) Gecko/20100101 Firefox/15.0.1"
79.211.205.149 - - [06/Oct/2012:17:36:50 +0200] "GET /fancybox/jquery.fancybox-1.3.4.css HTTP/1.1" 200 8494 "http://www.groeger-bauaufzuege.de/" "Mozilla/5.0 (Windows NT 5.1; rv:15.0) Gecko/20100101 Firefox/15.0.1"
79.211.205.149 - - [06/Oct/2012:17:36:50 +0200] "GET /img/grauverlauf.png HTTP/1.1" 200 3242 "http://www.groeger-bauaufzuege.de/css/groeger.css" "Mozilla/5.0 (Windows NT 5.1; rv:15.0) Gecko/20100101 Firefox/15.0.1"
79.211.205.149 - - [06/Oct/2012:17:36:50 +0200] "GET /img/groeger_web.jpg HTTP/1.1" 200 10877 "http://www.groeger-bauaufzuege.de/css/groeger.css" "Mozilla/5.0 (Windows NT 5.1; rv:15.0) Gecko/20100101 Firefox/15.0.1"
79.211.205.149 - - [06/Oct/2012:17:36:50 +0200] "GET /img/bild_3.jpg HTTP/1.1" 200 57915 "http://www.groeger-bauaufzuege.de/" "Mozilla/5.0 (Windows NT 5.1; rv:15.0) Gecko/20100101 Firefox/15.0.1"
79.211.205.149 - - [06/Oct/2012:17:36:50 +0200] "GET /img/bild_2.jpg HTTP/1.1" 200 53191 "http://www.groeger-bauaufzuege.de/" "Mozilla/5.0 (Windows NT 5.1; rv:15.0) Gecko/20100101 Firefox/15.0.1"
79.211.205.149 - - [06/Oct/2012:17:36:50 +0200] "GET /img/bild_4.jpg HTTP/1.1" 200 45325 "http://www.groeger-bauaufzuege.de/" "Mozilla/5.0 (Windows NT 5.1; rv:15.0) Gecko/20100101 Firefox/15.0.1"
157.55.35.41 - - [06/Oct/2012:19:01:07 +0200] "GET /robots.txt HTTP/1.1" 404 - "-" "Mozilla/5.0 (compatible; bingbot/2.0; +http://www.bing.com/bingbot.htm)"
213.186.122.2 - - [06/Oct/2012:21:05:10 +0200] "GET /gebrauchtmaschinen.php HTTP/1.1" 200 5660 "-" "Mozilla/5.0 (compatible; AhrefsBot/3.1; +http://ahrefs.com/robot/)"
80.187.96.55 - - [06/Oct/2012:21:27:24 +0200] "GET / HTTP/1.1" 200 6276 "-" "Mozilla/5.0 (iPhone; CPU iPhone OS 6_0 like Mac OS X) AppleWebKit/536.26 (KHTML, like Gecko) Version/6.0 Mobile/10A403 Safari/8536.25"
80.187.96.55 - - [06/Oct/2012:21:27:24 +0200] "GET /css/groeger.css HTTP/1.1" 200 5198 "http://www.groeger-bauaufzuege.de/" "Mozilla/5.0 (iPhone; CPU iPhone OS 6_0 like Mac OS X) AppleWebKit/536.26 (KHTML, like Gecko) Version/6.0 Mobile/10A403 Safari/8536.25"
80.187.96.55 - - [06/Oct/2012:21:27:24 +0200] "GET /fancybox/jquery.fancybox-1.3.4.css HTTP/1.1" 200 8494 "http://www.groeger-bauaufzuege.de/" "Mozilla/5.0 (iPhone; CPU iPhone OS 6_0 like Mac OS X) AppleWebKit/536.26 (KHTML, like Gecko) Version/6.0 Mobile/10A403 Safari/8536.25"
80.187.96.55 - - [06/Oct/2012:21:27:24 +0200] "GET /img/logo_groeger.gif HTTP/1.1" 200 3605 "http://www.groeger-bauaufzuege.de/" "Mozilla/5.0 (iPhone; CPU iPhone OS 6_0 like Mac OS X) AppleWebKit/536.26 (KHTML, like Gecko) Version/6.0 Mobile/10A403 Safari/8536.25"
80.187.96.55 - - [06/Oct/2012:21:27:24 +0200] "GET /img/pfeil.png HTTP/1.1" 200 840 "http://www.groeger-bauaufzuege.de/" "Mozilla/5.0 (iPhone; CPU iPhone OS 6_0 like Mac OS X) AppleWebKit/536.26 (KHTML, like Gecko) Version/6.0 Mobile/10A403 Safari/8536.25"
80.187.96.55 - - [06/Oct/2012:21:27:24 +0200] "GET /img/bild_1.jpg HTTP/1.1" 200 44440 "http://www.groeger-bauaufzuege.de/" "Mozilla/5.0 (iPhone; CPU iPhone OS 6_0 like Mac OS X) AppleWebKit/536.26 (KHTML, like Gecko) Version/6.0 Mobile/10A403 Safari/8536.25"
80.187.96.55 - - [06/Oct/2012:21:27:24 +0200] "GET /swfobject.js HTTP/1.1" 200 6880 "http://www.groeger-bauaufzuege.de/" "Mozilla/5.0 (iPhone; CPU iPhone OS 6_0 like Mac OS X) AppleWebKit/536.26 (KHTML, like Gecko) Version/6.0 Mobile/10A403 Safari/8536.25"
80.187.96.55 - - [06/Oct/2012:21:27:24 +0200] "GET /jquery.cross-slide.js HTTP/1.1" 200 11724 "http://www.groeger-bauaufzuege.de/" "Mozilla/5.0 (iPhone; CPU iPhone OS 6_0 like Mac OS X) AppleWebKit/536.26 (KHTML, like Gecko) Version/6.0 Mobile/10A403 Safari/8536.25"
80.187.96.55 - - [06/Oct/2012:21:27:24 +0200] "GET /fancybox/jquery.fancybox-1.3.4.pack.js HTTP/1.1" 200 15624 "http://www.groeger-bauaufzuege.de/" "Mozilla/5.0 (iPhone; CPU iPhone OS 6_0 like Mac OS X) AppleWebKit/536.26 (KHTML, like Gecko) Version/6.0 Mobile/10A403 Safari/8536.25"
80.187.96.55 - - [06/Oct/2012:21:27:24 +0200] "GET /jquery-1.4.3.min.js HTTP/1.1" 200 77746 "http://www.groeger-bauaufzuege.de/" "Mozilla/5.0 (iPhone; CPU iPhone OS 6_0 like Mac OS X) AppleWebKit/536.26 (KHTML, like Gecko) Version/6.0 Mobile/10A403 Safari/8536.25"
80.187.96.55 - - [06/Oct/2012:21:27:25 +0200] "GET /img/grauverlauf.png HTTP/1.1" 200 3242 "http://www.groeger-bauaufzuege.de/" "Mozilla/5.0 (iPhone; CPU iPhone OS 6_0 like Mac OS X) AppleWebKit/536.26 (KHTML, like Gecko) Version/6.0 Mobile/10A403 Safari/8536.25"
80.187.96.55 - - [06/Oct/2012:21:27:25 +0200] "GET /img/groeger_web.jpg HTTP/1.1" 200 10877 "http://www.groeger-bauaufzuege.de/" "Mozilla/5.0 (iPhone; CPU iPhone OS 6_0 like Mac OS X) AppleWebKit/536.26 (KHTML, like Gecko) Version/6.0 Mobile/10A403 Safari/8536.25"
80.187.96.55 - - [06/Oct/2012:21:27:25 +0200] "GET /img/bild_1.jpg HTTP/1.1" 200 44440 "http://www.groeger-bauaufzuege.de/" "Mozilla/5.0 (iPhone; CPU iPhone OS 6_0 like Mac OS X) AppleWebKit/536.26 (KHTML, like Gecko) Version/6.0 Mobile/10A403 Safari/8536.25"
80.187.96.55 - - [06/Oct/2012:21:27:25 +0200] "GET /img/bild_2.jpg HTTP/1.1" 200 53191 "http://www.groeger-bauaufzuege.de/" "Mozilla/5.0 (iPhone; CPU iPhone OS 6_0 like Mac OS X) AppleWebKit/536.26 (KHTML, like Gecko) Version/6.0 Mobile/10A403 Safari/8536.25"
80.187.96.55 - - [06/Oct/2012:21:27:25 +0200] "GET /img/bild_4.jpg HTTP/1.1" 200 45325 "http://www.groeger-bauaufzuege.de/" "Mozilla/5.0 (iPhone; CPU iPhone OS 6_0 like Mac OS X) AppleWebKit/536.26 (KHTML, like Gecko) Version/6.0 Mobile/10A403 Safari/8536.25"
80.187.96.55 - - [06/Oct/2012:21:27:25 +0200] "GET /img/bild_3.jpg HTTP/1.1" 200 57915 "http://www.groeger-bauaufzuege.de/" "Mozilla/5.0 (iPhone; CPU iPhone OS 6_0 like Mac OS X) AppleWebKit/536.26 (KHTML, like Gecko) Version/6.0 Mobile/10A403 Safari/8536.25"
80.187.96.55 - - [06/Oct/2012:21:27:42 +0200] "GET /aktuelles.php HTTP/1.1" 200 8519 "http://www.groeger-bauaufzuege.de/" "Mozilla/5.0 (iPhone; CPU iPhone OS 6_0 like Mac OS X) AppleWebKit/536.26 (KHTML, like Gecko) Version/6.0 Mobile/10A403 Safari/8536.25"
80.187.96.55 - - [06/Oct/2012:21:28:05 +0200] "GET /leistungen.php HTTP/1.1" 200 6987 "http://www.groeger-bauaufzuege.de/aktuelles.php" "Mozilla/5.0 (iPhone; CPU iPhone OS 6_0 like Mac OS X) AppleWebKit/536.26 (KHTML, like Gecko) Version/6.0 Mobile/10A403 Safari/8536.25"
80.187.96.55 - - [06/Oct/2012:21:28:06 +0200] "GET /img/leist_geda_02.jpg HTTP/1.1" 200 9528 "http://www.groeger-bauaufzuege.de/leistungen.php" "Mozilla/5.0 (iPhone; CPU iPhone OS 6_0 like Mac OS X) AppleWebKit/536.26 (KHTML, like Gecko) Version/6.0 Mobile/10A403 Safari/8536.25"
80.187.96.55 - - [06/Oct/2012:21:28:12 +0200] "GET /verkauf.php HTTP/1.1" 200 6085 "http://www.groeger-bauaufzuege.de/leistungen.php" "Mozilla/5.0 (iPhone; CPU iPhone OS 6_0 like Mac OS X) AppleWebKit/536.26 (KHTML, like Gecko) Version/6.0 Mobile/10A403 Safari/8536.25"
80.187.96.55 - - [06/Oct/2012:21:28:12 +0200] "GET /img/logo_boecker.gif HTTP/1.1" 200 2974 "http://www.groeger-bauaufzuege.de/verkauf.php" "Mozilla/5.0 (iPhone; CPU iPhone OS 6_0 like Mac OS X) AppleWebKit/536.26 (KHTML, like Gecko) Version/6.0 Mobile/10A403 Safari/8536.25"
80.187.96.55 - - [06/Oct/2012:21:28:12 +0200] "GET /img/logo_geda.gif HTTP/1.1" 200 4337 "http://www.groeger-bauaufzuege.de/verkauf.php" "Mozilla/5.0 (iPhone; CPU iPhone OS 6_0 like Mac OS X) AppleWebKit/536.26 (KHTML, like Gecko) Version/6.0 Mobile/10A403 Safari/8536.25"
80.187.96.55 - - [06/Oct/2012:21:28:12 +0200] "GET /img/logo_steinbach.jpg HTTP/1.1" 200 9601 "http://www.groeger-bauaufzuege.de/verkauf.php" "Mozilla/5.0 (iPhone; CPU iPhone OS 6_0 like Mac OS X) AppleWebKit/536.26 (KHTML, like Gecko) Version/6.0 Mobile/10A403 Safari/8536.25"
80.187.96.55 - - [06/Oct/2012:21:28:23 +0200] "GET /vermietung.php HTTP/1.1" 200 6164 "http://www.groeger-bauaufzuege.de/verkauf.php" "Mozilla/5.0 (iPhone; CPU iPhone OS 6_0 like Mac OS X) AppleWebKit/536.26 (KHTML, like Gecko) Version/6.0 Mobile/10A403 Safari/8536.25"
80.187.96.55 - - [06/Oct/2012:21:28:34 +0200] "GET /gebrauchtmaschinen.php HTTP/1.1" 200 5660 "http://www.groeger-bauaufzuege.de/vermietung.php" "Mozilla/5.0 (iPhone; CPU iPhone OS 6_0 like Mac OS X) AppleWebKit/536.26 (KHTML, like Gecko) Version/6.0 Mobile/10A403 Safari/8536.25"
80.187.96.55 - - [06/Oct/2012:21:28:49 +0200] "GET /unternehmen.php HTTP/1.1" 200 6705 "http://www.groeger-bauaufzuege.de/gebrauchtmaschinen.php" "Mozilla/5.0 (iPhone; CPU iPhone OS 6_0 like Mac OS X) AppleWebKit/536.26 (KHTML, like Gecko) Version/6.0 Mobile/10A403 Safari/8536.25"
80.187.96.55 - - [06/Oct/2012:21:28:54 +0200] "GET /angebote.php HTTP/1.1" 200 8444 "http://www.groeger-bauaufzuege.de/unternehmen.php" "Mozilla/5.0 (iPhone; CPU iPhone OS 6_0 like Mac OS X) AppleWebKit/536.26 (KHTML, like Gecko) Version/6.0 Mobile/10A403 Safari/8536.25"
80.187.96.55 - - [06/Oct/2012:21:28:54 +0200] "GET /img/aktionen/nl4-2012-09.jpg HTTP/1.1" 200 42401 "http://www.groeger-bauaufzuege.de/angebote.php" "Mozilla/5.0 (iPhone; CPU iPhone OS 6_0 like Mac OS X) AppleWebKit/536.26 (KHTML, like Gecko) Version/6.0 Mobile/10A403 Safari/8536.25"
80.187.96.55 - - [06/Oct/2012:21:29:18 +0200] "GET /download/Newsletter_Groeger_2012-09.pdf HTTP/1.1" 200 492501 "http://www.groeger-bauaufzuege.de/angebote.php" "Mozilla/5.0 (iPhone; CPU iPhone OS 6_0 like Mac OS X) AppleWebKit/536.26 (KHTML, like Gecko) Version/6.0 Mobile/10A403 Safari/8536.25"
80.187.96.55 - - [06/Oct/2012:21:29:35 +0200] "GET /download/Geda-Zubehoer.pdf HTTP/1.1" 200 1012959 "http://www.groeger-bauaufzuege.de/angebote.php" "Mozilla/5.0 (iPhone; CPU iPhone OS 6_0 like Mac OS X) AppleWebKit/536.26 (KHTML, like Gecko) Version/6.0 Mobile/10A403 Safari/8536.25"
80.187.96.55 - - [06/Oct/2012:21:29:50 +0200] "GET /download/Lift_D.pdf HTTP/1.1" 200 1133500 "http://www.groeger-bauaufzuege.de/angebote.php" "Mozilla/5.0 (iPhone; CPU iPhone OS 6_0 like Mac OS X) AppleWebKit/536.26 (KHTML, like Gecko) Version/6.0 Mobile/10A403 Safari/8536.25"
178.154.179.250 - - [07/Oct/2012:01:50:26 +0200] "GET /index.php HTTP/1.1" 200 6276 "-" "Mozilla/5.0 (compatible; YandexBot/3.0; +http://yandex.com/bots)"
66.249.71.69 - - [07/Oct/2012:04:28:20 +0200] "GET /robots.txt HTTP/1.1" 404 - "-" "Mozilla/5.0 (compatible; Googlebot/2.1; +http://www.google.com/bot.html)"
66.249.71.69 - - [07/Oct/2012:04:28:20 +0200] "GET /download/Newsletter_Groeger_11-06_Innung.pdf HTTP/1.1" 304 - "-" "Mozilla/5.0 (compatible; Googlebot/2.1; +http://www.google.com/bot.html)"
66.249.71.69 - - [07/Oct/2012:05:17:36 +0200] "GET /leistungen.php HTTP/1.1" 200 6987 "-" "Mozilla/5.0 (compatible; Googlebot/2.1; +http://www.google.com/bot.html)"
213.186.119.136 - - [07/Oct/2012:06:05:19 +0200] "GET /download/Newsletter-Groeger-Dachdecker-2011-04.pdf HTTP/1.1" 200 248596 "-" "Mozilla/5.0 (compatible; AhrefsBot/3.1; +http://ahrefs.com/robot/)"
66.249.71.69 - - [07/Oct/2012:06:26:05 +0200] "GET /fancybox/jquery.fancybox-1.3.4.pack.js HTTP/1.1" 200 15624 "-" "Mozilla/5.0 (compatible; Googlebot/2.1; +http://www.google.com/bot.html)"
66.249.71.69 - - [07/Oct/2012:06:26:06 +0200] "GET /swfobject.js HTTP/1.1" 200 6880 "-" "Mozilla/5.0 (compatible; Googlebot/2.1; +http://www.google.com/bot.html)"
66.249.71.69 - - [07/Oct/2012:06:26:06 +0200] "GET /jquery.cross-slide.js HTTP/1.1" 200 11724 "-" "Mozilla/5.0 (compatible; Googlebot/2.1; +http://www.google.com/bot.html)"
66.249.71.69 - - [07/Oct/2012:06:26:07 +0200] "GET /css/groeger.css HTTP/1.1" 200 5198 "-" "Mozilla/5.0 (compatible; Googlebot/2.1; +http://www.google.com/bot.html)"
66.249.71.69 - - [07/Oct/2012:06:26:07 +0200] "GET /fancybox/jquery.fancybox-1.3.4.css HTTP/1.1" 200 8494 "-" "Mozilla/5.0 (compatible; Googlebot/2.1; +http://www.google.com/bot.html)"
66.249.71.69 - - [07/Oct/2012:06:26:08 +0200] "GET /jquery-1.4.3.min.js HTTP/1.1" 200 77746 "-" "Mozilla/5.0 (compatible; Googlebot/2.1; +http://www.google.com/bot.html)"
157.55.33.80 - - [07/Oct/2012:06:46:51 +0200] "GET /robots.txt HTTP/1.1" 404 - "-" "Mozilla/5.0 (compatible; bingbot/2.0; +http://www.bing.com/bingbot.htm)"
157.55.33.80 - - [07/Oct/2012:06:47:54 +0200] "GET /download/Newsletter_Groeger_11-06_Innung.pdf HTTP/1.1" 200 422119 "-" "Mozilla/5.0 (compatible; bingbot/2.0; +http://www.bing.com/bingbot.htm)"
157.55.32.108 - - [07/Oct/2012:06:49:20 +0200] "GET /javascript; HTTP/1.1" 404 - "-" "Mozilla/5.0 (compatible; bingbot/2.0; +http://www.bing.com/bingbot.htm)"
208.115.111.73 - - [07/Oct/2012:07:03:10 +0200] "GET /robots.txt HTTP/1.1" 404 - "-" "Mozilla/5.0 (compatible; Ezooms/1.0; ezooms.bot@gmail.com)"
157.55.32.186 - - [07/Oct/2012:07:04:45 +0200] "GET /robots.txt HTTP/1.1" 404 - "-" "Mozilla/5.0 (compatible; bingbot/2.0; +http://www.bing.com/bingbot.htm)"
157.55.32.186 - - [07/Oct/2012:07:11:50 +0200] "GET /vermietung.php HTTP/1.1" 200 6164 "-" "Mozilla/5.0 (compatible; bingbot/2.0; +http://www.bing.com/bingbot.htm)"
157.55.32.186 - - [07/Oct/2012:07:11:59 +0200] "GET /download/boecker_auf_achse_2011.pdf HTTP/1.1" 200 1766601 "-" "Mozilla/5.0 (compatible; bingbot/2.0; +http://www.bing.com/bingbot.htm)"
157.55.35.41 - - [07/Oct/2012:08:34:03 +0200] "GET /robots.txt HTTP/1.1" 404 - "-" "Mozilla/5.0 (compatible; bingbot/2.0; +http://www.bing.com/bingbot.htm)"
157.55.35.41 - - [07/Oct/2012:08:36:27 +0200] "GET /download/Lift_D.pdf HTTP/1.1" 200 1133500 "-" "Mozilla/5.0 (compatible; bingbot/2.0; +http://www.bing.com/bingbot.htm)"
208.115.111.73 - - [07/Oct/2012:08:50:55 +0200] "GET /vermietung.php HTTP/1.1" 200 6164 "-" "Mozilla/5.0 (compatible; Ezooms/1.0; ezooms.bot@gmail.com)"
80.187.96.55 - - [07/Oct/2012:11:37:48 +0200] "GET /angebote.php HTTP/1.1" 200 8444 "-" "Mozilla/5.0 (iPhone; CPU iPhone OS 6_0 like Mac OS X) AppleWebKit/536.26 (KHTML, like Gecko) Version/6.0 Mobile/10A403 Safari/8536.25"
80.187.96.55 - - [07/Oct/2012:11:37:49 +0200] "GET /fancybox/jquery.fancybox-1.3.4.pack.js HTTP/1.1" 200 15624 "http://www.groeger-bauaufzuege.de/angebote.php" "Mozilla/5.0 (iPhone; CPU iPhone OS 6_0 like Mac OS X) AppleWebKit/536.26 (KHTML, like Gecko) Version/6.0 Mobile/10A403 Safari/8536.25"
80.187.96.55 - - [07/Oct/2012:11:37:49 +0200] "GET /fancybox/jquery.fancybox-1.3.4.css HTTP/1.1" 200 8494 "http://www.groeger-bauaufzuege.de/angebote.php" "Mozilla/5.0 (iPhone; CPU iPhone OS 6_0 like Mac OS X) AppleWebKit/536.26 (KHTML, like Gecko) Version/6.0 Mobile/10A403 Safari/8536.25"
80.187.96.55 - - [07/Oct/2012:11:37:49 +0200] "GET /img/logo_groeger.gif HTTP/1.1" 200 3605 "http://www.groeger-bauaufzuege.de/angebote.php" "Mozilla/5.0 (iPhone; CPU iPhone OS 6_0 like Mac OS X) AppleWebKit/536.26 (KHTML, like Gecko) Version/6.0 Mobile/10A403 Safari/8536.25"
80.187.96.55 - - [07/Oct/2012:11:37:49 +0200] "GET /img/bild_1.jpg HTTP/1.1" 200 44440 "http://www.groeger-bauaufzuege.de/angebote.php" "Mozilla/5.0 (iPhone; CPU iPhone OS 6_0 like Mac OS X) AppleWebKit/536.26 (KHTML, like Gecko) Version/6.0 Mobile/10A403 Safari/8536.25"
80.187.96.55 - - [07/Oct/2012:11:37:49 +0200] "GET /img/aktionen/nl4-2012-09.jpg HTTP/1.1" 200 42401 "http://www.groeger-bauaufzuege.de/angebote.php" "Mozilla/5.0 (iPhone; CPU iPhone OS 6_0 like Mac OS X) AppleWebKit/536.26 (KHTML, like Gecko) Version/6.0 Mobile/10A403 Safari/8536.25"
80.187.96.55 - - [07/Oct/2012:11:37:51 +0200] "GET /unternehmen.php HTTP/1.1" 200 6705 "-" "Mozilla/5.0 (iPhone; CPU iPhone OS 6_0 like Mac OS X) AppleWebKit/536.26 (KHTML, like Gecko) Version/6.0 Mobile/10A403 Safari/8536.25"
194.247.35.2 - - [07/Oct/2012:12:25:56 +0200] "GET /img/leist_geda_02.jpg HTTP/1.1" 200 9528 "http://www.google.com.ua/imgres?q=geda+maxi+120s&start=384&hl=uk&tbm=isch&tbnid=XYs73GZdQQ9ABM:&imgrefurl=http://www.groeger-bauaufzuege.de/leistungen.php&docid=_YHKiManuCxIgM&imgurl=http://www.groeger-bauaufzuege.de/img/leist_geda_02.jpg&w=133&h=177&ei=g1BxUOOKNMSOswbj14HYBQ&zoom=1&iact=hc&vpx=1424&vpy=315&dur=538&hovh=141&hovw=106&tx=101&ty=103&sig=109091671293613394385&page=7&tbnh=138&tbnw=104&ndsp=64&ved=1t:429,r:8,s:384,i:30&biw=1887&bih=957" "Opera/9.80 (Windows NT 6.1; U; ru) Presto/2.10.289 Version/12.02"
194.247.35.2 - - [07/Oct/2012:12:25:56 +0200] "GET /leistungen.php HTTP/1.1" 200 6987 "http://www.google.com.ua/imgres?q=geda+maxi+120s&start=384&hl=uk&tbm=isch&tbnid=XYs73GZdQQ9ABM:&imgrefurl=http://www.groeger-bauaufzuege.de/leistungen.php&docid=_YHKiManuCxIgM&imgurl=http://www.groeger-bauaufzuege.de/img/leist_geda_02.jpg&w=133&h=177&ei=g1BxUOOKNMSOswbj14HYBQ&zoom=1&iact=hc&vpx=1424&vpy=315&dur=538&hovh=141&hovw=106&tx=101&ty=103&sig=109091671293613394385&page=7&tbnh=138&tbnw=104&ndsp=64&ved=1t:429,r:8,s:384,i:30&biw=1887&bih=957" "Opera/9.80 (Windows NT 6.1; U; ru) Presto/2.10.289 Version/12.02"
194.247.35.2 - - [07/Oct/2012:12:25:56 +0200] "GET /css/groeger.css HTTP/1.1" 200 5198 "http://www.groeger-bauaufzuege.de/leistungen.php" "Opera/9.80 (Windows NT 6.1; U; ru) Presto/2.10.289 Version/12.02"
194.247.35.2 - - [07/Oct/2012:12:25:56 +0200] "GET /fancybox/jquery.fancybox-1.3.4.css HTTP/1.1" 200 8494 "http://www.groeger-bauaufzuege.de/leistungen.php" "Opera/9.80 (Windows NT 6.1; U; ru) Presto/2.10.289 Version/12.02"
194.247.35.2 - - [07/Oct/2012:12:25:56 +0200] "GET /swfobject.js HTTP/1.1" 200 6880 "http://www.groeger-bauaufzuege.de/leistungen.php" "Opera/9.80 (Windows NT 6.1; U; ru) Presto/2.10.289 Version/12.02"
194.247.35.2 - - [07/Oct/2012:12:25:56 +0200] "GET /fancybox/jquery.fancybox-1.3.4.pack.js HTTP/1.1" 200 15624 "http://www.groeger-bauaufzuege.de/leistungen.php" "Opera/9.80 (Windows NT 6.1; U; ru) Presto/2.10.289 Version/12.02"
194.247.35.2 - - [07/Oct/2012:12:25:56 +0200] "GET /css/groeger.css HTTP/1.1" 200 5198 "http://www.groeger-bauaufzuege.de/leistungen.php" "Opera/9.80 (Windows NT 6.1; U; ru) Presto/2.10.289 Version/12.02"
194.247.35.2 - - [07/Oct/2012:12:25:56 +0200] "GET /jquery.cross-slide.js HTTP/1.1" 200 11724 "http://www.groeger-bauaufzuege.de/leistungen.php" "Opera/9.80 (Windows NT 6.1; U; ru) Presto/2.10.289 Version/12.02"
194.247.35.2 - - [07/Oct/2012:12:25:56 +0200] "GET /img/logo_groeger.gif HTTP/1.1" 200 3605 "http://www.groeger-bauaufzuege.de/leistungen.php" "Opera/9.80 (Windows NT 6.1; U; ru) Presto/2.10.289 Version/12.02"
194.247.35.2 - - [07/Oct/2012:12:25:56 +0200] "GET /img/logo_groeger.gif HTTP/1.1" 200 3605 "http://www.groeger-bauaufzuege.de/leistungen.php" "Opera/9.80 (Windows NT 6.1; U; ru) Presto/2.10.289 Version/12.02"
194.247.35.2 - - [07/Oct/2012:12:25:57 +0200] "GET /img/bild_1.jpg HTTP/1.1" 200 44440 "http://www.groeger-bauaufzuege.de/leistungen.php" "Opera/9.80 (Windows NT 6.1; U; ru) Presto/2.10.289 Version/12.02"
194.247.35.2 - - [07/Oct/2012:12:25:56 +0200] "GET /jquery-1.4.3.min.js HTTP/1.1" 200 77746 "http://www.groeger-bauaufzuege.de/leistungen.php" "Opera/9.80 (Windows NT 6.1; U; ru) Presto/2.10.289 Version/12.02"
194.247.35.2 - - [07/Oct/2012:12:25:57 +0200] "GET /img/bild_1.jpg HTTP/1.1" 200 44440 "http://www.groeger-bauaufzuege.de/leistungen.php" "Opera/9.80 (Windows NT 6.1; U; ru) Presto/2.10.289 Version/12.02"
194.247.35.2 - - [07/Oct/2012:12:25:57 +0200] "GET /img/grauverlauf.png HTTP/1.1" 200 3242 "http://www.groeger-bauaufzuege.de/leistungen.php" "Opera/9.80 (Windows NT 6.1; U; ru) Presto/2.10.289 Version/12.02"
194.247.35.2 - - [07/Oct/2012:12:25:57 +0200] "GET /img/bild_3.jpg HTTP/1.1" 200 57915 "http://www.groeger-bauaufzuege.de/leistungen.php" "Opera/9.80 (Windows NT 6.1; U; ru) Presto/2.10.289 Version/12.02"
194.247.35.2 - - [07/Oct/2012:12:25:57 +0200] "GET /img/bild_2.jpg HTTP/1.1" 200 53191 "http://www.groeger-bauaufzuege.de/leistungen.php" "Opera/9.80 (Windows NT 6.1; U; ru) Presto/2.10.289 Version/12.02"
194.247.35.2 - - [07/Oct/2012:12:25:57 +0200] "GET /img/bild_4.jpg HTTP/1.1" 200 45325 "http://www.groeger-bauaufzuege.de/leistungen.php" "Opera/9.80 (Windows NT 6.1; U; ru) Presto/2.10.289 Version/12.02"
194.247.35.2 - - [07/Oct/2012:12:26:01 +0200] "GET /leistungen.php HTTP/1.1" 200 6987 "http://www.google.com.ua/imgres?q=geda+maxi+120s&start=384&hl=uk&tbm=isch&tbnid=XYs73GZdQQ9ABM:&imgrefurl=http://www.groeger-bauaufzuege.de/leistungen.php&docid=_YHKiManuCxIgM&imgurl=http://www.groeger-bauaufzuege.de/img/leist_geda_02.jpg&w=133&h=177&ei=g1BxUOOKNMSOswbj14HYBQ&zoom=1&iact=hc&vpx=1424&vpy=315&dur=538&hovh=141&hovw=106&tx=101&ty=103&sig=109091671293613394385&page=7&tbnh=138&tbnw=104&ndsp=64&ved=1t:429,r:8,s:384,i:30&biw=1887&bih=957" "Opera/9.80 (Windows NT 6.1; U; ru) Presto/2.10.289 Version/12.02"
194.247.35.2 - - [07/Oct/2012:12:26:01 +0200] "GET /img/favicon.gif HTTP/1.1" 200 119 "http://www.groeger-bauaufzuege.de/leistungen.php" "Opera/9.80 (Windows NT 6.1; U; ru) Presto/2.10.289 Version/12.02"
194.247.35.2 - - [07/Oct/2012:12:26:01 +0200] "GET /img/favicon.gif HTTP/1.1" 200 119 "http://www.groeger-bauaufzuege.de/leistungen.php" "Opera/9.80 (Windows NT 6.1; U; ru) Presto/2.10.289 Version/12.02"
157.55.35.41 - - [07/Oct/2012:13:16:50 +0200] "GET /robots.txt HTTP/1.1" 404 - "-" "Mozilla/5.0 (compatible; bingbot/2.0; +http://www.bing.com/bingbot.htm)"
157.55.35.41 - - [07/Oct/2012:13:21:39 +0200] "GET /kontakt.php HTTP/1.1" 200 6512 "-" "Mozilla/5.0 (compatible; bingbot/2.0; +http://www.bing.com/bingbot.htm)"
213.186.122.2 - - [07/Oct/2012:15:06:06 +0200] "GET /kontakt.php HTTP/1.1" 200 6512 "-" "Mozilla/5.0 (compatible; AhrefsBot/3.1; +http://ahrefs.com/robot/)"
66.249.71.69 - - [07/Oct/2012:16:03:03 +0200] "GET /impressum.php HTTP/1.1" 200 7428 "-" "Mozilla/5.0 (compatible; Googlebot/2.1; +http://www.google.com/bot.html)"
87.189.109.154 - - [07/Oct/2012:18:24:23 +0200] "GET /unternehmen.php HTTP/1.1" 200 6705 "http://www.groeger-bauaufzuege.de/unternehmen.php" "Mozilla/5.0 (Windows NT 6.1; WOW64; rv:15.0) Gecko/20100101 Firefox/15.0.1"
66.249.71.69 - - [07/Oct/2012:18:53:51 +0200] "GET /robots.txt HTTP/1.1" 404 - "-" "Mozilla/5.0 (compatible; Googlebot/2.1; +http://www.google.com/bot.html)"
66.249.71.69 - - [07/Oct/2012:18:53:51 +0200] "GET /download/boecker_auf_achse_2011.pdf HTTP/1.1" 200 1766601 "-" "Mozilla/5.0 (compatible; Googlebot/2.1; +http://www.google.com/bot.html)"
178.255.215.70 - - [07/Oct/2012:21:02:44 +0200] "GET /robots.txt HTTP/1.1" 404 - "-" "Mozilla/5.0 (compatible; Exabot/3.0; +http://www.exabot.com/go/robot)"
178.255.215.70 - - [07/Oct/2012:21:02:44 +0200] "GET / HTTP/1.1" 200 6276 "-" "Mozilla/5.0 (compatible; Exabot/3.0; +http://www.exabot.com/go/robot)"
84.46.64.234 - - [07/Oct/2012:22:25:45 +0200] "GET /leistungen.php HTTP/1.1" 200 6987 "http://www.google.de/url?sa=t&rct=j&q=&esrc=s&source=web&cd=2&ved=0CDUQFjAB&url=http%3A%2F%2Fwww.groeger-bauaufzuege.de%2Fleistungen.php&ei=0eRxUPXTIbOT0QWP0YC4BA&usg=AFQjCNE2dDyc-sYyvCgBIIGkeF6NZXuZRw" "Mozilla/5.0 (Windows NT 6.1; rv:15.0) Gecko/20100101 Firefox/15.0.1"
84.46.64.234 - - [07/Oct/2012:22:25:45 +0200] "GET /css/groeger.css HTTP/1.1" 200 5198 "http://www.groeger-bauaufzuege.de/leistungen.php" "Mozilla/5.0 (Windows NT 6.1; rv:15.0) Gecko/20100101 Firefox/15.0.1"
84.46.64.234 - - [07/Oct/2012:22:25:45 +0200] "GET /swfobject.js HTTP/1.1" 200 6880 "http://www.groeger-bauaufzuege.de/leistungen.php" "Mozilla/5.0 (Windows NT 6.1; rv:15.0) Gecko/20100101 Firefox/15.0.1"
84.46.64.234 - - [07/Oct/2012:22:25:45 +0200] "GET /jquery.cross-slide.js HTTP/1.1" 200 11724 "http://www.groeger-bauaufzuege.de/leistungen.php" "Mozilla/5.0 (Windows NT 6.1; rv:15.0) Gecko/20100101 Firefox/15.0.1"
84.46.64.234 - - [07/Oct/2012:22:25:45 +0200] "GET /fancybox/jquery.fancybox-1.3.4.pack.js HTTP/1.1" 200 15624 "http://www.groeger-bauaufzuege.de/leistungen.php" "Mozilla/5.0 (Windows NT 6.1; rv:15.0) Gecko/20100101 Firefox/15.0.1"
84.46.64.234 - - [07/Oct/2012:22:25:45 +0200] "GET /fancybox/jquery.fancybox-1.3.4.css HTTP/1.1" 200 8494 "http://www.groeger-bauaufzuege.de/leistungen.php" "Mozilla/5.0 (Windows NT 6.1; rv:15.0) Gecko/20100101 Firefox/15.0.1"
84.46.64.234 - - [07/Oct/2012:22:25:45 +0200] "GET /img/logo_groeger.gif HTTP/1.1" 200 3605 "http://www.groeger-bauaufzuege.de/leistungen.php" "Mozilla/5.0 (Windows NT 6.1; rv:15.0) Gecko/20100101 Firefox/15.0.1"
84.46.64.234 - - [07/Oct/2012:22:25:45 +0200] "GET /img/leist_geda_02.jpg HTTP/1.1" 200 9528 "http://www.groeger-bauaufzuege.de/leistungen.php" "Mozilla/5.0 (Windows NT 6.1; rv:15.0) Gecko/20100101 Firefox/15.0.1"
84.46.64.234 - - [07/Oct/2012:22:25:45 +0200] "GET /img/favicon.gif HTTP/1.1" 200 119 "-" "Mozilla/5.0 (Windows NT 6.1; rv:15.0) Gecko/20100101 Firefox/15.0.1"
84.46.64.234 - - [07/Oct/2012:22:25:45 +0200] "GET /img/bild_1.jpg HTTP/1.1" 200 44440 "http://www.groeger-bauaufzuege.de/leistungen.php" "Mozilla/5.0 (Windows NT 6.1; rv:15.0) Gecko/20100101 Firefox/15.0.1"
84.46.64.234 - - [07/Oct/2012:22:25:45 +0200] "GET /jquery-1.4.3.min.js HTTP/1.1" 200 77746 "http://www.groeger-bauaufzuege.de/leistungen.php" "Mozilla/5.0 (Windows NT 6.1; rv:15.0) Gecko/20100101 Firefox/15.0.1"
84.46.64.234 - - [07/Oct/2012:22:25:46 +0200] "GET /img/grauverlauf.png HTTP/1.1" 200 3242 "http://www.groeger-bauaufzuege.de/css/groeger.css" "Mozilla/5.0 (Windows NT 6.1; rv:15.0) Gecko/20100101 Firefox/15.0.1"
84.46.64.234 - - [07/Oct/2012:22:25:46 +0200] "GET /img/bild_2.jpg HTTP/1.1" 200 53191 "http://www.groeger-bauaufzuege.de/leistungen.php" "Mozilla/5.0 (Windows NT 6.1; rv:15.0) Gecko/20100101 Firefox/15.0.1"
84.46.64.234 - - [07/Oct/2012:22:25:46 +0200] "GET /img/bild_3.jpg HTTP/1.1" 200 57915 "http://www.groeger-bauaufzuege.de/leistungen.php" "Mozilla/5.0 (Windows NT 6.1; rv:15.0) Gecko/20100101 Firefox/15.0.1"
84.46.64.234 - - [07/Oct/2012:22:25:46 +0200] "GET /img/bild_4.jpg HTTP/1.1" 200 45325 "http://www.groeger-bauaufzuege.de/leistungen.php" "Mozilla/5.0 (Windows NT 6.1; rv:15.0) Gecko/20100101 Firefox/15.0.1"
94.23.225.68 - - [07/Oct/2012:22:42:02 +0200] "GET /unternehmen.php HTTP/1.1" 200 6705 "-" "Mozilla/5.0 (X11; Linux i686; rv:6.0) Gecko/20100101 Firefox/6.0"
157.55.33.17 - - [08/Oct/2012:00:22:54 +0200] "GET /robots.txt HTTP/1.1" 404 - "-" "Mozilla/5.0 (compatible; bingbot/2.0; +http://www.bing.com/bingbot.htm)"
157.55.33.17 - - [08/Oct/2012:00:30:13 +0200] "GET /unternehmen.php HTTP/1.1" 200 6705 "-" "Mozilla/5.0 (compatible; bingbot/2.0; +http://www.bing.com/bingbot.htm)"
157.55.112.200 - - [08/Oct/2012:00:30:14 +0200] "GET /unternehmen.php HTTP/1.1" 200 6705 "-" "Mozilla/5.0 (Windows NT 6.1; WOW64) AppleWebKit/534+ (KHTML, like Gecko) BingPreview/1.0b"
66.249.71.69 - - [08/Oct/2012:01:11:56 +0200] "GET / HTTP/1.1" 200 6276 "-" "Mozilla/5.0 (iPhone; U; CPU iPhone OS 4_1 like Mac OS X; en-us) AppleWebKit/532.9 (KHTML, like Gecko) Version/4.0.5 Mobile/8B117 Safari/6531.22.7 (compatible; Googlebot-Mobile/2.1; +http://www.google.com/bot.html)"
66.249.71.69 - - [08/Oct/2012:01:18:31 +0200] "GET /img/groeger_web.jpg HTTP/1.1" 200 10877 "-" "Mozilla/5.0 (compatible; Googlebot/2.1; +http://www.google.com/bot.html)"
157.55.112.200 - - [08/Oct/2012:01:31:16 +0200] "GET /css/groeger.css HTTP/1.1" 200 5198 "http://www.groeger-bauaufzuege.de/unternehmen.php" "Mozilla/5.0 (Windows NT 6.1; WOW64) AppleWebKit/534+ (KHTML, like Gecko) BingPreview/1.0b"
157.55.112.200 - - [08/Oct/2012:01:31:16 +0200] "GET /swfobject.js HTTP/1.1" 200 6880 "http://www.groeger-bauaufzuege.de/unternehmen.php" "Mozilla/5.0 (Windows NT 6.1; WOW64) AppleWebKit/534+ (KHTML, like Gecko) BingPreview/1.0b"
157.55.112.200 - - [08/Oct/2012:01:31:17 +0200] "GET /fancybox/jquery.fancybox-1.3.4.css HTTP/1.1" 200 8494 "http://www.groeger-bauaufzuege.de/unternehmen.php" "Mozilla/5.0 (Windows NT 6.1; WOW64) AppleWebKit/534+ (KHTML, like Gecko) BingPreview/1.0b"
157.55.112.200 - - [08/Oct/2012:01:31:16 +0200] "GET /jquery-1.4.3.min.js HTTP/1.1" 200 77746 "http://www.groeger-bauaufzuege.de/unternehmen.php" "Mozilla/5.0 (Windows NT 6.1; WOW64) AppleWebKit/534+ (KHTML, like Gecko) BingPreview/1.0b"
157.55.112.200 - - [08/Oct/2012:01:31:17 +0200] "GET /jquery.cross-slide.js HTTP/1.1" 200 11724 "http://www.groeger-bauaufzuege.de/unternehmen.php" "Mozilla/5.0 (Windows NT 6.1; WOW64) AppleWebKit/534+ (KHTML, like Gecko) BingPreview/1.0b"
157.55.112.200 - - [08/Oct/2012:01:31:17 +0200] "GET /fancybox/jquery.fancybox-1.3.4.pack.js HTTP/1.1" 200 15624 "http://www.groeger-bauaufzuege.de/unternehmen.php" "Mozilla/5.0 (Windows NT 6.1; WOW64) AppleWebKit/534+ (KHTML, like Gecko) BingPreview/1.0b"
37.140.141.34 - - [08/Oct/2012:01:58:58 +0200] "GET /robots.txt HTTP/1.1" 404 - "-" "Mozilla/5.0 (compatible; YandexImages/3.0; +http://yandex.com/bots)"
37.140.141.34 - - [08/Oct/2012:03:40:11 +0200] "GET /img/bild_1.jpg HTTP/1.1" 200 44440 "-" "Mozilla/5.0 (compatible; YandexImages/3.0; +http://yandex.com/bots)"
94.23.220.161 - - [08/Oct/2012:04:08:01 +0200] "GET /unternehmen.php HTTP/1.1" 200 6705 "-" "Mozilla/5.0 (X11; Linux i686; rv:6.0) Gecko/20100101 Firefox/6.0"
93.197.118.66 - - [08/Oct/2012:08:22:49 +0200] "GET / HTTP/1.1" 200 6276 "-" "Mozilla/5.0 (Windows NT 6.1; WOW64; rv:15.0) Gecko/20100101 Firefox/15.0.1"
93.197.118.66 - - [08/Oct/2012:08:23:03 +0200] "GET /kontakt.php HTTP/1.1" 200 6512 "http://www.groeger-bauaufzuege.de/" "Mozilla/5.0 (Windows NT 6.1; WOW64; rv:15.0) Gecko/20100101 Firefox/15.0.1"
93.197.118.66 - - [08/Oct/2012:08:23:09 +0200] "GET /angebote.php HTTP/1.1" 200 8444 "http://www.groeger-bauaufzuege.de/kontakt.php" "Mozilla/5.0 (Windows NT 6.1; WOW64; rv:15.0) Gecko/20100101 Firefox/15.0.1"
93.197.118.66 - - [08/Oct/2012:08:23:10 +0200] "GET /img/aktionen/nl4-2012-09.jpg HTTP/1.1" 304 - "http://www.groeger-bauaufzuege.de/angebote.php" "Mozilla/5.0 (Windows NT 6.1; WOW64; rv:15.0) Gecko/20100101 Firefox/15.0.1"
93.197.118.66 - - [08/Oct/2012:08:23:16 +0200] "GET /favicon.ico HTTP/1.1" 404 - "-" "Mozilla/5.0 (Windows NT 6.1; WOW64; rv:15.0) Gecko/20100101 Firefox/15.0.1"
93.197.118.66 - - [08/Oct/2012:08:23:16 +0200] "GET /favicon.ico HTTP/1.1" 404 - "-" "Mozilla/5.0 (Windows NT 6.1; WOW64; rv:15.0) Gecko/20100101 Firefox/15.0.1"
212.113.37.105 - - [08/Oct/2012:09:07:16 +0200] "GET /unternehmen.php HTTP/1.1" 200 6705 "-" "Mozilla/5.0 (compatible; AhrefsBot/3.1; +http://ahrefs.com/robot/)"
88.79.240.128 - - [08/Oct/2012:09:26:00 +0200] "GET /aktuelles.php HTTP/1.1" 200 8519 "http://www.google.de/url?sa=t&rct=j&q=bauaufz%C3%BCge%20berlin&source=web&cd=4&ved=0CE8QFjAD&url=http%3A%2F%2Fwww.groeger-bauaufzuege.de%2Faktuelles.php&ei=t35yUIXwIcnZ4QTC44H4Dg&usg=AFQjCNHlvFLzeqm4Pmv-H7G-HyIEz_ciLw" "Mozilla/5.0 (Windows NT 5.1; rv:15.0) Gecko/20100101 Firefox/15.0.1"
88.79.240.128 - - [08/Oct/2012:09:26:01 +0200] "GET /css/groeger.css HTTP/1.1" 200 5198 "http://www.groeger-bauaufzuege.de/aktuelles.php" "Mozilla/5.0 (Windows NT 5.1; rv:15.0) Gecko/20100101 Firefox/15.0.1"
88.79.240.128 - - [08/Oct/2012:09:26:01 +0200] "GET /swfobject.js HTTP/1.1" 200 6880 "http://www.groeger-bauaufzuege.de/aktuelles.php" "Mozilla/5.0 (Windows NT 5.1; rv:15.0) Gecko/20100101 Firefox/15.0.1"
88.79.240.128 - - [08/Oct/2012:09:26:01 +0200] "GET /jquery.cross-slide.js HTTP/1.1" 200 11724 "http://www.groeger-bauaufzuege.de/aktuelles.php" "Mozilla/5.0 (Windows NT 5.1; rv:15.0) Gecko/20100101 Firefox/15.0.1"
88.79.240.128 - - [08/Oct/2012:09:26:01 +0200] "GET /fancybox/jquery.fancybox-1.3.4.pack.js HTTP/1.1" 200 15624 "http://www.groeger-bauaufzuege.de/aktuelles.php" "Mozilla/5.0 (Windows NT 5.1; rv:15.0) Gecko/20100101 Firefox/15.0.1"
88.79.240.128 - - [08/Oct/2012:09:26:01 +0200] "GET /fancybox/jquery.fancybox-1.3.4.css HTTP/1.1" 200 8494 "http://www.groeger-bauaufzuege.de/aktuelles.php" "Mozilla/5.0 (Windows NT 5.1; rv:15.0) Gecko/20100101 Firefox/15.0.1"
88.79.240.128 - - [08/Oct/2012:09:26:01 +0200] "GET /img/logo_groeger.gif HTTP/1.1" 200 3605 "http://www.groeger-bauaufzuege.de/aktuelles.php" "Mozilla/5.0 (Windows NT 5.1; rv:15.0) Gecko/20100101 Firefox/15.0.1"
88.79.240.128 - - [08/Oct/2012:09:26:01 +0200] "GET /img/favicon.gif HTTP/1.1" 200 119 "-" "Mozilla/5.0 (Windows NT 5.1; rv:15.0) Gecko/20100101 Firefox/15.0.1"
88.79.240.128 - - [08/Oct/2012:09:26:01 +0200] "GET /img/bild_1.jpg HTTP/1.1" 200 44440 "http://www.groeger-bauaufzuege.de/aktuelles.php" "Mozilla/5.0 (Windows NT 5.1; rv:15.0) Gecko/20100101 Firefox/15.0.1"
88.79.240.128 - - [08/Oct/2012:09:26:01 +0200] "GET /jquery-1.4.3.min.js HTTP/1.1" 200 77746 "http://www.groeger-bauaufzuege.de/aktuelles.php" "Mozilla/5.0 (Windows NT 5.1; rv:15.0) Gecko/20100101 Firefox/15.0.1"
88.79.240.128 - - [08/Oct/2012:09:26:01 +0200] "GET /img/grauverlauf.png HTTP/1.1" 200 3242 "http://www.groeger-bauaufzuege.de/css/groeger.css" "Mozilla/5.0 (Windows NT 5.1; rv:15.0) Gecko/20100101 Firefox/15.0.1"
88.79.240.128 - - [08/Oct/2012:09:26:01 +0200] "GET /img/bild_2.jpg HTTP/1.1" 200 53191 "http://www.groeger-bauaufzuege.de/aktuelles.php" "Mozilla/5.0 (Windows NT 5.1; rv:15.0) Gecko/20100101 Firefox/15.0.1"
88.79.240.128 - - [08/Oct/2012:09:26:01 +0200] "GET /img/bild_3.jpg HTTP/1.1" 200 57915 "http://www.groeger-bauaufzuege.de/aktuelles.php" "Mozilla/5.0 (Windows NT 5.1; rv:15.0) Gecko/20100101 Firefox/15.0.1"
88.79.240.128 - - [08/Oct/2012:09:26:01 +0200] "GET /img/bild_4.jpg HTTP/1.1" 200 45325 "http://www.groeger-bauaufzuege.de/aktuelles.php" "Mozilla/5.0 (Windows NT 5.1; rv:15.0) Gecko/20100101 Firefox/15.0.1"
88.79.240.128 - - [08/Oct/2012:09:26:12 +0200] "GET /verkauf.php HTTP/1.1" 200 6085 "http://www.groeger-bauaufzuege.de/aktuelles.php" "Mozilla/5.0 (Windows NT 5.1; rv:15.0) Gecko/20100101 Firefox/15.0.1"
88.79.240.128 - - [08/Oct/2012:09:26:12 +0200] "GET /img/logo_geda.gif HTTP/1.1" 200 4337 "http://www.groeger-bauaufzuege.de/verkauf.php" "Mozilla/5.0 (Windows NT 5.1; rv:15.0) Gecko/20100101 Firefox/15.0.1"
88.79.240.128 - - [08/Oct/2012:09:26:12 +0200] "GET /img/logo_boecker.gif HTTP/1.1" 200 2974 "http://www.groeger-bauaufzuege.de/verkauf.php" "Mozilla/5.0 (Windows NT 5.1; rv:15.0) Gecko/20100101 Firefox/15.0.1"
88.79.240.128 - - [08/Oct/2012:09:26:12 +0200] "GET /img/logo_steinbach.jpg HTTP/1.1" 200 9601 "http://www.groeger-bauaufzuege.de/verkauf.php" "Mozilla/5.0 (Windows NT 5.1; rv:15.0) Gecko/20100101 Firefox/15.0.1"
88.79.240.128 - - [08/Oct/2012:09:26:35 +0200] "GET /verkauf.php HTTP/1.1" 200 6085 "http://www.groeger-bauaufzuege.de/verkauf.php" "Mozilla/5.0 (Windows NT 5.1; rv:15.0) Gecko/20100101 Firefox/15.0.1"
