95.108.128.242 - - [01/May/2012:19:23:14 +0200] "GET /robots.txt HTTP/1.1" 404 - "-" "Mozilla/5.0 (compatible; YandexBot/3.0; +http://yandex.com/bots)"
208.115.113.89 - - [01/May/2012:21:43:35 +0200] "GET /robots.txt HTTP/1.1" 404 - "-" "Mozilla/5.0 (compatible; Ezooms/1.0; ezooms.bot@gmail.com)"
95.108.128.242 - - [01/May/2012:22:26:47 +0200] "GET / HTTP/1.1" 200 6276 "-" "Mozilla/5.0 (compatible; YandexBot/3.0; +http://yandex.com/bots)"
95.108.128.242 - - [01/May/2012:22:58:30 +0200] "GET /unternehmen.php HTTP/1.1" 200 6705 "-" "Mozilla/5.0 (compatible; YandexBot/3.0; +http://yandex.com/bots)"
208.115.113.89 - - [01/May/2012:23:11:48 +0200] "GET /kontakt.php HTTP/1.1" 200 6512 "-" "Mozilla/5.0 (compatible; Ezooms/1.0; ezooms.bot@gmail.com)"
207.46.199.47 - - [02/May/2012:04:34:11 +0200] "GET /robots.txt HTTP/1.1" 404 - "-" "Mozilla/5.0 (compatible; bingbot/2.0; +http://www.bing.com/bingbot.htm)"
207.46.199.47 - - [02/May/2012:04:35:12 +0200] "GET / HTTP/1.1" 200 6276 "-" "Mozilla/5.0 (compatible; bingbot/2.0; +http://www.bing.com/bingbot.htm)"
95.108.128.242 - - [02/May/2012:05:47:34 +0200] "GET /robots.txt HTTP/1.1" 404 - "-" "Mozilla/5.0 (compatible; YandexBot/3.0; +http://yandex.com/bots)"
66.249.72.183 - - [02/May/2012:06:08:37 +0200] "GET /robots.txt HTTP/1.1" 404 - "-" "Mozilla/5.0 (compatible; Googlebot/2.1; +http://www.google.com/bot.html)"
66.249.72.183 - - [02/May/2012:06:08:37 +0200] "GET /leistungen.php HTTP/1.1" 200 6987 "-" "Mozilla/5.0 (compatible; Googlebot/2.1; +http://www.google.com/bot.html)"
95.108.128.242 - - [02/May/2012:08:45:49 +0200] "GET /index.php HTTP/1.1" 200 6276 "-" "Mozilla/5.0 (compatible; YandexBot/3.0; +http://yandex.com/bots)"
93.218.238.191 - - [02/May/2012:09:18:10 +0200] "GET / HTTP/1.1" 200 6276 "http://www.dachdecker.de/berliner-dachdecker/content.php?hkpin=6&subpin=A6" "Mozilla/5.0 (Windows NT 6.1; WOW64; rv:12.0) Gecko/20100101 Firefox/12.0"
93.218.238.191 - - [02/May/2012:09:18:11 +0200] "GET /css/groeger.css HTTP/1.1" 304 - "http://www.groeger-bauaufzuege.de/" "Mozilla/5.0 (Windows NT 6.1; WOW64; rv:12.0) Gecko/20100101 Firefox/12.0"
93.218.238.191 - - [02/May/2012:09:18:11 +0200] "GET /jquery-1.4.3.min.js HTTP/1.1" 304 - "http://www.groeger-bauaufzuege.de/" "Mozilla/5.0 (Windows NT 6.1; WOW64; rv:12.0) Gecko/20100101 Firefox/12.0"
93.218.238.191 - - [02/May/2012:09:18:11 +0200] "GET /fancybox/jquery.fancybox-1.3.4.pack.js HTTP/1.1" 304 - "http://www.groeger-bauaufzuege.de/" "Mozilla/5.0 (Windows NT 6.1; WOW64; rv:12.0) Gecko/20100101 Firefox/12.0"
93.218.238.191 - - [02/May/2012:09:18:11 +0200] "GET /fancybox/jquery.fancybox-1.3.4.css HTTP/1.1" 304 - "http://www.groeger-bauaufzuege.de/" "Mozilla/5.0 (Windows NT 6.1; WOW64; rv:12.0) Gecko/20100101 Firefox/12.0"
93.218.238.191 - - [02/May/2012:09:18:11 +0200] "GET /img/groeger_web.jpg HTTP/1.1" 304 - "http://www.groeger-bauaufzuege.de/css/groeger.css" "Mozilla/5.0 (Windows NT 6.1; WOW64; rv:12.0) Gecko/20100101 Firefox/12.0"
93.218.238.191 - - [02/May/2012:09:18:13 +0200] "GET /verkauf.php HTTP/1.1" 200 6085 "http://www.groeger-bauaufzuege.de/" "Mozilla/5.0 (Windows NT 6.1; WOW64; rv:12.0) Gecko/20100101 Firefox/12.0"
80.153.114.160 - - [02/May/2012:12:07:10 +0200] "GET / HTTP/1.1" 200 6276 "http://www.google.de/url?sa=t&rct=j&q=groeger%20bauaufz%C3%BCge&source=web&cd=1&sqi=2&ved=0CG8QFjAA&url=http%3A%2F%2Fwww.groeger-bauaufzuege.de%2F&ei=PwehT6TqIZOO4gTR64m0CQ&usg=AFQjCNFBXgtaJQ5GEULKJBrc_pmJTjvlmQ&cad=rja" "Mozilla/5.0 (Windows NT 6.0; rv:12.0) Gecko/20100101 Firefox/12.0"
80.153.114.160 - - [02/May/2012:12:07:11 +0200] "GET /css/groeger.css HTTP/1.1" 304 - "http://www.groeger-bauaufzuege.de/" "Mozilla/5.0 (Windows NT 6.0; rv:12.0) Gecko/20100101 Firefox/12.0"
80.153.114.160 - - [02/May/2012:12:07:11 +0200] "GET /img/groeger_web.jpg HTTP/1.1" 304 - "http://www.groeger-bauaufzuege.de/css/groeger.css" "Mozilla/5.0 (Windows NT 6.0; rv:12.0) Gecko/20100101 Firefox/12.0"
80.153.114.160 - - [02/May/2012:12:07:13 +0200] "GET /impressum.php HTTP/1.1" 200 7421 "http://www.groeger-bauaufzuege.de/" "Mozilla/5.0 (Windows NT 6.0; rv:12.0) Gecko/20100101 Firefox/12.0"
80.153.114.160 - - [02/May/2012:12:10:56 +0200] "GET /leistungen.php HTTP/1.1" 200 6987 "http://www.groeger-bauaufzuege.de/impressum.php" "Mozilla/5.0 (Windows NT 6.0; rv:12.0) Gecko/20100101 Firefox/12.0"
80.153.114.160 - - [02/May/2012:12:11:03 +0200] "GET /vermietung.php HTTP/1.1" 200 6164 "http://www.groeger-bauaufzuege.de/leistungen.php" "Mozilla/5.0 (Windows NT 6.0; rv:12.0) Gecko/20100101 Firefox/12.0"
207.46.199.47 - - [02/May/2012:13:30:10 +0200] "GET /robots.txt HTTP/1.1" 404 - "-" "Mozilla/5.0 (compatible; bingbot/2.0; +http://www.bing.com/bingbot.htm)"
207.46.199.47 - - [02/May/2012:13:30:48 +0200] "GET / HTTP/1.1" 200 6276 "-" "Mozilla/5.0 (compatible; bingbot/2.0; +http://www.bing.com/bingbot.htm)"
94.23.225.68 - - [02/May/2012:13:37:25 +0200] "GET /unternehmen.php HTTP/1.1" 200 6705 "-" "Mozilla/5.0 (X11; Linux i686; rv:6.0) Gecko/20100101 Firefox/6.0"
65.52.104.27 - - [02/May/2012:13:43:18 +0200] "GET /unternehmen.php HTTP/1.1" 200 6705 "-" "Mozilla/5.0 (compatible; bingbot/2.0; +http://www.bing.com/bingbot.htm)"
65.52.104.27 - - [02/May/2012:14:19:18 +0200] "GET /unternehmen.php HTTP/1.1" 200 6705 "-" "Mozilla/5.0 (compatible; bingbot/2.0; +http://www.bing.com/bingbot.htm)"
176.31.244.198 - - [02/May/2012:14:29:05 +0200] "GET /kontakt.php HTTP/1.1" 200 6512 "-" "Mozilla/5.0 (X11; Linux i686; rv:6.0) Gecko/20100101 Firefox/6.0"
222.64.71.43 - - [02/May/2012:17:45:14 +0200] "GET / HTTP/1.1" 200 6276 "-" "Mozilla/4.0 (Windows; U; Windows NT 5.1; zh-TW; rv:1.9.0.11)"
222.64.71.43 - - [02/May/2012:17:49:12 +0200] "GET /index.php HTTP/1.1" 200 6276 "-" "Mozilla/4.0 (Windows; U; Windows NT 5.1; zh-TW; rv:1.9.0.11)"
222.64.71.43 - - [02/May/2012:17:49:12 +0200] "GET /aktuelles.php HTTP/1.1" 200 7901 "-" "Mozilla/4.0 (Windows; U; Windows NT 5.1; zh-TW; rv:1.9.0.11)"
222.64.71.43 - - [02/May/2012:17:49:12 +0200] "GET /leistungen.php HTTP/1.1" 200 6987 "-" "Mozilla/4.0 (Windows; U; Windows NT 5.1; zh-TW; rv:1.9.0.11)"
222.64.71.43 - - [02/May/2012:17:49:12 +0200] "GET /verkauf.php HTTP/1.1" 200 6085 "-" "Mozilla/4.0 (Windows; U; Windows NT 5.1; zh-TW; rv:1.9.0.11)"
222.64.71.43 - - [02/May/2012:17:49:13 +0200] "GET /vermietung.php HTTP/1.1" 200 6164 "-" "Mozilla/4.0 (Windows; U; Windows NT 5.1; zh-TW; rv:1.9.0.11)"
222.64.71.43 - - [02/May/2012:17:49:13 +0200] "GET /gebrauchtmaschinen.php HTTP/1.1" 200 5660 "-" "Mozilla/4.0 (Windows; U; Windows NT 5.1; zh-TW; rv:1.9.0.11)"
222.64.71.43 - - [02/May/2012:17:49:13 +0200] "GET /unternehmen.php HTTP/1.1" 200 6705 "-" "Mozilla/4.0 (Windows; U; Windows NT 5.1; zh-TW; rv:1.9.0.11)"
222.64.71.43 - - [02/May/2012:17:49:13 +0200] "GET /kontakt.php HTTP/1.1" 200 6512 "-" "Mozilla/4.0 (Windows; U; Windows NT 5.1; zh-TW; rv:1.9.0.11)"
222.64.71.43 - - [02/May/2012:17:49:13 +0200] "GET /angebote.php HTTP/1.1" 200 9017 "-" "Mozilla/4.0 (Windows; U; Windows NT 5.1; zh-TW; rv:1.9.0.11)"
222.64.71.43 - - [02/May/2012:17:49:16 +0200] "GET /impressum.php HTTP/1.1" 200 7421 "-" "Mozilla/4.0 (Windows; U; Windows NT 5.1; zh-TW; rv:1.9.0.11)"
84.191.126.78 - - [02/May/2012:18:57:27 +0200] "GET /leistungen.php HTTP/1.1" 200 6987 "http://www.google.de/url?sa=t&rct=j&q=&esrc=s&source=web&cd=23&ved=0CGAQFjACOBQ&url=http%3A%2F%2Fwww.groeger-bauaufzuege.de%2Fleistungen.php&ei=TGehT9W-A-n04QTxkMWdCQ&usg=AFQjCNE2dDyc-sYyvCgBIIGkeF6NZXuZRw&sig2=8iZuRifBB7z9qSc73pal-w" "Mozilla/5.0 (Windows NT 6.1; WOW64; rv:11.0) Gecko/20100101 Firefox/11.0"
84.191.126.78 - - [02/May/2012:18:57:27 +0200] "GET /css/groeger.css HTTP/1.1" 200 5198 "http://www.groeger-bauaufzuege.de/leistungen.php" "Mozilla/5.0 (Windows NT 6.1; WOW64; rv:11.0) Gecko/20100101 Firefox/11.0"
84.191.126.78 - - [02/May/2012:18:57:28 +0200] "GET /swfobject.js HTTP/1.1" 200 6880 "http://www.groeger-bauaufzuege.de/leistungen.php" "Mozilla/5.0 (Windows NT 6.1; WOW64; rv:11.0) Gecko/20100101 Firefox/11.0"
84.191.126.78 - - [02/May/2012:18:57:28 +0200] "GET /jquery.cross-slide.js HTTP/1.1" 200 11724 "http://www.groeger-bauaufzuege.de/leistungen.php" "Mozilla/5.0 (Windows NT 6.1; WOW64; rv:11.0) Gecko/20100101 Firefox/11.0"
84.191.126.78 - - [02/May/2012:18:57:28 +0200] "GET /fancybox/jquery.fancybox-1.3.4.pack.js HTTP/1.1" 200 15624 "http://www.groeger-bauaufzuege.de/leistungen.php" "Mozilla/5.0 (Windows NT 6.1; WOW64; rv:11.0) Gecko/20100101 Firefox/11.0"
84.191.126.78 - - [02/May/2012:18:57:28 +0200] "GET /fancybox/jquery.fancybox-1.3.4.css HTTP/1.1" 200 8494 "http://www.groeger-bauaufzuege.de/leistungen.php" "Mozilla/5.0 (Windows NT 6.1; WOW64; rv:11.0) Gecko/20100101 Firefox/11.0"
84.191.126.78 - - [02/May/2012:18:57:29 +0200] "GET /img/logo_groeger.gif HTTP/1.1" 200 3605 "http://www.groeger-bauaufzuege.de/leistungen.php" "Mozilla/5.0 (Windows NT 6.1; WOW64; rv:11.0) Gecko/20100101 Firefox/11.0"
84.191.126.78 - - [02/May/2012:18:57:29 +0200] "GET /img/leist_geda_02.jpg HTTP/1.1" 200 9528 "http://www.groeger-bauaufzuege.de/leistungen.php" "Mozilla/5.0 (Windows NT 6.1; WOW64; rv:11.0) Gecko/20100101 Firefox/11.0"
84.191.126.78 - - [02/May/2012:18:57:30 +0200] "GET /img/favicon.gif HTTP/1.1" 200 119 "-" "Mozilla/5.0 (Windows NT 6.1; WOW64; rv:11.0) Gecko/20100101 Firefox/11.0"
84.191.126.78 - - [02/May/2012:18:57:29 +0200] "GET /img/bild_1.jpg HTTP/1.1" 200 44440 "http://www.groeger-bauaufzuege.de/leistungen.php" "Mozilla/5.0 (Windows NT 6.1; WOW64; rv:11.0) Gecko/20100101 Firefox/11.0"
84.191.126.78 - - [02/May/2012:18:57:28 +0200] "GET /jquery-1.4.3.min.js HTTP/1.1" 200 77746 "http://www.groeger-bauaufzuege.de/leistungen.php" "Mozilla/5.0 (Windows NT 6.1; WOW64; rv:11.0) Gecko/20100101 Firefox/11.0"
84.191.126.78 - - [02/May/2012:18:57:34 +0200] "GET /img/grauverlauf.png HTTP/1.1" 200 3242 "http://www.groeger-bauaufzuege.de/css/groeger.css" "Mozilla/5.0 (Windows NT 6.1; WOW64; rv:11.0) Gecko/20100101 Firefox/11.0"
84.191.126.78 - - [02/May/2012:18:57:34 +0200] "GET /img/bild_2.jpg HTTP/1.1" 200 53191 "http://www.groeger-bauaufzuege.de/leistungen.php" "Mozilla/5.0 (Windows NT 6.1; WOW64; rv:11.0) Gecko/20100101 Firefox/11.0"
84.191.126.78 - - [02/May/2012:18:57:34 +0200] "GET /img/bild_4.jpg HTTP/1.1" 200 45325 "http://www.groeger-bauaufzuege.de/leistungen.php" "Mozilla/5.0 (Windows NT 6.1; WOW64; rv:11.0) Gecko/20100101 Firefox/11.0"
84.191.126.78 - - [02/May/2012:18:57:34 +0200] "GET /img/bild_3.jpg HTTP/1.1" 200 57915 "http://www.groeger-bauaufzuege.de/leistungen.php" "Mozilla/5.0 (Windows NT 6.1; WOW64; rv:11.0) Gecko/20100101 Firefox/11.0"
84.189.76.156 - - [02/May/2012:21:02:59 +0200] "GET /leistungen.php HTTP/1.1" 200 6987 "http://www.google.de/url?sa=t&rct=j&q=gr%C3%B6ger%20schr%C3%A4gaufzug&source=web&cd=2&ved=0CDUQFjAB&url=http%3A%2F%2Fwww.groeger-bauaufzuege.de%2Fleistungen.php&ei=z4ShT-2GNIbMtAbvmKStBw&usg=AFQjCNE2dDyc-sYyvCgBIIGkeF6NZXuZRw" "Mozilla/5.0 (Windows NT 6.1; WOW64; rv:12.0) Gecko/20100101 Firefox/12.0"
84.189.76.156 - - [02/May/2012:21:02:59 +0200] "GET /css/groeger.css HTTP/1.1" 200 5198 "http://www.groeger-bauaufzuege.de/leistungen.php" "Mozilla/5.0 (Windows NT 6.1; WOW64; rv:12.0) Gecko/20100101 Firefox/12.0"
84.189.76.156 - - [02/May/2012:21:02:59 +0200] "GET /swfobject.js HTTP/1.1" 200 6880 "http://www.groeger-bauaufzuege.de/leistungen.php" "Mozilla/5.0 (Windows NT 6.1; WOW64; rv:12.0) Gecko/20100101 Firefox/12.0"
84.189.76.156 - - [02/May/2012:21:02:59 +0200] "GET /jquery.cross-slide.js HTTP/1.1" 200 11724 "http://www.groeger-bauaufzuege.de/leistungen.php" "Mozilla/5.0 (Windows NT 6.1; WOW64; rv:12.0) Gecko/20100101 Firefox/12.0"
84.189.76.156 - - [02/May/2012:21:02:59 +0200] "GET /fancybox/jquery.fancybox-1.3.4.pack.js HTTP/1.1" 200 15624 "http://www.groeger-bauaufzuege.de/leistungen.php" "Mozilla/5.0 (Windows NT 6.1; WOW64; rv:12.0) Gecko/20100101 Firefox/12.0"
84.189.76.156 - - [02/May/2012:21:02:59 +0200] "GET /fancybox/jquery.fancybox-1.3.4.css HTTP/1.1" 200 8494 "http://www.groeger-bauaufzuege.de/leistungen.php" "Mozilla/5.0 (Windows NT 6.1; WOW64; rv:12.0) Gecko/20100101 Firefox/12.0"
84.189.76.156 - - [02/May/2012:21:02:59 +0200] "GET /img/logo_groeger.gif HTTP/1.1" 200 3605 "http://www.groeger-bauaufzuege.de/leistungen.php" "Mozilla/5.0 (Windows NT 6.1; WOW64; rv:12.0) Gecko/20100101 Firefox/12.0"
84.189.76.156 - - [02/May/2012:21:03:00 +0200] "GET /img/bild_1.jpg HTTP/1.1" 200 44440 "http://www.groeger-bauaufzuege.de/leistungen.php" "Mozilla/5.0 (Windows NT 6.1; WOW64; rv:12.0) Gecko/20100101 Firefox/12.0"
84.189.76.156 - - [02/May/2012:21:03:00 +0200] "GET /img/leist_geda_02.jpg HTTP/1.1" 200 9528 "http://www.groeger-bauaufzuege.de/leistungen.php" "Mozilla/5.0 (Windows NT 6.1; WOW64; rv:12.0) Gecko/20100101 Firefox/12.0"
84.189.76.156 - - [02/May/2012:21:03:00 +0200] "GET /img/favicon.gif HTTP/1.1" 200 119 "-" "Mozilla/5.0 (Windows NT 6.1; WOW64; rv:12.0) Gecko/20100101 Firefox/12.0"
84.189.76.156 - - [02/May/2012:21:02:59 +0200] "GET /jquery-1.4.3.min.js HTTP/1.1" 200 77746 "http://www.groeger-bauaufzuege.de/leistungen.php" "Mozilla/5.0 (Windows NT 6.1; WOW64; rv:12.0) Gecko/20100101 Firefox/12.0"
84.189.76.156 - - [02/May/2012:21:03:00 +0200] "GET /img/grauverlauf.png HTTP/1.1" 200 3242 "http://www.groeger-bauaufzuege.de/css/groeger.css" "Mozilla/5.0 (Windows NT 6.1; WOW64; rv:12.0) Gecko/20100101 Firefox/12.0"
84.189.76.156 - - [02/May/2012:21:03:00 +0200] "GET /img/bild_2.jpg HTTP/1.1" 200 53191 "http://www.groeger-bauaufzuege.de/leistungen.php" "Mozilla/5.0 (Windows NT 6.1; WOW64; rv:12.0) Gecko/20100101 Firefox/12.0"
84.189.76.156 - - [02/May/2012:21:03:00 +0200] "GET /img/bild_3.jpg HTTP/1.1" 200 57915 "http://www.groeger-bauaufzuege.de/leistungen.php" "Mozilla/5.0 (Windows NT 6.1; WOW64; rv:12.0) Gecko/20100101 Firefox/12.0"
84.189.76.156 - - [02/May/2012:21:03:00 +0200] "GET /img/bild_4.jpg HTTP/1.1" 200 45325 "http://www.groeger-bauaufzuege.de/leistungen.php" "Mozilla/5.0 (Windows NT 6.1; WOW64; rv:12.0) Gecko/20100101 Firefox/12.0"
84.189.76.156 - - [02/May/2012:21:03:10 +0200] "GET /verkauf.php HTTP/1.1" 200 6085 "http://www.groeger-bauaufzuege.de/leistungen.php" "Mozilla/5.0 (Windows NT 6.1; WOW64; rv:12.0) Gecko/20100101 Firefox/12.0"
84.189.76.156 - - [02/May/2012:21:03:11 +0200] "GET /img/logo_geda.gif HTTP/1.1" 200 4337 "http://www.groeger-bauaufzuege.de/verkauf.php" "Mozilla/5.0 (Windows NT 6.1; WOW64; rv:12.0) Gecko/20100101 Firefox/12.0"
84.189.76.156 - - [02/May/2012:21:03:11 +0200] "GET /img/logo_boecker.gif HTTP/1.1" 200 2974 "http://www.groeger-bauaufzuege.de/verkauf.php" "Mozilla/5.0 (Windows NT 6.1; WOW64; rv:12.0) Gecko/20100101 Firefox/12.0"
84.189.76.156 - - [02/May/2012:21:03:11 +0200] "GET /img/logo_steinbach.jpg HTTP/1.1" 200 9601 "http://www.groeger-bauaufzuege.de/verkauf.php" "Mozilla/5.0 (Windows NT 6.1; WOW64; rv:12.0) Gecko/20100101 Firefox/12.0"
84.189.76.156 - - [02/May/2012:21:04:52 +0200] "GET /unternehmen.php HTTP/1.1" 200 6705 "http://www.groeger-bauaufzuege.de/verkauf.php" "Mozilla/5.0 (Windows NT 6.1; WOW64; rv:12.0) Gecko/20100101 Firefox/12.0"
84.189.76.156 - - [02/May/2012:21:04:53 +0200] "GET /img/groeger_web.jpg HTTP/1.1" 200 10877 "http://www.groeger-bauaufzuege.de/css/groeger.css" "Mozilla/5.0 (Windows NT 6.1; WOW64; rv:12.0) Gecko/20100101 Firefox/12.0"
66.249.72.183 - - [02/May/2012:23:20:12 +0200] "GET /robots.txt HTTP/1.1" 404 - "-" "Mozilla/5.0 (compatible; Googlebot/2.1; +http://www.google.com/bot.html)"
66.249.72.183 - - [02/May/2012:23:20:12 +0200] "GET /verkauf.php HTTP/1.1" 200 6085 "-" "Mozilla/5.0 (iPhone; U; CPU iPhone OS 4_1 like Mac OS X; en-us) AppleWebKit/532.9 (KHTML, like Gecko) Version/4.0.5 Mobile/8B117 Safari/6531.22.7 (compatible; Googlebot-Mobile/2.1; +http://www.google.com/bot.html)"
208.115.113.89 - - [03/May/2012:01:25:41 +0200] "GET /robots.txt HTTP/1.1" 404 - "-" "Mozilla/5.0 (compatible; Ezooms/1.0; ezooms.bot@gmail.com)"
66.249.72.183 - - [03/May/2012:01:45:39 +0200] "GET /download/Newsletter-Groeger-Dachdecker-2011-04.pdf HTTP/1.1" 200 248596 "-" "Googlebot/2.1 (+http://www.google.com/bot.html)"
208.115.113.89 - - [03/May/2012:02:58:37 +0200] "GET /unternehmen.php HTTP/1.1" 200 6705 "-" "Mozilla/5.0 (compatible; Ezooms/1.0; ezooms.bot@gmail.com)"
157.55.112.219 - - [03/May/2012:05:40:14 +0200] "GET / HTTP/1.1" 200 6276 "-" "Mozilla/4.0 (compatible; MSIE 7.0; Windows NT 5.2; SLCC1; .NET CLR 1.1.4322; .NET CLR 2.0.40607; .NET CLR 3.0.04506.648)"
157.55.112.219 - - [03/May/2012:05:40:17 +0200] "GET /css/groeger.css HTTP/1.1" 200 5198 "http://www.groeger-bauaufzuege.de/" "Mozilla/4.0 (compatible; MSIE 7.0; Windows NT 5.2; SLCC1; .NET CLR 1.1.4322; .NET CLR 2.0.40607; .NET CLR 3.0.04506.648)"
157.55.112.219 - - [03/May/2012:05:40:17 +0200] "GET /swfobject.js HTTP/1.1" 200 6880 "http://www.groeger-bauaufzuege.de/" "Mozilla/4.0 (compatible; MSIE 7.0; Windows NT 5.2; SLCC1; .NET CLR 1.1.4322; .NET CLR 2.0.40607; .NET CLR 3.0.04506.648)"
157.55.112.219 - - [03/May/2012:05:40:18 +0200] "GET /jquery-1.4.3.min.js HTTP/1.1" 200 77746 "http://www.groeger-bauaufzuege.de/" "Mozilla/4.0 (compatible; MSIE 7.0; Windows NT 5.2; SLCC1; .NET CLR 1.1.4322; .NET CLR 2.0.40607; .NET CLR 3.0.04506.648)"
157.55.112.219 - - [03/May/2012:05:40:22 +0200] "GET /jquery.cross-slide.js HTTP/1.1" 200 11724 "http://www.groeger-bauaufzuege.de/" "Mozilla/4.0 (compatible; MSIE 7.0; Windows NT 5.2; SLCC1; .NET CLR 1.1.4322; .NET CLR 2.0.40607; .NET CLR 3.0.04506.648)"
84.189.61.76 - - [03/May/2012:08:50:10 +0200] "GET / HTTP/1.1" 200 6276 "http://www.google.de/url?sa=t&rct=j&q=groeger%20bauaufz%C3%BCge&source=web&cd=1&ved=0CHMQFjAA&url=http%3A%2F%2Fwww.groeger-bauaufzuege.de%2F&ei=hyqiT-2tBcmD4gS0tOXKCA&usg=AFQjCNFBXgtaJQ5GEULKJBrc_pmJTjvlmQ" "Mozilla/5.0 (compatible; MSIE 9.0; Windows NT 6.1; Win64; x64; Trident/5.0)"
84.189.61.76 - - [03/May/2012:08:50:10 +0200] "GET /css/groeger.css HTTP/1.1" 304 - "http://www.groeger-bauaufzuege.de/" "Mozilla/5.0 (compatible; MSIE 9.0; Windows NT 6.1; Win64; x64; Trident/5.0)"
84.189.61.76 - - [03/May/2012:08:50:10 +0200] "GET /img/logo_groeger.gif HTTP/1.1" 200 3605 "http://www.groeger-bauaufzuege.de/" "Mozilla/5.0 (compatible; MSIE 9.0; Windows NT 6.1; Win64; x64; Trident/5.0)"
84.189.61.76 - - [03/May/2012:08:50:10 +0200] "GET /img/pfeil.png HTTP/1.1" 200 840 "http://www.groeger-bauaufzuege.de/" "Mozilla/5.0 (compatible; MSIE 9.0; Windows NT 6.1; Win64; x64; Trident/5.0)"
84.189.61.76 - - [03/May/2012:08:50:11 +0200] "GET /img/groeger_web.jpg HTTP/1.1" 200 10877 "http://www.groeger-bauaufzuege.de/" "Mozilla/5.0 (compatible; MSIE 9.0; Windows NT 6.1; Win64; x64; Trident/5.0)"
84.189.61.76 - - [03/May/2012:08:50:11 +0200] "GET /img/grauverlauf.png HTTP/1.1" 200 3242 "http://www.groeger-bauaufzuege.de/" "Mozilla/5.0 (compatible; MSIE 9.0; Windows NT 6.1; Win64; x64; Trident/5.0)"
84.189.61.76 - - [03/May/2012:08:50:10 +0200] "GET /img/bild_1.jpg HTTP/1.1" 200 44440 "http://www.groeger-bauaufzuege.de/" "Mozilla/5.0 (compatible; MSIE 9.0; Windows NT 6.1; Win64; x64; Trident/5.0)"
84.189.61.76 - - [03/May/2012:08:50:11 +0200] "GET /fancybox/fancybox-x.png HTTP/1.1" 200 203 "http://www.groeger-bauaufzuege.de/" "Mozilla/5.0 (compatible; MSIE 9.0; Windows NT 6.1; Win64; x64; Trident/5.0)"
84.189.61.76 - - [03/May/2012:08:50:11 +0200] "GET /fancybox/fancybox.png HTTP/1.1" 200 15287 "http://www.groeger-bauaufzuege.de/" "Mozilla/5.0 (compatible; MSIE 9.0; Windows NT 6.1; Win64; x64; Trident/5.0)"
84.189.61.76 - - [03/May/2012:08:50:11 +0200] "GET /fancybox/fancybox-y.png HTTP/1.1" 200 176 "http://www.groeger-bauaufzuege.de/" "Mozilla/5.0 (compatible; MSIE 9.0; Windows NT 6.1; Win64; x64; Trident/5.0)"
84.189.61.76 - - [03/May/2012:08:50:11 +0200] "GET /fancybox/blank.gif HTTP/1.1" 200 43 "http://www.groeger-bauaufzuege.de/" "Mozilla/5.0 (compatible; MSIE 9.0; Windows NT 6.1; Win64; x64; Trident/5.0)"
84.189.61.76 - - [03/May/2012:08:50:11 +0200] "GET /img/bild_2.jpg HTTP/1.1" 200 53191 "http://www.groeger-bauaufzuege.de/" "Mozilla/5.0 (compatible; MSIE 9.0; Windows NT 6.1; Win64; x64; Trident/5.0)"
84.189.61.76 - - [03/May/2012:08:50:11 +0200] "GET /img/favicon.gif HTTP/1.1" 200 119 "-" "Mozilla/5.0 (compatible; MSIE 9.0; Windows NT 6.1; Win64; x64; Trident/5.0)"
84.189.61.76 - - [03/May/2012:08:50:11 +0200] "GET /img/bild_3.jpg HTTP/1.1" 200 57915 "http://www.groeger-bauaufzuege.de/" "Mozilla/5.0 (compatible; MSIE 9.0; Windows NT 6.1; Win64; x64; Trident/5.0)"
84.189.61.76 - - [03/May/2012:08:50:11 +0200] "GET /img/bild_4.jpg HTTP/1.1" 200 45325 "http://www.groeger-bauaufzuege.de/" "Mozilla/5.0 (compatible; MSIE 9.0; Windows NT 6.1; Win64; x64; Trident/5.0)"
84.189.61.76 - - [03/May/2012:08:50:15 +0200] "GET /kontakt.php HTTP/1.1" 200 6512 "http://www.groeger-bauaufzuege.de/" "Mozilla/5.0 (compatible; MSIE 9.0; Windows NT 6.1; Win64; x64; Trident/5.0)"
84.189.61.76 - - [03/May/2012:08:50:15 +0200] "GET /img/favicon.gif HTTP/1.1" 200 119 "-" "Mozilla/5.0 (compatible; MSIE 9.0; Windows NT 6.1; Win64; x64; Trident/5.0)"
208.115.111.73 - - [03/May/2012:12:10:30 +0200] "GET /robots.txt HTTP/1.1" 404 - "-" "Mozilla/5.0 (compatible; Ezooms/1.0; ezooms.bot@gmail.com)"
208.115.111.73 - - [03/May/2012:12:36:00 +0200] "GET / HTTP/1.1" 200 6276 "-" "Mozilla/5.0 (compatible; Ezooms/1.0; ezooms.bot@gmail.com)"
91.113.30.32 - - [03/May/2012:12:45:46 +0200] "GET /download/Lift_D.pdf HTTP/1.1" 200 1133500 "http://www.google.at/url?sa=t&rct=j&q=02877%20278&source=web&cd=2&ved=0CCYQFjAB&url=http%3A%2F%2Fwww.groeger-bauaufzuege.de%2Fdownload%2FLift_D.pdf&ei=vGGiT7CvAc3jtQbltIHlBw&usg=AFQjCNGK2GJUxkLKVCzJJIW0ZS6ZnCLtug" "Mozilla/4.0 (compatible; MSIE 8.0; Windows NT 5.1; Trident/4.0; .NET CLR 2.0.50727; .NET CLR 3.0.4506.2152; .NET CLR 3.5.30729; .NET4.0C; .NET4.0E)"
66.249.71.26 - - [03/May/2012:13:01:11 +0200] "GET /robots.txt HTTP/1.1" 404 - "-" "Mozilla/5.0 (compatible; Googlebot/2.1; +http://www.google.com/bot.html)"
66.249.71.26 - - [03/May/2012:13:01:11 +0200] "GET /vermietung.php HTTP/1.1" 200 6164 "-" "Mozilla/5.0 (iPhone; U; CPU iPhone OS 4_1 like Mac OS X; en-us) AppleWebKit/532.9 (KHTML, like Gecko) Version/4.0.5 Mobile/8B117 Safari/6531.22.7 (compatible; Googlebot-Mobile/2.1; +http://www.google.com/bot.html)"
193.47.80.42 - - [03/May/2012:14:21:49 +0200] "GET /robots.txt HTTP/1.1" 404 - "-" "Mozilla/5.0 (compatible; Exabot/3.0; +http://www.exabot.com/go/robot)"
193.47.80.42 - - [03/May/2012:14:21:49 +0200] "GET /index.php HTTP/1.1" 200 6276 "-" "Mozilla/5.0 (compatible; Exabot/3.0; +http://www.exabot.com/go/robot)"
94.23.225.68 - - [03/May/2012:15:10:43 +0200] "GET /kontakt.php HTTP/1.1" 200 6512 "-" "Mozilla/5.0 (X11; Linux i686; rv:6.0) Gecko/20100101 Firefox/6.0"
50.19.194.219 - - [03/May/2012:19:43:28 +0200] "GET / HTTP/1.0" 200 6276 "-" "Mozilla/5.0 (compatible; NetcraftSurveyAgent/1.0; +info@netcraft.com)"
157.55.16.229 - - [03/May/2012:21:55:11 +0200] "GET /robots.txt HTTP/1.1" 404 - "-" "Mozilla/5.0 (compatible; bingbot/2.0; +http://www.bing.com/bingbot.htm)"
157.55.16.229 - - [03/May/2012:21:55:50 +0200] "GET /index.php HTTP/1.1" 200 6276 "-" "Mozilla/5.0 (compatible; bingbot/2.0; +http://www.bing.com/bingbot.htm)"
207.46.13.100 - - [03/May/2012:21:56:51 +0200] "GET /verkauf.php HTTP/1.1" 200 6085 "-" "Mozilla/5.0 (compatible; bingbot/2.0; +http://www.bing.com/bingbot.htm)"
176.9.146.19 - - [03/May/2012:21:58:15 +0200] "GET /robots.txt HTTP/1.1" 404 - "-" "Mozilla/5.0 (compatible; SISTRIX Crawler; http://crawler.sistrix.net/)"
176.9.146.19 - - [03/May/2012:21:58:15 +0200] "GET / HTTP/1.1" 200 6276 "-" "Mozilla/5.0 (compatible; SISTRIX Crawler; http://crawler.sistrix.net/)"
176.9.146.19 - - [03/May/2012:21:58:15 +0200] "GET /unternehmen.php HTTP/1.1" 200 6705 "-" "Mozilla/5.0 (compatible; SISTRIX Crawler; http://crawler.sistrix.net/)"
176.9.146.19 - - [03/May/2012:21:58:16 +0200] "GET /leistungen.php HTTP/1.1" 200 6987 "-" "Mozilla/5.0 (compatible; SISTRIX Crawler; http://crawler.sistrix.net/)"
176.9.146.19 - - [03/May/2012:21:58:16 +0200] "GET /angebote.php HTTP/1.1" 200 9017 "-" "Mozilla/5.0 (compatible; SISTRIX Crawler; http://crawler.sistrix.net/)"
176.9.146.19 - - [03/May/2012:21:58:16 +0200] "GET /aktuelles.php HTTP/1.1" 200 7901 "-" "Mozilla/5.0 (compatible; SISTRIX Crawler; http://crawler.sistrix.net/)"
176.9.146.19 - - [03/May/2012:21:58:16 +0200] "GET /impressum.php HTTP/1.1" 200 7421 "-" "Mozilla/5.0 (compatible; SISTRIX Crawler; http://crawler.sistrix.net/)"
176.9.146.19 - - [03/May/2012:21:58:16 +0200] "GET /verkauf.php HTTP/1.1" 200 6085 "-" "Mozilla/5.0 (compatible; SISTRIX Crawler; http://crawler.sistrix.net/)"
176.9.146.19 - - [03/May/2012:21:58:16 +0200] "GET /gebrauchtmaschinen.php HTTP/1.1" 200 5660 "-" "Mozilla/5.0 (compatible; SISTRIX Crawler; http://crawler.sistrix.net/)"
176.9.146.19 - - [03/May/2012:21:58:16 +0200] "GET /index.php HTTP/1.1" 200 6276 "-" "Mozilla/5.0 (compatible; SISTRIX Crawler; http://crawler.sistrix.net/)"
176.9.146.19 - - [03/May/2012:21:58:17 +0200] "GET /kontakt.php HTTP/1.1" 200 6512 "-" "Mozilla/5.0 (compatible; SISTRIX Crawler; http://crawler.sistrix.net/)"
176.9.146.19 - - [03/May/2012:21:58:17 +0200] "GET /vermietung.php HTTP/1.1" 200 6164 "-" "Mozilla/5.0 (compatible; SISTRIX Crawler; http://crawler.sistrix.net/)"
176.9.146.19 - - [03/May/2012:21:58:17 +0200] "GET /javascript; HTTP/1.1" 404 - "-" "Mozilla/5.0 (compatible; SISTRIX Crawler; http://crawler.sistrix.net/)"
208.115.113.89 - - [04/May/2012:06:44:59 +0200] "GET /robots.txt HTTP/1.1" 404 - "-" "Mozilla/5.0 (compatible; Ezooms/1.0; ezooms.bot@gmail.com)"
208.115.113.89 - - [04/May/2012:08:19:59 +0200] "GET /vermietung.php HTTP/1.1" 200 6164 "-" "Mozilla/5.0 (compatible; Ezooms/1.0; ezooms.bot@gmail.com)"
66.249.66.218 - - [04/May/2012:12:39:11 +0200] "GET /robots.txt HTTP/1.1" 404 - "-" "Mozilla/5.0 (compatible; Googlebot/2.1; +http://www.google.com/bot.html)"
66.249.71.26 - - [04/May/2012:12:39:12 +0200] "GET /download/Newsletter_Groeger_11-06_Innung.pdf HTTP/1.1" 200 422119 "-" "Mozilla/5.0 (compatible; Googlebot/2.1; +http://www.google.com/bot.html)"
95.108.128.242 - - [04/May/2012:12:53:54 +0200] "GET /robots.txt HTTP/1.1" 404 - "-" "Mozilla/5.0 (compatible; YandexBot/3.0; +http://yandex.com/bots)"
65.52.104.27 - - [04/May/2012:13:52:18 +0200] "GET /robots.txt HTTP/1.1" 404 - "-" "Mozilla/5.0 (compatible; bingbot/2.0; +http://www.bing.com/bingbot.htm)"
65.52.104.27 - - [04/May/2012:13:52:58 +0200] "GET /download/Newsletter_Groeger_11-06_Innung.pdf HTTP/1.1" 200 422119 "-" "Mozilla/5.0 (compatible; bingbot/2.0; +http://www.bing.com/bingbot.htm)"
79.233.40.111 - - [04/May/2012:14:35:36 +0200] "GET /download/Lift_D.pdf HTTP/1.1" 200 1133500 "http://int.search-results.com/web?q=Geda%20Liftbox&o=15527&l=dis&prt=NIS&chn=retail&geo=DE&ver=19" "Mozilla/5.0 (compatible; MSIE 9.0; Windows NT 6.1; WOW64; Trident/5.0)"
95.108.151.244 - - [04/May/2012:15:51:33 +0200] "GET /robots.txt HTTP/1.1" 404 - "-" "Mozilla/5.0 (compatible; YandexBot/3.0; +http://yandex.com/bots)"
95.108.151.244 - - [04/May/2012:15:51:34 +0200] "GET / HTTP/1.1" 200 6276 "-" "Mozilla/5.0 (compatible; YandexBot/3.0; +http://yandex.com/bots)"
95.108.151.244 - - [04/May/2012:15:51:35 +0200] "GET / HTTP/1.1" 200 6276 "-" "Mozilla/5.0 (compatible; YandexBot/3.0; +http://yandex.com/bots)"
66.249.66.218 - - [04/May/2012:17:04:26 +0200] "GET /download/Lift_D.pdf HTTP/1.1" 304 - "-" "Mozilla/5.0 (iPhone; U; CPU iPhone OS 4_1 like Mac OS X; en-us) AppleWebKit/532.9 (KHTML, like Gecko) Version/4.0.5 Mobile/8B117 Safari/6531.22.7 (compatible; Googlebot-Mobile/2.1; +http://www.google.com/bot.html)"
66.249.66.218 - - [04/May/2012:19:41:34 +0200] "GET /download/Geda-Zubehoer.pdf HTTP/1.1" 200 1012959 "-" "Googlebot/2.1 (+http://www.google.com/bot.html)"
81.209.177.145 - - [04/May/2012:22:44:34 +0200] "GET /robots.txt HTTP/1.1" 404 - "-" "netEstate NE Crawler (+http://www.sengine.info/)"
81.209.177.145 - - [04/May/2012:22:44:44 +0200] "GET / HTTP/1.1" 200 6276 "-" "netEstate NE Crawler (+http://www.sengine.info/)"
81.209.177.95 - - [04/May/2012:22:44:56 +0200] "GET /kontakt.php HTTP/1.1" 200 6512 "-" "netEstate NE Crawler (+http://www.sengine.info/)"
81.209.177.202 - - [04/May/2012:22:45:08 +0200] "GET /aktuelles.php HTTP/1.1" 200 7901 "-" "netEstate NE Crawler (+http://www.sengine.info/)"
81.209.177.203 - - [04/May/2012:22:45:18 +0200] "GET /javascript HTTP/1.1" 404 - "-" "netEstate NE Crawler (+http://www.sengine.info/)"
81.209.177.145 - - [04/May/2012:22:45:28 +0200] "GET /verkauf.php HTTP/1.1" 200 6085 "-" "netEstate NE Crawler (+http://www.sengine.info/)"
81.209.177.203 - - [04/May/2012:22:45:40 +0200] "GET /angebote.php HTTP/1.1" 200 9017 "-" "netEstate NE Crawler (+http://www.sengine.info/)"
81.209.177.202 - - [04/May/2012:22:45:53 +0200] "GET /vermietung.php HTTP/1.1" 200 6164 "-" "netEstate NE Crawler (+http://www.sengine.info/)"
81.209.177.203 - - [04/May/2012:22:46:03 +0200] "GET /impressum.php HTTP/1.1" 200 7421 "-" "netEstate NE Crawler (+http://www.sengine.info/)"
81.209.177.203 - - [04/May/2012:22:46:15 +0200] "GET /unternehmen.php HTTP/1.1" 200 6705 "-" "netEstate NE Crawler (+http://www.sengine.info/)"
81.209.177.95 - - [04/May/2012:22:46:26 +0200] "GET /leistungen.php HTTP/1.1" 200 6987 "-" "netEstate NE Crawler (+http://www.sengine.info/)"
81.209.177.202 - - [04/May/2012:22:46:38 +0200] "GET /gebrauchtmaschinen.php HTTP/1.1" 200 5660 "-" "netEstate NE Crawler (+http://www.sengine.info/)"
81.209.177.201 - - [04/May/2012:22:46:48 +0200] "GET /index.php HTTP/1.1" 200 6276 "-" "netEstate NE Crawler (+http://www.sengine.info/)"
95.108.128.242 - - [04/May/2012:23:31:10 +0200] "GET / HTTP/1.1" 200 6276 "-" "Mozilla/5.0 (compatible; YandexBot/3.0; +http://yandex.com/bots)"
62.116.174.188 - - [04/May/2012:23:49:10 +0200] "GET / HTTP/1.1" 200 6276 "-" "Mozilla/4.0 (compatible; MSIE 6.0; Windows 98; Win 9x4.90)"
213.186.122.2 - - [05/May/2012:00:08:37 +0200] "GET /robots.txt HTTP/1.1" 404 - "-" "Mozilla/5.0 (compatible; AhrefsBot/3.0; +http://ahrefs.com/robot/)"
207.46.204.177 - - [05/May/2012:02:44:43 +0200] "GET /robots.txt HTTP/1.1" 404 - "-" "Mozilla/5.0 (compatible; bingbot/2.0; +http://www.bing.com/bingbot.htm)"
207.46.204.177 - - [05/May/2012:02:45:36 +0200] "GET /kontakt.php HTTP/1.1" 200 6512 "-" "Mozilla/5.0 (compatible; bingbot/2.0; +http://www.bing.com/bingbot.htm)"
74.52.245.146 - - [05/May/2012:03:16:05 +0200] "GET / HTTP/1.0" 200 6276 "-" "Mozilla/5.0 (X11; U; Linux i686; en-US; rv:1.7.5) Gecko/20041107 Firefox/1.0"
65.52.104.27 - - [05/May/2012:04:28:40 +0200] "GET /aktuelles.php HTTP/1.1" 200 7901 "-" "Mozilla/5.0 (compatible; bingbot/2.0; +http://www.bing.com/bingbot.htm)"
95.108.128.242 - - [05/May/2012:08:25:59 +0200] "GET /robots.txt HTTP/1.1" 404 - "-" "Mozilla/5.0 (compatible; YandexBot/3.0; +http://yandex.com/bots)"
66.249.66.218 - - [05/May/2012:10:47:24 +0200] "GET /robots.txt HTTP/1.1" 404 - "-" "Mozilla/5.0 (compatible; Googlebot/2.1; +http://www.google.com/bot.html)"
66.249.66.218 - - [05/May/2012:10:47:24 +0200] "GET / HTTP/1.1" 200 6276 "-" "Mozilla/5.0 (compatible; Googlebot/2.1; +http://www.google.com/bot.html)"
65.52.110.18 - - [05/May/2012:12:30:38 +0200] "GET /robots.txt HTTP/1.1" 404 - "-" "Mozilla/5.0 (compatible; bingbot/2.0; +http://www.bing.com/bingbot.htm)"
65.52.110.18 - - [05/May/2012:12:31:13 +0200] "GET /vermietung.php HTTP/1.1" 200 6164 "-" "Mozilla/5.0 (compatible; bingbot/2.0; +http://www.bing.com/bingbot.htm)"
66.249.66.218 - - [05/May/2012:15:18:19 +0200] "GET /download/Groeger-Newsletter-Dachdecker11.pdf HTTP/1.1" 304 - "-" "Mozilla/5.0 (iPhone; U; CPU iPhone OS 4_1 like Mac OS X; en-us) AppleWebKit/532.9 (KHTML, like Gecko) Version/4.0.5 Mobile/8B117 Safari/6531.22.7 (compatible; Googlebot-Mobile/2.1; +http://www.google.com/bot.html)"
207.46.199.47 - - [05/May/2012:17:03:51 +0200] "GET /robots.txt HTTP/1.1" 404 - "-" "Mozilla/5.0 (compatible; bingbot/2.0; +http://www.bing.com/bingbot.htm)"
207.46.199.47 - - [05/May/2012:17:04:47 +0200] "GET / HTTP/1.1" 200 6276 "-" "Mozilla/5.0 (compatible; bingbot/2.0; +http://www.bing.com/bingbot.htm)"
87.189.218.181 - - [05/May/2012:22:09:36 +0200] "GET / HTTP/1.1" 200 6276 "http://www.google.de/url?sa=t&rct=j&q=bauaufz%C3%BCge&source=web&cd=15&sqi=2&ved=0CNIBEBYwDg&url=http%3A%2F%2Fwww.groeger-bauaufzuege.de%2F&ei=ooelT67EB4PHsgbUrOChBQ&usg=AFQjCNFBXgtaJQ5GEULKJBrc_pmJTjvlmQ&cad=rjt" "Mozilla/4.0 (compatible; MSIE 8.0; Windows NT 5.1; Trident/4.0; .NET CLR 2.0.50727; .NET CLR 3.0.4506.2152; .NET CLR 3.5.30729; .NET4.0C; .NET4.0E; OfficeLiveConnector.1.5; OfficeLivePatch.1.3; AskTB5.6)"
87.189.218.181 - - [05/May/2012:22:09:37 +0200] "GET /swfobject.js HTTP/1.1" 200 6880 "http://www.groeger-bauaufzuege.de/" "Mozilla/4.0 (compatible; MSIE 8.0; Windows NT 5.1; Trident/4.0; .NET CLR 2.0.50727; .NET CLR 3.0.4506.2152; .NET CLR 3.5.30729; .NET4.0C; .NET4.0E; OfficeLiveConnector.1.5; OfficeLivePatch.1.3; AskTB5.6)"
87.189.218.181 - - [05/May/2012:22:09:37 +0200] "GET /css/groeger.css HTTP/1.1" 200 5198 "http://www.groeger-bauaufzuege.de/" "Mozilla/4.0 (compatible; MSIE 8.0; Windows NT 5.1; Trident/4.0; .NET CLR 2.0.50727; .NET CLR 3.0.4506.2152; .NET CLR 3.5.30729; .NET4.0C; .NET4.0E; OfficeLiveConnector.1.5; OfficeLivePatch.1.3; AskTB5.6)"
87.189.218.181 - - [05/May/2012:22:09:37 +0200] "GET /jquery-1.4.3.min.js HTTP/1.1" 200 77746 "http://www.groeger-bauaufzuege.de/" "Mozilla/4.0 (compatible; MSIE 8.0; Windows NT 5.1; Trident/4.0; .NET CLR 2.0.50727; .NET CLR 3.0.4506.2152; .NET CLR 3.5.30729; .NET4.0C; .NET4.0E; OfficeLiveConnector.1.5; OfficeLivePatch.1.3; AskTB5.6)"
87.189.218.181 - - [05/May/2012:22:09:38 +0200] "GET /jquery.cross-slide.js HTTP/1.1" 200 11724 "http://www.groeger-bauaufzuege.de/" "Mozilla/4.0 (compatible; MSIE 8.0; Windows NT 5.1; Trident/4.0; .NET CLR 2.0.50727; .NET CLR 3.0.4506.2152; .NET CLR 3.5.30729; .NET4.0C; .NET4.0E; OfficeLiveConnector.1.5; OfficeLivePatch.1.3; AskTB5.6)"
87.189.218.181 - - [05/May/2012:22:09:38 +0200] "GET /fancybox/jquery.fancybox-1.3.4.pack.js HTTP/1.1" 200 15624 "http://www.groeger-bauaufzuege.de/" "Mozilla/4.0 (compatible; MSIE 8.0; Windows NT 5.1; Trident/4.0; .NET CLR 2.0.50727; .NET CLR 3.0.4506.2152; .NET CLR 3.5.30729; .NET4.0C; .NET4.0E; OfficeLiveConnector.1.5; OfficeLivePatch.1.3; AskTB5.6)"
87.189.218.181 - - [05/May/2012:22:09:38 +0200] "GET /fancybox/jquery.fancybox-1.3.4.css HTTP/1.1" 200 8494 "http://www.groeger-bauaufzuege.de/" "Mozilla/4.0 (compatible; MSIE 8.0; Windows NT 5.1; Trident/4.0; .NET CLR 2.0.50727; .NET CLR 3.0.4506.2152; .NET CLR 3.5.30729; .NET4.0C; .NET4.0E; OfficeLiveConnector.1.5; OfficeLivePatch.1.3; AskTB5.6)"
87.189.218.181 - - [05/May/2012:22:09:38 +0200] "GET /img/logo_groeger.gif HTTP/1.1" 200 3605 "http://www.groeger-bauaufzuege.de/" "Mozilla/4.0 (compatible; MSIE 8.0; Windows NT 5.1; Trident/4.0; .NET CLR 2.0.50727; .NET CLR 3.0.4506.2152; .NET CLR 3.5.30729; .NET4.0C; .NET4.0E; OfficeLiveConnector.1.5; OfficeLivePatch.1.3; AskTB5.6)"
87.189.218.181 - - [05/May/2012:22:09:38 +0200] "GET /img/pfeil.png HTTP/1.1" 200 840 "http://www.groeger-bauaufzuege.de/" "Mozilla/4.0 (compatible; MSIE 8.0; Windows NT 5.1; Trident/4.0; .NET CLR 2.0.50727; .NET CLR 3.0.4506.2152; .NET CLR 3.5.30729; .NET4.0C; .NET4.0E; OfficeLiveConnector.1.5; OfficeLivePatch.1.3; AskTB5.6)"
87.189.218.181 - - [05/May/2012:22:09:38 +0200] "GET /img/grauverlauf.png HTTP/1.1" 200 3242 "http://www.groeger-bauaufzuege.de/" "Mozilla/4.0 (compatible; MSIE 8.0; Windows NT 5.1; Trident/4.0; .NET CLR 2.0.50727; .NET CLR 3.0.4506.2152; .NET CLR 3.5.30729; .NET4.0C; .NET4.0E; OfficeLiveConnector.1.5; OfficeLivePatch.1.3; AskTB5.6)"
87.189.218.181 - - [05/May/2012:22:09:38 +0200] "GET /img/bild_1.jpg HTTP/1.1" 200 44440 "http://www.groeger-bauaufzuege.de/" "Mozilla/4.0 (compatible; MSIE 8.0; Windows NT 5.1; Trident/4.0; .NET CLR 2.0.50727; .NET CLR 3.0.4506.2152; .NET CLR 3.5.30729; .NET4.0C; .NET4.0E; OfficeLiveConnector.1.5; OfficeLivePatch.1.3; AskTB5.6)"
87.189.218.181 - - [05/May/2012:22:09:38 +0200] "GET /img/groeger_web.jpg HTTP/1.1" 200 10877 "http://www.groeger-bauaufzuege.de/" "Mozilla/4.0 (compatible; MSIE 8.0; Windows NT 5.1; Trident/4.0; .NET CLR 2.0.50727; .NET CLR 3.0.4506.2152; .NET CLR 3.5.30729; .NET4.0C; .NET4.0E; OfficeLiveConnector.1.5; OfficeLivePatch.1.3; AskTB5.6)"
87.189.218.181 - - [05/May/2012:22:09:38 +0200] "GET /fancybox/fancybox.png HTTP/1.1" 200 15287 "http://www.groeger-bauaufzuege.de/" "Mozilla/4.0 (compatible; MSIE 8.0; Windows NT 5.1; Trident/4.0; .NET CLR 2.0.50727; .NET CLR 3.0.4506.2152; .NET CLR 3.5.30729; .NET4.0C; .NET4.0E; OfficeLiveConnector.1.5; OfficeLivePatch.1.3; AskTB5.6)"
87.189.218.181 - - [05/May/2012:22:09:38 +0200] "GET /fancybox/blank.gif HTTP/1.1" 200 43 "http://www.groeger-bauaufzuege.de/" "Mozilla/4.0 (compatible; MSIE 8.0; Windows NT 5.1; Trident/4.0; .NET CLR 2.0.50727; .NET CLR 3.0.4506.2152; .NET CLR 3.5.30729; .NET4.0C; .NET4.0E; OfficeLiveConnector.1.5; OfficeLivePatch.1.3; AskTB5.6)"
87.189.218.181 - - [05/May/2012:22:09:38 +0200] "GET /img/bild_2.jpg HTTP/1.1" 200 53191 "http://www.groeger-bauaufzuege.de/" "Mozilla/4.0 (compatible; MSIE 8.0; Windows NT 5.1; Trident/4.0; .NET CLR 2.0.50727; .NET CLR 3.0.4506.2152; .NET CLR 3.5.30729; .NET4.0C; .NET4.0E; OfficeLiveConnector.1.5; OfficeLivePatch.1.3; AskTB5.6)"
87.189.218.181 - - [05/May/2012:22:09:38 +0200] "GET /img/favicon.gif HTTP/1.1" 200 119 "-" "Mozilla/4.0 (compatible; MSIE 8.0; Windows NT 5.1; Trident/4.0; .NET CLR 2.0.50727; .NET CLR 3.0.4506.2152; .NET CLR 3.5.30729; .NET4.0C; .NET4.0E; OfficeLiveConnector.1.5; OfficeLivePatch.1.3; AskTB5.6)"
87.189.218.181 - - [05/May/2012:22:09:38 +0200] "GET /fancybox/fancy_shadow_n.png HTTP/1.1" 200 106 "-" "Mozilla/4.0 (compatible; MSIE 8.0; Windows NT 5.1; Trident/4.0; .NET CLR 2.0.50727; .NET CLR 3.0.4506.2152; .NET CLR 3.5.30729; .NET4.0C; .NET4.0E; OfficeLiveConnector.1.5; OfficeLivePatch.1.3; AskTB5.6)"
87.189.218.181 - - [05/May/2012:22:09:38 +0200] "GET /fancybox/fancy_shadow_ne.png HTTP/1.1" 200 347 "-" "Mozilla/4.0 (compatible; MSIE 8.0; Windows NT 5.1; Trident/4.0; .NET CLR 2.0.50727; .NET CLR 3.0.4506.2152; .NET CLR 3.5.30729; .NET4.0C; .NET4.0E; OfficeLiveConnector.1.5; OfficeLivePatch.1.3; AskTB5.6)"
87.189.218.181 - - [05/May/2012:22:09:38 +0200] "GET /img/bild_4.jpg HTTP/1.1" 200 45325 "http://www.groeger-bauaufzuege.de/" "Mozilla/4.0 (compatible; MSIE 8.0; Windows NT 5.1; Trident/4.0; .NET CLR 2.0.50727; .NET CLR 3.0.4506.2152; .NET CLR 3.5.30729; .NET4.0C; .NET4.0E; OfficeLiveConnector.1.5; OfficeLivePatch.1.3; AskTB5.6)"
87.189.218.181 - - [05/May/2012:22:09:38 +0200] "GET /img/bild_3.jpg HTTP/1.1" 200 57915 "http://www.groeger-bauaufzuege.de/" "Mozilla/4.0 (compatible; MSIE 8.0; Windows NT 5.1; Trident/4.0; .NET CLR 2.0.50727; .NET CLR 3.0.4506.2152; .NET CLR 3.5.30729; .NET4.0C; .NET4.0E; OfficeLiveConnector.1.5; OfficeLivePatch.1.3; AskTB5.6)"
87.189.218.181 - - [05/May/2012:22:09:38 +0200] "GET /fancybox/fancy_shadow_e.png HTTP/1.1" 200 107 "-" "Mozilla/4.0 (compatible; MSIE 8.0; Windows NT 5.1; Trident/4.0; .NET CLR 2.0.50727; .NET CLR 3.0.4506.2152; .NET CLR 3.5.30729; .NET4.0C; .NET4.0E; OfficeLiveConnector.1.5; OfficeLivePatch.1.3; AskTB5.6)"
87.189.218.181 - - [05/May/2012:22:09:38 +0200] "GET /fancybox/fancy_shadow_se.png HTTP/1.1" 200 352 "-" "Mozilla/4.0 (compatible; MSIE 8.0; Windows NT 5.1; Trident/4.0; .NET CLR 2.0.50727; .NET CLR 3.0.4506.2152; .NET CLR 3.5.30729; .NET4.0C; .NET4.0E; OfficeLiveConnector.1.5; OfficeLivePatch.1.3; AskTB5.6)"
87.189.218.181 - - [05/May/2012:22:09:38 +0200] "GET /fancybox/fancy_shadow_s.png HTTP/1.1" 200 111 "-" "Mozilla/4.0 (compatible; MSIE 8.0; Windows NT 5.1; Trident/4.0; .NET CLR 2.0.50727; .NET CLR 3.0.4506.2152; .NET CLR 3.5.30729; .NET4.0C; .NET4.0E; OfficeLiveConnector.1.5; OfficeLivePatch.1.3; AskTB5.6)"
87.189.218.181 - - [05/May/2012:22:09:39 +0200] "GET /fancybox/fancy_shadow_sw.png HTTP/1.1" 200 340 "-" "Mozilla/4.0 (compatible; MSIE 8.0; Windows NT 5.1; Trident/4.0; .NET CLR 2.0.50727; .NET CLR 3.0.4506.2152; .NET CLR 3.5.30729; .NET4.0C; .NET4.0E; OfficeLiveConnector.1.5; OfficeLivePatch.1.3; AskTB5.6)"
87.189.218.181 - - [05/May/2012:22:09:39 +0200] "GET /fancybox/fancy_shadow_w.png HTTP/1.1" 200 103 "-" "Mozilla/4.0 (compatible; MSIE 8.0; Windows NT 5.1; Trident/4.0; .NET CLR 2.0.50727; .NET CLR 3.0.4506.2152; .NET CLR 3.5.30729; .NET4.0C; .NET4.0E; OfficeLiveConnector.1.5; OfficeLivePatch.1.3; AskTB5.6)"
87.189.218.181 - - [05/May/2012:22:09:39 +0200] "GET /fancybox/fancy_shadow_nw.png HTTP/1.1" 200 324 "-" "Mozilla/4.0 (compatible; MSIE 8.0; Windows NT 5.1; Trident/4.0; .NET CLR 2.0.50727; .NET CLR 3.0.4506.2152; .NET CLR 3.5.30729; .NET4.0C; .NET4.0E; OfficeLiveConnector.1.5; OfficeLivePatch.1.3; AskTB5.6)"
87.189.218.181 - - [05/May/2012:22:09:46 +0200] "GET /verkauf.php HTTP/1.1" 200 6085 "http://www.groeger-bauaufzuege.de/" "Mozilla/4.0 (compatible; MSIE 8.0; Windows NT 5.1; Trident/4.0; .NET CLR 2.0.50727; .NET CLR 3.0.4506.2152; .NET CLR 3.5.30729; .NET4.0C; .NET4.0E; OfficeLiveConnector.1.5; OfficeLivePatch.1.3; AskTB5.6)"
87.189.218.181 - - [05/May/2012:22:09:48 +0200] "GET /img/logo_geda.gif HTTP/1.1" 200 4337 "http://www.groeger-bauaufzuege.de/verkauf.php" "Mozilla/4.0 (compatible; MSIE 8.0; Windows NT 5.1; Trident/4.0; .NET CLR 2.0.50727; .NET CLR 3.0.4506.2152; .NET CLR 3.5.30729; .NET4.0C; .NET4.0E; OfficeLiveConnector.1.5; OfficeLivePatch.1.3; AskTB5.6)"
87.189.218.181 - - [05/May/2012:22:09:48 +0200] "GET /img/logo_boecker.gif HTTP/1.1" 200 2974 "http://www.groeger-bauaufzuege.de/verkauf.php" "Mozilla/4.0 (compatible; MSIE 8.0; Windows NT 5.1; Trident/4.0; .NET CLR 2.0.50727; .NET CLR 3.0.4506.2152; .NET CLR 3.5.30729; .NET4.0C; .NET4.0E; OfficeLiveConnector.1.5; OfficeLivePatch.1.3; AskTB5.6)"
87.189.218.181 - - [05/May/2012:22:09:48 +0200] "GET /img/logo_steinbach.jpg HTTP/1.1" 200 9601 "http://www.groeger-bauaufzuege.de/verkauf.php" "Mozilla/4.0 (compatible; MSIE 8.0; Windows NT 5.1; Trident/4.0; .NET CLR 2.0.50727; .NET CLR 3.0.4506.2152; .NET CLR 3.5.30729; .NET4.0C; .NET4.0E; OfficeLiveConnector.1.5; OfficeLivePatch.1.3; AskTB5.6)"
87.189.218.181 - - [05/May/2012:22:09:48 +0200] "GET /img/favicon.gif HTTP/1.1" 200 119 "-" "Mozilla/4.0 (compatible; MSIE 8.0; Windows NT 5.1; Trident/4.0; .NET CLR 2.0.50727; .NET CLR 3.0.4506.2152; .NET CLR 3.5.30729; .NET4.0C; .NET4.0E; OfficeLiveConnector.1.5; OfficeLivePatch.1.3; AskTB5.6)"
95.108.128.242 - - [06/May/2012:00:43:26 +0200] "GET /index.php HTTP/1.1" 200 6276 "-" "Mozilla/5.0 (compatible; YandexBot/3.0; +http://yandex.com/bots)"
213.186.122.2 - - [06/May/2012:05:15:30 +0200] "GET /robots.txt HTTP/1.1" 404 - "-" "Mozilla/5.0 (compatible; AhrefsBot/3.0; +http://ahrefs.com/robot/)"
66.249.71.26 - - [06/May/2012:08:28:12 +0200] "GET /robots.txt HTTP/1.1" 404 - "-" "Mozilla/5.0 (compatible; Googlebot/2.1; +http://www.google.com/bot.html)"
66.249.66.218 - - [06/May/2012:08:28:12 +0200] "GET /aktuelles.php HTTP/1.1" 200 7901 "-" "Mozilla/5.0 (compatible; Googlebot/2.1; +http://www.google.com/bot.html)"
66.249.66.218 - - [06/May/2012:08:54:09 +0200] "GET /download/Newsletter-Groeger-Dachdecker-2011-04.pdf HTTP/1.1" 304 - "-" "Mozilla/5.0 (iPhone; U; CPU iPhone OS 4_1 like Mac OS X; en-us) AppleWebKit/532.9 (KHTML, like Gecko) Version/4.0.5 Mobile/8B117 Safari/6531.22.7 (compatible; Googlebot-Mobile/2.1; +http://www.google.com/bot.html)"
207.46.199.47 - - [06/May/2012:09:13:22 +0200] "GET /robots.txt HTTP/1.1" 404 - "-" "Mozilla/5.0 (compatible; bingbot/2.0; +http://www.bing.com/bingbot.htm)"
207.46.199.47 - - [06/May/2012:09:13:57 +0200] "GET /javascript; HTTP/1.1" 404 - "-" "Mozilla/5.0 (compatible; bingbot/2.0; +http://www.bing.com/bingbot.htm)"
157.55.16.229 - - [06/May/2012:09:25:56 +0200] "GET /download/Groeger-Newsletter-Dachdecker11.pdf HTTP/1.1" 200 357192 "-" "Mozilla/5.0 (compatible; bingbot/2.0; +http://www.bing.com/bingbot.htm)"
88.78.213.61 - - [06/May/2012:12:26:46 +0200] "GET / HTTP/1.1" 200 6276 "http://www.google.de/url?sa=t&rct=j&q=groeger%20bauaufz%C3%BCge&source=web&cd=1&ved=0CJkBEBYwAA&url=http%3A%2F%2Fwww.groeger-bauaufzuege.de%2F&ei=n1GmT8eSGpP74QTN4ZjECA&usg=AFQjCNFBXgtaJQ5GEULKJBrc_pmJTjvlmQ" "Mozilla/4.0 (compatible; MSIE 8.0; Windows NT 5.1; Trident/4.0; GTB7.3; tb-webde/1.7.0)"
88.78.213.61 - - [06/May/2012:12:26:47 +0200] "GET /swfobject.js HTTP/1.1" 200 6880 "http://www.groeger-bauaufzuege.de/" "Mozilla/4.0 (compatible; MSIE 8.0; Windows NT 5.1; Trident/4.0; GTB7.3; tb-webde/1.7.0)"
88.78.213.61 - - [06/May/2012:12:26:47 +0200] "GET /css/groeger.css HTTP/1.1" 200 5198 "http://www.groeger-bauaufzuege.de/" "Mozilla/4.0 (compatible; MSIE 8.0; Windows NT 5.1; Trident/4.0; GTB7.3; tb-webde/1.7.0)"
88.78.213.61 - - [06/May/2012:12:26:47 +0200] "GET /jquery-1.4.3.min.js HTTP/1.1" 200 77746 "http://www.groeger-bauaufzuege.de/" "Mozilla/4.0 (compatible; MSIE 8.0; Windows NT 5.1; Trident/4.0; GTB7.3; tb-webde/1.7.0)"
88.78.213.61 - - [06/May/2012:12:26:47 +0200] "GET /jquery.cross-slide.js HTTP/1.1" 200 11724 "http://www.groeger-bauaufzuege.de/" "Mozilla/4.0 (compatible; MSIE 8.0; Windows NT 5.1; Trident/4.0; GTB7.3; tb-webde/1.7.0)"
88.78.213.61 - - [06/May/2012:12:26:47 +0200] "GET /fancybox/jquery.fancybox-1.3.4.pack.js HTTP/1.1" 200 15624 "http://www.groeger-bauaufzuege.de/" "Mozilla/4.0 (compatible; MSIE 8.0; Windows NT 5.1; Trident/4.0; GTB7.3; tb-webde/1.7.0)"
88.78.213.61 - - [06/May/2012:12:26:47 +0200] "GET /fancybox/jquery.fancybox-1.3.4.css HTTP/1.1" 200 8494 "http://www.groeger-bauaufzuege.de/" "Mozilla/4.0 (compatible; MSIE 8.0; Windows NT 5.1; Trident/4.0; GTB7.3; tb-webde/1.7.0)"
88.78.213.61 - - [06/May/2012:12:26:48 +0200] "GET /img/logo_groeger.gif HTTP/1.1" 200 3605 "http://www.groeger-bauaufzuege.de/" "Mozilla/4.0 (compatible; MSIE 8.0; Windows NT 5.1; Trident/4.0; GTB7.3; tb-webde/1.7.0)"
88.78.213.61 - - [06/May/2012:12:26:48 +0200] "GET /img/pfeil.png HTTP/1.1" 200 840 "http://www.groeger-bauaufzuege.de/" "Mozilla/4.0 (compatible; MSIE 8.0; Windows NT 5.1; Trident/4.0; GTB7.3; tb-webde/1.7.0)"
88.78.213.61 - - [06/May/2012:12:26:48 +0200] "GET /img/bild_1.jpg HTTP/1.1" 200 44440 "http://www.groeger-bauaufzuege.de/" "Mozilla/4.0 (compatible; MSIE 8.0; Windows NT 5.1; Trident/4.0; GTB7.3; tb-webde/1.7.0)"
88.78.213.61 - - [06/May/2012:12:26:48 +0200] "GET /img/grauverlauf.png HTTP/1.1" 200 3242 "http://www.groeger-bauaufzuege.de/" "Mozilla/4.0 (compatible; MSIE 8.0; Windows NT 5.1; Trident/4.0; GTB7.3; tb-webde/1.7.0)"
88.78.213.61 - - [06/May/2012:12:26:48 +0200] "GET /img/groeger_web.jpg HTTP/1.1" 200 10877 "http://www.groeger-bauaufzuege.de/" "Mozilla/4.0 (compatible; MSIE 8.0; Windows NT 5.1; Trident/4.0; GTB7.3; tb-webde/1.7.0)"
88.78.213.61 - - [06/May/2012:12:26:48 +0200] "GET /fancybox/fancybox.png HTTP/1.1" 200 15287 "http://www.groeger-bauaufzuege.de/" "Mozilla/4.0 (compatible; MSIE 8.0; Windows NT 5.1; Trident/4.0; GTB7.3; tb-webde/1.7.0)"
88.78.213.61 - - [06/May/2012:12:26:48 +0200] "GET /fancybox/blank.gif HTTP/1.1" 200 43 "http://www.groeger-bauaufzuege.de/" "Mozilla/4.0 (compatible; MSIE 8.0; Windows NT 5.1; Trident/4.0; GTB7.3; tb-webde/1.7.0)"
88.78.213.61 - - [06/May/2012:12:26:48 +0200] "GET /img/bild_3.jpg HTTP/1.1" 200 57915 "http://www.groeger-bauaufzuege.de/" "Mozilla/4.0 (compatible; MSIE 8.0; Windows NT 5.1; Trident/4.0; GTB7.3; tb-webde/1.7.0)"
88.78.213.61 - - [06/May/2012:12:26:48 +0200] "GET /img/favicon.gif HTTP/1.1" 200 119 "-" "Mozilla/4.0 (compatible; MSIE 8.0; Windows NT 5.1; Trident/4.0; GTB7.3; tb-webde/1.7.0)"
88.78.213.61 - - [06/May/2012:12:26:48 +0200] "GET /img/bild_2.jpg HTTP/1.1" 200 53191 "http://www.groeger-bauaufzuege.de/" "Mozilla/4.0 (compatible; MSIE 8.0; Windows NT 5.1; Trident/4.0; GTB7.3; tb-webde/1.7.0)"
88.78.213.61 - - [06/May/2012:12:26:48 +0200] "GET /fancybox/fancy_shadow_n.png HTTP/1.1" 200 106 "-" "Mozilla/4.0 (compatible; MSIE 8.0; Windows NT 5.1; Trident/4.0; GTB7.3; tb-webde/1.7.0)"
88.78.213.61 - - [06/May/2012:12:26:49 +0200] "GET /img/bild_4.jpg HTTP/1.1" 200 45325 "http://www.groeger-bauaufzuege.de/" "Mozilla/4.0 (compatible; MSIE 8.0; Windows NT 5.1; Trident/4.0; GTB7.3; tb-webde/1.7.0)"
88.78.213.61 - - [06/May/2012:12:26:49 +0200] "GET /fancybox/fancy_shadow_ne.png HTTP/1.1" 200 347 "-" "Mozilla/4.0 (compatible; MSIE 8.0; Windows NT 5.1; Trident/4.0; GTB7.3; tb-webde/1.7.0)"
88.78.213.61 - - [06/May/2012:12:26:49 +0200] "GET /fancybox/fancy_shadow_e.png HTTP/1.1" 200 107 "-" "Mozilla/4.0 (compatible; MSIE 8.0; Windows NT 5.1; Trident/4.0; GTB7.3; tb-webde/1.7.0)"
88.78.213.61 - - [06/May/2012:12:26:49 +0200] "GET /fancybox/fancy_shadow_se.png HTTP/1.1" 200 352 "-" "Mozilla/4.0 (compatible; MSIE 8.0; Windows NT 5.1; Trident/4.0; GTB7.3; tb-webde/1.7.0)"
88.78.213.61 - - [06/May/2012:12:26:49 +0200] "GET /fancybox/fancy_shadow_s.png HTTP/1.1" 200 111 "-" "Mozilla/4.0 (compatible; MSIE 8.0; Windows NT 5.1; Trident/4.0; GTB7.3; tb-webde/1.7.0)"
88.78.213.61 - - [06/May/2012:12:26:49 +0200] "GET /fancybox/fancy_shadow_sw.png HTTP/1.1" 200 340 "-" "Mozilla/4.0 (compatible; MSIE 8.0; Windows NT 5.1; Trident/4.0; GTB7.3; tb-webde/1.7.0)"
88.78.213.61 - - [06/May/2012:12:26:49 +0200] "GET /fancybox/fancy_shadow_w.png HTTP/1.1" 200 103 "-" "Mozilla/4.0 (compatible; MSIE 8.0; Windows NT 5.1; Trident/4.0; GTB7.3; tb-webde/1.7.0)"
88.78.213.61 - - [06/May/2012:12:26:49 +0200] "GET /fancybox/fancy_shadow_nw.png HTTP/1.1" 200 324 "-" "Mozilla/4.0 (compatible; MSIE 8.0; Windows NT 5.1; Trident/4.0; GTB7.3; tb-webde/1.7.0)"
88.78.213.61 - - [06/May/2012:12:27:00 +0200] "GET /verkauf.php HTTP/1.1" 200 6085 "http://www.groeger-bauaufzuege.de/" "Mozilla/4.0 (compatible; MSIE 8.0; Windows NT 5.1; Trident/4.0; GTB7.3; tb-webde/1.7.0)"
88.78.213.61 - - [06/May/2012:12:27:01 +0200] "GET /img/logo_geda.gif HTTP/1.1" 200 4337 "http://www.groeger-bauaufzuege.de/verkauf.php" "Mozilla/4.0 (compatible; MSIE 8.0; Windows NT 5.1; Trident/4.0; GTB7.3; tb-webde/1.7.0)"
