89.19.88.27 - - [30/Oct/2020:10:21:43 +0100] "GET /img/f_1-p.gif HTTP/1.1" 200 43 "http://www.dr-heidi-fleischer.de/" "Mozilla/5.0 (Linux; Android 8.1.0; VFD 620 Build/O11019) AppleWebKit/537.36 (KHTML, like Gecko) Chrome/78.0.3904.96 Mobile Safari/537.36"
66.249.83.198 - - [30/Oct/2020:10:21:43 +0100] "GET /img/lay01.gif HTTP/1.1" 200 273 "http://www.dr-heidi-fleischer.de/" "Mozilla/5.0 (Linux; Android 4.2.1; en-us; Nexus 5 Build/JOP40D) AppleWebKit/535.19 (KHTML, like Gecko; googleweblight) Chrome/38.0.1025.166 Mobile Safari/535.19"
89.19.88.27 - - [30/Oct/2020:10:21:43 +0100] "GET /img/tel_footer.gif HTTP/1.1" 200 1051 "http://www.dr-heidi-fleischer.de/" "Mozilla/5.0 (Linux; Android 8.1.0; VFD 620 Build/O11019) AppleWebKit/537.36 (KHTML, like Gecko) Chrome/78.0.3904.96 Mobile Safari/537.36"
89.19.88.27 - - [30/Oct/2020:10:21:43 +0100] "GET /img/lay07.gif HTTP/1.1" 200 453 "http://www.dr-heidi-fleischer.de/" "Mozilla/5.0 (Linux; Android 8.1.0; VFD 620 Build/O11019) AppleWebKit/537.36 (KHTML, like Gecko) Chrome/78.0.3904.96 Mobile Safari/537.36"
89.19.88.1 - - [30/Oct/2020:10:21:43 +0100] "GET /img/lay06neu.gif HTTP/1.1" 200 583 "http://www.dr-heidi-fleischer.de/" "Mozilla/5.0 (Linux; Android 8.1.0; VFD 620 Build/O11019) AppleWebKit/537.36 (KHTML, like Gecko) Chrome/78.0.3904.96 Mobile Safari/537.36"
89.19.88.27 - - [30/Oct/2020:10:21:43 +0100] "GET /img/roll_trans2.gif HTTP/1.1" 200 609 "http://www.dr-heidi-fleischer.de/" "Mozilla/5.0 (Linux; Android 8.1.0; VFD 620 Build/O11019) AppleWebKit/537.36 (KHTML, like Gecko) Chrome/78.0.3904.96 Mobile Safari/537.36"
89.19.88.1 - - [30/Oct/2020:10:21:43 +0100] "GET /img/zert_1.jpg HTTP/1.1" 200 6013 "http://www.dr-heidi-fleischer.de/" "Mozilla/5.0 (Linux; Android 8.1.0; VFD 620 Build/O11019) AppleWebKit/537.36 (KHTML, like Gecko) Chrome/78.0.3904.96 Mobile Safari/537.36"
89.19.88.1 - - [30/Oct/2020:10:21:43 +0100] "GET /img/roll_trans.gif HTTP/1.1" 200 609 "http://www.dr-heidi-fleischer.de/" "Mozilla/5.0 (Linux; Android 8.1.0; VFD 620 Build/O11019) AppleWebKit/537.36 (KHTML, like Gecko) Chrome/78.0.3904.96 Mobile Safari/537.36"
89.19.88.27 - - [30/Oct/2020:10:21:43 +0100] "GET /img/lay16.gif HTTP/1.1" 200 309 "http://www.dr-heidi-fleischer.de/" "Mozilla/5.0 (Linux; Android 8.1.0; VFD 620 Build/O11019) AppleWebKit/537.36 (KHTML, like Gecko) Chrome/78.0.3904.96 Mobile Safari/537.36"
89.19.88.1 - - [30/Oct/2020:10:21:43 +0100] "GET /img/lay08.gif HTTP/1.1" 200 534 "http://www.dr-heidi-fleischer.de/" "Mozilla/5.0 (Linux; Android 8.1.0; VFD 620 Build/O11019) AppleWebKit/537.36 (KHTML, like Gecko) Chrome/78.0.3904.96 Mobile Safari/537.36"
66.249.83.194 - - [30/Oct/2020:10:21:43 +0100] "GET /img/f_1-p.gif HTTP/1.1" 200 43 "http://www.dr-heidi-fleischer.de/" "Mozilla/5.0 (Linux; Android 4.2.1; en-us; Nexus 5 Build/JOP40D) AppleWebKit/535.19 (KHTML, like Gecko; googleweblight) Chrome/38.0.1025.166 Mobile Safari/535.19"
66.249.83.198 - - [30/Oct/2020:10:21:43 +0100] "GET /img/zert_1.jpg HTTP/1.1" 200 6013 "http://www.dr-heidi-fleischer.de/" "Mozilla/5.0 (Linux; Android 4.2.1; en-us; Nexus 5 Build/JOP40D) AppleWebKit/535.19 (KHTML, like Gecko; googleweblight) Chrome/38.0.1025.166 Mobile Safari/535.19"
66.249.83.196 - - [30/Oct/2020:10:21:43 +0100] "GET /img/tel_footer.gif HTTP/1.1" 200 1051 "http://www.dr-heidi-fleischer.de/" "Mozilla/5.0 (Linux; Android 4.2.1; en-us; Nexus 5 Build/JOP40D) AppleWebKit/535.19 (KHTML, like Gecko; googleweblight) Chrome/38.0.1025.166 Mobile Safari/535.19"
89.19.88.1 - - [30/Oct/2020:10:21:43 +0100] "GET /img/lay09.gif HTTP/1.1" 200 135 "http://www.dr-heidi-fleischer.de/" "Mozilla/5.0 (Linux; Android 8.1.0; VFD 620 Build/O11019) AppleWebKit/537.36 (KHTML, like Gecko) Chrome/78.0.3904.96 Mobile Safari/537.36"
89.19.88.27 - - [30/Oct/2020:10:21:43 +0100] "GET /img/lay13.gif HTTP/1.1" 200 181 "http://www.dr-heidi-fleischer.de/" "Mozilla/5.0 (Linux; Android 8.1.0; VFD 620 Build/O11019) AppleWebKit/537.36 (KHTML, like Gecko) Chrome/78.0.3904.96 Mobile Safari/537.36"
89.19.88.1 - - [30/Oct/2020:10:21:43 +0100] "GET /img/lay14.gif HTTP/1.1" 200 104 "http://www.dr-heidi-fleischer.de/" "Mozilla/5.0 (Linux; Android 8.1.0; VFD 620 Build/O11019) AppleWebKit/537.36 (KHTML, like Gecko) Chrome/78.0.3904.96 Mobile Safari/537.36"
89.19.88.1 - - [30/Oct/2020:10:21:43 +0100] "GET /img/zert_1gross.jpg HTTP/1.1" 200 22004 "http://www.dr-heidi-fleischer.de/" "Mozilla/5.0 (Linux; Android 8.1.0; VFD 620 Build/O11019) AppleWebKit/537.36 (KHTML, like Gecko) Chrome/78.0.3904.96 Mobile Safari/537.36"
89.19.88.27 - - [30/Oct/2020:10:21:43 +0100] "GET /img/hg_body.jpg HTTP/1.1" 200 2615 "http://www.dr-heidi-fleischer.de/css/fl_style.css" "Mozilla/5.0 (Linux; Android 8.1.0; VFD 620 Build/O11019) AppleWebKit/537.36 (KHTML, like Gecko) Chrome/78.0.3904.96 Mobile Safari/537.36"
66.249.83.194 - - [30/Oct/2020:10:21:43 +0100] "GET /img/lay06neu.gif HTTP/1.1" 200 583 "http://www.dr-heidi-fleischer.de/" "Mozilla/5.0 (Linux; Android 4.2.1; en-us; Nexus 5 Build/JOP40D) AppleWebKit/535.19 (KHTML, like Gecko; googleweblight) Chrome/38.0.1025.166 Mobile Safari/535.19"
66.249.83.196 - - [30/Oct/2020:10:21:43 +0100] "GET /img/lay05.gif HTTP/1.1" 200 331 "http://www.dr-heidi-fleischer.de/" "Mozilla/5.0 (Linux; Android 4.2.1; en-us; Nexus 5 Build/JOP40D) AppleWebKit/535.19 (KHTML, like Gecko; googleweblight) Chrome/38.0.1025.166 Mobile Safari/535.19"
66.249.83.196 - - [30/Oct/2020:10:21:43 +0100] "GET /img/lay03.gif HTTP/1.1" 200 1060 "http://www.dr-heidi-fleischer.de/" "Mozilla/5.0 (Linux; Android 4.2.1; en-us; Nexus 5 Build/JOP40D) AppleWebKit/535.19 (KHTML, like Gecko; googleweblight) Chrome/38.0.1025.166 Mobile Safari/535.19"
66.249.83.196 - - [30/Oct/2020:10:21:43 +0100] "GET /img/lay04.gif HTTP/1.1" 200 68 "http://www.dr-heidi-fleischer.de/" "Mozilla/5.0 (Linux; Android 4.2.1; en-us; Nexus 5 Build/JOP40D) AppleWebKit/535.19 (KHTML, like Gecko; googleweblight) Chrome/38.0.1025.166 Mobile Safari/535.19"
66.249.83.198 - - [30/Oct/2020:10:21:43 +0100] "GET /img/left_bg.gif HTTP/1.1" 200 98 "http://www.dr-heidi-fleischer.de/" "Mozilla/5.0 (Linux; Android 4.2.1; en-us; Nexus 5 Build/JOP40D) AppleWebKit/535.19 (KHTML, like Gecko; googleweblight) Chrome/38.0.1025.166 Mobile Safari/535.19"
89.19.88.1 - - [30/Oct/2020:10:21:43 +0100] "GET /img/lay02.gif HTTP/1.1" 200 68 "http://www.dr-heidi-fleischer.de/" "Mozilla/5.0 (Linux; Android 8.1.0; VFD 620 Build/O11019) AppleWebKit/537.36 (KHTML, like Gecko) Chrome/78.0.3904.96 Mobile Safari/537.36"
66.249.83.194 - - [30/Oct/2020:10:21:43 +0100] "GET /img/hg_zahn2.gif HTTP/1.1" 200 20816 "http://www.dr-heidi-fleischer.de/" "Mozilla/5.0 (Linux; Android 4.2.1; en-us; Nexus 5 Build/JOP40D) AppleWebKit/535.19 (KHTML, like Gecko; googleweblight) Chrome/38.0.1025.166 Mobile Safari/535.19"
66.249.83.196 - - [30/Oct/2020:10:21:43 +0100] "GET /img/right_bg.gif HTTP/1.1" 200 76 "http://www.dr-heidi-fleischer.de/" "Mozilla/5.0 (Linux; Android 4.2.1; en-us; Nexus 5 Build/JOP40D) AppleWebKit/535.19 (KHTML, like Gecko; googleweblight) Chrome/38.0.1025.166 Mobile Safari/535.19"
89.19.88.16 - - [30/Oct/2020:10:21:43 +0100] "GET /img/dr_fleischer_ani.gif HTTP/1.1" 200 854042 "http://www.dr-heidi-fleischer.de/" "Mozilla/5.0 (Linux; Android 8.1.0; VFD 620 Build/O11019) AppleWebKit/537.36 (KHTML, like Gecko) Chrome/78.0.3904.96 Mobile Safari/537.36"
89.19.88.27 - - [30/Oct/2020:10:21:43 +0100] "GET /img/hg_zahn2.gif HTTP/1.1" 200 20816 "http://www.dr-heidi-fleischer.de/" "Mozilla/5.0 (Linux; Android 8.1.0; VFD 620 Build/O11019) AppleWebKit/537.36 (KHTML, like Gecko) Chrome/78.0.3904.96 Mobile Safari/537.36"
89.19.88.1 - - [30/Oct/2020:10:21:43 +0100] "GET /img/lay04.gif HTTP/1.1" 200 68 "http://www.dr-heidi-fleischer.de/" "Mozilla/5.0 (Linux; Android 8.1.0; VFD 620 Build/O11019) AppleWebKit/537.36 (KHTML, like Gecko) Chrome/78.0.3904.96 Mobile Safari/537.36"
89.19.88.1 - - [30/Oct/2020:10:21:43 +0100] "GET /img/lay03.gif HTTP/1.1" 200 1060 "http://www.dr-heidi-fleischer.de/" "Mozilla/5.0 (Linux; Android 8.1.0; VFD 620 Build/O11019) AppleWebKit/537.36 (KHTML, like Gecko) Chrome/78.0.3904.96 Mobile Safari/537.36"
89.19.88.27 - - [30/Oct/2020:10:21:43 +0100] "GET /img/left_bg2.gif HTTP/1.1" 200 176 "http://www.dr-heidi-fleischer.de/" "Mozilla/5.0 (Linux; Android 8.1.0; VFD 620 Build/O11019) AppleWebKit/537.36 (KHTML, like Gecko) Chrome/78.0.3904.96 Mobile Safari/537.36"
89.19.88.1 - - [30/Oct/2020:10:21:44 +0100] "GET /img/right_bg.jpg HTTP/1.1" 404 1256 "http://www.dr-heidi-fleischer.de/" "Mozilla/5.0 (Linux; Android 8.1.0; VFD 620 Build/O11019) AppleWebKit/537.36 (KHTML, like Gecko) Chrome/78.0.3904.96 Mobile Safari/537.36"
89.19.88.1 - - [30/Oct/2020:10:21:44 +0100] "GET /img/lay05.gif HTTP/1.1" 200 331 "http://www.dr-heidi-fleischer.de/" "Mozilla/5.0 (Linux; Android 8.1.0; VFD 620 Build/O11019) AppleWebKit/537.36 (KHTML, like Gecko) Chrome/78.0.3904.96 Mobile Safari/537.36"
66.249.83.196 - - [30/Oct/2020:10:21:44 +0100] "GET /img/hg_body.jpg HTTP/1.1" 200 2615 "http://www.dr-heidi-fleischer.de/css/fl_style.css" "Mozilla/5.0 (Linux; Android 4.2.1; en-us; Nexus 5 Build/JOP40D) AppleWebKit/535.19 (KHTML, like Gecko; googleweblight) Chrome/38.0.1025.166 Mobile Safari/535.19"
89.19.88.27 - - [30/Oct/2020:10:21:44 +0100] "GET /img/right_bg.gif HTTP/1.1" 200 76 "http://www.dr-heidi-fleischer.de/" "Mozilla/5.0 (Linux; Android 8.1.0; VFD 620 Build/O11019) AppleWebKit/537.36 (KHTML, like Gecko) Chrome/78.0.3904.96 Mobile Safari/537.36"
89.19.88.1 - - [30/Oct/2020:10:21:44 +0100] "GET /img/header_neu.gif HTTP/1.1" 200 32567 "http://www.dr-heidi-fleischer.de/css/fl_style.css" "Mozilla/5.0 (Linux; Android 8.1.0; VFD 620 Build/O11019) AppleWebKit/537.36 (KHTML, like Gecko) Chrome/78.0.3904.96 Mobile Safari/537.36"
89.19.88.27 - - [30/Oct/2020:10:21:44 +0100] "GET /img/left_bg.gif HTTP/1.1" 200 98 "http://www.dr-heidi-fleischer.de/" "Mozilla/5.0 (Linux; Android 8.1.0; VFD 620 Build/O11019) AppleWebKit/537.36 (KHTML, like Gecko) Chrome/78.0.3904.96 Mobile Safari/537.36"
89.19.88.1 - - [30/Oct/2020:10:21:45 +0100] "GET /img/bottom_bg.gif HTTP/1.1" 200 79 "http://www.dr-heidi-fleischer.de/" "Mozilla/5.0 (Linux; Android 8.1.0; VFD 620 Build/O11019) AppleWebKit/537.36 (KHTML, like Gecko) Chrome/78.0.3904.96 Mobile Safari/537.36"
66.249.83.198 - - [30/Oct/2020:10:21:44 +0100] "GET /img/dr_fleischer_ani.gif HTTP/1.1" 200 854042 "http://www.dr-heidi-fleischer.de/" "Mozilla/5.0 (Linux; Android 4.2.1; en-us; Nexus 5 Build/JOP40D) AppleWebKit/535.19 (KHTML, like Gecko; googleweblight) Chrome/38.0.1025.166 Mobile Safari/535.19"
89.19.88.1 - - [30/Oct/2020:10:21:45 +0100] "GET /img/lay10.gif HTTP/1.1" 200 252 "http://www.dr-heidi-fleischer.de/" "Mozilla/5.0 (Linux; Android 8.1.0; VFD 620 Build/O11019) AppleWebKit/537.36 (KHTML, like Gecko) Chrome/78.0.3904.96 Mobile Safari/537.36"
66.249.83.198 - - [30/Oct/2020:10:21:45 +0100] "GET /img/lay07.gif HTTP/1.1" 200 453 "http://www.dr-heidi-fleischer.de/" "Mozilla/5.0 (Linux; Android 4.2.1; en-us; Nexus 5 Build/JOP40D) AppleWebKit/535.19 (KHTML, like Gecko; googleweblight) Chrome/38.0.1025.166 Mobile Safari/535.19"
66.249.83.198 - - [30/Oct/2020:10:21:45 +0100] "GET /img/lay02.gif HTTP/1.1" 200 68 "http://www.dr-heidi-fleischer.de/" "Mozilla/5.0 (Linux; Android 4.2.1; en-us; Nexus 5 Build/JOP40D) AppleWebKit/535.19 (KHTML, like Gecko; googleweblight) Chrome/38.0.1025.166 Mobile Safari/535.19"
66.249.83.198 - - [30/Oct/2020:10:21:45 +0100] "GET /img/zert_1gross.jpg HTTP/1.1" 200 22004 "http://www.dr-heidi-fleischer.de/" "Mozilla/5.0 (Linux; Android 4.2.1; en-us; Nexus 5 Build/JOP40D) AppleWebKit/535.19 (KHTML, like Gecko; googleweblight) Chrome/38.0.1025.166 Mobile Safari/535.19"
66.249.83.198 - - [30/Oct/2020:10:21:45 +0100] "GET /img/lay16.gif HTTP/1.1" 200 309 "http://www.dr-heidi-fleischer.de/" "Mozilla/5.0 (Linux; Android 4.2.1; en-us; Nexus 5 Build/JOP40D) AppleWebKit/535.19 (KHTML, like Gecko; googleweblight) Chrome/38.0.1025.166 Mobile Safari/535.19"
66.249.83.198 - - [30/Oct/2020:10:21:46 +0100] "GET /img/lay14.gif HTTP/1.1" 200 104 "http://www.dr-heidi-fleischer.de/" "Mozilla/5.0 (Linux; Android 4.2.1; en-us; Nexus 5 Build/JOP40D) AppleWebKit/535.19 (KHTML, like Gecko; googleweblight) Chrome/38.0.1025.166 Mobile Safari/535.19"
66.249.83.194 - - [30/Oct/2020:10:21:46 +0100] "GET /img/roll_trans2.gif HTTP/1.1" 200 609 "http://www.dr-heidi-fleischer.de/" "Mozilla/5.0 (Linux; Android 4.2.1; en-us; Nexus 5 Build/JOP40D) AppleWebKit/535.19 (KHTML, like Gecko; googleweblight) Chrome/38.0.1025.166 Mobile Safari/535.19"
66.249.83.194 - - [30/Oct/2020:10:21:46 +0100] "GET /img/header_neu.gif HTTP/1.1" 200 32567 "http://www.dr-heidi-fleischer.de/css/fl_style.css" "Mozilla/5.0 (Linux; Android 4.2.1; en-us; Nexus 5 Build/JOP40D) AppleWebKit/535.19 (KHTML, like Gecko; googleweblight) Chrome/38.0.1025.166 Mobile Safari/535.19"
66.249.83.194 - - [30/Oct/2020:10:21:46 +0100] "GET /img/lay08.gif HTTP/1.1" 200 534 "http://www.dr-heidi-fleischer.de/" "Mozilla/5.0 (Linux; Android 4.2.1; en-us; Nexus 5 Build/JOP40D) AppleWebKit/535.19 (KHTML, like Gecko; googleweblight) Chrome/38.0.1025.166 Mobile Safari/535.19"
66.249.83.198 - - [30/Oct/2020:10:21:46 +0100] "GET /img/lay13.gif HTTP/1.1" 200 181 "http://www.dr-heidi-fleischer.de/" "Mozilla/5.0 (Linux; Android 4.2.1; en-us; Nexus 5 Build/JOP40D) AppleWebKit/535.19 (KHTML, like Gecko; googleweblight) Chrome/38.0.1025.166 Mobile Safari/535.19"
66.249.83.198 - - [30/Oct/2020:10:21:46 +0100] "GET /img/roll_trans.gif HTTP/1.1" 200 609 "http://www.dr-heidi-fleischer.de/" "Mozilla/5.0 (Linux; Android 4.2.1; en-us; Nexus 5 Build/JOP40D) AppleWebKit/535.19 (KHTML, like Gecko; googleweblight) Chrome/38.0.1025.166 Mobile Safari/535.19"
66.249.83.198 - - [30/Oct/2020:10:21:46 +0100] "GET /img/lay09.gif HTTP/1.1" 200 135 "http://www.dr-heidi-fleischer.de/" "Mozilla/5.0 (Linux; Android 4.2.1; en-us; Nexus 5 Build/JOP40D) AppleWebKit/535.19 (KHTML, like Gecko; googleweblight) Chrome/38.0.1025.166 Mobile Safari/535.19"
66.249.83.194 - - [30/Oct/2020:10:21:46 +0100] "GET /img/left_bg2.gif HTTP/1.1" 200 176 "http://www.dr-heidi-fleischer.de/" "Mozilla/5.0 (Linux; Android 4.2.1; en-us; Nexus 5 Build/JOP40D) AppleWebKit/535.19 (KHTML, like Gecko; googleweblight) Chrome/38.0.1025.166 Mobile Safari/535.19"
89.19.88.1 - - [30/Oct/2020:10:21:46 +0100] "GET /img/animated_favicon1.gif HTTP/1.1" 200 1808 "http://www.dr-heidi-fleischer.de/" "Mozilla/5.0 (Linux; Android 8.1.0; VFD 620 Build/O11019) AppleWebKit/537.36 (KHTML, like Gecko) Chrome/78.0.3904.96 Mobile Safari/537.36"
89.19.88.1 - - [30/Oct/2020:10:21:46 +0100] "GET /img/favicon.ico HTTP/1.1" 200 5430 "http://www.dr-heidi-fleischer.de/" "Mozilla/5.0 (Linux; Android 8.1.0; VFD 620 Build/O11019) AppleWebKit/537.36 (KHTML, like Gecko) Chrome/78.0.3904.96 Mobile Safari/537.36"
66.249.83.198 - - [30/Oct/2020:10:21:46 +0100] "GET /img/right_bg.jpg HTTP/1.1" 404 1256 "http://www.dr-heidi-fleischer.de/" "Mozilla/5.0 (Linux; Android 4.2.1; en-us; Nexus 5 Build/JOP40D) AppleWebKit/535.19 (KHTML, like Gecko; googleweblight) Chrome/38.0.1025.166 Mobile Safari/535.19"
66.249.83.194 - - [30/Oct/2020:10:21:47 +0100] "GET /img/bottom_bg.gif HTTP/1.1" 200 79 "http://www.dr-heidi-fleischer.de/" "Mozilla/5.0 (Linux; Android 4.2.1; en-us; Nexus 5 Build/JOP40D) AppleWebKit/535.19 (KHTML, like Gecko; googleweblight) Chrome/38.0.1025.166 Mobile Safari/535.19"
66.249.83.198 - - [30/Oct/2020:10:21:47 +0100] "GET /img/lay10.gif HTTP/1.1" 200 252 "http://www.dr-heidi-fleischer.de/" "Mozilla/5.0 (Linux; Android 4.2.1; en-us; Nexus 5 Build/JOP40D) AppleWebKit/535.19 (KHTML, like Gecko; googleweblight) Chrome/38.0.1025.166 Mobile Safari/535.19"
89.19.88.1 - - [30/Oct/2020:10:26:17 +0100] "GET /kont.php HTTP/1.1" 200 8494 "-" "Mozilla/5.0 (Linux; Android 8.1.0; VFD 620 Build/O11019) AppleWebKit/537.36 (KHTML, like Gecko) Chrome/78.0.3904.96 Mobile Safari/537.36"
89.19.88.35 - - [30/Oct/2020:10:28:47 +0100] "GET /img/leistungen_2.jpg HTTP/1.1" 200 13824 "-" "com.google.android.apps.searchlite/144042 (Linux; U; Android 8.1.0; en_IE; VFD 620; Build/O11019; Cronet/85.0.4183.101)"
89.19.88.27 - - [30/Oct/2020:10:29:07 +0100] "GET /img/dr_fleischer_ani.gif HTTP/1.1" 200 854042 "-" "com.google.android.apps.searchlite/144042 (Linux; U; Android 8.1.0; en_IE; VFD 620; Build/O11019; Cronet/85.0.4183.101)"
89.19.88.35 - - [30/Oct/2020:10:29:13 +0100] "GET /img/praxis_3.jpg HTTP/1.1" 200 36951 "-" "com.google.android.apps.searchlite/144042 (Linux; U; Android 8.1.0; en_IE; VFD 620; Build/O11019; Cronet/85.0.4183.101)"
89.19.88.27 - - [30/Oct/2020:10:29:52 +0100] "GET /img/dr_fleischer_ani.gif HTTP/1.1" 200 854042 "-" "com.google.android.apps.searchlite/144042 (Linux; U; Android 8.1.0; en_IE; VFD 620; Build/O11019; Cronet/85.0.4183.101)"
62.138.2.214 - - [30/Oct/2020:10:36:30 +0100] "GET /robots.txt HTTP/1.1" 200 218 "-" "Mozilla/5.0 (X11; Linux x86_64; rv:81.0) Gecko/20100101 Firefox/81.0"
62.138.2.214 - - [30/Oct/2020:10:36:31 +0100] "GET / HTTP/1.1" 200 9626 "-" "Mozilla/5.0 (X11; Linux x86_64; rv:81.0) Gecko/20100101 Firefox/81.0"
62.138.2.160 - - [30/Oct/2020:10:50:24 +0100] "GET /impressum.php HTTP/1.1" 200 8293 "-" "Mozilla/5.0 (X11; Linux x86_64; rv:81.0) Gecko/20100101 Firefox/81.0"
62.138.2.214 - - [30/Oct/2020:12:13:58 +0100] "GET /robots.txt HTTP/1.1" 200 218 "-" "Mozilla/5.0 (X11; Linux x86_64; rv:81.0) Gecko/20100101 Firefox/81.0"
62.138.2.214 - - [30/Oct/2020:12:14:00 +0100] "GET / HTTP/1.1" 200 9626 "-" "Mozilla/5.0 (X11; Linux x86_64; rv:81.0) Gecko/20100101 Firefox/81.0"
62.138.2.214 - - [30/Oct/2020:13:07:56 +0100] "GET / HTTP/1.1" 200 9626 "-" "Mozilla/5.0 (X11; Linux x86_64; rv:81.0) Gecko/20100101 Firefox/81.0"
157.55.39.45 - - [30/Oct/2020:13:13:47 +0100] "GET /robots.txt HTTP/1.1" 200 218 "-" "Mozilla/5.0 (compatible; bingbot/2.0; +http://www.bing.com/bingbot.htm)"
62.138.2.214 - - [30/Oct/2020:13:23:12 +0100] "GET /index.php HTTP/1.1" 200 9626 "-" "Mozilla/5.0 (X11; Linux x86_64; rv:81.0) Gecko/20100101 Firefox/81.0"
114.119.132.218 - - [30/Oct/2020:13:23:54 +0100] "GET /robots.txt HTTP/1.1" 200 218 "-" "Mozilla/5.0 (Linux; Android 7.0;) AppleWebKit/537.36 (KHTML, like Gecko) Mobile Safari/537.36 (compatible; PetalBot;+https://aspiegel.com/petalbot)"
40.114.182.45 - - [30/Oct/2020:13:40:25 +0100] "GET / HTTP/1.1" 200 9626 "-" "Mozilla/5.0 (iPhone; CPU iPhone OS 13_3 like Mac OS X) AppleWebKit/605.1.15 (KHTML%2C like Gecko) Mobile/15E148"
66.249.66.53 - - [30/Oct/2020:14:07:50 +0100] "GET / HTTP/1.1" 200 9626 "-" "Mozilla/5.0 (compatible; Googlebot/2.1; +http://www.google.com/bot.html)"
35.243.206.211 - - [30/Oct/2020:15:05:49 +0100] "GET /robots.txt HTTP/1.0" 200 218 "-" "ZoominfoBot (zoominfobot at zoominfo dot com)"
35.243.206.211 - - [30/Oct/2020:15:05:49 +0100] "GET /kont.php HTTP/1.0" 200 8494 "-" "ZoominfoBot (zoominfobot at zoominfo dot com)"
35.243.206.211 - - [30/Oct/2020:15:07:53 +0100] "GET /leistungen.php HTTP/1.0" 200 8056 "-" "ZoominfoBot (zoominfobot at zoominfo dot com)"
35.243.206.211 - - [30/Oct/2020:15:17:59 +0100] "GET /index.php HTTP/1.0" 200 9626 "-" "ZoominfoBot (zoominfobot at zoominfo dot com)"
62.138.2.160 - - [30/Oct/2020:15:21:39 +0100] "GET /spez_leistungen.php HTTP/1.1" 200 7752 "-" "Mozilla/5.0 (X11; Linux x86_64; rv:81.0) Gecko/20100101 Firefox/81.0"
35.243.206.211 - - [30/Oct/2020:15:26:54 +0100] "GET /impressum.php HTTP/1.0" 200 8293 "-" "ZoominfoBot (zoominfobot at zoominfo dot com)"
35.243.206.211 - - [30/Oct/2020:15:30:06 +0100] "GET /praxis.php HTTP/1.0" 200 7017 "-" "ZoominfoBot (zoominfobot at zoominfo dot com)"
35.243.206.211 - - [30/Oct/2020:15:32:56 +0100] "GET /anfahrt.php HTTP/1.0" 200 8074 "-" "ZoominfoBot (zoominfobot at zoominfo dot com)"
35.243.206.211 - - [30/Oct/2020:15:37:21 +0100] "GET /spez_leistungen.php HTTP/1.0" 200 7752 "-" "ZoominfoBot (zoominfobot at zoominfo dot com)"
62.138.2.160 - - [30/Oct/2020:15:41:43 +0100] "GET /leistungen.php HTTP/1.1" 200 8056 "-" "Mozilla/5.0 (X11; Linux x86_64; rv:81.0) Gecko/20100101 Firefox/81.0"
62.138.2.214 - - [30/Oct/2020:15:58:33 +0100] "GET /anfahrt.php HTTP/1.1" 200 8074 "-" "Mozilla/5.0 (X11; Linux x86_64; rv:81.0) Gecko/20100101 Firefox/81.0"
62.138.2.214 - - [30/Oct/2020:16:02:27 +0100] "GET / HTTP/1.1" 200 9626 "-" "Mozilla/5.0 (X11; Linux x86_64; rv:81.0) Gecko/20100101 Firefox/81.0"
62.138.2.160 - - [30/Oct/2020:16:47:18 +0100] "GET /anfahrt.php HTTP/1.1" 200 8074 "-" "Mozilla/5.0 (X11; Linux x86_64; rv:81.0) Gecko/20100101 Firefox/81.0"
62.138.2.160 - - [30/Oct/2020:16:53:52 +0100] "GET /kont.php HTTP/1.1" 200 8494 "-" "Mozilla/5.0 (X11; Linux x86_64; rv:81.0) Gecko/20100101 Firefox/81.0"
62.138.2.160 - - [30/Oct/2020:16:56:10 +0100] "GET /praxis.php HTTP/1.1" 200 7017 "-" "Mozilla/5.0 (X11; Linux x86_64; rv:81.0) Gecko/20100101 Firefox/81.0"
35.196.54.126 - - [30/Oct/2020:16:56:56 +0100] "GET /robots.txt HTTP/1.0" 200 218 "-" "ZoominfoBot (zoominfobot at zoominfo dot com)"
35.196.54.126 - - [30/Oct/2020:16:56:57 +0100] "GET /kont.php HTTP/1.0" 200 8494 "-" "ZoominfoBot (zoominfobot at zoominfo dot com)"
62.138.2.160 - - [30/Oct/2020:16:57:40 +0100] "GET /index.php HTTP/1.1" 200 9626 "-" "Mozilla/5.0 (X11; Linux x86_64; rv:81.0) Gecko/20100101 Firefox/81.0"
35.196.54.126 - - [30/Oct/2020:16:59:06 +0100] "GET /leistungen.php HTTP/1.0" 200 8056 "-" "ZoominfoBot (zoominfobot at zoominfo dot com)"
35.196.54.126 - - [30/Oct/2020:17:09:38 +0100] "GET /index.php HTTP/1.0" 200 9626 "-" "ZoominfoBot (zoominfobot at zoominfo dot com)"
35.196.54.126 - - [30/Oct/2020:17:19:32 +0100] "GET /impressum.php HTTP/1.0" 200 8293 "-" "ZoominfoBot (zoominfobot at zoominfo dot com)"
35.196.54.126 - - [30/Oct/2020:17:23:14 +0100] "GET /praxis.php HTTP/1.0" 200 7017 "-" "ZoominfoBot (zoominfobot at zoominfo dot com)"
35.196.54.126 - - [30/Oct/2020:17:26:30 +0100] "GET /anfahrt.php HTTP/1.0" 200 8074 "-" "ZoominfoBot (zoominfobot at zoominfo dot com)"
35.196.54.126 - - [30/Oct/2020:17:31:31 +0100] "GET /spez_leistungen.php HTTP/1.0" 200 7752 "-" "ZoominfoBot (zoominfobot at zoominfo dot com)"
62.138.2.214 - - [30/Oct/2020:17:58:21 +0100] "GET / HTTP/1.1" 200 9626 "-" "Mozilla/5.0 (X11; Linux x86_64; rv:81.0) Gecko/20100101 Firefox/81.0"
34.75.152.182 - - [30/Oct/2020:18:20:39 +0100] "GET /robots.txt HTTP/1.0" 200 218 "-" "ZoominfoBot (zoominfobot at zoominfo dot com)"
34.75.152.182 - - [30/Oct/2020:18:20:39 +0100] "GET /kont.php HTTP/1.0" 200 8494 "-" "ZoominfoBot (zoominfobot at zoominfo dot com)"
34.75.152.182 - - [30/Oct/2020:18:22:59 +0100] "GET /leistungen.php HTTP/1.0" 200 8056 "-" "ZoominfoBot (zoominfobot at zoominfo dot com)"
34.75.152.182 - - [30/Oct/2020:18:34:08 +0100] "GET /index.php HTTP/1.0" 200 9626 "-" "ZoominfoBot (zoominfobot at zoominfo dot com)"
34.75.152.182 - - [30/Oct/2020:18:44:44 +0100] "GET /impressum.php HTTP/1.0" 200 8293 "-" "ZoominfoBot (zoominfobot at zoominfo dot com)"
34.75.152.182 - - [30/Oct/2020:18:48:53 +0100] "GET /praxis.php HTTP/1.0" 200 7017 "-" "ZoominfoBot (zoominfobot at zoominfo dot com)"
34.75.152.182 - - [30/Oct/2020:18:52:30 +0100] "GET /anfahrt.php HTTP/1.0" 200 8074 "-" "ZoominfoBot (zoominfobot at zoominfo dot com)"
62.138.2.214 - - [30/Oct/2020:18:53:13 +0100] "GET /impressum.php HTTP/1.1" 200 8293 "-" "Mozilla/5.0 (X11; Linux x86_64; rv:81.0) Gecko/20100101 Firefox/81.0"
34.75.152.182 - - [30/Oct/2020:18:58:04 +0100] "GET /spez_leistungen.php HTTP/1.0" 200 7752 "-" "ZoominfoBot (zoominfobot at zoominfo dot com)"
62.138.2.214 - - [30/Oct/2020:19:22:46 +0100] "GET /praxis.php HTTP/1.1" 200 7017 "-" "Mozilla/5.0 (X11; Linux x86_64; rv:81.0) Gecko/20100101 Firefox/81.0"
95.216.96.170 - - [30/Oct/2020:20:05:51 +0100] "GET /robots.txt HTTP/1.1" 200 218 "-" "Mozilla/5.0 (compatible; SEOkicks; +https://www.seokicks.de/robot.html)"
95.216.96.170 - - [30/Oct/2020:20:05:52 +0100] "GET / HTTP/1.1" 200 9626 "-" "Mozilla/5.0 (compatible; SEOkicks; +https://www.seokicks.de/robot.html)"
95.216.96.170 - - [30/Oct/2020:20:05:53 +0100] "GET /index.php HTTP/1.1" 200 9626 "http://www.dr-heidi-fleischer.de/" "Mozilla/5.0 (compatible; SEOkicks; +https://www.seokicks.de/robot.html)"
95.216.96.170 - - [30/Oct/2020:20:05:55 +0100] "GET /praxis.php HTTP/1.1" 200 7017 "http://www.dr-heidi-fleischer.de/" "Mozilla/5.0 (compatible; SEOkicks; +https://www.seokicks.de/robot.html)"
95.216.96.170 - - [30/Oct/2020:20:05:56 +0100] "GET /leistungen.php HTTP/1.1" 200 8056 "http://www.dr-heidi-fleischer.de/" "Mozilla/5.0 (compatible; SEOkicks; +https://www.seokicks.de/robot.html)"
95.216.96.170 - - [30/Oct/2020:20:05:57 +0100] "GET /spez_leistungen.php HTTP/1.1" 200 7752 "http://www.dr-heidi-fleischer.de/" "Mozilla/5.0 (compatible; SEOkicks; +https://www.seokicks.de/robot.html)"
95.216.96.170 - - [30/Oct/2020:20:05:58 +0100] "GET /impressum.php HTTP/1.1" 200 8293 "http://www.dr-heidi-fleischer.de/" "Mozilla/5.0 (compatible; SEOkicks; +https://www.seokicks.de/robot.html)"
95.216.96.170 - - [30/Oct/2020:20:05:59 +0100] "GET /kont.php HTTP/1.1" 200 8494 "http://www.dr-heidi-fleischer.de/" "Mozilla/5.0 (compatible; SEOkicks; +https://www.seokicks.de/robot.html)"
95.216.96.170 - - [30/Oct/2020:20:06:00 +0100] "GET /anfahrt.php HTTP/1.1" 200 8074 "http://www.dr-heidi-fleischer.de/" "Mozilla/5.0 (compatible; SEOkicks; +https://www.seokicks.de/robot.html)"
62.138.2.214 - - [30/Oct/2020:20:25:54 +0100] "GET /spez_leistungen.php HTTP/1.1" 200 7752 "-" "Mozilla/5.0 (X11; Linux x86_64; rv:81.0) Gecko/20100101 Firefox/81.0"
62.138.2.214 - - [30/Oct/2020:21:21:06 +0100] "GET /leistungen.php HTTP/1.1" 200 8056 "-" "Mozilla/5.0 (X11; Linux x86_64; rv:81.0) Gecko/20100101 Firefox/81.0"
62.138.2.214 - - [30/Oct/2020:22:20:18 +0100] "GET /leistungen.php HTTP/1.1" 200 8056 "-" "Mozilla/5.0 (X11; Linux x86_64; rv:81.0) Gecko/20100101 Firefox/81.0"
62.138.2.214 - - [30/Oct/2020:22:57:10 +0100] "GET /leistungen.php HTTP/1.1" 200 8056 "-" "Mozilla/5.0 (X11; Linux x86_64; rv:81.0) Gecko/20100101 Firefox/81.0"
207.46.13.110 - - [30/Oct/2020:23:32:36 +0100] "GET /kont.php HTTP/1.1" 200 8494 "-" "Mozilla/5.0 (compatible; bingbot/2.0; +http://www.bing.com/bingbot.htm)"
62.138.2.214 - - [31/Oct/2020:00:00:04 +0100] "GET /leistungen.php HTTP/1.1" 200 8056 "-" "Mozilla/5.0 (X11; Linux x86_64; rv:81.0) Gecko/20100101 Firefox/81.0"
66.249.66.51 - - [31/Oct/2020:00:40:18 +0100] "GET / HTTP/1.1" 200 9626 "-" "Mozilla/5.0 (compatible; Googlebot/2.1; +http://www.google.com/bot.html)"
62.138.2.214 - - [31/Oct/2020:01:01:39 +0100] "GET /leistungen.php HTTP/1.1" 200 8056 "-" "Mozilla/5.0 (X11; Linux x86_64; rv:81.0) Gecko/20100101 Firefox/81.0"
62.138.2.214 - - [31/Oct/2020:01:33:32 +0100] "GET /leistungen.php HTTP/1.1" 200 8056 "-" "Mozilla/5.0 (X11; Linux x86_64; rv:81.0) Gecko/20100101 Firefox/81.0"
62.138.2.214 - - [31/Oct/2020:01:51:46 +0100] "GET /impressum.php HTTP/1.1" 200 8293 "-" "Mozilla/5.0 (X11; Linux x86_64; rv:81.0) Gecko/20100101 Firefox/81.0"
62.138.2.214 - - [31/Oct/2020:02:01:56 +0100] "GET /leistungen.php HTTP/1.1" 200 8056 "-" "Mozilla/5.0 (X11; Linux x86_64; rv:81.0) Gecko/20100101 Firefox/81.0"
62.138.2.214 - - [31/Oct/2020:02:12:29 +0100] "GET /impressum.php HTTP/1.1" 200 8293 "-" "Mozilla/5.0 (X11; Linux x86_64; rv:81.0) Gecko/20100101 Firefox/81.0"
62.138.2.214 - - [31/Oct/2020:02:21:19 +0100] "GET /leistungen.php HTTP/1.1" 200 8056 "-" "Mozilla/5.0 (X11; Linux x86_64; rv:81.0) Gecko/20100101 Firefox/81.0"
62.138.2.214 - - [31/Oct/2020:02:52:39 +0100] "GET / HTTP/1.1" 200 9626 "-" "Mozilla/5.0 (X11; Linux x86_64; rv:81.0) Gecko/20100101 Firefox/81.0"
185.191.171.1 - - [31/Oct/2020:03:07:38 +0100] "GET /robots.txt HTTP/1.1" 200 218 "-" "Mozilla/5.0 (compatible; SemrushBot/6~bl; +http://www.semrush.com/bot.html)"
185.191.171.44 - - [31/Oct/2020:03:07:38 +0100] "GET / HTTP/1.1" 200 9626 "-" "Mozilla/5.0 (compatible; SemrushBot/6~bl; +http://www.semrush.com/bot.html)"
62.138.2.214 - - [31/Oct/2020:03:23:59 +0100] "GET / HTTP/1.1" 200 9626 "-" "Mozilla/5.0 (X11; Linux x86_64; rv:81.0) Gecko/20100101 Firefox/81.0"
62.138.2.214 - - [31/Oct/2020:04:14:33 +0100] "GET /kont.php HTTP/1.1" 200 8494 "-" "Mozilla/5.0 (X11; Linux x86_64; rv:81.0) Gecko/20100101 Firefox/81.0"
62.138.2.160 - - [31/Oct/2020:05:12:04 +0100] "GET / HTTP/1.1" 200 9626 "-" "Mozilla/5.0 (X11; Linux x86_64; rv:81.0) Gecko/20100101 Firefox/81.0"
62.138.2.160 - - [31/Oct/2020:05:32:41 +0100] "GET / HTTP/1.1" 200 9626 "-" "Mozilla/5.0 (X11; Linux x86_64; rv:81.0) Gecko/20100101 Firefox/81.0"
62.138.2.160 - - [31/Oct/2020:06:03:28 +0100] "GET / HTTP/1.1" 200 9626 "-" "Mozilla/5.0 (X11; Linux x86_64; rv:81.0) Gecko/20100101 Firefox/81.0"
62.138.2.160 - - [31/Oct/2020:06:38:33 +0100] "GET / HTTP/1.1" 200 9626 "-" "Mozilla/5.0 (X11; Linux x86_64; rv:81.0) Gecko/20100101 Firefox/81.0"
114.119.132.187 - - [31/Oct/2020:07:40:34 +0100] "GET /robots.txt HTTP/1.1" 200 218 "-" "(compatible;PetalBot;+https://aspiegel.com/petalbot)"
54.36.148.113 - - [31/Oct/2020:09:23:35 +0100] "GET /anfahrt.php HTTP/1.1" 200 8074 "-" "Mozilla/5.0 (compatible; AhrefsBot/7.0; +http://ahrefs.com/robot/)"
54.36.148.20 - - [31/Oct/2020:10:04:30 +0100] "GET /robots.txt HTTP/1.1" 200 218 "-" "Mozilla/5.0 (compatible; AhrefsBot/6.1; +http://ahrefs.com/robot/)"
157.55.39.40 - - [31/Oct/2020:10:41:38 +0100] "GET /robots.txt HTTP/1.1" 200 218 "-" "Mozilla/5.0 (compatible; bingbot/2.0; +http://www.bing.com/bingbot.htm)"
207.46.13.37 - - [31/Oct/2020:11:10:39 +0100] "GET /praxis.php HTTP/1.1" 200 7017 "-" "Mozilla/5.0 (compatible; bingbot/2.0; +http://www.bing.com/bingbot.htm)"
54.36.148.65 - - [31/Oct/2020:12:05:23 +0100] "GET / HTTP/1.1" 200 9626 "-" "Mozilla/5.0 (compatible; AhrefsBot/7.0; +http://ahrefs.com/robot/)"
95.216.96.170 - - [31/Oct/2020:12:10:08 +0100] "GET /robots.txt HTTP/1.1" 200 218 "-" "Mozilla/5.0 (compatible; SEOkicks; +https://www.seokicks.de/robot.html)"
95.216.96.170 - - [31/Oct/2020:12:10:09 +0100] "GET / HTTP/1.1" 200 9626 "-" "Mozilla/5.0 (compatible; SEOkicks; +https://www.seokicks.de/robot.html)"
95.216.96.170 - - [31/Oct/2020:12:10:11 +0100] "GET /index.php HTTP/1.1" 200 9626 "http://www.zahnmedizin-im-alter.de/" "Mozilla/5.0 (compatible; SEOkicks; +https://www.seokicks.de/robot.html)"
95.216.96.170 - - [31/Oct/2020:12:10:12 +0100] "GET /praxis.php HTTP/1.1" 200 7017 "http://www.zahnmedizin-im-alter.de/" "Mozilla/5.0 (compatible; SEOkicks; +https://www.seokicks.de/robot.html)"
95.216.96.170 - - [31/Oct/2020:12:10:13 +0100] "GET /leistungen.php HTTP/1.1" 200 8056 "http://www.zahnmedizin-im-alter.de/" "Mozilla/5.0 (compatible; SEOkicks; +https://www.seokicks.de/robot.html)"
95.216.96.170 - - [31/Oct/2020:12:10:14 +0100] "GET /spez_leistungen.php HTTP/1.1" 200 7752 "http://www.zahnmedizin-im-alter.de/" "Mozilla/5.0 (compatible; SEOkicks; +https://www.seokicks.de/robot.html)"
95.216.96.170 - - [31/Oct/2020:12:10:15 +0100] "GET /impressum.php HTTP/1.1" 200 8293 "http://www.zahnmedizin-im-alter.de/" "Mozilla/5.0 (compatible; SEOkicks; +https://www.seokicks.de/robot.html)"
95.216.96.170 - - [31/Oct/2020:12:10:16 +0100] "GET /kont.php HTTP/1.1" 200 8494 "http://www.zahnmedizin-im-alter.de/" "Mozilla/5.0 (compatible; SEOkicks; +https://www.seokicks.de/robot.html)"
95.216.96.170 - - [31/Oct/2020:12:10:18 +0100] "GET /anfahrt.php HTTP/1.1" 200 8074 "http://www.zahnmedizin-im-alter.de/" "Mozilla/5.0 (compatible; SEOkicks; +https://www.seokicks.de/robot.html)"
66.249.66.53 - - [31/Oct/2020:12:55:17 +0100] "GET /robots.txt HTTP/1.1" 200 218 "-" "Mozilla/5.0 (compatible; Googlebot/2.1; +http://www.google.com/bot.html)"
66.249.66.53 - - [31/Oct/2020:12:55:18 +0100] "GET / HTTP/1.1" 200 9626 "-" "Mozilla/5.0 (compatible; Googlebot/2.1; +http://www.google.com/bot.html)"
66.249.66.51 - - [31/Oct/2020:12:55:40 +0100] "GET /css/fl_style.css HTTP/1.1" 200 10194 "http://www.zahnmedizin-im-alter.de/" "Mozilla/5.0 AppleWebKit/537.36 (KHTML, like Gecko; compatible; Googlebot/2.1; +http://www.google.com/bot.html) Chrome/85.0.4183.140 Safari/537.36"
35.196.150.168 - - [31/Oct/2020:18:32:01 +0100] "GET /robots.txt HTTP/1.0" 200 218 "-" "ZoominfoBot (zoominfobot at zoominfo dot com)"
35.196.150.168 - - [31/Oct/2020:18:32:01 +0100] "GET / HTTP/1.0" 200 9626 "-" "ZoominfoBot (zoominfobot at zoominfo dot com)"
144.76.102.243 - - [31/Oct/2020:23:07:29 +0100] "GET /impressum.php HTTP/1.1" 200 8293 "-" "Mozilla/5.0 (Macintosh; Intel Mac OS X 1084) AppleWebKit/536.29.13 (KHTML like Gecko) Version/6.0.4 Safari/536.29.13"
148.251.50.77 - - [31/Oct/2020:23:07:34 +0100] "GET /impressum.php HTTP/1.1" 200 8293 "-" "Mozilla/5.0 (Windows NT 10.0; Win64; x64) AppleWebKit/537.36 (KHTML, like Gecko) Chrome/64.0.3282.119 Safari/537.36"
104.131.177.252 - - [31/Oct/2020:23:19:55 +0100] "GET / HTTP/1.0" 200 9626 "-" "Mozilla/5.0 (compatible; NetcraftSurveyAgent/1.0; +info@netcraft.com)"