54.36.148.19 - - [01/Oct/2020:00:17:25 +0200] "GET /robots.txt HTTP/1.1" 200 218 "-" "Mozilla/5.0 (compatible; AhrefsBot/6.1; +http://ahrefs.com/robot/)"
54.36.148.154 - - [01/Oct/2020:00:17:25 +0200] "GET /praxis.php HTTP/1.1" 200 7017 "-" "Mozilla/5.0 (compatible; AhrefsBot/7.0; +http://ahrefs.com/robot/)"
114.119.139.207 - - [01/Oct/2020:01:28:01 +0200] "GET /robots.txt HTTP/1.1" 200 218 "-" "(compatible;PetalBot;+https://aspiegel.com/petalbot)"
114.119.146.120 - - [01/Oct/2020:02:16:08 +0200] "GET /spez_leistungen.php HTTP/1.1" 200 7752 "-" "Mozilla/5.0 (Linux; Android 7.0;) AppleWebKit/537.36 (KHTML, like Gecko) Mobile Safari/537.36 (compatible; PetalBot;+https://aspiegel.com/petalbot)"
114.119.145.210 - - [01/Oct/2020:02:44:23 +0200] "GET /robots.txt HTTP/1.1" 200 218 "-" "(compatible;PetalBot;+https://aspiegel.com/petalbot)"
34.75.127.167 - - [01/Oct/2020:03:36:25 +0200] "GET /robots.txt HTTP/1.0" 200 218 "-" "ZoominfoBot (zoominfobot at zoominfo dot com)"
34.75.127.167 - - [01/Oct/2020:03:36:25 +0200] "GET /kont.php HTTP/1.0" 200 8494 "-" "ZoominfoBot (zoominfobot at zoominfo dot com)"
34.75.127.167 - - [01/Oct/2020:03:38:00 +0200] "GET /leistungen.php HTTP/1.0" 200 8056 "-" "ZoominfoBot (zoominfobot at zoominfo dot com)"
34.75.127.167 - - [01/Oct/2020:03:46:59 +0200] "GET /index.php HTTP/1.0" 200 9626 "-" "ZoominfoBot (zoominfobot at zoominfo dot com)"
34.75.127.167 - - [01/Oct/2020:03:55:31 +0200] "GET /impressum.php HTTP/1.0" 200 8293 "-" "ZoominfoBot (zoominfobot at zoominfo dot com)"
34.75.127.167 - - [01/Oct/2020:03:58:13 +0200] "GET /praxis.php HTTP/1.0" 200 7017 "-" "ZoominfoBot (zoominfobot at zoominfo dot com)"
34.75.127.167 - - [01/Oct/2020:04:00:52 +0200] "GET /anfahrt.php HTTP/1.0" 200 8074 "-" "ZoominfoBot (zoominfobot at zoominfo dot com)"
114.119.160.195 - - [01/Oct/2020:04:01:03 +0200] "GET /robots.txt HTTP/1.1" 200 218 "-" "(compatible;PetalBot;+https://aspiegel.com/petalbot)"
34.75.127.167 - - [01/Oct/2020:04:04:47 +0200] "GET /spez_leistungen.php HTTP/1.0" 200 7752 "-" "ZoominfoBot (zoominfobot at zoominfo dot com)"
114.119.157.128 - - [01/Oct/2020:05:07:16 +0200] "GET /leistungen.php HTTP/1.1" 200 8056 "-" "Mozilla/5.0 (Linux; Android 7.0;) AppleWebKit/537.36 (KHTML, like Gecko) Mobile Safari/537.36 (compatible; PetalBot;+https://aspiegel.com/petalbot)"
114.119.158.128 - - [01/Oct/2020:05:16:22 +0200] "GET /robots.txt HTTP/1.1" 200 218 "-" "(compatible;PetalBot;+https://aspiegel.com/petalbot)"
42.236.48.241 - - [01/Oct/2020:06:51:59 +0200] "GET /index.php HTTP/1.1" 200 9626 "http://www.dr-heidi-fleischer.de/index.php" "Mozilla/5.0 (Windows NT 6.1; WOW64) AppleWebKit/537.36 (KHTML, like Gecko) Chrome/50.4.2661.102 Safari/537.36; 360Spider"
42.236.48.241 - - [01/Oct/2020:06:51:59 +0200] "GET / HTTP/1.1" 200 9626 "http://www.dr-heidi-fleischer.de/" "Mozilla/5.0 (Windows NT 6.1; WOW64) AppleWebKit/537.36 (KHTML, like Gecko) Chrome/50.4.2661.102 Safari/537.36; 360Spider"
35.196.235.134 - - [01/Oct/2020:08:32:42 +0200] "GET /robots.txt HTTP/1.0" 200 218 "-" "ZoominfoBot (zoominfobot at zoominfo dot com)"
35.196.235.134 - - [01/Oct/2020:08:32:42 +0200] "GET /kont.php HTTP/1.0" 200 8494 "-" "ZoominfoBot (zoominfobot at zoominfo dot com)"
35.196.235.134 - - [01/Oct/2020:08:34:04 +0200] "GET /leistungen.php HTTP/1.0" 200 8056 "-" "ZoominfoBot (zoominfobot at zoominfo dot com)"
35.196.235.134 - - [01/Oct/2020:08:41:42 +0200] "GET /index.php HTTP/1.0" 200 9626 "-" "ZoominfoBot (zoominfobot at zoominfo dot com)"
35.196.235.134 - - [01/Oct/2020:08:49:48 +0200] "GET /impressum.php HTTP/1.0" 200 8293 "-" "ZoominfoBot (zoominfobot at zoominfo dot com)"
35.196.235.134 - - [01/Oct/2020:08:52:28 +0200] "GET /praxis.php HTTP/1.0" 200 7017 "-" "ZoominfoBot (zoominfobot at zoominfo dot com)"
35.196.235.134 - - [01/Oct/2020:08:54:52 +0200] "GET /anfahrt.php HTTP/1.0" 200 8074 "-" "ZoominfoBot (zoominfobot at zoominfo dot com)"
35.196.235.134 - - [01/Oct/2020:08:58:27 +0200] "GET /spez_leistungen.php HTTP/1.0" 200 7752 "-" "ZoominfoBot (zoominfobot at zoominfo dot com)"
54.36.148.238 - - [01/Oct/2020:11:10:20 +0200] "GET /leistungen.php HTTP/1.1" 200 8056 "-" "Mozilla/5.0 (compatible; AhrefsBot/7.0; +http://ahrefs.com/robot/)"
66.249.64.145 - - [01/Oct/2020:12:08:50 +0200] "GET / HTTP/1.1" 200 9626 "-" "Mozilla/5.0 (Linux; Android 6.0.1; Nexus 5X Build/MMB29P) AppleWebKit/537.36 (KHTML, like Gecko) Chrome/85.0.4183.132 Mobile Safari/537.36 (compatible; Googlebot/2.1; +http://www.google.com/bot.html)"
66.249.64.145 - - [01/Oct/2020:13:08:52 +0200] "GET / HTTP/1.1" 200 9626 "-" "Mozilla/5.0 (compatible; Googlebot/2.1; +http://www.google.com/bot.html)"
114.119.132.218 - - [01/Oct/2020:13:59:06 +0200] "GET / HTTP/1.1" 200 9626 "-" "Mozilla/5.0 (Linux; Android 7.0;) AppleWebKit/537.36 (KHTML, like Gecko) Mobile Safari/537.36 (compatible; PetalBot;+https://aspiegel.com/petalbot)"
95.128.200.200 - - [01/Oct/2020:14:37:16 +0200] "GET / HTTP/1.1" 200 9626 "https://www.google.de" "Mozilla/5.0 (Windows NT 6.1) AppleWebKit/537.36 (KHTML, like Gecko) Chrome/41.0.2228.0 Safari/537.36"
46.4.83.150 - - [01/Oct/2020:14:57:17 +0200] "GET /impressum.php HTTP/1.1" 200 8293 "-" "Mozilla/5.0 (Macintosh; Intel Mac OS X 10.12; rv:58.0) Gecko/20100101 Firefox/58.0"
114.119.163.186 - - [01/Oct/2020:17:02:58 +0200] "GET /anfahrt.php HTTP/1.1" 200 8074 "-" "Mozilla/5.0 (Linux; Android 7.0;) AppleWebKit/537.36 (KHTML, like Gecko) Mobile Safari/537.36 (compatible; PetalBot;+https://aspiegel.com/petalbot)"
34.74.248.24 - - [01/Oct/2020:17:47:44 +0200] "GET /robots.txt HTTP/1.0" 200 218 "-" "ZoominfoBot (zoominfobot at zoominfo dot com)"
34.74.248.24 - - [01/Oct/2020:17:47:44 +0200] "GET / HTTP/1.0" 200 9626 "-" "ZoominfoBot (zoominfobot at zoominfo dot com)"
216.244.66.228 - - [01/Oct/2020:18:34:32 +0200] "GET /robots.txt HTTP/1.1" 200 218 "-" "Mozilla/5.0 (compatible; DotBot/1.1; http://www.opensiteexplorer.org/dotbot, help@moz.com)"
216.244.66.228 - - [01/Oct/2020:18:38:47 +0200] "GET /anfahrt.php HTTP/1.1" 200 8074 "-" "Mozilla/5.0 (compatible; DotBot/1.1; http://www.opensiteexplorer.org/dotbot, help@moz.com)"
157.55.39.23 - - [01/Oct/2020:19:28:04 +0200] "GET /robots.txt HTTP/1.1" 200 218 "-" "Mozilla/5.0 (compatible; bingbot/2.0; +http://www.bing.com/bingbot.htm)"
207.46.13.12 - - [01/Oct/2020:19:28:15 +0200] "GET / HTTP/1.1" 200 9626 "-" "Mozilla/5.0 (compatible; bingbot/2.0; +http://www.bing.com/bingbot.htm)"
144.76.162.206 - - [01/Oct/2020:20:10:28 +0200] "GET /kont.php HTTP/1.1" 200 8494 "-" "Mozilla/5.0 (X11; Linux x86_64) AppleWebKit/537.36 (KHTML, like Gecko) Chrome/51.0.2704.106 Safari/537.36"
54.36.149.53 - - [01/Oct/2020:20:46:40 +0200] "GET /robots.txt HTTP/1.1" 200 218 "-" "Mozilla/5.0 (compatible; AhrefsBot/6.1; +http://ahrefs.com/robot/)"
114.119.160.84 - - [01/Oct/2020:22:45:39 +0200] "GET /spez_leistungen.php HTTP/1.1" 200 7752 "-" "Mozilla/5.0 (Linux; Android 7.0;) AppleWebKit/537.36 (KHTML, like Gecko) Mobile Safari/537.36 (compatible; PetalBot;+https://aspiegel.com/petalbot)"
54.36.149.27 - - [01/Oct/2020:23:44:06 +0200] "GET / HTTP/1.1" 200 9626 "-" "Mozilla/5.0 (compatible; AhrefsBot/7.0; +http://ahrefs.com/robot/)"
34.73.169.45 - - [02/Oct/2020:03:48:33 +0200] "GET /robots.txt HTTP/1.0" 200 218 "-" "ZoominfoBot (zoominfobot at zoominfo dot com)"
34.73.169.45 - - [02/Oct/2020:03:48:33 +0200] "GET /kont.php HTTP/1.0" 200 8494 "-" "ZoominfoBot (zoominfobot at zoominfo dot com)"
34.73.169.45 - - [02/Oct/2020:03:49:55 +0200] "GET /leistungen.php HTTP/1.0" 200 8056 "-" "ZoominfoBot (zoominfobot at zoominfo dot com)"
34.73.169.45 - - [02/Oct/2020:03:56:50 +0200] "GET /index.php HTTP/1.0" 200 9626 "-" "ZoominfoBot (zoominfobot at zoominfo dot com)"
34.73.169.45 - - [02/Oct/2020:04:03:10 +0200] "GET /impressum.php HTTP/1.0" 200 8293 "-" "ZoominfoBot (zoominfobot at zoominfo dot com)"
34.73.169.45 - - [02/Oct/2020:04:05:34 +0200] "GET /praxis.php HTTP/1.0" 200 7017 "-" "ZoominfoBot (zoominfobot at zoominfo dot com)"
34.73.169.45 - - [02/Oct/2020:04:08:00 +0200] "GET /anfahrt.php HTTP/1.0" 200 8074 "-" "ZoominfoBot (zoominfobot at zoominfo dot com)"
34.73.169.45 - - [02/Oct/2020:04:12:02 +0200] "GET /spez_leistungen.php HTTP/1.0" 200 7752 "-" "ZoominfoBot (zoominfobot at zoominfo dot com)"
66.249.64.145 - - [02/Oct/2020:05:30:09 +0200] "GET /robots.txt HTTP/1.1" 200 218 "-" "Mozilla/5.0 (compatible; Googlebot/2.1; +http://www.google.com/bot.html)"
66.249.64.147 - - [02/Oct/2020:05:30:10 +0200] "GET / HTTP/1.1" 200 9626 "-" "Mozilla/5.0 (Linux; Android 6.0.1; Nexus 5X Build/MMB29P) AppleWebKit/537.36 (KHTML, like Gecko) Chrome/85.0.4183.132 Mobile Safari/537.36 (compatible; Googlebot/2.1; +http://www.google.com/bot.html)"
66.249.64.145 - - [02/Oct/2020:06:50:50 +0200] "GET / HTTP/1.1" 200 9626 "-" "Mozilla/5.0 (compatible; Googlebot/2.1; +http://www.google.com/bot.html)"
2.247.253.194 - - [02/Oct/2020:07:08:54 +0200] "GET / HTTP/1.1" 200 9626 "-" "Mozilla/5.0 (iPhone; CPU iPhone OS 14_0_1 like Mac OS X) AppleWebKit/605.1.15 (KHTML, like Gecko) Version/14.0 Mobile/15E148 Safari/604.1"
17.58.100.159 - - [02/Oct/2020:07:15:55 +0200] "GET /robots.txt HTTP/1.1" 200 218 "-" "Mozilla/5.0 (Macintosh; Intel Mac OS X 10_15_5) AppleWebKit/605.1.15 (KHTML, like Gecko) Version/13.1.1 Safari/605.1.15 (Applebot/0.1; +http://www.apple.com/go/applebot)"
17.58.103.228 - - [02/Oct/2020:07:15:55 +0200] "GET /praxis.php HTTP/1.1" 200 7017 "-" "Mozilla/5.0 (Macintosh; Intel Mac OS X 10_15_5) AppleWebKit/605.1.15 (KHTML, like Gecko) Version/13.1.1 Safari/605.1.15 (Applebot/0.1; +http://www.apple.com/go/applebot)"
114.119.132.218 - - [02/Oct/2020:07:22:28 +0200] "GET /impressum.php HTTP/1.1" 200 8293 "-" "Mozilla/5.0 (Linux; Android 7.0;) AppleWebKit/537.36 (KHTML, like Gecko) Mobile Safari/537.36 (compatible; PetalBot;+https://aspiegel.com/petalbot)"
104.236.57.129 - - [02/Oct/2020:07:35:50 +0200] "GET / HTTP/1.1" 200 9626 "http://www.dr-heidi-fleischer.de" "Mozilla/5.0 (X11; Datanyze; Linux x86_64) AppleWebKit/537.36 (KHTML, like Gecko) Chrome/65.0.3325.181 Safari/537.36"
104.236.57.129 - - [02/Oct/2020:07:35:52 +0200] "GET /scripte/all_scripts.js HTTP/1.1" 200 249 "-" "Mozilla/5.0 (X11; Datanyze; Linux x86_64) AppleWebKit/537.36 (KHTML, like Gecko) Chrome/65.0.3325.181 Safari/537.36"
104.236.57.129 - - [02/Oct/2020:07:35:52 +0200] "GET /css/fl_style.css HTTP/1.1" 200 10194 "-" "Mozilla/5.0 (X11; Datanyze; Linux x86_64) AppleWebKit/537.36 (KHTML, like Gecko) Chrome/65.0.3325.181 Safari/537.36"
104.236.57.129 - - [02/Oct/2020:07:35:59 +0200] "GET /robots.txt HTTP/1.1" 200 218 "-" "Mozilla/5.0 (Macintosh; Intel Mac OS X 10_9_2) AppleWebKit/537.75.14 (KHTML, like Gecko) Version/7.0.3 Safari/537.75.14"
104.236.57.129 - - [02/Oct/2020:07:36:06 +0200] "GET /index.php HTTP/1.1" 200 9626 "http://www.dr-heidi-fleischer.de" "Mozilla/5.0 (X11; Datanyze; Linux x86_64) AppleWebKit/537.36 (KHTML, like Gecko) Chrome/65.0.3325.181 Safari/537.36"
104.236.57.129 - - [02/Oct/2020:07:36:06 +0200] "GET /spez_leistungen.php HTTP/1.1" 200 7752 "http://www.dr-heidi-fleischer.de" "Mozilla/5.0 (X11; Datanyze; Linux x86_64) AppleWebKit/537.36 (KHTML, like Gecko) Chrome/65.0.3325.181 Safari/537.36"
104.236.57.129 - - [02/Oct/2020:07:36:06 +0200] "GET /praxis.php HTTP/1.1" 200 7017 "http://www.dr-heidi-fleischer.de" "Mozilla/5.0 (X11; Datanyze; Linux x86_64) AppleWebKit/537.36 (KHTML, like Gecko) Chrome/65.0.3325.181 Safari/537.36"
104.236.57.129 - - [02/Oct/2020:07:36:06 +0200] "GET /leistungen.php HTTP/1.1" 200 8056 "http://www.dr-heidi-fleischer.de" "Mozilla/5.0 (X11; Datanyze; Linux x86_64) AppleWebKit/537.36 (KHTML, like Gecko) Chrome/65.0.3325.181 Safari/537.36"
104.236.57.129 - - [02/Oct/2020:07:36:06 +0200] "GET /impressum.php HTTP/1.1" 200 8293 "http://www.dr-heidi-fleischer.de" "Mozilla/5.0 (X11; Datanyze; Linux x86_64) AppleWebKit/537.36 (KHTML, like Gecko) Chrome/65.0.3325.181 Safari/537.36"
104.236.57.129 - - [02/Oct/2020:07:36:08 +0200] "GET /kont.php HTTP/1.1" 200 8494 "http://www.dr-heidi-fleischer.de" "Mozilla/5.0 (X11; Datanyze; Linux x86_64) AppleWebKit/537.36 (KHTML, like Gecko) Chrome/65.0.3325.181 Safari/537.36"
104.236.57.129 - - [02/Oct/2020:07:36:08 +0200] "GET /anfahrt.php HTTP/1.1" 200 8074 "http://www.dr-heidi-fleischer.de" "Mozilla/5.0 (X11; Datanyze; Linux x86_64) AppleWebKit/537.36 (KHTML, like Gecko) Chrome/65.0.3325.181 Safari/537.36"
157.55.39.23 - - [02/Oct/2020:07:37:36 +0200] "GET /robots.txt HTTP/1.1" 200 218 "-" "Mozilla/5.0 (compatible; bingbot/2.0; +http://www.bing.com/bingbot.htm)"
207.46.13.119 - - [02/Oct/2020:07:37:57 +0200] "GET /img/leistungen_1.jpg HTTP/1.1" 200 15190 "-" "Mozilla/5.0 (compatible; bingbot/2.0; +http://www.bing.com/bingbot.htm)"
66.249.70.28 - - [02/Oct/2020:07:39:45 +0200] "GET /robots.txt HTTP/1.1" 200 218 "-" "Mozilla/5.0 (compatible; Googlebot/2.1; +http://www.google.com/bot.html)"
66.249.70.30 - - [02/Oct/2020:07:39:45 +0200] "GET / HTTP/1.1" 200 9626 "-" "Mozilla/5.0 (Linux; Android 6.0.1; Nexus 5X Build/MMB29P) AppleWebKit/537.36 (KHTML, like Gecko) Chrome/85.0.4183.132 Mobile Safari/537.36 (compatible; Googlebot/2.1; +http://www.google.com/bot.html)"
66.249.70.30 - - [02/Oct/2020:07:39:47 +0200] "GET /css/fl_style.css HTTP/1.1" 200 10194 "http://www.dr-heidi-fleischer.de/" "Mozilla/5.0 (Linux; Android 6.0.1; Nexus 5X Build/MMB29P) AppleWebKit/537.36 (KHTML, like Gecko) Chrome/85.0.4183.136 Mobile Safari/537.36 (compatible; Googlebot/2.1; +http://www.google.com/bot.html)"
207.46.13.12 - - [02/Oct/2020:08:43:17 +0200] "GET /img/dr_fleischer_ani.gif HTTP/1.1" 200 854042 "-" "Mozilla/5.0 (compatible; bingbot/2.0; +http://www.bing.com/bingbot.htm)"
54.36.148.121 - - [02/Oct/2020:09:34:25 +0200] "GET / HTTP/1.1" 200 9626 "-" "Mozilla/5.0 (compatible; AhrefsBot/7.0; +http://ahrefs.com/robot/)"
88.198.90.9 - - [02/Oct/2020:11:11:07 +0200] "GET / HTTP/1.1" 200 9626 "-" "Mozilla/5.0 (Windows NT 10.0; Win64; x64) AppleWebKit/537.36 (KHTML, like Gecko) Chrome/63.0.3239.132 Safari/537.36 OPR/50.0.2762.58"
17.58.59.6 - - [02/Oct/2020:11:51:43 +0200] "GET / HTTP/1.1" 200 9626 "-" "Mozilla/5.0 (Macintosh; Intel Mac OS X 10.12; rv:52.0) Gecko/20100101 Firefox/52.0"
100.25.109.144 - - [02/Oct/2020:12:18:06 +0200] "HEAD / HTTP/1.1" 200 - "-" "curl/7.71.1"
62.210.188.216 - - [02/Oct/2020:12:39:17 +0200] "GET /robots.txt HTTP/1.1" 200 218 "-" "Mozilla/5.0 (compatible; Barkrowler/0.9; +https://babbar.tech/crawler)"
62.210.188.216 - - [02/Oct/2020:12:39:22 +0200] "GET / HTTP/1.1" 200 9626 "-" "Mozilla/5.0 (compatible; Barkrowler/0.9; +https://babbar.tech/crawler)"
66.249.70.1 - - [02/Oct/2020:13:11:55 +0200] "GET / HTTP/1.1" 200 9626 "-" "Mozilla/5.0 (compatible; Googlebot/2.1; +http://www.google.com/bot.html)"
18.206.45.191 - - [02/Oct/2020:14:29:05 +0200] "GET / HTTP/1.1" 200 9626 "-" "Mozilla/5.0 (Macintosh; Intel Mac OS X 10_14_6) AppleWebKit/537.36 (KHTML, like Gecko) Chrome/83.0.4103.61 Safari/537.36"
207.46.13.117 - - [02/Oct/2020:14:29:22 +0200] "GET /praxis.php HTTP/1.1" 200 7017 "-" "Mozilla/5.0 (compatible; bingbot/2.0; +http://www.bing.com/bingbot.htm)"
207.46.13.7 - - [02/Oct/2020:14:29:28 +0200] "GET /robots.txt HTTP/1.1" 200 218 "-" "Mozilla/5.0 (compatible; bingbot/2.0; +http://www.bing.com/bingbot.htm)"
207.46.13.13 - - [02/Oct/2020:14:29:48 +0200] "GET /css/fl_style.css HTTP/1.1" 200 10194 "-" "Mozilla/5.0 (compatible; bingbot/2.0; +http://www.bing.com/bingbot.htm)"
138.197.70.132 - - [02/Oct/2020:15:54:45 +0200] "HEAD / HTTP/1.1" 200 - "https://www.netcraft.com/survey/" "Mozilla/4.0 (compatible; Netcraft Web Server Survey)"
114.119.161.177 - - [02/Oct/2020:17:21:43 +0200] "GET /anfahrt.php HTTP/1.1" 200 8074 "-" "Mozilla/5.0 (Linux; Android 7.0;) AppleWebKit/537.36 (KHTML, like Gecko) Mobile Safari/537.36 (compatible; PetalBot;+https://aspiegel.com/petalbot)"
66.249.64.149 - - [02/Oct/2020:17:33:43 +0200] "GET / HTTP/1.1" 200 9626 "-" "Mozilla/5.0 (Linux; Android 6.0.1; Nexus 5X Build/MMB29P) AppleWebKit/537.36 (KHTML, like Gecko) Chrome/85.0.4183.132 Mobile Safari/537.36 (compatible; Googlebot/2.1; +http://www.google.com/bot.html)"
66.249.70.1 - - [02/Oct/2020:17:43:43 +0200] "GET / HTTP/1.1" 200 9626 "-" "Mozilla/5.0 (Linux; Android 6.0.1; Nexus 5X Build/MMB29P) AppleWebKit/537.36 (KHTML, like Gecko) Chrome/85.0.4183.132 Mobile Safari/537.36 (compatible; Googlebot/2.1; +http://www.google.com/bot.html)"
34.73.129.4 - - [02/Oct/2020:17:55:35 +0200] "GET /robots.txt HTTP/1.0" 200 218 "-" "ZoominfoBot (zoominfobot at zoominfo dot com)"
34.73.129.4 - - [02/Oct/2020:17:55:36 +0200] "GET / HTTP/1.0" 200 9626 "-" "ZoominfoBot (zoominfobot at zoominfo dot com)"
17.58.103.228 - - [02/Oct/2020:21:59:54 +0200] "GET /impressum.php HTTP/1.1" 200 8293 "-" "Mozilla/5.0 (Macintosh; Intel Mac OS X 10_15_5) AppleWebKit/605.1.15 (KHTML, like Gecko) Version/13.1.1 Safari/605.1.15 (Applebot/0.1; +http://www.apple.com/go/applebot)"
54.36.148.127 - - [02/Oct/2020:22:14:28 +0200] "GET /robots.txt HTTP/1.1" 200 218 "-" "Mozilla/5.0 (compatible; AhrefsBot/6.1; +http://ahrefs.com/robot/)"
66.249.64.145 - - [02/Oct/2020:22:27:32 +0200] "GET / HTTP/1.1" 200 9626 "-" "Mozilla/5.0 (compatible; Googlebot/2.1; +http://www.google.com/bot.html)"
66.249.64.145 - - [02/Oct/2020:22:27:36 +0200] "GET /css/fl_style.css HTTP/1.1" 200 10194 "http://www.zahnmedizin-im-alter.de/" "Mozilla/5.0 AppleWebKit/537.36 (KHTML, like Gecko; compatible; Googlebot/2.1; +http://www.google.com/bot.html) Chrome/85.0.4183.136 Safari/537.36"
207.46.13.119 - - [02/Oct/2020:23:13:51 +0200] "GET /img/spez_leistungen_2.jpg HTTP/1.1" 200 13667 "-" "Mozilla/5.0 (compatible; bingbot/2.0; +http://www.bing.com/bingbot.htm)"
114.119.157.20 - - [03/Oct/2020:02:04:30 +0200] "GET /robots.txt HTTP/1.1" 200 218 "-" "(compatible;PetalBot;+https://aspiegel.com/petalbot)"
35.237.41.77 - - [03/Oct/2020:02:33:59 +0200] "GET /robots.txt HTTP/1.0" 200 218 "-" "ZoominfoBot (zoominfobot at zoominfo dot com)"
35.237.41.77 - - [03/Oct/2020:02:34:00 +0200] "GET /kont.php HTTP/1.0" 200 8494 "-" "ZoominfoBot (zoominfobot at zoominfo dot com)"
35.237.41.77 - - [03/Oct/2020:02:35:44 +0200] "GET /leistungen.php HTTP/1.0" 200 8056 "-" "ZoominfoBot (zoominfobot at zoominfo dot com)"
35.237.41.77 - - [03/Oct/2020:02:43:40 +0200] "GET /index.php HTTP/1.0" 200 9626 "-" "ZoominfoBot (zoominfobot at zoominfo dot com)"
35.237.41.77 - - [03/Oct/2020:02:51:02 +0200] "GET /impressum.php HTTP/1.0" 200 8293 "-" "ZoominfoBot (zoominfobot at zoominfo dot com)"
35.237.41.77 - - [03/Oct/2020:02:53:35 +0200] "GET /praxis.php HTTP/1.0" 200 7017 "-" "ZoominfoBot (zoominfobot at zoominfo dot com)"
35.237.41.77 - - [03/Oct/2020:02:56:03 +0200] "GET /anfahrt.php HTTP/1.0" 200 8074 "-" "ZoominfoBot (zoominfobot at zoominfo dot com)"
35.237.41.77 - - [03/Oct/2020:02:59:34 +0200] "GET /spez_leistungen.php HTTP/1.0" 200 7752 "-" "ZoominfoBot (zoominfobot at zoominfo dot com)"
114.119.128.212 - - [03/Oct/2020:03:20:18 +0200] "GET /robots.txt HTTP/1.1" 200 218 "-" "(compatible;PetalBot;+https://aspiegel.com/petalbot)"
114.119.160.138 - - [03/Oct/2020:04:16:07 +0200] "GET /kont.php HTTP/1.1" 200 8494 "-" "Mozilla/5.0 (Linux; Android 7.0;) AppleWebKit/537.36 (KHTML, like Gecko) Mobile Safari/537.36 (compatible; PetalBot;+https://aspiegel.com/petalbot)"
5.9.17.118 - - [03/Oct/2020:04:33:24 +0200] "GET / HTTP/1.1" 200 9626 "-" "Mozilla/5.0 (Windows NT 6.3; Win64; x64) AppleWebKit/537.36 (KHTML, like Gecko) Chrome/63.0.3239.132 Safari/537.36"
5.9.17.118 - - [03/Oct/2020:04:34:30 +0200] "GET /impressum.php HTTP/1.1" 200 8293 "-" "Mozilla/5.0 (Macintosh; Intel Mac OS X 10_11_6) AppleWebKit/537.36 (KHTML, like Gecko) Chrome/63.0.3239.132 Safari/537.36"
5.9.17.118 - - [03/Oct/2020:04:34:30 +0200] "GET /kont.php HTTP/1.1" 200 8494 "-" "Mozilla/5.0 (Windows NT 10.0; Win64; x64) AppleWebKit/537.36 (KHTML, like Gecko) Chrome/63.0.3239.84 Safari/537.36"
5.9.17.118 - - [03/Oct/2020:04:34:33 +0200] "GET /index.php HTTP/1.1" 200 9626 "-" "Mozilla/5.0 (X11; Linux x86_64; rv:52.0) Gecko/20100101 Firefox/52.0"
5.9.17.118 - - [03/Oct/2020:04:34:33 +0200] "GET /leistungen.php HTTP/1.1" 200 8056 "-" "Mozilla/5.0 (Macintosh; Intel Mac OS X 10_13_2) AppleWebKit/537.36 (KHTML, like Gecko) Chrome/64.0.3282.140 Safari/537.36"
5.9.17.118 - - [03/Oct/2020:04:34:33 +0200] "GET /spez_leistungen.php HTTP/1.1" 200 7752 "-" "Mozilla/5.0 (X11; Ubuntu; Linux x86_64; rv:57.0) Gecko/20100101 Firefox/57.0"
54.36.149.6 - - [03/Oct/2020:05:18:31 +0200] "GET /robots.txt HTTP/1.1" 200 218 "-" "Mozilla/5.0 (compatible; AhrefsBot/6.1; +http://ahrefs.com/robot/)"
54.36.149.57 - - [03/Oct/2020:05:18:33 +0200] "GET /kont.php HTTP/1.1" 200 8494 "-" "Mozilla/5.0 (compatible; AhrefsBot/7.0; +http://ahrefs.com/robot/)"
17.58.100.117 - - [03/Oct/2020:05:59:33 +0200] "GET /robots.txt HTTP/1.1" 200 218 "-" "Mozilla/5.0 (Macintosh; Intel Mac OS X 10_15_5) AppleWebKit/605.1.15 (KHTML, like Gecko) Version/13.1.1 Safari/605.1.15 (Applebot/0.1; +http://www.apple.com/go/applebot)"
17.58.103.228 - - [03/Oct/2020:05:59:33 +0200] "GET / HTTP/1.1" 200 9626 "-" "Mozilla/5.0 (Macintosh; Intel Mac OS X 10_15_5) AppleWebKit/605.1.15 (KHTML, like Gecko) Version/13.1.1 Safari/605.1.15 (Applebot/0.1; +http://www.apple.com/go/applebot)"
114.119.132.218 - - [03/Oct/2020:06:39:12 +0200] "GET /index.php HTTP/1.1" 200 9626 "-" "Mozilla/5.0 (Linux; Android 7.0;) AppleWebKit/537.36 (KHTML, like Gecko) Mobile Safari/537.36 (compatible; PetalBot;+https://aspiegel.com/petalbot)"
42.236.10.110 - - [03/Oct/2020:07:34:27 +0200] "GET /index.php HTTP/1.1" 200 9626 "http://www.dr-heidi-fleischer.de/index.php" "Mozilla/5.0 (Windows NT 6.1; WOW64) AppleWebKit/537.36 (KHTML, like Gecko) Chrome/50.4.2661.102 Safari/537.36; 360Spider"
42.236.10.116 - - [03/Oct/2020:07:34:27 +0200] "GET / HTTP/1.1" 200 9626 "http://www.dr-heidi-fleischer.de/" "Mozilla/5.0 (Windows NT 6.1; WOW64) AppleWebKit/537.36 (KHTML, like Gecko) Chrome/50.4.2661.102 Safari/537.36; 360Spider"
66.249.70.1 - - [03/Oct/2020:08:40:11 +0200] "GET /robots.txt HTTP/1.1" 200 218 "-" "Mozilla/5.0 (compatible; Googlebot/2.1; +http://www.google.com/bot.html)"
66.249.70.1 - - [03/Oct/2020:08:40:11 +0200] "GET / HTTP/1.1" 200 9626 "-" "Mozilla/5.0 (Linux; Android 6.0.1; Nexus 5X Build/MMB29P) AppleWebKit/537.36 (KHTML, like Gecko) Chrome/85.0.4183.132 Mobile Safari/537.36 (compatible; Googlebot/2.1; +http://www.google.com/bot.html)"
207.46.13.13 - - [03/Oct/2020:09:06:07 +0200] "GET /img/leistungen_2.jpg HTTP/1.1" 200 13824 "-" "Mozilla/5.0 (compatible; bingbot/2.0; +http://www.bing.com/bingbot.htm)"
114.119.160.84 - - [03/Oct/2020:10:06:07 +0200] "GET /leistungen.php HTTP/1.1" 200 8056 "-" "Mozilla/5.0 (Linux; Android 7.0;) AppleWebKit/537.36 (KHTML, like Gecko) Mobile Safari/537.36 (compatible; PetalBot;+https://aspiegel.com/petalbot)"
66.249.64.149 - - [03/Oct/2020:10:30:55 +0200] "GET /robots.txt HTTP/1.1" 200 218 "-" "Mozilla/5.0 (compatible; Googlebot/2.1; +http://www.google.com/bot.html)"
66.249.64.149 - - [03/Oct/2020:10:30:55 +0200] "GET / HTTP/1.1" 200 9626 "-" "Mozilla/5.0 (Linux; Android 6.0.1; Nexus 5X Build/MMB29P) AppleWebKit/537.36 (KHTML, like Gecko) Chrome/85.0.4183.132 Mobile Safari/537.36 (compatible; Googlebot/2.1; +http://www.google.com/bot.html)"
88.198.43.207 - - [03/Oct/2020:10:32:35 +0200] "GET / HTTP/1.1" 200 9626 "-" "Mozilla/5.0 (Macintosh; Intel Mac OS X 1084) AppleWebKit/536.29.13 (KHTML like Gecko) Version/6.0.4 Safari/536.29.13"
66.249.64.149 - - [03/Oct/2020:11:41:11 +0200] "GET / HTTP/1.1" 200 9626 "-" "Mozilla/5.0 (compatible; Googlebot/2.1; +http://www.google.com/bot.html)"
114.119.144.41 - - [03/Oct/2020:12:02:10 +0200] "GET /anfahrt.php HTTP/1.1" 200 8074 "-" "Mozilla/5.0 (Linux; Android 7.0;) AppleWebKit/537.36 (KHTML, like Gecko) Mobile Safari/537.36 (compatible; PetalBot;+https://aspiegel.com/petalbot)"
87.184.146.143 - - [03/Oct/2020:12:36:02 +0200] "GET / HTTP/1.1" 200 9626 "-" "Mozilla/5.0 (iPhone; CPU iPhone OS 14_0_1 like Mac OS X) AppleWebKit/605.1.15 (KHTML, like Gecko) Version/14.0 Mobile/15E148 Safari/604.1"
207.46.13.117 - - [03/Oct/2020:13:09:06 +0200] "GET /img/zert_1gross.jpg HTTP/1.1" 200 22004 "-" "Mozilla/5.0 (compatible; bingbot/2.0; +http://www.bing.com/bingbot.htm)"
138.197.70.189 - - [03/Oct/2020:13:29:52 +0200] "GET / HTTP/1.1" 200 9626 "-" "Mozilla/5.0 (X11; Datanyze; Linux x86_64) AppleWebKit/537.36 (KHTML, like Gecko) Chrome/65.0.3325.181 Safari/537.36"
138.197.70.189 - - [03/Oct/2020:13:29:53 +0200] "GET /scripte/all_scripts.js HTTP/1.1" 200 249 "http://www.dr-heidi-fleischer.de/" "Mozilla/5.0 (X11; Datanyze; Linux x86_64) AppleWebKit/537.36 (KHTML, like Gecko) Chrome/65.0.3325.181 Safari/537.36"
114.119.146.120 - - [03/Oct/2020:13:51:58 +0200] "GET /praxis.php HTTP/1.1" 200 7017 "-" "Mozilla/5.0 (Linux; Android 7.0;) AppleWebKit/537.36 (KHTML, like Gecko) Mobile Safari/537.36 (compatible; PetalBot;+https://aspiegel.com/petalbot)"
66.249.64.149 - - [03/Oct/2020:17:22:07 +0200] "GET / HTTP/1.1" 200 9626 "-" "Mozilla/5.0 (compatible; Googlebot/2.1; +http://www.google.com/bot.html)"
66.249.64.145 - - [03/Oct/2020:17:22:12 +0200] "GET /favicon.ico HTTP/1.1" 404 1256 "-" "Googlebot-Image/1.0"
66.249.64.147 - - [03/Oct/2020:17:49:25 +0200] "GET /favicon.ico HTTP/1.1" 404 1256 "-" "Googlebot-Image/1.0"
66.249.64.145 - - [03/Oct/2020:21:13:54 +0200] "GET / HTTP/1.1" 200 9626 "-" "Mozilla/5.0 (Linux; Android 6.0.1; Nexus 5X Build/MMB29P) AppleWebKit/537.36 (KHTML, like Gecko) Chrome/85.0.4183.132 Mobile Safari/537.36 (compatible; Googlebot/2.1; +http://www.google.com/bot.html)"
66.249.64.145 - - [03/Oct/2020:21:54:15 +0200] "GET / HTTP/1.1" 200 9626 "-" "Mozilla/5.0 (compatible; Googlebot/2.1; +http://www.google.com/bot.html)"
194.173.174.10 - - [03/Oct/2020:22:20:25 +0200] "HEAD / HTTP/1.1" 200 - "-" "Mozilla/5.0 (Windows NT 6.3; WOW64) AppleWebKit/537.36 (KHTML, like Gecko) Chrome/43.0.2357.134 Safari/537.36"
54.36.148.225 - - [03/Oct/2020:22:25:06 +0200] "GET /robots.txt HTTP/1.1" 200 218 "-" "Mozilla/5.0 (compatible; AhrefsBot/6.1; +http://ahrefs.com/robot/)"
51.222.43.160 - - [03/Oct/2020:22:25:32 +0200] "GET / HTTP/1.1" 200 9626 "-" "Mozilla/5.0 (compatible; Dataprovider.com)"
51.222.43.160 - - [03/Oct/2020:22:25:36 +0200] "GET /robots.txt HTTP/1.1" 200 218 "-" "Mozilla/5.0 (compatible; Dataprovider.com)"
51.222.43.160 - - [03/Oct/2020:22:25:37 +0200] "GET /sitemap.xml HTTP/1.1" 404 1256 "-" "Mozilla/5.0 (compatible; Dataprovider.com)"
51.222.43.160 - - [03/Oct/2020:22:25:37 +0200] "GET / HTTP/1.1" 200 9626 "-" "Mozilla/5.0 (compatible; Dataprovider.com)"
51.222.43.160 - - [03/Oct/2020:22:25:38 +0200] "GET /kont.php HTTP/1.1" 200 8494 "-" "Mozilla/5.0 (compatible; Dataprovider.com)"
51.222.43.160 - - [03/Oct/2020:22:25:40 +0200] "GET /impressum.php HTTP/1.1" 200 8293 "-" "Mozilla/5.0 (compatible; Dataprovider.com)"
51.222.43.160 - - [03/Oct/2020:22:25:41 +0200] "GET /datenschutz.php HTTP/1.1" 404 1256 "-" "Mozilla/5.0 (compatible; Dataprovider.com)"
51.222.43.160 - - [03/Oct/2020:22:25:42 +0200] "GET /praxis.php HTTP/1.1" 200 7017 "-" "Mozilla/5.0 (compatible; Dataprovider.com)"
51.222.43.160 - - [03/Oct/2020:22:25:43 +0200] "GET /index.php HTTP/1.1" 200 9626 "-" "Mozilla/5.0 (compatible; Dataprovider.com)"
51.222.43.160 - - [03/Oct/2020:22:25:45 +0200] "GET /anfahrt.php HTTP/1.1" 200 8074 "-" "Mozilla/5.0 (compatible; Dataprovider.com)"
51.222.43.160 - - [03/Oct/2020:22:25:46 +0200] "GET /leistungen.php HTTP/1.1" 200 8056 "-" "Mozilla/5.0 (compatible; Dataprovider.com)"
51.222.43.160 - - [03/Oct/2020:22:25:47 +0200] "GET /spez_leistungen.php HTTP/1.1" 200 7752 "-" "Mozilla/5.0 (compatible; Dataprovider.com)"
51.222.43.160 - - [03/Oct/2020:22:25:49 +0200] "GET /ads.txt HTTP/1.1" 404 1256 "-" "Mozilla/5.0 (compatible; Dataprovider.com)"
51.222.43.160 - - [03/Oct/2020:22:25:49 +0200] "GET / HTTP/1.1" 200 9626 "-" "Mozilla/5.0 (Linux; Android 5.1.1; SM-G925F Build/LMY47X) AppleWebKit/537.36 (KHTML, like Gecko) Chrome/45.0.2454.94 Mobile Safari/537.36"
66.249.75.1 - - [04/Oct/2020:00:24:45 +0200] "GET / HTTP/1.1" 200 9626 "-" "Mozilla/5.0 (Linux; Android 6.0.1; Nexus 5X Build/MMB29P) AppleWebKit/537.36 (KHTML, like Gecko) Chrome/85.0.4183.132 Mobile Safari/537.36 (compatible; Googlebot/2.1; +http://www.google.com/bot.html)"
35.227.20.75 - - [04/Oct/2020:01:19:12 +0200] "GET /robots.txt HTTP/1.0" 200 218 "-" "ZoominfoBot (zoominfobot at zoominfo dot com)"
35.227.20.75 - - [04/Oct/2020:01:19:13 +0200] "GET / HTTP/1.0" 200 9626 "-" "ZoominfoBot (zoominfobot at zoominfo dot com)"
194.153.113.13 - - [04/Oct/2020:02:38:52 +0200] "GET /robots.txt HTTP/1.1" 200 218 "-" "Mozilla/5.0 (compatible; oBot/2.3.1; http://www.xforce-security.com/crawler/)"
194.153.113.13 - - [04/Oct/2020:02:38:52 +0200] "GET / HTTP/1.1" 200 9626 "-" "Mozilla/5.0 (compatible; oBot/2.3.1; http://www.xforce-security.com/crawler/)"
114.119.160.138 - - [04/Oct/2020:03:00:13 +0200] "GET /leistungen.php HTTP/1.1" 200 8056 "-" "Mozilla/5.0 (Linux; Android 7.0;) AppleWebKit/537.36 (KHTML, like Gecko) Mobile Safari/537.36 (compatible; PetalBot;+https://aspiegel.com/petalbot)"
66.249.75.31 - - [04/Oct/2020:03:46:06 +0200] "GET / HTTP/1.1" 200 9626 "-" "Mozilla/5.0 (compatible; Googlebot/2.1; +http://www.google.com/bot.html)"
34.74.210.226 - - [04/Oct/2020:04:17:10 +0200] "GET /robots.txt HTTP/1.0" 200 218 "-" "ZoominfoBot (zoominfobot at zoominfo dot com)"
34.74.210.226 - - [04/Oct/2020:04:17:10 +0200] "GET / HTTP/1.0" 200 9626 "-" "ZoominfoBot (zoominfobot at zoominfo dot com)"
78.46.63.108 - - [04/Oct/2020:05:23:52 +0200] "GET /robots.txt HTTP/1.1" 200 218 "-" "Mozilla/5.0 (compatible; MJ12bot/v1.4.8; http://mj12bot.com/)"
78.46.63.108 - - [04/Oct/2020:05:24:02 +0200] "GET / HTTP/1.1" 200 9626 "-" "Mozilla/5.0 (compatible; MJ12bot/v1.4.8; http://mj12bot.com/)"
34.75.32.215 - - [04/Oct/2020:06:45:53 +0200] "GET /robots.txt HTTP/1.0" 200 218 "-" "ZoominfoBot (zoominfobot at zoominfo dot com)"
34.75.32.215 - - [04/Oct/2020:06:45:54 +0200] "GET /kont.php HTTP/1.0" 200 8494 "-" "ZoominfoBot (zoominfobot at zoominfo dot com)"
34.75.32.215 - - [04/Oct/2020:06:47:39 +0200] "GET /leistungen.php HTTP/1.0" 200 8056 "-" "ZoominfoBot (zoominfobot at zoominfo dot com)"
114.119.161.177 - - [04/Oct/2020:06:56:00 +0200] "GET / HTTP/1.1" 200 9626 "-" "Mozilla/5.0 (Linux; Android 7.0;) AppleWebKit/537.36 (KHTML, like Gecko) Mobile Safari/537.36 (compatible; PetalBot;+https://aspiegel.com/petalbot)"
34.75.32.215 - - [04/Oct/2020:06:56:44 +0200] "GET /index.php HTTP/1.0" 200 9626 "-" "ZoominfoBot (zoominfobot at zoominfo dot com)"
34.75.32.215 - - [04/Oct/2020:07:05:00 +0200] "GET /impressum.php HTTP/1.0" 200 8293 "-" "ZoominfoBot (zoominfobot at zoominfo dot com)"
34.75.32.215 - - [04/Oct/2020:07:08:06 +0200] "GET /praxis.php HTTP/1.0" 200 7017 "-" "ZoominfoBot (zoominfobot at zoominfo dot com)"
34.75.32.215 - - [04/Oct/2020:07:10:54 +0200] "GET /anfahrt.php HTTP/1.0" 200 8074 "-" "ZoominfoBot (zoominfobot at zoominfo dot com)"
34.75.32.215 - - [04/Oct/2020:07:15:24 +0200] "GET /spez_leistungen.php HTTP/1.0" 200 7752 "-" "ZoominfoBot (zoominfobot at zoominfo dot com)"
5.9.94.207 - - [04/Oct/2020:08:58:17 +0200] "GET /impressum.php HTTP/1.1" 200 8293 "-" "Mozilla/5.0 (Macintosh; Intel Mac OS X 10_12_6) AppleWebKit/537.36 (KHTML, like Gecko) Chrome/64.0.3282.140 Safari/537.36"
5.9.94.207 - - [04/Oct/2020:08:58:19 +0200] "GET /kont.php HTTP/1.1" 200 8494 "-" "Mozilla/5.0 (Macintosh; Intel Mac OS X 10_6_8) AppleWebKit/534.59.8 (KHTML, like Gecko) Version/5.1.9 Safari/534.59.8"
5.9.94.207 - - [04/Oct/2020:08:58:26 +0200] "GET / HTTP/1.1" 200 9626 "-" "Mozilla/5.0 (Windows NT 10.0; Win64; x64; rv:58.0) Gecko/20100101 Firefox/58.0"
5.9.94.207 - - [04/Oct/2020:08:58:32 +0200] "GET /index.php HTTP/1.1" 200 9626 "-" "Mozilla/5.0 (X11; Linux x86_64; rv:58.0) Gecko/20100101 Firefox/58.0"
5.9.94.207 - - [04/Oct/2020:08:58:32 +0200] "GET /anfahrt.php HTTP/1.1" 200 8074 "-" "Mozilla/5.0 (Macintosh; Intel Mac OS X 10_5_8) AppleWebKit/534.50.2 (KHTML, like Gecko) Version/5.0.6 Safari/533.22.3"
5.9.94.207 - - [04/Oct/2020:08:58:32 +0200] "GET /leistungen.php HTTP/1.1" 200 8056 "-" "Mozilla/5.0 (Macintosh; Intel Mac OS X 10.12; rv:58.0) Gecko/20100101 Firefox/58.0"
5.9.94.207 - - [04/Oct/2020:08:58:32 +0200] "GET /praxis.php HTTP/1.1" 200 7017 "-" "Mozilla/5.0 (Windows NT 10.0) AppleWebKit/537.36 (KHTML, like Gecko) Chrome/63.0.3239.132 Safari/537.36"
5.9.94.207 - - [04/Oct/2020:08:58:33 +0200] "GET /spez_leistungen.php HTTP/1.1" 200 7752 "-" "Mozilla/5.0 (Macintosh; Intel Mac OS X 10_13_2) AppleWebKit/537.36 (KHTML, like Gecko) Chrome/63.0.3239.132 Safari/537.36"
157.55.39.33 - - [04/Oct/2020:09:29:02 +0200] "GET /robots.txt HTTP/1.1" 200 218 "-" "Mozilla/5.0 (compatible; bingbot/2.0; +http://www.bing.com/bingbot.htm)"
40.77.167.62 - - [04/Oct/2020:09:29:43 +0200] "GET /img/dr_fleischer_ani.gif HTTP/1.1" 200 854042 "-" "Mozilla/5.0 (compatible; bingbot/2.0; +http://www.bing.com/bingbot.htm)"
114.119.145.201 - - [04/Oct/2020:11:19:47 +0200] "GET /robots.txt HTTP/1.1" 200 218 "-" "(compatible;PetalBot;+http://aspiegel.com/petalbot)"
95.216.96.254 - - [04/Oct/2020:11:27:57 +0200] "GET /robots.txt HTTP/1.1" 200 218 "-" "Mozilla/5.0 (compatible; SEOkicks; +https://www.seokicks.de/robot.html)"
95.216.96.254 - - [04/Oct/2020:11:27:58 +0200] "GET / HTTP/1.1" 200 9626 "-" "Mozilla/5.0 (compatible; SEOkicks; +https://www.seokicks.de/robot.html)"
95.216.96.254 - - [04/Oct/2020:11:27:59 +0200] "GET /index.php HTTP/1.1" 200 9626 "http://www.dr-heidi-fleischer.de/" "Mozilla/5.0 (compatible; SEOkicks; +https://www.seokicks.de/robot.html)"
95.216.96.254 - - [04/Oct/2020:11:28:00 +0200] "GET /praxis.php HTTP/1.1" 200 7017 "http://www.dr-heidi-fleischer.de/" "Mozilla/5.0 (compatible; SEOkicks; +https://www.seokicks.de/robot.html)"
95.216.96.254 - - [04/Oct/2020:11:28:02 +0200] "GET /leistungen.php HTTP/1.1" 200 8056 "http://www.dr-heidi-fleischer.de/" "Mozilla/5.0 (compatible; SEOkicks; +https://www.seokicks.de/robot.html)"
95.216.96.254 - - [04/Oct/2020:11:28:03 +0200] "GET /spez_leistungen.php HTTP/1.1" 200 7752 "http://www.dr-heidi-fleischer.de/" "Mozilla/5.0 (compatible; SEOkicks; +https://www.seokicks.de/robot.html)"
95.216.96.254 - - [04/Oct/2020:11:28:05 +0200] "GET /impressum.php HTTP/1.1" 200 8293 "http://www.dr-heidi-fleischer.de/" "Mozilla/5.0 (compatible; SEOkicks; +https://www.seokicks.de/robot.html)"
95.216.96.254 - - [04/Oct/2020:11:28:06 +0200] "GET /kont.php HTTP/1.1" 200 8494 "http://www.dr-heidi-fleischer.de/" "Mozilla/5.0 (compatible; SEOkicks; +https://www.seokicks.de/robot.html)"
95.216.96.254 - - [04/Oct/2020:11:28:08 +0200] "GET /anfahrt.php HTTP/1.1" 200 8074 "http://www.dr-heidi-fleischer.de/" "Mozilla/5.0 (compatible; SEOkicks; +https://www.seokicks.de/robot.html)"
194.173.174.10 - - [04/Oct/2020:12:05:42 +0200] "HEAD / HTTP/1.1" 200 - "-" "Mozilla/5.0 (Windows NT 6.3; WOW64) AppleWebKit/537.36 (KHTML, like Gecko) Chrome/43.0.2357.134 Safari/537.36"
213.83.37.145 - - [04/Oct/2020:12:31:22 +0200] "HEAD / HTTP/1.1" 200 - "-" "Mozilla/5.0 (Windows NT 6.1; rv:39.0) Gecko/20180101 Firefox/39.0"
213.83.37.145 - - [04/Oct/2020:12:31:22 +0200] "HEAD / HTTP/1.1" 200 - "-" "Mozilla/5.0 (Windows NT 6.1; rv:39.0) Gecko/20180101 Firefox/39.0"
213.83.37.145 - - [04/Oct/2020:12:31:23 +0200] "HEAD / HTTP/1.1" 200 - "-" "Mozilla/5.0 (Windows NT 6.1; rv:39.0) Gecko/20180101 Firefox/39.0"
213.83.37.145 - - [04/Oct/2020:12:31:23 +0200] "HEAD / HTTP/1.1" 200 - "-" "Mozilla/5.0 (Windows NT 6.1; rv:39.0) Gecko/20180101 Firefox/39.0"
114.119.160.84 - - [04/Oct/2020:12:37:25 +0200] "GET /robots.txt HTTP/1.1" 200 218 "-" "(compatible;PetalBot;+https://aspiegel.com/petalbot)"
95.216.96.170 - - [04/Oct/2020:13:25:51 +0200] "GET /robots.txt HTTP/1.1" 200 218 "-" "Mozilla/5.0 (compatible; SEOkicks; +https://www.seokicks.de/robot.html)"
95.216.96.170 - - [04/Oct/2020:13:25:52 +0200] "GET / HTTP/1.1" 200 9626 "-" "Mozilla/5.0 (compatible; SEOkicks; +https://www.seokicks.de/robot.html)"
95.216.96.170 - - [04/Oct/2020:13:25:53 +0200] "GET /index.php HTTP/1.1" 200 9626 "http://www.zahnmedizin-im-alter.de/" "Mozilla/5.0 (compatible; SEOkicks; +https://www.seokicks.de/robot.html)"
95.216.96.170 - - [04/Oct/2020:13:25:55 +0200] "GET /praxis.php HTTP/1.1" 200 7017 "http://www.zahnmedizin-im-alter.de/" "Mozilla/5.0 (compatible; SEOkicks; +https://www.seokicks.de/robot.html)"
95.216.96.170 - - [04/Oct/2020:13:25:56 +0200] "GET /leistungen.php HTTP/1.1" 200 8056 "http://www.zahnmedizin-im-alter.de/" "Mozilla/5.0 (compatible; SEOkicks; +https://www.seokicks.de/robot.html)"
95.216.96.170 - - [04/Oct/2020:13:25:57 +0200] "GET /spez_leistungen.php HTTP/1.1" 200 7752 "http://www.zahnmedizin-im-alter.de/" "Mozilla/5.0 (compatible; SEOkicks; +https://www.seokicks.de/robot.html)"
95.216.96.170 - - [04/Oct/2020:13:25:58 +0200] "GET /impressum.php HTTP/1.1" 200 8293 "http://www.zahnmedizin-im-alter.de/" "Mozilla/5.0 (compatible; SEOkicks; +https://www.seokicks.de/robot.html)"
95.216.96.170 - - [04/Oct/2020:13:25:59 +0200] "GET /kont.php HTTP/1.1" 200 8494 "http://www.zahnmedizin-im-alter.de/" "Mozilla/5.0 (compatible; SEOkicks; +https://www.seokicks.de/robot.html)"
95.216.96.170 - - [04/Oct/2020:13:26:00 +0200] "GET /anfahrt.php HTTP/1.1" 200 8074 "http://www.zahnmedizin-im-alter.de/" "Mozilla/5.0 (compatible; SEOkicks; +https://www.seokicks.de/robot.html)"
51.77.128.212 - - [04/Oct/2020:13:41:09 +0200] "GET / HTTP/1.1" 200 9626 "-" "Mozilla/5.0 (compatible; Dataprovider.com)"
51.77.128.212 - - [04/Oct/2020:13:41:10 +0200] "GET /css/fl_style.css HTTP/1.1" 200 10194 "http://www.dr-heidi-fleischer.de/" "Mozilla/5.0 (compatible; Dataprovider.com)"
51.77.128.212 - - [04/Oct/2020:13:41:10 +0200] "GET /scripte/all_scripts.js HTTP/1.1" 200 249 "http://www.dr-heidi-fleischer.de/" "Mozilla/5.0 (compatible; Dataprovider.com)"
51.77.128.212 - - [04/Oct/2020:13:41:10 +0200] "GET /img/lay01.gif HTTP/1.1" 200 273 "http://www.dr-heidi-fleischer.de/" "Mozilla/5.0 (compatible; Dataprovider.com)"
51.77.128.212 - - [04/Oct/2020:13:41:10 +0200] "GET /img/f_1-p.gif HTTP/1.1" 200 43 "http://www.dr-heidi-fleischer.de/" "Mozilla/5.0 (compatible; Dataprovider.com)"
51.77.128.212 - - [04/Oct/2020:13:41:10 +0200] "GET /img/tel_footer.gif HTTP/1.1" 200 1051 "http://www.dr-heidi-fleischer.de/" "Mozilla/5.0 (compatible; Dataprovider.com)"
51.77.128.212 - - [04/Oct/2020:13:41:10 +0200] "GET /img/lay06neu.gif HTTP/1.1" 200 583 "http://www.dr-heidi-fleischer.de/" "Mozilla/5.0 (compatible; Dataprovider.com)"
51.77.128.212 - - [04/Oct/2020:13:41:10 +0200] "GET /img/lay07.gif HTTP/1.1" 200 453 "http://www.dr-heidi-fleischer.de/" "Mozilla/5.0 (compatible; Dataprovider.com)"
51.77.128.212 - - [04/Oct/2020:13:41:10 +0200] "GET /img/zert_1.jpg HTTP/1.1" 200 6013 "http://www.dr-heidi-fleischer.de/" "Mozilla/5.0 (compatible; Dataprovider.com)"
51.77.128.212 - - [04/Oct/2020:13:41:10 +0200] "GET /img/roll_trans.gif HTTP/1.1" 200 609 "http://www.dr-heidi-fleischer.de/" "Mozilla/5.0 (compatible; Dataprovider.com)"
51.77.128.212 - - [04/Oct/2020:13:41:10 +0200] "GET /img/roll_trans2.gif HTTP/1.1" 200 609 "http://www.dr-heidi-fleischer.de/" "Mozilla/5.0 (compatible; Dataprovider.com)"
51.77.128.212 - - [04/Oct/2020:13:41:10 +0200] "GET /img/lay16.gif HTTP/1.1" 200 309 "http://www.dr-heidi-fleischer.de/" "Mozilla/5.0 (compatible; Dataprovider.com)"
51.77.128.212 - - [04/Oct/2020:13:41:10 +0200] "GET /img/lay08.gif HTTP/1.1" 200 534 "http://www.dr-heidi-fleischer.de/" "Mozilla/5.0 (compatible; Dataprovider.com)"
51.77.128.212 - - [04/Oct/2020:13:41:10 +0200] "GET /img/lay09.gif HTTP/1.1" 200 135 "http://www.dr-heidi-fleischer.de/" "Mozilla/5.0 (compatible; Dataprovider.com)"
51.77.128.212 - - [04/Oct/2020:13:41:10 +0200] "GET /img/lay13.gif HTTP/1.1" 200 181 "http://www.dr-heidi-fleischer.de/" "Mozilla/5.0 (compatible; Dataprovider.com)"
51.77.128.212 - - [04/Oct/2020:13:41:10 +0200] "GET /img/lay14.gif HTTP/1.1" 200 104 "http://www.dr-heidi-fleischer.de/" "Mozilla/5.0 (compatible; Dataprovider.com)"
51.77.128.212 - - [04/Oct/2020:13:41:10 +0200] "GET /img/hg_body.jpg HTTP/1.1" 200 2615 "http://www.dr-heidi-fleischer.de/css/fl_style.css" "Mozilla/5.0 (compatible; Dataprovider.com)"
51.77.128.212 - - [04/Oct/2020:13:41:10 +0200] "GET /img/lay02.gif HTTP/1.1" 200 68 "http://www.dr-heidi-fleischer.de/" "Mozilla/5.0 (compatible; Dataprovider.com)"
51.77.128.212 - - [04/Oct/2020:13:41:11 +0200] "GET /img/left_bg2.gif HTTP/1.1" 200 176 "http://www.dr-heidi-fleischer.de/" "Mozilla/5.0 (compatible; Dataprovider.com)"
51.77.128.212 - - [04/Oct/2020:13:41:11 +0200] "GET /img/lay04.gif HTTP/1.1" 200 68 "http://www.dr-heidi-fleischer.de/" "Mozilla/5.0 (compatible; Dataprovider.com)"
51.77.128.212 - - [04/Oct/2020:13:41:10 +0200] "GET /img/zert_1gross.jpg HTTP/1.1" 200 22004 "http://www.dr-heidi-fleischer.de/" "Mozilla/5.0 (compatible; Dataprovider.com)"
51.77.128.212 - - [04/Oct/2020:13:41:11 +0200] "GET /img/lay03.gif HTTP/1.1" 200 1060 "http://www.dr-heidi-fleischer.de/" "Mozilla/5.0 (compatible; Dataprovider.com)"
51.77.128.212 - - [04/Oct/2020:13:41:11 +0200] "GET /img/hg_zahn2.gif HTTP/1.1" 200 20816 "http://www.dr-heidi-fleischer.de/" "Mozilla/5.0 (compatible; Dataprovider.com)"
51.77.128.212 - - [04/Oct/2020:13:41:11 +0200] "GET /img/header_neu.gif HTTP/1.1" 200 32567 "http://www.dr-heidi-fleischer.de/css/fl_style.css" "Mozilla/5.0 (compatible; Dataprovider.com)"
51.77.128.212 - - [04/Oct/2020:13:41:11 +0200] "GET /img/left_bg.gif HTTP/1.1" 200 98 "http://www.dr-heidi-fleischer.de/" "Mozilla/5.0 (compatible; Dataprovider.com)"
51.77.128.212 - - [04/Oct/2020:13:41:11 +0200] "GET /img/lay05.gif HTTP/1.1" 200 331 "http://www.dr-heidi-fleischer.de/" "Mozilla/5.0 (compatible; Dataprovider.com)"
51.77.128.212 - - [04/Oct/2020:13:41:11 +0200] "GET /img/bottom_bg.gif HTTP/1.1" 200 79 "http://www.dr-heidi-fleischer.de/" "Mozilla/5.0 (compatible; Dataprovider.com)"
51.77.128.212 - - [04/Oct/2020:13:41:10 +0200] "GET /img/dr_fleischer_ani.gif HTTP/1.1" 200 854042 "http://www.dr-heidi-fleischer.de/" "Mozilla/5.0 (compatible; Dataprovider.com)"
51.77.128.212 - - [04/Oct/2020:13:41:11 +0200] "GET /img/lay10.gif HTTP/1.1" 200 252 "http://www.dr-heidi-fleischer.de/" "Mozilla/5.0 (compatible; Dataprovider.com)"
51.77.128.212 - - [04/Oct/2020:13:41:11 +0200] "GET /img/right_bg.jpg HTTP/1.1" 404 1256 "http://www.dr-heidi-fleischer.de/" "Mozilla/5.0 (compatible; Dataprovider.com)"
51.77.128.212 - - [04/Oct/2020:13:41:12 +0200] "GET /img/right_bg.gif HTTP/1.1" 200 76 "http://www.dr-heidi-fleischer.de/" "Mozilla/5.0 (compatible; Dataprovider.com)"
114.119.153.67 - - [04/Oct/2020:13:55:20 +0200] "GET /robots.txt HTTP/1.1" 200 218 "-" "(compatible;PetalBot;+https://aspiegel.com/petalbot)"
40.77.190.27 - - [04/Oct/2020:14:19:41 +0200] "GET /praxis.php HTTP/1.1" 200 7017 "-" "Mozilla/5.0 (Windows NT 10.0; Win64; x64) AppleWebKit/537.36 (KHTML, like Gecko) Chrome/85.0.4183.121 Safari/537.36 Edg/85.0.564.63"
40.77.189.206 - - [04/Oct/2020:14:19:41 +0200] "GET /praxis.php HTTP/1.1" 200 7017 "-" "Mozilla/5.0 (Windows NT 10.0; Win64; x64) AppleWebKit/537.36 (KHTML, like Gecko) Chrome/85.0.4183.121 Safari/537.36"
40.77.190.27 - - [04/Oct/2020:14:19:42 +0200] "GET /css/fl_style.css HTTP/1.1" 200 10194 "http://www.dr-heidi-fleischer.de/praxis.php" "Mozilla/5.0 (Windows NT 10.0; Win64; x64) AppleWebKit/537.36 (KHTML, like Gecko) Chrome/85.0.4183.121 Safari/537.36 Edg/85.0.564.63"
40.77.190.27 - - [04/Oct/2020:14:19:42 +0200] "GET /scripte/all_scripts.js HTTP/1.1" 200 249 "http://www.dr-heidi-fleischer.de/praxis.php" "Mozilla/5.0 (Windows NT 10.0; Win64; x64) AppleWebKit/537.36 (KHTML, like Gecko) Chrome/85.0.4183.121 Safari/537.36 Edg/85.0.564.63"
40.77.189.206 - - [04/Oct/2020:14:19:42 +0200] "GET /css/fl_style.css HTTP/1.1" 200 10194 "http://www.dr-heidi-fleischer.de/praxis.php" "Mozilla/5.0 (Windows NT 10.0; Win64; x64) AppleWebKit/537.36 (KHTML, like Gecko) Chrome/85.0.4183.121 Safari/537.36"
40.77.189.206 - - [04/Oct/2020:14:19:42 +0200] "GET /scripte/all_scripts.js HTTP/1.1" 200 249 "http://www.dr-heidi-fleischer.de/praxis.php" "Mozilla/5.0 (Windows NT 10.0; Win64; x64) AppleWebKit/537.36 (KHTML, like Gecko) Chrome/85.0.4183.121 Safari/537.36"
54.36.148.211 - - [04/Oct/2020:15:44:50 +0200] "GET /robots.txt HTTP/1.1" 200 218 "-" "Mozilla/5.0 (compatible; AhrefsBot/6.1; +http://ahrefs.com/robot/)"
54.36.148.168 - - [04/Oct/2020:15:44:52 +0200] "GET /spez_leistungen.php HTTP/1.1" 200 7752 "-" "Mozilla/5.0 (compatible; AhrefsBot/7.0; +http://ahrefs.com/robot/)"
207.46.13.236 - - [04/Oct/2020:16:00:56 +0200] "GET /robots.txt HTTP/1.1" 200 218 "-" "Mozilla/5.0 (compatible; bingbot/2.0; +http://www.bing.com/bingbot.htm)"
148.251.233.233 - - [04/Oct/2020:18:11:48 +0200] "GET /robots.txt HTTP/1.1" 200 218 "-" "mindUpBot (datenbutler.de)"
148.251.233.233 - - [04/Oct/2020:18:11:52 +0200] "GET / HTTP/1.1" 200 9626 "-" "mindUpBot (datenbutler.de)"
148.251.233.233 - - [04/Oct/2020:18:11:57 +0200] "GET /spez_leistungen.php HTTP/1.1" 200 7752 "-" "mindUpBot (datenbutler.de)"
148.251.233.233 - - [04/Oct/2020:18:12:02 +0200] "GET /praxis.php HTTP/1.1" 200 7017 "-" "mindUpBot (datenbutler.de)"
148.251.233.233 - - [04/Oct/2020:18:12:07 +0200] "GET /impressum.php HTTP/1.1" 200 8293 "-" "mindUpBot (datenbutler.de)"
148.251.233.233 - - [04/Oct/2020:18:12:12 +0200] "GET /kont.php HTTP/1.1" 200 8494 "-" "mindUpBot (datenbutler.de)"
148.251.233.233 - - [04/Oct/2020:18:12:17 +0200] "GET /anfahrt.php HTTP/1.1" 200 8074 "-" "mindUpBot (datenbutler.de)"
148.251.233.233 - - [04/Oct/2020:18:12:23 +0200] "GET /index.php HTTP/1.1" 200 9626 "-" "mindUpBot (datenbutler.de)"
148.251.233.233 - - [04/Oct/2020:18:12:27 +0200] "GET /leistungen.php HTTP/1.1" 200 8056 "-" "mindUpBot (datenbutler.de)"
148.251.233.233 - - [04/Oct/2020:18:12:32 +0200] "GET /kont.php HTTP/1.1" 200 8494 "-" "mindUpBot (datenbutler.de)"
148.251.233.233 - - [04/Oct/2020:18:12:37 +0200] "GET /impressum.php HTTP/1.1" 200 8293 "-" "mindUpBot (datenbutler.de)"
40.77.188.55 - - [04/Oct/2020:18:40:50 +0200] "GET /kont.php HTTP/1.1" 200 8494 "-" "Mozilla/5.0 (Windows NT 10.0; Win64; x64) AppleWebKit/537.36 (KHTML, like Gecko) Chrome/85.0.4183.121 Safari/537.36 Edg/85.0.564.63"
40.77.188.55 - - [04/Oct/2020:18:40:51 +0200] "GET /scripte/all_scripts.js HTTP/1.1" 200 249 "http://www.dr-heidi-fleischer.de/kont.php" "Mozilla/5.0 (Windows NT 10.0; Win64; x64) AppleWebKit/537.36 (KHTML, like Gecko) Chrome/85.0.4183.121 Safari/537.36 Edg/85.0.564.63"
40.77.188.55 - - [04/Oct/2020:18:40:51 +0200] "GET /css/fl_style.css HTTP/1.1" 200 10194 "http://www.dr-heidi-fleischer.de/kont.php" "Mozilla/5.0 (Windows NT 10.0; Win64; x64) AppleWebKit/537.36 (KHTML, like Gecko) Chrome/85.0.4183.121 Safari/537.36 Edg/85.0.564.63"
40.77.189.241 - - [04/Oct/2020:18:40:53 +0200] "GET /kont.php HTTP/1.1" 200 8494 "-" "Mozilla/5.0 (Windows NT 10.0; Win64; x64) AppleWebKit/537.36 (KHTML, like Gecko) Chrome/85.0.4183.121 Safari/537.36"
40.77.189.241 - - [04/Oct/2020:18:40:54 +0200] "GET /css/fl_style.css HTTP/1.1" 200 10194 "http://www.dr-heidi-fleischer.de/kont.php" "Mozilla/5.0 (Windows NT 10.0; Win64; x64) AppleWebKit/537.36 (KHTML, like Gecko) Chrome/85.0.4183.121 Safari/537.36"
40.77.189.241 - - [04/Oct/2020:18:40:54 +0200] "GET /scripte/all_scripts.js HTTP/1.1" 200 249 "http://www.dr-heidi-fleischer.de/kont.php" "Mozilla/5.0 (Windows NT 10.0; Win64; x64) AppleWebKit/537.36 (KHTML, like Gecko) Chrome/85.0.4183.121 Safari/537.36"
54.36.148.238 - - [04/Oct/2020:20:19:38 +0200] "GET /anfahrt.php HTTP/1.1" 200 8074 "-" "Mozilla/5.0 (compatible; AhrefsBot/7.0; +http://ahrefs.com/robot/)"
114.119.160.84 - - [04/Oct/2020:20:40:10 +0200] "GET /impressum.php HTTP/1.1" 200 8293 "-" "Mozilla/5.0 (Linux; Android 7.0;) AppleWebKit/537.36 (KHTML, like Gecko) Mobile Safari/537.36 (compatible; PetalBot;+https://aspiegel.com/petalbot)"
148.251.232.166 - - [04/Oct/2020:20:47:34 +0200] "GET /robots.txt HTTP/1.1" 200 218 "-" "mindUpBot (datenbutler.de)"
148.251.232.166 - - [04/Oct/2020:20:47:39 +0200] "GET / HTTP/1.1" 200 9626 "-" "mindUpBot (datenbutler.de)"
148.251.232.166 - - [04/Oct/2020:20:47:44 +0200] "GET /spez_leistungen.php HTTP/1.1" 200 7752 "-" "mindUpBot (datenbutler.de)"
148.251.232.166 - - [04/Oct/2020:20:47:49 +0200] "GET /praxis.php HTTP/1.1" 200 7017 "-" "mindUpBot (datenbutler.de)"
148.251.232.166 - - [04/Oct/2020:20:47:54 +0200] "GET /impressum.php HTTP/1.1" 200 8293 "-" "mindUpBot (datenbutler.de)"
148.251.232.166 - - [04/Oct/2020:20:47:59 +0200] "GET /kont.php HTTP/1.1" 200 8494 "-" "mindUpBot (datenbutler.de)"
148.251.232.166 - - [04/Oct/2020:20:48:04 +0200] "GET /anfahrt.php HTTP/1.1" 200 8074 "-" "mindUpBot (datenbutler.de)"
148.251.232.166 - - [04/Oct/2020:20:48:09 +0200] "GET /index.php HTTP/1.1" 200 9626 "-" "mindUpBot (datenbutler.de)"
148.251.232.166 - - [04/Oct/2020:20:48:14 +0200] "GET /leistungen.php HTTP/1.1" 200 8056 "-" "mindUpBot (datenbutler.de)"
148.251.232.166 - - [04/Oct/2020:20:48:19 +0200] "GET /kont.php HTTP/1.1" 200 8494 "-" "mindUpBot (datenbutler.de)"
148.251.232.166 - - [04/Oct/2020:20:48:24 +0200] "GET /impressum.php HTTP/1.1" 200 8293 "-" "mindUpBot (datenbutler.de)"
95.217.203.251 - - [04/Oct/2020:21:01:50 +0200] "GET /robots.txt HTTP/1.1" 200 218 "-" "Mozilla/5.0 (compatible; Optimizer)"
95.217.203.251 - - [04/Oct/2020:21:01:51 +0200] "GET / HTTP/1.1" 200 9626 "-" "Mozilla/5.0 (compatible; Optimizer)"
20.50.49.0 - - [04/Oct/2020:21:05:10 +0200] "GET / HTTP/1.1" 200 9626 "-" "Mozilla/5.0 (iPhone; CPU iPhone OS 13_3 like Mac OS X) AppleWebKit/605.1.15 (KHTML%2C like Gecko) Mobile/15E148"
51.222.43.147 - - [04/Oct/2020:22:36:25 +0200] "GET / HTTP/1.1" 200 9626 "-" "Mozilla/5.0 (compatible; Dataprovider.com)"
51.222.43.147 - - [04/Oct/2020:22:36:28 +0200] "GET /robots.txt HTTP/1.1" 200 218 "-" "Mozilla/5.0 (compatible; Dataprovider.com)"
51.222.43.147 - - [04/Oct/2020:22:36:28 +0200] "GET /sitemap.xml HTTP/1.1" 404 1256 "-" "Mozilla/5.0 (compatible; Dataprovider.com)"
51.222.43.147 - - [04/Oct/2020:22:36:29 +0200] "GET / HTTP/1.1" 200 9626 "-" "Mozilla/5.0 (compatible; Dataprovider.com)"
