87.187.164.173 - - [02/Aug/2010:08:57:47 +0200] "GET /content/themes/blackcandy/images/subheader.jpg HTTP/1.1" 200 52576 "http://www.awo-kv-bernau.de/content/aktuelles/" "Mozilla/4.0 (compatible; MSIE 8.0; Windows NT 5.1; Trident/4.0; .NET CLR 2.0.50727; .NET CLR 3.0.4506.2152; .NET CLR 3.5.30729; InfoPath.2)"
87.187.164.173 - - [02/Aug/2010:08:57:47 +0200] "GET /content/themes/blackcandy/images/header.jpg HTTP/1.1" 200 45038 "http://www.awo-kv-bernau.de/content/aktuelles/" "Mozilla/4.0 (compatible; MSIE 8.0; Windows NT 5.1; Trident/4.0; .NET CLR 2.0.50727; .NET CLR 3.0.4506.2152; .NET CLR 3.5.30729; InfoPath.2)"
87.187.164.173 - - [02/Aug/2010:08:57:48 +0200] "GET /favicon.ico HTTP/1.1" 404 1256 "-" "Mozilla/4.0 (compatible; MSIE 8.0; Windows NT 5.1; Trident/4.0; .NET CLR 2.0.50727; .NET CLR 3.0.4506.2152; .NET CLR 3.5.30729; InfoPath.2)"
81.17.208.4 - - [02/Aug/2010:08:58:04 +0200] "GET / HTTP/1.0" 302 - "-" "Mozilla/5.0 (compatible; jobs.de-Robot +http://www.jobs.de)"
66.249.65.239 - - [02/Aug/2010:09:03:14 +0200] "GET /content/kalender/jax_calendar.php?Y=1725&m=9&d=35&view=d1 HTTP/1.1" 200 11809 "-" "Mozilla/5.0 (compatible; Googlebot/2.1; +http://www.google.com/bot.html)"
202.160.178.84 - - [02/Aug/2010:09:16:49 +0200] "GET /robots.txt HTTP/1.0" 404 1256 "-" "Mozilla/5.0 (compatible; Yahoo! Slurp China; http://misc.yahoo.com.cn/help.html)"
202.160.180.44 - - [02/Aug/2010:09:17:11 +0200] "GET / HTTP/1.0" 302 - "-" "Mozilla/5.0 (compatible; Yahoo! Slurp China; http://misc.yahoo.com.cn/help.html)"
202.160.180.44 - - [02/Aug/2010:09:17:52 +0200] "GET /content/aktuelles/ HTTP/1.0" 200 10372 "-" "Mozilla/5.0 (compatible; Yahoo! Slurp China; http://misc.yahoo.com.cn/help.html)"
87.187.164.173 - - [02/Aug/2010:09:18:23 +0200] "GET / HTTP/1.1" 302 - "-" "Mozilla/4.0 (compatible; MSIE 8.0; Windows NT 5.1; Trident/4.0; .NET CLR 2.0.50727; .NET CLR 3.0.4506.2152; .NET CLR 3.5.30729; InfoPath.2)"
87.187.164.173 - - [02/Aug/2010:09:18:23 +0200] "GET /content/aktuelles/ HTTP/1.1" 200 10372 "-" "Mozilla/4.0 (compatible; MSIE 8.0; Windows NT 5.1; Trident/4.0; .NET CLR 2.0.50727; .NET CLR 3.0.4506.2152; .NET CLR 3.5.30729; InfoPath.2)"
87.187.164.173 - - [02/Aug/2010:09:18:24 +0200] "GET /content/themes/blackcandy/css/layout.css?m=1277372568 HTTP/1.1" 200 9865 "http://www.awo-kv-bernau.de/content/aktuelles/" "Mozilla/4.0 (compatible; MSIE 8.0; Windows NT 5.1; Trident/4.0; .NET CLR 2.0.50727; .NET CLR 3.0.4506.2152; .NET CLR 3.5.30729; InfoPath.2)"
87.187.164.173 - - [02/Aug/2010:09:18:24 +0200] "GET /content/themes/blackcandy/css/typography.css?m=1277278793 HTTP/1.1" 200 5090 "http://www.awo-kv-bernau.de/content/aktuelles/" "Mozilla/4.0 (compatible; MSIE 8.0; Windows NT 5.1; Trident/4.0; .NET CLR 2.0.50727; .NET CLR 3.0.4506.2152; .NET CLR 3.5.30729; InfoPath.2)"
87.187.164.173 - - [02/Aug/2010:09:18:24 +0200] "GET /content/assets/Aktuelles/aktuelles280710.jpg HTTP/1.1" 200 15702 "http://www.awo-kv-bernau.de/content/aktuelles/" "Mozilla/4.0 (compatible; MSIE 8.0; Windows NT 5.1; Trident/4.0; .NET CLR 2.0.50727; .NET CLR 3.0.4506.2152; .NET CLR 3.5.30729; InfoPath.2)"
87.187.164.173 - - [02/Aug/2010:09:18:24 +0200] "GET /content/assets/Aktuelles/aktuelles160710.jpg HTTP/1.1" 200 17303 "http://www.awo-kv-bernau.de/content/aktuelles/" "Mozilla/4.0 (compatible; MSIE 8.0; Windows NT 5.1; Trident/4.0; .NET CLR 2.0.50727; .NET CLR 3.0.4506.2152; .NET CLR 3.5.30729; InfoPath.2)"
87.187.164.173 - - [02/Aug/2010:09:18:24 +0200] "GET /content/assets/Aktuelles/aktuelles200710.jpg HTTP/1.1" 200 27142 "http://www.awo-kv-bernau.de/content/aktuelles/" "Mozilla/4.0 (compatible; MSIE 8.0; Windows NT 5.1; Trident/4.0; .NET CLR 2.0.50727; .NET CLR 3.0.4506.2152; .NET CLR 3.5.30729; InfoPath.2)"
87.187.164.173 - - [02/Aug/2010:09:18:24 +0200] "GET /content/themes/blackcandy/css/form.css?m=1277278133 HTTP/1.1" 200 1856 "http://www.awo-kv-bernau.de/content/aktuelles/" "Mozilla/4.0 (compatible; MSIE 8.0; Windows NT 5.1; Trident/4.0; .NET CLR 2.0.50727; .NET CLR 3.0.4506.2152; .NET CLR 3.5.30729; InfoPath.2)"
87.187.164.173 - - [02/Aug/2010:09:18:24 +0200] "GET /content/themes/blackcandy/images/headerRounded.png HTTP/1.1" 200 763 "http://www.awo-kv-bernau.de/content/aktuelles/" "Mozilla/4.0 (compatible; MSIE 8.0; Windows NT 5.1; Trident/4.0; .NET CLR 2.0.50727; .NET CLR 3.0.4506.2152; .NET CLR 3.5.30729; InfoPath.2)"
87.187.164.173 - - [02/Aug/2010:09:18:24 +0200] "GET /content/themes/blackcandy/images/activeTabLeft.png HTTP/1.1" 200 433 "http://www.awo-kv-bernau.de/content/aktuelles/" "Mozilla/4.0 (compatible; MSIE 8.0; Windows NT 5.1; Trident/4.0; .NET CLR 2.0.50727; .NET CLR 3.0.4506.2152; .NET CLR 3.5.30729; InfoPath.2)"
87.187.164.173 - - [02/Aug/2010:09:18:24 +0200] "GET /content/themes/blackcandy/images/activeTabRight.png HTTP/1.1" 200 433 "http://www.awo-kv-bernau.de/content/aktuelles/" "Mozilla/4.0 (compatible; MSIE 8.0; Windows NT 5.1; Trident/4.0; .NET CLR 2.0.50727; .NET CLR 3.0.4506.2152; .NET CLR 3.5.30729; InfoPath.2)"
87.187.164.173 - - [02/Aug/2010:09:18:24 +0200] "GET /content/themes/blackcandy/images/herz.png HTTP/1.1" 200 344 "http://www.awo-kv-bernau.de/content/aktuelles/" "Mozilla/4.0 (compatible; MSIE 8.0; Windows NT 5.1; Trident/4.0; .NET CLR 2.0.50727; .NET CLR 3.0.4506.2152; .NET CLR 3.5.30729; InfoPath.2)"
87.187.164.173 - - [02/Aug/2010:09:18:24 +0200] "GET /content/themes/blackcandy/images/footer.png HTTP/1.1" 200 884 "http://www.awo-kv-bernau.de/content/aktuelles/" "Mozilla/4.0 (compatible; MSIE 8.0; Windows NT 5.1; Trident/4.0; .NET CLR 2.0.50727; .NET CLR 3.0.4506.2152; .NET CLR 3.5.30729; InfoPath.2)"
87.187.164.173 - - [02/Aug/2010:09:18:24 +0200] "GET /content/assets/Aktuelles/aktuelles110610.jpg HTTP/1.1" 200 61872 "http://www.awo-kv-bernau.de/content/aktuelles/" "Mozilla/4.0 (compatible; MSIE 8.0; Windows NT 5.1; Trident/4.0; .NET CLR 2.0.50727; .NET CLR 3.0.4506.2152; .NET CLR 3.5.30729; InfoPath.2)"
87.187.164.173 - - [02/Aug/2010:09:18:24 +0200] "GET /content/themes/blackcandy/images/subheader.jpg HTTP/1.1" 200 52576 "http://www.awo-kv-bernau.de/content/aktuelles/" "Mozilla/4.0 (compatible; MSIE 8.0; Windows NT 5.1; Trident/4.0; .NET CLR 2.0.50727; .NET CLR 3.0.4506.2152; .NET CLR 3.5.30729; InfoPath.2)"
87.187.164.173 - - [02/Aug/2010:09:18:24 +0200] "GET /content/themes/blackcandy/images/header.jpg HTTP/1.1" 200 45038 "http://www.awo-kv-bernau.de/content/aktuelles/" "Mozilla/4.0 (compatible; MSIE 8.0; Windows NT 5.1; Trident/4.0; .NET CLR 2.0.50727; .NET CLR 3.0.4506.2152; .NET CLR 3.5.30729; InfoPath.2)"
87.187.164.173 - - [02/Aug/2010:09:18:25 +0200] "GET /favicon.ico HTTP/1.1" 404 1256 "-" "Mozilla/4.0 (compatible; MSIE 8.0; Windows NT 5.1; Trident/4.0; .NET CLR 2.0.50727; .NET CLR 3.0.4506.2152; .NET CLR 3.5.30729; InfoPath.2)"
92.225.93.14 - - [02/Aug/2010:09:19:01 +0200] "GET / HTTP/1.1" 302 - "http://www.google.de/search?q=awo+bernau&ie=utf-8&oe=utf-8&aq=t&rls=org.mozilla:de:official&client=firefox-a" "Mozilla/5.0 (Macintosh; U; PPC Mac OS X 10.4; de; rv:1.9.2.8) Gecko/20100722 Firefox/3.6.8"
92.225.93.14 - - [02/Aug/2010:09:19:01 +0200] "GET /content/aktuelles/ HTTP/1.1" 200 10372 "http://www.google.de/search?q=awo+bernau&ie=utf-8&oe=utf-8&aq=t&rls=org.mozilla:de:official&client=firefox-a" "Mozilla/5.0 (Macintosh; U; PPC Mac OS X 10.4; de; rv:1.9.2.8) Gecko/20100722 Firefox/3.6.8"
87.187.164.173 - - [02/Aug/2010:09:19:02 +0200] "GET /content/beratungsstellen/ HTTP/1.1" 200 7938 "http://www.awo-kv-bernau.de/content/aktuelles/" "Mozilla/4.0 (compatible; MSIE 8.0; Windows NT 5.1; Trident/4.0; .NET CLR 2.0.50727; .NET CLR 3.0.4506.2152; .NET CLR 3.5.30729; InfoPath.2)"
92.225.93.14 - - [02/Aug/2010:09:19:02 +0200] "GET / HTTP/1.1" 302 - "http://www.google.de/search?q=awo+bernau&ie=utf-8&oe=utf-8&aq=t&rls=org.mozilla:de:official&client=firefox-a" "Mozilla/5.0 (Macintosh; U; PPC Mac OS X 10.4; de; rv:1.9.2.8) Gecko/20100722 Firefox/3.6.8"
87.187.164.173 - - [02/Aug/2010:09:19:02 +0200] "GET /favicon.ico HTTP/1.1" 404 1256 "-" "Mozilla/4.0 (compatible; MSIE 8.0; Windows NT 5.1; Trident/4.0; .NET CLR 2.0.50727; .NET CLR 3.0.4506.2152; .NET CLR 3.5.30729; InfoPath.2)"
92.225.93.14 - - [02/Aug/2010:09:19:02 +0200] "GET /content/aktuelles/ HTTP/1.1" 200 10372 "http://www.google.de/search?q=awo+bernau&ie=utf-8&oe=utf-8&aq=t&rls=org.mozilla:de:official&client=firefox-a" "Mozilla/5.0 (Macintosh; U; PPC Mac OS X 10.4; de; rv:1.9.2.8) Gecko/20100722 Firefox/3.6.8"
92.225.93.14 - - [02/Aug/2010:09:19:03 +0200] "GET /favicon.ico HTTP/1.1" 404 1256 "-" "Mozilla/5.0 (Macintosh; U; PPC Mac OS X 10.4; de; rv:1.9.2.8) Gecko/20100722 Firefox/3.6.8"
92.225.93.14 - - [02/Aug/2010:09:19:03 +0200] "GET /content/assets/Aktuelles/aktuelles280710.jpg HTTP/1.1" 200 15702 "http://www.awo-kv-bernau.de/content/aktuelles/" "Mozilla/5.0 (Macintosh; U; PPC Mac OS X 10.4; de; rv:1.9.2.8) Gecko/20100722 Firefox/3.6.8"
92.225.93.14 - - [02/Aug/2010:09:19:03 +0200] "GET /content/themes/blackcandy/css/layout.css?m=1277372568 HTTP/1.1" 200 9865 "http://www.awo-kv-bernau.de/content/aktuelles/" "Mozilla/5.0 (Macintosh; U; PPC Mac OS X 10.4; de; rv:1.9.2.8) Gecko/20100722 Firefox/3.6.8"
92.225.93.14 - - [02/Aug/2010:09:19:03 +0200] "GET /content/themes/blackcandy/css/typography.css?m=1277278793 HTTP/1.1" 200 5090 "http://www.awo-kv-bernau.de/content/aktuelles/" "Mozilla/5.0 (Macintosh; U; PPC Mac OS X 10.4; de; rv:1.9.2.8) Gecko/20100722 Firefox/3.6.8"
92.225.93.14 - - [02/Aug/2010:09:19:03 +0200] "GET /content/themes/blackcandy/css/form.css?m=1277278133 HTTP/1.1" 200 1856 "http://www.awo-kv-bernau.de/content/aktuelles/" "Mozilla/5.0 (Macintosh; U; PPC Mac OS X 10.4; de; rv:1.9.2.8) Gecko/20100722 Firefox/3.6.8"
92.225.93.14 - - [02/Aug/2010:09:19:03 +0200] "GET /content/assets/Aktuelles/aktuelles160710.jpg HTTP/1.1" 200 17303 "http://www.awo-kv-bernau.de/content/aktuelles/" "Mozilla/5.0 (Macintosh; U; PPC Mac OS X 10.4; de; rv:1.9.2.8) Gecko/20100722 Firefox/3.6.8"
92.225.93.14 - - [02/Aug/2010:09:19:03 +0200] "GET /content/assets/Aktuelles/aktuelles200710.jpg HTTP/1.1" 200 27142 "http://www.awo-kv-bernau.de/content/aktuelles/" "Mozilla/5.0 (Macintosh; U; PPC Mac OS X 10.4; de; rv:1.9.2.8) Gecko/20100722 Firefox/3.6.8"
92.225.93.14 - - [02/Aug/2010:09:19:03 +0200] "GET /content/themes/blackcandy/images/headerRounded.png HTTP/1.1" 200 763 "http://www.awo-kv-bernau.de/content/themes/blackcandy/css/layout.css?m=1277372568" "Mozilla/5.0 (Macintosh; U; PPC Mac OS X 10.4; de; rv:1.9.2.8) Gecko/20100722 Firefox/3.6.8"
92.225.93.14 - - [02/Aug/2010:09:19:03 +0200] "GET /content/themes/blackcandy/images/activeTabLeft.png HTTP/1.1" 200 433 "http://www.awo-kv-bernau.de/content/themes/blackcandy/css/layout.css?m=1277372568" "Mozilla/5.0 (Macintosh; U; PPC Mac OS X 10.4; de; rv:1.9.2.8) Gecko/20100722 Firefox/3.6.8"
92.225.93.14 - - [02/Aug/2010:09:19:03 +0200] "GET /content/themes/blackcandy/images/activeTabRight.png HTTP/1.1" 200 433 "http://www.awo-kv-bernau.de/content/themes/blackcandy/css/layout.css?m=1277372568" "Mozilla/5.0 (Macintosh; U; PPC Mac OS X 10.4; de; rv:1.9.2.8) Gecko/20100722 Firefox/3.6.8"
92.225.93.14 - - [02/Aug/2010:09:19:03 +0200] "GET /content/themes/blackcandy/images/herz.png HTTP/1.1" 200 344 "http://www.awo-kv-bernau.de/content/themes/blackcandy/css/layout.css?m=1277372568" "Mozilla/5.0 (Macintosh; U; PPC Mac OS X 10.4; de; rv:1.9.2.8) Gecko/20100722 Firefox/3.6.8"
92.225.93.14 - - [02/Aug/2010:09:19:03 +0200] "GET /content/themes/blackcandy/images/footer.png HTTP/1.1" 200 884 "http://www.awo-kv-bernau.de/content/themes/blackcandy/css/layout.css?m=1277372568" "Mozilla/5.0 (Macintosh; U; PPC Mac OS X 10.4; de; rv:1.9.2.8) Gecko/20100722 Firefox/3.6.8"
92.225.93.14 - - [02/Aug/2010:09:19:03 +0200] "GET /content/themes/blackcandy/images/subheader.jpg HTTP/1.1" 200 52576 "http://www.awo-kv-bernau.de/content/themes/blackcandy/css/layout.css?m=1277372568" "Mozilla/5.0 (Macintosh; U; PPC Mac OS X 10.4; de; rv:1.9.2.8) Gecko/20100722 Firefox/3.6.8"
92.225.93.14 - - [02/Aug/2010:09:19:03 +0200] "GET /content/assets/Aktuelles/aktuelles110610.jpg HTTP/1.1" 200 61872 "http://www.awo-kv-bernau.de/content/aktuelles/" "Mozilla/5.0 (Macintosh; U; PPC Mac OS X 10.4; de; rv:1.9.2.8) Gecko/20100722 Firefox/3.6.8"
92.225.93.14 - - [02/Aug/2010:09:19:03 +0200] "GET /content/themes/blackcandy/images/header.jpg HTTP/1.1" 200 45038 "http://www.awo-kv-bernau.de/content/themes/blackcandy/css/layout.css?m=1277372568" "Mozilla/5.0 (Macintosh; U; PPC Mac OS X 10.4; de; rv:1.9.2.8) Gecko/20100722 Firefox/3.6.8"
92.225.93.14 - - [02/Aug/2010:09:19:04 +0200] "GET /favicon.ico HTTP/1.1" 404 1256 "-" "Mozilla/5.0 (Macintosh; U; PPC Mac OS X 10.4; de; rv:1.9.2.8) Gecko/20100722 Firefox/3.6.8"
92.225.93.14 - - [02/Aug/2010:09:19:08 +0200] "GET /content/beratungsstellen/ HTTP/1.1" 200 7938 "http://www.awo-kv-bernau.de/content/aktuelles/" "Mozilla/5.0 (Macintosh; U; PPC Mac OS X 10.4; de; rv:1.9.2.8) Gecko/20100722 Firefox/3.6.8"
92.225.93.14 - - [02/Aug/2010:09:19:08 +0200] "GET /content/themes/blackcandy/css/layout.css?m=1277372568 HTTP/1.1" 304 - "http://www.awo-kv-bernau.de/content/beratungsstellen/" "Mozilla/5.0 (Macintosh; U; PPC Mac OS X 10.4; de; rv:1.9.2.8) Gecko/20100722 Firefox/3.6.8"
92.225.93.14 - - [02/Aug/2010:09:19:08 +0200] "GET /content/themes/blackcandy/css/typography.css?m=1277278793 HTTP/1.1" 304 - "http://www.awo-kv-bernau.de/content/beratungsstellen/" "Mozilla/5.0 (Macintosh; U; PPC Mac OS X 10.4; de; rv:1.9.2.8) Gecko/20100722 Firefox/3.6.8"
92.225.93.14 - - [02/Aug/2010:09:19:08 +0200] "GET /content/themes/blackcandy/css/form.css?m=1277278133 HTTP/1.1" 304 - "http://www.awo-kv-bernau.de/content/beratungsstellen/" "Mozilla/5.0 (Macintosh; U; PPC Mac OS X 10.4; de; rv:1.9.2.8) Gecko/20100722 Firefox/3.6.8"
87.187.164.173 - - [02/Aug/2010:09:19:10 +0200] "GET /content/erziehungs-und-familienberatung/ HTTP/1.1" 200 13409 "http://www.awo-kv-bernau.de/content/beratungsstellen/" "Mozilla/4.0 (compatible; MSIE 8.0; Windows NT 5.1; Trident/4.0; .NET CLR 2.0.50727; .NET CLR 3.0.4506.2152; .NET CLR 3.5.30729; InfoPath.2)"
87.187.164.173 - - [02/Aug/2010:09:19:10 +0200] "GET /content/assets/Beratung/EFB/paar.jpg HTTP/1.1" 200 29853 "http://www.awo-kv-bernau.de/content/erziehungs-und-familienberatung/" "Mozilla/4.0 (compatible; MSIE 8.0; Windows NT 5.1; Trident/4.0; .NET CLR 2.0.50727; .NET CLR 3.0.4506.2152; .NET CLR 3.5.30729; InfoPath.2)"
87.187.164.173 - - [02/Aug/2010:09:19:10 +0200] "GET /content/assets/Beratung/EFB/grabert.jpg HTTP/1.1" 200 9871 "http://www.awo-kv-bernau.de/content/erziehungs-und-familienberatung/" "Mozilla/4.0 (compatible; MSIE 8.0; Windows NT 5.1; Trident/4.0; .NET CLR 2.0.50727; .NET CLR 3.0.4506.2152; .NET CLR 3.5.30729; InfoPath.2)"
87.187.164.173 - - [02/Aug/2010:09:19:10 +0200] "GET /content/assets/Beratung/EFB/schulz.jpg HTTP/1.1" 200 7793 "http://www.awo-kv-bernau.de/content/erziehungs-und-familienberatung/" "Mozilla/4.0 (compatible; MSIE 8.0; Windows NT 5.1; Trident/4.0; .NET CLR 2.0.50727; .NET CLR 3.0.4506.2152; .NET CLR 3.5.30729; InfoPath.2)"
87.187.164.173 - - [02/Aug/2010:09:19:10 +0200] "GET /content/assets/Beratung/EFB/scholz1.jpg HTTP/1.1" 200 13704 "http://www.awo-kv-bernau.de/content/erziehungs-und-familienberatung/" "Mozilla/4.0 (compatible; MSIE 8.0; Windows NT 5.1; Trident/4.0; .NET CLR 2.0.50727; .NET CLR 3.0.4506.2152; .NET CLR 3.5.30729; InfoPath.2)"
87.187.164.173 - - [02/Aug/2010:09:19:10 +0200] "GET /content/assets/Beratung/EFB/dietzlazar.jpg HTTP/1.1" 200 11977 "http://www.awo-kv-bernau.de/content/erziehungs-und-familienberatung/" "Mozilla/4.0 (compatible; MSIE 8.0; Windows NT 5.1; Trident/4.0; .NET CLR 2.0.50727; .NET CLR 3.0.4506.2152; .NET CLR 3.5.30729; InfoPath.2)"
87.187.164.173 - - [02/Aug/2010:09:19:10 +0200] "GET /content/assets/Beratung/EFB/pohl.jpg HTTP/1.1" 200 10639 "http://www.awo-kv-bernau.de/content/erziehungs-und-familienberatung/" "Mozilla/4.0 (compatible; MSIE 8.0; Windows NT 5.1; Trident/4.0; .NET CLR 2.0.50727; .NET CLR 3.0.4506.2152; .NET CLR 3.5.30729; InfoPath.2)"
92.225.93.14 - - [02/Aug/2010:09:19:13 +0200] "GET /content/erziehungs-und-familienberatung/ HTTP/1.1" 200 13409 "http://www.awo-kv-bernau.de/content/beratungsstellen/" "Mozilla/5.0 (Macintosh; U; PPC Mac OS X 10.4; de; rv:1.9.2.8) Gecko/20100722 Firefox/3.6.8"
92.225.93.14 - - [02/Aug/2010:09:19:13 +0200] "GET /content/themes/blackcandy/css/layout.css?m=1277372568 HTTP/1.1" 304 - "http://www.awo-kv-bernau.de/content/erziehungs-und-familienberatung/" "Mozilla/5.0 (Macintosh; U; PPC Mac OS X 10.4; de; rv:1.9.2.8) Gecko/20100722 Firefox/3.6.8"
92.225.93.14 - - [02/Aug/2010:09:19:13 +0200] "GET /content/themes/blackcandy/css/typography.css?m=1277278793 HTTP/1.1" 304 - "http://www.awo-kv-bernau.de/content/erziehungs-und-familienberatung/" "Mozilla/5.0 (Macintosh; U; PPC Mac OS X 10.4; de; rv:1.9.2.8) Gecko/20100722 Firefox/3.6.8"
92.225.93.14 - - [02/Aug/2010:09:19:13 +0200] "GET /content/themes/blackcandy/css/form.css?m=1277278133 HTTP/1.1" 304 - "http://www.awo-kv-bernau.de/content/erziehungs-und-familienberatung/" "Mozilla/5.0 (Macintosh; U; PPC Mac OS X 10.4; de; rv:1.9.2.8) Gecko/20100722 Firefox/3.6.8"
92.225.93.14 - - [02/Aug/2010:09:19:13 +0200] "GET /content/assets/Beratung/EFB/paar.jpg HTTP/1.1" 200 29853 "http://www.awo-kv-bernau.de/content/erziehungs-und-familienberatung/" "Mozilla/5.0 (Macintosh; U; PPC Mac OS X 10.4; de; rv:1.9.2.8) Gecko/20100722 Firefox/3.6.8"
92.225.93.14 - - [02/Aug/2010:09:19:13 +0200] "GET /content/assets/Beratung/EFB/schulz.jpg HTTP/1.1" 200 7793 "http://www.awo-kv-bernau.de/content/erziehungs-und-familienberatung/" "Mozilla/5.0 (Macintosh; U; PPC Mac OS X 10.4; de; rv:1.9.2.8) Gecko/20100722 Firefox/3.6.8"
92.225.93.14 - - [02/Aug/2010:09:19:13 +0200] "GET /content/assets/Beratung/EFB/scholz1.jpg HTTP/1.1" 200 13704 "http://www.awo-kv-bernau.de/content/erziehungs-und-familienberatung/" "Mozilla/5.0 (Macintosh; U; PPC Mac OS X 10.4; de; rv:1.9.2.8) Gecko/20100722 Firefox/3.6.8"
92.225.93.14 - - [02/Aug/2010:09:19:13 +0200] "GET /content/assets/Beratung/EFB/dietzlazar.jpg HTTP/1.1" 200 11977 "http://www.awo-kv-bernau.de/content/erziehungs-und-familienberatung/" "Mozilla/5.0 (Macintosh; U; PPC Mac OS X 10.4; de; rv:1.9.2.8) Gecko/20100722 Firefox/3.6.8"
92.225.93.14 - - [02/Aug/2010:09:19:13 +0200] "GET /content/assets/Beratung/EFB/grabert.jpg HTTP/1.1" 200 9871 "http://www.awo-kv-bernau.de/content/erziehungs-und-familienberatung/" "Mozilla/5.0 (Macintosh; U; PPC Mac OS X 10.4; de; rv:1.9.2.8) Gecko/20100722 Firefox/3.6.8"
92.225.93.14 - - [02/Aug/2010:09:19:13 +0200] "GET /content/assets/Beratung/EFB/pohl.jpg HTTP/1.1" 200 10639 "http://www.awo-kv-bernau.de/content/erziehungs-und-familienberatung/" "Mozilla/5.0 (Macintosh; U; PPC Mac OS X 10.4; de; rv:1.9.2.8) Gecko/20100722 Firefox/3.6.8"
87.187.164.173 - - [02/Aug/2010:09:19:41 +0200] "GET /content/veranstaltungskalender/ HTTP/1.1" 200 7393 "http://www.awo-kv-bernau.de/content/erziehungs-und-familienberatung/" "Mozilla/4.0 (compatible; MSIE 8.0; Windows NT 5.1; Trident/4.0; .NET CLR 2.0.50727; .NET CLR 3.0.4506.2152; .NET CLR 3.5.30729; InfoPath.2)"
87.187.164.173 - - [02/Aug/2010:09:19:42 +0200] "GET /content/kalender/jax_calendar.php?language=German HTTP/1.1" 200 49054 "http://www.awo-kv-bernau.de/content/veranstaltungskalender/" "Mozilla/4.0 (compatible; MSIE 8.0; Windows NT 5.1; Trident/4.0; .NET CLR 2.0.50727; .NET CLR 3.0.4506.2152; .NET CLR 3.5.30729; InfoPath.2)"
87.187.164.173 - - [02/Aug/2010:09:19:42 +0200] "GET /content/kalender/css/default.css HTTP/1.1" 200 6070 "http://www.awo-kv-bernau.de/content/kalender/jax_calendar.php?language=German" "Mozilla/4.0 (compatible; MSIE 8.0; Windows NT 5.1; Trident/4.0; .NET CLR 2.0.50727; .NET CLR 3.0.4506.2152; .NET CLR 3.5.30729; InfoPath.2)"
87.187.164.173 - - [02/Aug/2010:09:19:42 +0200] "GET /content/kalender/modules/quick_select_popup.js HTTP/1.1" 200 2660 "http://www.awo-kv-bernau.de/content/kalender/jax_calendar.php?language=German" "Mozilla/4.0 (compatible; MSIE 8.0; Windows NT 5.1; Trident/4.0; .NET CLR 2.0.50727; .NET CLR 3.0.4506.2152; .NET CLR 3.5.30729; InfoPath.2)"
87.187.164.173 - - [02/Aug/2010:09:19:42 +0200] "GET /content/kalender/images/prev_month_wb.gif HTTP/1.1" 200 92 "http://www.awo-kv-bernau.de/content/kalender/jax_calendar.php?language=German" "Mozilla/4.0 (compatible; MSIE 8.0; Windows NT 5.1; Trident/4.0; .NET CLR 2.0.50727; .NET CLR 3.0.4506.2152; .NET CLR 3.5.30729; InfoPath.2)"
87.187.164.173 - - [02/Aug/2010:09:19:42 +0200] "GET /content/kalender/images/prev_year_wb.gif HTTP/1.1" 200 91 "http://www.awo-kv-bernau.de/content/kalender/jax_calendar.php?language=German" "Mozilla/4.0 (compatible; MSIE 8.0; Windows NT 5.1; Trident/4.0; .NET CLR 2.0.50727; .NET CLR 3.0.4506.2152; .NET CLR 3.5.30729; InfoPath.2)"
87.187.164.173 - - [02/Aug/2010:09:19:42 +0200] "GET /content/kalender/images/next_month_wb.gif HTTP/1.1" 200 95 "http://www.awo-kv-bernau.de/content/kalender/jax_calendar.php?language=German" "Mozilla/4.0 (compatible; MSIE 8.0; Windows NT 5.1; Trident/4.0; .NET CLR 2.0.50727; .NET CLR 3.0.4506.2152; .NET CLR 3.5.30729; InfoPath.2)"
87.187.164.173 - - [02/Aug/2010:09:19:42 +0200] "GET /content/kalender/images/next_year_wb.gif HTTP/1.1" 200 93 "http://www.awo-kv-bernau.de/content/kalender/jax_calendar.php?language=German" "Mozilla/4.0 (compatible; MSIE 8.0; Windows NT 5.1; Trident/4.0; .NET CLR 2.0.50727; .NET CLR 3.0.4506.2152; .NET CLR 3.5.30729; InfoPath.2)"
87.187.164.173 - - [02/Aug/2010:09:19:42 +0200] "GET /content/kalender/images/back_today.gif HTTP/1.1" 200 78 "http://www.awo-kv-bernau.de/content/kalender/jax_calendar.php?language=German" "Mozilla/4.0 (compatible; MSIE 8.0; Windows NT 5.1; Trident/4.0; .NET CLR 2.0.50727; .NET CLR 3.0.4506.2152; .NET CLR 3.5.30729; InfoPath.2)"
92.225.93.14 - - [02/Aug/2010:09:19:45 +0200] "GET /content/beratungsstellen/ HTTP/1.1" 200 7938 "http://www.awo-kv-bernau.de/content/erziehungs-und-familienberatung/" "Mozilla/5.0 (Macintosh; U; PPC Mac OS X 10.4; de; rv:1.9.2.8) Gecko/20100722 Firefox/3.6.8"
92.225.93.14 - - [02/Aug/2010:09:19:45 +0200] "GET /content/themes/blackcandy/css/layout.css?m=1277372568 HTTP/1.1" 304 - "http://www.awo-kv-bernau.de/content/beratungsstellen/" "Mozilla/5.0 (Macintosh; U; PPC Mac OS X 10.4; de; rv:1.9.2.8) Gecko/20100722 Firefox/3.6.8"
92.225.93.14 - - [02/Aug/2010:09:19:45 +0200] "GET /content/themes/blackcandy/css/typography.css?m=1277278793 HTTP/1.1" 304 - "http://www.awo-kv-bernau.de/content/beratungsstellen/" "Mozilla/5.0 (Macintosh; U; PPC Mac OS X 10.4; de; rv:1.9.2.8) Gecko/20100722 Firefox/3.6.8"
92.225.93.14 - - [02/Aug/2010:09:19:45 +0200] "GET /content/themes/blackcandy/css/form.css?m=1277278133 HTTP/1.1" 304 - "http://www.awo-kv-bernau.de/content/beratungsstellen/" "Mozilla/5.0 (Macintosh; U; PPC Mac OS X 10.4; de; rv:1.9.2.8) Gecko/20100722 Firefox/3.6.8"
92.225.93.14 - - [02/Aug/2010:09:19:49 +0200] "GET /content/erziehungs-und-familienberatung/ HTTP/1.1" 200 13409 "http://www.awo-kv-bernau.de/content/beratungsstellen/" "Mozilla/5.0 (Macintosh; U; PPC Mac OS X 10.4; de; rv:1.9.2.8) Gecko/20100722 Firefox/3.6.8"
92.225.93.14 - - [02/Aug/2010:09:19:50 +0200] "GET /content/themes/blackcandy/css/layout.css?m=1277372568 HTTP/1.1" 304 - "http://www.awo-kv-bernau.de/content/erziehungs-und-familienberatung/" "Mozilla/5.0 (Macintosh; U; PPC Mac OS X 10.4; de; rv:1.9.2.8) Gecko/20100722 Firefox/3.6.8"
92.225.93.14 - - [02/Aug/2010:09:19:50 +0200] "GET /content/themes/blackcandy/css/typography.css?m=1277278793 HTTP/1.1" 304 - "http://www.awo-kv-bernau.de/content/erziehungs-und-familienberatung/" "Mozilla/5.0 (Macintosh; U; PPC Mac OS X 10.4; de; rv:1.9.2.8) Gecko/20100722 Firefox/3.6.8"
92.225.93.14 - - [02/Aug/2010:09:19:50 +0200] "GET /content/themes/blackcandy/css/form.css?m=1277278133 HTTP/1.1" 304 - "http://www.awo-kv-bernau.de/content/erziehungs-und-familienberatung/" "Mozilla/5.0 (Macintosh; U; PPC Mac OS X 10.4; de; rv:1.9.2.8) Gecko/20100722 Firefox/3.6.8"
87.187.164.173 - - [02/Aug/2010:09:20:01 +0200] "GET /content/kalender/jax_calendar.php?Y=2010&m=8&d=2&do=show_event&key=7f15b2f0f3b0c820b901970a00250959&cal_id=0&language=german&gmt_ofs=-1&view=d30&evt_date=%3Cb%3E03.08.2010%3C%2Fb%3E+18%3A00&evt_title=Treffen+der+Selbsthilfegruppe+%26quot%3BBalance%26quot%3B HTTP/1.1" 200 12167 "http://www.awo-kv-bernau.de/content/kalender/jax_calendar.php?language=German" "Mozilla/4.0 (compatible; MSIE 8.0; Windows NT 5.1; Trident/4.0; .NET CLR 2.0.50727; .NET CLR 3.0.4506.2152; .NET CLR 3.5.30729; InfoPath.2)"
92.225.93.14 - - [02/Aug/2010:09:20:14 +0200] "GET /content/themes/blackcandy/images/hoverTabLeft.png HTTP/1.1" 200 400 "http://www.awo-kv-bernau.de/content/themes/blackcandy/css/layout.css?m=1277372568" "Mozilla/5.0 (Macintosh; U; PPC Mac OS X 10.4; de; rv:1.9.2.8) Gecko/20100722 Firefox/3.6.8"
92.225.93.14 - - [02/Aug/2010:09:20:14 +0200] "GET /content/themes/blackcandy/images/hoverTabRight.png HTTP/1.1" 200 429 "http://www.awo-kv-bernau.de/content/themes/blackcandy/css/layout.css?m=1277372568" "Mozilla/5.0 (Macintosh; U; PPC Mac OS X 10.4; de; rv:1.9.2.8) Gecko/20100722 Firefox/3.6.8"
207.46.13.134 - - [02/Aug/2010:09:21:22 +0200] "GET /content/veranstaltungskalender/ HTTP/1.1" 200 7393 "-" "msnbot/2.0b (+http://search.msn.com/msnbot.htm)"
81.17.208.4 - - [02/Aug/2010:09:22:03 +0200] "GET /content/aktuelles/ HTTP/1.0" 200 10372 "http://www.awo-kv-bernau.de/" "Mozilla/5.0 (compatible; jobs.de-Robot +http://www.jobs.de)"
66.249.65.240 - - [02/Aug/2010:09:22:23 +0200] "GET /content/kalender/jax_calendar.php?Y=2446&m=5&d=2&do=show_event&key=faf7136c75b892aeefbe6455602b7e00&cal_id=0&language=german&gmt_ofs=-1&view=d1&evt_date=%3Cb%3E29.09.2010%3C%2Fb%3E+15%3A00&evt_title=Skatrunde+f%FCr+Anf%E4nger+und+Fortgeschrittene HTTP/1.1" 200 12092 "-" "Mozilla/5.0 (compatible; Googlebot/2.1; +http://www.google.com/bot.html)"
87.187.164.173 - - [02/Aug/2010:09:23:24 +0200] "GET / HTTP/1.1" 302 - "-" "Mozilla/4.0 (compatible; MSIE 8.0; Windows NT 5.1; Trident/4.0; .NET CLR 2.0.50727; .NET CLR 3.0.4506.2152; .NET CLR 3.5.30729; InfoPath.2)"
87.187.164.173 - - [02/Aug/2010:09:23:25 +0200] "GET /content/aktuelles/ HTTP/1.1" 200 10372 "-" "Mozilla/4.0 (compatible; MSIE 8.0; Windows NT 5.1; Trident/4.0; .NET CLR 2.0.50727; .NET CLR 3.0.4506.2152; .NET CLR 3.5.30729; InfoPath.2)"
87.187.164.173 - - [02/Aug/2010:09:23:25 +0200] "GET /content/themes/blackcandy/css/layout.css?m=1277372568 HTTP/1.1" 200 9865 "http://www.awo-kv-bernau.de/content/aktuelles/" "Mozilla/4.0 (compatible; MSIE 8.0; Windows NT 5.1; Trident/4.0; .NET CLR 2.0.50727; .NET CLR 3.0.4506.2152; .NET CLR 3.5.30729; InfoPath.2)"
87.187.164.173 - - [02/Aug/2010:09:23:25 +0200] "GET /content/themes/blackcandy/css/typography.css?m=1277278793 HTTP/1.1" 200 5090 "http://www.awo-kv-bernau.de/content/aktuelles/" "Mozilla/4.0 (compatible; MSIE 8.0; Windows NT 5.1; Trident/4.0; .NET CLR 2.0.50727; .NET CLR 3.0.4506.2152; .NET CLR 3.5.30729; InfoPath.2)"
87.187.164.173 - - [02/Aug/2010:09:23:25 +0200] "GET /content/assets/Aktuelles/aktuelles200710.jpg HTTP/1.1" 200 27142 "http://www.awo-kv-bernau.de/content/aktuelles/" "Mozilla/4.0 (compatible; MSIE 8.0; Windows NT 5.1; Trident/4.0; .NET CLR 2.0.50727; .NET CLR 3.0.4506.2152; .NET CLR 3.5.30729; InfoPath.2)"
87.187.164.173 - - [02/Aug/2010:09:23:25 +0200] "GET /content/assets/Aktuelles/aktuelles280710.jpg HTTP/1.1" 200 15702 "http://www.awo-kv-bernau.de/content/aktuelles/" "Mozilla/4.0 (compatible; MSIE 8.0; Windows NT 5.1; Trident/4.0; .NET CLR 2.0.50727; .NET CLR 3.0.4506.2152; .NET CLR 3.5.30729; InfoPath.2)"
87.187.164.173 - - [02/Aug/2010:09:23:25 +0200] "GET /content/assets/Aktuelles/aktuelles160710.jpg HTTP/1.1" 200 17303 "http://www.awo-kv-bernau.de/content/aktuelles/" "Mozilla/4.0 (compatible; MSIE 8.0; Windows NT 5.1; Trident/4.0; .NET CLR 2.0.50727; .NET CLR 3.0.4506.2152; .NET CLR 3.5.30729; InfoPath.2)"
87.187.164.173 - - [02/Aug/2010:09:23:25 +0200] "GET /content/themes/blackcandy/css/form.css?m=1277278133 HTTP/1.1" 200 1856 "http://www.awo-kv-bernau.de/content/aktuelles/" "Mozilla/4.0 (compatible; MSIE 8.0; Windows NT 5.1; Trident/4.0; .NET CLR 2.0.50727; .NET CLR 3.0.4506.2152; .NET CLR 3.5.30729; InfoPath.2)"
87.187.164.173 - - [02/Aug/2010:09:23:25 +0200] "GET /content/themes/blackcandy/images/headerRounded.png HTTP/1.1" 200 763 "http://www.awo-kv-bernau.de/content/aktuelles/" "Mozilla/4.0 (compatible; MSIE 8.0; Windows NT 5.1; Trident/4.0; .NET CLR 2.0.50727; .NET CLR 3.0.4506.2152; .NET CLR 3.5.30729; InfoPath.2)"
87.187.164.173 - - [02/Aug/2010:09:23:25 +0200] "GET /content/themes/blackcandy/images/activeTabLeft.png HTTP/1.1" 200 433 "http://www.awo-kv-bernau.de/content/aktuelles/" "Mozilla/4.0 (compatible; MSIE 8.0; Windows NT 5.1; Trident/4.0; .NET CLR 2.0.50727; .NET CLR 3.0.4506.2152; .NET CLR 3.5.30729; InfoPath.2)"
87.187.164.173 - - [02/Aug/2010:09:23:25 +0200] "GET /content/themes/blackcandy/images/activeTabRight.png HTTP/1.1" 200 433 "http://www.awo-kv-bernau.de/content/aktuelles/" "Mozilla/4.0 (compatible; MSIE 8.0; Windows NT 5.1; Trident/4.0; .NET CLR 2.0.50727; .NET CLR 3.0.4506.2152; .NET CLR 3.5.30729; InfoPath.2)"
87.187.164.173 - - [02/Aug/2010:09:23:26 +0200] "GET /content/themes/blackcandy/images/herz.png HTTP/1.1" 200 344 "http://www.awo-kv-bernau.de/content/aktuelles/" "Mozilla/4.0 (compatible; MSIE 8.0; Windows NT 5.1; Trident/4.0; .NET CLR 2.0.50727; .NET CLR 3.0.4506.2152; .NET CLR 3.5.30729; InfoPath.2)"
87.187.164.173 - - [02/Aug/2010:09:23:26 +0200] "GET /content/themes/blackcandy/images/footer.png HTTP/1.1" 200 884 "http://www.awo-kv-bernau.de/content/aktuelles/" "Mozilla/4.0 (compatible; MSIE 8.0; Windows NT 5.1; Trident/4.0; .NET CLR 2.0.50727; .NET CLR 3.0.4506.2152; .NET CLR 3.5.30729; InfoPath.2)"
87.187.164.173 - - [02/Aug/2010:09:23:25 +0200] "GET /content/assets/Aktuelles/aktuelles110610.jpg HTTP/1.1" 200 61872 "http://www.awo-kv-bernau.de/content/aktuelles/" "Mozilla/4.0 (compatible; MSIE 8.0; Windows NT 5.1; Trident/4.0; .NET CLR 2.0.50727; .NET CLR 3.0.4506.2152; .NET CLR 3.5.30729; InfoPath.2)"
87.187.164.173 - - [02/Aug/2010:09:23:26 +0200] "GET /content/themes/blackcandy/images/subheader.jpg HTTP/1.1" 200 52576 "http://www.awo-kv-bernau.de/content/aktuelles/" "Mozilla/4.0 (compatible; MSIE 8.0; Windows NT 5.1; Trident/4.0; .NET CLR 2.0.50727; .NET CLR 3.0.4506.2152; .NET CLR 3.5.30729; InfoPath.2)"
87.187.164.173 - - [02/Aug/2010:09:23:25 +0200] "GET /content/themes/blackcandy/images/header.jpg HTTP/1.1" 200 45038 "http://www.awo-kv-bernau.de/content/aktuelles/" "Mozilla/4.0 (compatible; MSIE 8.0; Windows NT 5.1; Trident/4.0; .NET CLR 2.0.50727; .NET CLR 3.0.4506.2152; .NET CLR 3.5.30729; InfoPath.2)"
87.187.164.173 - - [02/Aug/2010:09:23:26 +0200] "GET /favicon.ico HTTP/1.1" 404 1256 "-" "Mozilla/4.0 (compatible; MSIE 8.0; Windows NT 5.1; Trident/4.0; .NET CLR 2.0.50727; .NET CLR 3.0.4506.2152; .NET CLR 3.5.30729; InfoPath.2)"
66.249.65.240 - - [02/Aug/2010:09:24:49 +0200] "GET /content/kalender/jax_calendar.php?Y=2435&m=4&d=3&view=d1 HTTP/1.1" 200 11768 "-" "Mozilla/5.0 (compatible; Googlebot/2.1; +http://www.google.com/bot.html)"
66.249.65.240 - - [02/Aug/2010:09:27:16 +0200] "GET /content/kalender/jax_calendar.php?Y=2905&m=4&d=14&do=show_event&key=faf7136c75b892aeefbe6455602b7e00&cal_id=0&language=german&gmt_ofs=-1&view=d1&evt_date=%3Cb%3E29.09.2010%3C%2Fb%3E+15%3A00&evt_title=Skatrunde+f%FCr+Anf%E4nger+und+Fortgeschrittene HTTP/1.1" 200 12130 "-" "Mozilla/5.0 (compatible; Googlebot/2.1; +http://www.google.com/bot.html)"
87.187.164.173 - - [02/Aug/2010:09:27:40 +0200] "GET /content/aktuelles/ HTTP/1.1" 200 10372 "-" "Mozilla/4.0 (compatible; MSIE 8.0; Windows NT 5.1; Trident/4.0; .NET CLR 2.0.50727; .NET CLR 3.0.4506.2152; .NET CLR 3.5.30729; InfoPath.2)"
87.187.164.173 - - [02/Aug/2010:09:27:41 +0200] "GET /content/themes/blackcandy/css/layout.css?m=1277372568 HTTP/1.1" 304 - "http://www.awo-kv-bernau.de/content/aktuelles/" "Mozilla/4.0 (compatible; MSIE 8.0; Windows NT 5.1; Trident/4.0; .NET CLR 2.0.50727; .NET CLR 3.0.4506.2152; .NET CLR 3.5.30729; InfoPath.2)"
87.187.164.173 - - [02/Aug/2010:09:27:41 +0200] "GET /content/themes/blackcandy/css/form.css?m=1277278133 HTTP/1.1" 304 - "http://www.awo-kv-bernau.de/content/aktuelles/" "Mozilla/4.0 (compatible; MSIE 8.0; Windows NT 5.1; Trident/4.0; .NET CLR 2.0.50727; .NET CLR 3.0.4506.2152; .NET CLR 3.5.30729; InfoPath.2)"
87.187.164.173 - - [02/Aug/2010:09:27:41 +0200] "GET /content/themes/blackcandy/css/typography.css?m=1277278793 HTTP/1.1" 304 - "http://www.awo-kv-bernau.de/content/aktuelles/" "Mozilla/4.0 (compatible; MSIE 8.0; Windows NT 5.1; Trident/4.0; .NET CLR 2.0.50727; .NET CLR 3.0.4506.2152; .NET CLR 3.5.30729; InfoPath.2)"
87.187.164.173 - - [02/Aug/2010:09:27:41 +0200] "GET /content/assets/Aktuelles/aktuelles280710.jpg HTTP/1.1" 304 - "http://www.awo-kv-bernau.de/content/aktuelles/" "Mozilla/4.0 (compatible; MSIE 8.0; Windows NT 5.1; Trident/4.0; .NET CLR 2.0.50727; .NET CLR 3.0.4506.2152; .NET CLR 3.5.30729; InfoPath.2)"
87.187.164.173 - - [02/Aug/2010:09:27:41 +0200] "GET /content/themes/blackcandy/images/header.jpg HTTP/1.1" 304 - "http://www.awo-kv-bernau.de/content/aktuelles/" "Mozilla/4.0 (compatible; MSIE 8.0; Windows NT 5.1; Trident/4.0; .NET CLR 2.0.50727; .NET CLR 3.0.4506.2152; .NET CLR 3.5.30729; InfoPath.2)"
87.187.164.173 - - [02/Aug/2010:09:27:41 +0200] "GET /content/themes/blackcandy/images/activeTabRight.png HTTP/1.1" 304 - "http://www.awo-kv-bernau.de/content/aktuelles/" "Mozilla/4.0 (compatible; MSIE 8.0; Windows NT 5.1; Trident/4.0; .NET CLR 2.0.50727; .NET CLR 3.0.4506.2152; .NET CLR 3.5.30729; InfoPath.2)"
87.187.164.173 - - [02/Aug/2010:09:27:41 +0200] "GET /content/themes/blackcandy/images/activeTabLeft.png HTTP/1.1" 304 - "http://www.awo-kv-bernau.de/content/aktuelles/" "Mozilla/4.0 (compatible; MSIE 8.0; Windows NT 5.1; Trident/4.0; .NET CLR 2.0.50727; .NET CLR 3.0.4506.2152; .NET CLR 3.5.30729; InfoPath.2)"
66.249.65.240 - - [02/Aug/2010:09:30:03 +0200] "GET /content/kalender/jax_calendar.php?Y=2444&m=4&d=37&view=d1 HTTP/1.1" 200 11804 "-" "Mozilla/5.0 (compatible; Googlebot/2.1; +http://www.google.com/bot.html)"
87.187.164.173 - - [02/Aug/2010:09:31:31 +0200] "GET / HTTP/1.1" 302 - "-" "Mozilla/4.0 (compatible; MSIE 8.0; Windows NT 5.1; Trident/4.0; .NET CLR 2.0.50727; .NET CLR 3.0.4506.2152; .NET CLR 3.5.30729; InfoPath.2)"
87.187.164.173 - - [02/Aug/2010:09:31:31 +0200] "GET /content/aktuelles/ HTTP/1.1" 200 10372 "-" "Mozilla/4.0 (compatible; MSIE 8.0; Windows NT 5.1; Trident/4.0; .NET CLR 2.0.50727; .NET CLR 3.0.4506.2152; .NET CLR 3.5.30729; InfoPath.2)"
87.187.164.173 - - [02/Aug/2010:09:31:32 +0200] "GET /content/themes/blackcandy/css/layout.css?m=1277372568 HTTP/1.1" 200 9865 "http://www.awo-kv-bernau.de/content/aktuelles/" "Mozilla/4.0 (compatible; MSIE 8.0; Windows NT 5.1; Trident/4.0; .NET CLR 2.0.50727; .NET CLR 3.0.4506.2152; .NET CLR 3.5.30729; InfoPath.2)"
87.187.164.173 - - [02/Aug/2010:09:31:32 +0200] "GET /content/themes/blackcandy/css/typography.css?m=1277278793 HTTP/1.1" 200 5090 "http://www.awo-kv-bernau.de/content/aktuelles/" "Mozilla/4.0 (compatible; MSIE 8.0; Windows NT 5.1; Trident/4.0; .NET CLR 2.0.50727; .NET CLR 3.0.4506.2152; .NET CLR 3.5.30729; InfoPath.2)"
87.187.164.173 - - [02/Aug/2010:09:31:32 +0200] "GET /content/assets/Aktuelles/aktuelles200710.jpg HTTP/1.1" 200 27142 "http://www.awo-kv-bernau.de/content/aktuelles/" "Mozilla/4.0 (compatible; MSIE 8.0; Windows NT 5.1; Trident/4.0; .NET CLR 2.0.50727; .NET CLR 3.0.4506.2152; .NET CLR 3.5.30729; InfoPath.2)"
87.187.164.173 - - [02/Aug/2010:09:31:32 +0200] "GET /content/assets/Aktuelles/aktuelles160710.jpg HTTP/1.1" 200 17303 "http://www.awo-kv-bernau.de/content/aktuelles/" "Mozilla/4.0 (compatible; MSIE 8.0; Windows NT 5.1; Trident/4.0; .NET CLR 2.0.50727; .NET CLR 3.0.4506.2152; .NET CLR 3.5.30729; InfoPath.2)"
87.187.164.173 - - [02/Aug/2010:09:31:32 +0200] "GET /content/assets/Aktuelles/aktuelles280710.jpg HTTP/1.1" 200 15702 "http://www.awo-kv-bernau.de/content/aktuelles/" "Mozilla/4.0 (compatible; MSIE 8.0; Windows NT 5.1; Trident/4.0; .NET CLR 2.0.50727; .NET CLR 3.0.4506.2152; .NET CLR 3.5.30729; InfoPath.2)"
87.187.164.173 - - [02/Aug/2010:09:31:32 +0200] "GET /content/themes/blackcandy/css/form.css?m=1277278133 HTTP/1.1" 200 1856 "http://www.awo-kv-bernau.de/content/aktuelles/" "Mozilla/4.0 (compatible; MSIE 8.0; Windows NT 5.1; Trident/4.0; .NET CLR 2.0.50727; .NET CLR 3.0.4506.2152; .NET CLR 3.5.30729; InfoPath.2)"
87.187.164.173 - - [02/Aug/2010:09:31:32 +0200] "GET /content/themes/blackcandy/images/headerRounded.png HTTP/1.1" 200 763 "http://www.awo-kv-bernau.de/content/aktuelles/" "Mozilla/4.0 (compatible; MSIE 8.0; Windows NT 5.1; Trident/4.0; .NET CLR 2.0.50727; .NET CLR 3.0.4506.2152; .NET CLR 3.5.30729; InfoPath.2)"
87.187.164.173 - - [02/Aug/2010:09:31:32 +0200] "GET /content/themes/blackcandy/images/activeTabLeft.png HTTP/1.1" 200 433 "http://www.awo-kv-bernau.de/content/aktuelles/" "Mozilla/4.0 (compatible; MSIE 8.0; Windows NT 5.1; Trident/4.0; .NET CLR 2.0.50727; .NET CLR 3.0.4506.2152; .NET CLR 3.5.30729; InfoPath.2)"
87.187.164.173 - - [02/Aug/2010:09:31:32 +0200] "GET /content/themes/blackcandy/images/activeTabRight.png HTTP/1.1" 200 433 "http://www.awo-kv-bernau.de/content/aktuelles/" "Mozilla/4.0 (compatible; MSIE 8.0; Windows NT 5.1; Trident/4.0; .NET CLR 2.0.50727; .NET CLR 3.0.4506.2152; .NET CLR 3.5.30729; InfoPath.2)"
87.187.164.173 - - [02/Aug/2010:09:31:32 +0200] "GET /content/assets/Aktuelles/aktuelles110610.jpg HTTP/1.1" 200 61872 "http://www.awo-kv-bernau.de/content/aktuelles/" "Mozilla/4.0 (compatible; MSIE 8.0; Windows NT 5.1; Trident/4.0; .NET CLR 2.0.50727; .NET CLR 3.0.4506.2152; .NET CLR 3.5.30729; InfoPath.2)"
87.187.164.173 - - [02/Aug/2010:09:31:32 +0200] "GET /content/themes/blackcandy/images/herz.png HTTP/1.1" 200 344 "http://www.awo-kv-bernau.de/content/aktuelles/" "Mozilla/4.0 (compatible; MSIE 8.0; Windows NT 5.1; Trident/4.0; .NET CLR 2.0.50727; .NET CLR 3.0.4506.2152; .NET CLR 3.5.30729; InfoPath.2)"
87.187.164.173 - - [02/Aug/2010:09:31:32 +0200] "GET /content/themes/blackcandy/images/footer.png HTTP/1.1" 200 884 "http://www.awo-kv-bernau.de/content/aktuelles/" "Mozilla/4.0 (compatible; MSIE 8.0; Windows NT 5.1; Trident/4.0; .NET CLR 2.0.50727; .NET CLR 3.0.4506.2152; .NET CLR 3.5.30729; InfoPath.2)"
87.187.164.173 - - [02/Aug/2010:09:31:32 +0200] "GET /content/themes/blackcandy/images/subheader.jpg HTTP/1.1" 200 52576 "http://www.awo-kv-bernau.de/content/aktuelles/" "Mozilla/4.0 (compatible; MSIE 8.0; Windows NT 5.1; Trident/4.0; .NET CLR 2.0.50727; .NET CLR 3.0.4506.2152; .NET CLR 3.5.30729; InfoPath.2)"
87.187.164.173 - - [02/Aug/2010:09:31:32 +0200] "GET /content/themes/blackcandy/images/header.jpg HTTP/1.1" 200 45038 "http://www.awo-kv-bernau.de/content/aktuelles/" "Mozilla/4.0 (compatible; MSIE 8.0; Windows NT 5.1; Trident/4.0; .NET CLR 2.0.50727; .NET CLR 3.0.4506.2152; .NET CLR 3.5.30729; InfoPath.2)"
87.187.164.173 - - [02/Aug/2010:09:31:33 +0200] "GET /favicon.ico HTTP/1.1" 404 1256 "-" "Mozilla/4.0 (compatible; MSIE 8.0; Windows NT 5.1; Trident/4.0; .NET CLR 2.0.50727; .NET CLR 3.0.4506.2152; .NET CLR 3.5.30729; InfoPath.2)"
66.249.65.240 - - [02/Aug/2010:09:32:30 +0200] "GET /content/kalender/jax_calendar.php?Y=2975&m=11&d=1&view=d1 HTTP/1.1" 200 11834 "-" "Mozilla/5.0 (compatible; Googlebot/2.1; +http://www.google.com/bot.html)"
207.46.204.235 - - [02/Aug/2010:09:33:52 +0200] "GET /content/kalender/jax_calendar.php?Y=2011&m=1&d=4&cal_id=0&language=german&gmt_ofs=-1&view=d30&view=d30 HTTP/1.1" 200 11196 "-" "msnbot/2.0b (+http://search.msn.com/msnbot.htm)"
66.249.65.240 - - [02/Aug/2010:09:35:08 +0200] "GET /content/kalender/jax_calendar.php?Y=2893&m=2&d=14&cal_id=0&language=german&gmt_ofs=-1&view=d1 HTTP/1.1" 200 11706 "-" "Mozilla/5.0 (compatible; Googlebot/2.1; +http://www.google.com/bot.html)"
87.187.164.173 - - [02/Aug/2010:09:35:38 +0200] "GET / HTTP/1.1" 302 - "-" "Mozilla/4.0 (compatible; MSIE 8.0; Windows NT 5.1; Trident/4.0; .NET CLR 2.0.50727; .NET CLR 3.0.4506.2152; .NET CLR 3.5.30729; InfoPath.2)"
87.187.164.173 - - [02/Aug/2010:09:35:38 +0200] "GET /content/aktuelles/ HTTP/1.1" 200 10372 "-" "Mozilla/4.0 (compatible; MSIE 8.0; Windows NT 5.1; Trident/4.0; .NET CLR 2.0.50727; .NET CLR 3.0.4506.2152; .NET CLR 3.5.30729; InfoPath.2)"
87.187.164.173 - - [02/Aug/2010:09:35:38 +0200] "GET /content/themes/blackcandy/css/layout.css?m=1277372568 HTTP/1.1" 200 9865 "http://www.awo-kv-bernau.de/content/aktuelles/" "Mozilla/4.0 (compatible; MSIE 8.0; Windows NT 5.1; Trident/4.0; .NET CLR 2.0.50727; .NET CLR 3.0.4506.2152; .NET CLR 3.5.30729; InfoPath.2)"
87.187.164.173 - - [02/Aug/2010:09:35:38 +0200] "GET /content/themes/blackcandy/css/typography.css?m=1277278793 HTTP/1.1" 200 5090 "http://www.awo-kv-bernau.de/content/aktuelles/" "Mozilla/4.0 (compatible; MSIE 8.0; Windows NT 5.1; Trident/4.0; .NET CLR 2.0.50727; .NET CLR 3.0.4506.2152; .NET CLR 3.5.30729; InfoPath.2)"
87.187.164.173 - - [02/Aug/2010:09:35:38 +0200] "GET /content/assets/Aktuelles/aktuelles280710.jpg HTTP/1.1" 200 15702 "http://www.awo-kv-bernau.de/content/aktuelles/" "Mozilla/4.0 (compatible; MSIE 8.0; Windows NT 5.1; Trident/4.0; .NET CLR 2.0.50727; .NET CLR 3.0.4506.2152; .NET CLR 3.5.30729; InfoPath.2)"
87.187.164.173 - - [02/Aug/2010:09:35:38 +0200] "GET /content/assets/Aktuelles/aktuelles200710.jpg HTTP/1.1" 200 27142 "http://www.awo-kv-bernau.de/content/aktuelles/" "Mozilla/4.0 (compatible; MSIE 8.0; Windows NT 5.1; Trident/4.0; .NET CLR 2.0.50727; .NET CLR 3.0.4506.2152; .NET CLR 3.5.30729; InfoPath.2)"
87.187.164.173 - - [02/Aug/2010:09:35:38 +0200] "GET /content/assets/Aktuelles/aktuelles160710.jpg HTTP/1.1" 200 17303 "http://www.awo-kv-bernau.de/content/aktuelles/" "Mozilla/4.0 (compatible; MSIE 8.0; Windows NT 5.1; Trident/4.0; .NET CLR 2.0.50727; .NET CLR 3.0.4506.2152; .NET CLR 3.5.30729; InfoPath.2)"
87.187.164.173 - - [02/Aug/2010:09:35:39 +0200] "GET /content/themes/blackcandy/css/form.css?m=1277278133 HTTP/1.1" 200 1856 "http://www.awo-kv-bernau.de/content/aktuelles/" "Mozilla/4.0 (compatible; MSIE 8.0; Windows NT 5.1; Trident/4.0; .NET CLR 2.0.50727; .NET CLR 3.0.4506.2152; .NET CLR 3.5.30729; InfoPath.2)"
87.187.164.173 - - [02/Aug/2010:09:35:39 +0200] "GET /content/themes/blackcandy/images/headerRounded.png HTTP/1.1" 200 763 "http://www.awo-kv-bernau.de/content/aktuelles/" "Mozilla/4.0 (compatible; MSIE 8.0; Windows NT 5.1; Trident/4.0; .NET CLR 2.0.50727; .NET CLR 3.0.4506.2152; .NET CLR 3.5.30729; InfoPath.2)"
87.187.164.173 - - [02/Aug/2010:09:35:39 +0200] "GET /content/themes/blackcandy/images/activeTabLeft.png HTTP/1.1" 200 433 "http://www.awo-kv-bernau.de/content/aktuelles/" "Mozilla/4.0 (compatible; MSIE 8.0; Windows NT 5.1; Trident/4.0; .NET CLR 2.0.50727; .NET CLR 3.0.4506.2152; .NET CLR 3.5.30729; InfoPath.2)"
87.187.164.173 - - [02/Aug/2010:09:35:39 +0200] "GET /content/themes/blackcandy/images/activeTabRight.png HTTP/1.1" 200 433 "http://www.awo-kv-bernau.de/content/aktuelles/" "Mozilla/4.0 (compatible; MSIE 8.0; Windows NT 5.1; Trident/4.0; .NET CLR 2.0.50727; .NET CLR 3.0.4506.2152; .NET CLR 3.5.30729; InfoPath.2)"
87.187.164.173 - - [02/Aug/2010:09:35:39 +0200] "GET /content/assets/Aktuelles/aktuelles110610.jpg HTTP/1.1" 200 61872 "http://www.awo-kv-bernau.de/content/aktuelles/" "Mozilla/4.0 (compatible; MSIE 8.0; Windows NT 5.1; Trident/4.0; .NET CLR 2.0.50727; .NET CLR 3.0.4506.2152; .NET CLR 3.5.30729; InfoPath.2)"
87.187.164.173 - - [02/Aug/2010:09:35:39 +0200] "GET /content/themes/blackcandy/images/footer.png HTTP/1.1" 200 884 "http://www.awo-kv-bernau.de/content/aktuelles/" "Mozilla/4.0 (compatible; MSIE 8.0; Windows NT 5.1; Trident/4.0; .NET CLR 2.0.50727; .NET CLR 3.0.4506.2152; .NET CLR 3.5.30729; InfoPath.2)"
87.187.164.173 - - [02/Aug/2010:09:35:39 +0200] "GET /content/themes/blackcandy/images/herz.png HTTP/1.1" 200 344 "http://www.awo-kv-bernau.de/content/aktuelles/" "Mozilla/4.0 (compatible; MSIE 8.0; Windows NT 5.1; Trident/4.0; .NET CLR 2.0.50727; .NET CLR 3.0.4506.2152; .NET CLR 3.5.30729; InfoPath.2)"
87.187.164.173 - - [02/Aug/2010:09:35:39 +0200] "GET /content/themes/blackcandy/images/subheader.jpg HTTP/1.1" 200 52576 "http://www.awo-kv-bernau.de/content/aktuelles/" "Mozilla/4.0 (compatible; MSIE 8.0; Windows NT 5.1; Trident/4.0; .NET CLR 2.0.50727; .NET CLR 3.0.4506.2152; .NET CLR 3.5.30729; InfoPath.2)"
87.187.164.173 - - [02/Aug/2010:09:35:39 +0200] "GET /content/themes/blackcandy/images/header.jpg HTTP/1.1" 200 45038 "http://www.awo-kv-bernau.de/content/aktuelles/" "Mozilla/4.0 (compatible; MSIE 8.0; Windows NT 5.1; Trident/4.0; .NET CLR 2.0.50727; .NET CLR 3.0.4506.2152; .NET CLR 3.5.30729; InfoPath.2)"
87.187.164.173 - - [02/Aug/2010:09:35:39 +0200] "GET /favicon.ico HTTP/1.1" 404 1256 "-" "Mozilla/4.0 (compatible; MSIE 8.0; Windows NT 5.1; Trident/4.0; .NET CLR 2.0.50727; .NET CLR 3.0.4506.2152; .NET CLR 3.5.30729; InfoPath.2)"
66.249.65.240 - - [02/Aug/2010:09:37:52 +0200] "GET /content/kalender/jax_calendar.php?Y=2901&m=5&d=25&view=d1 HTTP/1.1" 200 11802 "-" "Mozilla/5.0 (compatible; Googlebot/2.1; +http://www.google.com/bot.html)"
87.187.164.173 - - [02/Aug/2010:09:38:22 +0200] "GET /content/aktuelles/ HTTP/1.1" 200 10372 "-" "Mozilla/4.0 (compatible; MSIE 8.0; Windows NT 5.1; Trident/4.0; .NET CLR 2.0.50727; .NET CLR 3.0.4506.2152; .NET CLR 3.5.30729; InfoPath.2)"
81.17.208.4 - - [02/Aug/2010:09:38:27 +0200] "GET /content/awo-treff/ HTTP/1.0" 200 8216 "http://www.awo-kv-bernau.de/content/aktuelles/" "Mozilla/5.0 (compatible; jobs.de-Robot +http://www.jobs.de)"
87.187.164.173 - - [02/Aug/2010:09:38:35 +0200] "GET /content/themes/blackcandy/images/hoverTabLeft.png HTTP/1.1" 304 - "http://www.awo-kv-bernau.de/content/aktuelles/" "Mozilla/4.0 (compatible; MSIE 8.0; Windows NT 5.1; Trident/4.0; .NET CLR 2.0.50727; .NET CLR 3.0.4506.2152; .NET CLR 3.5.30729; InfoPath.2)"
87.187.164.173 - - [02/Aug/2010:09:38:35 +0200] "GET /content/themes/blackcandy/images/hoverTabRight.png HTTP/1.1" 304 - "http://www.awo-kv-bernau.de/content/aktuelles/" "Mozilla/4.0 (compatible; MSIE 8.0; Windows NT 5.1; Trident/4.0; .NET CLR 2.0.50727; .NET CLR 3.0.4506.2152; .NET CLR 3.5.30729; InfoPath.2)"
66.249.65.240 - - [02/Aug/2010:09:40:23 +0200] "GET /content/kalender/jax_calendar.php?Y=2973&m=4&d=32&do=show_event&key=faf7136c75b892aeefbe6455602b7e00&cal_id=0&language=german&gmt_ofs=-1&view=d1&evt_date=%3Cb%3E29.09.2010%3C%2Fb%3E+15%3A00&evt_title=Skatrunde+f%FCr+Anf%E4nger+und+Fortgeschrittene HTTP/1.1" 200 12130 "-" "Mozilla/5.0 (compatible; Googlebot/2.1; +http://www.google.com/bot.html)"
66.249.65.227 - - [02/Aug/2010:09:43:24 +0200] "GET /content/kalender/jax_calendar.php?Y=2436&m=9&d=20&view=d1 HTTP/1.1" 200 11809 "-" "Mozilla/5.0 (compatible; Googlebot/2.1; +http://www.google.com/bot.html)"
66.249.65.227 - - [02/Aug/2010:09:45:36 +0200] "GET /content/kalender/jax_calendar.php?Y=2888&m=9&d=14&cal_id=0&language=german&gmt_ofs=-1&view=d1 HTTP/1.1" 200 11709 "-" "Mozilla/5.0 (compatible; Googlebot/2.1; +http://www.google.com/bot.html)"
66.249.65.227 - - [02/Aug/2010:09:48:14 +0200] "GET /content/kalender/jax_calendar.php?Y=-10047&m=2&d=4&do=show_event&key=faf7136c75b892aeefbe6455602b7e00&cal_id=0&language=german&gmt_ofs=-1&view=d1&evt_date=%3Cb%3E29.09.2010%3C%2Fb%3E+15%3A00&evt_title=Skatrunde+f%FCr+Anf%E4nger+und+Fortgeschrittene HTTP/1.1" 200 12288 "-" "Mozilla/5.0 (compatible; Googlebot/2.1; +http://www.google.com/bot.html)"
87.187.164.173 - - [02/Aug/2010:09:49:16 +0200] "GET / HTTP/1.1" 302 - "-" "Mozilla/4.0 (compatible; MSIE 8.0; Windows NT 5.1; Trident/4.0; .NET CLR 2.0.50727; .NET CLR 3.0.4506.2152; .NET CLR 3.5.30729; InfoPath.2)"
87.187.164.173 - - [02/Aug/2010:09:49:17 +0200] "GET /content/aktuelles/ HTTP/1.1" 200 10372 "-" "Mozilla/4.0 (compatible; MSIE 8.0; Windows NT 5.1; Trident/4.0; .NET CLR 2.0.50727; .NET CLR 3.0.4506.2152; .NET CLR 3.5.30729; InfoPath.2)"
87.187.164.173 - - [02/Aug/2010:09:49:17 +0200] "GET /content/themes/blackcandy/css/typography.css?m=1277278793 HTTP/1.1" 200 5090 "http://www.awo-kv-bernau.de/content/aktuelles/" "Mozilla/4.0 (compatible; MSIE 8.0; Windows NT 5.1; Trident/4.0; .NET CLR 2.0.50727; .NET CLR 3.0.4506.2152; .NET CLR 3.5.30729; InfoPath.2)"
87.187.164.173 - - [02/Aug/2010:09:49:17 +0200] "GET /content/themes/blackcandy/css/layout.css?m=1277372568 HTTP/1.1" 200 9865 "http://www.awo-kv-bernau.de/content/aktuelles/" "Mozilla/4.0 (compatible; MSIE 8.0; Windows NT 5.1; Trident/4.0; .NET CLR 2.0.50727; .NET CLR 3.0.4506.2152; .NET CLR 3.5.30729; InfoPath.2)"
87.187.164.173 - - [02/Aug/2010:09:49:17 +0200] "GET /content/assets/Aktuelles/aktuelles280710.jpg HTTP/1.1" 200 15702 "http://www.awo-kv-bernau.de/content/aktuelles/" "Mozilla/4.0 (compatible; MSIE 8.0; Windows NT 5.1; Trident/4.0; .NET CLR 2.0.50727; .NET CLR 3.0.4506.2152; .NET CLR 3.5.30729; InfoPath.2)"
87.187.164.173 - - [02/Aug/2010:09:49:17 +0200] "GET /content/themes/blackcandy/css/form.css?m=1277278133 HTTP/1.1" 200 1856 "http://www.awo-kv-bernau.de/content/aktuelles/" "Mozilla/4.0 (compatible; MSIE 8.0; Windows NT 5.1; Trident/4.0; .NET CLR 2.0.50727; .NET CLR 3.0.4506.2152; .NET CLR 3.5.30729; InfoPath.2)"
87.187.164.173 - - [02/Aug/2010:09:49:17 +0200] "GET /content/assets/Aktuelles/aktuelles200710.jpg HTTP/1.1" 200 27142 "http://www.awo-kv-bernau.de/content/aktuelles/" "Mozilla/4.0 (compatible; MSIE 8.0; Windows NT 5.1; Trident/4.0; .NET CLR 2.0.50727; .NET CLR 3.0.4506.2152; .NET CLR 3.5.30729; InfoPath.2)"
87.187.164.173 - - [02/Aug/2010:09:49:17 +0200] "GET /content/assets/Aktuelles/aktuelles160710.jpg HTTP/1.1" 200 17303 "http://www.awo-kv-bernau.de/content/aktuelles/" "Mozilla/4.0 (compatible; MSIE 8.0; Windows NT 5.1; Trident/4.0; .NET CLR 2.0.50727; .NET CLR 3.0.4506.2152; .NET CLR 3.5.30729; InfoPath.2)"
