66.249.65.240 - - [03/Aug/2010:01:48:17 +0200] "GET /content/kalender/jax_calendar.php?Y=2014&m=3&d=2&cal_id=0&language=english&gmt_ofs=0&view=d1 HTTP/1.1" 200 11091 "-" "Mozilla/5.0 (compatible; Googlebot/2.1; +http://www.google.com/bot.html)"
66.249.65.240 - - [03/Aug/2010:01:48:18 +0200] "GET /content/kalender/jax_calendar.php?Y=2012&m=10&d=2&cal_id=0&language=english&gmt_ofs=0&view=d1 HTTP/1.1" 200 11142 "-" "Mozilla/5.0 (compatible; Googlebot/2.1; +http://www.google.com/bot.html)"
66.249.65.240 - - [03/Aug/2010:01:48:18 +0200] "GET /content/kalender/jax_calendar.php?Y=2005&m=12&d=2&cal_id=0&language=english&gmt_ofs=0&view=d1 HTTP/1.1" 200 11143 "-" "Mozilla/5.0 (compatible; Googlebot/2.1; +http://www.google.com/bot.html)"
66.249.65.240 - - [03/Aug/2010:01:48:19 +0200] "GET /content/kalender/jax_calendar.php?Y=2009&m=3&d=2&cal_id=0&language=english&gmt_ofs=0&view=d1 HTTP/1.1" 200 11092 "-" "Mozilla/5.0 (compatible; Googlebot/2.1; +http://www.google.com/bot.html)"
66.249.65.240 - - [03/Aug/2010:01:48:19 +0200] "GET /content/kalender/jax_calendar.php?Y=2024&m=8&d=2&cal_id=0&language=english&gmt_ofs=0&view=d1 HTTP/1.1" 200 11089 "-" "Mozilla/5.0 (compatible; Googlebot/2.1; +http://www.google.com/bot.html)"
66.249.65.240 - - [03/Aug/2010:01:48:20 +0200] "GET /content/kalender/jax_calendar.php?Y=2001&m=1&d=2&cal_id=0&language=english&gmt_ofs=0&view=d1 HTTP/1.1" 200 11089 "-" "Mozilla/5.0 (compatible; Googlebot/2.1; +http://www.google.com/bot.html)"
66.249.65.240 - - [03/Aug/2010:01:51:11 +0200] "GET /content/kalender/jax_calendar.php?Y=1727&m=9&d=30&view=d1 HTTP/1.1" 200 11809 "-" "Mozilla/5.0 (compatible; Googlebot/2.1; +http://www.google.com/bot.html)"
66.249.65.240 - - [03/Aug/2010:01:52:01 +0200] "GET /content/kalender/jax_calendar.php?Y=2010&m=7&d=2&do=show_event&key=3d1fa83c7f07b1cdbce1daee1ad8a16a&cal_id=0&language=english&gmt_ofs=0&view=d1&evt_date=%3Cb%3E27.07.2010%3C%2Fb%3E+18%3A00&evt_title=Lachwerkstatt%3B+Lach+mit+bleib+gesund HTTP/1.1" 200 12017 "-" "Mozilla/5.0 (compatible; Googlebot/2.1; +http://www.google.com/bot.html)"
66.249.65.240 - - [03/Aug/2010:01:56:27 +0200] "GET /content/kalender/jax_calendar.php?Y=2015&m=6&d=2&cal_id=0&language=english&gmt_ofs=0&view=d1 HTTP/1.1" 200 11024 "-" "Mozilla/5.0 (compatible; Googlebot/2.1; +http://www.google.com/bot.html)"
207.46.199.200 - - [03/Aug/2010:01:59:14 +0200] "GET /robots.txt HTTP/1.1" 404 1256 "-" "msnbot/2.0b (+http://search.msn.com/msnbot.htm)"
66.249.65.240 - - [03/Aug/2010:02:00:51 +0200] "GET /content/kalender/jax_calendar.php?Y=2013&m=2&d=2&cal_id=0&language=english&gmt_ofs=0&view=d1 HTTP/1.1" 200 10896 "-" "Mozilla/5.0 (compatible; Googlebot/2.1; +http://www.google.com/bot.html)"
66.249.65.240 - - [03/Aug/2010:02:05:22 +0200] "GET /content/kalender/jax_calendar.php?Y=2018&m=9&d=2&cal_id=0&language=english&gmt_ofs=0&view=d1&view=d1 HTTP/1.1" 200 11027 "-" "Mozilla/5.0 (compatible; Googlebot/2.1; +http://www.google.com/bot.html)"
66.249.65.240 - - [03/Aug/2010:02:09:47 +0200] "GET /content/kalender/jax_calendar.php?Y=2016&m=1&d=2&cal_id=0&language=english&gmt_ofs=0&view=d1 HTTP/1.1" 200 11091 "-" "Mozilla/5.0 (compatible; Googlebot/2.1; +http://www.google.com/bot.html)"
66.249.65.240 - - [03/Aug/2010:02:14:15 +0200] "GET /content/kalender/jax_calendar.php?Y=2007&m=12&d=2&cal_id=0&language=english&gmt_ofs=0&view=d1 HTTP/1.1" 200 11145 "-" "Mozilla/5.0 (compatible; Googlebot/2.1; +http://www.google.com/bot.html)"
66.249.65.240 - - [03/Aug/2010:02:17:31 +0200] "GET /content/kalender/jax_calendar.php?Y=-10293&m=12&d=18&view=d1 HTTP/1.1" 200 12061 "-" "Mozilla/5.0 (compatible; Googlebot/2.1; +http://www.google.com/bot.html)"
66.249.65.240 - - [03/Aug/2010:02:19:19 +0200] "GET /content/kalender/jax_calendar.php?Y=2007&m=5&d=2&cal_id=0&language=english&gmt_ofs=0&view=d1 HTTP/1.1" 200 11088 "-" "Mozilla/5.0 (compatible; Googlebot/2.1; +http://www.google.com/bot.html)"
66.249.65.240 - - [03/Aug/2010:02:23:30 +0200] "GET /content/kalender/jax_calendar.php?Y=2010&m=7&d=2&do=show_event&key=7eccec507f5cabc20cb42bed539ee492&cal_id=0&language=english&gmt_ofs=0&view=d1&evt_date=%3Cb%3E06.07.2010%3C%2Fb%3E+15%3A00&evt_title=Creative+-+Kontakt-+und+Beratungsstelle HTTP/1.1" 200 12083 "-" "Mozilla/5.0 (compatible; Googlebot/2.1; +http://www.google.com/bot.html)"
66.249.65.240 - - [03/Aug/2010:02:28:30 +0200] "GET /content/kalender/jax_calendar.php?Y=2015&m=12&d=2&cal_id=0&language=english&gmt_ofs=0&view=d1 HTTP/1.1" 200 11142 "-" "Mozilla/5.0 (compatible; Googlebot/2.1; +http://www.google.com/bot.html)"
66.249.65.240 - - [03/Aug/2010:02:30:45 +0200] "GET /content/kalender/jax_calendar.php?Y=2003&m=12&d=2&cal_id=0&language=english&gmt_ofs=0&view=d1 HTTP/1.1" 200 11142 "-" "Mozilla/5.0 (compatible; Googlebot/2.1; +http://www.google.com/bot.html)"
66.249.65.240 - - [03/Aug/2010:02:33:00 +0200] "GET /content/kalender/jax_calendar.php?Y=2015&m=10&d=2&cal_id=0&language=english&gmt_ofs=0&view=d1 HTTP/1.1" 200 11143 "-" "Mozilla/5.0 (compatible; Googlebot/2.1; +http://www.google.com/bot.html)"
66.249.65.240 - - [03/Aug/2010:02:35:17 +0200] "GET /content/kalender/jax_calendar.php?Y=2008&m=12&d=2&cal_id=0&language=english&gmt_ofs=0&view=d1 HTTP/1.1" 200 11142 "-" "Mozilla/5.0 (compatible; Googlebot/2.1; +http://www.google.com/bot.html)"
66.249.65.240 - - [03/Aug/2010:02:37:29 +0200] "GET /content/kalender/jax_calendar.php?Y=2019&m=3&d=2&cal_id=0&language=english&gmt_ofs=0&view=d1 HTTP/1.1" 200 11090 "-" "Mozilla/5.0 (compatible; Googlebot/2.1; +http://www.google.com/bot.html)"
66.249.65.240 - - [03/Aug/2010:02:39:44 +0200] "GET /content/kalender/jax_calendar.php?Y=2009&m=5&d=2&cal_id=0&language=english&gmt_ofs=0&view=d1&view=d1 HTTP/1.1" 200 11090 "-" "Mozilla/5.0 (compatible; Googlebot/2.1; +http://www.google.com/bot.html)"
66.249.65.240 - - [03/Aug/2010:02:41:59 +0200] "GET /content/kalender/jax_calendar.php?Y=2010&m=7&d=2&do=show_event&key=02cb85867125c5a714c7cdec3bc57cdf&cal_id=0&language=english&gmt_ofs=0&view=d1&evt_date=%3Cb%3E27.07.2010%3C%2Fb%3E+15%3A00&evt_title=Creative+-+Kontakt-+und+Beratungsstelle HTTP/1.1" 200 12058 "-" "Mozilla/5.0 (compatible; Googlebot/2.1; +http://www.google.com/bot.html)"
66.249.65.229 - - [03/Aug/2010:02:43:48 +0200] "GET /content/kalender/jax_calendar.php?Y=2162&m=5&d=1&view=d1 HTTP/1.1" 200 11766 "-" "Mozilla/5.0 (compatible; Googlebot/2.1; +http://www.google.com/bot.html)"
66.249.65.229 - - [03/Aug/2010:02:44:16 +0200] "GET /content/kalender/jax_calendar.php?Y=2009&m=12&d=2&cal_id=0&language=english&gmt_ofs=0&view=d1 HTTP/1.1" 200 11142 "-" "Mozilla/5.0 (compatible; Googlebot/2.1; +http://www.google.com/bot.html)"
66.249.65.229 - - [03/Aug/2010:02:46:28 +0200] "GET /content/kalender/jax_calendar.php?Y=2013&m=10&d=2&cal_id=0&language=english&gmt_ofs=0&view=d1 HTTP/1.1" 200 11142 "-" "Mozilla/5.0 (compatible; Googlebot/2.1; +http://www.google.com/bot.html)"
207.46.195.95 - - [03/Aug/2010:02:47:36 +0200] "GET /content/assets/Jugendarbeit/packetat.jpg HTTP/1.1" 200 6336 "-" "msnbot-media/1.1 (+http://search.msn.com/msnbot.htm)"
207.46.195.95 - - [03/Aug/2010:02:47:38 +0200] "GET /content/jugendarbeit/ HTTP/1.1" 200 12441 "-" "msnbot-media/1.1 (+http://search.msn.com/msnbot.htm)"
66.249.65.229 - - [03/Aug/2010:02:48:43 +0200] "GET /content/kalender/jax_calendar.php?Y=2006&m=7&d=2&cal_id=0&language=english&gmt_ofs=0&view=d1 HTTP/1.1" 200 11091 "-" "Mozilla/5.0 (compatible; Googlebot/2.1; +http://www.google.com/bot.html)"
66.249.65.229 - - [03/Aug/2010:02:50:58 +0200] "GET /content/kalender/jax_calendar.php?Y=2004&m=5&d=2&cal_id=0&language=english&gmt_ofs=0&view=d1 HTTP/1.1" 200 11091 "-" "Mozilla/5.0 (compatible; Googlebot/2.1; +http://www.google.com/bot.html)"
66.249.65.229 - - [03/Aug/2010:02:53:20 +0200] "GET /content/kalender/jax_calendar.php?Y=2009&m=9&d=2&cal_id=0&language=english&gmt_ofs=0&view=d1 HTTP/1.1" 200 11025 "-" "Mozilla/5.0 (compatible; Googlebot/2.1; +http://www.google.com/bot.html)"
66.249.65.229 - - [03/Aug/2010:02:55:45 +0200] "GET /content/kalender/jax_calendar.php?Y=2018&m=10&d=2&cal_id=0&language=english&gmt_ofs=0&view=d1 HTTP/1.1" 200 11142 "-" "Mozilla/5.0 (compatible; Googlebot/2.1; +http://www.google.com/bot.html)"
66.249.65.229 - - [03/Aug/2010:02:57:40 +0200] "GET /content/kalender/jax_calendar.php?Y=2005&m=3&d=2&cal_id=0&language=english&gmt_ofs=0&view=d1 HTTP/1.1" 200 11088 "-" "Mozilla/5.0 (compatible; Googlebot/2.1; +http://www.google.com/bot.html)"
95.108.158.134 - - [03/Aug/2010:02:59:34 +0200] "GET /robots.txt HTTP/1.1" 404 1256 "-" "Mozilla/5.0 (compatible; YandexBot/3.0; +http://yandex.com/bots)"
66.249.65.246 - - [03/Aug/2010:02:59:54 +0200] "GET /content/kalender/jax_calendar.php?Y=2012&m=1&d=2&cal_id=0&language=english&gmt_ofs=0&view=d1 HTTP/1.1" 200 11093 "-" "Mozilla/5.0 (compatible; Googlebot/2.1; +http://www.google.com/bot.html)"
66.249.65.246 - - [03/Aug/2010:03:02:14 +0200] "GET /content/kalender/jax_calendar.php?Y=2014&m=12&d=2&cal_id=0&language=english&gmt_ofs=0&view=d1 HTTP/1.1" 200 11142 "-" "Mozilla/5.0 (compatible; Googlebot/2.1; +http://www.google.com/bot.html)"
66.249.65.246 - - [03/Aug/2010:03:04:28 +0200] "GET /content/kalender/jax_calendar.php?Y=2016&m=10&d=2&cal_id=0&language=english&gmt_ofs=0&view=d1 HTTP/1.1" 200 11145 "-" "Mozilla/5.0 (compatible; Googlebot/2.1; +http://www.google.com/bot.html)"
66.249.65.246 - - [03/Aug/2010:03:04:54 +0200] "GET /content/kalender/jax_calendar.php?Y=2009&m=10&d=2&cal_id=0&language=english&gmt_ofs=0&view=d1&view=d1 HTTP/1.1" 200 11143 "-" "Mozilla/5.0 (compatible; Googlebot/2.1; +http://www.google.com/bot.html)"
66.249.65.246 - - [03/Aug/2010:03:07:17 +0200] "GET /content/kalender/jax_calendar.php?Y=2011&m=9&d=2&cal_id=0&language=english&gmt_ofs=0&view=d1&view=d1 HTTP/1.1" 200 11025 "-" "Mozilla/5.0 (compatible; Googlebot/2.1; +http://www.google.com/bot.html)"
66.249.65.246 - - [03/Aug/2010:03:09:48 +0200] "GET /content/kalender/jax_calendar.php?Y=2001&m=5&d=2&cal_id=0&language=english&gmt_ofs=0&view=d1 HTTP/1.1" 200 11088 "-" "Mozilla/5.0 (compatible; Googlebot/2.1; +http://www.google.com/bot.html)"
66.249.65.246 - - [03/Aug/2010:03:10:09 +0200] "GET /content/kalender/jax_calendar.php?Y=-10288&m=7&d=10&view=d1 HTTP/1.1" 200 11995 "-" "Mozilla/5.0 (compatible; Googlebot/2.1; +http://www.google.com/bot.html)"
66.249.65.246 - - [03/Aug/2010:03:12:23 +0200] "GET /content/kalender/jax_calendar.php?Y=2002&m=5&d=2&cal_id=0&language=english&gmt_ofs=0&view=d1 HTTP/1.1" 200 11088 "-" "Mozilla/5.0 (compatible; Googlebot/2.1; +http://www.google.com/bot.html)"
66.249.65.246 - - [03/Aug/2010:03:14:58 +0200] "GET /content/kalender/jax_calendar.php?Y=2018&m=1&d=2&cal_id=0&language=english&gmt_ofs=0&view=d1 HTTP/1.1" 200 11089 "-" "Mozilla/5.0 (compatible; Googlebot/2.1; +http://www.google.com/bot.html)"
66.249.65.246 - - [03/Aug/2010:03:17:20 +0200] "GET /content/kalender/jax_calendar.php?Y=2007&m=4&d=2&cal_id=0&language=english&gmt_ofs=0&view=d1 HTTP/1.1" 200 11027 "-" "Mozilla/5.0 (compatible; Googlebot/2.1; +http://www.google.com/bot.html)"
207.46.195.227 - - [03/Aug/2010:03:17:58 +0200] "GET /robots.txt HTTP/1.1" 404 1256 "-" "msnbot/2.0b (+http://search.msn.com/msnbot.htm)"
66.249.65.246 - - [03/Aug/2010:03:19:51 +0200] "GET /content/kalender/jax_calendar.php?Y=2003&m=1&d=2&cal_id=0&language=english&gmt_ofs=0&view=d1 HTTP/1.1" 200 11089 "-" "Mozilla/5.0 (compatible; Googlebot/2.1; +http://www.google.com/bot.html)"
66.249.65.246 - - [03/Aug/2010:03:22:31 +0200] "GET /content/kalender/jax_calendar.php?Y=2000&m=9&d=2&cal_id=0&language=english&gmt_ofs=0&view=d1 HTTP/1.1" 200 11026 "-" "Mozilla/5.0 (compatible; Googlebot/2.1; +http://www.google.com/bot.html)"
66.249.65.246 - - [03/Aug/2010:03:24:52 +0200] "GET /content/kalender/jax_calendar.php?Y=2017&m=6&d=2&cal_id=0&language=english&gmt_ofs=0&view=d1 HTTP/1.1" 200 11024 "-" "Mozilla/5.0 (compatible; Googlebot/2.1; +http://www.google.com/bot.html)"
66.249.65.246 - - [03/Aug/2010:03:27:23 +0200] "GET /content/kalender/jax_calendar.php?Y=2011&m=10&d=2&cal_id=0&language=english&gmt_ofs=0&view=d1&view=d1 HTTP/1.1" 200 11145 "-" "Mozilla/5.0 (compatible; Googlebot/2.1; +http://www.google.com/bot.html)"
66.249.65.246 - - [03/Aug/2010:03:29:54 +0200] "GET /content/kalender/jax_calendar.php?Y=2019&m=4&d=2&cal_id=0&language=english&gmt_ofs=0&view=d1 HTTP/1.1" 200 11024 "-" "Mozilla/5.0 (compatible; Googlebot/2.1; +http://www.google.com/bot.html)"
66.249.65.246 - - [03/Aug/2010:03:32:33 +0200] "GET /content/kalender/jax_calendar.php?Y=1991&m=8&d=2&cal_id=0&language=english&gmt_ofs=0&view=d1 HTTP/1.1" 200 11089 "-" "Mozilla/5.0 (compatible; Googlebot/2.1; +http://www.google.com/bot.html)"
207.46.199.182 - - [03/Aug/2010:03:32:53 +0200] "GET /robots.txt HTTP/1.1" 404 1256 "-" "msnbot/2.0b (+http://search.msn.com/msnbot.htm)"
66.249.65.246 - - [03/Aug/2010:03:34:55 +0200] "GET /content/kalender/jax_calendar.php?Y=2007&m=1&d=2&cal_id=0&language=english&gmt_ofs=0&view=d1 HTTP/1.1" 200 11089 "-" "Mozilla/5.0 (compatible; Googlebot/2.1; +http://www.google.com/bot.html)"
66.249.65.246 - - [03/Aug/2010:03:36:35 +0200] "GET /content/kalender/jax_calendar.php?Y=-10287&m=10&d=14&view=d1 HTTP/1.1" 200 12060 "-" "Mozilla/5.0 (compatible; Googlebot/2.1; +http://www.google.com/bot.html)"
66.249.65.246 - - [03/Aug/2010:03:37:42 +0200] "GET /content/kalender/jax_calendar.php?Y=2014&m=9&d=2&cal_id=0&language=english&gmt_ofs=0&view=d1&view=d1 HTTP/1.1" 200 11025 "-" "Mozilla/5.0 (compatible; Googlebot/2.1; +http://www.google.com/bot.html)"
66.249.65.246 - - [03/Aug/2010:03:39:55 +0200] "GET /content/kalender/jax_calendar.php?Y=2006&m=12&d=2&cal_id=0&language=english&gmt_ofs=0&view=d1 HTTP/1.1" 200 11144 "-" "Mozilla/5.0 (compatible; Googlebot/2.1; +http://www.google.com/bot.html)"
66.249.65.246 - - [03/Aug/2010:03:44:04 +0200] "GET /content/kalender/jax_calendar.php?Y=2005&m=9&d=2&cal_id=0&language=english&gmt_ofs=0&view=d1&view=d1 HTTP/1.1" 200 11025 "-" "Mozilla/5.0 (compatible; Googlebot/2.1; +http://www.google.com/bot.html)"
66.249.65.246 - - [03/Aug/2010:03:44:05 +0200] "GET /content/kalender/jax_calendar.php?Y=2016&m=2&d=2&cal_id=0&language=english&gmt_ofs=0&view=d1 HTTP/1.1" 200 10960 "-" "Mozilla/5.0 (compatible; Googlebot/2.1; +http://www.google.com/bot.html)"
66.249.65.246 - - [03/Aug/2010:03:44:05 +0200] "GET /content/kalender/jax_calendar.php?Y=2008&m=1&d=2&cal_id=0&language=english&gmt_ofs=0&view=d1 HTTP/1.1" 200 11089 "-" "Mozilla/5.0 (compatible; Googlebot/2.1; +http://www.google.com/bot.html)"
66.249.65.246 - - [03/Aug/2010:03:44:06 +0200] "GET /content/kalender/jax_calendar.php?Y=2000&m=4&d=2&cal_id=0&language=english&gmt_ofs=0&view=d1 HTTP/1.1" 200 11026 "-" "Mozilla/5.0 (compatible; Googlebot/2.1; +http://www.google.com/bot.html)"
66.249.65.246 - - [03/Aug/2010:03:44:06 +0200] "GET /content/kalender/jax_calendar.php?Y=2001&m=2&d=2&cal_id=0&language=english&gmt_ofs=0&view=d1 HTTP/1.1" 200 10896 "-" "Mozilla/5.0 (compatible; Googlebot/2.1; +http://www.google.com/bot.html)"
66.249.65.246 - - [03/Aug/2010:03:44:07 +0200] "GET /content/kalender/jax_calendar.php?Y=2000&m=6&d=2&cal_id=0&language=english&gmt_ofs=0&view=d1 HTTP/1.1" 200 11024 "-" "Mozilla/5.0 (compatible; Googlebot/2.1; +http://www.google.com/bot.html)"
207.46.195.227 - - [03/Aug/2010:03:44:53 +0200] "GET /content/mitglied-werden/ HTTP/1.1" 200 8785 "-" "msnbot/2.0b (+http://search.msn.com/msnbot.htm)"
66.249.65.246 - - [03/Aug/2010:03:46:47 +0200] "GET /content/kalender/jax_calendar.php?Y=2029&m=8&d=2&cal_id=0&language=english&gmt_ofs=0&view=d1 HTTP/1.1" 200 11088 "-" "Mozilla/5.0 (compatible; Googlebot/2.1; +http://www.google.com/bot.html)"
66.249.65.246 - - [03/Aug/2010:03:51:32 +0200] "GET /content/kalender/jax_calendar.php?Y=2010&m=6&d=22&cal_id=0&language=german&gmt_ofs=-1&view=d1&view=d1 HTTP/1.1" 200 13616 "-" "Mozilla/5.0 (compatible; Googlebot/2.1; +http://www.google.com/bot.html)"
66.249.65.246 - - [03/Aug/2010:03:53:33 +0200] "GET /content/kalender/jax_calendar.php?Y=2012&m=9&d=2&cal_id=0&language=english&gmt_ofs=0&view=d1&view=d1 HTTP/1.1" 200 11027 "-" "Mozilla/5.0 (compatible; Googlebot/2.1; +http://www.google.com/bot.html)"
66.249.65.246 - - [03/Aug/2010:03:56:37 +0200] "GET /content/kalender/jax_calendar.php?Y=2004&m=10&d=2&cal_id=0&language=english&gmt_ofs=0&view=d1 HTTP/1.1" 200 11144 "-" "Mozilla/5.0 (compatible; Googlebot/2.1; +http://www.google.com/bot.html)"
66.249.65.246 - - [03/Aug/2010:04:00:03 +0200] "GET /content/kalender/jax_calendar.php?Y=2007&m=2&d=2&cal_id=0&language=english&gmt_ofs=0&view=d1 HTTP/1.1" 200 10896 "-" "Mozilla/5.0 (compatible; Googlebot/2.1; +http://www.google.com/bot.html)"
66.249.65.246 - - [03/Aug/2010:04:03:02 +0200] "GET /content/kalender/jax_calendar.php?Y=-10288&m=10&d=39&view=d1 HTTP/1.1" 200 12060 "-" "Mozilla/5.0 (compatible; Googlebot/2.1; +http://www.google.com/bot.html)"
66.249.65.246 - - [03/Aug/2010:04:03:12 +0200] "GET /content/kalender/jax_calendar.php?Y=2011&m=12&d=2&cal_id=0&language=english&gmt_ofs=0&view=d1&view=d1 HTTP/1.1" 200 11143 "-" "Mozilla/5.0 (compatible; Googlebot/2.1; +http://www.google.com/bot.html)"
66.249.65.246 - - [03/Aug/2010:04:06:28 +0200] "GET /content/kalender/jax_calendar.php?Y=2008&m=11&d=2&cal_id=0&language=english&gmt_ofs=0&view=d1 HTTP/1.1" 200 11080 "-" "Mozilla/5.0 (compatible; Googlebot/2.1; +http://www.google.com/bot.html)"
207.46.13.132 - - [03/Aug/2010:04:09:26 +0200] "GET /content/kindertagesstaetten/ HTTP/1.1" 200 8007 "-" "msnbot/2.0b (+http://search.msn.com/msnbot.htm)"
66.249.65.246 - - [03/Aug/2010:04:10:05 +0200] "GET /content/kalender/jax_calendar.php?Y=2019&m=6&d=2&cal_id=0&language=english&gmt_ofs=0&view=d1 HTTP/1.1" 200 11026 "-" "Mozilla/5.0 (compatible; Googlebot/2.1; +http://www.google.com/bot.html)"
66.249.65.246 - - [03/Aug/2010:04:13:48 +0200] "GET /content/kalender/jax_calendar.php?Y=2019&m=9&d=2&cal_id=0&language=english&gmt_ofs=0&view=d1&view=d1 HTTP/1.1" 200 11028 "-" "Mozilla/5.0 (compatible; Googlebot/2.1; +http://www.google.com/bot.html)"
66.249.65.246 - - [03/Aug/2010:04:16:18 +0200] "GET /content/kalender/jax_calendar.php?Y=2012&m=4&d=2&cal_id=0&language=english&gmt_ofs=0&view=d1 HTTP/1.1" 200 11027 "-" "Mozilla/5.0 (compatible; Googlebot/2.1; +http://www.google.com/bot.html)"
66.249.65.246 - - [03/Aug/2010:04:19:41 +0200] "GET /content/kalender/jax_calendar.php?Y=2019&m=2&d=2&cal_id=0&language=english&gmt_ofs=0&view=d1 HTTP/1.1" 200 10896 "-" "Mozilla/5.0 (compatible; Googlebot/2.1; +http://www.google.com/bot.html)"
66.249.65.246 - - [03/Aug/2010:04:19:42 +0200] "GET /content/kalender/jax_calendar.php?Y=2001&m=9&d=2&cal_id=0&language=english&gmt_ofs=0&view=d1 HTTP/1.1" 200 11027 "-" "Mozilla/5.0 (compatible; Googlebot/2.1; +http://www.google.com/bot.html)"
66.249.65.246 - - [03/Aug/2010:04:19:43 +0200] "GET /content/kalender/jax_calendar.php?Y=2000&m=11&d=2&cal_id=0&language=english&gmt_ofs=0&view=d1 HTTP/1.1" 200 11078 "-" "Mozilla/5.0 (compatible; Googlebot/2.1; +http://www.google.com/bot.html)"
66.249.65.246 - - [03/Aug/2010:04:19:43 +0200] "GET /content/kalender/jax_calendar.php?Y=2012&m=11&d=2&cal_id=0&language=english&gmt_ofs=0&view=d1 HTTP/1.1" 200 11078 "-" "Mozilla/5.0 (compatible; Googlebot/2.1; +http://www.google.com/bot.html)"
66.249.65.246 - - [03/Aug/2010:04:19:44 +0200] "GET /content/kalender/jax_calendar.php?Y=2004&m=1&d=2&cal_id=0&language=english&gmt_ofs=0&view=d1 HTTP/1.1" 200 11090 "-" "Mozilla/5.0 (compatible; Googlebot/2.1; +http://www.google.com/bot.html)"
66.249.65.246 - - [03/Aug/2010:04:19:44 +0200] "GET /content/kalender/jax_calendar.php?Y=2013&m=3&d=2&cal_id=0&language=english&gmt_ofs=0&view=d1 HTTP/1.1" 200 11090 "-" "Mozilla/5.0 (compatible; Googlebot/2.1; +http://www.google.com/bot.html)"
66.249.65.246 - - [03/Aug/2010:04:19:45 +0200] "GET /content/kalender/jax_calendar.php?Y=2013&m=5&d=2&cal_id=0&language=english&gmt_ofs=0&view=d1 HTTP/1.1" 200 11088 "-" "Mozilla/5.0 (compatible; Googlebot/2.1; +http://www.google.com/bot.html)"
66.249.65.246 - - [03/Aug/2010:04:19:46 +0200] "GET /content/kalender/jax_calendar.php?Y=2007&m=7&d=2&cal_id=0&language=english&gmt_ofs=0&view=d1 HTTP/1.1" 200 11092 "-" "Mozilla/5.0 (compatible; Googlebot/2.1; +http://www.google.com/bot.html)"
66.249.65.246 - - [03/Aug/2010:04:19:46 +0200] "GET /content/kalender/jax_calendar.php?Y=2010&m=6&d=2&do=show_event&key=b8e7604d72c8a5b8dc7be571ba9a8b19&cal_id=0&language=english&gmt_ofs=0&view=d1&evt_date=%3Cb%3E03.06.2010%3C%2Fb%3E+16%3A00&evt_title=Betreuungsverein+Bernau+e.V. HTTP/1.1" 200 11975 "-" "Mozilla/5.0 (compatible; Googlebot/2.1; +http://www.google.com/bot.html)"
66.249.65.246 - - [03/Aug/2010:04:19:47 +0200] "GET /content/kalender/jax_calendar.php?Y=2000&m=10&d=2&cal_id=0&language=english&gmt_ofs=0&view=d1 HTTP/1.1" 200 11146 "-" "Mozilla/5.0 (compatible; Googlebot/2.1; +http://www.google.com/bot.html)"
66.249.65.246 - - [03/Aug/2010:04:19:47 +0200] "GET /content/kalender/jax_calendar.php?Y=2013&m=7&d=2&cal_id=0&language=english&gmt_ofs=0&view=d1 HTTP/1.1" 200 11088 "-" "Mozilla/5.0 (compatible; Googlebot/2.1; +http://www.google.com/bot.html)"
66.249.65.246 - - [03/Aug/2010:04:19:48 +0200] "GET /content/kalender/jax_calendar.php?Y=2011&m=6&d=2&cal_id=0&language=english&gmt_ofs=0&view=d1 HTTP/1.1" 200 11024 "-" "Mozilla/5.0 (compatible; Googlebot/2.1; +http://www.google.com/bot.html)"
66.249.65.246 - - [03/Aug/2010:04:19:49 +0200] "GET /content/kalender/jax_calendar.php?Y=2010&m=6&d=2&do=show_event&key=6f431e187bd4aced7bcdbe04e2be9281&cal_id=0&language=english&gmt_ofs=0&view=d1&evt_date=%3Cb%3E29.06.2010%3C%2Fb%3E+10%3A00&evt_title=Sprechstundes+des+Integrationsfachdienstes HTTP/1.1" 200 11667 "-" "Mozilla/5.0 (compatible; Googlebot/2.1; +http://www.google.com/bot.html)"
66.249.65.246 - - [03/Aug/2010:04:19:49 +0200] "GET /content/kalender/jax_calendar.php?Y=2017&m=3&d=2&cal_id=0&language=english&gmt_ofs=0&view=d1 HTTP/1.1" 200 11088 "-" "Mozilla/5.0 (compatible; Googlebot/2.1; +http://www.google.com/bot.html)"
66.249.65.246 - - [03/Aug/2010:04:19:50 +0200] "GET /content/kalender/jax_calendar.php?Y=2017&m=5&d=2&cal_id=0&language=english&gmt_ofs=0&view=d1 HTTP/1.1" 200 11088 "-" "Mozilla/5.0 (compatible; Googlebot/2.1; +http://www.google.com/bot.html)"
67.195.111.229 - - [03/Aug/2010:04:25:32 +0200] "GET /content/awo-treff-aktuelles/ HTTP/1.0" 200 12711 "-" "Mozilla/5.0 (compatible; Yahoo! Slurp/3.0; http://help.yahoo.com/help/us/ysearch/slurp)"
67.195.111.229 - - [03/Aug/2010:04:25:35 +0200] "GET /content/themes/blackcandy/css/layout.css?m=1277372568 HTTP/1.0" 200 9865 "http://www.awo-kv-bernau.de/content/awo-treff-aktuelles/" "Mozilla/5.0 (compatible; Yahoo! Slurp/3.0; http://help.yahoo.com/help/us/ysearch/slurp)"
67.195.111.229 - - [03/Aug/2010:04:25:39 +0200] "GET /content/themes/blackcandy/css/typography.css?m=1277278793 HTTP/1.0" 200 5090 "http://www.awo-kv-bernau.de/content/awo-treff-aktuelles/" "Mozilla/5.0 (compatible; Yahoo! Slurp/3.0; http://help.yahoo.com/help/us/ysearch/slurp)"
67.195.111.229 - - [03/Aug/2010:04:25:41 +0200] "GET /content/themes/blackcandy/css/form.css?m=1277278133 HTTP/1.0" 304 - "http://www.awo-kv-bernau.de/content/awo-treff-aktuelles/" "Mozilla/5.0 (compatible; Yahoo! Slurp/3.0; http://help.yahoo.com/help/us/ysearch/slurp)"
66.249.65.240 - - [03/Aug/2010:04:29:20 +0200] "GET /content/kalender/jax_calendar.php?Y=-10291&m=4&d=8&view=d1 HTTP/1.1" 200 11960 "-" "Mozilla/5.0 (compatible; Googlebot/2.1; +http://www.google.com/bot.html)"
66.249.65.240 - - [03/Aug/2010:04:29:21 +0200] "GET /content/kalender/jax_calendar.php?Y=2004&m=9&d=2&cal_id=0&language=english&gmt_ofs=0&view=d1 HTTP/1.1" 200 11025 "-" "Mozilla/5.0 (compatible; Googlebot/2.1; +http://www.google.com/bot.html)"
66.249.65.240 - - [03/Aug/2010:04:29:32 +0200] "GET /content/kalender/jax_calendar.php?Y=2009&m=7&d=22&cal_id=0&language=german&gmt_ofs=-1&view=d1&view=d1 HTTP/1.1" 200 11184 "-" "Mozilla/5.0 (compatible; Googlebot/2.1; +http://www.google.com/bot.html)"
66.249.65.246 - - [03/Aug/2010:04:39:50 +0200] "GET /content/kalender/jax_calendar.php?Y=2010&m=7&d=2&do=show_event&key=303486ddbd5712beedc41867e7a73fc9&cal_id=0&language=english&gmt_ofs=0&view=d1&evt_date=%3Cb%3E13.07.2010%3C%2Fb%3E+18%3A00&evt_title=Lachwerkstatt HTTP/1.1" 200 12012 "-" "Mozilla/5.0 (compatible; Googlebot/2.1; +http://www.google.com/bot.html)"
207.46.204.193 - - [03/Aug/2010:04:45:22 +0200] "GET /content/jugendfeiern/ HTTP/1.1" 200 14788 "-" "msnbot/2.0b (+http://search.msn.com/msnbot.htm)"
66.249.65.211 - - [03/Aug/2010:04:48:32 +0200] "GET /content/kalender/jax_calendar.php?Y=2011&m=2&d=2&cal_id=0&language=english&gmt_ofs=0&view=d1 HTTP/1.1" 200 10896 "-" "Mozilla/5.0 (compatible; Googlebot/2.1; +http://www.google.com/bot.html)"
207.46.195.224 - - [03/Aug/2010:04:52:23 +0200] "GET /content/awo-ortsverein-bernau-waldsiedlung/ HTTP/1.1" 200 10214 "-" "msnbot/2.0b (+http://search.msn.com/msnbot.htm)"
95.108.158.134 - - [03/Aug/2010:04:53:56 +0200] "GET /content/kinderland/ HTTP/1.1" 200 19892 "-" "Mozilla/5.0 (compatible; YandexBot/3.0; +http://yandex.com/bots)"
66.249.65.211 - - [03/Aug/2010:04:55:43 +0200] "GET /content/kalender/jax_calendar.php?Y=-10287&m=7&d=32&view=d1 HTTP/1.1" 200 11995 "-" "Mozilla/5.0 (compatible; Googlebot/2.1; +http://www.google.com/bot.html)"
66.249.65.211 - - [03/Aug/2010:04:58:31 +0200] "GET /content/kalender/jax_calendar.php?Y=2006&m=11&d=2&cal_id=0&language=english&gmt_ofs=0&view=d1 HTTP/1.1" 200 11078 "-" "Mozilla/5.0 (compatible; Googlebot/2.1; +http://www.google.com/bot.html)"
66.249.65.211 - - [03/Aug/2010:04:58:32 +0200] "GET /content/kalender/jax_calendar.php?Y=2002&m=3&d=2&cal_id=0&language=english&gmt_ofs=0&view=d1 HTTP/1.1" 200 11090 "-" "Mozilla/5.0 (compatible; Googlebot/2.1; +http://www.google.com/bot.html)"
66.249.65.211 - - [03/Aug/2010:04:58:32 +0200] "GET /content/kalender/jax_calendar.php?Y=2013&m=4&d=2&cal_id=0&language=english&gmt_ofs=0&view=d1 HTTP/1.1" 200 11024 "-" "Mozilla/5.0 (compatible; Googlebot/2.1; +http://www.google.com/bot.html)"
66.249.65.211 - - [03/Aug/2010:04:58:33 +0200] "GET /content/kalender/jax_calendar.php?Y=2010&m=7&d=2&do=show_event&key=f0915cde3cbbb2d9655ad3fb56dbd562&cal_id=0&language=english&gmt_ofs=0&view=d1&evt_date=%3Cb%3E02.07.2010%3C%2Fb%3E+10%3A00&evt_title=Ausflug+zu+den+G%E4rten+der+Welt+-+Berlin HTTP/1.1" 200 12283 "-" "Mozilla/5.0 (compatible; Googlebot/2.1; +http://www.google.com/bot.html)"
66.249.65.211 - - [03/Aug/2010:04:58:33 +0200] "GET /content/kalender/jax_calendar.php?Y=1996&m=8&d=2&cal_id=0&language=english&gmt_ofs=0&view=d1 HTTP/1.1" 200 11089 "-" "Mozilla/5.0 (compatible; Googlebot/2.1; +http://www.google.com/bot.html)"
66.249.65.211 - - [03/Aug/2010:04:58:34 +0200] "GET /content/kalender/jax_calendar.php?Y=2017&m=7&d=2&cal_id=0&language=english&gmt_ofs=0&view=d1 HTTP/1.1" 200 11091 "-" "Mozilla/5.0 (compatible; Googlebot/2.1; +http://www.google.com/bot.html)"
66.249.65.211 - - [03/Aug/2010:05:01:38 +0200] "GET /content/kalender/jax_calendar.php?Y=2003&m=4&d=2&cal_id=0&language=english&gmt_ofs=0&view=d1 HTTP/1.1" 200 11024 "-" "Mozilla/5.0 (compatible; Googlebot/2.1; +http://www.google.com/bot.html)"
66.249.65.211 - - [03/Aug/2010:05:05:36 +0200] "GET /content/kalender/jax_calendar.php?Y=2018&m=7&d=2&cal_id=0&language=english&gmt_ofs=0&view=d1 HTTP/1.1" 200 11092 "-" "Mozilla/5.0 (compatible; Googlebot/2.1; +http://www.google.com/bot.html)"
81.17.208.4 - - [03/Aug/2010:05:08:11 +0200] "HEAD /content/assets/Stellenanzeigen/stellenausschreibungpflegefachkraftaph.pdf HTTP/1.1" 200 - "-" "Mozilla/5.0 (compatible; jobs.de-Robot +http://www.jobs.de)"
66.249.65.211 - - [03/Aug/2010:05:09:28 +0200] "GET /content/kalender/jax_calendar.php?Y=2002&m=10&d=2&cal_id=0&language=english&gmt_ofs=0&view=d1 HTTP/1.1" 200 11142 "-" "Mozilla/5.0 (compatible; Googlebot/2.1; +http://www.google.com/bot.html)"
66.249.65.211 - - [03/Aug/2010:05:13:00 +0200] "GET /content/kalender/jax_calendar.php?Y=2015&m=11&d=2&cal_id=0&language=english&gmt_ofs=0&view=d1 HTTP/1.1" 200 11081 "-" "Mozilla/5.0 (compatible; Googlebot/2.1; +http://www.google.com/bot.html)"
66.249.65.211 - - [03/Aug/2010:05:17:11 +0200] "GET /content/kalender/jax_calendar.php?Y=2007&m=10&d=2&cal_id=0&language=english&gmt_ofs=0&view=d1 HTTP/1.1" 200 11142 "-" "Mozilla/5.0 (compatible; Googlebot/2.1; +http://www.google.com/bot.html)"
207.46.195.235 - - [03/Aug/2010:05:20:21 +0200] "GET /content/assets/Stellenanzeigen/stellenbeschreibungerzieher012010.pdf HTTP/1.1" 200 38159 "-" "msnbot/2.0b (+http://search.msn.com/msnbot.htm)"
66.249.65.211 - - [03/Aug/2010:05:20:35 +0200] "GET /content/kalender/jax_calendar.php?Y=2009&m=4&d=2&cal_id=0&language=english&gmt_ofs=0&view=d1 HTTP/1.1" 200 11024 "-" "Mozilla/5.0 (compatible; Googlebot/2.1; +http://www.google.com/bot.html)"
66.249.65.211 - - [03/Aug/2010:05:22:02 +0200] "GET /content/kalender/jax_calendar.php?Y=1728&m=11&d=37&view=d1 HTTP/1.1" 200 11870 "-" "Mozilla/5.0 (compatible; Googlebot/2.1; +http://www.google.com/bot.html)"
81.17.208.4 - - [03/Aug/2010:05:22:32 +0200] "GET /content/kinder-und-familienzentrum-regenbogen HTTP/1.0" 200 18965 "http://www.awo-kv-bernau.de/content/eltern-kind-zentrum-bernau-sued/" "Mozilla/5.0 (compatible; jobs.de-Robot +http://www.jobs.de)"
81.17.208.4 - - [03/Aug/2010:05:22:36 +0200] "GET /content/kalender/jax_calendar.php?Y=2015&m=8&d=2&cal_id=0&language=german&gmt_ofs=-1&view=d30 HTTP/1.0" 200 11195 "http://www.awo-kv-bernau.de/content/kalender/jax_calendar.php?language=German" "Mozilla/5.0 (compatible; jobs.de-Robot +http://www.jobs.de)"
81.17.208.4 - - [03/Aug/2010:05:22:40 +0200] "GET /content/kalender/jax_calendar.php?Y=2010&m=8&d=2&do=show_event&key=5d56c6da8b42f03fbc29e8fefa5ec28f&cal_id=0&language=german&gmt_ofs=-1&view=d30&evt_date=%3Cb%3E28.08.2010%3C%2Fb%3E+10%3A00+-+12%3A00&evt_title=Floristikkurs HTTP/1.0" 200 12299 "http://www.awo-kv-bernau.de/content/kalender/jax_calendar.php?language=German" "Mozilla/5.0 (compatible; jobs.de-Robot +http://www.jobs.de)"
81.17.208.4 - - [03/Aug/2010:05:22:46 +0200] "GET /content/kalender/jax_calendar.php?Y=2010&m=8&d=27&view=d1 HTTP/1.0" 200 32344 "http://www.awo-kv-bernau.de/content/kalender/jax_calendar.php?language=German" "Mozilla/5.0 (compatible; jobs.de-Robot +http://www.jobs.de)"
81.17.208.4 - - [03/Aug/2010:05:22:57 +0200] "GET /content/kalender/jax_calendar.php?Y=2010&m=8&d=2&do=show_event&key=9ddc4575560d1a57adf5b6b8744675a8&cal_id=0&language=german&gmt_ofs=-1&view=d30&evt_date=%3Cb%3E27.09.2010%3C%2Fb%3E+15%3A30&evt_title=Grundlage+des+Stricken HTTP/1.0" 200 12314 "http://www.awo-kv-bernau.de/content/kalender/jax_calendar.php?language=German" "Mozilla/5.0 (compatible; jobs.de-Robot +http://www.jobs.de)"
81.17.208.4 - - [03/Aug/2010:05:23:03 +0200] "GET /content/kalender/jax_calendar.php?Y=2010&m=8&d=2&do=show_event&key=1fdf865fd31d2bb91d798a2c60710dda&cal_id=0&language=german&gmt_ofs=-1&view=d30&evt_date=%3Cb%3E16.08.2010%3C%2Fb%3E+15%3A30&evt_title=Grundlagen+des+Strickens HTTP/1.0" 200 12351 "http://www.awo-kv-bernau.de/content/kalender/jax_calendar.php?language=German" "Mozilla/5.0 (compatible; jobs.de-Robot +http://www.jobs.de)"
81.17.208.4 - - [03/Aug/2010:05:23:13 +0200] "GET /content/kalender/jax_calendar.php?Y=2010&m=10&d=2&cal_id=0&language=german&gmt_ofs=-1&view=d30 HTTP/1.0" 200 11569 "http://www.awo-kv-bernau.de/content/kalender/jax_calendar.php?language=German" "Mozilla/5.0 (compatible; jobs.de-Robot +http://www.jobs.de)"
81.17.208.4 - - [03/Aug/2010:05:23:23 +0200] "GET /content/kalender/jax_calendar.php?Y=2010&m=8&d=2&do=show_event&key=16d997a5aef5f50b8165ecddeec7cf56&cal_id=0&language=german&gmt_ofs=-1&view=d30&evt_date=%3Cb%3E17.08.2010%3C%2Fb%3E+18%3A00&evt_title=Treffen+der+Selbsthilfegruppe%26quot%3B+Balance%26quot%3B HTTP/1.0" 200 12152 "http://www.awo-kv-bernau.de/content/kalender/jax_calendar.php?language=German" "Mozilla/5.0 (compatible; jobs.de-Robot +http://www.jobs.de)"
81.17.208.4 - - [03/Aug/2010:05:23:27 +0200] "GET /content/kalender/jax_calendar.php?Y=2010&m=8&d=2&do=show_event&key=b21de1dba5ab9770516519f1625d5e60&cal_id=0&language=german&gmt_ofs=-1&view=d30&evt_date=%3Cb%3E01.09.2010%3C%2Fb%3E+09%3A30&evt_title=Gemeinsames+Fr%FChst%FCck+-+Kontakt-+und+Beratungsstelle HTTP/1.0" 200 12215 "http://www.awo-kv-bernau.de/content/kalender/jax_calendar.php?language=German" "Mozilla/5.0 (compatible; jobs.de-Robot +http://www.jobs.de)"
81.17.208.4 - - [03/Aug/2010:05:23:30 +0200] "GET /content/kalender/jax_calendar.php?Y=2010&m=12&d=2&cal_id=0&language=german&gmt_ofs=-1&view=d30 HTTP/1.0" 200 11248 "http://www.awo-kv-bernau.de/content/kalender/jax_calendar.php?language=German" "Mozilla/5.0 (compatible; jobs.de-Robot +http://www.jobs.de)"
81.17.208.4 - - [03/Aug/2010:05:23:38 +0200] "GET /content/kalender/jax_calendar.php?Y=2010&m=8&d=2&do=show_event&key=482db6007dc72e30862ba918627fa005&cal_id=0&language=german&gmt_ofs=-1&view=d30&evt_date=%3Cb%3E21.09.2010%3C%2Fb%3E+18%3A00&evt_title=Yoga HTTP/1.0" 200 12464 "http://www.awo-kv-bernau.de/content/kalender/jax_calendar.php?language=German" "Mozilla/5.0 (compatible; jobs.de-Robot +http://www.jobs.de)"
81.17.208.4 - - [03/Aug/2010:05:23:45 +0200] "GET /content/kalender/jax_calendar.php?Y=2010&m=8&d=2&do=show_event&key=8df49184bcc835f8737ef690977a9e0b&cal_id=0&language=german&gmt_ofs=-1&view=d30&evt_date=%3Cb%3E09.08.2010%3C%2Fb%3E+15%3A30&evt_title=Grundlagen+des+Strickens HTTP/1.0" 200 12368 "http://www.awo-kv-bernau.de/content/kalender/jax_calendar.php?language=German" "Mozilla/5.0 (compatible; jobs.de-Robot +http://www.jobs.de)"
81.17.208.4 - - [03/Aug/2010:05:23:52 +0200] "GET /content/kalender/jax_calendar.php?Y=2010&m=8&d=2&do=show_event&key=6dcb53b4e59196658aba5b74f63b774f&cal_id=0&language=german&gmt_ofs=-1&view=d30&evt_date=%3Cb%3E09.08.2010%3C%2Fb%3E+17%3A30&evt_title=Probe+des+AWO-Chors HTTP/1.0" 200 12416 "http://www.awo-kv-bernau.de/content/kalender/jax_calendar.php?language=German" "Mozilla/5.0 (compatible; jobs.de-Robot +http://www.jobs.de)"
81.17.208.4 - - [03/Aug/2010:05:23:59 +0200] "GET /content/kalender/jax_calendar.php?Y=2010&m=8&d=2&do=show_event&key=44083ad755707f0f782edc06d64669fb&cal_id=0&language=german&gmt_ofs=-1&view=d30&evt_date=%3Cb%3E09.08.2010%3C%2Fb%3E+16%3A00&evt_title=Tanzgruppe+f%FCr+Junggebliebene HTTP/1.0" 200 12293 "http://www.awo-kv-bernau.de/content/kalender/jax_calendar.php?language=German" "Mozilla/5.0 (compatible; jobs.de-Robot +http://www.jobs.de)"
81.17.208.4 - - [03/Aug/2010:05:24:09 +0200] "GET /content/kalender/jax_calendar.php?Y=2010&m=8&d=2&do=show_event&key=cf4e1e03309b4ae905ccb8cb293f49cf&cal_id=0&language=german&gmt_ofs=-1&view=d30&evt_date=%3Cb%3E27.09.2010%3C%2Fb%3E+19%3A00&evt_title=Erlernen+Sie+Gesellschaftst%E4nze HTTP/1.0" 200 12329 "http://www.awo-kv-bernau.de/content/kalender/jax_calendar.php?language=German" "Mozilla/5.0 (compatible; jobs.de-Robot +http://www.jobs.de)"
66.249.65.211 - - [03/Aug/2010:05:24:23 +0200] "GET /content/kalender/jax_calendar.php?Y=2012&m=3&d=2&cal_id=0&language=english&gmt_ofs=0&view=d1 HTTP/1.1" 200 11089 "-" "Mozilla/5.0 (compatible; Googlebot/2.1; +http://www.google.com/bot.html)"
81.17.208.4 - - [03/Aug/2010:05:24:27 +0200] "GET /content/kalender/jax_calendar.php?Y=2010&m=8&d=19&view=d1 HTTP/1.0" 200 30742 "http://www.awo-kv-bernau.de/content/kalender/jax_calendar.php?language=German" "Mozilla/5.0 (compatible; jobs.de-Robot +http://www.jobs.de)"
81.17.208.4 - - [03/Aug/2010:05:24:34 +0200] "GET /content/kalender/jax_calendar.php?Y=2010&m=8&d=26&view=d1 HTTP/1.0" 200 31508 "http://www.awo-kv-bernau.de/content/kalender/jax_calendar.php?language=German" "Mozilla/5.0 (compatible; jobs.de-Robot +http://www.jobs.de)"
81.17.208.4 - - [03/Aug/2010:05:24:37 +0200] "GET /content/kalender/jax_calendar.php?Y=2010&m=8&d=2&do=show_event&key=bd9158b8054cccb2f43338ff76c56fe4&cal_id=0&language=german&gmt_ofs=-1&view=d30&evt_date=%3Cb%3E14.09.2010%3C%2Fb%3E+15%3A00&evt_title=Unkr%E4uter+als+Kr%E4uter HTTP/1.0" 200 12352 "http://www.awo-kv-bernau.de/content/kalender/jax_calendar.php?language=German" "Mozilla/5.0 (compatible; jobs.de-Robot +http://www.jobs.de)"
81.17.208.4 - - [03/Aug/2010:05:24:43 +0200] "GET /content/kalender/jax_calendar.php?Y=2010&m=8&d=2&view=d1 HTTP/1.0" 200 29871 "http://www.awo-kv-bernau.de/content/kalender/jax_calendar.php?language=German" "Mozilla/5.0 (compatible; jobs.de-Robot +http://www.jobs.de)"
81.17.208.4 - - [03/Aug/2010:05:24:46 +0200] "GET /content/kalender/jax_calendar.php?Y=2020&m=8&d=2&cal_id=0&language=german&gmt_ofs=-1&view=d30 HTTP/1.0" 200 11195 "http://www.awo-kv-bernau.de/content/kalender/jax_calendar.php?language=German" "Mozilla/5.0 (compatible; jobs.de-Robot +http://www.jobs.de)"
81.17.208.4 - - [03/Aug/2010:05:24:52 +0200] "GET /content/kalender/jax_calendar.php?Y=2011&m=8&d=2&cal_id=0&language=german&gmt_ofs=-1&view=d30&view=d30 HTTP/1.0" 200 11192 "http://www.awo-kv-bernau.de/content/kalender/jax_calendar.php?language=German" "Mozilla/5.0 (compatible; jobs.de-Robot +http://www.jobs.de)"
81.17.208.4 - - [03/Aug/2010:05:25:02 +0200] "GET /content/kalender/jax_calendar.php?Y=2010&m=8&d=17&view=d1 HTTP/1.0" 200 31253 "http://www.awo-kv-bernau.de/content/kalender/jax_calendar.php?language=German" "Mozilla/5.0 (compatible; jobs.de-Robot +http://www.jobs.de)"
81.17.208.4 - - [03/Aug/2010:05:25:12 +0200] "GET /content/kalender/jax_calendar.php?Y=2010&m=8&d=2&do=show_event&key=bf264d7b6f00dfb850553d028b600bc7&cal_id=0&language=german&gmt_ofs=-1&view=d30&evt_date=%3Cb%3E07.09.2010%3C%2Fb%3E+15%3A00&evt_title=Computer+und+Internet HTTP/1.0" 200 12365 "http://www.awo-kv-bernau.de/content/kalender/jax_calendar.php?language=German" "Mozilla/5.0 (compatible; jobs.de-Robot +http://www.jobs.de)"
81.17.208.4 - - [03/Aug/2010:05:25:20 +0200] "GET /content/kalender/jax_calendar.php?Y=2008&m=8&d=2&cal_id=0&language=german&gmt_ofs=-1&view=d30 HTTP/1.0" 200 11194 "http://www.awo-kv-bernau.de/content/kalender/jax_calendar.php?language=German" "Mozilla/5.0 (compatible; jobs.de-Robot +http://www.jobs.de)"
81.17.208.4 - - [03/Aug/2010:05:25:27 +0200] "GET /content/kalender/jax_calendar.php?Y=2010&m=8&d=2&cal_id=0&language=german&gmt_ofs=-1&view=d30&view=d30 HTTP/1.0" 200 49068 "http://www.awo-kv-bernau.de/content/kalender/jax_calendar.php?language=German" "Mozilla/5.0 (compatible; jobs.de-Robot +http://www.jobs.de)"
81.17.208.4 - - [03/Aug/2010:05:25:35 +0200] "GET /content/kalender/jax_calendar.php?Y=2010&m=8&d=2&do=show_event&key=642afcf96555c3fa0d3fe925e3d76793&cal_id=0&language=german&gmt_ofs=-1&view=d30&evt_date=%3Cb%3E27.08.2010%3C%2Fb%3E+09%3A00&evt_title=Treffen+Dialog+Psychiatrie%2C HTTP/1.0" 200 12287 "http://www.awo-kv-bernau.de/content/kalender/jax_calendar.php?language=German" "Mozilla/5.0 (compatible; jobs.de-Robot +http://www.jobs.de)"
81.17.208.4 - - [03/Aug/2010:05:25:45 +0200] "GET /content/kalender/jax_calendar.php?Y=2010&m=8&d=2&do=show_event&key=e2af5c5512919122579582f25b744854&cal_id=0&language=german&gmt_ofs=-1&view=d30&evt_date=%3Cb%3E02.08.2010%3C%2Fb%3E+17%3A30&evt_title=Probe+des+AWO+Chors HTTP/1.0" 200 12416 "http://www.awo-kv-bernau.de/content/kalender/jax_calendar.php?language=German" "Mozilla/5.0 (compatible; jobs.de-Robot +http://www.jobs.de)"
81.17.208.4 - - [03/Aug/2010:05:25:51 +0200] "GET /content/kalender/jax_calendar.php?Y=2010&m=8&d=6&view=d1 HTTP/1.0" 200 27521 "http://www.awo-kv-bernau.de/content/kalender/jax_calendar.php?language=German" "Mozilla/5.0 (compatible; jobs.de-Robot +http://www.jobs.de)"
81.17.208.4 - - [03/Aug/2010:05:25:55 +0200] "GET /content/kalender/jax_calendar.php?Y=2010&m=8&d=2&do=show_event&key=9d576477581ca4a19b76d7a5c230ad70&cal_id=0&language=german&gmt_ofs=-1&view=d30&evt_date=%3Cb%3E16.08.2010%3C%2Fb%3E+19%3A00&evt_title=Gesellschaftst%E4nze+im+AWO+Treff+lernen HTTP/1.0" 200 12287 "http://www.awo-kv-bernau.de/content/kalender/jax_calendar.php?language=German" "Mozilla/5.0 (compatible; jobs.de-Robot +http://www.jobs.de)"
81.17.208.4 - - [03/Aug/2010:05:26:02 +0200] "GET /content/kalender/jax_calendar.php?Y=2010&m=8&d=2&do=show_event&key=caf5564173b96dde2ea58f6b0b33d039&cal_id=0&language=german&gmt_ofs=-1&view=d30&evt_date=%3Cb%3E16.08.2010%3C%2Fb%3E+17%3A30&evt_title=Probe+des+AWO+Chors HTTP/1.0" 200 12308 "http://www.awo-kv-bernau.de/content/kalender/jax_calendar.php?language=German" "Mozilla/5.0 (compatible; jobs.de-Robot +http://www.jobs.de)"
81.17.208.4 - - [03/Aug/2010:05:26:06 +0200] "GET /content/kalender/jax_calendar.php?Y=2010&m=8&d=2&do=show_event&key=57f103b3fd36f69f96bb25b06e6ba2c5&cal_id=0&language=german&gmt_ofs=-1&view=d30&evt_date=%3Cb%3E09.09.2010%3C%2Fb%3E+13%3A00+-+16%3A30&evt_title=Textilverkauf HTTP/1.0" 200 12078 "http://www.awo-kv-bernau.de/content/kalender/jax_calendar.php?language=German" "Mozilla/5.0 (compatible; jobs.de-Robot +http://www.jobs.de)"
81.17.208.4 - - [03/Aug/2010:05:26:15 +0200] "GET /content/kalender/jax_calendar.php?Y=2010&m=8&d=29&view=d1 HTTP/1.0" 200 34357 "http://www.awo-kv-bernau.de/content/kalender/jax_calendar.php?language=German" "Mozilla/5.0 (compatible; jobs.de-Robot +http://www.jobs.de)"
81.17.208.4 - - [03/Aug/2010:05:26:24 +0200] "GET /content/kalender/jax_calendar.php?Y=2010&m=8&d=2&do=show_event&key=42c52c13080ca7d9e55b87916ddb2b76&cal_id=0&language=german&gmt_ofs=-1&view=d30&evt_date=%3Cb%3E21.09.2010%3C%2Fb%3E+18%3A00&evt_title=Treffen+der+Selbsthilfegruppe+%26quot%3BBalance%26quot%3B HTTP/1.0" 200 12368 "http://www.awo-kv-bernau.de/content/kalender/jax_calendar.php?language=German" "Mozilla/5.0 (compatible; jobs.de-Robot +http://www.jobs.de)"
81.17.208.4 - - [03/Aug/2010:05:26:34 +0200] "GET /content/kalender/jax_calendar.php?Y=2010&m=8&d=2&do=show_event&key=ec41f18b0914e45626843cd890d2e790&cal_id=0&language=german&gmt_ofs=-1&view=d30&evt_date=%3Cb%3E08.09.2010%3C%2Fb%3E+09%3A30&evt_title=Gemeinsames+Fr%FChst%FCck HTTP/1.0" 200 12299 "http://www.awo-kv-bernau.de/content/kalender/jax_calendar.php?language=German" "Mozilla/5.0 (compatible; jobs.de-Robot +http://www.jobs.de)"
81.17.208.4 - - [03/Aug/2010:05:26:41 +0200] "GET /content/kalender/jax_calendar.php?Y=2012&m=8&d=2&cal_id=0&language=german&gmt_ofs=-1&view=d30 HTTP/1.0" 200 11192 "http://www.awo-kv-bernau.de/content/kalender/jax_calendar.php?language=German" "Mozilla/5.0 (compatible; jobs.de-Robot +http://www.jobs.de)"
81.17.208.4 - - [03/Aug/2010:05:26:47 +0200] "GET /content/kalender/jax_calendar.php?Y=2010&m=8&d=3&view=d1 HTTP/1.0" 200 28281 "http://www.awo-kv-bernau.de/content/kalender/jax_calendar.php?language=German" "Mozilla/5.0 (compatible; jobs.de-Robot +http://www.jobs.de)"
81.17.208.4 - - [03/Aug/2010:05:26:50 +0200] "GET /content/kalender/jax_calendar.php?Y=2002&m=8&d=2&cal_id=0&language=german&gmt_ofs=-1&view=d30 HTTP/1.0" 200 11193 "http://www.awo-kv-bernau.de/content/kalender/jax_calendar.php?language=German" "Mozilla/5.0 (compatible; jobs.de-Robot +http://www.jobs.de)"
81.17.208.4 - - [03/Aug/2010:05:26:59 +0200] "GET /content/kalender/jax_calendar.php?Y=2010&m=8&d=30&view=d1 HTTP/1.0" 200 34746 "http://www.awo-kv-bernau.de/content/kalender/jax_calendar.php?language=German" "Mozilla/5.0 (compatible; jobs.de-Robot +http://www.jobs.de)"
81.17.208.4 - - [03/Aug/2010:05:27:11 +0200] "GET /content/kalender/jax_calendar.php?Y=2010&m=8&d=2&do=show_event&key=8e0a44db9fd1ebed603d66b3902474f4&cal_id=0&language=german&gmt_ofs=-1&view=d30&evt_date=%3Cb%3E01.09.2010%3C%2Fb%3E+14%3A30+-+17%3A30&evt_title=28.+Seniorentanz HTTP/1.0" 200 12308 "http://www.awo-kv-bernau.de/content/kalender/jax_calendar.php?language=German" "Mozilla/5.0 (compatible; jobs.de-Robot +http://www.jobs.de)"
81.17.208.4 - - [03/Aug/2010:05:27:18 +0200] "GET /content/kalender/jax_calendar.php?Y=2010&m=8&d=2&do=show_event&key=faf7136c75b892aeefbe6455602b7e00&cal_id=0&language=german&gmt_ofs=-1&view=d30&evt_date=%3Cb%3E29.09.2010%3C%2Fb%3E+15%3A00&evt_title=Skatrunde+f%FCr+Anf%E4nger+und+Fortgeschrittene HTTP/1.0" 200 12233 "http://www.awo-kv-bernau.de/content/kalender/jax_calendar.php?language=German" "Mozilla/5.0 (compatible; jobs.de-Robot +http://www.jobs.de)"
81.17.208.4 - - [03/Aug/2010:05:27:31 +0200] "GET /content/kalender/jax_calendar.php?Y=2010&m=8&d=2&do=show_event&key=94cb4675db0524d8eed3677031add78a&cal_id=0&language=german&gmt_ofs=-1&view=d30&evt_date=%3Cb%3E03.08.2010%3C%2Fb%3E+18%3A00&evt_title=Frauenforum+Barnim HTTP/1.0" 200 12310 "http://www.awo-kv-bernau.de/content/kalender/jax_calendar.php?language=German" "Mozilla/5.0 (compatible; jobs.de-Robot +http://www.jobs.de)"
81.17.208.4 - - [03/Aug/2010:05:27:34 +0200] "GET /content/kalender/jax_calendar.php?Y=2010&m=8&d=2&do=show_event&key=0bfba8471b5e8e13d8fd85f39046efa8&cal_id=0&language=german&gmt_ofs=-1&view=d30&evt_date=%3Cb%3E26.08.2010%3C%2Fb%3E+16%3A00&evt_title=Sommergrillen%2C HTTP/1.0" 200 12322 "http://www.awo-kv-bernau.de/content/kalender/jax_calendar.php?language=German" "Mozilla/5.0 (compatible; jobs.de-Robot +http://www.jobs.de)"
81.17.208.4 - - [03/Aug/2010:05:27:43 +0200] "GET /content/kalender/jax_calendar.php?Y=2010&m=8&d=2&do=show_event&key=5c21880d02d96559e3be09db5c47a15e&cal_id=0&language=german&gmt_ofs=-1&view=d30&evt_date=%3Cb%3E13.09.2010%3C%2Fb%3E+19%3A00&evt_title=Erlernen+Sie+Gesellschaftst%E4nze HTTP/1.0" 200 12342 "http://www.awo-kv-bernau.de/content/kalender/jax_calendar.php?language=German" "Mozilla/5.0 (compatible; jobs.de-Robot +http://www.jobs.de)"
81.17.208.4 - - [03/Aug/2010:05:27:46 +0200] "GET /content/kalender/jax_calendar.php?Y=2000&m=8&d=2&cal_id=0&language=german&gmt_ofs=-1&view=d30 HTTP/1.0" 200 11192 "http://www.awo-kv-bernau.de/content/kalender/jax_calendar.php?language=German" "Mozilla/5.0 (compatible; jobs.de-Robot +http://www.jobs.de)"
81.17.208.4 - - [03/Aug/2010:05:27:50 +0200] "GET /content/kalender/jax_calendar.php?Y=2010&m=8&d=2&do=show_event&key=522e96f9d57f91df4d080f8be1576ccd&cal_id=0&language=german&gmt_ofs=-1&view=d30&evt_date=%3Cb%3E12.08.2010%3C%2Fb%3E+18%3A00&evt_title=Sanfte+Gymnastik HTTP/1.0" 200 12238 "http://www.awo-kv-bernau.de/content/kalender/jax_calendar.php?language=German" "Mozilla/5.0 (compatible; jobs.de-Robot +http://www.jobs.de)"
81.17.208.4 - - [03/Aug/2010:05:27:56 +0200] "GET /content/kalender/jax_calendar.php?Y=2010&m=8&d=2&do=show_event&key=1dde9b8c998be407f6e4dcb73e24fc7c&cal_id=0&language=german&gmt_ofs=-1&view=d30&evt_date=%3Cb%3E05.08.2010%3C%2Fb%3E+18%3A00&evt_title=Sanfte+Gymnastik HTTP/1.0" 200 12240 "http://www.awo-kv-bernau.de/content/kalender/jax_calendar.php?language=German" "Mozilla/5.0 (compatible; jobs.de-Robot +http://www.jobs.de)"
81.17.208.4 - - [03/Aug/2010:05:28:05 +0200] "GET /content/kalender/jax_calendar.php?Y=2010&m=8&d=2&do=show_event&key=42547c6475376cf4ddd5312f64033b46&cal_id=0&language=german&gmt_ofs=-1&view=d30&evt_date=%3Cb%3E08.09.2010%3C%2Fb%3E+17%3A00&evt_title=Zeichenkurs HTTP/1.0" 200 12277 "http://www.awo-kv-bernau.de/content/kalender/jax_calendar.php?language=German" "Mozilla/5.0 (compatible; jobs.de-Robot +http://www.jobs.de)"
81.17.208.4 - - [03/Aug/2010:05:28:12 +0200] "GET /content/kalender/jax_calendar.php?Y=2010&m=8&d=28&view=d1 HTTP/1.0" 200 33449 "http://www.awo-kv-bernau.de/content/kalender/jax_calendar.php?language=German" "Mozilla/5.0 (compatible; jobs.de-Robot +http://www.jobs.de)"
81.17.208.4 - - [03/Aug/2010:05:28:19 +0200] "GET /content/kalender/jax_calendar.php?Y=2010&m=8&d=2&do=show_event&key=412c0f44fc7485b90a727382921638e7&cal_id=0&language=german&gmt_ofs=-1&view=d30&evt_date=%3Cb%3E28.09.2010%3C%2Fb%3E+16%3A25&evt_title=Pilates HTTP/1.0" 200 12333 "http://www.awo-kv-bernau.de/content/kalender/jax_calendar.php?language=German" "Mozilla/5.0 (compatible; jobs.de-Robot +http://www.jobs.de)"
81.17.208.4 - - [03/Aug/2010:05:28:24 +0200] "GET /content/kalender/jax_calendar.php?Y=2010&m=8&d=7&view=d1 HTTP/1.0" 200 28365 "http://www.awo-kv-bernau.de/content/kalender/jax_calendar.php?language=German" "Mozilla/5.0 (compatible; jobs.de-Robot +http://www.jobs.de)"
66.249.65.211 - - [03/Aug/2010:05:29:01 +0200] "GET /content/kalender/jax_calendar.php?Y=2016&m=3&d=2&cal_id=0&language=english&gmt_ofs=0&view=d1 HTTP/1.1" 200 11088 "-" "Mozilla/5.0 (compatible; Googlebot/2.1; +http://www.google.com/bot.html)"
207.46.199.183 - - [03/Aug/2010:05:32:03 +0200] "GET /robots.txt HTTP/1.1" 404 1256 "-" "msnbot/2.0b (+http://search.msn.com/msnbot.htm)"
66.249.65.211 - - [03/Aug/2010:05:32:26 +0200] "GET /content/kalender/jax_calendar.php?Y=2008&m=10&d=2&cal_id=0&language=english&gmt_ofs=0&view=d1 HTTP/1.1" 200 11142 "-" "Mozilla/5.0 (compatible; Googlebot/2.1; +http://www.google.com/bot.html)"
66.249.65.211 - - [03/Aug/2010:05:34:49 +0200] "GET /content/kalender/jax_calendar.php?Y=2004&m=11&d=2&cal_id=0&language=english&gmt_ofs=0&view=d1 HTTP/1.1" 200 11078 "-" "Mozilla/5.0 (compatible; Googlebot/2.1; +http://www.google.com/bot.html)"
66.249.65.211 - - [03/Aug/2010:05:34:50 +0200] "GET /content/kalender/jax_calendar.php?Y=2003&m=10&d=2&cal_id=0&language=english&gmt_ofs=0&view=d1 HTTP/1.1" 200 11142 "-" "Mozilla/5.0 (compatible; Googlebot/2.1; +http://www.google.com/bot.html)"
66.249.65.211 - - [03/Aug/2010:05:34:51 +0200] "GET /content/kalender/jax_calendar.php?Y=2006&m=10&d=2&cal_id=0&language=english&gmt_ofs=0&view=d1 HTTP/1.1" 200 11146 "-" "Mozilla/5.0 (compatible; Googlebot/2.1; +http://www.google.com/bot.html)"
66.249.65.211 - - [03/Aug/2010:05:34:51 +0200] "GET /content/kalender/jax_calendar.php?Y=2010&m=7&d=2&do=show_event&key=05a503bb2351e0f61e08c1496371daa3&cal_id=0&language=english&gmt_ofs=0&view=d1&evt_date=%3Cb%3E22.07.2010%3C%2Fb%3E+19%3A30&evt_title=Acht+Schritte+zum+Gl%FCck HTTP/1.1" 200 12034 "-" "Mozilla/5.0 (compatible; Googlebot/2.1; +http://www.google.com/bot.html)"
66.249.65.211 - - [03/Aug/2010:05:34:52 +0200] "GET /content/kalender/jax_calendar.php?Y=2015&m=2&d=2&cal_id=0&language=english&gmt_ofs=0&view=d1 HTTP/1.1" 200 10897 "-" "Mozilla/5.0 (compatible; Googlebot/2.1; +http://www.google.com/bot.html)"
