66.249.65.203 - - [01/Aug/2010:00:00:02 +0200] "GET /content/pusteblume/ HTTP/1.1" 200 17842 "-" "Mozilla/5.0 (compatible; Googlebot/2.1; +http://www.google.com/bot.html)"
66.249.65.203 - - [01/Aug/2010:00:03:26 +0200] "GET /content/kalender/jax_calendar.php?Y=2182&m=11&d=2&view=d1 HTTP/1.1" 200 11835 "-" "Mozilla/5.0 (compatible; Googlebot/2.1; +http://www.google.com/bot.html)"
66.249.65.203 - - [01/Aug/2010:00:17:18 +0200] "GET /content/kalender/jax_calendar.php?Y=-10439&m=5&d=32&cal_id=0&language=german&gmt_ofs=-1&view=d1 HTTP/1.1" 200 11895 "-" "Mozilla/5.0 (compatible; Googlebot/2.1; +http://www.google.com/bot.html)"
66.249.65.203 - - [01/Aug/2010:00:17:20 +0200] "GET /content/kalender/jax_calendar.php?Y=-10271&m=1&d=23&view=d1 HTTP/1.1" 200 11999 "-" "Mozilla/5.0 (compatible; Googlebot/2.1; +http://www.google.com/bot.html)"
66.249.65.203 - - [01/Aug/2010:00:17:22 +0200] "GET /content/kalender/jax_calendar.php?Y=-10278&m=1&d=8&cal_id=0&language=german&gmt_ofs=-1&view=d1 HTTP/1.1" 200 11863 "-" "Mozilla/5.0 (compatible; Googlebot/2.1; +http://www.google.com/bot.html)"
66.249.65.203 - - [01/Aug/2010:00:17:24 +0200] "GET /content/kalender/jax_calendar.php?Y=-10427&m=12&d=32&cal_id=0&language=german&gmt_ofs=-1&view=d1 HTTP/1.1" 200 11962 "-" "Mozilla/5.0 (compatible; Googlebot/2.1; +http://www.google.com/bot.html)"
66.249.65.203 - - [01/Aug/2010:00:17:26 +0200] "GET /content/kalender/jax_calendar.php?Y=-10286&m=5&d=8&cal_id=0&language=german&gmt_ofs=-1&view=d1 HTTP/1.1" 200 11859 "-" "Mozilla/5.0 (compatible; Googlebot/2.1; +http://www.google.com/bot.html)"
66.249.65.203 - - [01/Aug/2010:00:17:28 +0200] "GET /content/kalender/jax_calendar.php?Y=-10276&m=10&d=13&view=d1 HTTP/1.1" 200 12061 "-" "Mozilla/5.0 (compatible; Googlebot/2.1; +http://www.google.com/bot.html)"
66.249.65.203 - - [01/Aug/2010:00:17:30 +0200] "GET /content/kalender/jax_calendar.php?Y=-10276&m=5&d=34&view=d1 HTTP/1.1" 200 11995 "-" "Mozilla/5.0 (compatible; Googlebot/2.1; +http://www.google.com/bot.html)"
66.249.65.203 - - [01/Aug/2010:00:17:32 +0200] "GET /content/kalender/jax_calendar.php?Y=-10436&m=1&d=32&cal_id=0&language=german&gmt_ofs=-1&view=d1 HTTP/1.1" 200 11899 "-" "Mozilla/5.0 (compatible; Googlebot/2.1; +http://www.google.com/bot.html)"
66.249.65.203 - - [01/Aug/2010:00:17:35 +0200] "GET /content/kalender/jax_calendar.php?Y=-10279&m=5&d=8&cal_id=0&language=german&gmt_ofs=-1&view=d1 HTTP/1.1" 200 11859 "-" "Mozilla/5.0 (compatible; Googlebot/2.1; +http://www.google.com/bot.html)"
66.249.65.203 - - [01/Aug/2010:00:17:37 +0200] "GET /content/kalender/jax_calendar.php?Y=-10282&m=1&d=8&cal_id=0&language=german&gmt_ofs=-1&view=d1 HTTP/1.1" 200 11863 "-" "Mozilla/5.0 (compatible; Googlebot/2.1; +http://www.google.com/bot.html)"
66.249.65.203 - - [01/Aug/2010:00:17:39 +0200] "GET /content/kalender/jax_calendar.php?Y=-10438&m=6&d=32&cal_id=0&language=german&gmt_ofs=-1&view=d1 HTTP/1.1" 200 11896 "-" "Mozilla/5.0 (compatible; Googlebot/2.1; +http://www.google.com/bot.html)"
66.249.65.203 - - [01/Aug/2010:00:17:42 +0200] "GET /content/kalender/jax_calendar.php?Y=-10437&m=12&d=32&cal_id=0&language=german&gmt_ofs=-1&view=d1 HTTP/1.1" 200 11962 "-" "Mozilla/5.0 (compatible; Googlebot/2.1; +http://www.google.com/bot.html)"
66.249.65.203 - - [01/Aug/2010:00:17:44 +0200] "GET /content/kalender/jax_calendar.php?Y=-10433&m=1&d=32&cal_id=0&language=german&gmt_ofs=-1&view=d1 HTTP/1.1" 200 11899 "-" "Mozilla/5.0 (compatible; Googlebot/2.1; +http://www.google.com/bot.html)"
66.249.65.203 - - [01/Aug/2010:00:17:46 +0200] "GET /content/kalender/jax_calendar.php?Y=-10278&m=5&d=8&cal_id=0&language=german&gmt_ofs=-1&view=d1 HTTP/1.1" 200 11859 "-" "Mozilla/5.0 (compatible; Googlebot/2.1; +http://www.google.com/bot.html)"
66.249.65.203 - - [01/Aug/2010:00:17:49 +0200] "GET /content/kalender/jax_calendar.php?Y=-10451&m=3&d=32&cal_id=0&language=german&gmt_ofs=-1&view=d1 HTTP/1.1" 200 11896 "-" "Mozilla/5.0 (compatible; Googlebot/2.1; +http://www.google.com/bot.html)"
66.249.65.203 - - [01/Aug/2010:00:17:51 +0200] "GET /content/kalender/jax_calendar.php?Y=-10274&m=10&d=16&view=d1 HTTP/1.1" 200 12061 "-" "Mozilla/5.0 (compatible; Googlebot/2.1; +http://www.google.com/bot.html)"
207.46.195.233 - - [01/Aug/2010:00:22:46 +0200] "GET /content/ehrenamt/ HTTP/1.1" 200 13070 "-" "msnbot/2.0b (+http://search.msn.com/msnbot.htm)"
67.195.111.229 - - [01/Aug/2010:00:24:43 +0200] "GET /content/vorstand/ HTTP/1.0" 200 9356 "-" "Mozilla/5.0 (compatible; Yahoo! Slurp/3.0; http://help.yahoo.com/help/us/ysearch/slurp)"
207.46.195.230 - - [01/Aug/2010:00:25:52 +0200] "GET /content/ehrenamt/ HTTP/1.1" 200 13070 "-" "msnbot/2.0b (+http://search.msn.com/msnbot.htm)"
66.249.65.203 - - [01/Aug/2010:00:28:12 +0200] "GET /content/kalender/jax_calendar.php?Y=1863&m=11&d=4&view=d1 HTTP/1.1" 200 11835 "-" "Mozilla/5.0 (compatible; Googlebot/2.1; +http://www.google.com/bot.html)"
207.46.195.226 - - [01/Aug/2010:00:32:24 +0200] "GET /content/awo-treff/ HTTP/1.1" 200 8216 "-" "msnbot/2.0b (+http://search.msn.com/msnbot.htm)"
207.46.204.178 - - [01/Aug/2010:00:50:53 +0200] "GET /content/kindertagesstaetten/ HTTP/1.1" 200 8007 "-" "msnbot/2.0b (+http://search.msn.com/msnbot.htm)"
66.249.65.203 - - [01/Aug/2010:00:52:46 +0200] "GET /content/kalender/jax_calendar.php?Y=-10288&m=5&d=36&view=d1 HTTP/1.1" 200 11995 "-" "Mozilla/5.0 (compatible; Googlebot/2.1; +http://www.google.com/bot.html)"
81.17.208.4 - - [01/Aug/2010:00:54:55 +0200] "HEAD /content/assets/Stellenanzeigen/stellenausschreibungpflegefachkraftaph.pdf HTTP/1.1" 200 - "-" "Mozilla/5.0 (compatible; jobs.de-Robot +http://www.jobs.de)"
66.249.65.203 - - [01/Aug/2010:00:56:04 +0200] "GET /content/kalender/jax_calendar.php?Y=-10285&m=5&d=8&cal_id=0&language=german&gmt_ofs=-1&view=d1 HTTP/1.1" 200 11859 "-" "Mozilla/5.0 (compatible; Googlebot/2.1; +http://www.google.com/bot.html)"
66.249.65.203 - - [01/Aug/2010:00:57:49 +0200] "GET /content/kalender/jax_calendar.php?Y=-10273&m=8&d=10&view=d1 HTTP/1.1" 200 11998 "-" "Mozilla/5.0 (compatible; Googlebot/2.1; +http://www.google.com/bot.html)"
66.249.65.203 - - [01/Aug/2010:01:00:22 +0200] "GET /content/kalender/jax_calendar.php?Y=-10435&m=10&d=32&cal_id=0&language=german&gmt_ofs=-1&view=d1 HTTP/1.1" 200 11961 "-" "Mozilla/5.0 (compatible; Googlebot/2.1; +http://www.google.com/bot.html)"
66.249.65.203 - - [01/Aug/2010:01:03:04 +0200] "GET /content/kalender/jax_calendar.php?Y=-10260&m=1&d=8&view=d1 HTTP/1.1" 200 11963 "-" "Mozilla/5.0 (compatible; Googlebot/2.1; +http://www.google.com/bot.html)"
66.249.65.203 - - [01/Aug/2010:01:05:29 +0200] "GET /content/kalender/jax_calendar.php?Y=-10272&m=8&d=20&view=d1 HTTP/1.1" 200 11998 "-" "Mozilla/5.0 (compatible; Googlebot/2.1; +http://www.google.com/bot.html)"
66.249.65.203 - - [01/Aug/2010:01:08:13 +0200] "GET /content/kalender/jax_calendar.php?Y=-10281&m=5&d=8&cal_id=0&language=german&gmt_ofs=-1&view=d1 HTTP/1.1" 200 11859 "-" "Mozilla/5.0 (compatible; Googlebot/2.1; +http://www.google.com/bot.html)"
207.46.204.241 - - [01/Aug/2010:01:09:23 +0200] "GET /content/kooperationspartner/ HTTP/1.1" 200 7538 "-" "msnbot/2.0b (+http://search.msn.com/msnbot.htm)"
66.249.65.203 - - [01/Aug/2010:01:10:35 +0200] "GET /robots.txt HTTP/1.1" 404 1256 "-" "Mozilla/5.0 (compatible; Googlebot/2.1; +http://www.google.com/bot.html)"
66.249.65.203 - - [01/Aug/2010:01:10:35 +0200] "GET /content/kalender/jax_calendar.php?Y=-10450&m=3&d=32&cal_id=0&language=german&gmt_ofs=-1&view=d1 HTTP/1.1" 200 11896 "-" "Mozilla/5.0 (compatible; Googlebot/2.1; +http://www.google.com/bot.html)"
66.249.65.203 - - [01/Aug/2010:01:13:08 +0200] "GET /content/kalender/jax_calendar.php?Y=-10274&m=8&d=15&view=d1 HTTP/1.1" 200 11998 "-" "Mozilla/5.0 (compatible; Googlebot/2.1; +http://www.google.com/bot.html)"
66.249.65.203 - - [01/Aug/2010:01:15:42 +0200] "GET /content/kalender/jax_calendar.php?Y=-10281&m=7&d=8&cal_id=0&language=german&gmt_ofs=-1&view=d1 HTTP/1.1" 200 11860 "-" "Mozilla/5.0 (compatible; Googlebot/2.1; +http://www.google.com/bot.html)"
66.249.65.203 - - [01/Aug/2010:01:17:26 +0200] "GET /content/kalender/jax_calendar.php?Y=-10288&m=6&d=8&view=d1 HTTP/1.1" 200 11960 "-" "Mozilla/5.0 (compatible; Googlebot/2.1; +http://www.google.com/bot.html)"
66.249.65.203 - - [01/Aug/2010:01:18:25 +0200] "GET /content/kalender/jax_calendar.php?Y=-10275&m=1&d=6&view=d1 HTTP/1.1" 200 11963 "-" "Mozilla/5.0 (compatible; Googlebot/2.1; +http://www.google.com/bot.html)"
207.46.204.188 - - [01/Aug/2010:01:20:23 +0200] "GET /content/kontakt-und-beratungsstelle/ HTTP/1.1" 200 17493 "-" "msnbot/2.0b (+http://search.msn.com/msnbot.htm)"
66.249.65.247 - - [01/Aug/2010:01:20:48 +0200] "GET /content/kalender/jax_calendar.php?Y=-10267&m=5&d=13&view=d1 HTTP/1.1" 200 11995 "-" "Mozilla/5.0 (compatible; Googlebot/2.1; +http://www.google.com/bot.html)"
81.17.208.4 - - [01/Aug/2010:01:23:40 +0200] "HEAD /content/assets/Stellenanzeigen/stellenbeschreibungffhoeren012010.pdf HTTP/1.1" 200 - "-" "Mozilla/5.0 (compatible; jobs.de-Robot +http://www.jobs.de)"
66.249.65.247 - - [01/Aug/2010:01:25:56 +0200] "GET /content/kalender/jax_calendar.php?Y=-10282&m=8&d=8&cal_id=0&language=german&gmt_ofs=-1&view=d1 HTTP/1.1" 200 11862 "-" "Mozilla/5.0 (compatible; Googlebot/2.1; +http://www.google.com/bot.html)"
66.249.65.247 - - [01/Aug/2010:01:28:30 +0200] "GET /content/kalender/jax_calendar.php?Y=-10426&m=6&d=36&view=d1 HTTP/1.1" 200 11996 "-" "Mozilla/5.0 (compatible; Googlebot/2.1; +http://www.google.com/bot.html)"
66.249.65.247 - - [01/Aug/2010:01:31:23 +0200] "GET /content/kalender/jax_calendar.php?Y=-10281&m=1&d=8&cal_id=0&language=german&gmt_ofs=-1&view=d1 HTTP/1.1" 200 11863 "-" "Mozilla/5.0 (compatible; Googlebot/2.1; +http://www.google.com/bot.html)"
66.249.65.247 - - [01/Aug/2010:01:31:25 +0200] "GET /content/kalender/jax_calendar.php?Y=-10285&m=11&d=8&cal_id=0&language=german&gmt_ofs=-1&view=d1 HTTP/1.1" 200 11927 "-" "Mozilla/5.0 (compatible; Googlebot/2.1; +http://www.google.com/bot.html)"
66.249.65.247 - - [01/Aug/2010:01:31:26 +0200] "GET /content/kalender/jax_calendar.php?Y=-10279&m=1&d=8&cal_id=0&language=german&gmt_ofs=-1&view=d1 HTTP/1.1" 200 11863 "-" "Mozilla/5.0 (compatible; Googlebot/2.1; +http://www.google.com/bot.html)"
66.249.65.247 - - [01/Aug/2010:01:31:26 +0200] "GET /content/kalender/jax_calendar.php?Y=-10280&m=9&d=8&cal_id=0&language=german&gmt_ofs=-1&view=d1 HTTP/1.1" 200 11866 "-" "Mozilla/5.0 (compatible; Googlebot/2.1; +http://www.google.com/bot.html)"
66.249.65.247 - - [01/Aug/2010:01:31:27 +0200] "GET /content/kalender/jax_calendar.php?Y=-10280&m=6&d=8&cal_id=0&language=german&gmt_ofs=-1&view=d1 HTTP/1.1" 200 11860 "-" "Mozilla/5.0 (compatible; Googlebot/2.1; +http://www.google.com/bot.html)"
66.249.65.247 - - [01/Aug/2010:01:31:27 +0200] "GET /content/kalender/jax_calendar.php?Y=-10283&m=9&d=8&cal_id=0&language=german&gmt_ofs=-1&view=d1 HTTP/1.1" 200 11866 "-" "Mozilla/5.0 (compatible; Googlebot/2.1; +http://www.google.com/bot.html)"
66.249.65.247 - - [01/Aug/2010:01:31:28 +0200] "GET /content/kalender/jax_calendar.php?Y=-10285&m=4&d=8&cal_id=0&language=german&gmt_ofs=-1&view=d1 HTTP/1.1" 200 11861 "-" "Mozilla/5.0 (compatible; Googlebot/2.1; +http://www.google.com/bot.html)"
66.249.65.247 - - [01/Aug/2010:01:31:29 +0200] "GET /content/kalender/jax_calendar.php?Y=-10282&m=7&d=8&cal_id=0&language=german&gmt_ofs=-1&view=d1 HTTP/1.1" 200 11860 "-" "Mozilla/5.0 (compatible; Googlebot/2.1; +http://www.google.com/bot.html)"
66.249.65.247 - - [01/Aug/2010:01:31:29 +0200] "GET /content/kalender/jax_calendar.php?Y=-10279&m=8&d=8&cal_id=0&language=german&gmt_ofs=-1&view=d1 HTTP/1.1" 200 11862 "-" "Mozilla/5.0 (compatible; Googlebot/2.1; +http://www.google.com/bot.html)"
66.249.65.247 - - [01/Aug/2010:01:31:30 +0200] "GET /content/kalender/jax_calendar.php?Y=-10285&m=6&d=8&cal_id=0&language=german&gmt_ofs=-1&view=d1 HTTP/1.1" 200 11860 "-" "Mozilla/5.0 (compatible; Googlebot/2.1; +http://www.google.com/bot.html)"
66.249.65.247 - - [01/Aug/2010:01:31:30 +0200] "GET /content/kalender/jax_calendar.php?Y=-10266&m=3&d=38&view=d1 HTTP/1.1" 200 11996 "-" "Mozilla/5.0 (compatible; Googlebot/2.1; +http://www.google.com/bot.html)"
66.249.65.247 - - [01/Aug/2010:01:31:31 +0200] "GET /content/kalender/jax_calendar.php?Y=-10284&m=7&d=8&cal_id=0&language=german&gmt_ofs=-1&view=d1 HTTP/1.1" 200 11860 "-" "Mozilla/5.0 (compatible; Googlebot/2.1; +http://www.google.com/bot.html)"
66.249.65.247 - - [01/Aug/2010:01:31:32 +0200] "GET /content/kalender/jax_calendar.php?Y=-10283&m=1&d=8&cal_id=0&language=german&gmt_ofs=-1&view=d1 HTTP/1.1" 200 11863 "-" "Mozilla/5.0 (compatible; Googlebot/2.1; +http://www.google.com/bot.html)"
81.17.208.4 - - [01/Aug/2010:01:31:49 +0200] "HEAD /content/assets/Stellenanzeigen/stellenbeschreibungerzieher012010.pdf HTTP/1.1" 200 - "-" "Mozilla/5.0 (compatible; jobs.de-Robot +http://www.jobs.de)"
207.46.199.50 - - [01/Aug/2010:01:35:22 +0200] "GET /content/kontakt-impressum/ HTTP/1.1" 200 14542 "-" "msnbot/2.0b (+http://search.msn.com/msnbot.htm)"
66.249.65.247 - - [01/Aug/2010:01:42:19 +0200] "GET /content/kalender/jax_calendar.php?Y=-10292&m=12&d=38&view=d1 HTTP/1.1" 200 12062 "-" "Mozilla/5.0 (compatible; Googlebot/2.1; +http://www.google.com/bot.html)"
66.249.65.247 - - [01/Aug/2010:01:47:39 +0200] "GET /content/ehrenamt/ HTTP/1.1" 200 13070 "-" "Mozilla/5.0 (compatible; Googlebot/2.1; +http://www.google.com/bot.html)"
207.46.13.84 - - [01/Aug/2010:01:53:54 +0200] "GET /content/kontakt-impressum/ HTTP/1.1" 200 14542 "-" "msnbot/2.0b (+http://search.msn.com/msnbot.htm)"
38.107.191.85 - - [01/Aug/2010:01:56:34 +0200] "GET /robots.txt HTTP/1.1" 404 1256 "-" "CCBot/1.0 (+http://www.commoncrawl.org/bot.html)"
38.107.191.86 - - [01/Aug/2010:01:56:45 +0200] "GET / HTTP/1.1" 302 - "-" "CCBot/1.0 (+http://www.commoncrawl.org/bot.html)"
38.107.191.86 - - [01/Aug/2010:01:56:46 +0200] "GET /content/aktuelles/ HTTP/1.1" 200 10372 "-" "CCBot/1.0 (+http://www.commoncrawl.org/bot.html)"
38.107.191.87 - - [01/Aug/2010:01:56:58 +0200] "GET /content/aktuelles/ HTTP/1.1" 200 10372 "-" "CCBot/1.0 (+http://www.commoncrawl.org/bot.html)"
38.107.191.88 - - [01/Aug/2010:01:57:10 +0200] "GET /content/erziehungs-und-familienberatung/ HTTP/1.1" 200 13409 "-" "CCBot/1.0 (+http://www.commoncrawl.org/bot.html)"
66.249.65.247 - - [01/Aug/2010:01:58:16 +0200] "GET /content/kalender/jax_calendar.php?Y=-10002&m=10&d=1&cal_id=0&language=english&gmt_ofs=0&view=d1&view=d1 HTTP/1.1" 200 11846 "-" "Mozilla/5.0 (compatible; Googlebot/2.1; +http://www.google.com/bot.html)"
87.187.159.20 - - [01/Aug/2010:02:00:12 +0200] "GET /content/assets/Aktuelles/aktuelles280710.jpg HTTP/1.1" 304 - "http://www.sozialedienste-awo.de/content/aktuelles/" "Mozilla/4.0 (compatible; MSIE 7.0; Windows NT 5.1; .NET CLR 1.1.4322)"
87.187.159.20 - - [01/Aug/2010:02:03:47 +0200] "GET /content/assets/Aktuelles/aktuelles280710.jpg HTTP/1.1" 304 - "http://www.sozialedienste-awo.de/content/aktuelles/" "Mozilla/4.0 (compatible; MSIE 7.0; Windows NT 5.1; .NET CLR 1.1.4322)"
67.195.111.229 - - [01/Aug/2010:02:04:19 +0200] "GET /content/insolvenzberatung/ HTTP/1.0" 200 10812 "-" "Mozilla/5.0 (compatible; Yahoo! Slurp/3.0; http://help.yahoo.com/help/us/ysearch/slurp)"
67.195.111.229 - - [01/Aug/2010:02:04:20 +0200] "GET /content/themes/blackcandy/css/layout.css?m=1277372568 HTTP/1.0" 304 - "http://www.awo-kv-bernau.de/content/insolvenzberatung/" "Mozilla/5.0 (compatible; Yahoo! Slurp/3.0; http://help.yahoo.com/help/us/ysearch/slurp)"
67.195.111.229 - - [01/Aug/2010:02:04:20 +0200] "GET /content/themes/blackcandy/css/typography.css?m=1277278793 HTTP/1.0" 304 - "http://www.awo-kv-bernau.de/content/insolvenzberatung/" "Mozilla/5.0 (compatible; Yahoo! Slurp/3.0; http://help.yahoo.com/help/us/ysearch/slurp)"
67.195.111.229 - - [01/Aug/2010:02:04:20 +0200] "GET /content/themes/blackcandy/css/form.css?m=1277278133 HTTP/1.0" 304 - "http://www.awo-kv-bernau.de/content/insolvenzberatung/" "Mozilla/5.0 (compatible; Yahoo! Slurp/3.0; http://help.yahoo.com/help/us/ysearch/slurp)"
66.249.65.247 - - [01/Aug/2010:02:07:00 +0200] "GET /content/kalender/jax_calendar.php?Y=-10293&m=12&d=18&view=d1 HTTP/1.1" 200 12061 "-" "Mozilla/5.0 (compatible; Googlebot/2.1; +http://www.google.com/bot.html)"
66.249.65.247 - - [01/Aug/2010:02:08:21 +0200] "GET /content/kalender/jax_calendar.php?Y=-10281&m=8&d=8&cal_id=0&language=german&gmt_ofs=-1&view=d1 HTTP/1.1" 200 11861 "-" "Mozilla/5.0 (compatible; Googlebot/2.1; +http://www.google.com/bot.html)"
66.249.65.247 - - [01/Aug/2010:02:08:21 +0200] "GET /content/kalender/jax_calendar.php?Y=-10283&m=7&d=13&view=d1 HTTP/1.1" 200 11995 "-" "Mozilla/5.0 (compatible; Googlebot/2.1; +http://www.google.com/bot.html)"
66.249.65.247 - - [01/Aug/2010:02:08:22 +0200] "GET /content/kalender/jax_calendar.php?Y=-10283&m=8&d=8&cal_id=0&language=german&gmt_ofs=-1&view=d1 HTTP/1.1" 200 11861 "-" "Mozilla/5.0 (compatible; Googlebot/2.1; +http://www.google.com/bot.html)"
66.249.65.247 - - [01/Aug/2010:02:08:22 +0200] "GET /content/kalender/jax_calendar.php?Y=-10286&m=1&d=9&view=d1 HTTP/1.1" 200 11962 "-" "Mozilla/5.0 (compatible; Googlebot/2.1; +http://www.google.com/bot.html)"
66.249.65.247 - - [01/Aug/2010:02:08:23 +0200] "GET /content/kalender/jax_calendar.php?Y=-10278&m=8&d=8&cal_id=0&language=german&gmt_ofs=-1&view=d1 HTTP/1.1" 200 11861 "-" "Mozilla/5.0 (compatible; Googlebot/2.1; +http://www.google.com/bot.html)"
66.249.65.247 - - [01/Aug/2010:02:08:24 +0200] "GET /content/kalender/jax_calendar.php?Y=-10286&m=8&d=8&cal_id=0&language=german&gmt_ofs=-1&view=d1 HTTP/1.1" 200 11861 "-" "Mozilla/5.0 (compatible; Googlebot/2.1; +http://www.google.com/bot.html)"
66.249.65.247 - - [01/Aug/2010:02:08:24 +0200] "GET /content/kalender/jax_calendar.php?Y=-10275&m=8&d=14&view=d1 HTTP/1.1" 200 11997 "-" "Mozilla/5.0 (compatible; Googlebot/2.1; +http://www.google.com/bot.html)"
66.249.65.247 - - [01/Aug/2010:02:08:25 +0200] "GET /content/kalender/jax_calendar.php?Y=2904&m=8&d=14&do=show_event&key=faf7136c75b892aeefbe6455602b7e00&cal_id=0&language=german&gmt_ofs=-1&view=d1&evt_date=%3Cb%3E29.09.2010%3C%2Fb%3E+15%3A00&evt_title=Skatrunde+f%FCr+Anf%E4nger+und+Fortgeschrittene HTTP/1.1" 200 12131 "-" "Mozilla/5.0 (compatible; Googlebot/2.1; +http://www.google.com/bot.html)"
66.249.65.247 - - [01/Aug/2010:02:08:25 +0200] "GET /content/kalender/jax_calendar.php?Y=-10436&m=12&d=38&view=d1 HTTP/1.1" 200 12061 "-" "Mozilla/5.0 (compatible; Googlebot/2.1; +http://www.google.com/bot.html)"
66.249.65.247 - - [01/Aug/2010:02:08:26 +0200] "GET /content/kalender/jax_calendar.php?Y=-10283&m=2&d=8&cal_id=0&language=german&gmt_ofs=-1&view=d1 HTTP/1.1" 200 11862 "-" "Mozilla/5.0 (compatible; Googlebot/2.1; +http://www.google.com/bot.html)"
66.249.65.247 - - [01/Aug/2010:02:08:27 +0200] "GET /content/kalender/jax_calendar.php?Y=-10434&m=6&d=13&view=d1 HTTP/1.1" 200 11995 "-" "Mozilla/5.0 (compatible; Googlebot/2.1; +http://www.google.com/bot.html)"
66.249.65.247 - - [01/Aug/2010:02:08:27 +0200] "GET /content/kalender/jax_calendar.php?Y=-10278&m=7&d=8&cal_id=0&language=german&gmt_ofs=-1&view=d1 HTTP/1.1" 200 11859 "-" "Mozilla/5.0 (compatible; Googlebot/2.1; +http://www.google.com/bot.html)"
66.249.65.247 - - [01/Aug/2010:02:08:28 +0200] "GET /content/kalender/jax_calendar.php?Y=-10285&m=1&d=8&cal_id=0&language=german&gmt_ofs=-1&view=d1 HTTP/1.1" 200 11862 "-" "Mozilla/5.0 (compatible; Googlebot/2.1; +http://www.google.com/bot.html)"
66.249.65.247 - - [01/Aug/2010:02:08:29 +0200] "GET /content/kalender/jax_calendar.php?Y=-10260&m=2&d=4&view=d1 HTTP/1.1" 200 11962 "-" "Mozilla/5.0 (compatible; Googlebot/2.1; +http://www.google.com/bot.html)"
66.249.65.247 - - [01/Aug/2010:02:08:29 +0200] "GET /content/kalender/jax_calendar.php?Y=-10278&m=5&d=37&view=d1 HTTP/1.1" 200 11994 "-" "Mozilla/5.0 (compatible; Googlebot/2.1; +http://www.google.com/bot.html)"
66.249.65.247 - - [01/Aug/2010:02:08:30 +0200] "GET /content/kalender/jax_calendar.php?Y=-10285&m=2&d=8&cal_id=0&language=german&gmt_ofs=-1&view=d1 HTTP/1.1" 200 11862 "-" "Mozilla/5.0 (compatible; Googlebot/2.1; +http://www.google.com/bot.html)"
66.249.65.247 - - [01/Aug/2010:02:08:31 +0200] "GET /content/kalender/jax_calendar.php?Y=-10284&m=8&d=8&cal_id=0&language=german&gmt_ofs=-1&view=d1 HTTP/1.1" 200 11861 "-" "Mozilla/5.0 (compatible; Googlebot/2.1; +http://www.google.com/bot.html)"
66.249.65.247 - - [01/Aug/2010:02:18:29 +0200] "GET /content/assets/Stellenanzeigen/stellenbeschreibungerzieher012010.pdf HTTP/1.1" 200 38159 "-" "Mozilla/5.0 (compatible; Googlebot/2.1; +http://www.google.com/bot.html)"
81.17.208.4 - - [01/Aug/2010:02:43:32 +0200] "HEAD /content/assets/Stellenanzeigen/stellenbeschreibungpflegefachkraft1209.pdf HTTP/1.1" 200 - "-" "Mozilla/5.0 (compatible; jobs.de-Robot +http://www.jobs.de)"
66.249.65.247 - - [01/Aug/2010:02:45:08 +0200] "GET /content/kalender/jax_calendar.php?Y=-10439&m=1&d=27&view=d1 HTTP/1.1" 200 11998 "-" "Mozilla/5.0 (compatible; Googlebot/2.1; +http://www.google.com/bot.html)"
66.249.65.247 - - [01/Aug/2010:02:45:09 +0200] "GET /content/kalender/jax_calendar.php?Y=-10433&m=11&d=39&view=d1 HTTP/1.1" 200 12062 "-" "Mozilla/5.0 (compatible; Googlebot/2.1; +http://www.google.com/bot.html)"
66.249.65.247 - - [01/Aug/2010:02:45:10 +0200] "GET /content/kalender/jax_calendar.php?Y=-10444&m=1&d=32&cal_id=0&language=german&gmt_ofs=-1&view=d1 HTTP/1.1" 200 11898 "-" "Mozilla/5.0 (compatible; Googlebot/2.1; +http://www.google.com/bot.html)"
66.249.65.247 - - [01/Aug/2010:02:45:10 +0200] "GET /content/kalender/jax_calendar.php?Y=-10438&m=5&d=35&view=d1 HTTP/1.1" 200 11994 "-" "Mozilla/5.0 (compatible; Googlebot/2.1; +http://www.google.com/bot.html)"
66.249.65.247 - - [01/Aug/2010:02:45:11 +0200] "GET /content/kalender/jax_calendar.php?Y=-10439&m=5&d=6&view=d1 HTTP/1.1" 200 11958 "-" "Mozilla/5.0 (compatible; Googlebot/2.1; +http://www.google.com/bot.html)"
66.249.65.247 - - [01/Aug/2010:02:45:11 +0200] "GET /content/kalender/jax_calendar.php?Y=-10283&m=6&d=13&view=d1 HTTP/1.1" 200 11995 "-" "Mozilla/5.0 (compatible; Googlebot/2.1; +http://www.google.com/bot.html)"
66.249.65.247 - - [01/Aug/2010:02:45:12 +0200] "GET /content/kalender/jax_calendar.php?Y=-10441&m=9&d=33&view=d1 HTTP/1.1" 200 12001 "-" "Mozilla/5.0 (compatible; Googlebot/2.1; +http://www.google.com/bot.html)"
66.249.65.247 - - [01/Aug/2010:02:45:12 +0200] "GET /content/kalender/jax_calendar.php?Y=-10451&m=3&d=30&view=d1 HTTP/1.1" 200 11995 "-" "Mozilla/5.0 (compatible; Googlebot/2.1; +http://www.google.com/bot.html)"
66.249.65.247 - - [01/Aug/2010:02:45:13 +0200] "GET /content/kalender/jax_calendar.php?Y=-10286&m=5&d=31&view=d1 HTTP/1.1" 200 11994 "-" "Mozilla/5.0 (compatible; Googlebot/2.1; +http://www.google.com/bot.html)"
66.249.65.247 - - [01/Aug/2010:02:45:14 +0200] "GET /content/kalender/jax_calendar.php?Y=2901&m=10&d=16&view=d1 HTTP/1.1" 200 11868 "-" "Mozilla/5.0 (compatible; Googlebot/2.1; +http://www.google.com/bot.html)"
66.249.65.247 - - [01/Aug/2010:02:45:14 +0200] "GET /content/kalender/jax_calendar.php?Y=-10437&m=12&d=19&view=d1 HTTP/1.1" 200 12061 "-" "Mozilla/5.0 (compatible; Googlebot/2.1; +http://www.google.com/bot.html)"
66.249.65.247 - - [01/Aug/2010:02:45:15 +0200] "GET /content/kalender/jax_calendar.php?Y=-10442&m=11&d=35&view=d1 HTTP/1.1" 200 12062 "-" "Mozilla/5.0 (compatible; Googlebot/2.1; +http://www.google.com/bot.html)"
66.249.65.247 - - [01/Aug/2010:02:45:16 +0200] "GET /content/kalender/jax_calendar.php?Y=-10437&m=7&d=1&view=d1 HTTP/1.1" 200 11959 "-" "Mozilla/5.0 (compatible; Googlebot/2.1; +http://www.google.com/bot.html)"
66.249.65.247 - - [01/Aug/2010:02:45:16 +0200] "GET /content/kalender/jax_calendar.php?Y=-10434&m=7&d=18&view=d1 HTTP/1.1" 200 11995 "-" "Mozilla/5.0 (compatible; Googlebot/2.1; +http://www.google.com/bot.html)"
66.249.65.247 - - [01/Aug/2010:02:45:17 +0200] "GET /content/kalender/jax_calendar.php?Y=-10443&m=3&d=9&view=d1 HTTP/1.1" 200 11959 "-" "Mozilla/5.0 (compatible; Googlebot/2.1; +http://www.google.com/bot.html)"
67.195.111.229 - - [01/Aug/2010:02:52:11 +0200] "GET /content/kooperationspartner/ HTTP/1.0" 200 7538 "-" "Mozilla/5.0 (compatible; Yahoo! Slurp/3.0; http://help.yahoo.com/help/us/ysearch/slurp)"
66.249.65.247 - - [01/Aug/2010:02:56:26 +0200] "GET /content/kalender/jax_calendar.php?Y=-10288&m=10&d=39&view=d1 HTTP/1.1" 200 12060 "-" "Mozilla/5.0 (compatible; Googlebot/2.1; +http://www.google.com/bot.html)"
207.46.204.237 - - [01/Aug/2010:03:09:51 +0200] "GET /content/aktuelles/ HTTP/1.1" 200 10372 "-" "msnbot/2.0b (+http://search.msn.com/msnbot.htm)"
66.249.65.247 - - [01/Aug/2010:03:20:59 +0200] "GET /content/kalender/jax_calendar.php?Y=2162&m=5&d=1&view=d1 HTTP/1.1" 200 11766 "-" "Mozilla/5.0 (compatible; Googlebot/2.1; +http://www.google.com/bot.html)"
66.249.65.247 - - [01/Aug/2010:03:22:40 +0200] "GET /content/kalender/jax_calendar.php?Y=-10437&m=8&d=1&view=d1 HTTP/1.1" 200 11961 "-" "Mozilla/5.0 (compatible; Googlebot/2.1; +http://www.google.com/bot.html)"
66.249.65.247 - - [01/Aug/2010:03:22:42 +0200] "GET /content/kalender/jax_calendar.php?Y=-10285&m=4&d=32&view=d1 HTTP/1.1" 200 11996 "-" "Mozilla/5.0 (compatible; Googlebot/2.1; +http://www.google.com/bot.html)"
66.249.65.247 - - [01/Aug/2010:03:22:44 +0200] "GET /content/kalender/jax_calendar.php?Y=-10285&m=6&d=4&view=d1 HTTP/1.1" 200 11959 "-" "Mozilla/5.0 (compatible; Googlebot/2.1; +http://www.google.com/bot.html)"
66.249.65.247 - - [01/Aug/2010:03:22:45 +0200] "GET /content/kalender/jax_calendar.php?Y=-10433&m=1&d=30&view=d1 HTTP/1.1" 200 11998 "-" "Mozilla/5.0 (compatible; Googlebot/2.1; +http://www.google.com/bot.html)"
66.249.65.247 - - [01/Aug/2010:03:22:47 +0200] "GET /content/kalender/jax_calendar.php?Y=-10279&m=1&d=37&view=d1 HTTP/1.1" 200 11998 "-" "Mozilla/5.0 (compatible; Googlebot/2.1; +http://www.google.com/bot.html)"
66.249.65.247 - - [01/Aug/2010:03:22:49 +0200] "GET /content/kalender/jax_calendar.php?Y=-10289&m=10&d=18&view=d1 HTTP/1.1" 200 12060 "-" "Mozilla/5.0 (compatible; Googlebot/2.1; +http://www.google.com/bot.html)"
66.249.65.247 - - [01/Aug/2010:03:22:52 +0200] "GET /content/kalender/jax_calendar.php?Y=-10281&m=1&d=3&view=d1 HTTP/1.1" 200 11962 "-" "Mozilla/5.0 (compatible; Googlebot/2.1; +http://www.google.com/bot.html)"
66.249.65.247 - - [01/Aug/2010:03:22:54 +0200] "GET /content/kalender/jax_calendar.php?Y=-10435&m=10&d=3&view=d1 HTTP/1.1" 200 12024 "-" "Mozilla/5.0 (compatible; Googlebot/2.1; +http://www.google.com/bot.html)"
66.249.65.247 - - [01/Aug/2010:03:22:57 +0200] "GET /content/kalender/jax_calendar.php?Y=-10450&m=3&d=30&view=d1 HTTP/1.1" 200 11995 "-" "Mozilla/5.0 (compatible; Googlebot/2.1; +http://www.google.com/bot.html)"
66.249.65.247 - - [01/Aug/2010:03:22:59 +0200] "GET /content/kalender/jax_calendar.php?Y=-10451&m=9&d=32&cal_id=0&language=german&gmt_ofs=-1&view=d1 HTTP/1.1" 200 11901 "-" "Mozilla/5.0 (compatible; Googlebot/2.1; +http://www.google.com/bot.html)"
66.249.65.247 - - [01/Aug/2010:03:23:01 +0200] "GET /content/kalender/jax_calendar.php?Y=-10458&m=3&d=32&cal_id=0&language=german&gmt_ofs=-1&view=d1 HTTP/1.1" 200 11895 "-" "Mozilla/5.0 (compatible; Googlebot/2.1; +http://www.google.com/bot.html)"
66.249.65.247 - - [01/Aug/2010:03:23:04 +0200] "GET /content/kalender/jax_calendar.php?Y=-10282&m=1&d=25&view=d1 HTTP/1.1" 200 11998 "-" "Mozilla/5.0 (compatible; Googlebot/2.1; +http://www.google.com/bot.html)"
66.249.65.247 - - [01/Aug/2010:03:23:06 +0200] "GET /content/kalender/jax_calendar.php?Y=-10283&m=1&d=18&view=d1 HTTP/1.1" 200 11998 "-" "Mozilla/5.0 (compatible; Googlebot/2.1; +http://www.google.com/bot.html)"
66.249.65.247 - - [01/Aug/2010:03:23:08 +0200] "GET /content/kalender/jax_calendar.php?Y=-10285&m=11&d=24&view=d1 HTTP/1.1" 200 12062 "-" "Mozilla/5.0 (compatible; Googlebot/2.1; +http://www.google.com/bot.html)"
66.249.65.247 - - [01/Aug/2010:03:45:39 +0200] "GET /content/kalender/jax_calendar.php?Y=-10288&m=7&d=10&view=d1 HTTP/1.1" 200 11995 "-" "Mozilla/5.0 (compatible; Googlebot/2.1; +http://www.google.com/bot.html)"
66.249.65.247 - - [01/Aug/2010:03:56:58 +0200] "GET /content/kalender/jax_calendar.php?Y=-10278&m=1&d=23&view=d1 HTTP/1.1" 200 11998 "-" "Mozilla/5.0 (compatible; Googlebot/2.1; +http://www.google.com/bot.html)"
66.249.65.247 - - [01/Aug/2010:03:58:26 +0200] "GET /content/kalender/jax_calendar.php?Y=-10438&m=9&d=29&view=d1 HTTP/1.1" 200 12001 "-" "Mozilla/5.0 (compatible; Googlebot/2.1; +http://www.google.com/bot.html)"
66.249.65.247 - - [01/Aug/2010:04:00:43 +0200] "GET /content/kalender/jax_calendar.php?Y=-10278&m=7&d=17&view=d1 HTTP/1.1" 200 11995 "-" "Mozilla/5.0 (compatible; Googlebot/2.1; +http://www.google.com/bot.html)"
66.249.65.247 - - [01/Aug/2010:04:03:06 +0200] "GET /content/kalender/jax_calendar.php?Y=-10442&m=4&d=24&view=d1 HTTP/1.1" 200 11996 "-" "Mozilla/5.0 (compatible; Googlebot/2.1; +http://www.google.com/bot.html)"
66.249.65.247 - - [01/Aug/2010:04:05:28 +0200] "GET /content/kalender/jax_calendar.php?Y=-10427&m=9&d=30&view=d1 HTTP/1.1" 200 12001 "-" "Mozilla/5.0 (compatible; Googlebot/2.1; +http://www.google.com/bot.html)"
66.249.65.247 - - [01/Aug/2010:04:08:00 +0200] "GET /content/kalender/jax_calendar.php?Y=-10280&m=3&d=37&view=d1 HTTP/1.1" 200 11995 "-" "Mozilla/5.0 (compatible; Googlebot/2.1; +http://www.google.com/bot.html)"
66.249.65.247 - - [01/Aug/2010:04:10:12 +0200] "GET /content/kalender/jax_calendar.php?Y=-10285&m=1&d=37&view=d1 HTTP/1.1" 200 11998 "-" "Mozilla/5.0 (compatible; Googlebot/2.1; +http://www.google.com/bot.html)"
66.249.65.247 - - [01/Aug/2010:04:10:21 +0200] "GET /content/kalender/jax_calendar.php?Y=-10291&m=4&d=8&view=d1 HTTP/1.1" 200 11960 "-" "Mozilla/5.0 (compatible; Googlebot/2.1; +http://www.google.com/bot.html)"
207.46.12.239 - - [01/Aug/2010:04:12:23 +0200] "GET /content/jugendarbeit/ HTTP/1.1" 200 12441 "-" "msnbot/2.0b (+http://search.msn.com/msnbot.htm)"
66.249.65.247 - - [01/Aug/2010:04:12:50 +0200] "GET /content/kalender/jax_calendar.php?Y=-10439&m=9&d=28&view=d1 HTTP/1.1" 200 12001 "-" "Mozilla/5.0 (compatible; Googlebot/2.1; +http://www.google.com/bot.html)"
66.249.65.247 - - [01/Aug/2010:04:14:56 +0200] "GET /content/kalender/jax_calendar.php?Y=-10437&m=9&d=30&view=d1 HTTP/1.1" 200 12001 "-" "Mozilla/5.0 (compatible; Googlebot/2.1; +http://www.google.com/bot.html)"
66.249.65.247 - - [01/Aug/2010:04:17:19 +0200] "GET /content/kalender/jax_calendar.php?Y=-10435&m=5&d=4&view=d1 HTTP/1.1" 200 11958 "-" "Mozilla/5.0 (compatible; Googlebot/2.1; +http://www.google.com/bot.html)"
66.249.65.247 - - [01/Aug/2010:04:19:41 +0200] "GET /content/kalender/jax_calendar.php?Y=-10283&m=2&d=10&view=d1 HTTP/1.1" 200 11998 "-" "Mozilla/5.0 (compatible; Googlebot/2.1; +http://www.google.com/bot.html)"
66.249.65.247 - - [01/Aug/2010:04:22:11 +0200] "GET /content/kalender/jax_calendar.php?Y=-10433&m=7&d=18&view=d1 HTTP/1.1" 200 11995 "-" "Mozilla/5.0 (compatible; Googlebot/2.1; +http://www.google.com/bot.html)"
66.249.65.247 - - [01/Aug/2010:04:24:26 +0200] "GET /content/kalender/jax_calendar.php?Y=-10438&m=6&d=24&view=d1 HTTP/1.1" 200 11995 "-" "Mozilla/5.0 (compatible; Googlebot/2.1; +http://www.google.com/bot.html)"
66.249.65.232 - - [01/Aug/2010:04:26:49 +0200] "GET /content/kalender/jax_calendar.php?Y=-10427&m=5&d=35&view=d1 HTTP/1.1" 200 11994 "-" "Mozilla/5.0 (compatible; Googlebot/2.1; +http://www.google.com/bot.html)"
66.249.65.232 - - [01/Aug/2010:04:29:12 +0200] "GET /content/kalender/jax_calendar.php?Y=-10285&m=2&d=12&view=d1 HTTP/1.1" 200 11998 "-" "Mozilla/5.0 (compatible; Googlebot/2.1; +http://www.google.com/bot.html)"
66.249.65.232 - - [01/Aug/2010:04:31:35 +0200] "GET /content/kalender/jax_calendar.php?Y=-10280&m=8&d=35&view=d1 HTTP/1.1" 200 11997 "-" "Mozilla/5.0 (compatible; Googlebot/2.1; +http://www.google.com/bot.html)"
66.249.65.232 - - [01/Aug/2010:04:34:38 +0200] "GET /content/kalender/jax_calendar.php?Y=-10287&m=10&d=14&view=d1 HTTP/1.1" 200 12060 "-" "Mozilla/5.0 (compatible; Googlebot/2.1; +http://www.google.com/bot.html)"
66.249.65.232 - - [01/Aug/2010:04:34:39 +0200] "GET /content/kalender/jax_calendar.php?Y=-10441&m=12&d=23&view=d1 HTTP/1.1" 200 12061 "-" "Mozilla/5.0 (compatible; Googlebot/2.1; +http://www.google.com/bot.html)"
66.249.65.232 - - [01/Aug/2010:04:34:40 +0200] "GET /content/kalender/jax_calendar.php?Y=-10427&m=12&d=29&view=d1 HTTP/1.1" 200 12061 "-" "Mozilla/5.0 (compatible; Googlebot/2.1; +http://www.google.com/bot.html)"
66.249.65.232 - - [01/Aug/2010:04:34:40 +0200] "GET /content/kalender/jax_calendar.php?Y=-10426&m=12&d=14&view=d1 HTTP/1.1" 200 12061 "-" "Mozilla/5.0 (compatible; Googlebot/2.1; +http://www.google.com/bot.html)"
66.249.65.232 - - [01/Aug/2010:04:34:41 +0200] "GET /content/kalender/jax_calendar.php?Y=-10442&m=1&d=21&view=d1 HTTP/1.1" 200 11998 "-" "Mozilla/5.0 (compatible; Googlebot/2.1; +http://www.google.com/bot.html)"
66.249.65.232 - - [01/Aug/2010:04:34:41 +0200] "GET /content/kalender/jax_calendar.php?Y=-10452&m=2&d=32&cal_id=0&language=german&gmt_ofs=-1&view=d1 HTTP/1.1" 200 11898 "-" "Mozilla/5.0 (compatible; Googlebot/2.1; +http://www.google.com/bot.html)"
66.249.65.232 - - [01/Aug/2010:04:34:42 +0200] "GET /content/kalender/jax_calendar.php?Y=-10436&m=8&d=5&view=d1 HTTP/1.1" 200 11961 "-" "Mozilla/5.0 (compatible; Googlebot/2.1; +http://www.google.com/bot.html)"
66.249.65.232 - - [01/Aug/2010:04:34:42 +0200] "GET /content/kalender/jax_calendar.php?Y=-10443&m=7&d=32&cal_id=0&language=german&gmt_ofs=-1&view=d1 HTTP/1.1" 200 11895 "-" "Mozilla/5.0 (compatible; Googlebot/2.1; +http://www.google.com/bot.html)"
66.249.65.232 - - [01/Aug/2010:04:34:43 +0200] "GET /content/kalender/jax_calendar.php?Y=-10451&m=11&d=32&cal_id=0&language=german&gmt_ofs=-1&view=d1 HTTP/1.1" 200 11962 "-" "Mozilla/5.0 (compatible; Googlebot/2.1; +http://www.google.com/bot.html)"
66.249.65.232 - - [01/Aug/2010:04:34:44 +0200] "GET /content/kalender/jax_calendar.php?Y=-24&m=9&d=16&do=show_event&key=faf7136c75b892aeefbe6455602b7e00&cal_id=0&language=german&gmt_ofs=-1&view=d1&evt_date=%3Cb%3E29.09.2010%3C%2Fb%3E+15%3A00&evt_title=Skatrunde+f%FCr+Anf%E4nger+und+Fortgeschrittene HTTP/1.1" 200 12039 "-" "Mozilla/5.0 (compatible; Googlebot/2.1; +http://www.google.com/bot.html)"
66.249.65.232 - - [01/Aug/2010:04:34:44 +0200] "GET /content/kalender/jax_calendar.php?Y=-10445&m=7&d=32&cal_id=0&language=german&gmt_ofs=-1&view=d1 HTTP/1.1" 200 11895 "-" "Mozilla/5.0 (compatible; Googlebot/2.1; +http://www.google.com/bot.html)"
66.249.65.232 - - [01/Aug/2010:04:34:45 +0200] "GET /content/kalender/jax_calendar.php?Y=-10452&m=7&d=32&cal_id=0&language=german&gmt_ofs=-1&view=d1 HTTP/1.1" 200 11895 "-" "Mozilla/5.0 (compatible; Googlebot/2.1; +http://www.google.com/bot.html)"
66.249.65.232 - - [01/Aug/2010:04:34:46 +0200] "GET /content/kalender/jax_calendar.php?Y=-10436&m=9&d=13&view=d1 HTTP/1.1" 200 12001 "-" "Mozilla/5.0 (compatible; Googlebot/2.1; +http://www.google.com/bot.html)"
207.46.199.193 - - [01/Aug/2010:04:35:59 +0200] "GET /robots.txt HTTP/1.1" 404 1256 "-" "msnbot/2.0b (+http://search.msn.com/msnbot.htm)"
87.187.159.20 - - [01/Aug/2010:04:44:54 +0200] "GET /content/assets/Aktuelles/aktuelles280710.jpg HTTP/1.1" 304 - "http://www.sozialedienste-awo.de/content/aktuelles/" "Mozilla/4.0 (compatible; MSIE 7.0; Windows NT 5.1; .NET CLR 1.1.4322)"
66.249.65.247 - - [01/Aug/2010:04:46:58 +0200] "GET /content/kalender/jax_calendar.php?Y=-10436&m=1&d=11&view=d1 HTTP/1.1" 200 11998 "-" "Mozilla/5.0 (compatible; Googlebot/2.1; +http://www.google.com/bot.html)"
66.249.65.247 - - [01/Aug/2010:04:51:00 +0200] "GET /content/kalender/jax_calendar.php?Y=-10004&m=11&d=1&cal_id=0&language=english&gmt_ofs=0&view=d1&view=d1 HTTP/1.1" 200 11850 "-" "Mozilla/5.0 (compatible; Googlebot/2.1; +http://www.google.com/bot.html)"
207.46.13.135 - - [01/Aug/2010:04:57:27 +0200] "GET /content/kinderland/ HTTP/1.1" 200 19892 "-" "msnbot/2.0b (+http://search.msn.com/msnbot.htm)"
66.249.65.247 - - [01/Aug/2010:04:58:20 +0200] "GET /content/kalender/jax_calendar.php?Y=-10287&m=7&d=32&view=d1 HTTP/1.1" 200 11995 "-" "Mozilla/5.0 (compatible; Googlebot/2.1; +http://www.google.com/bot.html)"
66.249.65.247 - - [01/Aug/2010:05:00:08 +0200] "GET /content/kalender/jax_calendar.php?Y=-10283&m=11&d=32&view=d1 HTTP/1.1" 200 12062 "-" "Mozilla/5.0 (compatible; Googlebot/2.1; +http://www.google.com/bot.html)"
207.46.13.101 - - [01/Aug/2010:05:00:24 +0200] "GET /content/ueberregionale-fruehfoerder-und-beratungsstelle-hoeren/ HTTP/1.1" 200 11990 "-" "msnbot/2.0b (+http://search.msn.com/msnbot.htm)"
207.46.13.91 - - [01/Aug/2010:05:07:25 +0200] "GET / HTTP/1.1" 302 - "-" "msnbot/2.0b (+http://search.msn.com/msnbot.htm)"
207.46.13.91 - - [01/Aug/2010:05:07:31 +0200] "GET /content/aktuelles/ HTTP/1.1" 200 10372 "-" "msnbot/2.0b (+http://search.msn.com/msnbot.htm)"
66.249.65.247 - - [01/Aug/2010:05:09:30 +0200] "GET /content/kalender/jax_calendar.php?Y=-10283&m=3&d=3&view=d1 HTTP/1.1" 200 11959 "-" "Mozilla/5.0 (compatible; Googlebot/2.1; +http://www.google.com/bot.html)"
66.249.65.247 - - [01/Aug/2010:05:09:31 +0200] "GET /content/kalender/jax_calendar.php?Y=-10440&m=7&d=33&view=d1 HTTP/1.1" 200 11995 "-" "Mozilla/5.0 (compatible; Googlebot/2.1; +http://www.google.com/bot.html)"
66.249.65.247 - - [01/Aug/2010:05:09:32 +0200] "GET /content/kalender/jax_calendar.php?Y=-10435&m=9&d=23&view=d1 HTTP/1.1" 200 12001 "-" "Mozilla/5.0 (compatible; Googlebot/2.1; +http://www.google.com/bot.html)"
66.249.65.247 - - [01/Aug/2010:05:09:32 +0200] "GET /content/kalender/jax_calendar.php?Y=-10442&m=7&d=4&view=d1 HTTP/1.1" 200 11959 "-" "Mozilla/5.0 (compatible; Googlebot/2.1; +http://www.google.com/bot.html)"
66.249.65.247 - - [01/Aug/2010:05:09:33 +0200] "GET /content/kalender/jax_calendar.php?Y=-10442&m=9&d=11&view=d1 HTTP/1.1" 200 12001 "-" "Mozilla/5.0 (compatible; Googlebot/2.1; +http://www.google.com/bot.html)"
66.249.65.247 - - [01/Aug/2010:05:09:34 +0200] "GET /content/kalender/jax_calendar.php?Y=-10438&m=7&d=22&view=d1 HTTP/1.1" 200 11995 "-" "Mozilla/5.0 (compatible; Googlebot/2.1; +http://www.google.com/bot.html)"
66.249.65.247 - - [01/Aug/2010:05:09:34 +0200] "GET /content/kalender/jax_calendar.php?Y=-10451&m=7&d=32&cal_id=0&language=german&gmt_ofs=-1&view=d1 HTTP/1.1" 200 11895 "-" "Mozilla/5.0 (compatible; Googlebot/2.1; +http://www.google.com/bot.html)"
66.249.65.247 - - [01/Aug/2010:05:09:35 +0200] "GET /content/kalender/jax_calendar.php?Y=-10446&m=10&d=32&cal_id=0&language=german&gmt_ofs=-1&view=d1 HTTP/1.1" 200 11960 "-" "Mozilla/5.0 (compatible; Googlebot/2.1; +http://www.google.com/bot.html)"
66.249.65.247 - - [01/Aug/2010:05:09:36 +0200] "GET /content/kalender/jax_calendar.php?Y=-10439&m=12&d=39&view=d1 HTTP/1.1" 200 12061 "-" "Mozilla/5.0 (compatible; Googlebot/2.1; +http://www.google.com/bot.html)"
66.249.65.247 - - [01/Aug/2010:05:09:36 +0200] "GET /content/kalender/jax_calendar.php?Y=-10437&m=1&d=6&view=d1 HTTP/1.1" 200 11962 "-" "Mozilla/5.0 (compatible; Googlebot/2.1; +http://www.google.com/bot.html)"
66.249.65.247 - - [01/Aug/2010:05:09:37 +0200] "GET /content/kalender/jax_calendar.php?Y=-10436&m=7&d=22&view=d1 HTTP/1.1" 200 11995 "-" "Mozilla/5.0 (compatible; Googlebot/2.1; +http://www.google.com/bot.html)"
66.249.65.247 - - [01/Aug/2010:05:09:38 +0200] "GET /content/kalender/jax_calendar.php?Y=-10440&m=11&d=21&view=d1 HTTP/1.1" 200 12062 "-" "Mozilla/5.0 (compatible; Googlebot/2.1; +http://www.google.com/bot.html)"
66.249.65.247 - - [01/Aug/2010:05:09:38 +0200] "GET /content/kalender/jax_calendar.php?Y=-10447&m=5&d=32&cal_id=0&language=german&gmt_ofs=-1&view=d1 HTTP/1.1" 200 11894 "-" "Mozilla/5.0 (compatible; Googlebot/2.1; +http://www.google.com/bot.html)"
66.249.65.247 - - [01/Aug/2010:05:09:39 +0200] "GET /content/kalender/jax_calendar.php?Y=-10441&m=11&d=14&view=d1 HTTP/1.1" 200 12062 "-" "Mozilla/5.0 (compatible; Googlebot/2.1; +http://www.google.com/bot.html)"
66.249.65.247 - - [01/Aug/2010:05:09:40 +0200] "GET /content/kalender/jax_calendar.php?Y=-10434&m=11&d=39&view=d1 HTTP/1.1" 200 12062 "-" "Mozilla/5.0 (compatible; Googlebot/2.1; +http://www.google.com/bot.html)"
66.249.65.247 - - [01/Aug/2010:05:23:05 +0200] "GET /content/kalender/jax_calendar.php?Y=-10294&m=4&d=5&view=d1 HTTP/1.1" 200 11960 "-" "Mozilla/5.0 (compatible; Googlebot/2.1; +http://www.google.com/bot.html)"
66.249.65.247 - - [01/Aug/2010:05:43:22 +0200] "GET /content/kalender/jax_calendar.php?Y=-10445&m=12&d=32&cal_id=0&language=german&gmt_ofs=-1&view=d1 HTTP/1.1" 200 11961 "-" "Mozilla/5.0 (compatible; Googlebot/2.1; +http://www.google.com/bot.html)"
66.249.65.247 - - [01/Aug/2010:05:43:23 +0200] "GET /content/kalender/jax_calendar.php?Y=-10440&m=8&d=27&view=d1 HTTP/1.1" 200 11997 "-" "Mozilla/5.0 (compatible; Googlebot/2.1; +http://www.google.com/bot.html)"
66.249.65.247 - - [01/Aug/2010:05:43:24 +0200] "GET /content/kalender/jax_calendar.php?Y=-10433&m=9&d=25&view=d1 HTTP/1.1" 200 12001 "-" "Mozilla/5.0 (compatible; Googlebot/2.1; +http://www.google.com/bot.html)"
66.249.65.247 - - [01/Aug/2010:05:43:24 +0200] "GET /content/kalender/jax_calendar.php?Y=-10441&m=5&d=23&view=d1 HTTP/1.1" 200 11994 "-" "Mozilla/5.0 (compatible; Googlebot/2.1; +http://www.google.com/bot.html)"
66.249.65.247 - - [01/Aug/2010:05:43:25 +0200] "GET /content/kalender/jax_calendar.php?Y=-10459&m=3&d=32&cal_id=0&language=german&gmt_ofs=-1&view=d1 HTTP/1.1" 200 11895 "-" "Mozilla/5.0 (compatible; Googlebot/2.1; +http://www.google.com/bot.html)"
66.249.65.247 - - [01/Aug/2010:05:43:25 +0200] "GET /content/kalender/jax_calendar.php?Y=-10444&m=7&d=32&cal_id=0&language=german&gmt_ofs=-1&view=d1 HTTP/1.1" 200 11895 "-" "Mozilla/5.0 (compatible; Googlebot/2.1; +http://www.google.com/bot.html)"
66.249.65.247 - - [01/Aug/2010:05:43:26 +0200] "GET /content/kalender/jax_calendar.php?Y=-10446&m=5&d=32&cal_id=0&language=german&gmt_ofs=-1&view=d1 HTTP/1.1" 200 11894 "-" "Mozilla/5.0 (compatible; Googlebot/2.1; +http://www.google.com/bot.html)"
66.249.65.247 - - [01/Aug/2010:05:43:27 +0200] "GET /content/kalender/jax_calendar.php?Y=-10446&m=1&d=32&cal_id=0&language=german&gmt_ofs=-1&view=d1 HTTP/1.1" 200 11898 "-" "Mozilla/5.0 (compatible; Googlebot/2.1; +http://www.google.com/bot.html)"
66.249.65.247 - - [01/Aug/2010:05:43:27 +0200] "GET /content/kalender/jax_calendar.php?Y=-10295&m=2&d=21&view=d1 HTTP/1.1" 200 11998 "-" "Mozilla/5.0 (compatible; Googlebot/2.1; +http://www.google.com/bot.html)"
66.249.65.247 - - [01/Aug/2010:05:43:28 +0200] "GET /content/kalender/jax_calendar.php?Y=-10440&m=10&d=28&view=d1 HTTP/1.1" 200 12060 "-" "Mozilla/5.0 (compatible; Googlebot/2.1; +http://www.google.com/bot.html)"
66.249.65.247 - - [01/Aug/2010:05:43:28 +0200] "GET /content/kalender/jax_calendar.php?Y=-10451&m=5&d=32&cal_id=0&language=german&gmt_ofs=-1&view=d1 HTTP/1.1" 200 11894 "-" "Mozilla/5.0 (compatible; Googlebot/2.1; +http://www.google.com/bot.html)"
66.249.65.247 - - [01/Aug/2010:05:43:29 +0200] "GET /content/kalender/jax_calendar.php?Y=-10280&m=2&d=19&view=d1 HTTP/1.1" 200 11998 "-" "Mozilla/5.0 (compatible; Googlebot/2.1; +http://www.google.com/bot.html)"
66.249.65.247 - - [01/Aug/2010:05:43:30 +0200] "GET /content/kalender/jax_calendar.php?Y=-10452&m=11&d=32&cal_id=0&language=german&gmt_ofs=-1&view=d1 HTTP/1.1" 200 11962 "-" "Mozilla/5.0 (compatible; Googlebot/2.1; +http://www.google.com/bot.html)"
66.249.65.247 - - [01/Aug/2010:05:48:18 +0200] "GET /content/kalender/jax_calendar.php?Y=-10294&m=5&d=39&view=d1 HTTP/1.1" 200 11994 "-" "Mozilla/5.0 (compatible; Googlebot/2.1; +http://www.google.com/bot.html)"
207.46.204.231 - - [01/Aug/2010:06:06:54 +0200] "GET /content/ortsvereine/ HTTP/1.1" 200 7881 "-" "msnbot/2.0b (+http://search.msn.com/msnbot.htm)"
66.249.65.248 - - [01/Aug/2010:06:13:03 +0200] "GET /content/kalender/jax_calendar.php?Y=-10291&m=6&d=19&view=d1 HTTP/1.1" 200 11995 "-" "Mozilla/5.0 (compatible; Googlebot/2.1; +http://www.google.com/bot.html)"
207.46.13.49 - - [01/Aug/2010:06:17:24 +0200] "GET /content/kalender/jax_calendar.php?Y=2011&m=3&d=4&cal_id=0&language=german&gmt_ofs=-1&view=d30 HTTP/1.1" 200 11190 "-" "msnbot/2.0b (+http://search.msn.com/msnbot.htm)"
66.249.65.236 - - [01/Aug/2010:06:20:47 +0200] "GET /content/kalender/jax_calendar.php?Y=-10445&m=1&d=32&cal_id=0&language=german&gmt_ofs=-1&view=d1 HTTP/1.1" 200 11898 "-" "Mozilla/5.0 (compatible; Googlebot/2.1; +http://www.google.com/bot.html)"
66.249.65.236 - - [01/Aug/2010:06:20:48 +0200] "GET /content/kalender/jax_calendar.php?Y=-10279&m=7&d=24&view=d1 HTTP/1.1" 200 11995 "-" "Mozilla/5.0 (compatible; Googlebot/2.1; +http://www.google.com/bot.html)"
66.249.65.236 - - [01/Aug/2010:06:20:48 +0200] "GET /content/kalender/jax_calendar.php?Y=2905&m=12&d=34&view=d1 HTTP/1.1" 200 11869 "-" "Mozilla/5.0 (compatible; Googlebot/2.1; +http://www.google.com/bot.html)"
66.249.65.236 - - [01/Aug/2010:06:20:49 +0200] "GET /content/kalender/jax_calendar.php?Y=-10442&m=2&d=17&view=d1 HTTP/1.1" 200 11998 "-" "Mozilla/5.0 (compatible; Googlebot/2.1; +http://www.google.com/bot.html)"
66.249.65.236 - - [01/Aug/2010:06:20:49 +0200] "GET /content/kalender/jax_calendar.php?Y=-10433&m=12&d=33&view=d1 HTTP/1.1" 200 12061 "-" "Mozilla/5.0 (compatible; Googlebot/2.1; +http://www.google.com/bot.html)"
66.249.65.236 - - [01/Aug/2010:06:20:50 +0200] "GET /content/kalender/jax_calendar.php?Y=-10452&m=4&d=32&cal_id=0&language=german&gmt_ofs=-1&view=d1 HTTP/1.1" 200 11896 "-" "Mozilla/5.0 (compatible; Googlebot/2.1; +http://www.google.com/bot.html)"
66.249.65.236 - - [01/Aug/2010:06:20:51 +0200] "GET /content/kalender/jax_calendar.php?Y=-10438&m=1&d=30&view=d1 HTTP/1.1" 200 11998 "-" "Mozilla/5.0 (compatible; Googlebot/2.1; +http://www.google.com/bot.html)"
66.249.65.236 - - [01/Aug/2010:06:20:51 +0200] "GET /content/kalender/jax_calendar.php?Y=-10450&m=5&d=32&cal_id=0&language=german&gmt_ofs=-1&view=d1 HTTP/1.1" 200 11894 "-" "Mozilla/5.0 (compatible; Googlebot/2.1; +http://www.google.com/bot.html)"
66.249.65.236 - - [01/Aug/2010:06:20:52 +0200] "GET /content/kalender/jax_calendar.php?Y=-10450&m=7&d=32&cal_id=0&language=german&gmt_ofs=-1&view=d1 HTTP/1.1" 200 11895 "-" "Mozilla/5.0 (compatible; Googlebot/2.1; +http://www.google.com/bot.html)"
66.249.65.236 - - [01/Aug/2010:06:20:52 +0200] "GET /content/kalender/jax_calendar.php?Y=-10434&m=10&d=35&view=d1 HTTP/1.1" 200 12060 "-" "Mozilla/5.0 (compatible; Googlebot/2.1; +http://www.google.com/bot.html)"
66.249.65.236 - - [01/Aug/2010:06:20:53 +0200] "GET /content/kalender/jax_calendar.php?Y=-10461&m=3&d=32&cal_id=0&language=german&gmt_ofs=-1&view=d1 HTTP/1.1" 200 11895 "-" "Mozilla/5.0 (compatible; Googlebot/2.1; +http://www.google.com/bot.html)"
66.249.65.236 - - [01/Aug/2010:06:20:54 +0200] "GET /content/kalender/jax_calendar.php?Y=-10452&m=8&d=32&cal_id=0&language=german&gmt_ofs=-1&view=d1 HTTP/1.1" 200 11897 "-" "Mozilla/5.0 (compatible; Googlebot/2.1; +http://www.google.com/bot.html)"
66.249.65.236 - - [01/Aug/2010:06:20:54 +0200] "GET /content/kalender/jax_calendar.php?Y=-10450&m=11&d=32&cal_id=0&language=german&gmt_ofs=-1&view=d1 HTTP/1.1" 200 11962 "-" "Mozilla/5.0 (compatible; Googlebot/2.1; +http://www.google.com/bot.html)"
66.249.65.236 - - [01/Aug/2010:06:20:55 +0200] "GET /content/kalender/jax_calendar.php?Y=-10449&m=11&d=32&cal_id=0&language=german&gmt_ofs=-1&view=d1 HTTP/1.1" 200 11962 "-" "Mozilla/5.0 (compatible; Googlebot/2.1; +http://www.google.com/bot.html)"
66.249.65.236 - - [01/Aug/2010:06:22:40 +0200] "GET /content/kalender/jax_calendar.php?Y=-10002&m=11&d=1&cal_id=0&language=english&gmt_ofs=0&view=d1&view=d1 HTTP/1.1" 200 11846 "-" "Mozilla/5.0 (compatible; Googlebot/2.1; +http://www.google.com/bot.html)"
67.195.111.229 - - [01/Aug/2010:06:23:59 +0200] "GET /content/awotreff-kontakt/ HTTP/1.0" 200 7753 "-" "Mozilla/5.0 (compatible; Yahoo! Slurp/3.0; http://help.yahoo.com/help/us/ysearch/slurp)"
67.195.111.229 - - [01/Aug/2010:06:24:02 +0200] "GET /content/themes/blackcandy/css/layout.css?m=1277372568 HTTP/1.0" 304 - "http://www.awo-kv-bernau.de/content/awotreff-kontakt/" "Mozilla/5.0 (compatible; Yahoo! Slurp/3.0; http://help.yahoo.com/help/us/ysearch/slurp)"
67.195.111.229 - - [01/Aug/2010:06:24:03 +0200] "GET /content/themes/blackcandy/css/typography.css?m=1277278793 HTTP/1.0" 304 - "http://www.awo-kv-bernau.de/content/awotreff-kontakt/" "Mozilla/5.0 (compatible; Yahoo! Slurp/3.0; http://help.yahoo.com/help/us/ysearch/slurp)"
67.195.111.229 - - [01/Aug/2010:06:24:05 +0200] "GET /content/themes/blackcandy/css/form.css?m=1277278133 HTTP/1.0" 304 - "http://www.awo-kv-bernau.de/content/awotreff-kontakt/" "Mozilla/5.0 (compatible; Yahoo! Slurp/3.0; http://help.yahoo.com/help/us/ysearch/slurp)"
66.249.65.236 - - [01/Aug/2010:06:37:49 +0200] "GET /content/kalender/jax_calendar.php?Y=-10294&m=10&d=22&view=d1 HTTP/1.1" 200 12060 "-" "Mozilla/5.0 (compatible; Googlebot/2.1; +http://www.google.com/bot.html)"
95.108.158.134 - - [01/Aug/2010:06:43:38 +0200] "GET /content/aktuelles/ HTTP/1.1" 200 10372 "-" "Mozilla/5.0 (compatible; YandexBot/3.0; +http://yandex.com/bots)"
66.249.65.236 - - [01/Aug/2010:06:55:37 +0200] "GET /content/kalender/jax_calendar.php?Y=-10285&m=3&d=14&view=d1 HTTP/1.1" 200 11995 "-" "Mozilla/5.0 (compatible; Googlebot/2.1; +http://www.google.com/bot.html)"
66.249.65.236 - - [01/Aug/2010:06:55:40 +0200] "GET /content/kalender/jax_calendar.php?Y=-10460&m=3&d=32&cal_id=0&language=german&gmt_ofs=-1&view=d1 HTTP/1.1" 200 11895 "-" "Mozilla/5.0 (compatible; Googlebot/2.1; +http://www.google.com/bot.html)"
66.249.65.236 - - [01/Aug/2010:06:55:42 +0200] "GET /content/kalender/jax_calendar.php?Y=-10439&m=10&d=25&view=d1 HTTP/1.1" 200 12060 "-" "Mozilla/5.0 (compatible; Googlebot/2.1; +http://www.google.com/bot.html)"
66.249.65.236 - - [01/Aug/2010:06:55:44 +0200] "GET /content/kalender/jax_calendar.php?Y=-10442&m=5&d=30&view=d1 HTTP/1.1" 200 11994 "-" "Mozilla/5.0 (compatible; Googlebot/2.1; +http://www.google.com/bot.html)"
