62.159.79.220 - - [02/Aug/2010:15:14:15 +0200] "GET /content/themes/blackcandy/images/footer.png HTTP/1.1" 200 884 "http://www.awo-kv-bernau.de/content/aktuelles/" "Mozilla/4.0 (compatible; MSIE 8.0; Windows NT 5.1; Trident/4.0; .NET CLR 1.1.4322; .NET CLR 2.0.50727; .NET CLR 3.0.4506.2152; .NET CLR 3.5.30729)"
62.159.79.220 - - [02/Aug/2010:15:14:15 +0200] "GET /content/assets/Aktuelles/aktuelles110610.jpg HTTP/1.1" 200 61872 "http://www.awo-kv-bernau.de/content/aktuelles/" "Mozilla/4.0 (compatible; MSIE 8.0; Windows NT 5.1; Trident/4.0; .NET CLR 1.1.4322; .NET CLR 2.0.50727; .NET CLR 3.0.4506.2152; .NET CLR 3.5.30729)"
62.159.79.220 - - [02/Aug/2010:15:14:15 +0200] "GET /content/themes/blackcandy/images/subheader.jpg HTTP/1.1" 200 52576 "http://www.awo-kv-bernau.de/content/aktuelles/" "Mozilla/4.0 (compatible; MSIE 8.0; Windows NT 5.1; Trident/4.0; .NET CLR 1.1.4322; .NET CLR 2.0.50727; .NET CLR 3.0.4506.2152; .NET CLR 3.5.30729)"
62.159.79.220 - - [02/Aug/2010:15:14:15 +0200] "GET /content/themes/blackcandy/images/header.jpg HTTP/1.1" 200 45038 "http://www.awo-kv-bernau.de/content/aktuelles/" "Mozilla/4.0 (compatible; MSIE 8.0; Windows NT 5.1; Trident/4.0; .NET CLR 1.1.4322; .NET CLR 2.0.50727; .NET CLR 3.0.4506.2152; .NET CLR 3.5.30729)"
62.159.79.220 - - [02/Aug/2010:15:14:15 +0200] "GET /content/assets/Aktuelles/aktuelles200710.jpg HTTP/1.1" 200 27142 "http://www.awo-kv-bernau.de/content/aktuelles/" "Mozilla/4.0 (compatible; MSIE 8.0; Windows NT 5.1; Trident/4.0; .NET CLR 1.1.4322; .NET CLR 2.0.50727; .NET CLR 3.0.4506.2152; .NET CLR 3.5.30729)"
62.159.79.220 - - [02/Aug/2010:15:14:15 +0200] "GET /content/themes/blackcandy/css/typography.css?m=1277278793 HTTP/1.1" 200 5090 "http://www.awo-kv-bernau.de/content/aktuelles/" "Mozilla/4.0 (compatible; MSIE 8.0; Windows NT 5.1; Trident/4.0; .NET CLR 1.1.4322; .NET CLR 2.0.50727; .NET CLR 3.0.4506.2152; .NET CLR 3.5.30729)"
62.159.79.220 - - [02/Aug/2010:15:14:15 +0200] "GET /content/assets/Aktuelles/aktuelles200710.jpg HTTP/1.1" 200 27142 "http://www.awo-kv-bernau.de/content/aktuelles/" "Mozilla/4.0 (compatible; MSIE 8.0; Windows NT 5.1; Trident/4.0; .NET CLR 1.1.4322; .NET CLR 2.0.50727; .NET CLR 3.0.4506.2152; .NET CLR 3.5.30729)"
62.159.79.220 - - [02/Aug/2010:15:14:15 +0200] "GET /content/themes/blackcandy/css/form.css?m=1277278133 HTTP/1.1" 200 1856 "http://www.awo-kv-bernau.de/content/aktuelles/" "Mozilla/4.0 (compatible; MSIE 8.0; Windows NT 5.1; Trident/4.0; .NET CLR 1.1.4322; .NET CLR 2.0.50727; .NET CLR 3.0.4506.2152; .NET CLR 3.5.30729)"
62.159.79.220 - - [02/Aug/2010:15:14:15 +0200] "GET /favicon.ico HTTP/1.1" 404 1256 "-" "Mozilla/4.0 (compatible; MSIE 8.0; Windows NT 5.1; Trident/4.0; .NET CLR 1.1.4322; .NET CLR 2.0.50727; .NET CLR 3.0.4506.2152; .NET CLR 3.5.30729)"
62.159.79.220 - - [02/Aug/2010:15:14:15 +0200] "GET /favicon.ico HTTP/1.1" 404 1256 "-" "Mozilla/4.0 (compatible; MSIE 8.0; Windows NT 5.1; Trident/4.0; .NET CLR 1.1.4322; .NET CLR 2.0.50727; .NET CLR 3.0.4506.2152; .NET CLR 3.5.30729)"
62.159.79.220 - - [02/Aug/2010:15:14:22 +0200] "GET /content/beratungsstellen/ HTTP/1.1" 200 7938 "http://www.awo-kv-bernau.de/content/aktuelles/" "Mozilla/4.0 (compatible; MSIE 8.0; Windows NT 5.1; Trident/4.0; .NET CLR 1.1.4322; .NET CLR 2.0.50727; .NET CLR 3.0.4506.2152; .NET CLR 3.5.30729)"
62.159.79.220 - - [02/Aug/2010:15:14:26 +0200] "GET /content/awo-treff/ HTTP/1.1" 200 8216 "http://www.awo-kv-bernau.de/content/beratungsstellen/" "Mozilla/4.0 (compatible; MSIE 8.0; Windows NT 5.1; Trident/4.0; .NET CLR 1.1.4322; .NET CLR 2.0.50727; .NET CLR 3.0.4506.2152; .NET CLR 3.5.30729)"
62.159.79.220 - - [02/Aug/2010:15:14:26 +0200] "GET /content/assets/Awo-Treff/_resampled/ResizedImage300225-start.jpg HTTP/1.1" 200 13680 "http://www.awo-kv-bernau.de/content/awo-treff/" "Mozilla/4.0 (compatible; MSIE 8.0; Windows NT 5.1; Trident/4.0; .NET CLR 1.1.4322; .NET CLR 2.0.50727; .NET CLR 3.0.4506.2152; .NET CLR 3.5.30729)"
62.159.79.220 - - [02/Aug/2010:15:14:37 +0200] "GET /content/awo-treff/ HTTP/1.1" 200 8216 "http://www.awo-kv-bernau.de/content/awo-treff/" "Mozilla/4.0 (compatible; MSIE 8.0; Windows NT 5.1; Trident/4.0; .NET CLR 1.1.4322; .NET CLR 2.0.50727; .NET CLR 3.0.4506.2152; .NET CLR 3.5.30729)"
62.159.79.220 - - [02/Aug/2010:15:14:40 +0200] "GET /content/awo-treff-aktuelles/ HTTP/1.1" 200 12711 "http://www.awo-kv-bernau.de/content/awo-treff/" "Mozilla/4.0 (compatible; MSIE 8.0; Windows NT 5.1; Trident/4.0; .NET CLR 1.1.4322; .NET CLR 2.0.50727; .NET CLR 3.0.4506.2152; .NET CLR 3.5.30729)"
62.159.79.220 - - [02/Aug/2010:15:14:43 +0200] "GET /content/awotreff-kontakt/ HTTP/1.1" 200 7753 "http://www.awo-kv-bernau.de/content/awo-treff-aktuelles/" "Mozilla/4.0 (compatible; MSIE 8.0; Windows NT 5.1; Trident/4.0; .NET CLR 1.1.4322; .NET CLR 2.0.50727; .NET CLR 3.0.4506.2152; .NET CLR 3.5.30729)"
62.159.79.220 - - [02/Aug/2010:15:14:52 +0200] "GET /content/kontakt-und-beratungsstelle/ HTTP/1.1" 200 17493 "http://www.awo-kv-bernau.de/content/awotreff-kontakt/" "Mozilla/4.0 (compatible; MSIE 8.0; Windows NT 5.1; Trident/4.0; .NET CLR 1.1.4322; .NET CLR 2.0.50727; .NET CLR 3.0.4506.2152; .NET CLR 3.5.30729)"
62.159.79.220 - - [02/Aug/2010:15:14:52 +0200] "GET /content/assets/Kontakt-und-Beratungsstelle/logo.jpg HTTP/1.1" 200 25102 "http://www.awo-kv-bernau.de/content/kontakt-und-beratungsstelle/" "Mozilla/4.0 (compatible; MSIE 8.0; Windows NT 5.1; Trident/4.0; .NET CLR 1.1.4322; .NET CLR 2.0.50727; .NET CLR 3.0.4506.2152; .NET CLR 3.5.30729)"
62.159.79.220 - - [02/Aug/2010:15:14:52 +0200] "GET /content/assets/Kontakt-und-Beratungsstelle/_resampled/ResizedImage130122-logofit211009.jpg HTTP/1.1" 200 3967 "http://www.awo-kv-bernau.de/content/kontakt-und-beratungsstelle/" "Mozilla/4.0 (compatible; MSIE 8.0; Windows NT 5.1; Trident/4.0; .NET CLR 1.1.4322; .NET CLR 2.0.50727; .NET CLR 3.0.4506.2152; .NET CLR 3.5.30729)"
62.159.79.220 - - [02/Aug/2010:15:14:52 +0200] "GET /content/assets/Kontakt-und-Beratungsstelle/_resampled/ResizedImage225192-kub1.jpg HTTP/1.1" 200 9853 "http://www.awo-kv-bernau.de/content/kontakt-und-beratungsstelle/" "Mozilla/4.0 (compatible; MSIE 8.0; Windows NT 5.1; Trident/4.0; .NET CLR 1.1.4322; .NET CLR 2.0.50727; .NET CLR 3.0.4506.2152; .NET CLR 3.5.30729)"
62.159.79.220 - - [02/Aug/2010:15:14:52 +0200] "GET /content/assets/Kontakt-und-Beratungsstelle/_resampled/ResizedImage256192-kub2.jpg HTTP/1.1" 200 14511 "http://www.awo-kv-bernau.de/content/kontakt-und-beratungsstelle/" "Mozilla/4.0 (compatible; MSIE 8.0; Windows NT 5.1; Trident/4.0; .NET CLR 1.1.4322; .NET CLR 2.0.50727; .NET CLR 3.0.4506.2152; .NET CLR 3.5.30729)"
62.159.79.220 - - [02/Aug/2010:15:14:52 +0200] "GET /content/assets/Kontakt-und-Beratungsstelle/_resampled/ResizedImage256192-kub3.jpg HTTP/1.1" 200 13180 "http://www.awo-kv-bernau.de/content/kontakt-und-beratungsstelle/" "Mozilla/4.0 (compatible; MSIE 8.0; Windows NT 5.1; Trident/4.0; .NET CLR 1.1.4322; .NET CLR 2.0.50727; .NET CLR 3.0.4506.2152; .NET CLR 3.5.30729)"
62.159.79.220 - - [02/Aug/2010:15:14:52 +0200] "GET /content/assets/Kontakt-und-Beratungsstelle/_resampled/ResizedImage225192-kub4.jpg HTTP/1.1" 200 10686 "http://www.awo-kv-bernau.de/content/kontakt-und-beratungsstelle/" "Mozilla/4.0 (compatible; MSIE 8.0; Windows NT 5.1; Trident/4.0; .NET CLR 1.1.4322; .NET CLR 2.0.50727; .NET CLR 3.0.4506.2152; .NET CLR 3.5.30729)"
62.159.79.220 - - [02/Aug/2010:15:14:53 +0200] "GET /content/assets/Kontakt-und-Beratungsstelle/_resampled/ResizedImage256192-kub5.jpg HTTP/1.1" 200 12971 "http://www.awo-kv-bernau.de/content/kontakt-und-beratungsstelle/" "Mozilla/4.0 (compatible; MSIE 8.0; Windows NT 5.1; Trident/4.0; .NET CLR 1.1.4322; .NET CLR 2.0.50727; .NET CLR 3.0.4506.2152; .NET CLR 3.5.30729)"
62.159.79.220 - - [02/Aug/2010:15:14:53 +0200] "GET /content/assets/Kontakt-und-Beratungsstelle/_resampled/ResizedImage256192-kub6.jpg HTTP/1.1" 200 10794 "http://www.awo-kv-bernau.de/content/kontakt-und-beratungsstelle/" "Mozilla/4.0 (compatible; MSIE 8.0; Windows NT 5.1; Trident/4.0; .NET CLR 1.1.4322; .NET CLR 2.0.50727; .NET CLR 3.0.4506.2152; .NET CLR 3.5.30729)"
62.159.79.220 - - [02/Aug/2010:15:14:53 +0200] "GET /content/assets/Kontakt-und-Beratungsstelle/kubg1.jpg HTTP/1.1" 200 46386 "http://www.awo-kv-bernau.de/content/kontakt-und-beratungsstelle/" "Mozilla/4.0 (compatible; MSIE 8.0; Windows NT 5.1; Trident/4.0; .NET CLR 1.1.4322; .NET CLR 2.0.50727; .NET CLR 3.0.4506.2152; .NET CLR 3.5.30729)"
62.159.79.220 - - [02/Aug/2010:15:14:52 +0200] "GET /content/assets/Kontakt-und-Beratungsstelle/kbs261109.jpg HTTP/1.1" 200 97095 "http://www.awo-kv-bernau.de/content/kontakt-und-beratungsstelle/" "Mozilla/4.0 (compatible; MSIE 8.0; Windows NT 5.1; Trident/4.0; .NET CLR 1.1.4322; .NET CLR 2.0.50727; .NET CLR 3.0.4506.2152; .NET CLR 3.5.30729)"
62.159.79.220 - - [02/Aug/2010:15:14:52 +0200] "GET /content/assets/Kontakt-und-Beratungsstelle/_resampled/ResizedImage377600-job.jpg HTTP/1.1" 200 80490 "http://www.awo-kv-bernau.de/content/kontakt-und-beratungsstelle/" "Mozilla/4.0 (compatible; MSIE 8.0; Windows NT 5.1; Trident/4.0; .NET CLR 1.1.4322; .NET CLR 2.0.50727; .NET CLR 3.0.4506.2152; .NET CLR 3.5.30729)"
62.159.79.220 - - [02/Aug/2010:15:14:53 +0200] "GET /content/assets/Kontakt-und-Beratungsstelle/kubg2.jpg HTTP/1.1" 200 53124 "http://www.awo-kv-bernau.de/content/kontakt-und-beratungsstelle/" "Mozilla/4.0 (compatible; MSIE 8.0; Windows NT 5.1; Trident/4.0; .NET CLR 1.1.4322; .NET CLR 2.0.50727; .NET CLR 3.0.4506.2152; .NET CLR 3.5.30729)"
62.159.79.220 - - [02/Aug/2010:15:14:53 +0200] "GET /content/assets/Kontakt-und-Beratungsstelle/kubg4.jpg HTTP/1.1" 200 46986 "http://www.awo-kv-bernau.de/content/kontakt-und-beratungsstelle/" "Mozilla/4.0 (compatible; MSIE 8.0; Windows NT 5.1; Trident/4.0; .NET CLR 1.1.4322; .NET CLR 2.0.50727; .NET CLR 3.0.4506.2152; .NET CLR 3.5.30729)"
62.159.79.220 - - [02/Aug/2010:15:14:53 +0200] "GET /content/assets/Kontakt-und-Beratungsstelle/kubg3.jpg HTTP/1.1" 200 51291 "http://www.awo-kv-bernau.de/content/kontakt-und-beratungsstelle/" "Mozilla/4.0 (compatible; MSIE 8.0; Windows NT 5.1; Trident/4.0; .NET CLR 1.1.4322; .NET CLR 2.0.50727; .NET CLR 3.0.4506.2152; .NET CLR 3.5.30729)"
62.159.79.220 - - [02/Aug/2010:15:14:54 +0200] "GET /content/beratungsstellen/ HTTP/1.1" 200 7938 "http://www.awo-kv-bernau.de/content/kontakt-und-beratungsstelle/" "Mozilla/4.0 (compatible; MSIE 8.0; Windows NT 5.1; Trident/4.0; .NET CLR 1.1.4322; .NET CLR 2.0.50727; .NET CLR 3.0.4506.2152; .NET CLR 3.5.30729)"
62.159.79.220 - - [02/Aug/2010:15:14:56 +0200] "GET /content/awo-treff/ HTTP/1.1" 200 8216 "http://www.awo-kv-bernau.de/content/beratungsstellen/" "Mozilla/4.0 (compatible; MSIE 8.0; Windows NT 5.1; Trident/4.0; .NET CLR 1.1.4322; .NET CLR 2.0.50727; .NET CLR 3.0.4506.2152; .NET CLR 3.5.30729)"
62.159.79.220 - - [02/Aug/2010:15:14:58 +0200] "GET /content/veranstaltungskalender/ HTTP/1.1" 200 7393 "http://www.awo-kv-bernau.de/content/awo-treff/" "Mozilla/4.0 (compatible; MSIE 8.0; Windows NT 5.1; Trident/4.0; .NET CLR 1.1.4322; .NET CLR 2.0.50727; .NET CLR 3.0.4506.2152; .NET CLR 3.5.30729)"
62.159.79.220 - - [02/Aug/2010:15:14:59 +0200] "GET /content/kalender/css/default.css HTTP/1.1" 200 6070 "http://www.awo-kv-bernau.de/content/kalender/jax_calendar.php?language=German" "Mozilla/4.0 (compatible; MSIE 8.0; Windows NT 5.1; Trident/4.0; .NET CLR 1.1.4322; .NET CLR 2.0.50727; .NET CLR 3.0.4506.2152; .NET CLR 3.5.30729)"
62.159.79.220 - - [02/Aug/2010:15:14:59 +0200] "GET /content/kalender/css/default.css HTTP/1.1" 200 6070 "http://www.awo-kv-bernau.de/content/kalender/jax_calendar.php?language=German" "Mozilla/4.0 (compatible; MSIE 8.0; Windows NT 5.1; Trident/4.0; .NET CLR 1.1.4322; .NET CLR 2.0.50727; .NET CLR 3.0.4506.2152; .NET CLR 3.5.30729)"
62.159.79.220 - - [02/Aug/2010:15:14:59 +0200] "GET /content/kalender/modules/quick_select_popup.js HTTP/1.1" 200 2660 "http://www.awo-kv-bernau.de/content/kalender/jax_calendar.php?language=German" "Mozilla/4.0 (compatible; MSIE 8.0; Windows NT 5.1; Trident/4.0; .NET CLR 1.1.4322; .NET CLR 2.0.50727; .NET CLR 3.0.4506.2152; .NET CLR 3.5.30729)"
62.159.79.220 - - [02/Aug/2010:15:14:59 +0200] "GET /content/kalender/images/prev_month_wb.gif HTTP/1.1" 200 92 "http://www.awo-kv-bernau.de/content/kalender/jax_calendar.php?language=German" "Mozilla/4.0 (compatible; MSIE 8.0; Windows NT 5.1; Trident/4.0; .NET CLR 1.1.4322; .NET CLR 2.0.50727; .NET CLR 3.0.4506.2152; .NET CLR 3.5.30729)"
62.159.79.220 - - [02/Aug/2010:15:14:58 +0200] "GET /content/kalender/jax_calendar.php?language=German HTTP/1.1" 200 49054 "http://www.awo-kv-bernau.de/content/veranstaltungskalender/" "Mozilla/4.0 (compatible; MSIE 8.0; Windows NT 5.1; Trident/4.0; .NET CLR 1.1.4322; .NET CLR 2.0.50727; .NET CLR 3.0.4506.2152; .NET CLR 3.5.30729)"
62.159.79.220 - - [02/Aug/2010:15:14:59 +0200] "GET /content/kalender/images/prev_year_wb.gif HTTP/1.1" 200 91 "http://www.awo-kv-bernau.de/content/kalender/jax_calendar.php?language=German" "Mozilla/4.0 (compatible; MSIE 8.0; Windows NT 5.1; Trident/4.0; .NET CLR 1.1.4322; .NET CLR 2.0.50727; .NET CLR 3.0.4506.2152; .NET CLR 3.5.30729)"
62.159.79.220 - - [02/Aug/2010:15:14:59 +0200] "GET /content/kalender/images/next_year_wb.gif HTTP/1.1" 200 93 "http://www.awo-kv-bernau.de/content/kalender/jax_calendar.php?language=German" "Mozilla/4.0 (compatible; MSIE 8.0; Windows NT 5.1; Trident/4.0; .NET CLR 1.1.4322; .NET CLR 2.0.50727; .NET CLR 3.0.4506.2152; .NET CLR 3.5.30729)"
62.159.79.220 - - [02/Aug/2010:15:14:59 +0200] "GET /content/kalender/images/next_month_wb.gif HTTP/1.1" 200 95 "http://www.awo-kv-bernau.de/content/kalender/jax_calendar.php?language=German" "Mozilla/4.0 (compatible; MSIE 8.0; Windows NT 5.1; Trident/4.0; .NET CLR 1.1.4322; .NET CLR 2.0.50727; .NET CLR 3.0.4506.2152; .NET CLR 3.5.30729)"
62.159.79.220 - - [02/Aug/2010:15:14:59 +0200] "GET /content/kalender/images/back_today.gif HTTP/1.1" 200 78 "http://www.awo-kv-bernau.de/content/kalender/jax_calendar.php?language=German" "Mozilla/4.0 (compatible; MSIE 8.0; Windows NT 5.1; Trident/4.0; .NET CLR 1.1.4322; .NET CLR 2.0.50727; .NET CLR 3.0.4506.2152; .NET CLR 3.5.30729)"
62.159.79.220 - - [02/Aug/2010:15:15:00 +0200] "GET /content/aktuelles/ HTTP/1.1" 200 10372 "http://www.awo-kv-bernau.de/content/veranstaltungskalender/" "Mozilla/4.0 (compatible; MSIE 8.0; Windows NT 5.1; Trident/4.0; .NET CLR 1.1.4322; .NET CLR 2.0.50727; .NET CLR 3.0.4506.2152; .NET CLR 3.5.30729)"
62.159.79.220 - - [02/Aug/2010:15:15:08 +0200] "GET /content/kooperationspartner/ HTTP/1.1" 200 7538 "http://www.awo-kv-bernau.de/content/aktuelles/" "Mozilla/4.0 (compatible; MSIE 8.0; Windows NT 5.1; Trident/4.0; .NET CLR 1.1.4322; .NET CLR 2.0.50727; .NET CLR 3.0.4506.2152; .NET CLR 3.5.30729)"
62.159.79.220 - - [02/Aug/2010:15:15:09 +0200] "GET /content/assets/Kooperationspartner/koopkneipp.jpg HTTP/1.1" 200 17649 "http://www.awo-kv-bernau.de/content/kooperationspartner/" "Mozilla/4.0 (compatible; MSIE 8.0; Windows NT 5.1; Trident/4.0; .NET CLR 1.1.4322; .NET CLR 2.0.50727; .NET CLR 3.0.4506.2152; .NET CLR 3.5.30729)"
66.249.65.231 - - [02/Aug/2010:15:15:11 +0200] "GET /content/kalender/jax_calendar.php?Y=2903&m=9&d=14&do=show_event&key=faf7136c75b892aeefbe6455602b7e00&cal_id=0&language=german&gmt_ofs=-1&view=d1&evt_date=%3Cb%3E29.09.2010%3C%2Fb%3E+15%3A00&evt_title=Skatrunde+f%FCr+Anf%E4nger+und+Fortgeschrittene HTTP/1.1" 200 12135 "-" "Mozilla/5.0 (compatible; Googlebot/2.1; +http://www.google.com/bot.html)"
62.159.79.220 - - [02/Aug/2010:15:15:12 +0200] "GET /content/aktuelles/ HTTP/1.1" 200 10372 "http://www.awo-kv-bernau.de/content/veranstaltungskalender/" "Mozilla/4.0 (compatible; MSIE 8.0; Windows NT 5.1; Trident/4.0; .NET CLR 1.1.4322; .NET CLR 2.0.50727; .NET CLR 3.0.4506.2152; .NET CLR 3.5.30729)"
66.249.65.231 - - [02/Aug/2010:15:15:12 +0200] "GET /content/kalender/jax_calendar.php?Y=2441&m=6&d=2&do=show_event&key=faf7136c75b892aeefbe6455602b7e00&cal_id=0&language=german&gmt_ofs=-1&view=d1&evt_date=%3Cb%3E29.09.2010%3C%2Fb%3E+15%3A00&evt_title=Skatrunde+f%FCr+Anf%E4nger+und+Fortgeschrittene HTTP/1.1" 200 12093 "-" "Mozilla/5.0 (compatible; Googlebot/2.1; +http://www.google.com/bot.html)"
62.159.79.220 - - [02/Aug/2010:15:15:12 +0200] "GET /content/veranstaltungskalender/ HTTP/1.1" 200 7393 "http://www.awo-kv-bernau.de/content/awo-treff/" "Mozilla/4.0 (compatible; MSIE 8.0; Windows NT 5.1; Trident/4.0; .NET CLR 1.1.4322; .NET CLR 2.0.50727; .NET CLR 3.0.4506.2152; .NET CLR 3.5.30729)"
66.249.65.231 - - [02/Aug/2010:15:15:13 +0200] "GET /content/kalender/jax_calendar.php?Y=2894&m=9&d=14&cal_id=0&language=german&gmt_ofs=-1&view=d1 HTTP/1.1" 200 11709 "-" "Mozilla/5.0 (compatible; Googlebot/2.1; +http://www.google.com/bot.html)"
66.249.65.231 - - [02/Aug/2010:15:15:13 +0200] "GET /content/kalender/jax_calendar.php?Y=2899&m=8&d=23&view=d1 HTTP/1.1" 200 11805 "-" "Mozilla/5.0 (compatible; Googlebot/2.1; +http://www.google.com/bot.html)"
62.159.79.220 - - [02/Aug/2010:15:15:13 +0200] "GET /content/awo-treff/ HTTP/1.1" 200 8216 "http://www.awo-kv-bernau.de/content/beratungsstellen/" "Mozilla/4.0 (compatible; MSIE 8.0; Windows NT 5.1; Trident/4.0; .NET CLR 1.1.4322; .NET CLR 2.0.50727; .NET CLR 3.0.4506.2152; .NET CLR 3.5.30729)"
62.159.79.220 - - [02/Aug/2010:15:15:13 +0200] "GET /content/beratungsstellen/ HTTP/1.1" 200 7938 "http://www.awo-kv-bernau.de/content/kontakt-und-beratungsstelle/" "Mozilla/4.0 (compatible; MSIE 8.0; Windows NT 5.1; Trident/4.0; .NET CLR 1.1.4322; .NET CLR 2.0.50727; .NET CLR 3.0.4506.2152; .NET CLR 3.5.30729)"
62.159.79.220 - - [02/Aug/2010:15:15:14 +0200] "GET /content/kontakt-und-beratungsstelle/ HTTP/1.1" 200 17493 "http://www.awo-kv-bernau.de/content/awotreff-kontakt/" "Mozilla/4.0 (compatible; MSIE 8.0; Windows NT 5.1; Trident/4.0; .NET CLR 1.1.4322; .NET CLR 2.0.50727; .NET CLR 3.0.4506.2152; .NET CLR 3.5.30729)"
66.249.65.231 - - [02/Aug/2010:15:15:14 +0200] "GET /content/kalender/jax_calendar.php?Y=2887&m=4&d=14&cal_id=0&language=german&gmt_ofs=-1&view=d1 HTTP/1.1" 200 11704 "-" "Mozilla/5.0 (compatible; Googlebot/2.1; +http://www.google.com/bot.html)"
66.249.65.231 - - [02/Aug/2010:15:15:15 +0200] "GET /content/kalender/jax_calendar.php?Y=2983&m=1&d=14&do=show_event&key=faf7136c75b892aeefbe6455602b7e00&cal_id=0&language=german&gmt_ofs=-1&view=d1&evt_date=%3Cb%3E29.09.2010%3C%2Fb%3E+15%3A00&evt_title=Skatrunde+f%FCr+Anf%E4nger+und+Fortgeschrittene HTTP/1.1" 200 12132 "-" "Mozilla/5.0 (compatible; Googlebot/2.1; +http://www.google.com/bot.html)"
62.159.79.220 - - [02/Aug/2010:15:15:15 +0200] "GET /content/awotreff-kontakt/ HTTP/1.1" 200 7753 "http://www.awo-kv-bernau.de/content/awo-treff-aktuelles/" "Mozilla/4.0 (compatible; MSIE 8.0; Windows NT 5.1; Trident/4.0; .NET CLR 1.1.4322; .NET CLR 2.0.50727; .NET CLR 3.0.4506.2152; .NET CLR 3.5.30729)"
66.249.65.231 - - [02/Aug/2010:15:15:16 +0200] "GET /content/kalender/jax_calendar.php?Y=2979&m=3&d=14&do=show_event&key=faf7136c75b892aeefbe6455602b7e00&cal_id=0&language=german&gmt_ofs=-1&view=d1&evt_date=%3Cb%3E29.09.2010%3C%2Fb%3E+15%3A00&evt_title=Skatrunde+f%FCr+Anf%E4nger+und+Fortgeschrittene HTTP/1.1" 200 12129 "-" "Mozilla/5.0 (compatible; Googlebot/2.1; +http://www.google.com/bot.html)"
66.249.65.231 - - [02/Aug/2010:15:15:16 +0200] "GET /content/kalender/jax_calendar.php?Y=2979&m=3&d=31&view=d1 HTTP/1.1" 200 11803 "-" "Mozilla/5.0 (compatible; Googlebot/2.1; +http://www.google.com/bot.html)"
66.249.65.231 - - [02/Aug/2010:15:15:17 +0200] "GET /content/kalender/jax_calendar.php?Y=2970&m=9&d=34&do=show_event&key=faf7136c75b892aeefbe6455602b7e00&cal_id=0&language=german&gmt_ofs=-1&view=d1&evt_date=%3Cb%3E29.09.2010%3C%2Fb%3E+15%3A00&evt_title=Skatrunde+f%FCr+Anf%E4nger+und+Fortgeschrittene HTTP/1.1" 200 12135 "-" "Mozilla/5.0 (compatible; Googlebot/2.1; +http://www.google.com/bot.html)"
62.159.79.220 - - [02/Aug/2010:15:15:17 +0200] "GET /content/awo-treff-aktuelles/ HTTP/1.1" 200 12711 "http://www.awo-kv-bernau.de/content/awo-treff/" "Mozilla/4.0 (compatible; MSIE 8.0; Windows NT 5.1; Trident/4.0; .NET CLR 1.1.4322; .NET CLR 2.0.50727; .NET CLR 3.0.4506.2152; .NET CLR 3.5.30729)"
66.249.65.231 - - [02/Aug/2010:15:15:18 +0200] "GET /content/kalender/jax_calendar.php?Y=2979&m=7&d=24&view=d1 HTTP/1.1" 200 11803 "-" "Mozilla/5.0 (compatible; Googlebot/2.1; +http://www.google.com/bot.html)"
66.249.65.231 - - [02/Aug/2010:15:15:18 +0200] "GET /content/kalender/jax_calendar.php?Y=2426&m=1&d=25&do=show_event&key=faf7136c75b892aeefbe6455602b7e00&cal_id=0&language=german&gmt_ofs=-1&view=d1&evt_date=%3Cb%3E29.09.2010%3C%2Fb%3E+15%3A00&evt_title=Skatrunde+f%FCr+Anf%E4nger+und+Fortgeschrittene HTTP/1.1" 200 12132 "-" "Mozilla/5.0 (compatible; Googlebot/2.1; +http://www.google.com/bot.html)"
62.159.79.220 - - [02/Aug/2010:15:15:18 +0200] "GET /content/awo-treff/ HTTP/1.1" 200 8216 "http://www.awo-kv-bernau.de/content/awo-treff/" "Mozilla/4.0 (compatible; MSIE 8.0; Windows NT 5.1; Trident/4.0; .NET CLR 1.1.4322; .NET CLR 2.0.50727; .NET CLR 3.0.4506.2152; .NET CLR 3.5.30729)"
62.159.79.220 - - [02/Aug/2010:15:15:19 +0200] "GET /content/beratungsstellen/ HTTP/1.1" 200 7938 "http://www.awo-kv-bernau.de/content/aktuelles/" "Mozilla/4.0 (compatible; MSIE 8.0; Windows NT 5.1; Trident/4.0; .NET CLR 1.1.4322; .NET CLR 2.0.50727; .NET CLR 3.0.4506.2152; .NET CLR 3.5.30729)"
66.249.65.231 - - [02/Aug/2010:15:15:19 +0200] "GET /content/kalender/jax_calendar.php?Y=2915&m=6&d=36&do=show_event&key=faf7136c75b892aeefbe6455602b7e00&cal_id=0&language=german&gmt_ofs=-1&view=d1&evt_date=%3Cb%3E29.09.2010%3C%2Fb%3E+15%3A00&evt_title=Skatrunde+f%FCr+Anf%E4nger+und+Fortgeschrittene HTTP/1.1" 200 12129 "-" "Mozilla/5.0 (compatible; Googlebot/2.1; +http://www.google.com/bot.html)"
66.249.65.231 - - [02/Aug/2010:15:15:20 +0200] "GET /content/kalender/jax_calendar.php?Y=2444&m=8&d=24&view=d1 HTTP/1.1" 200 11805 "-" "Mozilla/5.0 (compatible; Googlebot/2.1; +http://www.google.com/bot.html)"
62.159.79.220 - - [02/Aug/2010:15:15:20 +0200] "GET /content/aktuelles/ HTTP/1.1" 200 10372 "http://www.awo-uckermark.de/ueberuns/" "Mozilla/4.0 (compatible; MSIE 8.0; Windows NT 5.1; Trident/4.0; .NET CLR 1.1.4322; .NET CLR 2.0.50727; .NET CLR 3.0.4506.2152; .NET CLR 3.5.30729)"
66.249.65.231 - - [02/Aug/2010:15:15:21 +0200] "GET /content/kalender/jax_calendar.php?Y=-9943&m=4&d=19&view=d1 HTTP/1.1" 200 11900 "-" "Mozilla/5.0 (compatible; Googlebot/2.1; +http://www.google.com/bot.html)"
87.187.157.156 - - [02/Aug/2010:15:17:39 +0200] "GET / HTTP/1.1" 302 - "-" "Mozilla/4.0 (compatible; MSIE 8.0; Windows NT 5.1; Trident/4.0; .NET CLR 2.0.50727; .NET CLR 3.0.4506.2152; .NET CLR 3.5.30729; InfoPath.2)"
87.187.157.156 - - [02/Aug/2010:15:17:40 +0200] "GET /content/aktuelles/ HTTP/1.1" 200 10372 "-" "Mozilla/4.0 (compatible; MSIE 8.0; Windows NT 5.1; Trident/4.0; .NET CLR 2.0.50727; .NET CLR 3.0.4506.2152; .NET CLR 3.5.30729; InfoPath.2)"
87.187.157.156 - - [02/Aug/2010:15:17:40 +0200] "GET /content/themes/blackcandy/css/layout.css?m=1277372568 HTTP/1.1" 200 9865 "http://www.awo-kv-bernau.de/content/aktuelles/" "Mozilla/4.0 (compatible; MSIE 8.0; Windows NT 5.1; Trident/4.0; .NET CLR 2.0.50727; .NET CLR 3.0.4506.2152; .NET CLR 3.5.30729; InfoPath.2)"
87.187.157.156 - - [02/Aug/2010:15:17:40 +0200] "GET /content/themes/blackcandy/css/typography.css?m=1277278793 HTTP/1.1" 200 5090 "http://www.awo-kv-bernau.de/content/aktuelles/" "Mozilla/4.0 (compatible; MSIE 8.0; Windows NT 5.1; Trident/4.0; .NET CLR 2.0.50727; .NET CLR 3.0.4506.2152; .NET CLR 3.5.30729; InfoPath.2)"
87.187.157.156 - - [02/Aug/2010:15:17:40 +0200] "GET /content/assets/Aktuelles/aktuelles280710.jpg HTTP/1.1" 200 15702 "http://www.awo-kv-bernau.de/content/aktuelles/" "Mozilla/4.0 (compatible; MSIE 8.0; Windows NT 5.1; Trident/4.0; .NET CLR 2.0.50727; .NET CLR 3.0.4506.2152; .NET CLR 3.5.30729; InfoPath.2)"
87.187.157.156 - - [02/Aug/2010:15:17:40 +0200] "GET /content/assets/Aktuelles/aktuelles160710.jpg HTTP/1.1" 200 17303 "http://www.awo-kv-bernau.de/content/aktuelles/" "Mozilla/4.0 (compatible; MSIE 8.0; Windows NT 5.1; Trident/4.0; .NET CLR 2.0.50727; .NET CLR 3.0.4506.2152; .NET CLR 3.5.30729; InfoPath.2)"
87.187.157.156 - - [02/Aug/2010:15:17:40 +0200] "GET /content/assets/Aktuelles/aktuelles200710.jpg HTTP/1.1" 200 27142 "http://www.awo-kv-bernau.de/content/aktuelles/" "Mozilla/4.0 (compatible; MSIE 8.0; Windows NT 5.1; Trident/4.0; .NET CLR 2.0.50727; .NET CLR 3.0.4506.2152; .NET CLR 3.5.30729; InfoPath.2)"
87.187.157.156 - - [02/Aug/2010:15:17:40 +0200] "GET /content/themes/blackcandy/css/form.css?m=1277278133 HTTP/1.1" 200 1856 "http://www.awo-kv-bernau.de/content/aktuelles/" "Mozilla/4.0 (compatible; MSIE 8.0; Windows NT 5.1; Trident/4.0; .NET CLR 2.0.50727; .NET CLR 3.0.4506.2152; .NET CLR 3.5.30729; InfoPath.2)"
87.187.157.156 - - [02/Aug/2010:15:17:40 +0200] "GET /content/themes/blackcandy/images/headerRounded.png HTTP/1.1" 200 763 "http://www.awo-kv-bernau.de/content/aktuelles/" "Mozilla/4.0 (compatible; MSIE 8.0; Windows NT 5.1; Trident/4.0; .NET CLR 2.0.50727; .NET CLR 3.0.4506.2152; .NET CLR 3.5.30729; InfoPath.2)"
87.187.157.156 - - [02/Aug/2010:15:17:40 +0200] "GET /content/themes/blackcandy/images/activeTabLeft.png HTTP/1.1" 200 433 "http://www.awo-kv-bernau.de/content/aktuelles/" "Mozilla/4.0 (compatible; MSIE 8.0; Windows NT 5.1; Trident/4.0; .NET CLR 2.0.50727; .NET CLR 3.0.4506.2152; .NET CLR 3.5.30729; InfoPath.2)"
87.187.157.156 - - [02/Aug/2010:15:17:41 +0200] "GET /content/themes/blackcandy/images/activeTabRight.png HTTP/1.1" 200 433 "http://www.awo-kv-bernau.de/content/aktuelles/" "Mozilla/4.0 (compatible; MSIE 8.0; Windows NT 5.1; Trident/4.0; .NET CLR 2.0.50727; .NET CLR 3.0.4506.2152; .NET CLR 3.5.30729; InfoPath.2)"
87.187.157.156 - - [02/Aug/2010:15:17:40 +0200] "GET /content/assets/Aktuelles/aktuelles110610.jpg HTTP/1.1" 200 61872 "http://www.awo-kv-bernau.de/content/aktuelles/" "Mozilla/4.0 (compatible; MSIE 8.0; Windows NT 5.1; Trident/4.0; .NET CLR 2.0.50727; .NET CLR 3.0.4506.2152; .NET CLR 3.5.30729; InfoPath.2)"
87.187.157.156 - - [02/Aug/2010:15:17:41 +0200] "GET /content/themes/blackcandy/images/herz.png HTTP/1.1" 200 344 "http://www.awo-kv-bernau.de/content/aktuelles/" "Mozilla/4.0 (compatible; MSIE 8.0; Windows NT 5.1; Trident/4.0; .NET CLR 2.0.50727; .NET CLR 3.0.4506.2152; .NET CLR 3.5.30729; InfoPath.2)"
87.187.157.156 - - [02/Aug/2010:15:17:41 +0200] "GET /content/themes/blackcandy/images/footer.png HTTP/1.1" 200 884 "http://www.awo-kv-bernau.de/content/aktuelles/" "Mozilla/4.0 (compatible; MSIE 8.0; Windows NT 5.1; Trident/4.0; .NET CLR 2.0.50727; .NET CLR 3.0.4506.2152; .NET CLR 3.5.30729; InfoPath.2)"
87.187.157.156 - - [02/Aug/2010:15:17:41 +0200] "GET /content/themes/blackcandy/images/subheader.jpg HTTP/1.1" 200 52576 "http://www.awo-kv-bernau.de/content/aktuelles/" "Mozilla/4.0 (compatible; MSIE 8.0; Windows NT 5.1; Trident/4.0; .NET CLR 2.0.50727; .NET CLR 3.0.4506.2152; .NET CLR 3.5.30729; InfoPath.2)"
87.187.157.156 - - [02/Aug/2010:15:17:40 +0200] "GET /content/themes/blackcandy/images/header.jpg HTTP/1.1" 200 45038 "http://www.awo-kv-bernau.de/content/aktuelles/" "Mozilla/4.0 (compatible; MSIE 8.0; Windows NT 5.1; Trident/4.0; .NET CLR 2.0.50727; .NET CLR 3.0.4506.2152; .NET CLR 3.5.30729; InfoPath.2)"
87.187.157.156 - - [02/Aug/2010:15:17:41 +0200] "GET /favicon.ico HTTP/1.1" 404 1256 "-" "Mozilla/4.0 (compatible; MSIE 8.0; Windows NT 5.1; Trident/4.0; .NET CLR 2.0.50727; .NET CLR 3.0.4506.2152; .NET CLR 3.5.30729; InfoPath.2)"
81.17.208.4 - - [02/Aug/2010:15:18:40 +0200] "GET /content/awo-ortsverein-zepernick/ HTTP/1.0" 200 10012 "http://www.awo-kv-bernau.de/content/ortsvereine/" "Mozilla/5.0 (compatible; jobs.de-Robot +http://www.jobs.de)"
87.187.157.156 - - [02/Aug/2010:15:21:04 +0200] "GET / HTTP/1.1" 302 - "-" "Mozilla/4.0 (compatible; MSIE 8.0; Windows NT 5.1; Trident/4.0; .NET CLR 2.0.50727; .NET CLR 3.0.4506.2152; .NET CLR 3.5.30729; InfoPath.2)"
87.187.157.156 - - [02/Aug/2010:15:21:04 +0200] "GET /content/aktuelles/ HTTP/1.1" 200 10372 "-" "Mozilla/4.0 (compatible; MSIE 8.0; Windows NT 5.1; Trident/4.0; .NET CLR 2.0.50727; .NET CLR 3.0.4506.2152; .NET CLR 3.5.30729; InfoPath.2)"
87.187.157.156 - - [02/Aug/2010:15:21:04 +0200] "GET /content/themes/blackcandy/css/layout.css?m=1277372568 HTTP/1.1" 200 9865 "http://www.awo-kv-bernau.de/content/aktuelles/" "Mozilla/4.0 (compatible; MSIE 8.0; Windows NT 5.1; Trident/4.0; .NET CLR 2.0.50727; .NET CLR 3.0.4506.2152; .NET CLR 3.5.30729; InfoPath.2)"
87.187.157.156 - - [02/Aug/2010:15:21:04 +0200] "GET /content/themes/blackcandy/css/typography.css?m=1277278793 HTTP/1.1" 200 5090 "http://www.awo-kv-bernau.de/content/aktuelles/" "Mozilla/4.0 (compatible; MSIE 8.0; Windows NT 5.1; Trident/4.0; .NET CLR 2.0.50727; .NET CLR 3.0.4506.2152; .NET CLR 3.5.30729; InfoPath.2)"
87.187.157.156 - - [02/Aug/2010:15:21:04 +0200] "GET /content/themes/blackcandy/css/form.css?m=1277278133 HTTP/1.1" 200 1856 "http://www.awo-kv-bernau.de/content/aktuelles/" "Mozilla/4.0 (compatible; MSIE 8.0; Windows NT 5.1; Trident/4.0; .NET CLR 2.0.50727; .NET CLR 3.0.4506.2152; .NET CLR 3.5.30729; InfoPath.2)"
87.187.157.156 - - [02/Aug/2010:15:21:04 +0200] "GET /content/assets/Aktuelles/aktuelles280710.jpg HTTP/1.1" 200 15702 "http://www.awo-kv-bernau.de/content/aktuelles/" "Mozilla/4.0 (compatible; MSIE 8.0; Windows NT 5.1; Trident/4.0; .NET CLR 2.0.50727; .NET CLR 3.0.4506.2152; .NET CLR 3.5.30729; InfoPath.2)"
87.187.157.156 - - [02/Aug/2010:15:21:04 +0200] "GET /content/assets/Aktuelles/aktuelles200710.jpg HTTP/1.1" 200 27142 "http://www.awo-kv-bernau.de/content/aktuelles/" "Mozilla/4.0 (compatible; MSIE 8.0; Windows NT 5.1; Trident/4.0; .NET CLR 2.0.50727; .NET CLR 3.0.4506.2152; .NET CLR 3.5.30729; InfoPath.2)"
87.187.157.156 - - [02/Aug/2010:15:21:04 +0200] "GET /content/assets/Aktuelles/aktuelles160710.jpg HTTP/1.1" 200 17303 "http://www.awo-kv-bernau.de/content/aktuelles/" "Mozilla/4.0 (compatible; MSIE 8.0; Windows NT 5.1; Trident/4.0; .NET CLR 2.0.50727; .NET CLR 3.0.4506.2152; .NET CLR 3.5.30729; InfoPath.2)"
87.187.157.156 - - [02/Aug/2010:15:21:05 +0200] "GET /content/themes/blackcandy/images/headerRounded.png HTTP/1.1" 200 763 "http://www.awo-kv-bernau.de/content/aktuelles/" "Mozilla/4.0 (compatible; MSIE 8.0; Windows NT 5.1; Trident/4.0; .NET CLR 2.0.50727; .NET CLR 3.0.4506.2152; .NET CLR 3.5.30729; InfoPath.2)"
87.187.157.156 - - [02/Aug/2010:15:21:05 +0200] "GET /content/themes/blackcandy/images/activeTabLeft.png HTTP/1.1" 200 433 "http://www.awo-kv-bernau.de/content/aktuelles/" "Mozilla/4.0 (compatible; MSIE 8.0; Windows NT 5.1; Trident/4.0; .NET CLR 2.0.50727; .NET CLR 3.0.4506.2152; .NET CLR 3.5.30729; InfoPath.2)"
87.187.157.156 - - [02/Aug/2010:15:21:05 +0200] "GET /content/themes/blackcandy/images/activeTabRight.png HTTP/1.1" 200 433 "http://www.awo-kv-bernau.de/content/aktuelles/" "Mozilla/4.0 (compatible; MSIE 8.0; Windows NT 5.1; Trident/4.0; .NET CLR 2.0.50727; .NET CLR 3.0.4506.2152; .NET CLR 3.5.30729; InfoPath.2)"
87.187.157.156 - - [02/Aug/2010:15:21:05 +0200] "GET /content/assets/Aktuelles/aktuelles110610.jpg HTTP/1.1" 200 61872 "http://www.awo-kv-bernau.de/content/aktuelles/" "Mozilla/4.0 (compatible; MSIE 8.0; Windows NT 5.1; Trident/4.0; .NET CLR 2.0.50727; .NET CLR 3.0.4506.2152; .NET CLR 3.5.30729; InfoPath.2)"
87.187.157.156 - - [02/Aug/2010:15:21:05 +0200] "GET /content/themes/blackcandy/images/herz.png HTTP/1.1" 200 344 "http://www.awo-kv-bernau.de/content/aktuelles/" "Mozilla/4.0 (compatible; MSIE 8.0; Windows NT 5.1; Trident/4.0; .NET CLR 2.0.50727; .NET CLR 3.0.4506.2152; .NET CLR 3.5.30729; InfoPath.2)"
87.187.157.156 - - [02/Aug/2010:15:21:05 +0200] "GET /content/themes/blackcandy/images/footer.png HTTP/1.1" 200 884 "http://www.awo-kv-bernau.de/content/aktuelles/" "Mozilla/4.0 (compatible; MSIE 8.0; Windows NT 5.1; Trident/4.0; .NET CLR 2.0.50727; .NET CLR 3.0.4506.2152; .NET CLR 3.5.30729; InfoPath.2)"
87.187.157.156 - - [02/Aug/2010:15:21:05 +0200] "GET /content/themes/blackcandy/images/subheader.jpg HTTP/1.1" 200 52576 "http://www.awo-kv-bernau.de/content/aktuelles/" "Mozilla/4.0 (compatible; MSIE 8.0; Windows NT 5.1; Trident/4.0; .NET CLR 2.0.50727; .NET CLR 3.0.4506.2152; .NET CLR 3.5.30729; InfoPath.2)"
87.187.157.156 - - [02/Aug/2010:15:21:05 +0200] "GET /content/themes/blackcandy/images/header.jpg HTTP/1.1" 200 45038 "http://www.awo-kv-bernau.de/content/aktuelles/" "Mozilla/4.0 (compatible; MSIE 8.0; Windows NT 5.1; Trident/4.0; .NET CLR 2.0.50727; .NET CLR 3.0.4506.2152; .NET CLR 3.5.30729; InfoPath.2)"
87.187.157.156 - - [02/Aug/2010:15:21:05 +0200] "GET /favicon.ico HTTP/1.1" 404 1256 "-" "Mozilla/4.0 (compatible; MSIE 8.0; Windows NT 5.1; Trident/4.0; .NET CLR 2.0.50727; .NET CLR 3.0.4506.2152; .NET CLR 3.5.30729; InfoPath.2)"
87.187.157.156 - - [02/Aug/2010:15:24:48 +0200] "GET / HTTP/1.1" 302 - "-" "Mozilla/4.0 (compatible; MSIE 8.0; Windows NT 5.1; Trident/4.0; .NET CLR 2.0.50727; .NET CLR 3.0.4506.2152; .NET CLR 3.5.30729; InfoPath.2)"
87.187.157.156 - - [02/Aug/2010:15:24:48 +0200] "GET /content/aktuelles/ HTTP/1.1" 200 10372 "-" "Mozilla/4.0 (compatible; MSIE 8.0; Windows NT 5.1; Trident/4.0; .NET CLR 2.0.50727; .NET CLR 3.0.4506.2152; .NET CLR 3.5.30729; InfoPath.2)"
87.187.157.156 - - [02/Aug/2010:15:24:49 +0200] "GET /content/themes/blackcandy/css/layout.css?m=1277372568 HTTP/1.1" 200 9865 "http://www.awo-kv-bernau.de/content/aktuelles/" "Mozilla/4.0 (compatible; MSIE 8.0; Windows NT 5.1; Trident/4.0; .NET CLR 2.0.50727; .NET CLR 3.0.4506.2152; .NET CLR 3.5.30729; InfoPath.2)"
87.187.157.156 - - [02/Aug/2010:15:24:49 +0200] "GET /content/themes/blackcandy/css/typography.css?m=1277278793 HTTP/1.1" 200 5090 "http://www.awo-kv-bernau.de/content/aktuelles/" "Mozilla/4.0 (compatible; MSIE 8.0; Windows NT 5.1; Trident/4.0; .NET CLR 2.0.50727; .NET CLR 3.0.4506.2152; .NET CLR 3.5.30729; InfoPath.2)"
87.187.157.156 - - [02/Aug/2010:15:24:49 +0200] "GET /content/assets/Aktuelles/aktuelles280710.jpg HTTP/1.1" 200 15702 "http://www.awo-kv-bernau.de/content/aktuelles/" "Mozilla/4.0 (compatible; MSIE 8.0; Windows NT 5.1; Trident/4.0; .NET CLR 2.0.50727; .NET CLR 3.0.4506.2152; .NET CLR 3.5.30729; InfoPath.2)"
87.187.157.156 - - [02/Aug/2010:15:24:49 +0200] "GET /content/assets/Aktuelles/aktuelles160710.jpg HTTP/1.1" 200 17303 "http://www.awo-kv-bernau.de/content/aktuelles/" "Mozilla/4.0 (compatible; MSIE 8.0; Windows NT 5.1; Trident/4.0; .NET CLR 2.0.50727; .NET CLR 3.0.4506.2152; .NET CLR 3.5.30729; InfoPath.2)"
87.187.157.156 - - [02/Aug/2010:15:24:49 +0200] "GET /content/assets/Aktuelles/aktuelles200710.jpg HTTP/1.1" 200 27142 "http://www.awo-kv-bernau.de/content/aktuelles/" "Mozilla/4.0 (compatible; MSIE 8.0; Windows NT 5.1; Trident/4.0; .NET CLR 2.0.50727; .NET CLR 3.0.4506.2152; .NET CLR 3.5.30729; InfoPath.2)"
87.187.157.156 - - [02/Aug/2010:15:24:49 +0200] "GET /content/themes/blackcandy/css/form.css?m=1277278133 HTTP/1.1" 200 1856 "http://www.awo-kv-bernau.de/content/aktuelles/" "Mozilla/4.0 (compatible; MSIE 8.0; Windows NT 5.1; Trident/4.0; .NET CLR 2.0.50727; .NET CLR 3.0.4506.2152; .NET CLR 3.5.30729; InfoPath.2)"
87.187.157.156 - - [02/Aug/2010:15:24:49 +0200] "GET /content/themes/blackcandy/images/headerRounded.png HTTP/1.1" 200 763 "http://www.awo-kv-bernau.de/content/aktuelles/" "Mozilla/4.0 (compatible; MSIE 8.0; Windows NT 5.1; Trident/4.0; .NET CLR 2.0.50727; .NET CLR 3.0.4506.2152; .NET CLR 3.5.30729; InfoPath.2)"
87.187.157.156 - - [02/Aug/2010:15:24:49 +0200] "GET /content/themes/blackcandy/images/activeTabLeft.png HTTP/1.1" 200 433 "http://www.awo-kv-bernau.de/content/aktuelles/" "Mozilla/4.0 (compatible; MSIE 8.0; Windows NT 5.1; Trident/4.0; .NET CLR 2.0.50727; .NET CLR 3.0.4506.2152; .NET CLR 3.5.30729; InfoPath.2)"
87.187.157.156 - - [02/Aug/2010:15:24:49 +0200] "GET /content/themes/blackcandy/images/activeTabRight.png HTTP/1.1" 200 433 "http://www.awo-kv-bernau.de/content/aktuelles/" "Mozilla/4.0 (compatible; MSIE 8.0; Windows NT 5.1; Trident/4.0; .NET CLR 2.0.50727; .NET CLR 3.0.4506.2152; .NET CLR 3.5.30729; InfoPath.2)"
87.187.157.156 - - [02/Aug/2010:15:24:49 +0200] "GET /content/assets/Aktuelles/aktuelles110610.jpg HTTP/1.1" 200 61872 "http://www.awo-kv-bernau.de/content/aktuelles/" "Mozilla/4.0 (compatible; MSIE 8.0; Windows NT 5.1; Trident/4.0; .NET CLR 2.0.50727; .NET CLR 3.0.4506.2152; .NET CLR 3.5.30729; InfoPath.2)"
87.187.157.156 - - [02/Aug/2010:15:24:49 +0200] "GET /content/themes/blackcandy/images/herz.png HTTP/1.1" 200 344 "http://www.awo-kv-bernau.de/content/aktuelles/" "Mozilla/4.0 (compatible; MSIE 8.0; Windows NT 5.1; Trident/4.0; .NET CLR 2.0.50727; .NET CLR 3.0.4506.2152; .NET CLR 3.5.30729; InfoPath.2)"
87.187.157.156 - - [02/Aug/2010:15:24:49 +0200] "GET /content/themes/blackcandy/images/footer.png HTTP/1.1" 200 884 "http://www.awo-kv-bernau.de/content/aktuelles/" "Mozilla/4.0 (compatible; MSIE 8.0; Windows NT 5.1; Trident/4.0; .NET CLR 2.0.50727; .NET CLR 3.0.4506.2152; .NET CLR 3.5.30729; InfoPath.2)"
87.187.157.156 - - [02/Aug/2010:15:24:49 +0200] "GET /content/themes/blackcandy/images/subheader.jpg HTTP/1.1" 200 52576 "http://www.awo-kv-bernau.de/content/aktuelles/" "Mozilla/4.0 (compatible; MSIE 8.0; Windows NT 5.1; Trident/4.0; .NET CLR 2.0.50727; .NET CLR 3.0.4506.2152; .NET CLR 3.5.30729; InfoPath.2)"
87.187.157.156 - - [02/Aug/2010:15:24:49 +0200] "GET /content/themes/blackcandy/images/header.jpg HTTP/1.1" 200 45038 "http://www.awo-kv-bernau.de/content/aktuelles/" "Mozilla/4.0 (compatible; MSIE 8.0; Windows NT 5.1; Trident/4.0; .NET CLR 2.0.50727; .NET CLR 3.0.4506.2152; .NET CLR 3.5.30729; InfoPath.2)"
87.187.157.156 - - [02/Aug/2010:15:24:50 +0200] "GET /favicon.ico HTTP/1.1" 404 1256 "-" "Mozilla/4.0 (compatible; MSIE 8.0; Windows NT 5.1; Trident/4.0; .NET CLR 2.0.50727; .NET CLR 3.0.4506.2152; .NET CLR 3.5.30729; InfoPath.2)"
81.17.208.4 - - [02/Aug/2010:15:28:49 +0200] "GET /content/awo-ortsverein-bernau/ HTTP/1.0" 200 18175 "http://www.awo-kv-bernau.de/content/ortsvereine/" "Mozilla/5.0 (compatible; jobs.de-Robot +http://www.jobs.de)"
87.187.157.156 - - [02/Aug/2010:15:32:20 +0200] "GET /content/aktuelles/ HTTP/1.1" 200 10372 "-" "Mozilla/4.0 (compatible; MSIE 8.0; Windows NT 5.1; Trident/4.0; .NET CLR 2.0.50727; .NET CLR 3.0.4506.2152; .NET CLR 3.5.30729; InfoPath.2)"
87.187.157.156 - - [02/Aug/2010:15:32:21 +0200] "GET /content/themes/blackcandy/css/typography.css?m=1277278793 HTTP/1.1" 304 - "http://www.awo-kv-bernau.de/content/aktuelles/" "Mozilla/4.0 (compatible; MSIE 8.0; Windows NT 5.1; Trident/4.0; .NET CLR 2.0.50727; .NET CLR 3.0.4506.2152; .NET CLR 3.5.30729; InfoPath.2)"
87.187.157.156 - - [02/Aug/2010:15:32:21 +0200] "GET /content/themes/blackcandy/css/layout.css?m=1277372568 HTTP/1.1" 304 - "http://www.awo-kv-bernau.de/content/aktuelles/" "Mozilla/4.0 (compatible; MSIE 8.0; Windows NT 5.1; Trident/4.0; .NET CLR 2.0.50727; .NET CLR 3.0.4506.2152; .NET CLR 3.5.30729; InfoPath.2)"
87.187.157.156 - - [02/Aug/2010:15:32:21 +0200] "GET /content/themes/blackcandy/css/form.css?m=1277278133 HTTP/1.1" 304 - "http://www.awo-kv-bernau.de/content/aktuelles/" "Mozilla/4.0 (compatible; MSIE 8.0; Windows NT 5.1; Trident/4.0; .NET CLR 2.0.50727; .NET CLR 3.0.4506.2152; .NET CLR 3.5.30729; InfoPath.2)"
87.187.157.156 - - [02/Aug/2010:15:32:21 +0200] "GET /content/assets/Aktuelles/aktuelles280710.jpg HTTP/1.1" 304 - "http://www.awo-kv-bernau.de/content/aktuelles/" "Mozilla/4.0 (compatible; MSIE 8.0; Windows NT 5.1; Trident/4.0; .NET CLR 2.0.50727; .NET CLR 3.0.4506.2152; .NET CLR 3.5.30729; InfoPath.2)"
87.187.157.156 - - [02/Aug/2010:15:32:21 +0200] "GET /content/themes/blackcandy/images/header.jpg HTTP/1.1" 304 - "http://www.awo-kv-bernau.de/content/aktuelles/" "Mozilla/4.0 (compatible; MSIE 8.0; Windows NT 5.1; Trident/4.0; .NET CLR 2.0.50727; .NET CLR 3.0.4506.2152; .NET CLR 3.5.30729; InfoPath.2)"
87.187.157.156 - - [02/Aug/2010:15:32:21 +0200] "GET /content/themes/blackcandy/images/activeTabLeft.png HTTP/1.1" 304 - "http://www.awo-kv-bernau.de/content/aktuelles/" "Mozilla/4.0 (compatible; MSIE 8.0; Windows NT 5.1; Trident/4.0; .NET CLR 2.0.50727; .NET CLR 3.0.4506.2152; .NET CLR 3.5.30729; InfoPath.2)"
87.187.157.156 - - [02/Aug/2010:15:32:21 +0200] "GET /content/themes/blackcandy/images/activeTabRight.png HTTP/1.1" 304 - "http://www.awo-kv-bernau.de/content/aktuelles/" "Mozilla/4.0 (compatible; MSIE 8.0; Windows NT 5.1; Trident/4.0; .NET CLR 2.0.50727; .NET CLR 3.0.4506.2152; .NET CLR 3.5.30729; InfoPath.2)"
87.187.157.156 - - [02/Aug/2010:15:33:13 +0200] "GET /content/aktuelles/ HTTP/1.1" 200 10372 "-" "Mozilla/4.0 (compatible; MSIE 8.0; Windows NT 5.1; Trident/4.0; .NET CLR 2.0.50727; .NET CLR 3.0.4506.2152; .NET CLR 3.5.30729; InfoPath.2)"
87.187.157.156 - - [02/Aug/2010:15:33:13 +0200] "GET /content/themes/blackcandy/css/layout.css?m=1277372568 HTTP/1.1" 304 - "http://www.awo-kv-bernau.de/content/aktuelles/" "Mozilla/4.0 (compatible; MSIE 8.0; Windows NT 5.1; Trident/4.0; .NET CLR 2.0.50727; .NET CLR 3.0.4506.2152; .NET CLR 3.5.30729; InfoPath.2)"
87.187.157.156 - - [02/Aug/2010:15:33:13 +0200] "GET /content/themes/blackcandy/css/form.css?m=1277278133 HTTP/1.1" 304 - "http://www.awo-kv-bernau.de/content/aktuelles/" "Mozilla/4.0 (compatible; MSIE 8.0; Windows NT 5.1; Trident/4.0; .NET CLR 2.0.50727; .NET CLR 3.0.4506.2152; .NET CLR 3.5.30729; InfoPath.2)"
87.187.157.156 - - [02/Aug/2010:15:33:13 +0200] "GET /content/themes/blackcandy/css/typography.css?m=1277278793 HTTP/1.1" 304 - "http://www.awo-kv-bernau.de/content/aktuelles/" "Mozilla/4.0 (compatible; MSIE 8.0; Windows NT 5.1; Trident/4.0; .NET CLR 2.0.50727; .NET CLR 3.0.4506.2152; .NET CLR 3.5.30729; InfoPath.2)"
87.187.157.156 - - [02/Aug/2010:15:33:13 +0200] "GET /content/assets/Aktuelles/aktuelles280710.jpg HTTP/1.1" 304 - "http://www.awo-kv-bernau.de/content/aktuelles/" "Mozilla/4.0 (compatible; MSIE 8.0; Windows NT 5.1; Trident/4.0; .NET CLR 2.0.50727; .NET CLR 3.0.4506.2152; .NET CLR 3.5.30729; InfoPath.2)"
87.187.157.156 - - [02/Aug/2010:15:33:13 +0200] "GET /content/themes/blackcandy/images/header.jpg HTTP/1.1" 304 - "http://www.awo-kv-bernau.de/content/aktuelles/" "Mozilla/4.0 (compatible; MSIE 8.0; Windows NT 5.1; Trident/4.0; .NET CLR 2.0.50727; .NET CLR 3.0.4506.2152; .NET CLR 3.5.30729; InfoPath.2)"
87.187.157.156 - - [02/Aug/2010:15:33:13 +0200] "GET /content/themes/blackcandy/images/activeTabLeft.png HTTP/1.1" 304 - "http://www.awo-kv-bernau.de/content/aktuelles/" "Mozilla/4.0 (compatible; MSIE 8.0; Windows NT 5.1; Trident/4.0; .NET CLR 2.0.50727; .NET CLR 3.0.4506.2152; .NET CLR 3.5.30729; InfoPath.2)"
87.187.157.156 - - [02/Aug/2010:15:33:13 +0200] "GET /content/themes/blackcandy/images/activeTabRight.png HTTP/1.1" 304 - "http://www.awo-kv-bernau.de/content/aktuelles/" "Mozilla/4.0 (compatible; MSIE 8.0; Windows NT 5.1; Trident/4.0; .NET CLR 2.0.50727; .NET CLR 3.0.4506.2152; .NET CLR 3.5.30729; InfoPath.2)"
87.187.157.156 - - [02/Aug/2010:15:33:18 +0200] "GET /content/kindertagesstaetten/ HTTP/1.1" 200 8007 "http://www.awo-kv-bernau.de/content/aktuelles/" "Mozilla/4.0 (compatible; MSIE 8.0; Windows NT 5.1; Trident/4.0; .NET CLR 2.0.50727; .NET CLR 3.0.4506.2152; .NET CLR 3.5.30729; InfoPath.2)"
87.187.157.156 - - [02/Aug/2010:15:33:19 +0200] "GET /content/themes/blackcandy/images/icons/page_white_acrobat.png HTTP/1.1" 200 591 "http://www.awo-kv-bernau.de/content/kindertagesstaetten/" "Mozilla/4.0 (compatible; MSIE 8.0; Windows NT 5.1; Trident/4.0; .NET CLR 2.0.50727; .NET CLR 3.0.4506.2152; .NET CLR 3.5.30729; InfoPath.2)"
87.187.157.156 - - [02/Aug/2010:15:34:32 +0200] "GET /content/traumland/ HTTP/1.1" 200 16635 "http://www.awo-kv-bernau.de/content/kindertagesstaetten/" "Mozilla/4.0 (compatible; MSIE 8.0; Windows NT 5.1; Trident/4.0; .NET CLR 2.0.50727; .NET CLR 3.0.4506.2152; .NET CLR 3.5.30729; InfoPath.2)"
87.187.157.156 - - [02/Aug/2010:15:34:33 +0200] "GET /content/assets/Kitas/Traumland/logo.jpg HTTP/1.1" 200 65028 "http://www.awo-kv-bernau.de/content/traumland/" "Mozilla/4.0 (compatible; MSIE 8.0; Windows NT 5.1; Trident/4.0; .NET CLR 2.0.50727; .NET CLR 3.0.4506.2152; .NET CLR 3.5.30729; InfoPath.2)"
87.187.157.156 - - [02/Aug/2010:15:34:33 +0200] "GET /content/assets/Kitas/Traumland/traumlandleiter.jpg HTTP/1.1" 200 15600 "http://www.awo-kv-bernau.de/content/traumland/" "Mozilla/4.0 (compatible; MSIE 8.0; Windows NT 5.1; Trident/4.0; .NET CLR 2.0.50727; .NET CLR 3.0.4506.2152; .NET CLR 3.5.30729; InfoPath.2)"
87.187.157.156 - - [02/Aug/2010:15:34:34 +0200] "GET /content/assets/Kitas/Traumland/traumland1.jpg HTTP/1.1" 200 51722 "http://www.awo-kv-bernau.de/content/traumland/" "Mozilla/4.0 (compatible; MSIE 8.0; Windows NT 5.1; Trident/4.0; .NET CLR 2.0.50727; .NET CLR 3.0.4506.2152; .NET CLR 3.5.30729; InfoPath.2)"
87.187.157.156 - - [02/Aug/2010:15:34:33 +0200] "GET /content/assets/Kitas/Traumland/traumland2.jpg HTTP/1.1" 200 60792 "http://www.awo-kv-bernau.de/content/traumland/" "Mozilla/4.0 (compatible; MSIE 8.0; Windows NT 5.1; Trident/4.0; .NET CLR 2.0.50727; .NET CLR 3.0.4506.2152; .NET CLR 3.5.30729; InfoPath.2)"
87.187.157.156 - - [02/Aug/2010:15:34:33 +0200] "GET /content/assets/Kitas/Traumland/traumland110610.jpg HTTP/1.1" 200 39220 "http://www.awo-kv-bernau.de/content/traumland/" "Mozilla/4.0 (compatible; MSIE 8.0; Windows NT 5.1; Trident/4.0; .NET CLR 2.0.50727; .NET CLR 3.0.4506.2152; .NET CLR 3.5.30729; InfoPath.2)"
87.187.157.156 - - [02/Aug/2010:15:34:33 +0200] "GET /content/assets/Kitas/Traumland/traumland01.jpg HTTP/1.1" 200 67469 "http://www.awo-kv-bernau.de/content/traumland/" "Mozilla/4.0 (compatible; MSIE 8.0; Windows NT 5.1; Trident/4.0; .NET CLR 2.0.50727; .NET CLR 3.0.4506.2152; .NET CLR 3.5.30729; InfoPath.2)"
87.187.157.156 - - [02/Aug/2010:15:34:34 +0200] "GET /content/assets/Kitas/Traumland/traumland5.jpg HTTP/1.1" 200 53971 "http://www.awo-kv-bernau.de/content/traumland/" "Mozilla/4.0 (compatible; MSIE 8.0; Windows NT 5.1; Trident/4.0; .NET CLR 2.0.50727; .NET CLR 3.0.4506.2152; .NET CLR 3.5.30729; InfoPath.2)"
87.187.157.156 - - [02/Aug/2010:15:34:34 +0200] "GET /content/assets/Kitas/Traumland/traumland4.jpg HTTP/1.1" 200 49487 "http://www.awo-kv-bernau.de/content/traumland/" "Mozilla/4.0 (compatible; MSIE 8.0; Windows NT 5.1; Trident/4.0; .NET CLR 2.0.50727; .NET CLR 3.0.4506.2152; .NET CLR 3.5.30729; InfoPath.2)"
87.187.157.156 - - [02/Aug/2010:15:34:33 +0200] "GET /content/assets/Kitas/Traumland/traumland0.jpg HTTP/1.1" 200 96611 "http://www.awo-kv-bernau.de/content/traumland/" "Mozilla/4.0 (compatible; MSIE 8.0; Windows NT 5.1; Trident/4.0; .NET CLR 2.0.50727; .NET CLR 3.0.4506.2152; .NET CLR 3.5.30729; InfoPath.2)"
87.187.157.156 - - [02/Aug/2010:15:34:35 +0200] "GET /content/assets/Kitas/Traumland/traumland7.jpg HTTP/1.1" 200 84584 "http://www.awo-kv-bernau.de/content/traumland/" "Mozilla/4.0 (compatible; MSIE 8.0; Windows NT 5.1; Trident/4.0; .NET CLR 2.0.50727; .NET CLR 3.0.4506.2152; .NET CLR 3.5.30729; InfoPath.2)"
87.187.157.156 - - [02/Aug/2010:15:34:34 +0200] "GET /content/assets/Kitas/Traumland/traumland6.jpg HTTP/1.1" 200 67715 "http://www.awo-kv-bernau.de/content/traumland/" "Mozilla/4.0 (compatible; MSIE 8.0; Windows NT 5.1; Trident/4.0; .NET CLR 2.0.50727; .NET CLR 3.0.4506.2152; .NET CLR 3.5.30729; InfoPath.2)"
81.17.208.4 - - [02/Aug/2010:15:39:01 +0200] "GET /content/awo-ortsverein-wandlitz/ HTTP/1.0" 200 16336 "http://www.awo-kv-bernau.de/content/ortsvereine/" "Mozilla/5.0 (compatible; jobs.de-Robot +http://www.jobs.de)"
207.46.195.223 - - [02/Aug/2010:15:40:52 +0200] "GET /content/spenden/ HTTP/1.1" 200 9094 "-" "msnbot/2.0b (+http://search.msn.com/msnbot.htm)"
188.103.113.96 - - [02/Aug/2010:15:43:28 +0200] "GET /content/kinderland/ HTTP/1.1" 200 19892 "http://www.google.de/url?sa=t&source=web&cd=2&ved=0CBsQFjAB&url=http%3A%2F%2Fwww.awo-kv-bernau.de%2Fcontent%2Fkinderland%2F&rct=j&q=kita%20kinderland%20awo%20bernau%20&ei=fstWTO6-AeGkOPignJ8O&usg=AFQjCNGtBxxHLPu1DH_6N8bkGWnCz4AGAg" "Mozilla/5.0 (Windows; U; Windows NT 6.1; de; rv:1.9.2.3) Gecko/20100401 Firefox/3.6.3"
188.103.113.96 - - [02/Aug/2010:15:43:28 +0200] "GET /content/themes/blackcandy/css/typography.css?m=1277278793 HTTP/1.1" 200 5090 "http://www.awo-kv-bernau.de/content/kinderland/" "Mozilla/5.0 (Windows; U; Windows NT 6.1; de; rv:1.9.2.3) Gecko/20100401 Firefox/3.6.3"
188.103.113.96 - - [02/Aug/2010:15:43:28 +0200] "GET /content/themes/blackcandy/css/form.css?m=1277278133 HTTP/1.1" 200 1856 "http://www.awo-kv-bernau.de/content/kinderland/" "Mozilla/5.0 (Windows; U; Windows NT 6.1; de; rv:1.9.2.3) Gecko/20100401 Firefox/3.6.3"
188.103.113.96 - - [02/Aug/2010:15:43:28 +0200] "GET /content/themes/blackcandy/css/layout.css?m=1277372568 HTTP/1.1" 200 9865 "http://www.awo-kv-bernau.de/content/kinderland/" "Mozilla/5.0 (Windows; U; Windows NT 6.1; de; rv:1.9.2.3) Gecko/20100401 Firefox/3.6.3"
188.103.113.96 - - [02/Aug/2010:15:43:29 +0200] "GET /favicon.ico HTTP/1.1" 404 1256 "-" "Mozilla/5.0 (Windows; U; Windows NT 6.1; de; rv:1.9.2.3) Gecko/20100401 Firefox/3.6.3"
188.103.113.96 - - [02/Aug/2010:15:43:29 +0200] "GET /favicon.ico HTTP/1.1" 404 1256 "-" "Mozilla/5.0 (Windows; U; Windows NT 6.1; de; rv:1.9.2.3) Gecko/20100401 Firefox/3.6.3"
188.103.113.96 - - [02/Aug/2010:15:43:29 +0200] "GET /content/assets/Kitas/KitaKinderland/kinderland240710.jpg HTTP/1.1" 200 19264 "http://www.awo-kv-bernau.de/content/kinderland/" "Mozilla/5.0 (Windows; U; Windows NT 6.1; de; rv:1.9.2.3) Gecko/20100401 Firefox/3.6.3"
188.103.113.96 - - [02/Aug/2010:15:43:29 +0200] "GET /content/assets/Kitas/KitaKinderland/foerderung.jpg HTTP/1.1" 200 32495 "http://www.awo-kv-bernau.de/content/kinderland/" "Mozilla/5.0 (Windows; U; Windows NT 6.1; de; rv:1.9.2.3) Gecko/20100401 Firefox/3.6.3"
188.103.113.96 - - [02/Aug/2010:15:43:29 +0200] "GET /content/assets/Kitas/KitaKinderland/english.jpg HTTP/1.1" 200 30588 "http://www.awo-kv-bernau.de/content/kinderland/" "Mozilla/5.0 (Windows; U; Windows NT 6.1; de; rv:1.9.2.3) Gecko/20100401 Firefox/3.6.3"
