66.249.65.246 - - [02/Aug/2010:16:50:57 +0200] "GET /content/kalender/jax_calendar.php?Y=2010&m=8&d=2&do=show_event&key=275240c392ad9aff20a431d69b1eac5a&cal_id=0&language=english&gmt_ofs=0&view=d1&evt_date=%3Cb%3E09.10.2010%3C%2Fb%3E+10%3A00+-+18%3A00&evt_title=Tischkickertournier HTTP/1.1" 200 12197 "-" "Mozilla/5.0 (compatible; Googlebot/2.1; +http://www.google.com/bot.html)"
81.17.208.4 - - [02/Aug/2010:16:51:18 +0200] "GET /content/ueberregionale-fruehfoerder-und-beratungsstelle-hoeren/ HTTP/1.0" 200 11990 "http://www.awo-kv-bernau.de/content/beratungsstellen/" "Mozilla/5.0 (compatible; jobs.de-Robot +http://www.jobs.de)"
66.249.65.246 - - [02/Aug/2010:16:54:11 +0200] "GET /content/kalender/jax_calendar.php?Y=2010&m=8&d=2&do=show_event&key=4e841d4cf30e9bdc900ffeb34bba65f4&cal_id=0&language=english&gmt_ofs=0&view=d1&evt_date=%3Cb%3E30.08.2010%3C%2Fb%3E+17%3A30&evt_title=Probe+des+AWO+Chors HTTP/1.1" 200 12326 "-" "Mozilla/5.0 (compatible; Googlebot/2.1; +http://www.google.com/bot.html)"
87.187.157.156 - - [02/Aug/2010:16:55:24 +0200] "GET /content/vorstand/ HTTP/1.1" 200 9356 "http://www.awo-kv-bernau.de/content/veranstaltungskalender/" "Mozilla/4.0 (compatible; MSIE 8.0; Windows NT 5.1; Trident/4.0; .NET CLR 2.0.50727; .NET CLR 3.0.4506.2152; .NET CLR 3.5.30729; InfoPath.2)"
87.187.157.156 - - [02/Aug/2010:16:55:24 +0200] "GET /content/assets/Vorstand/vorstand0710.jpg HTTP/1.1" 200 35471 "http://www.awo-kv-bernau.de/content/vorstand/" "Mozilla/4.0 (compatible; MSIE 8.0; Windows NT 5.1; Trident/4.0; .NET CLR 2.0.50727; .NET CLR 3.0.4506.2152; .NET CLR 3.5.30729; InfoPath.2)"
87.187.157.156 - - [02/Aug/2010:16:55:24 +0200] "GET /content/assets/Vorstand/frankpeters1.jpg HTTP/1.1" 200 11748 "http://www.awo-kv-bernau.de/content/vorstand/" "Mozilla/4.0 (compatible; MSIE 8.0; Windows NT 5.1; Trident/4.0; .NET CLR 2.0.50727; .NET CLR 3.0.4506.2152; .NET CLR 3.5.30729; InfoPath.2)"
87.187.157.156 - - [02/Aug/2010:16:55:47 +0200] "GET /content/satzung/ HTTP/1.1" 200 27422 "http://www.awo-kv-bernau.de/content/vorstand/" "Mozilla/4.0 (compatible; MSIE 8.0; Windows NT 5.1; Trident/4.0; .NET CLR 2.0.50727; .NET CLR 3.0.4506.2152; .NET CLR 3.5.30729; InfoPath.2)"
66.249.65.246 - - [02/Aug/2010:16:55:50 +0200] "GET /content/kalender/jax_calendar.php?Y=2010&m=8&d=2&do=show_event&key=c8c6dc18a5ad69308d0c2504f741016b&cal_id=0&language=english&gmt_ofs=0&view=d1&evt_date=%3Cb%3E19.08.2010%3C%2Fb%3E+18%3A00&evt_title=Sanfte+Gymnastik HTTP/1.1" 200 12148 "-" "Mozilla/5.0 (compatible; Googlebot/2.1; +http://www.google.com/bot.html)"
87.187.157.156 - - [02/Aug/2010:16:55:51 +0200] "GET /content/spenden/ HTTP/1.1" 200 9094 "http://www.awo-kv-bernau.de/content/satzung/" "Mozilla/4.0 (compatible; MSIE 8.0; Windows NT 5.1; Trident/4.0; .NET CLR 2.0.50727; .NET CLR 3.0.4506.2152; .NET CLR 3.5.30729; InfoPath.2)"
87.187.157.156 - - [02/Aug/2010:16:55:51 +0200] "GET /content/assets/Spenden/spendekochbus.jpg HTTP/1.1" 200 30952 "http://www.awo-kv-bernau.de/content/spenden/" "Mozilla/4.0 (compatible; MSIE 8.0; Windows NT 5.1; Trident/4.0; .NET CLR 2.0.50727; .NET CLR 3.0.4506.2152; .NET CLR 3.5.30729; InfoPath.2)"
87.187.157.156 - - [02/Aug/2010:16:55:55 +0200] "GET /content/mitglied-werden/ HTTP/1.1" 200 8785 "http://www.awo-kv-bernau.de/content/spenden/" "Mozilla/4.0 (compatible; MSIE 8.0; Windows NT 5.1; Trident/4.0; .NET CLR 2.0.50727; .NET CLR 3.0.4506.2152; .NET CLR 3.5.30729; InfoPath.2)"
87.187.157.156 - - [02/Aug/2010:16:55:55 +0200] "GET /content/themes/blackcandy/images/icons/page_white_acrobat.png HTTP/1.1" 304 - "http://www.awo-kv-bernau.de/content/mitglied-werden/" "Mozilla/4.0 (compatible; MSIE 8.0; Windows NT 5.1; Trident/4.0; .NET CLR 2.0.50727; .NET CLR 3.0.4506.2152; .NET CLR 3.5.30729; InfoPath.2)"
87.187.157.156 - - [02/Aug/2010:16:55:58 +0200] "GET /content/stellenangebote/ HTTP/1.1" 200 8205 "http://www.awo-kv-bernau.de/content/mitglied-werden/" "Mozilla/4.0 (compatible; MSIE 8.0; Windows NT 5.1; Trident/4.0; .NET CLR 2.0.50727; .NET CLR 3.0.4506.2152; .NET CLR 3.5.30729; InfoPath.2)"
87.187.157.156 - - [02/Aug/2010:16:56:06 +0200] "GET /content/kooperationspartner/ HTTP/1.1" 200 7538 "http://www.awo-kv-bernau.de/content/stellenangebote/" "Mozilla/4.0 (compatible; MSIE 8.0; Windows NT 5.1; Trident/4.0; .NET CLR 2.0.50727; .NET CLR 3.0.4506.2152; .NET CLR 3.5.30729; InfoPath.2)"
87.187.157.156 - - [02/Aug/2010:16:56:06 +0200] "GET /content/assets/Kooperationspartner/koopkneipp.jpg HTTP/1.1" 200 17649 "http://www.awo-kv-bernau.de/content/kooperationspartner/" "Mozilla/4.0 (compatible; MSIE 8.0; Windows NT 5.1; Trident/4.0; .NET CLR 2.0.50727; .NET CLR 3.0.4506.2152; .NET CLR 3.5.30729; InfoPath.2)"
87.187.157.156 - - [02/Aug/2010:16:56:07 +0200] "GET /content/themes/blackcandy/images/hoverTabLeft.png HTTP/1.1" 304 - "http://www.awo-kv-bernau.de/content/kooperationspartner/" "Mozilla/4.0 (compatible; MSIE 8.0; Windows NT 5.1; Trident/4.0; .NET CLR 2.0.50727; .NET CLR 3.0.4506.2152; .NET CLR 3.5.30729; InfoPath.2)"
87.187.157.156 - - [02/Aug/2010:16:56:07 +0200] "GET /content/themes/blackcandy/images/hoverTabRight.png HTTP/1.1" 304 - "http://www.awo-kv-bernau.de/content/kooperationspartner/" "Mozilla/4.0 (compatible; MSIE 8.0; Windows NT 5.1; Trident/4.0; .NET CLR 2.0.50727; .NET CLR 3.0.4506.2152; .NET CLR 3.5.30729; InfoPath.2)"
66.249.65.246 - - [02/Aug/2010:16:57:22 +0200] "GET /content/kalender/jax_calendar.php?Y=-10010&m=12&d=1&view=d1&language=english HTTP/1.1" 200 11861 "-" "Mozilla/5.0 (compatible; Googlebot/2.1; +http://www.google.com/bot.html)"
87.187.157.156 - - [02/Aug/2010:16:57:42 +0200] "GET /content/ortsvereine/ HTTP/1.1" 200 7881 "http://www.sozialedienste-awo.de/content/ambulanter-pflegedienst/" "Mozilla/4.0 (compatible; MSIE 8.0; Windows NT 5.1; Trident/4.0; .NET CLR 2.0.50727; .NET CLR 3.0.4506.2152; .NET CLR 3.5.30729; InfoPath.2)"
87.187.157.156 - - [02/Aug/2010:16:57:43 +0200] "GET /content/themes/blackcandy/css/layout.css?m=1277372568 HTTP/1.1" 304 - "http://www.awo-kv-bernau.de/content/ortsvereine/" "Mozilla/4.0 (compatible; MSIE 8.0; Windows NT 5.1; Trident/4.0; .NET CLR 2.0.50727; .NET CLR 3.0.4506.2152; .NET CLR 3.5.30729; InfoPath.2)"
87.187.157.156 - - [02/Aug/2010:16:57:43 +0200] "GET /content/themes/blackcandy/css/form.css?m=1277278133 HTTP/1.1" 304 - "http://www.awo-kv-bernau.de/content/ortsvereine/" "Mozilla/4.0 (compatible; MSIE 8.0; Windows NT 5.1; Trident/4.0; .NET CLR 2.0.50727; .NET CLR 3.0.4506.2152; .NET CLR 3.5.30729; InfoPath.2)"
87.187.157.156 - - [02/Aug/2010:16:57:43 +0200] "GET /content/themes/blackcandy/css/typography.css?m=1277278793 HTTP/1.1" 304 - "http://www.awo-kv-bernau.de/content/ortsvereine/" "Mozilla/4.0 (compatible; MSIE 8.0; Windows NT 5.1; Trident/4.0; .NET CLR 2.0.50727; .NET CLR 3.0.4506.2152; .NET CLR 3.5.30729; InfoPath.2)"
87.187.157.156 - - [02/Aug/2010:16:57:43 +0200] "GET /content/themes/blackcandy/images/header.jpg HTTP/1.1" 304 - "http://www.awo-kv-bernau.de/content/ortsvereine/" "Mozilla/4.0 (compatible; MSIE 8.0; Windows NT 5.1; Trident/4.0; .NET CLR 2.0.50727; .NET CLR 3.0.4506.2152; .NET CLR 3.5.30729; InfoPath.2)"
87.187.157.156 - - [02/Aug/2010:16:57:43 +0200] "GET /content/themes/blackcandy/images/activeTabLeft.png HTTP/1.1" 304 - "http://www.awo-kv-bernau.de/content/ortsvereine/" "Mozilla/4.0 (compatible; MSIE 8.0; Windows NT 5.1; Trident/4.0; .NET CLR 2.0.50727; .NET CLR 3.0.4506.2152; .NET CLR 3.5.30729; InfoPath.2)"
87.187.157.156 - - [02/Aug/2010:16:57:43 +0200] "GET /content/themes/blackcandy/images/activeTabRight.png HTTP/1.1" 304 - "http://www.awo-kv-bernau.de/content/ortsvereine/" "Mozilla/4.0 (compatible; MSIE 8.0; Windows NT 5.1; Trident/4.0; .NET CLR 2.0.50727; .NET CLR 3.0.4506.2152; .NET CLR 3.5.30729; InfoPath.2)"
87.187.157.156 - - [02/Aug/2010:16:57:47 +0200] "GET /content/awo-treff/ HTTP/1.1" 200 8216 "http://www.sozialedienste-awo.de/content/ambulanter-pflegedienst/" "Mozilla/4.0 (compatible; MSIE 8.0; Windows NT 5.1; Trident/4.0; .NET CLR 2.0.50727; .NET CLR 3.0.4506.2152; .NET CLR 3.5.30729; InfoPath.2)"
87.187.157.156 - - [02/Aug/2010:16:57:47 +0200] "GET /content/themes/blackcandy/css/layout.css?m=1277372568 HTTP/1.1" 304 - "http://www.awo-kv-bernau.de/content/awo-treff/" "Mozilla/4.0 (compatible; MSIE 8.0; Windows NT 5.1; Trident/4.0; .NET CLR 2.0.50727; .NET CLR 3.0.4506.2152; .NET CLR 3.5.30729; InfoPath.2)"
87.187.157.156 - - [02/Aug/2010:16:57:47 +0200] "GET /content/themes/blackcandy/css/typography.css?m=1277278793 HTTP/1.1" 304 - "http://www.awo-kv-bernau.de/content/awo-treff/" "Mozilla/4.0 (compatible; MSIE 8.0; Windows NT 5.1; Trident/4.0; .NET CLR 2.0.50727; .NET CLR 3.0.4506.2152; .NET CLR 3.5.30729; InfoPath.2)"
87.187.157.156 - - [02/Aug/2010:16:57:47 +0200] "GET /content/themes/blackcandy/css/form.css?m=1277278133 HTTP/1.1" 304 - "http://www.awo-kv-bernau.de/content/awo-treff/" "Mozilla/4.0 (compatible; MSIE 8.0; Windows NT 5.1; Trident/4.0; .NET CLR 2.0.50727; .NET CLR 3.0.4506.2152; .NET CLR 3.5.30729; InfoPath.2)"
87.187.157.156 - - [02/Aug/2010:16:57:47 +0200] "GET /content/themes/blackcandy/images/header.jpg HTTP/1.1" 304 - "http://www.awo-kv-bernau.de/content/awo-treff/" "Mozilla/4.0 (compatible; MSIE 8.0; Windows NT 5.1; Trident/4.0; .NET CLR 2.0.50727; .NET CLR 3.0.4506.2152; .NET CLR 3.5.30729; InfoPath.2)"
87.187.157.156 - - [02/Aug/2010:16:57:47 +0200] "GET /content/assets/Awo-Treff/_resampled/ResizedImage300225-start.jpg HTTP/1.1" 200 13680 "http://www.awo-kv-bernau.de/content/awo-treff/" "Mozilla/4.0 (compatible; MSIE 8.0; Windows NT 5.1; Trident/4.0; .NET CLR 2.0.50727; .NET CLR 3.0.4506.2152; .NET CLR 3.5.30729; InfoPath.2)"
87.187.157.156 - - [02/Aug/2010:16:57:47 +0200] "GET /content/themes/blackcandy/images/activeTabLeft.png HTTP/1.1" 304 - "http://www.awo-kv-bernau.de/content/awo-treff/" "Mozilla/4.0 (compatible; MSIE 8.0; Windows NT 5.1; Trident/4.0; .NET CLR 2.0.50727; .NET CLR 3.0.4506.2152; .NET CLR 3.5.30729; InfoPath.2)"
87.187.157.156 - - [02/Aug/2010:16:57:48 +0200] "GET /content/themes/blackcandy/images/activeTabRight.png HTTP/1.1" 304 - "http://www.awo-kv-bernau.de/content/awo-treff/" "Mozilla/4.0 (compatible; MSIE 8.0; Windows NT 5.1; Trident/4.0; .NET CLR 2.0.50727; .NET CLR 3.0.4506.2152; .NET CLR 3.5.30729; InfoPath.2)"
87.187.157.156 - - [02/Aug/2010:16:57:56 +0200] "GET /content/themes/blackcandy/images/hoverTabLeft.png HTTP/1.1" 304 - "http://www.awo-kv-bernau.de/content/awo-treff/" "Mozilla/4.0 (compatible; MSIE 8.0; Windows NT 5.1; Trident/4.0; .NET CLR 2.0.50727; .NET CLR 3.0.4506.2152; .NET CLR 3.5.30729; InfoPath.2)"
87.187.157.156 - - [02/Aug/2010:16:57:56 +0200] "GET /content/themes/blackcandy/images/hoverTabRight.png HTTP/1.1" 304 - "http://www.awo-kv-bernau.de/content/awo-treff/" "Mozilla/4.0 (compatible; MSIE 8.0; Windows NT 5.1; Trident/4.0; .NET CLR 2.0.50727; .NET CLR 3.0.4506.2152; .NET CLR 3.5.30729; InfoPath.2)"
192.108.72.125 - - [02/Aug/2010:16:57:57 +0200] "GET /content/assets/Aktuelles/aktuelles280710.jpg HTTP/1.1" 200 15702 "http://www.sozialedienste-awo.de/content/aktuelles/" "Mozilla/4.0 (compatible; MSIE 6.0; Windows NT 5.1; SV1; .NET CLR 2.0.50727)"
192.108.72.125 - - [02/Aug/2010:16:57:57 +0200] "GET /content/assets/Aktuelles/aktuelles160710.jpg HTTP/1.1" 200 17303 "http://www.sozialedienste-awo.de/content/aktuelles/" "Mozilla/4.0 (compatible; MSIE 6.0; Windows NT 5.1; SV1; .NET CLR 2.0.50727)"
192.108.72.125 - - [02/Aug/2010:16:57:57 +0200] "GET /content/assets/Aktuelles/aktuelles200710.jpg HTTP/1.1" 200 27142 "http://www.sozialedienste-awo.de/content/aktuelles/" "Mozilla/4.0 (compatible; MSIE 6.0; Windows NT 5.1; SV1; .NET CLR 2.0.50727)"
192.108.72.125 - - [02/Aug/2010:16:57:57 +0200] "GET /content/assets/Aktuelles/aktuelles110610.jpg HTTP/1.1" 200 61872 "http://www.sozialedienste-awo.de/content/aktuelles/" "Mozilla/4.0 (compatible; MSIE 6.0; Windows NT 5.1; SV1; .NET CLR 2.0.50727)"
66.249.65.246 - - [02/Aug/2010:16:58:53 +0200] "GET /content/kalender/jax_calendar.php?Y=2010&m=8&d=2&do=show_event&key=9ecfeee104b2737a7e3adfc02364ffd3&cal_id=0&language=english&gmt_ofs=0&view=d1&evt_date=%3Cb%3E24.08.2010%3C%2Fb%3E+18%3A00&evt_title=Lachwerkstatt%3B+Lach+mit+bleib+gesund HTTP/1.1" 200 12287 "-" "Mozilla/5.0 (compatible; Googlebot/2.1; +http://www.google.com/bot.html)"
195.93.60.104 - - [02/Aug/2010:17:00:39 +0200] "HEAD /content/assets/Aktuelles/aktuelles280710.jpg HTTP/1.1" 200 - "-" "Mozilla/4.0 (compatible; MSIE 7.0; AOL 9.0; Windows NT 6.1; WOW64; Trident/4.0; GTB6.5; SLCC2; .NET CLR 2.0.50727; .NET CLR 3.5.30729; .NET CLR 3.0.30729; Media Center PC 6.0; CPNTDF; .NET4.0C)"
195.93.60.74 - - [02/Aug/2010:17:00:39 +0200] "HEAD /content/assets/Aktuelles/aktuelles200710.jpg HTTP/1.1" 200 - "-" "Mozilla/4.0 (compatible; MSIE 7.0; AOL 9.0; Windows NT 6.1; WOW64; Trident/4.0; GTB6.5; SLCC2; .NET CLR 2.0.50727; .NET CLR 3.5.30729; .NET CLR 3.0.30729; Media Center PC 6.0; CPNTDF; .NET4.0C)"
195.93.60.101 - - [02/Aug/2010:17:00:39 +0200] "HEAD /content/assets/Aktuelles/aktuelles160710.jpg HTTP/1.1" 200 - "-" "Mozilla/4.0 (compatible; MSIE 7.0; AOL 9.0; Windows NT 6.1; WOW64; Trident/4.0; GTB6.5; SLCC2; .NET CLR 2.0.50727; .NET CLR 3.5.30729; .NET CLR 3.0.30729; Media Center PC 6.0; CPNTDF; .NET4.0C)"
81.17.208.4 - - [02/Aug/2010:17:00:39 +0200] "GET /content/schuldnerberatung/ HTTP/1.0" 200 11481 "http://www.awo-kv-bernau.de/content/beratungsstellen/" "Mozilla/5.0 (compatible; jobs.de-Robot +http://www.jobs.de)"
66.249.65.246 - - [02/Aug/2010:17:01:21 +0200] "GET /content/kalender/jax_calendar.php?Y=2010&m=8&d=2&do=show_event&key=00f93bc7847fe7e9b9c82ec3679b9248&cal_id=0&language=english&gmt_ofs=0&view=d1&evt_date=%3Cb%3E09.08.2010%3C%2Fb%3E+19%3A00&evt_title=Gesellschaftst%E4nze+im+AWO+Treff HTTP/1.1" 200 12244 "-" "Mozilla/5.0 (compatible; Googlebot/2.1; +http://www.google.com/bot.html)"
66.249.65.246 - - [02/Aug/2010:17:01:21 +0200] "GET /content/kalender/jax_calendar.php?Y=2010&m=8&d=2&do=show_event&key=6d0fc4cc92bf0dd625dcf071a010bf28&cal_id=0&language=english&gmt_ofs=0&view=d1&evt_date=%3Cb%3E04.08.2010%3C%2Fb%3E+14%3A30&evt_title=Seniorentanz HTTP/1.1" 200 12201 "-" "Mozilla/5.0 (compatible; Googlebot/2.1; +http://www.google.com/bot.html)"
66.249.65.246 - - [02/Aug/2010:17:01:22 +0200] "GET /content/kalender/jax_calendar.php?Y=2010&m=12&d=2&cal_id=0&language=english&gmt_ofs=0&view=d1 HTTP/1.1" 200 11142 "-" "Mozilla/5.0 (compatible; Googlebot/2.1; +http://www.google.com/bot.html)"
66.249.65.246 - - [02/Aug/2010:17:01:23 +0200] "GET /content/kalender/jax_calendar.php?Y=2010&m=2&d=2&cal_id=0&language=english&gmt_ofs=0&view=d1 HTTP/1.1" 200 10896 "-" "Mozilla/5.0 (compatible; Googlebot/2.1; +http://www.google.com/bot.html)"
66.249.65.246 - - [02/Aug/2010:17:01:23 +0200] "GET /content/kalender/jax_calendar.php?Y=2010&m=1&d=2&cal_id=0&language=english&gmt_ofs=0&view=d1 HTTP/1.1" 200 11091 "-" "Mozilla/5.0 (compatible; Googlebot/2.1; +http://www.google.com/bot.html)"
66.249.65.246 - - [02/Aug/2010:17:01:24 +0200] "GET /content/kalender/jax_calendar.php?Y=2007&m=8&d=2&cal_id=0&language=english&gmt_ofs=0&view=d1 HTTP/1.1" 200 11088 "-" "Mozilla/5.0 (compatible; Googlebot/2.1; +http://www.google.com/bot.html)"
66.249.65.246 - - [02/Aug/2010:17:01:24 +0200] "GET /content/kalender/jax_calendar.php?Y=2010&m=8&d=2&do=show_event&key=466254c68c26137e2e18d09177e83825&cal_id=0&language=english&gmt_ofs=0&view=d1&evt_date=%3Cb%3E23.08.2010%3C%2Fb%3E+15%3A30&evt_title=Grundlagen+des+Strickens HTTP/1.1" 200 12261 "-" "Mozilla/5.0 (compatible; Googlebot/2.1; +http://www.google.com/bot.html)"
66.249.65.246 - - [02/Aug/2010:17:01:25 +0200] "GET /content/kalender/jax_calendar.php?Y=2005&m=8&d=2&cal_id=0&language=english&gmt_ofs=0&view=d1 HTTP/1.1" 200 11088 "-" "Mozilla/5.0 (compatible; Googlebot/2.1; +http://www.google.com/bot.html)"
66.249.65.246 - - [02/Aug/2010:17:01:25 +0200] "GET /content/kalender/jax_calendar.php?Y=2010&m=8&d=2&do=show_event&key=fdc82ac823bec5af82cb1905df38fec9&cal_id=0&language=english&gmt_ofs=0&view=d1&evt_date=%3Cb%3E25.08.2010%3C%2Fb%3E+09%3A30&evt_title=Gemeinsames+Fr%FChst%FCck HTTP/1.1" 200 12162 "-" "Mozilla/5.0 (compatible; Googlebot/2.1; +http://www.google.com/bot.html)"
66.249.65.246 - - [02/Aug/2010:17:01:26 +0200] "GET /content/kalender/jax_calendar.php?Y=2010&m=8&d=2&do=show_event&key=6dcb53b4e59196658aba5b74f63b774f&cal_id=0&language=english&gmt_ofs=0&view=d1&evt_date=%3Cb%3E09.08.2010%3C%2Fb%3E+17%3A30&evt_title=Probe+des+AWO-Chors HTTP/1.1" 200 12326 "-" "Mozilla/5.0 (compatible; Googlebot/2.1; +http://www.google.com/bot.html)"
66.249.65.246 - - [02/Aug/2010:17:01:27 +0200] "GET /content/kalender/jax_calendar.php?Y=2010&m=8&d=2&do=show_event&key=8e0a44db9fd1ebed603d66b3902474f4&cal_id=0&language=english&gmt_ofs=0&view=d1&evt_date=%3Cb%3E01.09.2010%3C%2Fb%3E+14%3A30+-+17%3A30&evt_title=28.+Seniorentanz HTTP/1.1" 200 12218 "-" "Mozilla/5.0 (compatible; Googlebot/2.1; +http://www.google.com/bot.html)"
66.249.65.246 - - [02/Aug/2010:17:01:27 +0200] "GET /content/kalender/jax_calendar.php?Y=2010&m=8&d=2&do=show_event&key=5d56c6da8b42f03fbc29e8fefa5ec28f&cal_id=0&language=english&gmt_ofs=0&view=d1&evt_date=%3Cb%3E28.08.2010%3C%2Fb%3E+10%3A00+-+12%3A00&evt_title=Floristikkurs HTTP/1.1" 200 12209 "-" "Mozilla/5.0 (compatible; Googlebot/2.1; +http://www.google.com/bot.html)"
66.249.65.246 - - [02/Aug/2010:17:01:28 +0200] "GET /content/kalender/jax_calendar.php?Y=2010&m=8&d=2&do=show_event&key=3d34175a87b4b18b1cab5f97d2834420&cal_id=0&language=english&gmt_ofs=0&view=d1&evt_date=%3Cb%3E02.09.2010%3C%2Fb%3E+18%3A00&evt_title=Entspannungstraining+mit+Beate+M%FChlbach HTTP/1.1" 200 12236 "-" "Mozilla/5.0 (compatible; Googlebot/2.1; +http://www.google.com/bot.html)"
66.249.65.246 - - [02/Aug/2010:17:01:29 +0200] "GET /content/kalender/jax_calendar.php?Y=2010&m=8&d=2&do=show_event&key=eeb2ff1404aec44b6bc4ec48466be64e&cal_id=0&language=english&gmt_ofs=0&view=d1&evt_date=%3Cb%3E25.08.2010%3C%2Fb%3E+15%3A00&evt_title=Skatrunde HTTP/1.1" 200 12236 "-" "Mozilla/5.0 (compatible; Googlebot/2.1; +http://www.google.com/bot.html)"
66.249.65.246 - - [02/Aug/2010:17:01:29 +0200] "GET /content/kalender/jax_calendar.php?Y=2010&m=8&d=2&do=show_event&key=0a9317be885f615b17af3d7ed34e9637&cal_id=0&language=english&gmt_ofs=0&view=d1&evt_date=%3Cb%3E30.08.2010%3C%2Fb%3E+15%3A30&evt_title=Grundlagen+des+Strickens HTTP/1.1" 200 12261 "-" "Mozilla/5.0 (compatible; Googlebot/2.1; +http://www.google.com/bot.html)"
207.46.199.179 - - [02/Aug/2010:17:09:09 +0200] "GET /robots.txt HTTP/1.1" 404 1256 "-" "msnbot/2.0b (+http://search.msn.com/msnbot.htm)"
81.17.208.4 - - [02/Aug/2010:17:09:52 +0200] "GET /content/pusteblume/ HTTP/1.0" 200 17842 "http://www.awo-kv-bernau.de/content/kindertagesstaetten/" "Mozilla/5.0 (compatible; jobs.de-Robot +http://www.jobs.de)"
84.188.129.27 - - [02/Aug/2010:17:14:23 +0200] "GET /content/assets/Aktuelles/aktuelles200710.jpg HTTP/1.1" 200 27142 "http://www.sozialedienste-awo.de/content/aktuelles/" "Mozilla/5.0 (Windows; U; Windows NT 6.1; de; rv:1.9.2.6) Gecko/20100625 Firefox/3.6.6"
84.188.129.27 - - [02/Aug/2010:17:14:23 +0200] "GET /content/assets/Aktuelles/aktuelles280710.jpg HTTP/1.1" 200 15702 "http://www.sozialedienste-awo.de/content/aktuelles/" "Mozilla/5.0 (Windows; U; Windows NT 6.1; de; rv:1.9.2.6) Gecko/20100625 Firefox/3.6.6"
84.188.129.27 - - [02/Aug/2010:17:14:23 +0200] "GET /content/assets/Aktuelles/aktuelles160710.jpg HTTP/1.1" 200 17303 "http://www.sozialedienste-awo.de/content/aktuelles/" "Mozilla/5.0 (Windows; U; Windows NT 6.1; de; rv:1.9.2.6) Gecko/20100625 Firefox/3.6.6"
84.188.129.27 - - [02/Aug/2010:17:14:24 +0200] "GET /content/assets/Aktuelles/aktuelles110610.jpg HTTP/1.1" 200 61872 "http://www.sozialedienste-awo.de/content/aktuelles/" "Mozilla/5.0 (Windows; U; Windows NT 6.1; de; rv:1.9.2.6) Gecko/20100625 Firefox/3.6.6"
93.206.52.212 - - [02/Aug/2010:17:16:52 +0200] "GET /content/pusteblume/ HTTP/1.1" 200 17842 "http://www.google.de/search?q=kita+wandlitz&rls=com.microsoft:de:IE-SearchBox&ie=UTF-8&oe=UTF-8&sourceid=ie7&rlz=&redir_esc=&ei=WOFWTIzqJJOQsAbvyoniAQ" "Mozilla/4.0 (compatible; MSIE 8.0; Windows NT 5.1; Trident/4.0; .NET CLR 1.1.4322; .NET CLR 2.0.50727; .NET CLR 3.0.4506.2152; .NET CLR 3.5.30729)"
93.206.52.212 - - [02/Aug/2010:17:16:53 +0200] "GET /content/themes/blackcandy/css/layout.css?m=1277372568 HTTP/1.1" 200 9865 "http://www.awo-kv-bernau.de/content/pusteblume/" "Mozilla/4.0 (compatible; MSIE 8.0; Windows NT 5.1; Trident/4.0; .NET CLR 1.1.4322; .NET CLR 2.0.50727; .NET CLR 3.0.4506.2152; .NET CLR 3.5.30729)"
93.206.52.212 - - [02/Aug/2010:17:16:53 +0200] "GET /content/themes/blackcandy/css/form.css?m=1277278133 HTTP/1.1" 200 1856 "http://www.awo-kv-bernau.de/content/pusteblume/" "Mozilla/4.0 (compatible; MSIE 8.0; Windows NT 5.1; Trident/4.0; .NET CLR 1.1.4322; .NET CLR 2.0.50727; .NET CLR 3.0.4506.2152; .NET CLR 3.5.30729)"
93.206.52.212 - - [02/Aug/2010:17:16:53 +0200] "GET /content/assets/Kitas/Pusteblume/pusteblume050710.jpg HTTP/1.1" 200 19543 "http://www.awo-kv-bernau.de/content/pusteblume/" "Mozilla/4.0 (compatible; MSIE 8.0; Windows NT 5.1; Trident/4.0; .NET CLR 1.1.4322; .NET CLR 2.0.50727; .NET CLR 3.0.4506.2152; .NET CLR 3.5.30729)"
93.206.52.212 - - [02/Aug/2010:17:16:53 +0200] "GET /content/themes/blackcandy/css/typography.css?m=1277278793 HTTP/1.1" 200 5090 "http://www.awo-kv-bernau.de/content/pusteblume/" "Mozilla/4.0 (compatible; MSIE 8.0; Windows NT 5.1; Trident/4.0; .NET CLR 1.1.4322; .NET CLR 2.0.50727; .NET CLR 3.0.4506.2152; .NET CLR 3.5.30729)"
93.206.52.212 - - [02/Aug/2010:17:16:53 +0200] "GET /content/assets/Kitas/Pusteblume/pusteblume01.jpg HTTP/1.1" 200 54220 "http://www.awo-kv-bernau.de/content/pusteblume/" "Mozilla/4.0 (compatible; MSIE 8.0; Windows NT 5.1; Trident/4.0; .NET CLR 1.1.4322; .NET CLR 2.0.50727; .NET CLR 3.0.4506.2152; .NET CLR 3.5.30729)"
93.206.52.212 - - [02/Aug/2010:17:16:53 +0200] "GET /content/assets/Kitas/Pusteblume/pusteblume00.jpg HTTP/1.1" 200 125969 "http://www.awo-kv-bernau.de/content/pusteblume/" "Mozilla/4.0 (compatible; MSIE 8.0; Windows NT 5.1; Trident/4.0; .NET CLR 1.1.4322; .NET CLR 2.0.50727; .NET CLR 3.0.4506.2152; .NET CLR 3.5.30729)"
93.206.52.212 - - [02/Aug/2010:17:16:53 +0200] "GET /content/assets/Kitas/Pusteblume/logo.jpg HTTP/1.1" 200 74548 "http://www.awo-kv-bernau.de/content/pusteblume/" "Mozilla/4.0 (compatible; MSIE 8.0; Windows NT 5.1; Trident/4.0; .NET CLR 1.1.4322; .NET CLR 2.0.50727; .NET CLR 3.0.4506.2152; .NET CLR 3.5.30729)"
93.206.52.212 - - [02/Aug/2010:17:16:53 +0200] "GET /content/assets/Kitas/Pusteblume/pusteblume0.jpg HTTP/1.1" 200 63160 "http://www.awo-kv-bernau.de/content/pusteblume/" "Mozilla/4.0 (compatible; MSIE 8.0; Windows NT 5.1; Trident/4.0; .NET CLR 1.1.4322; .NET CLR 2.0.50727; .NET CLR 3.0.4506.2152; .NET CLR 3.5.30729)"
93.206.52.212 - - [02/Aug/2010:17:16:54 +0200] "GET /content/assets/Kitas/Pusteblume/pusteblume2.jpg HTTP/1.1" 200 68921 "http://www.awo-kv-bernau.de/content/pusteblume/" "Mozilla/4.0 (compatible; MSIE 8.0; Windows NT 5.1; Trident/4.0; .NET CLR 1.1.4322; .NET CLR 2.0.50727; .NET CLR 3.0.4506.2152; .NET CLR 3.5.30729)"
93.206.52.212 - - [02/Aug/2010:17:16:53 +0200] "GET /content/assets/Kitas/Pusteblume/pusteblume11.jpg HTTP/1.1" 200 99506 "http://www.awo-kv-bernau.de/content/pusteblume/" "Mozilla/4.0 (compatible; MSIE 8.0; Windows NT 5.1; Trident/4.0; .NET CLR 1.1.4322; .NET CLR 2.0.50727; .NET CLR 3.0.4506.2152; .NET CLR 3.5.30729)"
93.206.52.212 - - [02/Aug/2010:17:16:54 +0200] "GET /content/themes/blackcandy/images/headerRounded.png HTTP/1.1" 200 763 "http://www.awo-kv-bernau.de/content/pusteblume/" "Mozilla/4.0 (compatible; MSIE 8.0; Windows NT 5.1; Trident/4.0; .NET CLR 1.1.4322; .NET CLR 2.0.50727; .NET CLR 3.0.4506.2152; .NET CLR 3.5.30729)"
93.206.52.212 - - [02/Aug/2010:17:16:54 +0200] "GET /content/themes/blackcandy/images/header.jpg HTTP/1.1" 200 45038 "http://www.awo-kv-bernau.de/content/pusteblume/" "Mozilla/4.0 (compatible; MSIE 8.0; Windows NT 5.1; Trident/4.0; .NET CLR 1.1.4322; .NET CLR 2.0.50727; .NET CLR 3.0.4506.2152; .NET CLR 3.5.30729)"
93.206.52.212 - - [02/Aug/2010:17:16:54 +0200] "GET /content/themes/blackcandy/images/activeTabLeft.png HTTP/1.1" 200 433 "http://www.awo-kv-bernau.de/content/pusteblume/" "Mozilla/4.0 (compatible; MSIE 8.0; Windows NT 5.1; Trident/4.0; .NET CLR 1.1.4322; .NET CLR 2.0.50727; .NET CLR 3.0.4506.2152; .NET CLR 3.5.30729)"
93.206.52.212 - - [02/Aug/2010:17:16:54 +0200] "GET /content/themes/blackcandy/images/herz.png HTTP/1.1" 200 344 "http://www.awo-kv-bernau.de/content/pusteblume/" "Mozilla/4.0 (compatible; MSIE 8.0; Windows NT 5.1; Trident/4.0; .NET CLR 1.1.4322; .NET CLR 2.0.50727; .NET CLR 3.0.4506.2152; .NET CLR 3.5.30729)"
93.206.52.212 - - [02/Aug/2010:17:16:54 +0200] "GET /content/themes/blackcandy/images/icons/page_white_acrobat.png HTTP/1.1" 200 591 "http://www.awo-kv-bernau.de/content/pusteblume/" "Mozilla/4.0 (compatible; MSIE 8.0; Windows NT 5.1; Trident/4.0; .NET CLR 1.1.4322; .NET CLR 2.0.50727; .NET CLR 3.0.4506.2152; .NET CLR 3.5.30729)"
93.206.52.212 - - [02/Aug/2010:17:16:54 +0200] "GET /content/themes/blackcandy/images/footer.png HTTP/1.1" 200 884 "http://www.awo-kv-bernau.de/content/pusteblume/" "Mozilla/4.0 (compatible; MSIE 8.0; Windows NT 5.1; Trident/4.0; .NET CLR 1.1.4322; .NET CLR 2.0.50727; .NET CLR 3.0.4506.2152; .NET CLR 3.5.30729)"
93.206.52.212 - - [02/Aug/2010:17:16:56 +0200] "GET /content/assets/Kitas/Pusteblume/pusteblume3.jpg HTTP/1.1" 200 54226 "http://www.awo-kv-bernau.de/content/pusteblume/" "Mozilla/4.0 (compatible; MSIE 8.0; Windows NT 5.1; Trident/4.0; .NET CLR 1.1.4322; .NET CLR 2.0.50727; .NET CLR 3.0.4506.2152; .NET CLR 3.5.30729)"
93.206.52.212 - - [02/Aug/2010:17:16:56 +0200] "GET /content/themes/blackcandy/images/subheader.jpg HTTP/1.1" 200 52576 "http://www.awo-kv-bernau.de/content/pusteblume/" "Mozilla/4.0 (compatible; MSIE 8.0; Windows NT 5.1; Trident/4.0; .NET CLR 1.1.4322; .NET CLR 2.0.50727; .NET CLR 3.0.4506.2152; .NET CLR 3.5.30729)"
93.206.52.212 - - [02/Aug/2010:17:16:56 +0200] "GET /content/assets/Kitas/Pusteblume/pusteblume4.jpg HTTP/1.1" 200 65909 "http://www.awo-kv-bernau.de/content/pusteblume/" "Mozilla/4.0 (compatible; MSIE 8.0; Windows NT 5.1; Trident/4.0; .NET CLR 1.1.4322; .NET CLR 2.0.50727; .NET CLR 3.0.4506.2152; .NET CLR 3.5.30729)"
93.206.52.212 - - [02/Aug/2010:17:16:56 +0200] "GET /content/themes/blackcandy/images/activeTabRight.png HTTP/1.1" 200 433 "http://www.awo-kv-bernau.de/content/pusteblume/" "Mozilla/4.0 (compatible; MSIE 8.0; Windows NT 5.1; Trident/4.0; .NET CLR 1.1.4322; .NET CLR 2.0.50727; .NET CLR 3.0.4506.2152; .NET CLR 3.5.30729)"
93.206.52.212 - - [02/Aug/2010:17:16:56 +0200] "GET /favicon.ico HTTP/1.1" 404 1256 "-" "Mozilla/4.0 (compatible; MSIE 8.0; Windows NT 5.1; Trident/4.0; .NET CLR 1.1.4322; .NET CLR 2.0.50727; .NET CLR 3.0.4506.2152; .NET CLR 3.5.30729)"
93.206.52.212 - - [02/Aug/2010:17:18:42 +0200] "GET /content/assets/Kitas/kitaaufnahmeantrag.pdf HTTP/1.1" 200 21334 "http://www.awo-kv-bernau.de/content/pusteblume/" "Mozilla/4.0 (compatible; MSIE 8.0; Windows NT 5.1; Trident/4.0; .NET CLR 1.1.4322; .NET CLR 2.0.50727; .NET CLR 3.0.4506.2152; .NET CLR 3.5.30729)"
81.17.208.4 - - [02/Aug/2010:17:19:56 +0200] "GET /content/kinderland/ HTTP/1.0" 200 19892 "http://www.awo-kv-bernau.de/content/kindertagesstaetten/" "Mozilla/5.0 (compatible; jobs.de-Robot +http://www.jobs.de)"
81.17.208.4 - - [02/Aug/2010:17:29:07 +0200] "GET /content/assets/Kitas/kitaaufnahmeantrag.pdf HTTP/1.0" 200 21334 "http://www.awo-kv-bernau.de/content/kindertagesstaetten/" "Mozilla/5.0 (compatible; jobs.de-Robot +http://www.jobs.de)"
87.162.108.145 - - [02/Aug/2010:17:34:05 +0200] "GET /content/schuldnerberatung/ HTTP/1.1" 200 11481 "http://www.google.de/search?q=awo+eberswalde+schuldnerberatung&ie=utf-8&oe=utf-8&aq=t&rls=org.mozilla:de:official&client=firefox-a" "Mozilla/5.0 (Windows; U; Windows NT 5.1; de; rv:1.9.2.8) Gecko/20100722 Firefox/3.6.8 ( .NET CLR 3.5.30729)"
87.162.108.145 - - [02/Aug/2010:17:34:06 +0200] "GET /favicon.ico HTTP/1.1" 404 1256 "-" "Mozilla/5.0 (Windows; U; Windows NT 5.1; de; rv:1.9.2.8) Gecko/20100722 Firefox/3.6.8 ( .NET CLR 3.5.30729)"
87.162.108.145 - - [02/Aug/2010:17:34:06 +0200] "GET /content/themes/blackcandy/css/layout.css?m=1277372568 HTTP/1.1" 200 9865 "http://www.awo-kv-bernau.de/content/schuldnerberatung/" "Mozilla/5.0 (Windows; U; Windows NT 5.1; de; rv:1.9.2.8) Gecko/20100722 Firefox/3.6.8 ( .NET CLR 3.5.30729)"
87.162.108.145 - - [02/Aug/2010:17:34:06 +0200] "GET /content/themes/blackcandy/css/typography.css?m=1277278793 HTTP/1.1" 200 5090 "http://www.awo-kv-bernau.de/content/schuldnerberatung/" "Mozilla/5.0 (Windows; U; Windows NT 5.1; de; rv:1.9.2.8) Gecko/20100722 Firefox/3.6.8 ( .NET CLR 3.5.30729)"
87.162.108.145 - - [02/Aug/2010:17:34:06 +0200] "GET /content/themes/blackcandy/css/form.css?m=1277278133 HTTP/1.1" 200 1856 "http://www.awo-kv-bernau.de/content/schuldnerberatung/" "Mozilla/5.0 (Windows; U; Windows NT 5.1; de; rv:1.9.2.8) Gecko/20100722 Firefox/3.6.8 ( .NET CLR 3.5.30729)"
87.162.108.145 - - [02/Aug/2010:17:34:06 +0200] "GET /content/assets/Beratung/Schuldner/beratung.jpg HTTP/1.1" 200 33105 "http://www.awo-kv-bernau.de/content/schuldnerberatung/" "Mozilla/5.0 (Windows; U; Windows NT 5.1; de; rv:1.9.2.8) Gecko/20100722 Firefox/3.6.8 ( .NET CLR 3.5.30729)"
87.162.108.145 - - [02/Aug/2010:17:34:06 +0200] "GET /content/assets/Beratung/Schuldner/urbschat.jpg HTTP/1.1" 200 12627 "http://www.awo-kv-bernau.de/content/schuldnerberatung/" "Mozilla/5.0 (Windows; U; Windows NT 5.1; de; rv:1.9.2.8) Gecko/20100722 Firefox/3.6.8 ( .NET CLR 3.5.30729)"
87.162.108.145 - - [02/Aug/2010:17:34:06 +0200] "GET /content/assets/Beratung/Schuldner/spreu.jpg HTTP/1.1" 200 12438 "http://www.awo-kv-bernau.de/content/schuldnerberatung/" "Mozilla/5.0 (Windows; U; Windows NT 5.1; de; rv:1.9.2.8) Gecko/20100722 Firefox/3.6.8 ( .NET CLR 3.5.30729)"
87.162.108.145 - - [02/Aug/2010:17:34:06 +0200] "GET /content/themes/blackcandy/images/headerRounded.png HTTP/1.1" 200 763 "http://www.awo-kv-bernau.de/content/themes/blackcandy/css/layout.css?m=1277372568" "Mozilla/5.0 (Windows; U; Windows NT 5.1; de; rv:1.9.2.8) Gecko/20100722 Firefox/3.6.8 ( .NET CLR 3.5.30729)"
87.162.108.145 - - [02/Aug/2010:17:34:06 +0200] "GET /content/themes/blackcandy/images/activeTabLeft.png HTTP/1.1" 200 433 "http://www.awo-kv-bernau.de/content/themes/blackcandy/css/layout.css?m=1277372568" "Mozilla/5.0 (Windows; U; Windows NT 5.1; de; rv:1.9.2.8) Gecko/20100722 Firefox/3.6.8 ( .NET CLR 3.5.30729)"
87.162.108.145 - - [02/Aug/2010:17:34:06 +0200] "GET /content/themes/blackcandy/images/activeTabRight.png HTTP/1.1" 200 433 "http://www.awo-kv-bernau.de/content/themes/blackcandy/css/layout.css?m=1277372568" "Mozilla/5.0 (Windows; U; Windows NT 5.1; de; rv:1.9.2.8) Gecko/20100722 Firefox/3.6.8 ( .NET CLR 3.5.30729)"
87.162.108.145 - - [02/Aug/2010:17:34:06 +0200] "GET /content/themes/blackcandy/images/herz.png HTTP/1.1" 200 344 "http://www.awo-kv-bernau.de/content/themes/blackcandy/css/layout.css?m=1277372568" "Mozilla/5.0 (Windows; U; Windows NT 5.1; de; rv:1.9.2.8) Gecko/20100722 Firefox/3.6.8 ( .NET CLR 3.5.30729)"
87.162.108.145 - - [02/Aug/2010:17:34:06 +0200] "GET /content/themes/blackcandy/images/footer.png HTTP/1.1" 200 884 "http://www.awo-kv-bernau.de/content/themes/blackcandy/css/layout.css?m=1277372568" "Mozilla/5.0 (Windows; U; Windows NT 5.1; de; rv:1.9.2.8) Gecko/20100722 Firefox/3.6.8 ( .NET CLR 3.5.30729)"
87.162.108.145 - - [02/Aug/2010:17:34:06 +0200] "GET /content/themes/blackcandy/images/header.jpg HTTP/1.1" 200 45038 "http://www.awo-kv-bernau.de/content/themes/blackcandy/css/layout.css?m=1277372568" "Mozilla/5.0 (Windows; U; Windows NT 5.1; de; rv:1.9.2.8) Gecko/20100722 Firefox/3.6.8 ( .NET CLR 3.5.30729)"
87.162.108.145 - - [02/Aug/2010:17:34:06 +0200] "GET /content/themes/blackcandy/images/subheader.jpg HTTP/1.1" 200 52576 "http://www.awo-kv-bernau.de/content/themes/blackcandy/css/layout.css?m=1277372568" "Mozilla/5.0 (Windows; U; Windows NT 5.1; de; rv:1.9.2.8) Gecko/20100722 Firefox/3.6.8 ( .NET CLR 3.5.30729)"
87.162.108.145 - - [02/Aug/2010:17:34:09 +0200] "GET /favicon.ico HTTP/1.1" 404 1256 "-" "Mozilla/5.0 (Windows; U; Windows NT 5.1; de; rv:1.9.2.8) Gecko/20100722 Firefox/3.6.8 ( .NET CLR 3.5.30729)"
81.17.208.4 - - [02/Aug/2010:17:37:50 +0200] "GET /content/regenbogen/ HTTP/1.0" 200 17687 "http://www.awo-kv-bernau.de/content/kindertagesstaetten/" "Mozilla/5.0 (compatible; jobs.de-Robot +http://www.jobs.de)"
66.249.65.246 - - [02/Aug/2010:17:39:12 +0200] "GET /content/kalender/jax_calendar.php?Y=2010&m=8&d=2&do=show_event&key=d0cf1f067d3f1473ffc58675e9614036&cal_id=0&language=english&gmt_ofs=0&view=d1&evt_date=%3Cb%3E16.08.2010%3C%2Fb%3E+16%3A00&evt_title=Tanzgruppe+f%FCr+Junggebliebene HTTP/1.1" 200 12203 "-" "Mozilla/5.0 (compatible; Googlebot/2.1; +http://www.google.com/bot.html)"
66.249.65.246 - - [02/Aug/2010:17:39:13 +0200] "GET /content/kalender/jax_calendar.php?Y=2010&m=8&d=2&do=show_event&key=e847b5f0faebbab85c94def496e24098&cal_id=0&language=english&gmt_ofs=0&view=d1&evt_date=%3Cb%3E02.08.2010%3C%2Fb%3E+19%3A00&evt_title=Gesellschaftst%E4nze HTTP/1.1" 200 12231 "-" "Mozilla/5.0 (compatible; Googlebot/2.1; +http://www.google.com/bot.html)"
66.249.65.246 - - [02/Aug/2010:17:39:13 +0200] "GET /content/kalender/jax_calendar.php?Y=2018&m=8&d=2&cal_id=0&language=english&gmt_ofs=0&view=d1 HTTP/1.1" 200 11088 "-" "Mozilla/5.0 (compatible; Googlebot/2.1; +http://www.google.com/bot.html)"
66.249.65.246 - - [02/Aug/2010:17:39:14 +0200] "GET /content/kalender/jax_calendar.php?Y=2010&m=8&d=2&do=show_event&key=f682013a76ce42e1314b0e31c0debc3f&cal_id=0&language=english&gmt_ofs=0&view=d1&evt_date=%3Cb%3E30.08.2010%3C%2Fb%3E+16%3A00&evt_title=Tanzgruppe+f%FCr+Junggebliebene HTTP/1.1" 200 12234 "-" "Mozilla/5.0 (compatible; Googlebot/2.1; +http://www.google.com/bot.html)"
66.249.65.246 - - [02/Aug/2010:17:39:15 +0200] "GET /content/kalender/jax_calendar.php?Y=2010&m=8&d=2&do=show_event&key=522e96f9d57f91df4d080f8be1576ccd&cal_id=0&language=english&gmt_ofs=0&view=d1&evt_date=%3Cb%3E12.08.2010%3C%2Fb%3E+18%3A00&evt_title=Sanfte+Gymnastik HTTP/1.1" 200 12148 "-" "Mozilla/5.0 (compatible; Googlebot/2.1; +http://www.google.com/bot.html)"
66.249.65.246 - - [02/Aug/2010:17:41:44 +0200] "GET /content/kalender/jax_calendar.php?Y=2010&m=8&d=2&do=show_event&key=9d576477581ca4a19b76d7a5c230ad70&cal_id=0&language=english&gmt_ofs=0&view=d1&evt_date=%3Cb%3E16.08.2010%3C%2Fb%3E+19%3A00&evt_title=Gesellschaftst%E4nze+im+AWO+Treff+lernen HTTP/1.1" 200 12197 "-" "Mozilla/5.0 (compatible; Googlebot/2.1; +http://www.google.com/bot.html)"
66.249.65.246 - - [02/Aug/2010:17:44:53 +0200] "GET /content/kalender/jax_calendar.php?Y=2010&m=8&d=2&do=show_event&key=caf5564173b96dde2ea58f6b0b33d039&cal_id=0&language=english&gmt_ofs=0&view=d1&evt_date=%3Cb%3E16.08.2010%3C%2Fb%3E+17%3A30&evt_title=Probe+des+AWO+Chors HTTP/1.1" 200 12218 "-" "Mozilla/5.0 (compatible; Googlebot/2.1; +http://www.google.com/bot.html)"
81.17.208.4 - - [02/Aug/2010:17:46:38 +0200] "GET /content/rappelkiste/ HTTP/1.0" 200 18441 "http://www.awo-kv-bernau.de/content/kindertagesstaetten/" "Mozilla/5.0 (compatible; jobs.de-Robot +http://www.jobs.de)"
66.249.65.246 - - [02/Aug/2010:17:48:02 +0200] "GET /content/kalender/jax_calendar.php?Y=2014&m=8&d=2&cal_id=0&language=english&gmt_ofs=0&view=d1 HTTP/1.1" 200 11090 "-" "Mozilla/5.0 (compatible; Googlebot/2.1; +http://www.google.com/bot.html)"
66.249.65.240 - - [02/Aug/2010:17:51:11 +0200] "GET /content/kalender/jax_calendar.php?Y=2010&m=8&d=2&do=show_event&key=372a47ff54856c548c7a07fbea2daa5b&cal_id=0&language=english&gmt_ofs=0&view=d1&evt_date=%3Cb%3E02.09.2010%3C%2Fb%3E+13%3A00+-+16%3A30&evt_title=Textilverkauf HTTP/1.1" 200 11987 "-" "Mozilla/5.0 (compatible; Googlebot/2.1; +http://www.google.com/bot.html)"
88.131.106.3 - - [02/Aug/2010:17:51:42 +0200] "GET /robots.txt HTTP/1.0" 404 1256 "-" "Mozilla/5.0 (Windows; U; Windows NT 5.1; en-US) Speedy Spider (http://www.entireweb.com/about/search_tech/speedy_spider/)"
88.131.106.4 - - [02/Aug/2010:17:51:46 +0200] "GET / HTTP/1.0" 302 - "-" "Mozilla/5.0 (Windows; U; Windows NT 5.1; en-US) Speedy Spider (http://www.entireweb.com/about/search_tech/speedy_spider/)"
88.131.106.4 - - [02/Aug/2010:17:51:52 +0200] "GET /content/aktuelles/ HTTP/1.0" 200 10372 "-" "Mozilla/5.0 (Windows; U; Windows NT 5.1; en-US) Speedy Spider (http://www.entireweb.com/about/search_tech/speedy_spider/)"
66.249.65.240 - - [02/Aug/2010:17:54:20 +0200] "GET /content/kalender/jax_calendar.php?Y=2010&m=8&d=2&do=show_event&key=985927af5419bcf3e4561c3d13255842&cal_id=0&language=english&gmt_ofs=0&view=d1&evt_date=%3Cb%3E23.08.2010%3C%2Fb%3E+19%3A00&evt_title=Erlernen+Sie+Gesellschaftst%E4nze HTTP/1.1" 200 12239 "-" "Mozilla/5.0 (compatible; Googlebot/2.1; +http://www.google.com/bot.html)"
81.17.208.4 - - [02/Aug/2010:17:55:26 +0200] "GET /content/assets/Stellenanzeigen/stellenausschreibungpflegefachkraftaph.pdf HTTP/1.0" 200 37765 "http://www.awo-kv-bernau.de/content/stellenangebote/" "Mozilla/5.0 (compatible; jobs.de-Robot +http://www.jobs.de)"
66.249.65.240 - - [02/Aug/2010:17:56:35 +0200] "GET /content/kalender/jax_calendar.php?Y=-10294&m=6&d=25&view=d1 HTTP/1.1" 200 11995 "-" "Mozilla/5.0 (compatible; Googlebot/2.1; +http://www.google.com/bot.html)"
66.249.65.240 - - [02/Aug/2010:17:57:37 +0200] "GET /content/kalender/jax_calendar.php?Y=2010&m=8&d=2&do=show_event&key=8f0afb474ea1569728405ec750a12301&cal_id=0&language=english&gmt_ofs=0&view=d1&evt_date=%3Cb%3E10.08.2010%3C%2Fb%3E+18%3A00&evt_title=Lachwerkstatt%3A+Lach+mit+-+bleib+gesund+und+fit. HTTP/1.1" 200 12342 "-" "Mozilla/5.0 (compatible; Googlebot/2.1; +http://www.google.com/bot.html)"
66.249.65.240 - - [02/Aug/2010:18:00:49 +0200] "GET /content/kalender/jax_calendar.php?Y=2010&m=8&d=2&do=show_event&key=0bfba8471b5e8e13d8fd85f39046efa8&cal_id=0&language=english&gmt_ofs=0&view=d1&evt_date=%3Cb%3E26.08.2010%3C%2Fb%3E+16%3A00&evt_title=Sommergrillen%2C HTTP/1.1" 200 12232 "-" "Mozilla/5.0 (compatible; Googlebot/2.1; +http://www.google.com/bot.html)"
66.249.65.240 - - [02/Aug/2010:18:03:44 +0200] "GET /content/kalender/jax_calendar.php?Y=2010&m=8&d=2&do=show_event&key=8df49184bcc835f8737ef690977a9e0b&cal_id=0&language=english&gmt_ofs=0&view=d1&evt_date=%3Cb%3E09.08.2010%3C%2Fb%3E+15%3A30&evt_title=Grundlagen+des+Strickens HTTP/1.1" 200 12278 "-" "Mozilla/5.0 (compatible; Googlebot/2.1; +http://www.google.com/bot.html)"
81.17.208.4 - - [02/Aug/2010:18:03:46 +0200] "GET /content/assets/Stellenanzeigen/stellenbeschreibungerzieher012010.pdf HTTP/1.0" 200 38159 "http://www.awo-kv-bernau.de/content/stellenangebote/" "Mozilla/5.0 (compatible; jobs.de-Robot +http://www.jobs.de)"
66.249.65.240 - - [02/Aug/2010:18:06:53 +0200] "GET /content/kalender/jax_calendar.php?Y=2010&m=8&d=2&do=show_event&key=083eeeb9ea8bce52ea81b3edde4d5a9a&cal_id=0&language=english&gmt_ofs=0&view=d1&evt_date=%3Cb%3E19.08.2010%3C%2Fb%3E+12%3A30+-+16%3A00&evt_title=Textilverkauf HTTP/1.1" 200 11987 "-" "Mozilla/5.0 (compatible; Googlebot/2.1; +http://www.google.com/bot.html)"
66.249.65.240 - - [02/Aug/2010:18:11:33 +0200] "GET /content/kalender/jax_calendar.php?Y=2010&m=4&d=2&cal_id=0&language=english&gmt_ofs=0&view=d1 HTTP/1.1" 200 11024 "-" "Mozilla/5.0 (compatible; Googlebot/2.1; +http://www.google.com/bot.html)"
81.17.208.4 - - [02/Aug/2010:18:11:46 +0200] "GET /content/assets/Stellenanzeigen/stellenbeschreibungpflegefachkraft1209.pdf HTTP/1.0" 200 34649 "http://www.awo-kv-bernau.de/content/stellenangebote/" "Mozilla/5.0 (compatible; jobs.de-Robot +http://www.jobs.de)"
67.195.111.229 - - [02/Aug/2010:18:12:22 +0200] "GET /content/kinderland/ HTTP/1.0" 200 19892 "-" "Mozilla/5.0 (compatible; Yahoo! Slurp/3.0; http://help.yahoo.com/help/us/ysearch/slurp)"
67.195.111.229 - - [02/Aug/2010:18:12:23 +0200] "GET /content/themes/blackcandy/css/layout.css?m=1277372568 HTTP/1.0" 304 - "http://www.awo-kv-bernau.de/content/kinderland/" "Mozilla/5.0 (compatible; Yahoo! Slurp/3.0; http://help.yahoo.com/help/us/ysearch/slurp)"
67.195.111.229 - - [02/Aug/2010:18:12:25 +0200] "GET /content/themes/blackcandy/css/typography.css?m=1277278793 HTTP/1.0" 304 - "http://www.awo-kv-bernau.de/content/kinderland/" "Mozilla/5.0 (compatible; Yahoo! Slurp/3.0; http://help.yahoo.com/help/us/ysearch/slurp)"
67.195.111.229 - - [02/Aug/2010:18:12:25 +0200] "GET /content/themes/blackcandy/css/form.css?m=1277278133 HTTP/1.0" 304 - "http://www.awo-kv-bernau.de/content/kinderland/" "Mozilla/5.0 (compatible; Yahoo! Slurp/3.0; http://help.yahoo.com/help/us/ysearch/slurp)"
66.249.65.240 - - [02/Aug/2010:18:13:21 +0200] "GET /content/kalender/jax_calendar.php?Y=2012&m=8&d=2&cal_id=0&language=english&gmt_ofs=0&view=d1 HTTP/1.1" 200 11088 "-" "Mozilla/5.0 (compatible; Googlebot/2.1; +http://www.google.com/bot.html)"
66.249.65.240 - - [02/Aug/2010:18:15:57 +0200] "GET /content/kalender/jax_calendar.php?Y=2001&m=8&d=2&cal_id=0&language=english&gmt_ofs=0&view=d1 HTTP/1.1" 200 11088 "-" "Mozilla/5.0 (compatible; Googlebot/2.1; +http://www.google.com/bot.html)"
66.249.65.240 - - [02/Aug/2010:18:15:58 +0200] "GET /content/kalender/jax_calendar.php?Y=2010&m=6&d=2&cal_id=0&language=english&gmt_ofs=0&view=d1 HTTP/1.1" 200 14067 "-" "Mozilla/5.0 (compatible; Googlebot/2.1; +http://www.google.com/bot.html)"
66.249.65.240 - - [02/Aug/2010:18:15:59 +0200] "GET /content/kalender/jax_calendar.php?Y=2010&m=8&d=2&do=show_event&key=642afcf96555c3fa0d3fe925e3d76793&cal_id=0&language=english&gmt_ofs=0&view=d1&evt_date=%3Cb%3E27.08.2010%3C%2Fb%3E+09%3A00&evt_title=Treffen+Dialog+Psychiatrie%2C HTTP/1.1" 200 12197 "-" "Mozilla/5.0 (compatible; Googlebot/2.1; +http://www.google.com/bot.html)"
66.249.65.240 - - [02/Aug/2010:18:15:59 +0200] "GET /content/kalender/jax_calendar.php?Y=2003&m=8&d=2&cal_id=0&language=english&gmt_ofs=0&view=d1 HTTP/1.1" 200 11090 "-" "Mozilla/5.0 (compatible; Googlebot/2.1; +http://www.google.com/bot.html)"
66.249.65.240 - - [02/Aug/2010:18:16:00 +0200] "GET /content/kalender/jax_calendar.php?Y=2010&m=8&d=2&do=show_event&key=b20612a9bc3789e2025b3f89d412e379&cal_id=0&language=english&gmt_ofs=0&view=d1&evt_date=%3Cb%3E30.08.2010%3C%2Fb%3E+19%3A00&evt_title=Erlernen+Sie+Gesellschaftst%E4nze HTTP/1.1" 200 12238 "-" "Mozilla/5.0 (compatible; Googlebot/2.1; +http://www.google.com/bot.html)"
66.249.65.240 - - [02/Aug/2010:18:16:00 +0200] "GET /content/kalender/jax_calendar.php?Y=2008&m=8&d=2&cal_id=0&language=english&gmt_ofs=0&view=d1 HTTP/1.1" 200 11090 "-" "Mozilla/5.0 (compatible; Googlebot/2.1; +http://www.google.com/bot.html)"
66.249.65.240 - - [02/Aug/2010:18:16:01 +0200] "GET /content/kalender/jax_calendar.php?Y=2019&m=8&d=2&cal_id=0&language=english&gmt_ofs=0&view=d1 HTTP/1.1" 200 11089 "-" "Mozilla/5.0 (compatible; Googlebot/2.1; +http://www.google.com/bot.html)"
66.249.65.240 - - [02/Aug/2010:18:16:01 +0200] "GET /content/kalender/jax_calendar.php?Y=2010&m=11&d=2&cal_id=0&language=english&gmt_ofs=0&view=d1 HTTP/1.1" 200 11078 "-" "Mozilla/5.0 (compatible; Googlebot/2.1; +http://www.google.com/bot.html)"
66.249.65.240 - - [02/Aug/2010:18:16:02 +0200] "GET /content/kalender/jax_calendar.php?Y=2006&m=8&d=2&cal_id=0&language=english&gmt_ofs=0&view=d1 HTTP/1.1" 200 11088 "-" "Mozilla/5.0 (compatible; Googlebot/2.1; +http://www.google.com/bot.html)"
66.249.65.240 - - [02/Aug/2010:18:16:03 +0200] "GET /content/kalender/jax_calendar.php?Y=2009&m=8&d=2&cal_id=0&language=english&gmt_ofs=0&view=d1 HTTP/1.1" 200 11091 "-" "Mozilla/5.0 (compatible; Googlebot/2.1; +http://www.google.com/bot.html)"
66.249.65.240 - - [02/Aug/2010:18:16:03 +0200] "GET /content/kalender/jax_calendar.php?Y=2010&m=8&d=2&do=show_event&key=2985479e6b01f2b0d34b829fb371270f&cal_id=0&language=english&gmt_ofs=0&view=d1&evt_date=%3Cb%3E23.08.2010%3C%2Fb%3E+16%3A00&evt_title=Tanzgruppe+f%FCr+Junggebliebene HTTP/1.1" 200 12203 "-" "Mozilla/5.0 (compatible; Googlebot/2.1; +http://www.google.com/bot.html)"
66.249.65.240 - - [02/Aug/2010:18:16:04 +0200] "GET /content/kalender/jax_calendar.php?Y=2010&m=8&d=2&do=show_event&key=944b664ae67afca1a05eae38cdf2f912&cal_id=0&language=english&gmt_ofs=0&view=d1&evt_date=%3Cb%3E05.08.2010%3C%2Fb%3E+12%3A30+-+16%3A00&evt_title=Textilverkauf HTTP/1.1" 200 11988 "-" "Mozilla/5.0 (compatible; Googlebot/2.1; +http://www.google.com/bot.html)"
66.249.65.240 - - [02/Aug/2010:18:16:05 +0200] "GET /content/kalender/jax_calendar.php?Y=2017&m=8&d=2&cal_id=0&language=english&gmt_ofs=0&view=d1 HTTP/1.1" 200 11088 "-" "Mozilla/5.0 (compatible; Googlebot/2.1; +http://www.google.com/bot.html)"
81.17.208.4 - - [02/Aug/2010:18:20:28 +0200] "GET /content/assets/Stellenanzeigen/ausschreibungpraesenzkraft.pdf HTTP/1.0" 200 13559 "http://www.awo-kv-bernau.de/content/stellenangebote/" "Mozilla/5.0 (compatible; jobs.de-Robot +http://www.jobs.de)"
66.249.65.240 - - [02/Aug/2010:18:22:58 +0200] "GET /content/kalender/jax_calendar.php?Y=-10287&m=4&d=19&view=d1 HTTP/1.1" 200 11996 "-" "Mozilla/5.0 (compatible; Googlebot/2.1; +http://www.google.com/bot.html)"
81.17.208.4 - - [02/Aug/2010:18:28:12 +0200] "GET /content/assets/Stellenanzeigen/stellenbeschreibungffhoeren012010.pdf HTTP/1.0" 200 46362 "http://www.awo-kv-bernau.de/content/stellenangebote/" "Mozilla/5.0 (compatible; jobs.de-Robot +http://www.jobs.de)"
66.249.65.240 - - [02/Aug/2010:18:31:25 +0200] "GET /content/assets/Kontakt-und-Beratungsstelle/kbs261109.jpg HTTP/1.1" 304 - "-" "Googlebot-Image/1.0"
66.249.65.240 - - [02/Aug/2010:18:32:58 +0200] "GET /content/kalender/jax_calendar.php?Y=2010&m=8&d=2&do=show_event&key=1dde9b8c998be407f6e4dcb73e24fc7c&cal_id=0&language=english&gmt_ofs=0&view=d1&evt_date=%3Cb%3E05.08.2010%3C%2Fb%3E+18%3A00&evt_title=Sanfte+Gymnastik HTTP/1.1" 200 12150 "-" "Mozilla/5.0 (compatible; Googlebot/2.1; +http://www.google.com/bot.html)"
207.46.199.45 - - [02/Aug/2010:18:35:49 +0200] "GET /robots.txt HTTP/1.1" 404 1256 "-" "msnbot/2.0b (+http://search.msn.com/msnbot.htm)"
81.17.208.4 - - [02/Aug/2010:18:35:56 +0200] "GET /content/assets/Mitglied-werden/beitrittsformularawobernau.pdf HTTP/1.0" 200 14062 "http://www.awo-kv-bernau.de/content/mitglied-werden/" "Mozilla/5.0 (compatible; jobs.de-Robot +http://www.jobs.de)"
67.195.111.229 - - [02/Aug/2010:18:38:36 +0200] "GET /content/mitglied-werden/ HTTP/1.0" 200 8785 "-" "Mozilla/5.0 (compatible; Yahoo! Slurp/3.0; http://help.yahoo.com/help/us/ysearch/slurp)"
66.249.65.240 - - [02/Aug/2010:18:41:02 +0200] "GET /content/kalender/jax_calendar.php?Y=-10010&m=12&d=1&cal_id=0&language=german&gmt_ofs=-1&view=d1&view=d1 HTTP/1.1" 200 11925 "-" "Mozilla/5.0 (compatible; Googlebot/2.1; +http://www.google.com/bot.html)"
66.249.65.240 - - [02/Aug/2010:18:49:21 +0200] "GET /content/kalender/jax_calendar.php?Y=-10291&m=8&d=35&view=d1 HTTP/1.1" 200 11997 "-" "Mozilla/5.0 (compatible; Googlebot/2.1; +http://www.google.com/bot.html)"
66.249.65.240 - - [02/Aug/2010:18:49:40 +0200] "GET /content/kalender/jax_calendar.php?Y=2010&m=8&d=2&do=show_event&key=6a41683d400b4117319bee276d7849f4&cal_id=0&language=english&gmt_ofs=0&view=d1&evt_date=%3Cb%3E18.08.2010%3C%2Fb%3E+16%3A00&evt_title=Treffen+SHG+%26quot%3BHerzgruppe%26quot%3B HTTP/1.1" 200 12220 "-" "Mozilla/5.0 (compatible; Googlebot/2.1; +http://www.google.com/bot.html)"
66.249.65.240 - - [02/Aug/2010:18:49:41 +0200] "GET /content/kalender/jax_calendar.php?Y=2016&m=9&d=2&cal_id=0&language=english&gmt_ofs=0&view=d1 HTTP/1.1" 200 11025 "-" "Mozilla/5.0 (compatible; Googlebot/2.1; +http://www.google.com/bot.html)"
66.249.65.240 - - [02/Aug/2010:18:49:41 +0200] "GET /content/kalender/jax_calendar.php?Y=2000&m=3&d=2&cal_id=0&language=english&gmt_ofs=0&view=d1 HTTP/1.1" 200 11088 "-" "Mozilla/5.0 (compatible; Googlebot/2.1; +http://www.google.com/bot.html)"
66.249.65.240 - - [02/Aug/2010:18:49:42 +0200] "GET /content/kalender/jax_calendar.php?Y=2001&m=12&d=2&cal_id=0&language=english&gmt_ofs=0&view=d1 HTTP/1.1" 200 11145 "-" "Mozilla/5.0 (compatible; Googlebot/2.1; +http://www.google.com/bot.html)"
66.249.65.240 - - [02/Aug/2010:18:49:43 +0200] "GET /content/kalender/jax_calendar.php?Y=2016&m=7&d=2&cal_id=0&language=english&gmt_ofs=0&view=d1 HTTP/1.1" 200 11090 "-" "Mozilla/5.0 (compatible; Googlebot/2.1; +http://www.google.com/bot.html)"
66.249.65.240 - - [02/Aug/2010:18:49:43 +0200] "GET /content/kalender/jax_calendar.php?Y=2005&m=11&d=2&cal_id=0&language=english&gmt_ofs=0&view=d1 HTTP/1.1" 200 11078 "-" "Mozilla/5.0 (compatible; Googlebot/2.1; +http://www.google.com/bot.html)"
66.249.65.240 - - [02/Aug/2010:18:52:37 +0200] "GET /content/kalender/jax_calendar.php?Y=2010&m=9&d=2&cal_id=0&language=english&gmt_ofs=0&view=d1&view=d1 HTTP/1.1" 200 31612 "-" "Mozilla/5.0 (compatible; Googlebot/2.1; +http://www.google.com/bot.html)"
207.46.195.230 - - [02/Aug/2010:18:53:22 +0200] "GET /content/veranstaltungskalender/ HTTP/1.1" 200 7393 "-" "msnbot/2.0b (+http://search.msn.com/msnbot.htm)"
66.249.65.240 - - [02/Aug/2010:18:56:52 +0200] "GET /content/kalender/jax_calendar.php?Y=2015&m=5&d=2&cal_id=0&language=english&gmt_ofs=0&view=d1 HTTP/1.1" 200 11090 "-" "Mozilla/5.0 (compatible; Googlebot/2.1; +http://www.google.com/bot.html)"
207.46.199.45 - - [02/Aug/2010:19:01:22 +0200] "GET /content/ehrenamt/ HTTP/1.1" 200 13070 "-" "msnbot/2.0b (+http://search.msn.com/msnbot.htm)"
88.75.66.220 - - [02/Aug/2010:19:01:40 +0200] "GET /content/aktuelles/ HTTP/1.1" 200 10372 "-" "Mozilla/5.0 (Windows; U; Windows NT 5.1; en-US; rv:1.9.2.8) Gecko/20100722 Firefox/3.6.8 ( .NET CLR 3.5.30729)"
88.75.66.220 - - [02/Aug/2010:19:01:40 +0200] "GET /content/themes/blackcandy/css/layout.css?m=1277372568 HTTP/1.1" 200 9865 "http://www.awo-kv-bernau.de/content/aktuelles/" "Mozilla/5.0 (Windows; U; Windows NT 5.1; en-US; rv:1.9.2.8) Gecko/20100722 Firefox/3.6.8 ( .NET CLR 3.5.30729)"
