141.8.147.12 - - [01/Oct/2013:08:12:22 +0200] "GET /robots.txt HTTP/1.1" 404 - "-" "Mozilla/5.0 (compatible; YandexBot/3.0; +http://yandex.com/bots)"
141.8.147.12 - - [01/Oct/2013:11:00:12 +0200] "GET / HTTP/1.1" 200 1244 "-" "Mozilla/5.0 (compatible; YandexBot/3.0; +http://yandex.com/bots)"
54.205.231.47 - - [02/Oct/2013:22:55:32 +0200] "GET / HTTP/1.1" 200 1244 "-" "Java/1.7.0_25"
144.76.95.39 - - [03/Oct/2013:08:36:26 +0200] "GET /robots.txt HTTP/1.0" 404 - "-" "Mozilla/5.0 (compatible; MJ12bot/v1.4.4; http://www.majestic12.co.uk/bot.php?+)"
144.76.95.39 - - [03/Oct/2013:08:36:28 +0200] "GET /livezilla/livezilla.php?template=lz_chat_frame.0.0 HTTP/1.0" 200 338 "-" "Mozilla/5.0 (compatible; MJ12bot/v1.4.4; http://www.majestic12.co.uk/bot.php?+)"
144.76.95.39 - - [03/Oct/2013:08:36:29 +0200] "GET /livezilla/livezilla.php?template=lz_chat_frame.0.1 HTTP/1.0" 200 343 "-" "Mozilla/5.0 (compatible; MJ12bot/v1.4.4; http://www.majestic12.co.uk/bot.php?+)"
144.76.95.39 - - [03/Oct/2013:08:36:31 +0200] "GET /livezilla/livezilla.php?template=lz_chat_frame.0.2 HTTP/1.0" 200 321 "-" "Mozilla/5.0 (compatible; MJ12bot/v1.4.4; http://www.majestic12.co.uk/bot.php?+)"
144.76.95.39 - - [03/Oct/2013:08:36:32 +0200] "GET /livezilla/livezilla.php?template=lz_chat_frame.1.0 HTTP/1.0" 200 344 "-" "Mozilla/5.0 (compatible; MJ12bot/v1.4.4; http://www.majestic12.co.uk/bot.php?+)"
144.76.95.39 - - [03/Oct/2013:08:36:34 +0200] "GET /livezilla/livezilla.php?template=lz_chat_frame.1.1& HTTP/1.0" 200 2407 "-" "Mozilla/5.0 (compatible; MJ12bot/v1.4.4; http://www.majestic12.co.uk/bot.php?+)"
144.76.95.39 - - [03/Oct/2013:08:36:35 +0200] "GET /livezilla/livezilla.php?template=lz_chat_frame.1.2 HTTP/1.0" 200 345 "-" "Mozilla/5.0 (compatible; MJ12bot/v1.4.4; http://www.majestic12.co.uk/bot.php?+)"
144.76.95.39 - - [03/Oct/2013:08:36:36 +0200] "GET /livezilla/livezilla.php?template=lz_chat_frame.2.0 HTTP/1.0" 200 344 "-" "Mozilla/5.0 (compatible; MJ12bot/v1.4.4; http://www.majestic12.co.uk/bot.php?+)"
144.76.95.39 - - [03/Oct/2013:08:36:38 +0200] "GET /livezilla/livezilla.php?template=lz_chat_frame.2.2 HTTP/1.0" 200 345 "-" "Mozilla/5.0 (compatible; MJ12bot/v1.4.4; http://www.majestic12.co.uk/bot.php?+)"
144.76.95.39 - - [03/Oct/2013:08:36:39 +0200] "GET /livezilla/livezilla.php?template=lz_chat_frame.3.0 HTTP/1.0" 200 321 "-" "Mozilla/5.0 (compatible; MJ12bot/v1.4.4; http://www.majestic12.co.uk/bot.php?+)"
144.76.95.39 - - [03/Oct/2013:08:36:41 +0200] "GET /livezilla/livezilla.php?template=lz_chat_frame.3.2.login& HTTP/1.0" 200 1105 "-" "Mozilla/5.0 (compatible; MJ12bot/v1.4.4; http://www.majestic12.co.uk/bot.php?+)"
141.8.147.12 - - [05/Oct/2013:08:13:45 +0200] "GET /robots.txt HTTP/1.1" 404 - "-" "Mozilla/5.0 (compatible; YandexBot/3.0; +http://yandex.com/bots)"
141.8.147.12 - - [05/Oct/2013:16:06:44 +0200] "GET / HTTP/1.1" 200 1244 "-" "Mozilla/5.0 (compatible; YandexBot/3.0; +http://yandex.com/bots)"
66.249.78.102 - - [07/Oct/2013:19:43:48 +0200] "GET /robots.txt HTTP/1.1" 404 - "-" "Mozilla/5.0 (compatible; Googlebot/2.1; +http://www.google.com/bot.html)"
66.249.78.102 - - [07/Oct/2013:19:43:48 +0200] "GET / HTTP/1.1" 200 1244 "-" "Mozilla/5.0 (compatible; Googlebot/2.1; +http://www.google.com/bot.html)"
66.249.78.102 - - [08/Oct/2013:13:20:14 +0200] "GET /robots.txt HTTP/1.1" 404 - "-" "Mozilla/5.0 (compatible; Googlebot/2.1; +http://www.google.com/bot.html)"
66.249.78.102 - - [08/Oct/2013:13:20:14 +0200] "GET /livezilla/livezilla.php?template=lz_chat_frame.1.0 HTTP/1.1" 200 344 "-" "Mozilla/5.0 (compatible; Googlebot/2.1; +http://www.google.com/bot.html)"
66.249.78.102 - - [08/Oct/2013:13:28:49 +0200] "GET /livezilla/templates/style.css HTTP/1.1" 200 9496 "-" "Mozilla/5.0 (compatible; Googlebot/2.1; +http://www.google.com/bot.html)"
66.249.78.102 - - [08/Oct/2013:16:05:43 +0200] "GET /livezilla/livezilla.php?template=lz_chat_frame.4.1 HTTP/1.1" 200 578 "-" "Mozilla/5.0 (compatible; Googlebot/2.1; +http://www.google.com/bot.html)"
66.249.78.102 - - [08/Oct/2013:16:30:43 +0200] "GET /livezilla/livezilla.php?template=lz_chat_frame.0.2 HTTP/1.1" 200 321 "-" "Mozilla/5.0 (compatible; Googlebot/2.1; +http://www.google.com/bot.html)"
66.249.78.102 - - [08/Oct/2013:17:00:44 +0200] "GET /livezilla/livezilla.php?template=lz_chat_frame.2.0 HTTP/1.1" 200 344 "-" "Mozilla/5.0 (compatible; Googlebot/2.1; +http://www.google.com/bot.html)"
66.249.78.102 - - [08/Oct/2013:20:51:15 +0200] "GET /livezilla/images/button_close.gif HTTP/1.1" 304 - "-" "Googlebot-Image/1.0"
66.249.78.102 - - [09/Oct/2013:04:05:50 +0200] "GET /robots.txt HTTP/1.1" 404 - "-" "Mozilla/5.0 (compatible; Googlebot/2.1; +http://www.google.com/bot.html)"
66.249.78.102 - - [09/Oct/2013:04:05:51 +0200] "GET /livezilla/images/button_close.gif HTTP/1.1" 304 - "-" "Googlebot-Image/1.0"
66.249.78.102 - - [11/Oct/2013:02:47:00 +0200] "GET /robots.txt HTTP/1.1" 404 - "-" "Mozilla/5.0 (compatible; Googlebot/2.1; +http://www.google.com/bot.html)"
66.249.78.102 - - [11/Oct/2013:02:47:00 +0200] "GET / HTTP/1.1" 200 1244 "-" "Mozilla/5.0 (compatible; Googlebot/2.1; +http://www.google.com/bot.html)"
66.249.78.102 - - [11/Oct/2013:03:27:49 +0200] "GET /livezilla/livezilla.php HTTP/1.1" 200 90048 "-" "Mozilla/5.0 (compatible; Googlebot/2.1; +http://www.google.com/bot.html)"
141.8.147.12 - - [11/Oct/2013:06:16:59 +0200] "GET /robots.txt HTTP/1.1" 404 - "-" "Mozilla/5.0 (compatible; YandexBot/3.0; +http://yandex.com/bots)"
66.249.78.102 - - [11/Oct/2013:07:41:23 +0200] "GET /livezilla/livezilla.php?template=lz_chat_frame.0.2 HTTP/1.1" 200 321 "-" "Mozilla/5.0 (compatible; Googlebot/2.1; +http://www.google.com/bot.html)"
66.249.78.102 - - [11/Oct/2013:07:41:24 +0200] "GET /livezilla/livezilla.php?template=lz_chat_frame.1.0 HTTP/1.1" 200 344 "-" "Mozilla/5.0 (compatible; Googlebot/2.1; +http://www.google.com/bot.html)"
66.249.78.102 - - [11/Oct/2013:07:41:25 +0200] "GET /livezilla/livezilla.php?template=lz_chat_frame.2.0 HTTP/1.1" 200 344 "-" "Mozilla/5.0 (compatible; Googlebot/2.1; +http://www.google.com/bot.html)"
66.249.78.102 - - [11/Oct/2013:07:41:25 +0200] "GET /livezilla/livezilla.php?template=lz_chat_frame.0.1 HTTP/1.1" 200 343 "-" "Mozilla/5.0 (compatible; Googlebot/2.1; +http://www.google.com/bot.html)"
66.249.78.102 - - [11/Oct/2013:07:41:26 +0200] "GET /livezilla/livezilla.php?template=lz_chat_frame.1.1& HTTP/1.1" 200 2385 "-" "Mozilla/5.0 (compatible; Googlebot/2.1; +http://www.google.com/bot.html)"
66.249.78.102 - - [11/Oct/2013:07:41:26 +0200] "GET /livezilla/livezilla.php?template=lz_chat_frame.1.2 HTTP/1.1" 200 345 "-" "Mozilla/5.0 (compatible; Googlebot/2.1; +http://www.google.com/bot.html)"
66.249.78.102 - - [11/Oct/2013:07:41:27 +0200] "GET /livezilla/livezilla.php?template=lz_chat_frame.3.2.login& HTTP/1.1" 200 1105 "-" "Mozilla/5.0 (compatible; Googlebot/2.1; +http://www.google.com/bot.html)"
66.249.78.102 - - [11/Oct/2013:07:41:27 +0200] "GET /livezilla/livezilla.php?template=lz_chat_frame.0.0 HTTP/1.1" 200 338 "-" "Mozilla/5.0 (compatible; Googlebot/2.1; +http://www.google.com/bot.html)"
66.249.78.102 - - [11/Oct/2013:07:41:28 +0200] "GET /livezilla/livezilla.php?template=lz_chat_frame.3.3 HTTP/1.1" 200 321 "-" "Mozilla/5.0 (compatible; Googlebot/2.1; +http://www.google.com/bot.html)"
66.249.78.102 - - [11/Oct/2013:07:41:29 +0200] "GET /livezilla/livezilla.php?template=lz_chat_frame.5.1 HTTP/1.1" 200 345 "-" "Mozilla/5.0 (compatible; Googlebot/2.1; +http://www.google.com/bot.html)"
66.249.78.102 - - [11/Oct/2013:07:41:29 +0200] "GET /livezilla/livezilla.php?template=lz_chat_frame.3.0 HTTP/1.1" 200 321 "-" "Mozilla/5.0 (compatible; Googlebot/2.1; +http://www.google.com/bot.html)"
66.249.78.102 - - [11/Oct/2013:07:41:30 +0200] "GET /livezilla/livezilla.php?template=lz_chat_frame.3.2.login.2.0 HTTP/1.1" 200 361 "-" "Mozilla/5.0 (compatible; Googlebot/2.1; +http://www.google.com/bot.html)"
66.249.78.102 - - [11/Oct/2013:07:41:31 +0200] "GET /livezilla/livezilla.php?template=lz_chat_frame.3.2.login.0.0 HTTP/1.1" 200 1384 "-" "Mozilla/5.0 (compatible; Googlebot/2.1; +http://www.google.com/bot.html)"
66.249.78.102 - - [11/Oct/2013:07:41:31 +0200] "GET /livezilla/livezilla.php?template=lz_chat_frame.4.1 HTTP/1.1" 200 578 "-" "Mozilla/5.0 (compatible; Googlebot/2.1; +http://www.google.com/bot.html)"
66.249.78.102 - - [11/Oct/2013:07:41:32 +0200] "GET /livezilla/livezilla.php?template=lz_chat_frame.3.2.login.1.0& HTTP/1.1" 200 3689 "-" "Mozilla/5.0 (compatible; Googlebot/2.1; +http://www.google.com/bot.html)"
66.249.78.102 - - [11/Oct/2013:09:12:14 +0200] "GET /livezilla/templates/style.css HTTP/1.1" 200 9496 "-" "Mozilla/5.0 (compatible; Googlebot/2.1; +http://www.google.com/bot.html)"
141.8.147.12 - - [11/Oct/2013:10:08:15 +0200] "GET / HTTP/1.1" 200 1244 "-" "Mozilla/5.0 (compatible; YandexBot/3.0; +http://yandex.com/bots)"
66.249.78.102 - - [15/Oct/2013:03:33:08 +0200] "GET /robots.txt HTTP/1.1" 404 - "-" "Mozilla/5.0 (compatible; Googlebot/2.1; +http://www.google.com/bot.html)"
66.249.78.102 - - [15/Oct/2013:03:33:08 +0200] "GET /livezilla/images/carrier_logo.gif HTTP/1.1" 404 - "-" "Googlebot-Image/1.0"
66.249.78.102 - - [16/Oct/2013:07:43:09 +0200] "GET /robots.txt HTTP/1.1" 404 - "-" "Mozilla/5.0 (compatible; Googlebot/2.1; +http://www.google.com/bot.html)"
66.249.78.102 - - [16/Oct/2013:07:43:09 +0200] "GET /livezilla/livezilla.php?template=lz_chat_frame.0.0 HTTP/1.1" 200 338 "-" "Mozilla/5.0 (compatible; Googlebot/2.1; +http://www.google.com/bot.html)"
66.249.78.102 - - [17/Oct/2013:00:17:23 +0200] "GET /robots.txt HTTP/1.1" 404 - "-" "Mozilla/5.0 (compatible; Googlebot/2.1; +http://www.google.com/bot.html)"
66.249.78.102 - - [17/Oct/2013:00:17:23 +0200] "GET /livezilla/templates/style.css HTTP/1.1" 200 9496 "http://chat.f-m-shop.de/livezilla/livezilla.php?template=lz_chat_frame.0.0" "Mozilla/5.0 (compatible; Googlebot/2.1; +http://www.google.com/bot.html)"
141.8.147.12 - - [17/Oct/2013:20:36:09 +0200] "GET /robots.txt HTTP/1.1" 404 - "-" "Mozilla/5.0 (compatible; YandexBot/3.0; +http://yandex.com/bots)"
141.8.147.12 - - [18/Oct/2013:02:20:05 +0200] "GET / HTTP/1.1" 200 1244 "-" "Mozilla/5.0 (compatible; YandexBot/3.0; +http://yandex.com/bots)"
141.8.147.12 - - [18/Oct/2013:08:32:52 +0200] "GET /robots.txt HTTP/1.1" 404 - "-" "Mozilla/5.0 (compatible; YandexBot/3.0; +http://yandex.com/bots)"
66.249.78.102 - - [18/Oct/2013:14:16:01 +0200] "GET /robots.txt HTTP/1.1" 404 - "-" "Mozilla/5.0 (compatible; Googlebot/2.1; +http://www.google.com/bot.html)"
66.249.78.102 - - [18/Oct/2013:14:16:01 +0200] "GET /ekzqqywztbrtjf.html HTTP/1.1" 404 - "-" "Mozilla/5.0 (compatible; Googlebot/2.1; +http://www.google.com/bot.html)"
66.249.78.102 - - [19/Oct/2013:00:31:41 +0200] "GET /livezilla/images/button_s1.gif HTTP/1.1" 304 - "-" "Googlebot-Image/1.0"
66.249.78.102 - - [21/Oct/2013:04:05:25 +0200] "GET /robots.txt HTTP/1.1" 404 - "-" "Mozilla/5.0 (compatible; Googlebot/2.1; +http://www.google.com/bot.html)"
66.249.78.102 - - [21/Oct/2013:04:05:26 +0200] "GET / HTTP/1.1" 200 1244 "-" "Mozilla/5.0 (compatible; Googlebot/2.1; +http://www.google.com/bot.html)"
141.8.147.12 - - [25/Oct/2013:19:53:05 +0200] "GET /robots.txt HTTP/1.1" 404 - "-" "Mozilla/5.0 (compatible; YandexBot/3.0; +http://yandex.com/bots)"
141.8.147.12 - - [26/Oct/2013:03:21:01 +0200] "GET / HTTP/1.1" 200 1244 "-" "Mozilla/5.0 (compatible; YandexBot/3.0; +http://yandex.com/bots)"
66.249.78.102 - - [28/Oct/2013:19:23:55 +0100] "GET /robots.txt HTTP/1.1" 404 - "-" "Mozilla/5.0 (compatible; Googlebot/2.1; +http://www.google.com/bot.html)"
66.249.78.102 - - [28/Oct/2013:19:23:56 +0100] "GET /livezilla/livezilla.php?template=lz_chat_frame.3.2.login.0.0 HTTP/1.1" 200 1384 "-" "Mozilla/5.0 (compatible; Googlebot/2.1; +http://www.google.com/bot.html)"
141.8.147.12 - - [29/Oct/2013:21:30:36 +0100] "GET /robots.txt HTTP/1.1" 404 - "-" "Mozilla/5.0 (compatible; YandexBot/3.0; +http://yandex.com/bots)"
66.249.78.102 - - [30/Oct/2013:01:26:41 +0100] "GET /robots.txt HTTP/1.1" 404 - "-" "Mozilla/5.0 (compatible; Googlebot/2.1; +http://www.google.com/bot.html)"
66.249.78.102 - - [30/Oct/2013:01:26:41 +0100] "GET /livezilla/templates/style.css HTTP/1.1" 200 9496 "-" "Mozilla/5.0 (compatible; Googlebot/2.1; +http://www.google.com/bot.html)"
141.8.147.12 - - [30/Oct/2013:02:10:29 +0100] "GET / HTTP/1.1" 200 1244 "-" "Mozilla/5.0 (compatible; YandexBot/3.0; +http://yandex.com/bots)"
66.249.78.102 - - [31/Oct/2013:08:41:56 +0100] "GET /robots.txt HTTP/1.1" 404 - "-" "Mozilla/5.0 (compatible; Googlebot/2.1; +http://www.google.com/bot.html)"
66.249.78.102 - - [31/Oct/2013:08:41:56 +0100] "GET /livezilla/images/file_upload_success.gif HTTP/1.1" 404 - "-" "Googlebot-Image/1.0"
66.249.78.102 - - [31/Oct/2013:14:57:11 +0100] "GET /xrqetrcxer.html HTTP/1.1" 404 - "-" "Mozilla/5.0 (compatible; Googlebot/2.1; +http://www.google.com/bot.html)"
66.249.78.102 - - [31/Oct/2013:18:46:27 +0100] "GET / HTTP/1.1" 200 1244 "-" "Mozilla/5.0 (compatible; Googlebot/2.1; +http://www.google.com/bot.html)"