178.154.179.250 - - [01/Oct/2012:16:24:08 +0200] "GET /robots.txt HTTP/1.1" 404 - "-" "Mozilla/5.0 (compatible; YandexBot/3.0; +http://yandex.com/bots)"
178.154.179.250 - - [01/Oct/2012:17:39:53 +0200] "GET / HTTP/1.1" 200 1244 "-" "Mozilla/5.0 (compatible; YandexBot/3.0; +http://yandex.com/bots)"
66.249.76.102 - - [02/Oct/2012:17:42:17 +0200] "GET /robots.txt HTTP/1.1" 404 - "-" "Mozilla/5.0 (compatible; Googlebot/2.1; +http://www.google.com/bot.html)"
66.249.76.102 - - [02/Oct/2012:17:42:17 +0200] "GET / HTTP/1.1" 200 1244 "-" "Mozilla/5.0 (compatible; Googlebot/2.1; +http://www.google.com/bot.html)"
5.9.25.69 - - [04/Oct/2012:12:06:12 +0200] "GET /robots.txt HTTP/1.1" 404 - "-" "Mozilla/4.0 (compatible; MSIE 7.0; Windows NT 6.0; WOW64; Trident/4.0; BTRS124307; SLCC1; .NET CLR 2.0.50727; Media Center PC 5.0; .NET CLR 3.5.21022; .NET CLR 3.5.30729; .NET CLR 3.0.30618; InfoPath.2; .NET4.0C; eMusic DLM/4; .NET CLR 1.1.4322; .NET4.0E;"
5.9.25.69 - - [04/Oct/2012:12:06:12 +0200] "GET /livezilla/livezilla.php HTTP/1.1" 200 90046 "-" "Mozilla/4.0 (compatible; MSIE 7.0; Windows NT 6.0; WOW64; Trident/4.0; BTRS124307; SLCC1; .NET CLR 2.0.50727; Media Center PC 5.0; .NET CLR 3.5.21022; .NET CLR 3.5.30729; .NET CLR 3.0.30618; InfoPath.2; .NET4.0C; eMusic DLM/4; .NET CLR 1.1.4322; .NET4.0E;"
178.154.179.250 - - [05/Oct/2012:07:42:06 +0200] "GET /robots.txt HTTP/1.1" 404 - "-" "Mozilla/5.0 (compatible; YandexBot/3.0; +http://yandex.com/bots)"
178.154.179.250 - - [05/Oct/2012:20:14:40 +0200] "GET /robots.txt HTTP/1.1" 404 - "-" "Mozilla/5.0 (compatible; YandexBot/3.0; +http://yandex.com/bots)"
5.9.25.75 - - [05/Oct/2012:21:43:33 +0200] "GET /robots.txt HTTP/1.1" 404 - "-" "Mozilla/4.0 (compatible; MSIE 7.0; Windows NT 6.0; WOW64; Trident/4.0; BTRS124307; SLCC1; .NET CLR 2.0.50727; Media Center PC 5.0; .NET CLR 3.5.21022; .NET CLR 3.5.30729; .NET CLR 3.0.30618; InfoPath.2; .NET4.0C; eMusic DLM/4; .NET CLR 1.1.4322; .NET4.0E;"
5.9.25.75 - - [05/Oct/2012:21:43:33 +0200] "GET /livezilla/livezilla.php?template=lz_chat_frame.3.3 HTTP/1.1" 200 321 "-" "Mozilla/4.0 (compatible; MSIE 7.0; Windows NT 6.0; WOW64; Trident/4.0; BTRS124307; SLCC1; .NET CLR 2.0.50727; Media Center PC 5.0; .NET CLR 3.5.21022; .NET CLR 3.5.30729; .NET CLR 3.0.30618; InfoPath.2; .NET4.0C; eMusic DLM/4; .NET CLR 1.1.4322; .NET4.0E;"
178.154.179.250 - - [05/Oct/2012:22:42:38 +0200] "GET / HTTP/1.1" 200 1244 "-" "Mozilla/5.0 (compatible; YandexBot/3.0; +http://yandex.com/bots)"
5.9.25.69 - - [05/Oct/2012:22:43:08 +0200] "GET /robots.txt HTTP/1.1" 404 - "-" "Mozilla/4.0 (compatible; MSIE 7.0; Windows NT 6.0; WOW64; Trident/4.0; BTRS124307; SLCC1; .NET CLR 2.0.50727; Media Center PC 5.0; .NET CLR 3.5.21022; .NET CLR 3.5.30729; .NET CLR 3.0.30618; InfoPath.2; .NET4.0C; eMusic DLM/4; .NET CLR 1.1.4322; .NET4.0E;"
5.9.25.69 - - [05/Oct/2012:22:43:08 +0200] "GET /livezilla/livezilla.php?template=lz_chat_frame.1.0 HTTP/1.1" 200 344 "-" "Mozilla/4.0 (compatible; MSIE 7.0; Windows NT 6.0; WOW64; Trident/4.0; BTRS124307; SLCC1; .NET CLR 2.0.50727; Media Center PC 5.0; .NET CLR 3.5.21022; .NET CLR 3.5.30729; .NET CLR 3.0.30618; InfoPath.2; .NET4.0C; eMusic DLM/4; .NET CLR 1.1.4322; .NET4.0E;"
5.9.25.70 - - [05/Oct/2012:23:02:53 +0200] "GET /robots.txt HTTP/1.1" 404 - "-" "Mozilla/4.0 (compatible; MSIE 7.0; Windows NT 6.0; WOW64; Trident/4.0; BTRS124307; SLCC1; .NET CLR 2.0.50727; Media Center PC 5.0; .NET CLR 3.5.21022; .NET CLR 3.5.30729; .NET CLR 3.0.30618; InfoPath.2; .NET4.0C; eMusic DLM/4; .NET CLR 1.1.4322; .NET4.0E;"
5.9.25.70 - - [05/Oct/2012:23:02:54 +0200] "GET /livezilla/livezilla.php?template=lz_chat_frame.1.1 HTTP/1.1" 200 2385 "-" "Mozilla/4.0 (compatible; MSIE 7.0; Windows NT 6.0; WOW64; Trident/4.0; BTRS124307; SLCC1; .NET CLR 2.0.50727; Media Center PC 5.0; .NET CLR 3.5.21022; .NET CLR 3.5.30729; .NET CLR 3.0.30618; InfoPath.2; .NET4.0C; eMusic DLM/4; .NET CLR 1.1.4322; .NET4.0E;"
5.9.25.78 - - [05/Oct/2012:23:33:05 +0200] "GET /robots.txt HTTP/1.1" 404 - "-" "Mozilla/4.0 (compatible; MSIE 7.0; Windows NT 6.0; WOW64; Trident/4.0; BTRS124307; SLCC1; .NET CLR 2.0.50727; Media Center PC 5.0; .NET CLR 3.5.21022; .NET CLR 3.5.30729; .NET CLR 3.0.30618; InfoPath.2; .NET4.0C; eMusic DLM/4; .NET CLR 1.1.4322; .NET4.0E;"
5.9.25.78 - - [05/Oct/2012:23:33:05 +0200] "GET /livezilla/livezilla.php?template=lz_chat_frame.3.2.login HTTP/1.1" 200 1105 "-" "Mozilla/4.0 (compatible; MSIE 7.0; Windows NT 6.0; WOW64; Trident/4.0; BTRS124307; SLCC1; .NET CLR 2.0.50727; Media Center PC 5.0; .NET CLR 3.5.21022; .NET CLR 3.5.30729; .NET CLR 3.0.30618; InfoPath.2; .NET4.0C; eMusic DLM/4; .NET CLR 1.1.4322; .NET4.0E;"
5.9.25.81 - - [06/Oct/2012:00:12:24 +0200] "GET /robots.txt HTTP/1.1" 404 - "-" "Mozilla/4.0 (compatible; MSIE 7.0; Windows NT 6.0; WOW64; Trident/4.0; BTRS124307; SLCC1; .NET CLR 2.0.50727; Media Center PC 5.0; .NET CLR 3.5.21022; .NET CLR 3.5.30729; .NET CLR 3.0.30618; InfoPath.2; .NET4.0C; eMusic DLM/4; .NET CLR 1.1.4322; .NET4.0E;"
5.9.25.81 - - [06/Oct/2012:00:12:24 +0200] "GET /livezilla/livezilla.php?template=lz_chat_frame.5.1 HTTP/1.1" 200 345 "-" "Mozilla/4.0 (compatible; MSIE 7.0; Windows NT 6.0; WOW64; Trident/4.0; BTRS124307; SLCC1; .NET CLR 2.0.50727; Media Center PC 5.0; .NET CLR 3.5.21022; .NET CLR 3.5.30729; .NET CLR 3.0.30618; InfoPath.2; .NET4.0C; eMusic DLM/4; .NET CLR 1.1.4322; .NET4.0E;"
5.9.25.83 - - [06/Oct/2012:02:44:39 +0200] "GET /robots.txt HTTP/1.1" 404 - "-" "Mozilla/4.0 (compatible; MSIE 7.0; Windows NT 6.0; WOW64; Trident/4.0; BTRS124307; SLCC1; .NET CLR 2.0.50727; Media Center PC 5.0; .NET CLR 3.5.21022; .NET CLR 3.5.30729; .NET CLR 3.0.30618; InfoPath.2; .NET4.0C; eMusic DLM/4; .NET CLR 1.1.4322; .NET4.0E;"
5.9.25.83 - - [06/Oct/2012:02:44:39 +0200] "GET /livezilla/livezilla.php?template=lz_chat_frame.3.0 HTTP/1.1" 200 321 "-" "Mozilla/4.0 (compatible; MSIE 7.0; Windows NT 6.0; WOW64; Trident/4.0; BTRS124307; SLCC1; .NET CLR 2.0.50727; Media Center PC 5.0; .NET CLR 3.5.21022; .NET CLR 3.5.30729; .NET CLR 3.0.30618; InfoPath.2; .NET4.0C; eMusic DLM/4; .NET CLR 1.1.4322; .NET4.0E;"
5.9.25.79 - - [06/Oct/2012:03:56:42 +0200] "GET /robots.txt HTTP/1.1" 404 - "-" "Mozilla/4.0 (compatible; MSIE 7.0; Windows NT 6.0; WOW64; Trident/4.0; BTRS124307; SLCC1; .NET CLR 2.0.50727; Media Center PC 5.0; .NET CLR 3.5.21022; .NET CLR 3.5.30729; .NET CLR 3.0.30618; InfoPath.2; .NET4.0C; eMusic DLM/4; .NET CLR 1.1.4322; .NET4.0E;"
5.9.25.79 - - [06/Oct/2012:03:56:42 +0200] "GET /livezilla/templates/nojava.html HTTP/1.1" 200 1088 "-" "Mozilla/4.0 (compatible; MSIE 7.0; Windows NT 6.0; WOW64; Trident/4.0; BTRS124307; SLCC1; .NET CLR 2.0.50727; Media Center PC 5.0; .NET CLR 3.5.21022; .NET CLR 3.5.30729; .NET CLR 3.0.30618; InfoPath.2; .NET4.0C; eMusic DLM/4; .NET CLR 1.1.4322; .NET4.0E;"
5.9.25.77 - - [06/Oct/2012:04:22:54 +0200] "GET /robots.txt HTTP/1.1" 404 - "-" "Mozilla/4.0 (compatible; MSIE 7.0; Windows NT 6.0; WOW64; Trident/4.0; BTRS124307; SLCC1; .NET CLR 2.0.50727; Media Center PC 5.0; .NET CLR 3.5.21022; .NET CLR 3.5.30729; .NET CLR 3.0.30618; InfoPath.2; .NET4.0C; eMusic DLM/4; .NET CLR 1.1.4322; .NET4.0E;"
5.9.25.77 - - [06/Oct/2012:04:22:54 +0200] "GET /livezilla/livezilla.php?template=lz_chat_frame.2.2 HTTP/1.1" 200 345 "-" "Mozilla/4.0 (compatible; MSIE 7.0; Windows NT 6.0; WOW64; Trident/4.0; BTRS124307; SLCC1; .NET CLR 2.0.50727; Media Center PC 5.0; .NET CLR 3.5.21022; .NET CLR 3.5.30729; .NET CLR 3.0.30618; InfoPath.2; .NET4.0C; eMusic DLM/4; .NET CLR 1.1.4322; .NET4.0E;"
5.9.25.84 - - [06/Oct/2012:21:37:25 +0200] "GET /robots.txt HTTP/1.1" 404 - "-" "Mozilla/4.0 (compatible; MSIE 7.0; Windows NT 6.0; WOW64; Trident/4.0; BTRS124307; SLCC1; .NET CLR 2.0.50727; Media Center PC 5.0; .NET CLR 3.5.21022; .NET CLR 3.5.30729; .NET CLR 3.0.30618; InfoPath.2; .NET4.0C; eMusic DLM/4; .NET CLR 1.1.4322; .NET4.0E;"
5.9.25.84 - - [06/Oct/2012:21:37:25 +0200] "GET /livezilla/images/carrier_logo.gif HTTP/1.1" 404 - "-" "Mozilla/4.0 (compatible; MSIE 7.0; Windows NT 6.0; WOW64; Trident/4.0; BTRS124307; SLCC1; .NET CLR 2.0.50727; Media Center PC 5.0; .NET CLR 3.5.21022; .NET CLR 3.5.30729; .NET CLR 3.0.30618; InfoPath.2; .NET4.0C; eMusic DLM/4; .NET CLR 1.1.4322; .NET4.0E;"
5.9.25.70 - - [07/Oct/2012:05:37:17 +0200] "GET /robots.txt HTTP/1.1" 404 - "-" "Mozilla/4.0 (compatible; MSIE 7.0; Windows NT 6.0; WOW64; Trident/4.0; BTRS124307; SLCC1; .NET CLR 2.0.50727; Media Center PC 5.0; .NET CLR 3.5.21022; .NET CLR 3.5.30729; .NET CLR 3.0.30618; InfoPath.2; .NET4.0C; eMusic DLM/4; .NET CLR 1.1.4322; .NET4.0E;"
5.9.25.70 - - [07/Oct/2012:05:37:17 +0200] "GET /livezilla/livezilla.php?template=lz_chat_frame.3.2.login.0.0 HTTP/1.1" 200 1384 "-" "Mozilla/4.0 (compatible; MSIE 7.0; Windows NT 6.0; WOW64; Trident/4.0; BTRS124307; SLCC1; .NET CLR 2.0.50727; Media Center PC 5.0; .NET CLR 3.5.21022; .NET CLR 3.5.30729; .NET CLR 3.0.30618; InfoPath.2; .NET4.0C; eMusic DLM/4; .NET CLR 1.1.4322; .NET4.0E;"
5.9.25.75 - - [07/Oct/2012:08:04:36 +0200] "GET /robots.txt HTTP/1.1" 404 - "-" "Mozilla/4.0 (compatible; MSIE 7.0; Windows NT 6.0; WOW64; Trident/4.0; BTRS124307; SLCC1; .NET CLR 2.0.50727; Media Center PC 5.0; .NET CLR 3.5.21022; .NET CLR 3.5.30729; .NET CLR 3.0.30618; InfoPath.2; .NET4.0C; eMusic DLM/4; .NET CLR 1.1.4322; .NET4.0E;"
5.9.25.75 - - [07/Oct/2012:08:04:36 +0200] "GET /livezilla/livezilla.php?template=lz_chat_frame.3.2.login.2.0 HTTP/1.1" 200 361 "-" "Mozilla/4.0 (compatible; MSIE 7.0; Windows NT 6.0; WOW64; Trident/4.0; BTRS124307; SLCC1; .NET CLR 2.0.50727; Media Center PC 5.0; .NET CLR 3.5.21022; .NET CLR 3.5.30729; .NET CLR 3.0.30618; InfoPath.2; .NET4.0C; eMusic DLM/4; .NET CLR 1.1.4322; .NET4.0E;"
5.9.25.69 - - [07/Oct/2012:11:26:48 +0200] "GET /robots.txt HTTP/1.1" 404 - "-" "Mozilla/4.0 (compatible; MSIE 7.0; Windows NT 6.0; WOW64; Trident/4.0; BTRS124307; SLCC1; .NET CLR 2.0.50727; Media Center PC 5.0; .NET CLR 3.5.21022; .NET CLR 3.5.30729; .NET CLR 3.0.30618; InfoPath.2; .NET4.0C; eMusic DLM/4; .NET CLR 1.1.4322; .NET4.0E;"
5.9.25.69 - - [07/Oct/2012:11:26:48 +0200] "GET /livezilla/intern_images/nopic.jpg HTTP/1.1" 200 3599 "-" "Mozilla/4.0 (compatible; MSIE 7.0; Windows NT 6.0; WOW64; Trident/4.0; BTRS124307; SLCC1; .NET CLR 2.0.50727; Media Center PC 5.0; .NET CLR 3.5.21022; .NET CLR 3.5.30729; .NET CLR 3.0.30618; InfoPath.2; .NET4.0C; eMusic DLM/4; .NET CLR 1.1.4322; .NET4.0E;"
5.9.25.82 - - [07/Oct/2012:11:55:11 +0200] "GET /robots.txt HTTP/1.1" 404 - "-" "Mozilla/4.0 (compatible; MSIE 7.0; Windows NT 6.0; WOW64; Trident/4.0; BTRS124307; SLCC1; .NET CLR 2.0.50727; Media Center PC 5.0; .NET CLR 3.5.21022; .NET CLR 3.5.30729; .NET CLR 3.0.30618; InfoPath.2; .NET4.0C; eMusic DLM/4; .NET CLR 1.1.4322; .NET4.0E;"
5.9.25.82 - - [07/Oct/2012:11:55:11 +0200] "GET /livezilla/images/icon_typing.gif HTTP/1.1" 200 1106 "-" "Mozilla/4.0 (compatible; MSIE 7.0; Windows NT 6.0; WOW64; Trident/4.0; BTRS124307; SLCC1; .NET CLR 2.0.50727; Media Center PC 5.0; .NET CLR 3.5.21022; .NET CLR 3.5.30729; .NET CLR 3.0.30618; InfoPath.2; .NET4.0C; eMusic DLM/4; .NET CLR 1.1.4322; .NET4.0E;"
5.9.25.81 - - [07/Oct/2012:12:15:53 +0200] "GET /robots.txt HTTP/1.1" 404 - "-" "Mozilla/4.0 (compatible; MSIE 7.0; Windows NT 6.0; WOW64; Trident/4.0; BTRS124307; SLCC1; .NET CLR 2.0.50727; Media Center PC 5.0; .NET CLR 3.5.21022; .NET CLR 3.5.30729; .NET CLR 3.0.30618; InfoPath.2; .NET4.0C; eMusic DLM/4; .NET CLR 1.1.4322; .NET4.0E;"
5.9.25.81 - - [07/Oct/2012:12:15:53 +0200] "GET /livezilla/images/lz_header.gif HTTP/1.1" 200 7285 "-" "Mozilla/4.0 (compatible; MSIE 7.0; Windows NT 6.0; WOW64; Trident/4.0; BTRS124307; SLCC1; .NET CLR 2.0.50727; Media Center PC 5.0; .NET CLR 3.5.21022; .NET CLR 3.5.30729; .NET CLR 3.0.30618; InfoPath.2; .NET4.0C; eMusic DLM/4; .NET CLR 1.1.4322; .NET4.0E;"
5.9.25.69 - - [08/Oct/2012:12:36:05 +0200] "GET /robots.txt HTTP/1.1" 404 - "-" "Mozilla/4.0 (compatible; MSIE 7.0; Windows NT 6.0; WOW64; Trident/4.0; BTRS124307; SLCC1; .NET CLR 2.0.50727; Media Center PC 5.0; .NET CLR 3.5.21022; .NET CLR 3.5.30729; .NET CLR 3.0.30618; InfoPath.2; .NET4.0C; eMusic DLM/4; .NET CLR 1.1.4322; .NET4.0E;"
5.9.25.69 - - [08/Oct/2012:12:36:05 +0200] "GET /livezilla/livezilla.php?template=lz_chat_frame.1.2 HTTP/1.1" 200 345 "-" "Mozilla/4.0 (compatible; MSIE 7.0; Windows NT 6.0; WOW64; Trident/4.0; BTRS124307; SLCC1; .NET CLR 2.0.50727; Media Center PC 5.0; .NET CLR 3.5.21022; .NET CLR 3.5.30729; .NET CLR 3.0.30618; InfoPath.2; .NET4.0C; eMusic DLM/4; .NET CLR 1.1.4322; .NET4.0E;"
5.9.25.81 - - [08/Oct/2012:13:55:08 +0200] "GET /robots.txt HTTP/1.1" 404 - "-" "Mozilla/4.0 (compatible; MSIE 7.0; Windows NT 6.0; WOW64; Trident/4.0; BTRS124307; SLCC1; .NET CLR 2.0.50727; Media Center PC 5.0; .NET CLR 3.5.21022; .NET CLR 3.5.30729; .NET CLR 3.0.30618; InfoPath.2; .NET4.0C; eMusic DLM/4; .NET CLR 1.1.4322; .NET4.0E;"
5.9.25.81 - - [08/Oct/2012:13:55:08 +0200] "GET /livezilla/livezilla.php?template=lz_chat_frame.3.2.login.1.0 HTTP/1.1" 200 3689 "-" "Mozilla/4.0 (compatible; MSIE 7.0; Windows NT 6.0; WOW64; Trident/4.0; BTRS124307; SLCC1; .NET CLR 2.0.50727; Media Center PC 5.0; .NET CLR 3.5.21022; .NET CLR 3.5.30729; .NET CLR 3.0.30618; InfoPath.2; .NET4.0C; eMusic DLM/4; .NET CLR 1.1.4322; .NET4.0E;"
5.9.25.84 - - [08/Oct/2012:17:49:13 +0200] "GET /robots.txt HTTP/1.1" 404 - "-" "Mozilla/4.0 (compatible; MSIE 7.0; Windows NT 6.0; WOW64; Trident/4.0; BTRS124307; SLCC1; .NET CLR 2.0.50727; Media Center PC 5.0; .NET CLR 3.5.21022; .NET CLR 3.5.30729; .NET CLR 3.0.30618; InfoPath.2; .NET4.0C; eMusic DLM/4; .NET CLR 1.1.4322; .NET4.0E;"
5.9.25.84 - - [08/Oct/2012:17:49:13 +0200] "GET /livezilla/images/chat_bg_navigation_right.gif HTTP/1.1" 200 675 "-" "Mozilla/4.0 (compatible; MSIE 7.0; Windows NT 6.0; WOW64; Trident/4.0; BTRS124307; SLCC1; .NET CLR 2.0.50727; Media Center PC 5.0; .NET CLR 3.5.21022; .NET CLR 3.5.30729; .NET CLR 3.0.30618; InfoPath.2; .NET4.0C; eMusic DLM/4; .NET CLR 1.1.4322; .NET4.0E;"
5.9.25.83 - - [08/Oct/2012:18:08:38 +0200] "GET /robots.txt HTTP/1.1" 404 - "-" "Mozilla/4.0 (compatible; MSIE 7.0; Windows NT 6.0; WOW64; Trident/4.0; BTRS124307; SLCC1; .NET CLR 2.0.50727; Media Center PC 5.0; .NET CLR 3.5.21022; .NET CLR 3.5.30729; .NET CLR 3.0.30618; InfoPath.2; .NET4.0C; eMusic DLM/4; .NET CLR 1.1.4322; .NET4.0E;"
5.9.25.83 - - [08/Oct/2012:18:08:38 +0200] "GET /livezilla/images/button_fav.gif HTTP/1.1" 200 1344 "-" "Mozilla/4.0 (compatible; MSIE 7.0; Windows NT 6.0; WOW64; Trident/4.0; BTRS124307; SLCC1; .NET CLR 2.0.50727; Media Center PC 5.0; .NET CLR 3.5.21022; .NET CLR 3.5.30729; .NET CLR 3.0.30618; InfoPath.2; .NET4.0C; eMusic DLM/4; .NET CLR 1.1.4322; .NET4.0E;"
5.9.25.77 - - [08/Oct/2012:18:54:38 +0200] "GET /robots.txt HTTP/1.1" 404 - "-" "Mozilla/4.0 (compatible; MSIE 7.0; Windows NT 6.0; WOW64; Trident/4.0; BTRS124307; SLCC1; .NET CLR 2.0.50727; Media Center PC 5.0; .NET CLR 3.5.21022; .NET CLR 3.5.30729; .NET CLR 3.0.30618; InfoPath.2; .NET4.0C; eMusic DLM/4; .NET CLR 1.1.4322; .NET4.0E;"
5.9.25.77 - - [08/Oct/2012:18:54:38 +0200] "GET /livezilla/images/button_close.gif HTTP/1.1" 200 1239 "-" "Mozilla/4.0 (compatible; MSIE 7.0; Windows NT 6.0; WOW64; Trident/4.0; BTRS124307; SLCC1; .NET CLR 2.0.50727; Media Center PC 5.0; .NET CLR 3.5.21022; .NET CLR 3.5.30729; .NET CLR 3.0.30618; InfoPath.2; .NET4.0C; eMusic DLM/4; .NET CLR 1.1.4322; .NET4.0E;"
178.154.179.250 - - [09/Oct/2012:02:57:39 +0200] "GET /robots.txt HTTP/1.1" 404 - "-" "Mozilla/5.0 (compatible; YandexBot/3.0; +http://yandex.com/bots)"
178.154.179.250 - - [09/Oct/2012:05:12:32 +0200] "GET / HTTP/1.1" 200 1244 "-" "Mozilla/5.0 (compatible; YandexBot/3.0; +http://yandex.com/bots)"
5.9.25.75 - - [10/Oct/2012:00:35:54 +0200] "GET /robots.txt HTTP/1.1" 404 - "-" "Mozilla/5.0 (Windows NT 6.1; WOW64) AppleWebKit/537.4 (KHTML, like Gecko) Chrome/22.0.1229.79 Safari/537.4"
5.9.25.75 - - [10/Oct/2012:00:35:54 +0200] "GET /livezilla/images/chat_bg_navigation_dev.gif HTTP/1.1" 200 367 "-" "Mozilla/5.0 (Windows NT 6.1; WOW64) AppleWebKit/537.4 (KHTML, like Gecko) Chrome/22.0.1229.79 Safari/537.4"
178.154.179.250 - - [10/Oct/2012:12:18:56 +0200] "GET /robots.txt HTTP/1.1" 404 - "-" "Mozilla/5.0 (compatible; YandexBot/3.0; +http://yandex.com/bots)"
5.9.25.81 - - [10/Oct/2012:13:24:46 +0200] "GET /robots.txt HTTP/1.1" 404 - "-" "Mozilla/5.0 (Windows NT 6.1; WOW64) AppleWebKit/537.4 (KHTML, like Gecko) Chrome/22.0.1229.79 Safari/537.4"
5.9.25.81 - - [10/Oct/2012:13:24:46 +0200] "GET /livezilla/images/chat_bg_navigation_left.gif HTTP/1.1" 200 1078 "-" "Mozilla/5.0 (Windows NT 6.1; WOW64) AppleWebKit/537.4 (KHTML, like Gecko) Chrome/22.0.1229.79 Safari/537.4"
5.9.25.69 - - [10/Oct/2012:14:06:11 +0200] "GET /robots.txt HTTP/1.1" 404 - "-" "Mozilla/5.0 (Windows NT 6.1; WOW64) AppleWebKit/537.4 (KHTML, like Gecko) Chrome/22.0.1229.79 Safari/537.4"
5.9.25.69 - - [10/Oct/2012:14:06:11 +0200] "GET /livezilla/images/icon_vcard.gif HTTP/1.1" 200 559 "-" "Mozilla/5.0 (Windows NT 6.1; WOW64) AppleWebKit/537.4 (KHTML, like Gecko) Chrome/22.0.1229.79 Safari/537.4"
178.154.179.250 - - [10/Oct/2012:15:55:03 +0200] "GET / HTTP/1.1" 200 1244 "-" "Mozilla/5.0 (compatible; YandexBot/3.0; +http://yandex.com/bots)"
66.249.76.102 - - [15/Oct/2012:20:02:46 +0200] "GET /robots.txt HTTP/1.1" 404 - "-" "Mozilla/5.0 (compatible; Googlebot/2.1; +http://www.google.com/bot.html)"
66.249.76.102 - - [15/Oct/2012:20:02:46 +0200] "GET / HTTP/1.1" 200 1244 "-" "Mozilla/5.0 (compatible; Googlebot/2.1; +http://www.google.com/bot.html)"
5.9.25.71 - - [15/Oct/2012:21:47:43 +0200] "GET /robots.txt HTTP/1.1" 404 - "-" "Mozilla/5.0 (Windows; U; Windows NT 6.1) AppleWebKit/533.18.1 (KHTML, like Gecko) Version/5.0.2 Safari/533.18.5"
5.9.25.71 - - [15/Oct/2012:21:47:43 +0200] "GET /livezilla/livezilla.php?template=lz_chat_frame.0.1 HTTP/1.1" 200 343 "-" "Mozilla/5.0 (Windows; U; Windows NT 6.1) AppleWebKit/533.18.1 (KHTML, like Gecko) Version/5.0.2 Safari/533.18.5"
178.154.179.250 - - [16/Oct/2012:01:57:08 +0200] "GET /robots.txt HTTP/1.1" 404 - "-" "Mozilla/5.0 (compatible; YandexBot/3.0; +http://yandex.com/bots)"
178.154.179.250 - - [16/Oct/2012:08:48:59 +0200] "GET / HTTP/1.1" 200 1244 "-" "Mozilla/5.0 (compatible; YandexBot/3.0; +http://yandex.com/bots)"
178.154.179.250 - - [17/Oct/2012:01:06:01 +0200] "GET / HTTP/1.1" 200 1244 "-" "Mozilla/5.0 (compatible; YandexBot/3.0; +http://yandex.com/bots)"
50.19.187.252 - - [17/Oct/2012:03:24:47 +0200] "GET /robots.txt HTTP/1.0" 404 - "-" "WebDataCommonsCrawler/Nutch-1.5.1"
50.19.187.252 - - [17/Oct/2012:03:24:47 +0200] "GET /livezilla/livezilla.php\" HTTP/1.0" 404 - "-" "WebDataCommonsCrawler/Nutch-1.5.1"
178.154.179.250 - - [17/Oct/2012:04:18:58 +0200] "GET /robots.txt HTTP/1.1" 404 - "-" "Mozilla/5.0 (compatible; YandexBot/3.0; +http://yandex.com/bots)"
95.108.151.244 - - [19/Oct/2012:05:30:33 +0200] "GET /robots.txt HTTP/1.1" 404 - "-" "Mozilla/5.0 (compatible; YandexBot/3.0; +http://yandex.com/bots)"
95.108.151.244 - - [19/Oct/2012:05:30:34 +0200] "GET / HTTP/1.1" 200 1244 "-" "Mozilla/5.0 (compatible; YandexBot/3.0; +http://yandex.com/bots)"
95.108.151.244 - - [19/Oct/2012:05:30:35 +0200] "GET / HTTP/1.1" 200 1244 "-" "Mozilla/5.0 (compatible; YandexBot/3.0; +http://yandex.com/bots)"
5.9.25.75 - - [20/Oct/2012:04:45:54 +0200] "GET /robots.txt HTTP/1.1" 404 - "-" "Mozilla/5.0 (Windows NT 6.1; WOW64) AppleWebKit/537.4 (KHTML, like Gecko) Chrome/22.0.1229.79 Safari/537.4"
5.9.25.75 - - [20/Oct/2012:04:45:54 +0200] "GET /livezilla/livezilla.php?template=lz_chat_frame.4.1 HTTP/1.1" 200 578 "-" "Mozilla/5.0 (Windows NT 6.1; WOW64) AppleWebKit/537.4 (KHTML, like Gecko) Chrome/22.0.1229.79 Safari/537.4"
178.154.179.250 - - [20/Oct/2012:07:37:08 +0200] "GET /robots.txt HTTP/1.1" 404 - "-" "Mozilla/5.0 (compatible; YandexBot/3.0; +http://yandex.com/bots)"
178.154.179.250 - - [20/Oct/2012:14:17:06 +0200] "GET / HTTP/1.1" 200 1244 "-" "Mozilla/5.0 (compatible; YandexBot/3.0; +http://yandex.com/bots)"
178.154.179.250 - - [20/Oct/2012:22:23:01 +0200] "GET / HTTP/1.1" 200 1244 "-" "Mozilla/5.0 (compatible; YandexBot/3.0; +http://yandex.com/bots)"
78.42.112.43 - - [21/Oct/2012:02:37:33 +0200] "GET / HTTP/1.1" 200 1244 "-" "Mozilla/5.0 (Windows; U; Windows NT 5.1; en-US; rv:1.9.1) Gecko/20090624 Firefox/3.5"
178.154.179.250 - - [22/Oct/2012:13:36:53 +0200] "GET /robots.txt HTTP/1.1" 404 - "-" "Mozilla/5.0 (compatible; YandexBot/3.0; +http://yandex.com/bots)"
134.155.85.158 - - [22/Oct/2012:14:38:27 +0200] "GET /robots.txt HTTP/1.0" 404 - "-" "WebDataCommonsCrawler/Nutch-1.5.1"
134.155.85.158 - - [22/Oct/2012:14:38:27 +0200] "GET /livezilla/livezilla.php HTTP/1.0" 200 90048 "-" "WebDataCommonsCrawler/Nutch-1.5.1"
178.154.179.250 - - [22/Oct/2012:22:17:34 +0200] "GET / HTTP/1.1" 200 1244 "-" "Mozilla/5.0 (compatible; YandexBot/3.0; +http://yandex.com/bots)"
178.154.179.250 - - [23/Oct/2012:13:25:00 +0200] "GET /robots.txt HTTP/1.1" 404 - "-" "Mozilla/5.0 (compatible; YandexBot/3.0; +http://yandex.com/bots)"
178.154.179.250 - - [23/Oct/2012:18:09:43 +0200] "GET / HTTP/1.1" 200 1244 "-" "Mozilla/5.0 (compatible; YandexBot/3.0; +http://yandex.com/bots)"
66.249.71.137 - - [26/Oct/2012:12:58:00 +0200] "GET /robots.txt HTTP/1.1" 404 - "-" "Mozilla/5.0 (compatible; Googlebot/2.1; +http://www.google.com/bot.html)"
66.249.71.137 - - [26/Oct/2012:12:58:00 +0200] "GET /livezilla/livezilla.php?template=lz_chat_frame.3.2.login.0.0 HTTP/1.1" 200 1384 "-" "Mozilla/5.0 (compatible; Googlebot/2.1; +http://www.google.com/bot.html)"
66.249.71.137 - - [27/Oct/2012:20:47:11 +0200] "GET /robots.txt HTTP/1.1" 404 - "-" "Mozilla/5.0 (compatible; Googlebot/2.1; +http://www.google.com/bot.html)"
66.249.71.137 - - [27/Oct/2012:20:47:11 +0200] "GET / HTTP/1.1" 200 1244 "-" "Mozilla/5.0 (compatible; Googlebot/2.1; +http://www.google.com/bot.html)"
178.154.179.250 - - [28/Oct/2012:05:03:27 +0100] "GET /robots.txt HTTP/1.1" 404 - "-" "Mozilla/5.0 (compatible; YandexBot/3.0; +http://yandex.com/bots)"
178.154.179.250 - - [28/Oct/2012:12:27:24 +0100] "GET / HTTP/1.1" 200 1244 "-" "Mozilla/5.0 (compatible; YandexBot/3.0; +http://yandex.com/bots)"
178.154.179.250 - - [29/Oct/2012:06:07:43 +0100] "GET /robots.txt HTTP/1.1" 404 - "-" "Mozilla/5.0 (compatible; YandexBot/3.0; +http://yandex.com/bots)"
178.154.179.250 - - [29/Oct/2012:09:29:06 +0100] "GET /livezilla/livezilla.php HTTP/1.1" 200 91840 "-" "Mozilla/5.0 (compatible; YandexBot/3.0; +http://yandex.com/bots)"
66.249.76.102 - - [30/Oct/2012:05:34:41 +0100] "GET /robots.txt HTTP/1.1" 404 - "-" "Mozilla/5.0 (compatible; Googlebot/2.1; +http://www.google.com/bot.html)"
66.249.76.102 - - [30/Oct/2012:05:34:41 +0100] "GET /livezilla/intern_images/filtered.jpg HTTP/1.1" 304 - "-" "Googlebot-Image/1.0"
66.249.71.198 - - [30/Oct/2012:23:36:36 +0100] "GET /robots.txt HTTP/1.1" 404 - "-" "Mozilla/5.0 (compatible; Googlebot/2.1; +http://www.google.com/bot.html)"
66.249.71.198 - - [30/Oct/2012:23:36:36 +0100] "GET /livezilla/livezilla.php HTTP/1.1" 200 90048 "-" "Mozilla/5.0 (compatible; Googlebot/2.1; +http://www.google.com/bot.html)"
83.149.126.98 - - [31/Oct/2012:18:09:05 +0100] "GET /robots.txt HTTP/1.0" 404 - "-" "Mozilla/5.0 (compatible; MJ12bot/v1.4.3; http://www.majestic12.co.uk/bot.php?+)"
83.149.126.98 - - [31/Oct/2012:18:09:06 +0100] "GET /livezilla/livezilla.php HTTP/1.0" 200 90200 "-" "Mozilla/5.0 (compatible; MJ12bot/v1.4.3; http://www.majestic12.co.uk/bot.php?+)"
66.249.71.198 - - [31/Oct/2012:22:10:30 +0100] "GET /robots.txt HTTP/1.1" 404 - "-" "Mozilla/5.0 (compatible; Googlebot/2.1; +http://www.google.com/bot.html)"
66.249.71.198 - - [31/Oct/2012:22:10:30 +0100] "GET /livezilla/images/button_s1.gif HTTP/1.1" 304 - "-" "Googlebot-Image/1.0"