130.83.163.231 - - [01/Sep/2011:00:27:37 +0200] "GET /robots.txt HTTP/1.1" 404 - "-" "findlinks/2.0.4 (+http://wortschatz.uni-leipzig.de/findlinks/)"
95.108.158.134 - - [01/Sep/2011:04:57:48 +0200] "GET / HTTP/1.1" 200 1244 "-" "Mozilla/5.0 (compatible; YandexBot/3.0; +http://yandex.com/bots)"
208.80.194.37 - - [01/Sep/2011:05:17:11 +0200] "GET / HTTP/1.0" 200 1244 "-" "Mozilla/4.0 (compatible; MSIE 6.0; Windows NT 5.1; {F039225B-B4F2-3E1E-C461-90FAD31E33E1}; SV1; .NET CLR 1.1.4322; .NET CLR 2.0.50727)"
176.9.0.119 - - [01/Sep/2011:05:20:42 +0200] "GET /robots.txt HTTP/1.1" 404 - "-" "Mozilla/5.0 (compatible; NerdByNature.Bot; http://www.nerdbynature.net/bot)"
176.9.0.119 - - [01/Sep/2011:05:20:42 +0200] "GET / HTTP/1.1" 200 1244 "-" "Mozilla/5.0 (compatible; NerdByNature.Bot; http://www.nerdbynature.net/bot)"
139.18.13.202 - - [01/Sep/2011:19:47:25 +0200] "GET /livezilla/livezilla.php HTTP/1.1" 200 90048 "-" "findlinks/2.1.3 (+http://wortschatz.uni-leipzig.de/findlinks/)"
139.18.13.202 - - [01/Sep/2011:19:47:25 +0200] "GET /livezilla/livezilla.php HTTP/1.1" 200 90048 "-" "findlinks/2.1.3 (+http://wortschatz.uni-leipzig.de/findlinks/)"
8.11.2.9 - - [02/Sep/2011:10:43:17 +0200] "GET /robots.txt HTTP/1.1" 404 - "-" "ShopWiki/1.0 ( +http://www.shopwiki.com/wiki/Help:Bot)"
209.51.162.220 - - [02/Sep/2011:14:28:41 +0200] "GET /robots.txt HTTP/1.1" 404 - "-" "ShopWiki/1.0 ( +http://www.shopwiki.com/wiki/Help:Bot)"
8.11.2.10 - - [02/Sep/2011:17:34:07 +0200] "GET /robots.txt HTTP/1.1" 404 - "-" "ShopWiki/1.0 ( +http://www.shopwiki.com/wiki/Help:Bot)"
213.186.122.3 - - [02/Sep/2011:21:46:46 +0200] "GET /robots.txt HTTP/1.1" 404 - "-" "Mozilla/5.0 (compatible; AhrefsBot/1.0; +http://ahrefs.com/robot/)"
213.186.122.3 - - [02/Sep/2011:21:46:52 +0200] "GET /livezilla/livezilla.php HTTP/1.1" 200 90048 "-" "Mozilla/5.0 (compatible; AhrefsBot/1.0; +http://ahrefs.com/robot/)"
213.186.122.3 - - [02/Sep/2011:21:47:04 +0200] "GET /livezilla/livezilla.php?template=lz_chat_frame.1.2 HTTP/1.1" 200 345 "-" "Mozilla/5.0 (compatible; AhrefsBot/1.0; +http://ahrefs.com/robot/)"
213.186.122.3 - - [02/Sep/2011:21:47:10 +0200] "GET /livezilla/livezilla.php?template=lz_chat_frame.2.0 HTTP/1.1" 200 344 "-" "Mozilla/5.0 (compatible; AhrefsBot/1.0; +http://ahrefs.com/robot/)"
213.186.122.3 - - [02/Sep/2011:21:47:16 +0200] "GET /livezilla/livezilla.php?template=lz_chat_frame.3.2.login.0.0 HTTP/1.1" 200 1384 "-" "Mozilla/5.0 (compatible; AhrefsBot/1.0; +http://ahrefs.com/robot/)"
213.186.122.3 - - [02/Sep/2011:21:47:22 +0200] "GET /livezilla/livezilla.php?template=lz_chat_frame.4.1 HTTP/1.1" 200 578 "-" "Mozilla/5.0 (compatible; AhrefsBot/1.0; +http://ahrefs.com/robot/)"
95.108.151.244 - - [02/Sep/2011:23:04:15 +0200] "GET /robots.txt HTTP/1.1" 404 - "-" "Mozilla/5.0 (compatible; YandexBot/3.0; +http://yandex.com/bots)"
95.108.151.244 - - [02/Sep/2011:23:04:16 +0200] "GET / HTTP/1.1" 200 1244 "-" "Mozilla/5.0 (compatible; YandexBot/3.0; +http://yandex.com/bots)"
95.108.151.244 - - [02/Sep/2011:23:04:17 +0200] "GET / HTTP/1.1" 200 1244 "-" "Mozilla/5.0 (compatible; YandexBot/3.0; +http://yandex.com/bots)"
8.11.2.10 - - [03/Sep/2011:01:45:18 +0200] "GET /robots.txt HTTP/1.1" 404 - "-" "ShopWiki/1.0 ( +http://www.shopwiki.com/wiki/Help:Bot)"
208.80.194.26 - - [03/Sep/2011:03:08:45 +0200] "GET / HTTP/1.0" 200 1244 "-" "Mozilla/4.0 (compatible; MSIE 6.0; Windows NT 5.1; SV1; FunWebProducts; .NET CLR 1.1.4322; .NET CLR 2.0.50727; FDM)"
67.152.29.130 - - [03/Sep/2011:05:49:14 +0200] "GET /robots.txt HTTP/1.1" 404 - "-" "ShopWiki/1.0 ( +http://www.shopwiki.com/wiki/Help:Bot)"
77.20.40.89 - - [03/Sep/2011:06:11:46 +0200] "GET /robots.txt HTTP/1.1" 404 - "-" "findlinks/2.0.2 (+http://wortschatz.uni-leipzig.de/findlinks/)"
65.52.108.145 - - [03/Sep/2011:09:56:58 +0200] "GET /robots.txt HTTP/1.1" 404 - "-" "Mozilla/5.0 (compatible; bingbot/2.0; +http://www.bing.com/bingbot.htm)"
65.52.108.145 - - [03/Sep/2011:09:57:36 +0200] "GET /livezilla/livezilla.php HTTP/1.1" 200 90048 "-" "Mozilla/5.0 (compatible; bingbot/2.0; +http://www.bing.com/bingbot.htm)"
209.51.162.220 - - [03/Sep/2011:12:27:16 +0200] "GET /robots.txt HTTP/1.1" 404 - "-" "ShopWiki/1.0 ( +http://www.shopwiki.com/wiki/Help:Bot)"
209.51.162.220 - - [03/Sep/2011:15:44:05 +0200] "GET /robots.txt HTTP/1.1" 404 - "-" "ShopWiki/1.0 ( +http://www.shopwiki.com/wiki/Help:Bot)"
67.195.115.99 - - [03/Sep/2011:16:11:19 +0200] "GET /robots.txt HTTP/1.0" 404 - "-" "Mozilla/5.0 (compatible; Yahoo! Slurp; http://help.yahoo.com/help/us/ysearch/slurp)"
67.195.115.99 - - [03/Sep/2011:16:11:20 +0200] "GET /livezilla/livezilla.php HTTP/1.0" 200 90048 "-" "Mozilla/5.0 (compatible; Yahoo! Slurp; http://help.yahoo.com/help/us/ysearch/slurp)"
67.195.115.99 - - [03/Sep/2011:16:11:25 +0200] "GET /livezilla/templates/nojava.html HTTP/1.0" 200 1088 "-" "Mozilla/5.0 (compatible; Yahoo! Slurp; http://help.yahoo.com/help/us/ysearch/slurp)"
8.11.2.10 - - [03/Sep/2011:19:15:35 +0200] "GET /robots.txt HTTP/1.1" 404 - "-" "ShopWiki/1.0 ( +http://www.shopwiki.com/wiki/Help:Bot)"
139.18.2.17 - - [03/Sep/2011:19:38:52 +0200] "GET /livezilla/livezilla.php HTTP/1.1" 200 90048 "-" "findlinks/2.1.3 (+http://wortschatz.uni-leipzig.de/findlinks/)"
139.18.2.17 - - [03/Sep/2011:19:38:53 +0200] "GET /livezilla/livezilla.php HTTP/1.1" 200 90048 "-" "findlinks/2.1.3 (+http://wortschatz.uni-leipzig.de/findlinks/)"
67.152.29.130 - - [03/Sep/2011:23:20:56 +0200] "GET /robots.txt HTTP/1.1" 404 - "-" "ShopWiki/1.0 ( +http://www.shopwiki.com/wiki/Help:Bot)"
209.51.162.220 - - [04/Sep/2011:03:16:09 +0200] "GET /robots.txt HTTP/1.1" 404 - "-" "ShopWiki/1.0 ( +http://www.shopwiki.com/wiki/Help:Bot)"
66.249.68.181 - - [04/Sep/2011:06:46:31 +0200] "GET /robots.txt HTTP/1.1" 404 - "-" "Mozilla/5.0 (compatible; Googlebot/2.1; +http://www.google.com/bot.html)"
66.249.68.181 - - [04/Sep/2011:06:46:31 +0200] "GET / HTTP/1.1" 304 - "-" "Mozilla/5.0 (compatible; Googlebot/2.1; +http://www.google.com/bot.html)"
209.51.162.220 - - [04/Sep/2011:07:28:29 +0200] "GET /robots.txt HTTP/1.1" 404 - "-" "ShopWiki/1.0 ( +http://www.shopwiki.com/wiki/Help:Bot)"
208.80.194.29 - - [04/Sep/2011:17:27:28 +0200] "GET / HTTP/1.0" 200 1244 "-" "Mozilla/4.0 (compatible; MSIE 7.0; Windows NT 5.1; FunWebProducts; IEMB3; SpamBlockerUtility 4.8.4; IEMB3)"
67.152.29.130 - - [05/Sep/2011:07:33:11 +0200] "GET /robots.txt HTTP/1.1" 404 - "-" "ShopWiki/1.0 ( +http://www.shopwiki.com/wiki/Help:Bot)"
130.83.163.39 - - [05/Sep/2011:16:44:31 +0200] "GET /robots.txt HTTP/1.1" 404 - "-" "findlinks/2.0.4 (+http://wortschatz.uni-leipzig.de/findlinks/)"
209.51.162.219 - - [05/Sep/2011:23:14:00 +0200] "GET /robots.txt HTTP/1.1" 404 - "-" "ShopWiki/1.0 ( +http://www.shopwiki.com/wiki/Help:Bot)"
209.51.162.219 - - [06/Sep/2011:02:50:14 +0200] "GET /robots.txt HTTP/1.1" 404 - "-" "ShopWiki/1.0 ( +http://www.shopwiki.com/wiki/Help:Bot)"
8.11.2.9 - - [06/Sep/2011:07:39:09 +0200] "GET /robots.txt HTTP/1.1" 404 - "-" "ShopWiki/1.0 ( +http://www.shopwiki.com/wiki/Help:Bot)"
208.80.194.37 - - [06/Sep/2011:07:44:39 +0200] "GET / HTTP/1.0" 200 1244 "-" "Mozilla/4.0 (compatible; MSIE 6.0; Windows NT 5.1; SV1; Entergy; .NET CLR 2.0.50727; .NET CLR 3.0.04506.30; .NET CLR 1.1.4322; InfoPath.1)"
67.152.29.130 - - [06/Sep/2011:12:39:15 +0200] "GET /robots.txt HTTP/1.1" 404 - "-" "ShopWiki/1.0 ( +http://www.shopwiki.com/wiki/Help:Bot)"
95.108.158.134 - - [06/Sep/2011:23:48:21 +0200] "GET /robots.txt HTTP/1.1" 404 - "-" "Mozilla/5.0 (compatible; YandexBot/3.0; +http://yandex.com/bots)"
139.18.2.209 - - [07/Sep/2011:03:08:22 +0200] "GET /livezilla/livezilla.php HTTP/1.1" 200 90048 "-" "findlinks/2.0.1 (+http://wortschatz.uni-leipzig.de/findlinks/)"
139.18.2.209 - - [07/Sep/2011:03:08:22 +0200] "GET /livezilla/livezilla.php HTTP/1.1" 200 90048 "-" "findlinks/2.0.1 (+http://wortschatz.uni-leipzig.de/findlinks/)"
8.11.2.9 - - [07/Sep/2011:06:52:26 +0200] "GET /robots.txt HTTP/1.1" 404 - "-" "ShopWiki/1.0 ( +http://www.shopwiki.com/wiki/Help:Bot)"
95.108.158.134 - - [07/Sep/2011:09:55:01 +0200] "GET / HTTP/1.1" 200 1244 "-" "Mozilla/5.0 (compatible; YandexBot/3.0; +http://yandex.com/bots)"
67.152.29.130 - - [07/Sep/2011:10:07:26 +0200] "GET /robots.txt HTTP/1.1" 404 - "-" "ShopWiki/1.0 ( +http://www.shopwiki.com/wiki/Help:Bot)"
67.152.29.130 - - [07/Sep/2011:13:30:17 +0200] "GET /robots.txt HTTP/1.1" 404 - "-" "ShopWiki/1.0 ( +http://www.shopwiki.com/wiki/Help:Bot)"
77.20.40.173 - - [07/Sep/2011:15:51:46 +0200] "GET /livezilla/livezilla.php HTTP/1.1" 200 90048 "-" "findlinks/2.0.2 (+http://wortschatz.uni-leipzig.de/findlinks/)"
77.20.40.173 - - [07/Sep/2011:15:51:46 +0200] "GET /livezilla/livezilla.php HTTP/1.1" 200 90048 "-" "findlinks/2.0.2 (+http://wortschatz.uni-leipzig.de/findlinks/)"
8.11.2.9 - - [07/Sep/2011:16:32:25 +0200] "GET /robots.txt HTTP/1.1" 404 - "-" "ShopWiki/1.0 ( +http://www.shopwiki.com/wiki/Help:Bot)"
67.152.29.130 - - [07/Sep/2011:20:59:44 +0200] "GET /robots.txt HTTP/1.1" 404 - "-" "ShopWiki/1.0 ( +http://www.shopwiki.com/wiki/Help:Bot)"
208.80.194.32 - - [07/Sep/2011:21:33:18 +0200] "GET / HTTP/1.0" 200 1244 "-" "Mozilla/4.0 (compatible; MSIE 7.0; Windows NT 5.1; Sgrunt|V109|1462|S-1206048547|dialno)"
77.20.40.173 - - [07/Sep/2011:22:11:13 +0200] "GET /robots.txt HTTP/1.1" 404 - "-" "findlinks/2.0.2 (+http://wortschatz.uni-leipzig.de/findlinks/)"
209.51.162.220 - - [08/Sep/2011:03:09:29 +0200] "GET /robots.txt HTTP/1.1" 404 - "-" "ShopWiki/1.0 ( +http://www.shopwiki.com/wiki/Help:Bot)"
213.186.122.3 - - [08/Sep/2011:13:05:41 +0200] "GET /robots.txt HTTP/1.1" 404 - "-" "Mozilla/5.0 (compatible; AhrefsBot/1.0; +http://ahrefs.com/robot/)"
213.186.122.3 - - [08/Sep/2011:13:05:42 +0200] "GET /livezilla/livezilla.php HTTP/1.1" 200 90048 "-" "Mozilla/5.0 (compatible; AhrefsBot/1.0; +http://ahrefs.com/robot/)"
213.186.122.3 - - [08/Sep/2011:13:05:46 +0200] "GET /livezilla/livezilla.php?template=lz_chat_frame.1.1& HTTP/1.1" 200 2385 "-" "Mozilla/5.0 (compatible; AhrefsBot/1.0; +http://ahrefs.com/robot/)"
213.186.122.3 - - [08/Sep/2011:13:05:48 +0200] "GET /livezilla/livezilla.php?template=lz_chat_frame.3.2.chat.2.0 HTTP/1.1" 200 5633 "-" "Mozilla/5.0 (compatible; AhrefsBot/1.0; +http://ahrefs.com/robot/)"
213.186.122.3 - - [08/Sep/2011:13:05:49 +0200] "GET /livezilla/livezilla.php?template=lz_chat_frame.3.3 HTTP/1.1" 200 321 "-" "Mozilla/5.0 (compatible; AhrefsBot/1.0; +http://ahrefs.com/robot/)"
66.249.68.181 - - [09/Sep/2011:02:24:58 +0200] "GET /robots.txt HTTP/1.1" 404 - "-" "Mozilla/5.0 (compatible; Googlebot/2.1; +http://www.google.com/bot.html)"
66.249.68.181 - - [09/Sep/2011:02:24:59 +0200] "GET /livezilla/livezilla.php?template=lz_chat_frame.0.1 HTTP/1.1" 200 343 "-" "Mozilla/5.0 (compatible; Googlebot/2.1; +http://www.google.com/bot.html)"
209.51.162.220 - - [09/Sep/2011:13:18:50 +0200] "GET /robots.txt HTTP/1.1" 404 - "-" "ShopWiki/1.0 ( +http://www.shopwiki.com/wiki/Help:Bot)"
209.51.162.220 - - [09/Sep/2011:16:55:28 +0200] "GET /robots.txt HTTP/1.1" 404 - "-" "ShopWiki/1.0 ( +http://www.shopwiki.com/wiki/Help:Bot)"
187.84.240.182 - - [09/Sep/2011:17:57:08 +0200] "GET /livezilla/livezilla.php?template=lz_chat_frame.0.2 HTTP/1.1" 200 321 "-" "Mozilla/4.0 (compatible; MSIE 6.0; Windows NT 5.1; SV1; .NET CLR 1.1.4322)"
209.51.162.220 - - [09/Sep/2011:21:09:44 +0200] "GET /robots.txt HTTP/1.1" 404 - "-" "ShopWiki/1.0 ( +http://www.shopwiki.com/wiki/Help:Bot)"
209.51.162.219 - - [10/Sep/2011:00:52:35 +0200] "GET /robots.txt HTTP/1.1" 404 - "-" "ShopWiki/1.0 ( +http://www.shopwiki.com/wiki/Help:Bot)"
209.51.162.220 - - [10/Sep/2011:04:16:07 +0200] "GET /robots.txt HTTP/1.1" 404 - "-" "ShopWiki/1.0 ( +http://www.shopwiki.com/wiki/Help:Bot)"
208.80.194.34 - - [10/Sep/2011:07:07:23 +0200] "GET / HTTP/1.0" 200 1244 "-" "Mozilla/4.0 (compatible; MSIE 6.0; Windows NT 5.1; {0AFEFE92-3E89-489A-1FD8-9076E2598854}; YPC 3.2.0; iebar; acc=jocker; .NET CLR 1.0.3705; .NET CLR 1.1.4322; yplus 5.1.04b)"
130.83.163.231 - - [10/Sep/2011:11:50:01 +0200] "GET /robots.txt HTTP/1.1" 404 - "-" "findlinks/2.0.4 (+http://wortschatz.uni-leipzig.de/findlinks/)"
209.51.162.220 - - [10/Sep/2011:23:54:07 +0200] "GET /robots.txt HTTP/1.1" 404 - "-" "ShopWiki/1.0 ( +http://www.shopwiki.com/wiki/Help:Bot)"
213.186.122.3 - - [11/Sep/2011:02:53:39 +0200] "GET /robots.txt HTTP/1.1" 404 - "-" "Mozilla/5.0 (compatible; AhrefsBot/1.0; +http://ahrefs.com/robot/)"
213.186.122.3 - - [11/Sep/2011:02:53:40 +0200] "GET /livezilla/\\ HTTP/1.1" 404 - "-" "Mozilla/5.0 (compatible; AhrefsBot/1.0; +http://ahrefs.com/robot/)"
213.186.122.3 - - [11/Sep/2011:02:53:41 +0200] "GET /livezilla/livezilla.php HTTP/1.1" 200 90048 "-" "Mozilla/5.0 (compatible; AhrefsBot/1.0; +http://ahrefs.com/robot/)"
213.186.122.3 - - [11/Sep/2011:02:53:44 +0200] "GET /livezilla/livezilla.php?template=lz_chat_frame.3.2.chat.3.1 HTTP/1.1" 200 277 "-" "Mozilla/5.0 (compatible; AhrefsBot/1.0; +http://ahrefs.com/robot/)"
139.18.2.17 - - [11/Sep/2011:04:07:36 +0200] "GET /livezilla/livezilla.php HTTP/1.1" 200 90048 "-" "findlinks/2.1.3 (+http://wortschatz.uni-leipzig.de/findlinks/)"
139.18.2.17 - - [11/Sep/2011:04:07:36 +0200] "GET /livezilla/livezilla.php HTTP/1.1" 200 90048 "-" "findlinks/2.1.3 (+http://wortschatz.uni-leipzig.de/findlinks/)"
66.249.72.105 - - [11/Sep/2011:07:38:21 +0200] "GET /robots.txt HTTP/1.1" 404 - "-" "Mozilla/5.0 (compatible; Googlebot/2.1; +http://www.google.com/bot.html)"
66.249.72.105 - - [11/Sep/2011:07:38:21 +0200] "GET / HTTP/1.1" 304 - "-" "Mozilla/5.0 (compatible; Googlebot/2.1; +http://www.google.com/bot.html)"
208.80.194.36 - - [11/Sep/2011:11:11:22 +0200] "GET / HTTP/1.0" 200 1244 "-" "Mozilla/4.0 (compatible; MSIE 7.0; Windows NT 5.1; AT&T CSM6.0; YPC 3.2.0; .NET CLR 1.1.4322; IEMB3; IEMB3)"
67.195.115.99 - - [12/Sep/2011:02:21:46 +0200] "GET /robots.txt HTTP/1.0" 404 - "-" "Mozilla/5.0 (compatible; Yahoo! Slurp; http://help.yahoo.com/help/us/ysearch/slurp)"
67.195.115.99 - - [12/Sep/2011:02:21:46 +0200] "GET /livezilla/livezilla.php HTTP/1.0" 200 90048 "-" "Mozilla/5.0 (compatible; Yahoo! Slurp; http://help.yahoo.com/help/us/ysearch/slurp)"
67.195.115.99 - - [12/Sep/2011:02:21:48 +0200] "GET /livezilla/templates/nojava.html HTTP/1.0" 200 1088 "-" "Mozilla/5.0 (compatible; Yahoo! Slurp; http://help.yahoo.com/help/us/ysearch/slurp)"
209.51.162.219 - - [12/Sep/2011:04:19:08 +0200] "GET /robots.txt HTTP/1.1" 404 - "-" "ShopWiki/1.0 ( +http://www.shopwiki.com/wiki/Help:Bot)"
130.83.163.231 - - [12/Sep/2011:09:15:03 +0200] "GET /robots.txt HTTP/1.1" 404 - "-" "findlinks/2.0.4 (+http://wortschatz.uni-leipzig.de/findlinks/)"
66.249.72.105 - - [12/Sep/2011:12:47:46 +0200] "GET /robots.txt HTTP/1.1" 404 - "-" "Mozilla/5.0 (compatible; Googlebot/2.1; +http://www.google.com/bot.html)"
66.249.72.105 - - [12/Sep/2011:12:47:47 +0200] "GET /livezilla/livezilla.php?template=lz_chat_frame.1.1& HTTP/1.1" 200 2385 "-" "Mozilla/5.0 (compatible; Googlebot/2.1; +http://www.google.com/bot.html)"
66.249.72.105 - - [12/Sep/2011:13:22:53 +0200] "GET /livezilla/images/carrier_logo.gif HTTP/1.1" 404 - "-" "Googlebot-Image/1.0"
209.51.162.220 - - [12/Sep/2011:14:58:51 +0200] "GET /robots.txt HTTP/1.1" 404 - "-" "ShopWiki/1.0 ( +http://www.shopwiki.com/wiki/Help:Bot)"
208.80.194.29 - - [12/Sep/2011:19:04:26 +0200] "GET / HTTP/1.0" 200 1244 "-" "Mozilla/4.0 (compatible; MSIE 6.0; Windows NT 5.1; SV1; iebar; acc=jocker)"
8.11.2.10 - - [12/Sep/2011:20:48:11 +0200] "GET /robots.txt HTTP/1.1" 404 - "-" "ShopWiki/1.0 ( +http://www.shopwiki.com/wiki/Help:Bot)"
209.51.162.220 - - [12/Sep/2011:23:57:05 +0200] "GET /robots.txt HTTP/1.1" 404 - "-" "ShopWiki/1.0 ( +http://www.shopwiki.com/wiki/Help:Bot)"
213.186.122.3 - - [13/Sep/2011:01:13:35 +0200] "GET /robots.txt HTTP/1.1" 404 - "-" "Mozilla/5.0 (compatible; AhrefsBot/1.0; +http://ahrefs.com/robot/)"
213.186.122.3 - - [13/Sep/2011:01:13:37 +0200] "GET /livezilla/livezilla.php HTTP/1.1" 200 90048 "-" "Mozilla/5.0 (compatible; AhrefsBot/1.0; +http://ahrefs.com/robot/)"
213.186.122.3 - - [13/Sep/2011:01:13:46 +0200] "GET /livezilla/livezilla.php?template=lz_chat_frame.1.0 HTTP/1.1" 200 344 "-" "Mozilla/5.0 (compatible; AhrefsBot/1.0; +http://ahrefs.com/robot/)"
213.186.122.3 - - [13/Sep/2011:01:13:47 +0200] "GET /livezilla/livezilla.php?template=lz_chat_frame.2.2 HTTP/1.1" 200 345 "-" "Mozilla/5.0 (compatible; AhrefsBot/1.0; +http://ahrefs.com/robot/)"
213.186.122.3 - - [13/Sep/2011:01:13:48 +0200] "GET /livezilla/livezilla.php?template=lz_chat_frame.3.0 HTTP/1.1" 200 321 "-" "Mozilla/5.0 (compatible; AhrefsBot/1.0; +http://ahrefs.com/robot/)"
213.186.122.3 - - [13/Sep/2011:01:13:49 +0200] "GET /livezilla/livezilla.php?template=lz_chat_frame.3.2.chat.1.0 HTTP/1.1" 200 1572 "-" "Mozilla/5.0 (compatible; AhrefsBot/1.0; +http://ahrefs.com/robot/)"
77.20.40.169 - - [13/Sep/2011:10:21:25 +0200] "GET /livezilla/livezilla.php HTTP/1.1" 200 90048 "-" "findlinks/2.0.2 (+http://wortschatz.uni-leipzig.de/findlinks/)"
77.20.40.169 - - [13/Sep/2011:10:21:26 +0200] "GET /livezilla/livezilla.php HTTP/1.1" 200 90048 "-" "findlinks/2.0.2 (+http://wortschatz.uni-leipzig.de/findlinks/)"
67.152.29.130 - - [13/Sep/2011:22:36:41 +0200] "GET /robots.txt HTTP/1.1" 404 - "-" "ShopWiki/1.0 ( +http://www.shopwiki.com/wiki/Help:Bot)"
8.11.2.10 - - [14/Sep/2011:03:21:22 +0200] "GET /robots.txt HTTP/1.1" 404 - "-" "ShopWiki/1.0 ( +http://www.shopwiki.com/wiki/Help:Bot)"
208.80.194.29 - - [14/Sep/2011:06:54:43 +0200] "GET / HTTP/1.0" 200 1244 "-" "Mozilla/4.0 (compatible; MSIE 6.0; Windows NT 5.1; SV1; YPC 3.2.0; FunWebProducts; yplus 5.3.02b)"
77.20.40.173 - - [14/Sep/2011:10:03:12 +0200] "GET /livezilla/livezilla.php HTTP/1.1" 200 90048 "-" "findlinks/2.0.2 (+http://wortschatz.uni-leipzig.de/findlinks/)"
77.20.40.173 - - [14/Sep/2011:10:03:13 +0200] "GET /livezilla/livezilla.php HTTP/1.1" 200 90048 "-" "findlinks/2.0.2 (+http://wortschatz.uni-leipzig.de/findlinks/)"
95.108.128.242 - - [14/Sep/2011:14:48:27 +0200] "GET /robots.txt HTTP/1.1" 404 - "-" "Mozilla/5.0 (compatible; YandexBot/3.0; +http://yandex.com/bots)"
77.20.40.169 - - [14/Sep/2011:16:46:55 +0200] "GET /robots.txt HTTP/1.1" 404 - "-" "findlinks/2.0.2 (+http://wortschatz.uni-leipzig.de/findlinks/)"
8.11.2.9 - - [15/Sep/2011:03:00:03 +0200] "GET /robots.txt HTTP/1.1" 404 - "-" "ShopWiki/1.0 ( +http://www.shopwiki.com/wiki/Help:Bot)"
95.108.128.242 - - [15/Sep/2011:05:37:18 +0200] "GET / HTTP/1.1" 200 1244 "-" "Mozilla/5.0 (compatible; YandexBot/3.0; +http://yandex.com/bots)"
8.11.2.10 - - [15/Sep/2011:14:30:34 +0200] "GET /robots.txt HTTP/1.1" 404 - "-" "ShopWiki/1.0 ( +http://www.shopwiki.com/wiki/Help:Bot)"
208.80.194.26 - - [15/Sep/2011:17:02:11 +0200] "GET / HTTP/1.0" 200 1244 "-" "Mozilla/4.0 (compatible; MSIE 7.0; Windows NT 5.1; FunWebProducts; Mozilla/4.0 (compatible; MSIE 6.0; Windows NT 5.1; SV1) ; .NET CLR 1.0.3705; IEMB3; .NET CLR 2.0.50727; IEMB3)"
209.51.162.220 - - [16/Sep/2011:03:08:50 +0200] "GET /robots.txt HTTP/1.1" 404 - "-" "ShopWiki/1.0 ( +http://www.shopwiki.com/wiki/Help:Bot)"
77.20.40.169 - - [16/Sep/2011:23:14:56 +0200] "GET /livezilla/livezilla.php HTTP/1.1" 200 90048 "-" "findlinks/2.0.2 (+http://wortschatz.uni-leipzig.de/findlinks/)"
77.20.40.169 - - [16/Sep/2011:23:14:56 +0200] "GET /livezilla/livezilla.php HTTP/1.1" 200 90048 "-" "findlinks/2.0.2 (+http://wortschatz.uni-leipzig.de/findlinks/)"
209.51.162.220 - - [16/Sep/2011:23:59:45 +0200] "GET /robots.txt HTTP/1.1" 404 - "-" "ShopWiki/1.0 ( +http://www.shopwiki.com/wiki/Help:Bot)"
65.52.109.146 - - [17/Sep/2011:00:38:06 +0200] "GET /robots.txt HTTP/1.1" 404 - "-" "Mozilla/5.0 (compatible; bingbot/2.0; +http://www.bing.com/bingbot.htm)"
65.52.109.146 - - [17/Sep/2011:00:39:02 +0200] "GET /livezilla/livezilla.php HTTP/1.1" 200 90048 "-" "Mozilla/5.0 (compatible; bingbot/2.0; +http://www.bing.com/bingbot.htm)"
208.80.194.36 - - [17/Sep/2011:01:38:23 +0200] "GET / HTTP/1.0" 200 1244 "-" "Mozilla/4.0 (compatible; MSIE 7.0; Windows NT 5.1; FunWebProducts-MyWay; .NET CLR 1.0.3705; .NET CLR 1.1.4322)"
77.20.40.89 - - [17/Sep/2011:02:26:22 +0200] "GET /robots.txt HTTP/1.1" 404 - "-" "findlinks/2.0.2 (+http://wortschatz.uni-leipzig.de/findlinks/)"
213.186.122.3 - - [17/Sep/2011:03:41:23 +0200] "GET /robots.txt HTTP/1.1" 404 - "-" "Mozilla/5.0 (compatible; AhrefsBot/1.0; +http://ahrefs.com/robot/)"
213.186.122.3 - - [17/Sep/2011:03:41:25 +0200] "GET /livezilla/livezilla.php HTTP/1.1" 200 90048 "-" "Mozilla/5.0 (compatible; AhrefsBot/1.0; +http://ahrefs.com/robot/)"
213.186.122.3 - - [17/Sep/2011:03:41:29 +0200] "GET /livezilla/livezilla.php?template=lz_chat_frame.3.2.chat.0.0 HTTP/1.1" 200 3274 "-" "Mozilla/5.0 (compatible; AhrefsBot/1.0; +http://ahrefs.com/robot/)"
209.51.162.219 - - [17/Sep/2011:20:07:30 +0200] "GET /robots.txt HTTP/1.1" 404 - "-" "ShopWiki/1.0 ( +http://www.shopwiki.com/wiki/Help:Bot)"
95.108.128.242 - - [18/Sep/2011:00:08:29 +0200] "GET /robots.txt HTTP/1.1" 404 - "-" "Mozilla/5.0 (compatible; YandexBot/3.0; +http://yandex.com/bots)"
209.51.162.219 - - [18/Sep/2011:01:46:36 +0200] "GET /robots.txt HTTP/1.1" 404 - "-" "ShopWiki/1.0 ( +http://www.shopwiki.com/wiki/Help:Bot)"
209.51.162.219 - - [18/Sep/2011:05:27:11 +0200] "GET /robots.txt HTTP/1.1" 404 - "-" "ShopWiki/1.0 ( +http://www.shopwiki.com/wiki/Help:Bot)"
208.80.194.36 - - [18/Sep/2011:09:24:36 +0200] "GET / HTTP/1.0" 200 1244 "-" "Mozilla/4.0 (compatible; MSIE 7.0; Windows NT 5.1; AT&T CSM8.0; .NET CLR 1.1.4322; IEMB3; IEMB3)"
8.11.2.10 - - [18/Sep/2011:10:13:23 +0200] "GET /robots.txt HTTP/1.1" 404 - "-" "ShopWiki/1.0 ( +http://www.shopwiki.com/wiki/Help:Bot)"
95.108.128.242 - - [18/Sep/2011:13:40:33 +0200] "GET / HTTP/1.1" 200 1244 "-" "Mozilla/5.0 (compatible; YandexBot/3.0; +http://yandex.com/bots)"
209.51.162.220 - - [18/Sep/2011:20:36:03 +0200] "GET /robots.txt HTTP/1.1" 404 - "-" "ShopWiki/1.0 ( +http://www.shopwiki.com/wiki/Help:Bot)"
213.186.122.3 - - [19/Sep/2011:01:56:47 +0200] "GET /robots.txt HTTP/1.1" 404 - "-" "Mozilla/5.0 (compatible; AhrefsBot/1.0; +http://ahrefs.com/robot/)"
213.186.122.3 - - [19/Sep/2011:01:56:48 +0200] "GET /livezilla/livezilla.php HTTP/1.1" 200 90048 "-" "Mozilla/5.0 (compatible; AhrefsBot/1.0; +http://ahrefs.com/robot/)"
213.186.122.3 - - [19/Sep/2011:01:56:51 +0200] "GET /livezilla/livezilla.php?template=lz_chat_frame.0.0 HTTP/1.1" 200 338 "-" "Mozilla/5.0 (compatible; AhrefsBot/1.0; +http://ahrefs.com/robot/)"
213.186.122.3 - - [19/Sep/2011:01:56:52 +0200] "GET /livezilla/livezilla.php?template=lz_chat_frame.0.1 HTTP/1.1" 200 343 "-" "Mozilla/5.0 (compatible; AhrefsBot/1.0; +http://ahrefs.com/robot/)"
213.186.122.3 - - [19/Sep/2011:01:56:53 +0200] "GET /livezilla/livezilla.php?template=lz_chat_frame.3.2.login& HTTP/1.1" 200 1105 "-" "Mozilla/5.0 (compatible; AhrefsBot/1.0; +http://ahrefs.com/robot/)"
213.186.122.3 - - [19/Sep/2011:01:56:54 +0200] "GET /livezilla/livezilla.php?template=lz_chat_frame.4.1 HTTP/1.1" 200 578 "-" "Mozilla/5.0 (compatible; AhrefsBot/1.0; +http://ahrefs.com/robot/)"
67.152.29.130 - - [19/Sep/2011:02:52:32 +0200] "GET /robots.txt HTTP/1.1" 404 - "-" "ShopWiki/1.0 ( +http://www.shopwiki.com/wiki/Help:Bot)"
67.195.115.99 - - [19/Sep/2011:12:43:40 +0200] "GET /robots.txt HTTP/1.0" 404 - "-" "Mozilla/5.0 (compatible; Yahoo! Slurp; http://help.yahoo.com/help/us/ysearch/slurp)"
67.195.115.99 - - [19/Sep/2011:12:43:41 +0200] "GET /livezilla/livezilla.php HTTP/1.0" 200 90048 "-" "Mozilla/5.0 (compatible; Yahoo! Slurp; http://help.yahoo.com/help/us/ysearch/slurp)"
67.195.115.99 - - [19/Sep/2011:12:43:43 +0200] "GET /livezilla/templates/nojava.html HTTP/1.0" 200 1088 "-" "Mozilla/5.0 (compatible; Yahoo! Slurp; http://help.yahoo.com/help/us/ysearch/slurp)"
208.80.194.30 - - [19/Sep/2011:16:39:58 +0200] "GET / HTTP/1.0" 200 1244 "-" "Mozilla/4.0 (compatible; MSIE 6.0; Windows NT 5.1; SV1; FDM; .NET CLR 2.0.50727; .NET CLR 1.1.4322)"
130.83.167.153 - - [19/Sep/2011:17:26:48 +0200] "GET /livezilla/livezilla.php HTTP/1.1" 200 90048 "-" "findlinks/2.0.4 (+http://wortschatz.uni-leipzig.de/findlinks/)"
130.83.167.153 - - [19/Sep/2011:17:26:49 +0200] "GET /livezilla/livezilla.php HTTP/1.1" 200 90048 "-" "findlinks/2.0.4 (+http://wortschatz.uni-leipzig.de/findlinks/)"
139.18.2.209 - - [19/Sep/2011:21:36:42 +0200] "GET /robots.txt HTTP/1.1" 404 - "-" "findlinks/2.0.1 (+http://wortschatz.uni-leipzig.de/findlinks/)"
66.249.72.105 - - [20/Sep/2011:01:02:52 +0200] "GET /robots.txt HTTP/1.1" 404 - "-" "Mozilla/5.0 (compatible; Googlebot/2.1; +http://www.google.com/bot.html)"
66.249.72.105 - - [20/Sep/2011:01:02:52 +0200] "GET /livezilla/livezilla.php?template=lz_chat_frame.1.2 HTTP/1.1" 200 345 "-" "Mozilla/5.0 (compatible; Googlebot/2.1; +http://www.google.com/bot.html)"
209.51.162.219 - - [20/Sep/2011:01:30:03 +0200] "GET /robots.txt HTTP/1.1" 404 - "-" "ShopWiki/1.0 ( +http://www.shopwiki.com/wiki/Help:Bot)"
67.152.29.130 - - [21/Sep/2011:00:58:15 +0200] "GET /robots.txt HTTP/1.1" 404 - "-" "ShopWiki/1.0 ( +http://www.shopwiki.com/wiki/Help:Bot)"
208.80.194.27 - - [21/Sep/2011:01:15:59 +0200] "GET / HTTP/1.0" 200 1244 "-" "Mozilla/4.0 (compatible; MSIE 7.0; Windows NT 6.0; Embedded Web Browser from: http://bsalsa.com/; SLCC1; .NET CLR 2.0.50727; Media Center PC 5.0; .NET CLR 3.0.04506; InfoPath.1)"
213.186.122.3 - - [21/Sep/2011:10:59:07 +0200] "GET /robots.txt HTTP/1.1" 404 - "-" "Mozilla/5.0 (compatible; AhrefsBot/1.0; +http://ahrefs.com/robot/)"
213.186.122.3 - - [21/Sep/2011:10:59:08 +0200] "GET /livezilla/livezilla.php HTTP/1.1" 200 90048 "-" "Mozilla/5.0 (compatible; AhrefsBot/1.0; +http://ahrefs.com/robot/)"
213.186.122.3 - - [21/Sep/2011:10:59:09 +0200] "GET /livezilla/livezilla.php?template=lz_chat_frame.3.2.chat.3.0 HTTP/1.1" 200 2151 "-" "Mozilla/5.0 (compatible; AhrefsBot/1.0; +http://ahrefs.com/robot/)"
66.249.71.239 - - [21/Sep/2011:16:22:29 +0200] "GET /robots.txt HTTP/1.1" 404 - "-" "Mozilla/5.0 (compatible; Googlebot/2.1; +http://www.google.com/bot.html)"
66.249.71.239 - - [21/Sep/2011:16:22:29 +0200] "GET /livezilla/server.php?request=track&output=jscript&nse= HTTP/1.1" 302 1722 "-" "Mozilla/5.0 (compatible; Googlebot/2.1; +http://www.google.com/bot.html)"
77.20.40.169 - - [21/Sep/2011:22:03:17 +0200] "GET /robots.txt HTTP/1.1" 404 - "-" "findlinks/2.0.2 (+http://wortschatz.uni-leipzig.de/findlinks/)"
209.51.162.220 - - [22/Sep/2011:00:00:46 +0200] "GET /robots.txt HTTP/1.1" 404 - "-" "ShopWiki/1.0 ( +http://www.shopwiki.com/wiki/Help:Bot)"
67.152.29.130 - - [22/Sep/2011:03:37:35 +0200] "GET /robots.txt HTTP/1.1" 404 - "-" "ShopWiki/1.0 ( +http://www.shopwiki.com/wiki/Help:Bot)"
66.249.71.239 - - [22/Sep/2011:04:09:56 +0200] "GET /robots.txt HTTP/1.1" 404 - "-" "Mozilla/5.0 (compatible; Googlebot/2.1; +http://www.google.com/bot.html)"
66.249.71.239 - - [22/Sep/2011:04:09:56 +0200] "GET / HTTP/1.1" 200 1244 "-" "Mozilla/5.0 (compatible; Googlebot/2.1; +http://www.google.com/bot.html)"
66.249.71.239 - - [22/Sep/2011:08:19:30 +0200] "GET /livezilla/livezilla.php?template=lz_chat_frame.3.3 HTTP/1.1" 200 321 "-" "Mozilla/5.0 (compatible; Googlebot/2.1; +http://www.google.com/bot.html)"
208.80.194.26 - - [22/Sep/2011:11:03:21 +0200] "GET / HTTP/1.0" 200 1244 "-" "Mozilla/4.0 (compatible; MSIE 6.0; Windows NT 5.1; .NET CLR 1.1.4322; MSN 6.1; MSNbMSFT; MSNmen-us; MSNcOTH)"
95.108.128.242 - - [22/Sep/2011:15:06:12 +0200] "GET /robots.txt HTTP/1.1" 404 - "-" "Mozilla/5.0 (compatible; YandexBot/3.0; +http://yandex.com/bots)"
95.108.128.242 - - [22/Sep/2011:21:16:35 +0200] "GET / HTTP/1.1" 200 1244 "-" "Mozilla/5.0 (compatible; YandexBot/3.0; +http://yandex.com/bots)"
77.20.40.169 - - [22/Sep/2011:22:18:31 +0200] "GET /livezilla/livezilla.php HTTP/1.1" 200 90048 "-" "findlinks/2.0.2 (+http://wortschatz.uni-leipzig.de/findlinks/)"
77.20.40.169 - - [22/Sep/2011:22:18:31 +0200] "GET /livezilla/livezilla.php HTTP/1.1" 200 90048 "-" "findlinks/2.0.2 (+http://wortschatz.uni-leipzig.de/findlinks/)"
209.51.162.220 - - [23/Sep/2011:02:25:06 +0200] "GET /robots.txt HTTP/1.1" 404 - "-" "ShopWiki/1.0 ( +http://www.shopwiki.com/wiki/Help:Bot)"
63.247.137.52 - - [23/Sep/2011:12:50:54 +0200] "GET /livezilla/server.php?request=%27%20declare%20%40q%20varchar%288000%29%20select%20%40q%20%3D%200x57414954464F522044454C4159202730303A30303A313527%20exec%28%40q%29%20%2D%2D&nse=&output=jscript HTTP/1.1" 302 1722 "-" "Mozilla/4.0 (compatible; MSIE 5.0; Windows NT 5.0)"
63.247.137.52 - - [23/Sep/2011:12:50:56 +0200] "GET /livezilla/server.php?request=track&nse=%27%20declare%20%40q%20varchar%288000%29%20select%20%40q%20%3D%200x57414954464F522044454C4159202730303A30303A313527%20exec%28%40q%29%20%2D%2D&output=jscript HTTP/1.1" 302 1722 "-" "Mozilla/4.0 (compatible; MSIE 5.0; Windows NT 5.0)"
63.247.137.52 - - [23/Sep/2011:12:50:58 +0200] "GET /livezilla/server.php?request=track&nse=&output=%27%20declare%20%40q%20varchar%288000%29%20select%20%40q%20%3D%200x57414954464F522044454C4159202730303A30303A313527%20exec%28%40q%29%20%2D%2D HTTP/1.1" 302 1722 "-" "Mozilla/4.0 (compatible; MSIE 5.0; Windows NT 5.0)"
63.247.137.52 - - [23/Sep/2011:12:51:00 +0200] "GET /livezilla/server.php?request=1%20declare%20%40q%20varchar%288000%29%20select%20%40q%20%3D%200x57414954464F522044454C4159202730303A30303A313527%20exec%28%40q%29%20%2D%2D&nse=&output=jscript HTTP/1.1" 302 1722 "-" "Mozilla/4.0 (compatible; MSIE 5.0; Windows NT 5.0)"
63.247.137.52 - - [23/Sep/2011:12:51:02 +0200] "GET /livezilla/server.php?request=track&nse=1%20declare%20%40q%20varchar%288000%29%20select%20%40q%20%3D%200x57414954464F522044454C4159202730303A30303A313527%20exec%28%40q%29%20%2D%2D&output=jscript HTTP/1.1" 302 1722 "-" "Mozilla/4.0 (compatible; MSIE 5.0; Windows NT 5.0)"
63.247.137.52 - - [23/Sep/2011:12:51:09 +0200] "GET /livezilla/server.php?request=track&nse=&output=1%20declare%20%40q%20varchar%288000%29%20select%20%40q%20%3D%200x57414954464F522044454C4159202730303A30303A313527%20exec%28%40q%29%20%2D%2D HTTP/1.1" 302 1722 "-" "Mozilla/4.0 (compatible; MSIE 5.0; Windows NT 5.0)"
63.247.137.52 - - [23/Sep/2011:12:51:11 +0200] "GET /livezilla/server.php?request=1%29%20declare%20%40q%20varchar%288000%29%20select%20%40q%20%3D%200x57414954464F522044454C4159202730303A30303A313527%20exec%28%40q%29%20%2D%2D&nse=&output=jscript HTTP/1.1" 302 1722 "-" "Mozilla/4.0 (compatible; MSIE 5.0; Windows NT 5.0)"
63.247.137.52 - - [23/Sep/2011:12:51:13 +0200] "GET /livezilla/server.php?request=track&nse=1%29%20declare%20%40q%20varchar%288000%29%20select%20%40q%20%3D%200x57414954464F522044454C4159202730303A30303A313527%20exec%28%40q%29%20%2D%2D&output=jscript HTTP/1.1" 302 1722 "-" "Mozilla/4.0 (compatible; MSIE 5.0; Windows NT 5.0)"
63.247.137.52 - - [23/Sep/2011:12:51:15 +0200] "GET /livezilla/server.php?request=track&nse=&output=1%29%20declare%20%40q%20varchar%288000%29%20select%20%40q%20%3D%200x57414954464F522044454C4159202730303A30303A313527%20exec%28%40q%29%20%2D%2D HTTP/1.1" 302 1722 "-" "Mozilla/4.0 (compatible; MSIE 5.0; Windows NT 5.0)"
63.247.137.52 - - [23/Sep/2011:12:51:17 +0200] "GET /livezilla/server.php?request=%27%29%20declare%20%40q%20varchar%288000%29%20select%20%40q%20%3D%200x57414954464F522044454C4159202730303A30303A313527%20exec%28%40q%29%20%2D%2D&nse=&output=jscript HTTP/1.1" 302 1722 "-" "Mozilla/4.0 (compatible; MSIE 5.0; Windows NT 5.0)"
63.247.137.52 - - [23/Sep/2011:12:51:19 +0200] "GET /livezilla/server.php?request=track&nse=%27%29%20declare%20%40q%20varchar%288000%29%20select%20%40q%20%3D%200x57414954464F522044454C4159202730303A30303A313527%20exec%28%40q%29%20%2D%2D&output=jscript HTTP/1.1" 302 1722 "-" "Mozilla/4.0 (compatible; MSIE 5.0; Windows NT 5.0)"
63.247.137.52 - - [23/Sep/2011:12:51:21 +0200] "GET /livezilla/server.php?request=track&nse=&output=%27%29%20declare%20%40q%20varchar%288000%29%20select%20%40q%20%3D%200x57414954464F522044454C4159202730303A30303A313527%20exec%28%40q%29%20%2D%2D HTTP/1.1" 302 1722 "-" "Mozilla/4.0 (compatible; MSIE 5.0; Windows NT 5.0)"
209.51.162.219 - - [23/Sep/2011:13:58:17 +0200] "GET /robots.txt HTTP/1.1" 404 - "-" "ShopWiki/1.0 ( +http://www.shopwiki.com/wiki/Help:Bot)"
208.80.194.35 - - [23/Sep/2011:19:44:33 +0200] "GET / HTTP/1.0" 200 1244 "-" "Mozilla/4.0 (compatible; MSIE 7.0; Windows NT 5.1; YPC 3.2.0; ZangoToolbar 4.8.2)"
95.108.128.242 - - [25/Sep/2011:11:34:12 +0200] "GET /robots.txt HTTP/1.1" 404 - "-" "Mozilla/5.0 (compatible; YandexBot/3.0; +http://yandex.com/bots)"
66.249.72.105 - - [25/Sep/2011:13:32:20 +0200] "GET /robots.txt HTTP/1.1" 404 - "-" "Mozilla/5.0 (compatible; Googlebot/2.1; +http://www.google.com/bot.html)"
66.249.72.105 - - [25/Sep/2011:13:32:20 +0200] "GET / HTTP/1.1" 304 - "-" "Mozilla/5.0 (compatible; Googlebot/2.1; +http://www.google.com/bot.html)"
66.249.72.105 - - [25/Sep/2011:13:47:08 +0200] "GET /livezilla/livezilla.php?template=lz_chat_frame.1.1& HTTP/1.1" 200 2385 "-" "Mozilla/5.0 (compatible; Googlebot/2.1; +http://www.google.com/bot.html)"
95.108.128.242 - - [25/Sep/2011:17:13:00 +0200] "GET / HTTP/1.1" 200 1244 "-" "Mozilla/5.0 (compatible; YandexBot/3.0; +http://yandex.com/bots)"
209.51.162.220 - - [26/Sep/2011:00:25:30 +0200] "GET /robots.txt HTTP/1.1" 404 - "-" "ShopWiki/1.0 ( +http://www.shopwiki.com/wiki/Help:Bot)"
77.20.40.169 - - [26/Sep/2011:02:40:49 +0200] "GET /robots.txt HTTP/1.1" 404 - "-" "findlinks/2.0.2 (+http://wortschatz.uni-leipzig.de/findlinks/)"
213.186.122.3 - - [26/Sep/2011:04:12:10 +0200] "GET /robots.txt HTTP/1.1" 404 - "-" "Mozilla/5.0 (compatible; AhrefsBot/1.0; +http://ahrefs.com/robot/)"
213.186.122.3 - - [26/Sep/2011:04:12:11 +0200] "GET /livezilla/livezilla.php HTTP/1.1" 200 90048 "-" "Mozilla/5.0 (compatible; AhrefsBot/1.0; +http://ahrefs.com/robot/)"
213.186.122.3 - - [26/Sep/2011:04:12:13 +0200] "GET /livezilla/livezilla.php?template=lz_chat_frame.3.2.chat.5.0 HTTP/1.1" 200 1438 "-" "Mozilla/5.0 (compatible; AhrefsBot/1.0; +http://ahrefs.com/robot/)"
213.186.122.3 - - [26/Sep/2011:04:12:14 +0200] "GET /livezilla/livezilla.php?template=lz_chat_frame.5.1 HTTP/1.1" 200 345 "-" "Mozilla/5.0 (compatible; AhrefsBot/1.0; +http://ahrefs.com/robot/)"
67.152.29.130 - - [26/Sep/2011:07:24:11 +0200] "GET /robots.txt HTTP/1.1" 404 - "-" "ShopWiki/1.0 ( +http://www.shopwiki.com/wiki/Help:Bot)"
209.51.162.220 - - [26/Sep/2011:12:24:24 +0200] "GET /robots.txt HTTP/1.1" 404 - "-" "ShopWiki/1.0 ( +http://www.shopwiki.com/wiki/Help:Bot)"
208.80.194.34 - - [26/Sep/2011:12:53:56 +0200] "GET / HTTP/1.0" 200 1244 "-" "Mozilla/4.0 (compatible; MSIE 6.0; Windows NT 5.1; Supplied by Tesco.net; Sky Broadband)"
8.11.2.10 - - [26/Sep/2011:17:13:52 +0200] "GET /robots.txt HTTP/1.1" 404 - "-" "ShopWiki/1.0 ( +http://www.shopwiki.com/wiki/Help:Bot)"
46.4.95.140 - - [26/Sep/2011:21:02:20 +0200] "GET /robots.txt HTTP/1.0" 404 - "-" "Mozilla/5.0 (compatible; SEOkicks-Robot +http://www.seokicks.de/robot.html)"
46.4.95.140 - - [26/Sep/2011:21:02:31 +0200] "GET / HTTP/1.0" 200 1244 "-" "Mozilla/5.0 (compatible; SEOkicks-Robot +http://www.seokicks.de/robot.html)"
67.152.29.130 - - [26/Sep/2011:21:45:51 +0200] "GET /robots.txt HTTP/1.1" 404 - "-" "ShopWiki/1.0 ( +http://www.shopwiki.com/wiki/Help:Bot)"
84.91.209.70 - - [27/Sep/2011:00:43:44 +0200] "GET / HTTP/1.0" 200 1244 "-" "Mozilla/4.0 (compatible; MSIE 6.0; Windows NT 5.1; SV1; .NET CLR 1.1.4322)"
209.51.162.220 - - [27/Sep/2011:02:54:13 +0200] "GET /robots.txt HTTP/1.1" 404 - "-" "ShopWiki/1.0 ( +http://www.shopwiki.com/wiki/Help:Bot)"
77.20.40.89 - - [27/Sep/2011:04:40:41 +0200] "GET /livezilla/livezilla.php HTTP/1.1" 200 90048 "-" "findlinks/2.0.2 (+http://wortschatz.uni-leipzig.de/findlinks/)"
77.20.40.89 - - [27/Sep/2011:04:40:42 +0200] "GET /livezilla/livezilla.php HTTP/1.1" 200 90048 "-" "findlinks/2.0.2 (+http://wortschatz.uni-leipzig.de/findlinks/)"
67.152.29.130 - - [27/Sep/2011:06:10:39 +0200] "GET /robots.txt HTTP/1.1" 404 - "-" "ShopWiki/1.0 ( +http://www.shopwiki.com/wiki/Help:Bot)"
62.149.229.124 - - [27/Sep/2011:08:25:40 +0200] "GET /livezilla/livezilla.php?template=lz_chat_frame.3.2.login.2.0 HTTP/1.1" 200 361 "-" "Mozilla/4.0 (compatible; MSIE 6.0; Windows NT 5.1; SV1; .NET CLR 1.1.4322)"
8.11.2.10 - - [27/Sep/2011:09:45:23 +0200] "GET /robots.txt HTTP/1.1" 404 - "-" "ShopWiki/1.0 ( +http://www.shopwiki.com/wiki/Help:Bot)"
213.186.122.3 - - [27/Sep/2011:21:15:48 +0200] "GET /robots.txt HTTP/1.1" 404 - "-" "Mozilla/5.0 (compatible; AhrefsBot/1.0; +http://ahrefs.com/robot/)"
213.186.122.3 - - [27/Sep/2011:21:15:49 +0200] "GET /livezilla/livezilla.php HTTP/1.1" 200 90048 "-" "Mozilla/5.0 (compatible; AhrefsBot/1.0; +http://ahrefs.com/robot/)"
213.186.122.3 - - [27/Sep/2011:21:15:51 +0200] "GET /livezilla/livezilla.php?template=lz_chat_frame.1.0 HTTP/1.1" 200 344 "-" "Mozilla/5.0 (compatible; AhrefsBot/1.0; +http://ahrefs.com/robot/)"
213.186.122.3 - - [27/Sep/2011:21:15:51 +0200] "GET /livezilla/livezilla.php?template=lz_chat_frame.3.0 HTTP/1.1" 200 321 "-" "Mozilla/5.0 (compatible; AhrefsBot/1.0; +http://ahrefs.com/robot/)"
8.11.2.10 - - [27/Sep/2011:22:34:50 +0200] "GET /robots.txt HTTP/1.1" 404 - "-" "ShopWiki/1.0 ( +http://www.shopwiki.com/wiki/Help:Bot)"
208.80.194.29 - - [28/Sep/2011:00:25:32 +0200] "GET / HTTP/1.0" 200 1244 "-" "Mozilla/4.0 (compatible; MSIE 6.0; Windows NT 5.1; SV1; IEMB3; (R1 1.5); MSIECrawler)"
67.195.115.99 - - [28/Sep/2011:03:34:47 +0200] "GET /robots.txt HTTP/1.0" 404 - "-" "Mozilla/5.0 (compatible; Yahoo! Slurp; http://help.yahoo.com/help/us/ysearch/slurp)"
67.195.115.99 - - [28/Sep/2011:03:34:47 +0200] "GET /livezilla/livezilla.php HTTP/1.0" 200 90048 "-" "Mozilla/5.0 (compatible; Yahoo! Slurp; http://help.yahoo.com/help/us/ysearch/slurp)"
67.195.115.99 - - [28/Sep/2011:03:34:49 +0200] "GET /livezilla/templates/nojava.html HTTP/1.0" 200 1088 "-" "Mozilla/5.0 (compatible; Yahoo! Slurp; http://help.yahoo.com/help/us/ysearch/slurp)"
207.46.199.48 - - [28/Sep/2011:06:08:24 +0200] "GET /robots.txt HTTP/1.1" 404 - "-" "Mozilla/5.0 (compatible; bingbot/2.0; +http://www.bing.com/bingbot.htm)"
207.46.199.48 - - [28/Sep/2011:06:09:35 +0200] "GET /livezilla/livezilla.php HTTP/1.1" 200 90048 "-" "Mozilla/5.0 (compatible; bingbot/2.0; +http://www.bing.com/bingbot.htm)"
209.51.162.220 - - [28/Sep/2011:06:34:00 +0200] "GET /robots.txt HTTP/1.1" 404 - "-" "ShopWiki/1.0 ( +http://www.shopwiki.com/wiki/Help:Bot)"
139.18.2.17 - - [28/Sep/2011:08:11:34 +0200] "GET /robots.txt HTTP/1.1" 404 - "-" "findlinks/2.1.3 (+http://wortschatz.uni-leipzig.de/findlinks/)"
173.236.21.106 - - [28/Sep/2011:12:32:45 +0200] "GET /robots.txt HTTP/1.0" 404 - "-" "Mozilla/5.0 (compatible; MJ12bot/v1.4.0; http://www.majestic12.co.uk/bot.php?+)"
173.236.21.106 - - [28/Sep/2011:12:32:46 +0200] "GET /livezilla/livezilla.php HTTP/1.0" 200 90200 "-" "Mozilla/5.0 (compatible; MJ12bot/v1.4.0; http://www.majestic12.co.uk/bot.php?+)"
213.191.35.178 - - [28/Sep/2011:19:08:23 +0200] "POST /livezilla/server.php?acid=55e35 HTTP/1.1" 200 331 "-" "-"
176.14.32.209 - - [28/Sep/2011:20:41:53 +0200] "GET / HTTP/1.1" 200 1244 "http://yandex.ru/yandsearch?text=chat.f-m-shop.de" "Mozilla/4.0 (compatible; MSIE 8.0; Windows NT 5.1; Trident/4.0; InfoPath.1)"
66.249.72.105 - - [28/Sep/2011:21:53:49 +0200] "GET /robots.txt HTTP/1.1" 404 - "-" "Mozilla/5.0 (compatible; Googlebot/2.1; +http://www.google.com/bot.html)"
66.249.72.105 - - [28/Sep/2011:21:53:49 +0200] "GET /livezilla/livezilla.php?template=lz_chat_frame.2.0 HTTP/1.1" 200 344 "-" "Mozilla/5.0 (compatible; Googlebot/2.1; +http://www.google.com/bot.html)"
66.249.72.105 - - [28/Sep/2011:23:36:55 +0200] "GET /livezilla/livezilla.php?template=lz_chat_frame.1.0 HTTP/1.1" 200 344 "-" "Mozilla/5.0 (compatible; Googlebot/2.1; +http://www.google.com/bot.html)"
209.51.162.220 - - [29/Sep/2011:03:39:39 +0200] "GET /robots.txt HTTP/1.1" 404 - "-" "ShopWiki/1.0 ( +http://www.shopwiki.com/wiki/Help:Bot)"
208.80.194.27 - - [29/Sep/2011:08:42:29 +0200] "GET / HTTP/1.0" 200 1244 "-" "Mozilla/4.0 (compatible; MSIE 6.0; Windows NT 5.1; SV1; E-nrgyPlus; dial; .NET CLR 1.1.4322)"
213.186.122.3 - - [29/Sep/2011:12:13:55 +0200] "GET /robots.txt HTTP/1.1" 404 - "-" "Mozilla/5.0 (compatible; AhrefsBot/1.0; +http://ahrefs.com/robot/)"
213.186.122.3 - - [29/Sep/2011:12:13:56 +0200] "GET /livezilla/livezilla.php HTTP/1.1" 200 90048 "-" "Mozilla/5.0 (compatible; AhrefsBot/1.0; +http://ahrefs.com/robot/)"
213.186.122.3 - - [29/Sep/2011:12:13:58 +0200] "GET /livezilla/livezilla.php?template=lz_chat_frame.3.2.chat HTTP/1.1" 200 2116 "-" "Mozilla/5.0 (compatible; AhrefsBot/1.0; +http://ahrefs.com/robot/)"
213.186.122.3 - - [29/Sep/2011:12:13:59 +0200] "GET /livezilla/livezilla.php?template=lz_chat_frame.3.2.chat.1.0&file=true HTTP/1.1" 200 1598 "-" "Mozilla/5.0 (compatible; AhrefsBot/1.0; +http://ahrefs.com/robot/)"
213.186.122.3 - - [29/Sep/2011:12:14:01 +0200] "GET /livezilla/livezilla.php?template=lz_chat_frame.3.2.chat.3.1 HTTP/1.1" 200 277 "-" "Mozilla/5.0 (compatible; AhrefsBot/1.0; +http://ahrefs.com/robot/)"
213.186.122.3 - - [29/Sep/2011:12:14:02 +0200] "GET /livezilla/livezilla.php?template=lz_chat_frame.3.2.chat.4.0 HTTP/1.1" 200 933 "-" "Mozilla/5.0 (compatible; AhrefsBot/1.0; +http://ahrefs.com/robot/)"
213.186.122.3 - - [29/Sep/2011:12:14:03 +0200] "GET /livezilla/livezilla.php?template=lz_chat_frame.3.2.login.0.0 HTTP/1.1" 200 1384 "-" "Mozilla/5.0 (compatible; AhrefsBot/1.0; +http://ahrefs.com/robot/)"
209.51.162.220 - - [29/Sep/2011:14:24:55 +0200] "GET /robots.txt HTTP/1.1" 404 - "-" "ShopWiki/1.0 ( +http://www.shopwiki.com/wiki/Help:Bot)"
130.83.167.153 - - [29/Sep/2011:16:48:55 +0200] "GET /livezilla/livezilla.php HTTP/1.1" 200 90048 "-" "findlinks/2.0.4 (+http://wortschatz.uni-leipzig.de/findlinks/)"
130.83.167.153 - - [29/Sep/2011:16:48:55 +0200] "GET /livezilla/livezilla.php HTTP/1.1" 200 90048 "-" "findlinks/2.0.4 (+http://wortschatz.uni-leipzig.de/findlinks/)"
66.249.72.91 - - [29/Sep/2011:23:16:12 +0200] "GET /robots.txt HTTP/1.1" 404 - "-" "Mozilla/5.0 (compatible; Googlebot/2.1; +http://www.google.com/bot.html)"
66.249.72.91 - - [29/Sep/2011:23:16:12 +0200] "GET /livezilla/images/button_close.gif HTTP/1.1" 304 - "-" "Googlebot-Image/1.0"
66.249.72.91 - - [30/Sep/2011:05:01:06 +0200] "GET /robots.txt HTTP/1.1" 404 - "-" "Mozilla/5.0 (compatible; Googlebot/2.1; +http://www.google.com/bot.html)"
66.249.72.91 - - [30/Sep/2011:05:01:07 +0200] "GET /livezilla/images/button_fav.gif HTTP/1.1" 304 - "-" "Googlebot-Image/1.0"
209.51.162.220 - - [30/Sep/2011:05:12:09 +0200] "GET /robots.txt HTTP/1.1" 404 - "-" "ShopWiki/1.0 ( +http://www.shopwiki.com/wiki/Help:Bot)"
66.249.72.91 - - [30/Sep/2011:10:47:30 +0200] "GET /livezilla/intern_images/nopic.jpg HTTP/1.1" 304 - "-" "Googlebot-Image/1.0"
77.20.40.89 - - [30/Sep/2011:16:29:20 +0200] "GET /robots.txt HTTP/1.1" 404 - "-" "findlinks/2.0.2 (+http://wortschatz.uni-leipzig.de/findlinks/)"
66.249.72.91 - - [30/Sep/2011:16:34:09 +0200] "GET /livezilla/images/lz_header.gif HTTP/1.1" 304 - "-" "Googlebot-Image/1.0"
208.80.194.29 - - [30/Sep/2011:17:41:24 +0200] "GET / HTTP/1.0" 200 1244 "-" "Mozilla/4.0 (compatible; MSIE 7.0; Windows NT 5.1; CCTB 1.2)"
38.111.147.84 - - [30/Sep/2011:18:03:56 +0200] "GET /robots.txt HTTP/1.0" 404 - "-" "TurnitinBot/2.1 (http://www.turnitin.com/robot/crawlerinfo.html)"
38.111.147.84 - - [30/Sep/2011:18:04:01 +0200] "GET /livezilla/livezilla.php HTTP/1.0" 200 90048 "-" "TurnitinBot/2.1 (http://www.turnitin.com/robot/crawlerinfo.html)"
213.186.122.3 - - [30/Sep/2011:23:32:39 +0200] "GET /robots.txt HTTP/1.1" 404 - "-" "Mozilla/5.0 (compatible; AhrefsBot/1.0; +http://ahrefs.com/robot/)"
213.186.122.3 - - [30/Sep/2011:23:32:40 +0200] "GET /livezilla/livezilla.php HTTP/1.1" 200 90048 "-" "Mozilla/5.0 (compatible; AhrefsBot/1.0; +http://ahrefs.com/robot/)"
213.186.122.3 - - [30/Sep/2011:23:32:43 +0200] "GET /livezilla/livezilla.php?template=lz_chat_frame.3.2.login.2.0 HTTP/1.1" 200 361 "-" "Mozilla/5.0 (compatible; AhrefsBot/1.0; +http://ahrefs.com/robot/)"