209.51.162.219 - - [01/Sep/2010:03:00:39 +0200] "GET /robots.txt HTTP/1.1" 404 - "-" "ShopWiki/1.0 ( +http://www.shopwiki.com/wiki/Help:Bot)"
8.11.2.10 - - [01/Sep/2010:06:50:52 +0200] "GET /robots.txt HTTP/1.1" 404 - "-" "ShopWiki/1.0 ( +http://www.shopwiki.com/wiki/Help:Bot)"
209.51.162.219 - - [01/Sep/2010:15:32:25 +0200] "GET /robots.txt HTTP/1.1" 404 - "-" "ShopWiki/1.0 ( +http://www.shopwiki.com/wiki/Help:Bot)"
208.80.194.27 - - [01/Sep/2010:17:18:00 +0200] "GET / HTTP/1.0" 404 - "-" "Mozilla/4.0 (compatible; MSIE 6.0; Windows NT 5.1; SV1; SIMBAR={F88FC6F2-D133-4ee8-B911-199A9D8C331F}; .NET CLR 1.0.3705; .NET CLR 1.1.4322)"
209.51.162.219 - - [01/Sep/2010:18:59:19 +0200] "GET /robots.txt HTTP/1.1" 404 - "-" "ShopWiki/1.0 ( +http://www.shopwiki.com/wiki/Help:Bot)"
95.108.158.134 - - [01/Sep/2010:20:47:46 +0200] "GET /robots.txt HTTP/1.1" 404 - "-" "Mozilla/5.0 (compatible; YandexBot/3.0; +http://yandex.com/bots)"
95.108.158.134 - - [02/Sep/2010:01:18:46 +0200] "GET / HTTP/1.1" 404 - "-" "Mozilla/5.0 (compatible; YandexBot/3.0; +http://yandex.com/bots)"
209.51.162.219 - - [02/Sep/2010:02:31:36 +0200] "GET /robots.txt HTTP/1.1" 404 - "-" "ShopWiki/1.0 ( +http://www.shopwiki.com/wiki/Help:Bot)"
207.46.12.238 - - [02/Sep/2010:07:29:03 +0200] "GET /robots.txt HTTP/1.1" 404 - "-" "msnbot/2.0b (+http://search.msn.com/msnbot.htm)"
207.46.12.238 - - [02/Sep/2010:07:50:07 +0200] "GET /livezilla/livezilla.php?template=lz_chat_frame.3.2.login.1.0& HTTP/1.1" 200 3689 "-" "msnbot/2.0b (+http://search.msn.com/msnbot.htm)"
207.46.12.238 - - [02/Sep/2010:07:50:07 +0200] "GET /livezilla/livezilla.php HTTP/1.1" 200 89940 "-" "msnbot/2.0b (+http://search.msn.com/msnbot.htm)"
8.11.2.9 - - [02/Sep/2010:12:50:11 +0200] "GET /robots.txt HTTP/1.1" 404 - "-" "ShopWiki/1.0 ( +http://www.shopwiki.com/wiki/Help:Bot)"
8.11.2.9 - - [02/Sep/2010:16:02:59 +0200] "GET /robots.txt HTTP/1.1" 404 - "-" "ShopWiki/1.0 ( +http://www.shopwiki.com/wiki/Help:Bot)"
174.129.121.126 - - [03/Sep/2010:06:43:23 +0200] "GET /livezilla/server.php?request=track&output=jscript&nse=0.9081484902128673 HTTP/1.0" 200 26976 "http://www.f-m-shop.de/seiten/frame_schotte.cfm?kat=HDDNOT18&nav=2&artnr=A___8687" "Mozilla/4.0 (compatible; MSIE 7.0; Windows NT 5.1)"
174.129.121.126 - - [03/Sep/2010:06:43:24 +0200] "GET /livezilla/server.php?request=track&start=1283489004237&browid=831da5a&url=aHR0cDovL3d3dy5mLW0tc2hvcC5kZS9zZWl0ZW4vZnJhbWVfc2Nob3R0ZS5jZm0,a2F0PUhERE5PVDE4Jm5hdj0yJmFydG5yPUFfX184Njg3&livezilla=84aa9d3&cd=24&rh=768&rw=1024&rf=aHR0cDovL3d3dy5heGVsLWZpbmRsaW5nLmRlL2lwb2QuaHRtbA&tzo=-7&code=&en=&ee=&ec=&dc=RiZNIE9ubGluZSBTaG9wIC8gQ29tcHV0ZXIgdW5kIG1laHI&geo_rid=7 HTTP/1.0" 200 85 "http://www.f-m-shop.de/seiten/frame_schotte.cfm?kat=HDDNOT18&nav=2&artnr=A___8687" "Mozilla/4.0 (compatible; MSIE 7.0; Windows NT 5.1)"
174.129.121.126 - - [03/Sep/2010:06:43:26 +0200] "GET /livezilla/templates/style.css?cache=0.1261457445658315 HTTP/1.0" 200 9496 "http://www.f-m-shop.de/seiten/frame_schotte.cfm?kat=HDDNOT18&nav=2&artnr=A___8687" "Mozilla/4.0 (compatible; MSIE 7.0; Windows NT 5.1)"
174.129.121.126 - - [03/Sep/2010:06:43:26 +0200] "GET /livezilla/images/chat_bg_field.gif HTTP/1.0" 200 121 "http://chat.f-m-shop.de/livezilla/templates/style.css?cache=0.1261457445658315" "Mozilla/4.0 (compatible; MSIE 7.0; Windows NT 5.1)"
174.129.121.126 - - [03/Sep/2010:06:43:26 +0200] "GET /livezilla/images/lz_button_chat.gif HTTP/1.0" 200 1656 "http://chat.f-m-shop.de/livezilla/templates/style.css?cache=0.1261457445658315" "Mozilla/4.0 (compatible; MSIE 7.0; Windows NT 5.1)"
174.129.121.126 - - [03/Sep/2010:06:43:27 +0200] "GET /livezilla/images/chat_bg_input.gif HTTP/1.0" 200 63 "http://chat.f-m-shop.de/livezilla/templates/style.css?cache=0.1261457445658315" "Mozilla/4.0 (compatible; MSIE 7.0; Windows NT 5.1)"
174.129.121.126 - - [03/Sep/2010:06:43:27 +0200] "GET /livezilla/images/chat_bg_navigation.gif HTTP/1.0" 200 258 "http://chat.f-m-shop.de/livezilla/templates/style.css?cache=0.1261457445658315" "Mozilla/4.0 (compatible; MSIE 7.0; Windows NT 5.1)"
174.129.121.126 - - [03/Sep/2010:06:43:27 +0200] "GET /livezilla/images/lz_topbg.gif HTTP/1.0" 200 1539 "http://chat.f-m-shop.de/livezilla/templates/style.css?cache=0.1261457445658315" "Mozilla/4.0 (compatible; MSIE 7.0; Windows NT 5.1)"
174.129.121.126 - - [03/Sep/2010:06:43:27 +0200] "GET /livezilla/images/lz_button.gif HTTP/1.0" 200 838 "http://chat.f-m-shop.de/livezilla/templates/style.css?cache=0.1261457445658315" "Mozilla/4.0 (compatible; MSIE 7.0; Windows NT 5.1)"
174.129.121.126 - - [03/Sep/2010:06:43:27 +0200] "GET /livezilla/images/chat_bg_footer.gif HTTP/1.0" 200 194 "http://chat.f-m-shop.de/livezilla/templates/style.css?cache=0.1261457445658315" "Mozilla/4.0 (compatible; MSIE 7.0; Windows NT 5.1)"
174.129.121.126 - - [03/Sep/2010:06:43:27 +0200] "GET /livezilla/images/lz_button_wide.gif HTTP/1.0" 200 905 "http://chat.f-m-shop.de/livezilla/templates/style.css?cache=0.1261457445658315" "Mozilla/4.0 (compatible; MSIE 7.0; Windows NT 5.1)"
174.129.121.126 - - [03/Sep/2010:06:43:27 +0200] "GET /livezilla/images/lz_button_extra.gif HTTP/1.0" 200 948 "http://chat.f-m-shop.de/livezilla/templates/style.css?cache=0.1261457445658315" "Mozilla/4.0 (compatible; MSIE 7.0; Windows NT 5.1)"
174.129.121.126 - - [03/Sep/2010:06:43:27 +0200] "GET /livezilla/images/chat_bg_navigation_sub.gif HTTP/1.0" 200 76 "http://chat.f-m-shop.de/livezilla/templates/style.css?cache=0.1261457445658315" "Mozilla/4.0 (compatible; MSIE 7.0; Windows NT 5.1)"
174.129.121.126 - - [03/Sep/2010:06:43:27 +0200] "GET /livezilla/images/chat_bg_ddown.gif HTTP/1.0" 200 52 "http://chat.f-m-shop.de/livezilla/templates/style.css?cache=0.1261457445658315" "Mozilla/4.0 (compatible; MSIE 7.0; Windows NT 5.1)"
174.129.121.126 - - [03/Sep/2010:06:43:28 +0200] "GET /livezilla/images/chat_bg_footer_top.gif HTTP/1.0" 200 858 "http://chat.f-m-shop.de/livezilla/templates/style.css?cache=0.1261457445658315" "Mozilla/4.0 (compatible; MSIE 7.0; Windows NT 5.1)"
208.80.194.28 - - [03/Sep/2010:08:39:51 +0200] "GET / HTTP/1.0" 404 - "-" "Mozilla/4.0 (compatible; MSIE 7.0; Windows NT 5.1; FunWebProducts; YPC 3.2.0; .NET CLR 1.0.3705; .NET CLR 1.1.4322; Media Center PC 4.0; .NET CLR 2.0.50727; .NET CLR 3.0.04506.30; Creative ZENcast v1.02.10; ZangoToolbar 4.8.3)"
209.51.162.220 - - [03/Sep/2010:21:07:45 +0200] "GET /robots.txt HTTP/1.1" 404 - "-" "ShopWiki/1.0 ( +http://www.shopwiki.com/wiki/Help:Bot)"
207.46.13.52 - - [03/Sep/2010:21:30:48 +0200] "GET /robots.txt HTTP/1.1" 404 - "-" "msnbot/2.0b (+http://search.msn.com/msnbot.htm)"
207.46.13.52 - - [03/Sep/2010:21:42:24 +0200] "GET /livezilla/livezilla.php?template=lz_chat_frame.3.2.login.1.0& HTTP/1.1" 200 3689 "-" "msnbot/2.0b (+http://search.msn.com/msnbot.htm)"
207.46.13.52 - - [03/Sep/2010:21:42:24 +0200] "GET /livezilla/livezilla.php HTTP/1.1" 200 89940 "-" "msnbot/2.0b (+http://search.msn.com/msnbot.htm)"
209.51.162.219 - - [04/Sep/2010:00:40:54 +0200] "GET /robots.txt HTTP/1.1" 404 - "-" "ShopWiki/1.0 ( +http://www.shopwiki.com/wiki/Help:Bot)"
212.12.55.55 - - [04/Sep/2010:06:51:26 +0200] "GET /livezilla/server.php?request=track&output=jscript&nse=0.4797551305686979 HTTP/1.0" 200 26976 "http://www.f-m-shop.de/seiten/frame_billiger.cfm?kat=XPOSTEN&nav=2&artnr=A__15081" "Mozilla/4.0 (compatible; MSIE 7.0; Windows NT 5.1; T312461)"
212.12.55.55 - - [04/Sep/2010:06:51:30 +0200] "GET /livezilla/server.php?request=track&start=1283575887578&browid=1c181fa&url=aHR0cDovL3d3dy5mLW0tc2hvcC5kZS9zZWl0ZW4vZnJhbWVfYmlsbGlnZXIuY2ZtP2thdD1YUE9TVEVOJm5hdj0yJmFydG5yPUFfXzE1MDgx&livezilla=263e99e&cd=undefined&rh=768&rw=1024&rf=&tzo=2&code=&en=&ee=&ec=&dc=RiZNIE9ubGluZSBTaG9wIC8gQ29tcHV0ZXIgdW5kIG1laHI&geo_rid=7 HTTP/1.0" 200 85 "http://www.f-m-shop.de/seiten/frame_billiger.cfm?kat=XPOSTEN&nav=2&artnr=A__15081" "Mozilla/4.0 (compatible; MSIE 7.0; Windows NT 5.1; T312461)"
208.80.194.28 - - [04/Sep/2010:18:20:51 +0200] "GET / HTTP/1.0" 404 - "-" "Mozilla/4.0 (compatible; MSIE 6.0; Windows NT 5.1; SV1; JSRCC_Academic; InfoPath.1; .NET CLR 1.1.4322; .NET CLR 2.0.50727)"
8.11.2.10 - - [05/Sep/2010:21:16:47 +0200] "GET /robots.txt HTTP/1.1" 404 - "-" "ShopWiki/1.0 ( +http://www.shopwiki.com/wiki/Help:Bot)"
209.51.162.220 - - [06/Sep/2010:02:42:01 +0200] "GET /robots.txt HTTP/1.1" 404 - "-" "ShopWiki/1.0 ( +http://www.shopwiki.com/wiki/Help:Bot)"
208.80.194.53 - - [06/Sep/2010:04:07:59 +0200] "GET / HTTP/1.0" 404 - "-" "Mozilla/4.0 (compatible; MSIE 7.0; Windows NT 5.1; sbcydsl 3.12; YPC 3.0.3; .NET CLR 1.1.4322; .NET CLR 2.0.50727)"
209.51.162.219 - - [07/Sep/2010:02:46:15 +0200] "GET /robots.txt HTTP/1.1" 404 - "-" "ShopWiki/1.0 ( +http://www.shopwiki.com/wiki/Help:Bot)"
208.80.194.53 - - [07/Sep/2010:13:57:16 +0200] "GET / HTTP/1.0" 404 - "-" "Mozilla/4.0 (compatible; MSIE 6.0; Windows NT 5.1; {3344680D-4261-45CB-AA3B-EAF74DFB7B7E})"
209.51.162.219 - - [08/Sep/2010:03:47:24 +0200] "GET /robots.txt HTTP/1.1" 404 - "-" "ShopWiki/1.0 ( +http://www.shopwiki.com/wiki/Help:Bot)"
67.152.29.130 - - [08/Sep/2010:10:11:41 +0200] "GET /robots.txt HTTP/1.1" 404 - "-" "ShopWiki/1.0 ( +http://www.shopwiki.com/wiki/Help:Bot)"
208.80.194.36 - - [09/Sep/2010:00:40:54 +0200] "GET / HTTP/1.0" 404 - "-" "Mozilla/4.0 (compatible; MSIE 6.0; AOL 9.0; Windows 98; .NET CLR 1.1.4322)"
207.46.13.143 - - [09/Sep/2010:02:12:25 +0200] "GET /robots.txt HTTP/1.1" 404 - "-" "msnbot/2.0b (+http://search.msn.com/msnbot.htm)"
207.46.13.143 - - [09/Sep/2010:02:32:17 +0200] "GET /livezilla/livezilla.php?template=lz_chat_frame.3.2.login& HTTP/1.1" 200 1105 "-" "msnbot/2.0b (+http://search.msn.com/msnbot.htm)"
207.46.13.143 - - [09/Sep/2010:02:32:17 +0200] "GET /livezilla/livezilla.php HTTP/1.1" 200 89940 "-" "msnbot/2.0b (+http://search.msn.com/msnbot.htm)"
209.51.162.220 - - [09/Sep/2010:04:21:07 +0200] "GET /robots.txt HTTP/1.1" 404 - "-" "ShopWiki/1.0 ( +http://www.shopwiki.com/wiki/Help:Bot)"
8.11.2.9 - - [09/Sep/2010:04:24:11 +0200] "GET /livezilla/livezilla.php HTTP/1.1" 200 90096 "-" "ShopWiki/1.0 ( +http://www.shopwiki.com/wiki/Help:Bot)"
8.11.2.9 - - [09/Sep/2010:04:24:12 +0200] "GET /livezilla/templates/style.css HTTP/1.1" 200 9496 "-" "ShopWiki/1.0 ( +http://www.shopwiki.com/wiki/Help:Bot)"
67.195.115.244 - - [09/Sep/2010:12:14:50 +0200] "GET /robots.txt HTTP/1.0" 404 - "-" "Mozilla/5.0 (compatible; Yahoo! Slurp; http://help.yahoo.com/help/us/ysearch/slurp)"
67.195.115.244 - - [09/Sep/2010:12:14:50 +0200] "GET /livezilla/livezilla.php HTTP/1.0" 200 89940 "-" "Mozilla/5.0 (compatible; Yahoo! Slurp/3.0; http://help.yahoo.com/help/us/ysearch/slurp)"
67.195.115.244 - - [09/Sep/2010:12:14:52 +0200] "GET /livezilla/templates/nojava.html HTTP/1.0" 200 1088 "-" "Mozilla/5.0 (compatible; Yahoo! Slurp/3.0; http://help.yahoo.com/help/us/ysearch/slurp)"
209.51.162.220 - - [09/Sep/2010:20:29:36 +0200] "GET /robots.txt HTTP/1.1" 404 - "-" "ShopWiki/1.0 ( +http://www.shopwiki.com/wiki/Help:Bot)"
209.51.162.219 - - [09/Sep/2010:23:49:43 +0200] "GET /robots.txt HTTP/1.1" 404 - "-" "ShopWiki/1.0 ( +http://www.shopwiki.com/wiki/Help:Bot)"
209.51.162.219 - - [10/Sep/2010:12:24:03 +0200] "GET /robots.txt HTTP/1.1" 404 - "-" "ShopWiki/1.0 ( +http://www.shopwiki.com/wiki/Help:Bot)"
207.46.13.85 - - [10/Sep/2010:12:34:45 +0200] "GET /robots.txt HTTP/1.1" 404 - "-" "msnbot/2.0b (+http://search.msn.com/msnbot.htm)"
207.46.13.85 - - [10/Sep/2010:12:48:51 +0200] "GET /livezilla/livezilla.php?template=lz_chat_frame.3.2.login& HTTP/1.1" 200 1105 "-" "msnbot/2.0b (+http://search.msn.com/msnbot.htm)"
207.46.13.85 - - [10/Sep/2010:12:48:51 +0200] "GET /livezilla/livezilla.php HTTP/1.1" 200 89940 "-" "msnbot/2.0b (+http://search.msn.com/msnbot.htm)"
208.80.194.32 - - [10/Sep/2010:15:53:06 +0200] "GET / HTTP/1.0" 404 - "-" "Mozilla/4.0 (compatible; MSIE 6.0; Windows NT 5.1; {03E89F3F-EF85-13BC-AE9A-C4F1D4279AB6}; .NET CLR 1.1.4322)"
67.152.29.130 - - [10/Sep/2010:18:41:46 +0200] "GET /robots.txt HTTP/1.1" 404 - "-" "ShopWiki/1.0 ( +http://www.shopwiki.com/wiki/Help:Bot)"
8.11.2.9 - - [10/Sep/2010:22:57:24 +0200] "GET /robots.txt HTTP/1.1" 404 - "-" "ShopWiki/1.0 ( +http://www.shopwiki.com/wiki/Help:Bot)"
8.11.2.9 - - [11/Sep/2010:04:00:43 +0200] "GET /robots.txt HTTP/1.1" 404 - "-" "ShopWiki/1.0 ( +http://www.shopwiki.com/wiki/Help:Bot)"
209.51.162.220 - - [11/Sep/2010:07:42:28 +0200] "GET /robots.txt HTTP/1.1" 404 - "-" "ShopWiki/1.0 ( +http://www.shopwiki.com/wiki/Help:Bot)"
209.51.162.220 - - [11/Sep/2010:12:42:08 +0200] "GET /robots.txt HTTP/1.1" 404 - "-" "ShopWiki/1.0 ( +http://www.shopwiki.com/wiki/Help:Bot)"
95.108.158.134 - - [11/Sep/2010:20:40:49 +0200] "GET /robots.txt HTTP/1.1" 404 - "-" "Mozilla/5.0 (compatible; YandexBot/3.0; +http://yandex.com/bots)"
209.51.162.220 - - [11/Sep/2010:22:36:28 +0200] "GET /robots.txt HTTP/1.1" 404 - "-" "ShopWiki/1.0 ( +http://www.shopwiki.com/wiki/Help:Bot)"
8.11.2.10 - - [12/Sep/2010:03:48:04 +0200] "GET /robots.txt HTTP/1.1" 404 - "-" "ShopWiki/1.0 ( +http://www.shopwiki.com/wiki/Help:Bot)"
95.108.158.134 - - [12/Sep/2010:06:50:34 +0200] "GET / HTTP/1.1" 404 - "-" "Mozilla/5.0 (compatible; YandexBot/3.0; +http://yandex.com/bots)"
67.152.29.130 - - [12/Sep/2010:06:52:43 +0200] "GET /robots.txt HTTP/1.1" 404 - "-" "ShopWiki/1.0 ( +http://www.shopwiki.com/wiki/Help:Bot)"
208.80.194.32 - - [12/Sep/2010:09:14:13 +0200] "GET / HTTP/1.0" 404 - "-" "Mozilla/4.0 (compatible; MSIE 6.0; Windows NT 5.1; SV1; SIMBAR Enabled; snprtz|S88816688710055)"
195.240.235.249 - - [12/Sep/2010:16:05:10 +0200] "GET / HTTP/1.1" 404 - "-" "Java/1.4.1_01"
67.152.29.130 - - [12/Sep/2010:20:13:22 +0200] "GET /robots.txt HTTP/1.1" 404 - "-" "ShopWiki/1.0 ( +http://www.shopwiki.com/wiki/Help:Bot)"
67.152.29.130 - - [13/Sep/2010:04:04:48 +0200] "GET /robots.txt HTTP/1.1" 404 - "-" "ShopWiki/1.0 ( +http://www.shopwiki.com/wiki/Help:Bot)"
209.51.162.219 - - [13/Sep/2010:07:11:34 +0200] "GET /robots.txt HTTP/1.1" 404 - "-" "ShopWiki/1.0 ( +http://www.shopwiki.com/wiki/Help:Bot)"
209.51.162.220 - - [13/Sep/2010:10:26:51 +0200] "GET /robots.txt HTTP/1.1" 404 - "-" "ShopWiki/1.0 ( +http://www.shopwiki.com/wiki/Help:Bot)"
209.51.162.220 - - [13/Sep/2010:14:20:34 +0200] "GET /robots.txt HTTP/1.1" 404 - "-" "ShopWiki/1.0 ( +http://www.shopwiki.com/wiki/Help:Bot)"
208.80.194.32 - - [14/Sep/2010:03:32:03 +0200] "GET / HTTP/1.0" 404 - "-" "Mozilla/4.0 (compatible; MSIE 6.0; Windows NT 5.1; SV1; YPC 3.2.0; Media Center PC 3.0; .NET CLR 1.0.3705; yplus 5.3.04b)"
8.11.2.10 - - [14/Sep/2010:05:24:58 +0200] "GET /robots.txt HTTP/1.1" 404 - "-" "ShopWiki/1.0 ( +http://www.shopwiki.com/wiki/Help:Bot)"
207.46.195.105 - - [14/Sep/2010:07:27:19 +0200] "GET /robots.txt HTTP/1.1" 404 - "-" "msnbot/2.0b (+http://search.msn.com/msnbot.htm)"
207.46.195.105 - - [14/Sep/2010:07:30:32 +0200] "GET /livezilla/livezilla.php?template=lz_chat_frame.3.2.login.1.0& HTTP/1.1" 200 3689 "-" "msnbot/2.0b (+http://search.msn.com/msnbot.htm)"
207.46.195.105 - - [14/Sep/2010:07:30:32 +0200] "GET /livezilla/livezilla.php HTTP/1.1" 200 89940 "-" "msnbot/2.0b (+http://search.msn.com/msnbot.htm)"
209.51.162.220 - - [14/Sep/2010:14:58:57 +0200] "GET /robots.txt HTTP/1.1" 404 - "-" "ShopWiki/1.0 ( +http://www.shopwiki.com/wiki/Help:Bot)"
8.11.2.9 - - [15/Sep/2010:04:08:23 +0200] "GET /robots.txt HTTP/1.1" 404 - "-" "ShopWiki/1.0 ( +http://www.shopwiki.com/wiki/Help:Bot)"
67.152.29.130 - - [15/Sep/2010:10:46:48 +0200] "GET /robots.txt HTTP/1.1" 404 - "-" "ShopWiki/1.0 ( +http://www.shopwiki.com/wiki/Help:Bot)"
67.152.29.130 - - [15/Sep/2010:14:34:19 +0200] "GET /robots.txt HTTP/1.1" 404 - "-" "ShopWiki/1.0 ( +http://www.shopwiki.com/wiki/Help:Bot)"
209.51.162.220 - - [15/Sep/2010:18:13:20 +0200] "GET /robots.txt HTTP/1.1" 404 - "-" "ShopWiki/1.0 ( +http://www.shopwiki.com/wiki/Help:Bot)"
208.80.194.26 - - [15/Sep/2010:23:24:19 +0200] "GET / HTTP/1.0" 404 - "-" "Mozilla/4.0 (compatible; MSIE 6.0; Windows NT 5.1; SV1; FunWebProducts; .NET CLR 1.0.3705; .NET CLR 1.1.4322; Media Center PC 2.8)"
8.11.2.9 - - [16/Sep/2010:03:11:05 +0200] "GET /robots.txt HTTP/1.1" 404 - "-" "ShopWiki/1.0 ( +http://www.shopwiki.com/wiki/Help:Bot)"
8.11.2.9 - - [16/Sep/2010:14:49:33 +0200] "GET /robots.txt HTTP/1.1" 404 - "-" "ShopWiki/1.0 ( +http://www.shopwiki.com/wiki/Help:Bot)"
66.249.65.140 - - [16/Sep/2010:17:37:28 +0200] "GET /robots.txt HTTP/1.1" 404 - "-" "Mozilla/5.0 (compatible; Googlebot/2.1; +http://www.google.com/bot.html)"
66.249.65.140 - - [16/Sep/2010:17:37:28 +0200] "GET /livezilla/livezilla.php?template=lz_chat_frame.0.2 HTTP/1.1" 200 321 "-" "Mozilla/5.0 (compatible; Googlebot/2.1; +http://www.google.com/bot.html)"
67.195.115.244 - - [17/Sep/2010:06:37:05 +0200] "GET /robots.txt HTTP/1.0" 404 - "-" "Mozilla/5.0 (compatible; Yahoo! Slurp; http://help.yahoo.com/help/us/ysearch/slurp)"
67.195.115.244 - - [17/Sep/2010:06:37:06 +0200] "GET /livezilla/livezilla.php HTTP/1.0" 200 89940 "-" "Mozilla/5.0 (compatible; Yahoo! Slurp/3.0; http://help.yahoo.com/help/us/ysearch/slurp)"
67.195.115.244 - - [17/Sep/2010:06:37:07 +0200] "GET /livezilla/templates/nojava.html HTTP/1.0" 200 1088 "-" "Mozilla/5.0 (compatible; Yahoo! Slurp/3.0; http://help.yahoo.com/help/us/ysearch/slurp)"
209.51.162.219 - - [17/Sep/2010:14:51:27 +0200] "GET /robots.txt HTTP/1.1" 404 - "-" "ShopWiki/1.0 ( +http://www.shopwiki.com/wiki/Help:Bot)"
95.108.151.244 - - [17/Sep/2010:19:29:28 +0200] "GET /robots.txt HTTP/1.1" 404 - "-" "Mozilla/5.0 (compatible; YandexBot/3.0; MirrorDetector; +http://yandex.com/bots)"
95.108.151.244 - - [17/Sep/2010:19:29:29 +0200] "GET / HTTP/1.1" 404 - "-" "Mozilla/5.0 (compatible; YandexBot/3.0; MirrorDetector; +http://yandex.com/bots)"
95.108.151.244 - - [17/Sep/2010:19:29:30 +0200] "GET / HTTP/1.1" 404 - "-" "Mozilla/5.0 (compatible; YandexBot/3.0; MirrorDetector; +http://yandex.com/bots)"
67.152.29.130 - - [17/Sep/2010:20:37:50 +0200] "GET /robots.txt HTTP/1.1" 404 - "-" "ShopWiki/1.0 ( +http://www.shopwiki.com/wiki/Help:Bot)"
208.80.194.32 - - [17/Sep/2010:20:47:04 +0200] "GET / HTTP/1.0" 404 - "-" "Mozilla/4.0 (compatible; MSIE 7.0; Windows NT 5.1; .NET CLR 1.1.4322; .NET CLR 2.0.50727; WinFX RunTime 3.0.50727)"
69.84.207.147 - - [18/Sep/2010:01:01:24 +0200] "GET /livezilla/server.php HTTP/1.1" 302 1722 "-" "Mozilla/4.0 (compatible; MSIE 7.0;Windows NT 5.1;.NET CLR 1.1.4322;.NET CLR 2.0.50727;.NET CLR 3.0.04506.30)"
8.11.2.9 - - [18/Sep/2010:13:53:42 +0200] "GET /robots.txt HTTP/1.1" 404 - "-" "ShopWiki/1.0 ( +http://www.shopwiki.com/wiki/Help:Bot)"
65.55.3.134 - - [18/Sep/2010:16:33:47 +0200] "GET /robots.txt HTTP/1.1" 404 - "-" "msnbot/2.0b (+http://search.msn.com/msnbot.htm)._"
65.55.3.134 - - [18/Sep/2010:16:33:48 +0200] "GET / HTTP/1.1" 404 - "-" "msnbot/2.0b (+http://search.msn.com/msnbot.htm)._"
67.152.29.130 - - [18/Sep/2010:16:56:45 +0200] "GET /robots.txt HTTP/1.1" 404 - "-" "ShopWiki/1.0 ( +http://www.shopwiki.com/wiki/Help:Bot)"
207.46.13.100 - - [18/Sep/2010:16:59:24 +0200] "GET /robots.txt HTTP/1.1" 404 - "-" "msnbot/2.0b (+http://search.msn.com/msnbot.htm)"
207.46.13.100 - - [18/Sep/2010:17:02:02 +0200] "GET /livezilla/livezilla.php?template=lz_chat_frame.3.2.login.1.0& HTTP/1.1" 200 3689 "-" "msnbot/2.0b (+http://search.msn.com/msnbot.htm)"
207.46.13.100 - - [18/Sep/2010:17:02:02 +0200] "GET /livezilla/livezilla.php HTTP/1.1" 200 89940 "-" "msnbot/2.0b (+http://search.msn.com/msnbot.htm)"
95.108.158.134 - - [18/Sep/2010:23:45:34 +0200] "GET /robots.txt HTTP/1.1" 404 - "-" "Mozilla/5.0 (compatible; YandexBot/3.0; +http://yandex.com/bots)"
207.46.204.192 - - [19/Sep/2010:05:16:58 +0200] "GET /robots.txt HTTP/1.1" 404 - "-" "msnbot/2.0b (+http://search.msn.com/msnbot.htm)"
207.46.204.192 - - [19/Sep/2010:05:56:30 +0200] "GET /livezilla/livezilla.php?template=lz_chat_frame.3.2.login& HTTP/1.1" 200 1105 "-" "msnbot/2.0b (+http://search.msn.com/msnbot.htm)"
207.46.204.192 - - [19/Sep/2010:05:56:30 +0200] "GET /livezilla/livezilla.php HTTP/1.1" 200 89940 "-" "msnbot/2.0b (+http://search.msn.com/msnbot.htm)"
95.108.158.134 - - [19/Sep/2010:09:07:00 +0200] "GET / HTTP/1.1" 404 - "-" "Mozilla/5.0 (compatible; YandexBot/3.0; +http://yandex.com/bots)"
208.80.194.31 - - [19/Sep/2010:15:38:23 +0200] "GET / HTTP/1.0" 404 - "-" "Mozilla/4.0 (compatible; MSIE 7.0; Windows NT 5.1; {3A7F9F5F-6604-9414-4B4C-40D9C6D88741})"
8.11.2.10 - - [20/Sep/2010:01:19:16 +0200] "GET /robots.txt HTTP/1.1" 404 - "-" "ShopWiki/1.0 ( +http://www.shopwiki.com/wiki/Help:Bot)"
8.11.2.10 - - [20/Sep/2010:12:35:51 +0200] "GET /robots.txt HTTP/1.1" 404 - "-" "ShopWiki/1.0 ( +http://www.shopwiki.com/wiki/Help:Bot)"
209.51.162.220 - - [20/Sep/2010:15:36:07 +0200] "GET /robots.txt HTTP/1.1" 404 - "-" "ShopWiki/1.0 ( +http://www.shopwiki.com/wiki/Help:Bot)"
209.51.162.219 - - [20/Sep/2010:20:53:23 +0200] "GET /robots.txt HTTP/1.1" 404 - "-" "ShopWiki/1.0 ( +http://www.shopwiki.com/wiki/Help:Bot)"
66.29.219.12 - - [21/Sep/2010:05:13:42 +0200] "GET /livezilla/server.php?request=track&output=jscript&nse= HTTP/1.1" 200 26976 "-" "Mozilla/5.0 (compatible; Qualidator.com Bot 1.0;)"
208.80.194.32 - - [21/Sep/2010:11:32:16 +0200] "GET / HTTP/1.0" 404 - "-" "Mozilla/4.0 (compatible; MSIE 7.0; Windows NT 5.1; FunWebProducts; .NET CLR 1.1.4322; MSN 9.0; MSNbMSNI; MSNmen-us; MSNcIA; MPLUS)"
209.51.162.220 - - [22/Sep/2010:01:47:27 +0200] "GET /robots.txt HTTP/1.1" 404 - "-" "ShopWiki/1.0 ( +http://www.shopwiki.com/wiki/Help:Bot)"
86.96.226.25 - - [22/Sep/2010:02:45:12 +0200] "GET /livezilla/livezilla.php HTTP/1.1" 200 89938 "-" "Mozilla/4.0 (compatible; MSIE 6.0; Windows NT 5.1; SV1)"
209.51.162.219 - - [22/Sep/2010:07:37:53 +0200] "GET /robots.txt HTTP/1.1" 404 - "-" "ShopWiki/1.0 ( +http://www.shopwiki.com/wiki/Help:Bot)"
192.168.10.85 - - [22/Sep/2010:10:51:14 +0200] "GET /livezilla/livezilla.php?template=lz_chat_frame.3.2.login.1.0& HTTP/1.1" 200 3689 "http://www.google.de/search?rlz=1C1_____enDE389DE389&sourceid=chrome&ie=UTF-8&q=arge+mammographie+michel+schrammen" "Mozilla/5.0 (Windows; U; Windows NT 6.1; en-US) AppleWebKit/534.3 (KHTML, like Gecko) Chrome/6.0.472.11 Safari/534.3"
192.168.10.85 - - [22/Sep/2010:10:51:15 +0200] "GET /livezilla/templates/style.css HTTP/1.1" 200 9496 "http://chat.f-m-shop.de/livezilla/livezilla.php?template=lz_chat_frame.3.2.login.1.0&" "Mozilla/5.0 (Windows; U; Windows NT 6.1; en-US) AppleWebKit/534.3 (KHTML, like Gecko) Chrome/6.0.472.11 Safari/534.3"
192.168.10.85 - - [22/Sep/2010:10:51:15 +0200] "GET /livezilla/images/chat_bg_footer.gif HTTP/1.1" 200 194 "http://chat.f-m-shop.de/livezilla/livezilla.php?template=lz_chat_frame.3.2.login.1.0&" "Mozilla/5.0 (Windows; U; Windows NT 6.1; en-US) AppleWebKit/534.3 (KHTML, like Gecko) Chrome/6.0.472.11 Safari/534.3"
192.168.10.85 - - [22/Sep/2010:10:51:16 +0200] "GET /livezilla/images/icon_info.gif HTTP/1.1" 200 1703 "http://chat.f-m-shop.de/livezilla/livezilla.php?template=lz_chat_frame.3.2.login.1.0&" "Mozilla/5.0 (Windows; U; Windows NT 6.1; en-US) AppleWebKit/534.3 (KHTML, like Gecko) Chrome/6.0.472.11 Safari/534.3"
192.168.10.85 - - [22/Sep/2010:10:51:17 +0200] "GET /livezilla/images/icon_network.gif HTTP/1.1" 200 354 "http://chat.f-m-shop.de/livezilla/livezilla.php?template=lz_chat_frame.3.2.login.1.0&" "Mozilla/5.0 (Windows; U; Windows NT 6.1; en-US) AppleWebKit/534.3 (KHTML, like Gecko) Chrome/6.0.472.11 Safari/534.3"
192.168.10.85 - - [22/Sep/2010:10:51:17 +0200] "GET /livezilla/images/lz_button.gif HTTP/1.1" 200 838 "http://chat.f-m-shop.de/livezilla/livezilla.php?template=lz_chat_frame.3.2.login.1.0&" "Mozilla/5.0 (Windows; U; Windows NT 6.1; en-US) AppleWebKit/534.3 (KHTML, like Gecko) Chrome/6.0.472.11 Safari/534.3"
192.168.10.85 - - [22/Sep/2010:10:51:17 +0200] "GET /livezilla/images/chat_bg_navigation_sub.gif HTTP/1.1" 200 76 "http://chat.f-m-shop.de/livezilla/livezilla.php?template=lz_chat_frame.3.2.login.1.0&" "Mozilla/5.0 (Windows; U; Windows NT 6.1; en-US) AppleWebKit/534.3 (KHTML, like Gecko) Chrome/6.0.472.11 Safari/534.3"
192.168.10.85 - - [22/Sep/2010:10:51:17 +0200] "GET /favicon.ico HTTP/1.1" 404 - "-" "Mozilla/5.0 (Windows; U; Windows NT 6.1; en-US) AppleWebKit/534.3 (KHTML, like Gecko) Chrome/6.0.472.11 Safari/534.3"
95.108.158.134 - - [22/Sep/2010:20:42:44 +0200] "GET /robots.txt HTTP/1.1" 404 - "-" "Mozilla/5.0 (compatible; YandexBot/3.0; +http://yandex.com/bots)"
95.108.158.134 - - [23/Sep/2010:00:22:37 +0200] "GET / HTTP/1.1" 404 - "-" "Mozilla/5.0 (compatible; YandexBot/3.0; +http://yandex.com/bots)"
208.80.194.31 - - [23/Sep/2010:04:37:26 +0200] "GET / HTTP/1.0" 404 - "-" "Mozilla/4.0 (compatible; MSIE 7.0; Windows NT 5.1; iebar; acc=jocker; acc=none; (none); (); .NET CLR 1.1.4322)"
65.55.3.134 - - [23/Sep/2010:16:37:08 +0200] "GET /robots.txt HTTP/1.1" 404 - "-" "msnbot/2.0b (+http://search.msn.com/msnbot.htm)._"
65.55.3.134 - - [23/Sep/2010:16:37:08 +0200] "GET / HTTP/1.1" 404 - "-" "msnbot/2.0b (+http://search.msn.com/msnbot.htm)._"
8.11.2.9 - - [24/Sep/2010:04:05:24 +0200] "GET /robots.txt HTTP/1.1" 404 - "-" "ShopWiki/1.0 ( +http://www.shopwiki.com/wiki/Help:Bot)"
67.152.29.130 - - [24/Sep/2010:14:31:24 +0200] "GET /robots.txt HTTP/1.1" 404 - "-" "ShopWiki/1.0 ( +http://www.shopwiki.com/wiki/Help:Bot)"
87.30.111.96 - - [24/Sep/2010:15:10:30 +0200] "GET / HTTP/1.1" 404 - "-" "Java/1.6.0_21"
67.152.29.130 - - [24/Sep/2010:16:11:12 +0200] "GET /livezilla/livezilla.php HTTP/1.1" 200 90096 "-" "ShopWiki/1.0 ( +http://www.shopwiki.com/wiki/Help:Bot)"
67.152.29.130 - - [24/Sep/2010:16:11:13 +0200] "GET /livezilla/templates/style.css HTTP/1.1" 200 9496 "-" "ShopWiki/1.0 ( +http://www.shopwiki.com/wiki/Help:Bot)"
67.152.29.130 - - [24/Sep/2010:16:13:06 +0200] "GET /livezilla/livezilla.php?template=lz_chat_frame.0.0 HTTP/1.1" 200 338 "-" "ShopWiki/1.0 ( +http://www.shopwiki.com/wiki/Help:Bot)"
67.152.29.130 - - [24/Sep/2010:16:13:07 +0200] "GET /livezilla/livezilla.php?template=lz_chat_frame.0.1 HTTP/1.1" 200 343 "-" "ShopWiki/1.0 ( +http://www.shopwiki.com/wiki/Help:Bot)"
67.152.29.130 - - [24/Sep/2010:16:13:08 +0200] "GET /livezilla/livezilla.php?template=lz_chat_frame.0.2 HTTP/1.1" 200 321 "-" "ShopWiki/1.0 ( +http://www.shopwiki.com/wiki/Help:Bot)"
67.152.29.130 - - [24/Sep/2010:16:13:11 +0200] "GET /livezilla/livezilla.php?template=lz_chat_frame.1.0 HTTP/1.1" 200 344 "-" "ShopWiki/1.0 ( +http://www.shopwiki.com/wiki/Help:Bot)"
67.152.29.130 - - [24/Sep/2010:16:13:12 +0200] "GET /livezilla/livezilla.php?template=lz_chat_frame.2.0 HTTP/1.1" 200 344 "-" "ShopWiki/1.0 ( +http://www.shopwiki.com/wiki/Help:Bot)"
67.152.29.130 - - [24/Sep/2010:16:13:13 +0200] "GET /livezilla/livezilla.php?template=lz_chat_frame.1.1& HTTP/1.1" 200 2407 "-" "ShopWiki/1.0 ( +http://www.shopwiki.com/wiki/Help:Bot)"
67.152.29.130 - - [24/Sep/2010:16:13:14 +0200] "GET /livezilla/livezilla.php?template=lz_chat_frame.3.2.login& HTTP/1.1" 200 1105 "-" "ShopWiki/1.0 ( +http://www.shopwiki.com/wiki/Help:Bot)"
67.152.29.130 - - [24/Sep/2010:16:13:15 +0200] "GET /livezilla/livezilla.php?template=lz_chat_frame.4.1 HTTP/1.1" 200 578 "-" "ShopWiki/1.0 ( +http://www.shopwiki.com/wiki/Help:Bot)"
67.152.29.130 - - [24/Sep/2010:16:13:16 +0200] "GET /livezilla/livezilla.php?template=lz_chat_frame.1.2 HTTP/1.1" 200 345 "-" "ShopWiki/1.0 ( +http://www.shopwiki.com/wiki/Help:Bot)"
67.152.29.130 - - [24/Sep/2010:16:13:17 +0200] "GET /livezilla/livezilla.php?template=lz_chat_frame.2.2 HTTP/1.1" 200 345 "-" "ShopWiki/1.0 ( +http://www.shopwiki.com/wiki/Help:Bot)"
67.152.29.130 - - [24/Sep/2010:16:13:18 +0200] "GET /livezilla/livezilla.php?template=lz_chat_frame.3.0 HTTP/1.1" 200 321 "-" "ShopWiki/1.0 ( +http://www.shopwiki.com/wiki/Help:Bot)"
67.152.29.130 - - [24/Sep/2010:16:13:19 +0200] "GET /livezilla/livezilla.php?template=lz_chat_frame.5.1 HTTP/1.1" 200 345 "-" "ShopWiki/1.0 ( +http://www.shopwiki.com/wiki/Help:Bot)"
67.152.29.130 - - [24/Sep/2010:16:13:20 +0200] "GET /livezilla/livezilla.php?template=lz_chat_frame.3.3 HTTP/1.1" 200 321 "-" "ShopWiki/1.0 ( +http://www.shopwiki.com/wiki/Help:Bot)"
8.11.2.9 - - [24/Sep/2010:16:17:02 +0200] "GET /livezilla/livezilla.php?template=lz_chat_frame.3.3 HTTP/1.1" 200 321 "-" "ShopWiki/1.0 ( +http://www.shopwiki.com/wiki/Help:Bot)"
8.11.2.9 - - [24/Sep/2010:16:17:03 +0200] "GET /livezilla/templates/style.css HTTP/1.1" 200 9496 "-" "ShopWiki/1.0 ( +http://www.shopwiki.com/wiki/Help:Bot)"
209.51.162.220 - - [24/Sep/2010:16:17:14 +0200] "GET /livezilla/livezilla.php?template=lz_chat_frame.3.0 HTTP/1.1" 200 321 "-" "ShopWiki/1.0 ( +http://www.shopwiki.com/wiki/Help:Bot)"
209.51.162.220 - - [24/Sep/2010:16:17:15 +0200] "GET /livezilla/livezilla.php?template=lz_chat_frame.2.0 HTTP/1.1" 200 344 "-" "ShopWiki/1.0 ( +http://www.shopwiki.com/wiki/Help:Bot)"
209.51.162.220 - - [24/Sep/2010:16:17:17 +0200] "GET /livezilla/livezilla.php?template=lz_chat_frame.2.2 HTTP/1.1" 200 345 "-" "ShopWiki/1.0 ( +http://www.shopwiki.com/wiki/Help:Bot)"
207.46.13.41 - - [24/Sep/2010:16:26:19 +0200] "GET /robots.txt HTTP/1.1" 404 - "-" "msnbot/2.0b (+http://search.msn.com/msnbot.htm)"
207.46.13.41 - - [24/Sep/2010:16:54:50 +0200] "GET /livezilla/livezilla.php?template=lz_chat_frame.3.2.login.1.0& HTTP/1.1" 200 3689 "-" "msnbot/2.0b (+http://search.msn.com/msnbot.htm)"
207.46.13.41 - - [24/Sep/2010:16:54:50 +0200] "GET /livezilla/livezilla.php HTTP/1.1" 200 89940 "-" "msnbot/2.0b (+http://search.msn.com/msnbot.htm)"
8.11.2.10 - - [24/Sep/2010:18:04:49 +0200] "GET /robots.txt HTTP/1.1" 404 - "-" "ShopWiki/1.0 ( +http://www.shopwiki.com/wiki/Help:Bot)"
72.44.40.242 - - [24/Sep/2010:22:24:03 +0200] "GET / HTTP/1.1" 404 - "-" "Java/1.4.1_04"
209.51.162.220 - - [24/Sep/2010:23:15:42 +0200] "GET /robots.txt HTTP/1.1" 404 - "-" "ShopWiki/1.0 ( +http://www.shopwiki.com/wiki/Help:Bot)"
67.152.29.130 - - [25/Sep/2010:03:45:25 +0200] "GET /robots.txt HTTP/1.1" 404 - "-" "ShopWiki/1.0 ( +http://www.shopwiki.com/wiki/Help:Bot)"
8.11.2.10 - - [25/Sep/2010:07:13:15 +0200] "GET /robots.txt HTTP/1.1" 404 - "-" "ShopWiki/1.0 ( +http://www.shopwiki.com/wiki/Help:Bot)"
78.34.47.60 - - [25/Sep/2010:10:35:46 +0200] "GET /livezilla/image.php?id=04 HTTP/1.1" 404 - "http://127.0.0.1:4664/preview?event_id=437775&schema_id=2&q=eizo+monitore&s=000000000000000000000000000" "Mozilla/5.0 (Windows; U; Windows NT 5.1; de; rv:1.9.2.10) Gecko/20100914 Firefox/3.6.10 ( .NET CLR 3.5.30729)"
67.195.115.244 - - [25/Sep/2010:20:52:07 +0200] "GET /robots.txt HTTP/1.0" 404 - "-" "Mozilla/5.0 (compatible; Yahoo! Slurp; http://help.yahoo.com/help/us/ysearch/slurp)"
67.195.115.244 - - [25/Sep/2010:20:52:08 +0200] "GET /livezilla/livezilla.php HTTP/1.0" 200 89940 "-" "Mozilla/5.0 (compatible; Yahoo! Slurp/3.0; http://help.yahoo.com/help/us/ysearch/slurp)"
67.195.115.244 - - [25/Sep/2010:20:52:10 +0200] "GET /livezilla/templates/nojava.html HTTP/1.0" 200 1088 "-" "Mozilla/5.0 (compatible; Yahoo! Slurp/3.0; http://help.yahoo.com/help/us/ysearch/slurp)"
87.48.105.244 - - [26/Sep/2010:10:19:29 +0200] "GET / HTTP/1.1" 404 - "-" "Java/1.6.0_20"
209.51.162.219 - - [26/Sep/2010:23:53:45 +0200] "GET /robots.txt HTTP/1.1" 404 - "-" "ShopWiki/1.0 ( +http://www.shopwiki.com/wiki/Help:Bot)"
8.11.2.10 - - [27/Sep/2010:03:12:08 +0200] "GET /robots.txt HTTP/1.1" 404 - "-" "ShopWiki/1.0 ( +http://www.shopwiki.com/wiki/Help:Bot)"
87.30.111.96 - - [27/Sep/2010:04:53:52 +0200] "GET / HTTP/1.1" 404 - "-" "Java/1.6.0_21"
209.51.162.219 - - [27/Sep/2010:10:52:29 +0200] "GET /robots.txt HTTP/1.1" 404 - "-" "ShopWiki/1.0 ( +http://www.shopwiki.com/wiki/Help:Bot)"
209.51.162.220 - - [27/Sep/2010:13:54:06 +0200] "GET /robots.txt HTTP/1.1" 404 - "-" "ShopWiki/1.0 ( +http://www.shopwiki.com/wiki/Help:Bot)"
65.55.3.134 - - [27/Sep/2010:16:54:43 +0200] "GET /robots.txt HTTP/1.1" 404 - "-" "msnbot/2.0b (+http://search.msn.com/msnbot.htm)._"
65.55.3.134 - - [27/Sep/2010:16:54:43 +0200] "GET / HTTP/1.1" 404 - "-" "msnbot/2.0b (+http://search.msn.com/msnbot.htm)._"
8.11.2.10 - - [27/Sep/2010:17:12:03 +0200] "GET /robots.txt HTTP/1.1" 404 - "-" "ShopWiki/1.0 ( +http://www.shopwiki.com/wiki/Help:Bot)"
209.51.162.220 - - [27/Sep/2010:20:46:28 +0200] "GET /robots.txt HTTP/1.1" 404 - "-" "ShopWiki/1.0 ( +http://www.shopwiki.com/wiki/Help:Bot)"
208.80.194.51 - - [28/Sep/2010:00:10:59 +0200] "GET / HTTP/1.0" 404 - "-" "Mozilla/4.0 (compatible; MSIE 7.0; Windows NT 5.1; {55616D2C-502F-45B3-A5FE-040E145381AC}; YPC 3.2.0; CMS Music Store2 v1.00.13 (Music Store,1033); .NET CLR 1.1.4322; Creative ZENcast v1.04.06)"
8.11.2.10 - - [29/Sep/2010:04:37:07 +0200] "GET /robots.txt HTTP/1.1" 404 - "-" "ShopWiki/1.0 ( +http://www.shopwiki.com/wiki/Help:Bot)"
67.152.29.130 - - [29/Sep/2010:08:55:10 +0200] "GET /robots.txt HTTP/1.1" 404 - "-" "ShopWiki/1.0 ( +http://www.shopwiki.com/wiki/Help:Bot)"
207.46.13.47 - - [29/Sep/2010:18:02:04 +0200] "GET /robots.txt HTTP/1.1" 404 - "-" "msnbot/2.0b (+http://search.msn.com/msnbot.htm)"
207.46.13.47 - - [29/Sep/2010:19:03:25 +0200] "GET /livezilla/livezilla.php?template=lz_chat_frame.3.2.login& HTTP/1.1" 200 1105 "-" "msnbot/2.0b (+http://search.msn.com/msnbot.htm)"
207.46.13.47 - - [29/Sep/2010:19:03:25 +0200] "GET /livezilla/livezilla.php HTTP/1.1" 200 89940 "-" "msnbot/2.0b (+http://search.msn.com/msnbot.htm)"
208.80.194.47 - - [29/Sep/2010:20:31:54 +0200] "GET / HTTP/1.0" 404 - "-" "Mozilla/4.0 (compatible; MSIE 7.0; Windows NT 5.1; FunWebProducts; .NET CLR 1.0.3705; .NET CLR 1.1.4322; Media Center PC 3.1; Zango 10.0.341.0)"
8.11.2.10 - - [30/Sep/2010:11:04:12 +0200] "GET /robots.txt HTTP/1.1" 404 - "-" "ShopWiki/1.0 ( +http://www.shopwiki.com/wiki/Help:Bot)"
209.51.162.220 - - [30/Sep/2010:23:30:55 +0200] "GET /robots.txt HTTP/1.1" 404 - "-" "ShopWiki/1.0 ( +http://www.shopwiki.com/wiki/Help:Bot)"