77.75.78.167 - - [12/Aug/2017:17:52:35 +0200] "GET /img/geb%20(2).JPG HTTP/1.1" 304 - "-" "Mozilla/5.0 (compatible; SeznamBot/3.2; +http://napoveda.seznam.cz/en/seznambot-intro/)"
95.90.253.27 - - [12/Aug/2017:18:47:22 +0200] "GET /pdf/Frachtrecht%20HGB.pdf HTTP/1.1" 200 19672 "-" "Mozilla/5.0 (iPad; CPU OS 10_0_2 like Mac OS X) AppleWebKit/602.1.50 (KHTML, like Gecko) Version/10.0 Mobile/14A456 Safari/602.1"
95.90.253.27 - - [12/Aug/2017:18:47:23 +0200] "GET /apple-touch-icon-152x152-precomposed.png HTTP/1.1" 200 2050 "-" "MobileSafari/602.1 CFNetwork/808.0.2 Darwin/16.0.0"
95.90.253.27 - - [12/Aug/2017:18:47:23 +0200] "GET /apple-touch-icon-152x152.png HTTP/1.1" 200 2050 "-" "MobileSafari/602.1 CFNetwork/808.0.2 Darwin/16.0.0"
95.90.253.27 - - [12/Aug/2017:18:47:23 +0200] "GET /apple-touch-icon-precomposed.png HTTP/1.1" 200 2050 "-" "MobileSafari/602.1 CFNetwork/808.0.2 Darwin/16.0.0"
95.90.253.27 - - [12/Aug/2017:18:47:24 +0200] "GET /apple-touch-icon.png HTTP/1.1" 200 2050 "-" "MobileSafari/602.1 CFNetwork/808.0.2 Darwin/16.0.0"
95.90.253.27 - - [12/Aug/2017:18:47:24 +0200] "GET /favicon.ico HTTP/1.1" 200 2050 "-" "MobileSafari/602.1 CFNetwork/808.0.2 Darwin/16.0.0"
95.90.253.27 - - [12/Aug/2017:18:47:24 +0200] "GET /apple-touch-icon-152x152-precomposed.png HTTP/1.1" 200 2050 "-" "MobileSafari/602.1 CFNetwork/808.0.2 Darwin/16.0.0"
95.90.253.27 - - [12/Aug/2017:18:47:24 +0200] "GET /apple-touch-icon-152x152.png HTTP/1.1" 200 2050 "-" "MobileSafari/602.1 CFNetwork/808.0.2 Darwin/16.0.0"
95.90.253.27 - - [12/Aug/2017:18:47:24 +0200] "GET /apple-touch-icon-precomposed.png HTTP/1.1" 200 2050 "-" "MobileSafari/602.1 CFNetwork/808.0.2 Darwin/16.0.0"
95.90.253.27 - - [12/Aug/2017:18:47:25 +0200] "GET /apple-touch-icon.png HTTP/1.1" 200 2050 "-" "MobileSafari/602.1 CFNetwork/808.0.2 Darwin/16.0.0"
95.90.253.27 - - [12/Aug/2017:18:47:25 +0200] "GET /favicon.ico HTTP/1.1" 200 2050 "-" "MobileSafari/602.1 CFNetwork/808.0.2 Darwin/16.0.0"
40.77.167.26 - - [12/Aug/2017:18:53:44 +0200] "GET /kontakt HTTP/1.1" 200 6263 "-" "Mozilla/5.0 (iPhone; CPU iPhone OS 7_0 like Mac OS X) AppleWebKit/537.51.1 (KHTML, like Gecko) Version/7.0 Mobile/11A465 Safari/9537.53 (compatible; bingbot/2.0; +http://www.bing.com/bingbot.htm)"
54.173.35.129 - - [12/Aug/2017:18:59:19 +0200] "GET /robots.txt HTTP/1.0" 200 2050 "-" "ia_archiver"
54.173.35.129 - - [12/Aug/2017:18:59:20 +0200] "GET /informationen/spediteur HTTP/1.0" 200 112072 "-" "ia_archiver"
79.241.188.16 - - [12/Aug/2017:19:24:01 +0200] "GET /doc/Frachtrecht%20HGB.doc HTTP/1.1" 200 29184 "https://www.google.de/" "Mozilla/5.0 (Windows NT 10.0; WOW64; rv:54.0) Gecko/20100101 Firefox/54.0"
66.249.64.68 - - [12/Aug/2017:19:30:49 +0200] "GET /robots.txt HTTP/1.1" 200 2050 "-" "Mozilla/5.0 (compatible; Googlebot/2.1; +http://www.google.com/bot.html)"
66.249.64.71 - - [12/Aug/2017:19:30:50 +0200] "GET /pdf/Frachtrecht%20HGB.pdf HTTP/1.1" 200 19672 "-" "Mozilla/5.0 (Linux; Android 6.0.1; Nexus 5X Build/MMB29P) AppleWebKit/537.36 (KHTML, like Gecko) Chrome/41.0.2272.96 Mobile Safari/537.36 (compatible; Googlebot/2.1; +http://www.google.com/bot.html)"
66.249.64.71 - - [12/Aug/2017:19:51:08 +0200] "GET /pdf/Frachtrecht%20HGB.pdf HTTP/1.1" 304 - "-" "Mozilla/5.0 (compatible; Googlebot/2.1; +http://www.google.com/bot.html)"
109.193.137.5 - - [12/Aug/2017:19:51:54 +0200] "GET /pdf/Frachtrecht%20HGB.pdf HTTP/1.1" 200 19672 "-" "Dalvik/2.1.0 (Linux; U; Android 6.0; LENNY3 Build/MRA58K)"
204.79.180.19 - - [12/Aug/2017:20:34:06 +0200] "GET / HTTP/1.1" 200 3464 "-" "Mozilla/5.0 (compatible; MSIE 9.0; Windows NT 6.1; Trident/5.0; Trident/5.0)"
204.79.180.19 - - [12/Aug/2017:20:34:07 +0200] "GET /css/screen.css HTTP/1.1" 200 13627 "http://www.alle-ziele-spedition.de/" "Mozilla/5.0 (compatible; MSIE 9.0; Windows NT 6.1; Trident/5.0; Trident/5.0)"
204.79.180.13 - - [12/Aug/2017:20:34:11 +0200] "GET /css/print.css HTTP/1.1" 200 830 "http://www.alle-ziele-spedition.de/" "Mozilla/5.0 (compatible; MSIE 9.0; Windows NT 6.1; Trident/5.0; Trident/5.0)"
82.136.84.14 - - [12/Aug/2017:20:42:40 +0200] "GET /img/P050222-05.jpg HTTP/1.1" 200 302910 "-" "Mozilla/5.0 (Windows NT 10.0; WOW64; Trident/7.0; Touch; rv:11.0) like Gecko"
204.79.180.12 - - [12/Aug/2017:20:56:38 +0200] "GET /kontakt HTTP/1.1" 200 6263 "-" "Mozilla/5.0 (compatible; MSIE 9.0; Windows NT 6.0; Trident/5.0; Trident/5.0)"
204.79.180.1 - - [12/Aug/2017:20:56:40 +0200] "GET /css/print.css HTTP/1.1" 200 830 "http://www.alle-ziele-spedition.de/kontakt" "Mozilla/5.0 (compatible; MSIE 9.0; Windows NT 6.0; Trident/5.0; Trident/5.0)"
204.79.180.4 - - [12/Aug/2017:20:56:40 +0200] "GET /css/screen.css HTTP/1.1" 200 13627 "http://www.alle-ziele-spedition.de/kontakt" "Mozilla/5.0 (compatible; MSIE 9.0; Windows NT 6.0; Trident/5.0; Trident/5.0)"
204.79.180.20 - - [12/Aug/2017:20:56:40 +0200] "GET /js/curvycorners.src.js HTTP/1.1" 200 60221 "http://www.alle-ziele-spedition.de/kontakt" "Mozilla/5.0 (compatible; MSIE 9.0; Windows NT 6.0; Trident/5.0; Trident/5.0)"
157.55.39.184 - - [12/Aug/2017:21:08:12 +0200] "GET /robots.txt HTTP/1.1" 200 2050 "-" "Mozilla/5.0 (compatible; bingbot/2.0; +http://www.bing.com/bingbot.htm)"
40.77.167.26 - - [12/Aug/2017:21:08:25 +0200] "GET /img/9606427.jpg HTTP/1.1" 200 21711 "-" "Mozilla/5.0 (iPhone; CPU iPhone OS 7_0 like Mac OS X) AppleWebKit/537.51.1 (KHTML, like Gecko) Version/7.0 Mobile/11A465 Safari/9537.53 (compatible; bingbot/2.0; +http://www.bing.com/bingbot.htm)"
157.55.39.236 - - [12/Aug/2017:21:08:29 +0200] "GET /img/7183587b.jpg HTTP/1.1" 200 12190 "-" "Mozilla/5.0 (iPhone; CPU iPhone OS 7_0 like Mac OS X) AppleWebKit/537.51.1 (KHTML, like Gecko) Version/7.0 Mobile/11A465 Safari/9537.53 (compatible; bingbot/2.0; +http://www.bing.com/bingbot.htm)"
157.55.39.236 - - [12/Aug/2017:21:08:30 +0200] "GET /img/hg_body.gif HTTP/1.1" 200 1754 "-" "Mozilla/5.0 (iPhone; CPU iPhone OS 7_0 like Mac OS X) AppleWebKit/537.51.1 (KHTML, like Gecko) Version/7.0 Mobile/11A465 Safari/9537.53 (compatible; bingbot/2.0; +http://www.bing.com/bingbot.htm)"
207.46.13.51 - - [12/Aug/2017:21:08:35 +0200] "GET /img/52814.jpg HTTP/1.1" 200 14378 "-" "Mozilla/5.0 (iPhone; CPU iPhone OS 7_0 like Mac OS X) AppleWebKit/537.51.1 (KHTML, like Gecko) Version/7.0 Mobile/11A465 Safari/9537.53 (compatible; bingbot/2.0; +http://www.bing.com/bingbot.htm)"
207.46.13.51 - - [12/Aug/2017:21:08:36 +0200] "GET /img/head_hg.jpg HTTP/1.1" 200 18629 "-" "Mozilla/5.0 (iPhone; CPU iPhone OS 7_0 like Mac OS X) AppleWebKit/537.51.1 (KHTML, like Gecko) Version/7.0 Mobile/11A465 Safari/9537.53 (compatible; bingbot/2.0; +http://www.bing.com/bingbot.htm)"
78.51.179.227 - - [12/Aug/2017:21:13:13 +0200] "GET /img/Colt%2020.11.2011%20Hubi%207.JPG HTTP/1.1" 200 534770 "https://www.google.de/" "Mozilla/5.0 (Windows NT 6.1; WOW64; rv:55.0) Gecko/20100101 Firefox/55.0"
79.227.128.189 - - [12/Aug/2017:21:53:13 +0200] "GET /pdf/Frachtrecht%20HGB.pdf HTTP/1.1" 200 19672 "https://www.google.de/" "Mozilla/5.0 (Windows NT 10.0; WOW64; rv:54.0) Gecko/20100101 Firefox/54.0"
79.227.128.189 - - [12/Aug/2017:21:53:14 +0200] "GET /favicon.ico HTTP/1.1" 200 2050 "-" "Mozilla/5.0 (Windows NT 10.0; WOW64; rv:54.0) Gecko/20100101 Firefox/54.0"
65.55.210.204 - - [12/Aug/2017:22:09:50 +0200] "GET /img/hg_body.gif HTTP/1.1" 200 1754 "http://www.alle-ziele-spedition.de/kontakt" "Mozilla/5.0 (iPhone; CPU iPhone OS 7_0 like Mac OS X) AppleWebKit/537.51.1 (KHTML, like Gecko) Version/7.0 Mobile/11A465 Safari/9537.53 BingPreview/1.0b"
77.75.78.161 - - [12/Aug/2017:22:57:46 +0200] "GET /robots.txt HTTP/1.1" 200 2050 "-" "Mozilla/5.0 (compatible; SeznamBot/3.2; +http://napoveda.seznam.cz/en/seznambot-intro/)"
77.75.78.161 - - [12/Aug/2017:22:57:47 +0200] "GET /informationen/faq HTTP/1.1" 200 7383 "-" "Mozilla/5.0 (compatible; SeznamBot/3.2; +http://napoveda.seznam.cz/en/seznambot-intro/)"
77.75.78.164 - - [13/Aug/2017:00:33:05 +0200] "GET /robots.txt HTTP/1.1" 200 2050 "-" "Mozilla/5.0 (compatible; SeznamBot/3.2; +http://napoveda.seznam.cz/en/seznambot-intro/)"
77.75.78.164 - - [13/Aug/2017:00:33:05 +0200] "GET /img/geb%20(6).JPG HTTP/1.1" 304 - "-" "Mozilla/5.0 (compatible; SeznamBot/3.2; +http://napoveda.seznam.cz/en/seznambot-intro/)"
180.76.15.149 - - [13/Aug/2017:00:56:50 +0200] "GET / HTTP/1.1" 200 3464 "-" "Mozilla/5.0 (compatible; Baiduspider/2.0; +http://www.baidu.com/search/spider.html)"
66.249.64.71 - - [13/Aug/2017:01:41:50 +0200] "GET /robots.txt HTTP/1.1" 200 2050 "-" "Mozilla/5.0 (compatible; Googlebot/2.1; +http://www.google.com/bot.html)"
66.249.64.71 - - [13/Aug/2017:01:41:50 +0200] "GET / HTTP/1.1" 200 3464 "-" "Mozilla/5.0 (Linux; Android 6.0.1; Nexus 5X Build/MMB29P) AppleWebKit/537.36 (KHTML, like Gecko) Chrome/41.0.2272.96 Mobile Safari/537.36 (compatible; Googlebot/2.1; +http://www.google.com/bot.html)"
66.249.64.71 - - [13/Aug/2017:02:31:02 +0200] "GET /img/geb%20(3).JPG HTTP/1.1" 304 - "-" "Googlebot-Image/1.0"
66.249.64.73 - - [13/Aug/2017:02:50:54 +0200] "GET /pdf/Frachtrecht%20HGB.pdf HTTP/1.1" 200 19672 "-" "Mozilla/5.0 (Linux; Android 6.0.1; Nexus 5X Build/MMB29P) AppleWebKit/537.36 (KHTML, like Gecko) Chrome/41.0.2272.96 Mobile Safari/537.36 (compatible; Googlebot/2.1; +http://www.google.com/bot.html)"
66.249.64.73 - - [13/Aug/2017:02:50:54 +0200] "GET /robots.txt HTTP/1.1" 200 2050 "-" "Mozilla/5.0 (compatible; Googlebot/2.1; +http://www.google.com/bot.html)"
66.249.64.73 - - [13/Aug/2017:03:06:03 +0200] "GET /pdf/Frachtrecht%20HGB.pdf HTTP/1.1" 304 - "-" "Mozilla/5.0 (compatible; Googlebot/2.1; +http://www.google.com/bot.html)"
204.79.180.1 - - [13/Aug/2017:03:42:18 +0200] "GET /exportdokumente/drittlandexporte HTTP/1.1" 200 7628 "-" "Mozilla/5.0 (compatible; MSIE 9.0; Windows NT 6.1; Trident/5.0; Trident/5.0)"
204.79.180.19 - - [13/Aug/2017:03:42:19 +0200] "GET /css/print.css HTTP/1.1" 200 830 "http://www.alle-ziele-spedition.de/exportdokumente/drittlandexporte" "Mozilla/5.0 (compatible; MSIE 9.0; Windows NT 6.1; Trident/5.0; Trident/5.0)"
204.79.180.17 - - [13/Aug/2017:03:42:19 +0200] "GET /js/curvycorners.src.js HTTP/1.1" 200 60221 "http://www.alle-ziele-spedition.de/exportdokumente/drittlandexporte" "Mozilla/5.0 (compatible; MSIE 9.0; Windows NT 6.1; Trident/5.0; Trident/5.0)"
204.79.180.10 - - [13/Aug/2017:03:42:19 +0200] "GET /css/screen.css HTTP/1.1" 200 13627 "http://www.alle-ziele-spedition.de/exportdokumente/drittlandexporte" "Mozilla/5.0 (compatible; MSIE 9.0; Windows NT 6.1; Trident/5.0; Trident/5.0)"
66.249.64.71 - - [13/Aug/2017:04:10:59 +0200] "GET /robots.txt HTTP/1.1" 200 2050 "-" "Mozilla/5.0 (compatible; Googlebot/2.1; +http://www.google.com/bot.html)"
66.249.64.71 - - [13/Aug/2017:04:11:00 +0200] "GET /kontakt HTTP/1.1" 200 6263 "-" "Mozilla/5.0 (compatible; Googlebot/2.1; +http://www.google.com/bot.html)"
204.79.180.9 - - [13/Aug/2017:04:46:21 +0200] "GET /pdf/Frachtrecht%20HGB.pdf HTTP/1.1" 200 19672 "http://www.bing.com/search?q=HGB+bis+wann+muss+der+Versender+einen+schaden+melden%3F&form=MSNH14&sc=8-4&sp=-1&qs=n&sk=" "Mozilla/5.0 (compatible; MSIE 9.0; Windows NT 6.1; Trident/5.0; Trident/5.0)"
157.55.39.184 - - [13/Aug/2017:05:40:04 +0200] "GET /pdf/Flyer%20Alle%20Ziele_WEB(0).pdf HTTP/1.1" 200 3377347 "-" "Mozilla/5.0 (iPhone; CPU iPhone OS 7_0 like Mac OS X) AppleWebKit/537.51.1 (KHTML, like Gecko) Version/7.0 Mobile/11A465 Safari/9537.53 (compatible; bingbot/2.0; +http://www.bing.com/bingbot.htm)"
77.75.76.162 - - [13/Aug/2017:06:02:13 +0200] "GET /robots.txt HTTP/1.1" 200 2050 "-" "Mozilla/5.0 (compatible; SeznamBot/3.2; +http://napoveda.seznam.cz/en/seznambot-intro/)"
77.75.76.162 - - [13/Aug/2017:06:02:14 +0200] "GET /unternehmen/sponsoring HTTP/1.1" 200 4035 "-" "Mozilla/5.0 (compatible; SeznamBot/3.2; +http://napoveda.seznam.cz/en/seznambot-intro/)"
157.55.39.143 - - [13/Aug/2017:06:20:09 +0200] "GET / HTTP/1.1" 200 3464 "-" "Mozilla/5.0 (compatible; bingbot/2.0; +http://www.bing.com/bingbot.htm)"
136.243.17.161 - - [13/Aug/2017:06:21:31 +0200] "GET / HTTP/1.1" 200 3464 "-" "Mozilla/5.0 (Windows NT 6.1) AppleWebKit/537.36 (KHTML, like Gecko) Chrome/27.0.1453.90 Safari/537.36"
66.249.64.71 - - [13/Aug/2017:06:43:43 +0200] "GET /robots.txt HTTP/1.1" 200 2050 "-" "Mozilla/5.0 (compatible; Googlebot/2.1; +http://www.google.com/bot.html)"
66.249.64.68 - - [13/Aug/2017:06:43:44 +0200] "GET /pdf/Frachtrecht%20HGB.pdf HTTP/1.1" 304 - "-" "Mozilla/5.0 (compatible; Googlebot/2.1; +http://www.google.com/bot.html)"
66.249.64.71 - - [13/Aug/2017:07:08:45 +0200] "GET / HTTP/1.1" 200 3464 "-" "Mozilla/5.0 (Linux; Android 6.0.1; Nexus 5X Build/MMB29P) AppleWebKit/537.36 (KHTML, like Gecko) Chrome/41.0.2272.96 Mobile Safari/537.36 (compatible; Googlebot/2.1; +http://www.google.com/bot.html)"
66.249.64.71 - - [13/Aug/2017:07:13:54 +0200] "GET /pdf/Frachtrecht%20HGB.pdf HTTP/1.1" 200 19672 "-" "Mozilla/5.0 (Linux; Android 6.0.1; Nexus 5X Build/MMB29P) AppleWebKit/537.36 (KHTML, like Gecko) Chrome/41.0.2272.96 Mobile Safari/537.36 (compatible; Googlebot/2.1; +http://www.google.com/bot.html)"
54.210.136.71 - - [13/Aug/2017:08:36:38 +0200] "GET /robots.txt HTTP/1.1" 200 2050 "-" "Mozilla/5.0 (compatible; Cliqzbot/2.0; +http://cliqz.com/company/cliqzbot)"
54.210.136.71 - - [13/Aug/2017:08:36:42 +0200] "GET / HTTP/1.1" 200 3464 "-" "Mozilla/5.0 (compatible; Cliqzbot/2.0; +http://cliqz.com/company/cliqzbot)"
157.55.39.184 - - [13/Aug/2017:08:43:18 +0200] "GET /pdf/Flyer%20Alle%20Ziele_WEB(0).pdf HTTP/1.1" 200 3377347 "-" "Mozilla/5.0 (iPhone; CPU iPhone OS 7_0 like Mac OS X) AppleWebKit/537.51.1 (KHTML, like Gecko) Version/7.0 Mobile/11A465 Safari/9537.53 (compatible; bingbot/2.0; +http://www.bing.com/bingbot.htm)"
66.249.64.68 - - [13/Aug/2017:08:50:15 +0200] "GET /robots.txt HTTP/1.1" 200 2050 "-" "Mozilla/5.0 (compatible; Googlebot/2.1; +http://www.google.com/bot.html)"
66.249.64.71 - - [13/Aug/2017:08:50:15 +0200] "GET /pdf/Frachtrecht%20HGB.pdf HTTP/1.1" 200 19672 "-" "Mozilla/5.0 (Linux; Android 6.0.1; Nexus 5X Build/MMB29P) AppleWebKit/537.36 (KHTML, like Gecko) Chrome/41.0.2272.96 Mobile Safari/537.36 (compatible; Googlebot/2.1; +http://www.google.com/bot.html)"
84.152.242.3 - - [13/Aug/2017:09:05:28 +0200] "GET /pdf/Frachtrecht%20HGB.pdf HTTP/1.1" 200 19672 "https://www.bing.com/" "Mozilla/5.0 (Windows NT 10.0; Win64; x64) AppleWebKit/537.36 (KHTML, like Gecko) Chrome/51.0.2704.79 Safari/537.36 Edge/14.14393"
84.152.242.3 - - [13/Aug/2017:09:05:28 +0200] "GET /pdf/Frachtrecht%20HGB.pdf HTTP/1.1" 206 15640 "http://www.alle-ziele-spedition.de/pdf/Frachtrecht%20HGB.pdf" "Mozilla/5.0 (Windows NT 10.0; Win64; x64) AppleWebKit/537.36 (KHTML, like Gecko) Chrome/51.0.2704.79 Safari/537.36 Edge/14.14393"
84.152.242.3 - - [13/Aug/2017:09:05:28 +0200] "GET /favicon.ico HTTP/1.1" 200 2050 "-" "Mozilla/5.0 (Windows NT 10.0; Win64; x64) AppleWebKit/537.36 (KHTML, like Gecko) Chrome/51.0.2704.79 Safari/537.36 Edge/14.14393"
84.152.242.3 - - [13/Aug/2017:09:05:28 +0200] "GET /pdf/Frachtrecht%20HGB.pdf HTTP/1.1" 304 - "http://www.alle-ziele-spedition.de/pdf/Frachtrecht%20HGB.pdf" "Mozilla/5.0 (Windows NT 10.0; Win64; x64) AppleWebKit/537.36 (KHTML, like Gecko) Chrome/51.0.2704.79 Safari/537.36 Edge/14.14393"
40.77.167.26 - - [13/Aug/2017:09:11:42 +0200] "GET /js/curvycorners.src.js HTTP/1.1" 200 60221 "-" "Mozilla/5.0 (compatible; bingbot/2.0; +http://www.bing.com/bingbot.htm)"
207.46.13.51 - - [13/Aug/2017:09:11:48 +0200] "GET /css/screen.css HTTP/1.1" 200 13627 "-" "Mozilla/5.0 (compatible; bingbot/2.0; +http://www.bing.com/bingbot.htm)"
40.77.167.26 - - [13/Aug/2017:09:21:39 +0200] "GET /img/Colt%2020.11.2011%20Hubi%204.JPG HTTP/1.1" 200 416132 "-" "Mozilla/5.0 (compatible; bingbot/2.0; +http://www.bing.com/bingbot.htm)"
162.210.196.97 - - [13/Aug/2017:09:24:08 +0200] "GET /robots.txt HTTP/1.1" 200 2050 "-" "Mozilla/5.0 (compatible; MJ12bot/v1.4.8; http://mj12bot.com/)"
162.210.196.97 - - [13/Aug/2017:09:24:11 +0200] "GET / HTTP/1.1" 200 3464 "-" "Mozilla/5.0 (compatible; MJ12bot/v1.4.8; http://mj12bot.com/)"
5.255.251.3 - - [13/Aug/2017:09:41:55 +0200] "GET /robots.txt HTTP/1.1" 200 2050 "-" "Mozilla/5.0 (compatible; YandexBot/3.0; +http://yandex.com/bots)"
5.255.251.3 - - [13/Aug/2017:09:41:59 +0200] "GET /favicon.ico HTTP/1.1" 200 2050 "-" "Mozilla/5.0 (compatible; YandexBot/3.0; +http://yandex.com/bots)"
207.46.13.51 - - [13/Aug/2017:09:47:17 +0200] "GET /transport.inat.cfm HTTP/1.1" 200 2050 "-" "Mozilla/5.0 (compatible; bingbot/2.0; +http://www.bing.com/bingbot.htm)"
159.203.109.155 - - [13/Aug/2017:10:16:14 +0200] "GET / HTTP/1.1" 200 3464 "http://www.alle-ziele-spedition.de" "Mozilla/5.0 (Macintosh; Intel Mac OS X 10_10_5) AppleWebKit/602.4.8 (KHTML, like Gecko) Version/10.0.3 Safari/602.4.8"
159.203.109.155 - - [13/Aug/2017:10:16:24 +0200] "GET /robots.txt HTTP/1.1" 200 2050 "-" "Mozilla/5.0 (Macintosh; Intel Mac OS X 10_9_3) AppleWebKit/537.36 (KHTML, like Gecko) Chrome/35.0.1916.114 Safari/537.36"
159.203.109.155 - - [13/Aug/2017:10:17:07 +0200] "GET /geschaeftskunden HTTP/1.1" 200 4226 "http://www.alle-ziele-spedition.de" "Mozilla/5.0 (compatible; MSIE 10.0; Windows NT 6.2; WOW64; Trident/7.0; SMJB)"
159.203.109.155 - - [13/Aug/2017:10:17:07 +0200] "GET /aktuelles HTTP/1.1" 200 8482 "http://www.alle-ziele-spedition.de" "Mozilla/5.0 (Macintosh; Intel Mac OS X 10_12_5) AppleWebKit/537.36 (KHTML, like Gecko) Chrome/59.0.3071.115 Safari/537.36 OPR/46.0.2597.57"
159.203.109.155 - - [13/Aug/2017:10:17:08 +0200] "GET /privatkunden HTTP/1.1" 200 3936 "http://www.alle-ziele-spedition.de" "Mozilla/5.0 (Windows NT 10.0; Win64; x64) AppleWebKit/537.36 (KHTML, like Gecko) Chrome/59.0.3071.115 Safari/537.36"
159.203.109.155 - - [13/Aug/2017:10:17:09 +0200] "GET /informationen HTTP/1.1" 200 4126 "http://www.alle-ziele-spedition.de" "Mozilla/5.0 (Windows NT 10.0; Win64; x64) AppleWebKit/537.36 (KHTML, like Gecko) Chrome/60.0.3112.78 Safari/537.36"
159.203.109.155 - - [13/Aug/2017:10:17:09 +0200] "GET /unternehmen HTTP/1.1" 200 3276 "http://www.alle-ziele-spedition.de" "Mozilla/5.0 (Macintosh; Intel Mac OS X 10_12_5) AppleWebKit/537.36 (KHTML, like Gecko) Chrome/59.0.3071.115 Safari/537.36 OPR/46.0.2597.57"
159.203.109.155 - - [13/Aug/2017:10:17:09 +0200] "GET /downloads HTTP/1.1" 200 5414 "http://www.alle-ziele-spedition.de" "Mozilla/5.0 (Windows NT 6.1; Win64; x64) AppleWebKit/537.36 (KHTML, like Gecko) Chrome/49.0.2623.75 Safari/537.36"
159.203.109.155 - - [13/Aug/2017:10:17:09 +0200] "GET /exportdokumente HTTP/1.1" 200 3729 "http://www.alle-ziele-spedition.de" "Mozilla/5.0 (Macintosh; Intel Mac OS X 10_12_5) AppleWebKit/537.36 (KHTML, like Gecko) Chrome/60.0.3112.90 Safari/537.36"
159.203.109.155 - - [13/Aug/2017:10:17:09 +0200] "GET /kontakt HTTP/1.1" 200 6263 "http://www.alle-ziele-spedition.de" "Mozilla/5.0 (X11; Linux x86_64) AppleWebKit/537.36 (KHTML, like Gecko) Chrome/59.0.3071.115 Safari/537.36"
159.203.109.155 - - [13/Aug/2017:10:17:11 +0200] "GET /impressum HTTP/1.1" 200 5879 "http://www.alle-ziele-spedition.de" "Mozilla/5.0 (Windows NT 6.1; Win64; x64) AppleWebKit/537.36 (KHTML, like Gecko) Chrome/49.0.2623.75 Safari/537.36"
159.203.109.155 - - [13/Aug/2017:10:17:11 +0200] "GET /sitemap HTTP/1.1" 200 5823 "http://www.alle-ziele-spedition.de" "Mozilla/5.0 (Windows NT 10.0; Win64; x64) AppleWebKit/537.36 (KHTML, like Gecko) Chrome/60.0.3112.78 Safari/537.36"
159.203.109.155 - - [13/Aug/2017:10:17:11 +0200] "GET /empfehlen HTTP/1.1" 200 6272 "http://www.alle-ziele-spedition.de" "Mozilla/5.0 (X11; Linux i686; rv:49.0) Gecko/20100101 Firefox/49.0"
159.203.109.155 - - [13/Aug/2017:10:18:24 +0200] "GET /css/screen.css HTTP/1.1" 200 13627 "-" "Mozilla/5.0 (Windows NT 6.1; WOW64) AppleWebKit/537.36 (KHTML, like Gecko) Chrome/34.0.1847.131 Safari/537.36"
159.203.109.155 - - [13/Aug/2017:10:18:24 +0200] "GET /css/print.css HTTP/1.1" 200 830 "-" "Mozilla/5.0 (compatible; MSIE 10.0; Windows NT 6.1; WOW64; Trident/6.0)"
159.203.109.155 - - [13/Aug/2017:10:18:24 +0200] "GET /js/curvycorners.src.js HTTP/1.1" 200 60221 "-" "Mozilla/5.0 (compatible; MSIE 10.0; Windows NT 6.1; WOW64; Trident/6.0)"
159.203.109.155 - - [13/Aug/2017:10:18:25 +0200] "GET /js/jquery-1.7.min.js HTTP/1.1" 200 94019 "-" "Mozilla/5.0 (Windows NT 6.1; rv:28.0) Gecko/20100101 Firefox/28.0"
66.249.64.68 - - [13/Aug/2017:10:57:00 +0200] "GET /robots.txt HTTP/1.1" 200 2050 "-" "Mozilla/5.0 (compatible; Googlebot/2.1; +http://www.google.com/bot.html)"
66.249.64.73 - - [13/Aug/2017:10:57:00 +0200] "GET /img/Colt%2020.11.2011%20Hubi%205.JPG HTTP/1.1" 304 - "-" "Googlebot-Image/1.0"
66.249.64.68 - - [13/Aug/2017:11:38:24 +0200] "GET /pdf/Frachtrecht%20HGB.pdf HTTP/1.1" 200 19672 "-" "Mozilla/5.0 (Linux; Android 6.0.1; Nexus 5X Build/MMB29P) AppleWebKit/537.36 (KHTML, like Gecko) Chrome/41.0.2272.96 Mobile Safari/537.36 (compatible; Googlebot/2.1; +http://www.google.com/bot.html)"
91.33.50.130 - - [13/Aug/2017:11:40:41 +0200] "GET /pdf/Frachtrecht%20HGB.pdf HTTP/1.1" 200 19672 "https://www.google.de/" "Mozilla/5.0 (Windows NT 10.0; WOW64; rv:54.0) Gecko/20100101 Firefox/54.0"
91.33.50.130 - - [13/Aug/2017:11:40:42 +0200] "GET /favicon.ico HTTP/1.1" 200 2050 "-" "Mozilla/5.0 (Windows NT 10.0; WOW64; rv:54.0) Gecko/20100101 Firefox/54.0"
91.33.50.130 - - [13/Aug/2017:11:40:42 +0200] "GET /favicon.ico HTTP/1.1" 200 2050 "-" "Mozilla/5.0 (Windows NT 10.0; WOW64; rv:54.0) Gecko/20100101 Firefox/54.0"
204.79.180.6 - - [13/Aug/2017:12:04:53 +0200] "GET /exportdokumente/wertgrenzen HTTP/1.1" 200 5881 "-" "Mozilla/5.0 (compatible; MSIE 9.0; Windows NT 6.1; Trident/5.0; Trident/5.0)"
204.79.180.5 - - [13/Aug/2017:12:04:55 +0200] "GET /js/curvycorners.src.js HTTP/1.1" 200 60221 "http://www.alle-ziele-spedition.de/exportdokumente/wertgrenzen" "Mozilla/5.0 (compatible; MSIE 9.0; Windows NT 6.1; Trident/5.0; Trident/5.0)"
204.79.180.13 - - [13/Aug/2017:12:05:16 +0200] "GET /css/print.css HTTP/1.1" 200 830 "http://www.alle-ziele-spedition.de/exportdokumente/wertgrenzen" "Mozilla/5.0 (compatible; MSIE 9.0; Windows NT 6.1; Trident/5.0; Trident/5.0)"
204.79.180.19 - - [13/Aug/2017:12:05:16 +0200] "GET /css/screen.css HTTP/1.1" 200 13627 "http://www.alle-ziele-spedition.de/exportdokumente/wertgrenzen" "Mozilla/5.0 (compatible; MSIE 9.0; Windows NT 6.1; Trident/5.0; Trident/5.0)"
95.90.253.27 - - [13/Aug/2017:12:16:46 +0200] "GET /pdf/Frachtrecht%20HGB.pdf HTTP/1.1" 200 19672 "-" "Mozilla/5.0 (iPad; CPU OS 10_0_2 like Mac OS X) AppleWebKit/602.1.50 (KHTML, like Gecko) Version/10.0 Mobile/14A456 Safari/602.1"
95.90.253.27 - - [13/Aug/2017:12:16:46 +0200] "GET /apple-touch-icon-152x152-precomposed.png HTTP/1.1" 200 2050 "-" "MobileSafari/602.1 CFNetwork/808.0.2 Darwin/16.0.0"
95.90.253.27 - - [13/Aug/2017:12:16:47 +0200] "GET /apple-touch-icon-152x152.png HTTP/1.1" 200 2050 "-" "MobileSafari/602.1 CFNetwork/808.0.2 Darwin/16.0.0"
95.90.253.27 - - [13/Aug/2017:12:16:47 +0200] "GET /apple-touch-icon-precomposed.png HTTP/1.1" 200 2050 "-" "MobileSafari/602.1 CFNetwork/808.0.2 Darwin/16.0.0"
95.90.253.27 - - [13/Aug/2017:12:16:47 +0200] "GET /apple-touch-icon.png HTTP/1.1" 200 2050 "-" "MobileSafari/602.1 CFNetwork/808.0.2 Darwin/16.0.0"
95.90.253.27 - - [13/Aug/2017:12:16:47 +0200] "GET /favicon.ico HTTP/1.1" 200 2050 "-" "MobileSafari/602.1 CFNetwork/808.0.2 Darwin/16.0.0"
95.90.253.27 - - [13/Aug/2017:12:16:48 +0200] "GET /apple-touch-icon-152x152-precomposed.png HTTP/1.1" 200 2050 "-" "MobileSafari/602.1 CFNetwork/808.0.2 Darwin/16.0.0"
95.90.253.27 - - [13/Aug/2017:12:16:48 +0200] "GET /apple-touch-icon-152x152.png HTTP/1.1" 200 2050 "-" "MobileSafari/602.1 CFNetwork/808.0.2 Darwin/16.0.0"
95.90.253.27 - - [13/Aug/2017:12:16:48 +0200] "GET /apple-touch-icon-precomposed.png HTTP/1.1" 200 2050 "-" "MobileSafari/602.1 CFNetwork/808.0.2 Darwin/16.0.0"
95.90.253.27 - - [13/Aug/2017:12:16:49 +0200] "GET /apple-touch-icon.png HTTP/1.1" 200 2050 "-" "MobileSafari/602.1 CFNetwork/808.0.2 Darwin/16.0.0"
95.90.253.27 - - [13/Aug/2017:12:16:49 +0200] "GET /favicon.ico HTTP/1.1" 200 2050 "-" "MobileSafari/602.1 CFNetwork/808.0.2 Darwin/16.0.0"
84.178.142.5 - - [13/Aug/2017:12:22:46 +0200] "GET /pdf/Frachtrecht%20HGB.pdf HTTP/1.1" 200 19672 "https://www.google.de/" "Mozilla/5.0 (Windows NT 10.0; WOW64; rv:54.0) Gecko/20100101 Firefox/54.0"
84.178.142.5 - - [13/Aug/2017:12:22:47 +0200] "GET /favicon.ico HTTP/1.1" 200 2050 "-" "Mozilla/5.0 (Windows NT 10.0; WOW64; rv:54.0) Gecko/20100101 Firefox/54.0"
84.178.142.5 - - [13/Aug/2017:12:22:47 +0200] "GET /pdf/Frachtrecht%20HGB.pdf HTTP/1.1" 206 19672 "https://www.google.de/" "Mozilla/5.0 (Windows NT 10.0; WOW64; rv:54.0) Gecko/20100101 Firefox/54.0"
66.249.64.73 - - [13/Aug/2017:13:27:49 +0200] "GET /robots.txt HTTP/1.1" 200 2050 "-" "Mozilla/5.0 (compatible; Googlebot/2.1; +http://www.google.com/bot.html)"
66.249.64.68 - - [13/Aug/2017:13:27:50 +0200] "GET /pdf/Frachtrecht%20HGB.pdf HTTP/1.1" 200 19672 "-" "Mozilla/5.0 (Linux; Android 6.0.1; Nexus 5X Build/MMB29P) AppleWebKit/537.36 (KHTML, like Gecko) Chrome/41.0.2272.96 Mobile Safari/537.36 (compatible; Googlebot/2.1; +http://www.google.com/bot.html)"
40.77.167.26 - - [13/Aug/2017:14:09:39 +0200] "GET /privatkunden HTTP/1.1" 200 3936 "-" "Mozilla/5.0 (compatible; bingbot/2.0; +http://www.bing.com/bingbot.htm)"
66.249.64.68 - - [13/Aug/2017:14:49:59 +0200] "GET /robots.txt HTTP/1.1" 200 2050 "-" "Mozilla/5.0 (compatible; Googlebot/2.1; +http://www.google.com/bot.html)"
66.249.64.68 - - [13/Aug/2017:14:49:59 +0200] "GET /pdf/Frachtrecht%20HGB.pdf HTTP/1.1" 200 19672 "-" "Mozilla/5.0 (Linux; Android 6.0.1; Nexus 5X Build/MMB29P) AppleWebKit/537.36 (KHTML, like Gecko) Chrome/41.0.2272.96 Mobile Safari/537.36 (compatible; Googlebot/2.1; +http://www.google.com/bot.html)"
79.199.252.12 - - [13/Aug/2017:16:00:40 +0200] "GET /pdf/Frachtrecht%20HGB.pdf HTTP/1.1" 200 19672 "-" "Mozilla/5.0 (Macintosh; Intel Mac OS X 10_12_5) AppleWebKit/603.2.4 (KHTML, like Gecko)"
79.199.252.12 - - [13/Aug/2017:16:00:41 +0200] "GET /apple-touch-icon-precomposed.png HTTP/1.1" 200 2050 "-" "Safari/12603.2.4 CFNetwork/811.5.4 Darwin/16.6.0 (x86_64)"
79.199.252.12 - - [13/Aug/2017:16:00:41 +0200] "GET /apple-touch-icon.png HTTP/1.1" 200 2050 "-" "Safari/12603.2.4 CFNetwork/811.5.4 Darwin/16.6.0 (x86_64)"
79.199.252.12 - - [13/Aug/2017:16:00:41 +0200] "GET /favicon.ico HTTP/1.1" 200 2050 "-" "Safari/12603.2.4 CFNetwork/811.5.4 Darwin/16.6.0 (x86_64)"
79.199.252.12 - - [13/Aug/2017:16:00:41 +0200] "GET /apple-touch-icon-precomposed.png HTTP/1.1" 200 2050 "-" "Safari/12603.2.4 CFNetwork/811.5.4 Darwin/16.6.0 (x86_64)"
79.199.252.12 - - [13/Aug/2017:16:00:42 +0200] "GET /apple-touch-icon.png HTTP/1.1" 200 2050 "-" "Safari/12603.2.4 CFNetwork/811.5.4 Darwin/16.6.0 (x86_64)"
79.199.252.12 - - [13/Aug/2017:16:00:42 +0200] "GET /favicon.ico HTTP/1.1" 200 2050 "-" "Safari/12603.2.4 CFNetwork/811.5.4 Darwin/16.6.0 (x86_64)"
79.199.252.12 - - [13/Aug/2017:16:00:42 +0200] "GET /pdf/Frachtrecht%20HGB.pdf HTTP/1.1" 200 19672 "-" "Mozilla/5.0 (iPhone; CPU iPhone OS 10_0 like Mac OS X) AppleWebKit/602.1.38 (KHTML, like Gecko) Version/10.0 Mobile/14A300 Safari/602.1"
79.199.252.12 - - [13/Aug/2017:16:00:42 +0200] "GET /apple-touch-icon-precomposed.png HTTP/1.1" 200 2050 "-" "Safari/12603.2.4 CFNetwork/811.5.4 Darwin/16.6.0 (x86_64)"
79.199.252.12 - - [13/Aug/2017:16:00:42 +0200] "GET /apple-touch-icon.png HTTP/1.1" 200 2050 "-" "Safari/12603.2.4 CFNetwork/811.5.4 Darwin/16.6.0 (x86_64)"
79.199.252.12 - - [13/Aug/2017:16:00:42 +0200] "GET /favicon.ico HTTP/1.1" 200 2050 "-" "Safari/12603.2.4 CFNetwork/811.5.4 Darwin/16.6.0 (x86_64)"
79.199.252.12 - - [13/Aug/2017:16:00:43 +0200] "GET /apple-touch-icon-precomposed.png HTTP/1.1" 200 2050 "-" "Safari/12603.2.4 CFNetwork/811.5.4 Darwin/16.6.0 (x86_64)"
79.199.252.12 - - [13/Aug/2017:16:00:43 +0200] "GET /apple-touch-icon.png HTTP/1.1" 200 2050 "-" "Safari/12603.2.4 CFNetwork/811.5.4 Darwin/16.6.0 (x86_64)"
79.199.252.12 - - [13/Aug/2017:16:00:43 +0200] "GET /favicon.ico HTTP/1.1" 200 2050 "-" "Safari/12603.2.4 CFNetwork/811.5.4 Darwin/16.6.0 (x86_64)"
69.58.178.59 - - [13/Aug/2017:16:13:08 +0200] "GET /robots.txt HTTP/1.1" 200 2050 "-" "Mozilla/5.0 (compatible; ips-agent)"
69.58.178.59 - - [13/Aug/2017:16:13:11 +0200] "GET / HTTP/1.1" 200 3464 "-" "Mozilla/5.0 (compatible; ips-agent)"
69.58.178.59 - - [13/Aug/2017:16:13:13 +0200] "GET /impressum HTTP/1.1" 200 5879 "-" "Mozilla/5.0 (compatible; ips-agent)"
69.58.178.59 - - [13/Aug/2017:16:13:15 +0200] "GET /unternehmen HTTP/1.1" 200 3276 "-" "Mozilla/5.0 (compatible; ips-agent)"
69.58.178.59 - - [13/Aug/2017:16:13:16 +0200] "GET /informationen HTTP/1.1" 200 4126 "-" "Mozilla/5.0 (compatible; ips-agent)"
69.58.178.59 - - [13/Aug/2017:16:13:18 +0200] "GET /kontakt HTTP/1.1" 200 6263 "-" "Mozilla/5.0 (compatible; ips-agent)"
69.58.178.59 - - [13/Aug/2017:16:13:19 +0200] "GET /aktuelles HTTP/1.1" 200 8482 "-" "Mozilla/5.0 (compatible; ips-agent)"
69.58.178.59 - - [13/Aug/2017:16:13:20 +0200] "GET /geschaeftskunden HTTP/1.1" 200 4226 "-" "Mozilla/5.0 (compatible; ips-agent)"
69.58.178.59 - - [13/Aug/2017:16:13:22 +0200] "GET /privatkunden HTTP/1.1" 200 3936 "-" "Mozilla/5.0 (compatible; ips-agent)"
69.58.178.59 - - [13/Aug/2017:16:13:23 +0200] "GET /exportdokumente HTTP/1.1" 200 3729 "-" "Mozilla/5.0 (compatible; ips-agent)"
69.58.178.59 - - [13/Aug/2017:16:13:25 +0200] "GET /downloads HTTP/1.1" 200 5414 "-" "Mozilla/5.0 (compatible; ips-agent)"
66.249.64.73 - - [13/Aug/2017:16:16:20 +0200] "GET /robots.txt HTTP/1.1" 200 2050 "-" "Mozilla/5.0 (compatible; Googlebot/2.1; +http://www.google.com/bot.html)"
66.249.64.68 - - [13/Aug/2017:16:16:20 +0200] "GET /pdf/Frachtrecht%20HGB.pdf HTTP/1.1" 200 19672 "-" "Mozilla/5.0 (Linux; Android 6.0.1; Nexus 5X Build/MMB29P) AppleWebKit/537.36 (KHTML, like Gecko) Chrome/41.0.2272.96 Mobile Safari/537.36 (compatible; Googlebot/2.1; +http://www.google.com/bot.html)"
66.249.64.71 - - [13/Aug/2017:16:21:32 +0200] "GET / HTTP/1.1" 200 3464 "-" "Mozilla/5.0 (compatible; Googlebot/2.1; +http://www.google.com/bot.html)"
157.55.39.143 - - [13/Aug/2017:16:23:44 +0200] "GET /img/berlin_footer2.gif HTTP/1.1" 200 2795 "-" "Mozilla/5.0 (compatible; bingbot/2.0; +http://www.bing.com/bingbot.htm)"
157.55.39.143 - - [13/Aug/2017:16:23:44 +0200] "GET /img/plansprinter.jpg HTTP/1.1" 200 5474 "-" "Mozilla/5.0 (compatible; bingbot/2.0; +http://www.bing.com/bingbot.htm)"
157.55.39.184 - - [13/Aug/2017:16:23:49 +0200] "GET /img/857034.jpg HTTP/1.1" 200 14613 "-" "Mozilla/5.0 (compatible; bingbot/2.0; +http://www.bing.com/bingbot.htm)"
66.249.64.73 - - [13/Aug/2017:17:12:11 +0200] "GET /privatkunden/direktfahrten HTTP/1.1" 200 4109 "-" "Mozilla/5.0 (Linux; Android 6.0.1; Nexus 5X Build/MMB29P) AppleWebKit/537.36 (KHTML, like Gecko) Chrome/41.0.2272.96 Mobile Safari/537.36 (compatible; Googlebot/2.1; +http://www.google.com/bot.html)"
79.199.252.12 - - [13/Aug/2017:17:12:27 +0200] "GET /pdf/Frachtrecht%20HGB.pdf HTTP/1.1" 200 19672 "-" "Mozilla/5.0 (Macintosh; Intel Mac OS X 10_12_5) AppleWebKit/603.2.4 (KHTML, like Gecko)"
79.199.252.12 - - [13/Aug/2017:17:12:28 +0200] "GET /apple-touch-icon-precomposed.png HTTP/1.1" 200 2050 "-" "Safari/12603.2.4 CFNetwork/811.5.4 Darwin/16.6.0 (x86_64)"
79.199.252.12 - - [13/Aug/2017:17:12:29 +0200] "GET /apple-touch-icon.png HTTP/1.1" 200 2050 "-" "Safari/12603.2.4 CFNetwork/811.5.4 Darwin/16.6.0 (x86_64)"
79.199.252.12 - - [13/Aug/2017:17:12:29 +0200] "GET /favicon.ico HTTP/1.1" 200 2050 "-" "Safari/12603.2.4 CFNetwork/811.5.4 Darwin/16.6.0 (x86_64)"
79.199.252.12 - - [13/Aug/2017:17:12:31 +0200] "GET /apple-touch-icon-precomposed.png HTTP/1.1" 200 2050 "-" "Safari/12603.2.4 CFNetwork/811.5.4 Darwin/16.6.0 (x86_64)"
79.199.252.12 - - [13/Aug/2017:17:12:31 +0200] "GET /apple-touch-icon.png HTTP/1.1" 200 2050 "-" "Safari/12603.2.4 CFNetwork/811.5.4 Darwin/16.6.0 (x86_64)"
79.199.252.12 - - [13/Aug/2017:17:12:31 +0200] "GET /favicon.ico HTTP/1.1" 200 2050 "-" "Safari/12603.2.4 CFNetwork/811.5.4 Darwin/16.6.0 (x86_64)"
79.199.252.12 - - [13/Aug/2017:17:12:31 +0200] "GET /pdf/Frachtrecht%20HGB.pdf HTTP/1.1" 200 19672 "-" "Mozilla/5.0 (iPhone; CPU iPhone OS 10_0 like Mac OS X) AppleWebKit/602.1.38 (KHTML, like Gecko) Version/10.0 Mobile/14A300 Safari/602.1"
79.199.252.12 - - [13/Aug/2017:17:12:31 +0200] "GET /apple-touch-icon-precomposed.png HTTP/1.1" 200 2050 "-" "Safari/12603.2.4 CFNetwork/811.5.4 Darwin/16.6.0 (x86_64)"
79.199.252.12 - - [13/Aug/2017:17:12:32 +0200] "GET /apple-touch-icon.png HTTP/1.1" 200 2050 "-" "Safari/12603.2.4 CFNetwork/811.5.4 Darwin/16.6.0 (x86_64)"
79.199.252.12 - - [13/Aug/2017:17:12:32 +0200] "GET /favicon.ico HTTP/1.1" 200 2050 "-" "Safari/12603.2.4 CFNetwork/811.5.4 Darwin/16.6.0 (x86_64)"
79.199.252.12 - - [13/Aug/2017:17:12:33 +0200] "GET /apple-touch-icon-precomposed.png HTTP/1.1" 200 2050 "-" "Safari/12603.2.4 CFNetwork/811.5.4 Darwin/16.6.0 (x86_64)"
79.199.252.12 - - [13/Aug/2017:17:12:33 +0200] "GET /apple-touch-icon.png HTTP/1.1" 200 2050 "-" "Safari/12603.2.4 CFNetwork/811.5.4 Darwin/16.6.0 (x86_64)"
79.199.252.12 - - [13/Aug/2017:17:12:33 +0200] "GET /favicon.ico HTTP/1.1" 200 2050 "-" "Safari/12603.2.4 CFNetwork/811.5.4 Darwin/16.6.0 (x86_64)"
199.30.24.248 - - [13/Aug/2017:17:24:49 +0200] "GET /img/hg_body.gif HTTP/1.1" 200 1754 "-" "Mozilla/5.0 (Windows NT 6.1; WOW64) AppleWebKit/534+ (KHTML, like Gecko) BingPreview/1.0b"
199.30.25.21 - - [13/Aug/2017:17:24:50 +0200] "GET /img/head_hg.jpg HTTP/1.1" 200 18629 "-" "Mozilla/5.0 (Windows NT 6.1; WOW64) AppleWebKit/534+ (KHTML, like Gecko) BingPreview/1.0b"
65.55.210.17 - - [13/Aug/2017:17:24:51 +0200] "GET /img/7183587b.jpg HTTP/1.1" 200 12190 "-" "Mozilla/5.0 (Windows NT 6.1; WOW64) AppleWebKit/534+ (KHTML, like Gecko) BingPreview/1.0b"
199.30.24.200 - - [13/Aug/2017:17:24:52 +0200] "GET /img/9606427.jpg HTTP/1.1" 200 21711 "-" "Mozilla/5.0 (Windows NT 6.1; WOW64) AppleWebKit/534+ (KHTML, like Gecko) BingPreview/1.0b"
213.239.210.249 - - [13/Aug/2017:17:35:42 +0200] "GET / HTTP/1.1" 200 3464 "-" "Mozilla/5.0 (Windows; U; Windows NT 6.1; de; rv:1.9.2.12) Gecko/20101026 Firefox/3.6.12"
213.239.210.249 - - [13/Aug/2017:17:35:42 +0200] "GET / HTTP/1.1" 200 3464 "-" "Mozilla/5.0 (Windows; U; Windows NT 6.1; de; rv:1.9.2.12) Gecko/20101026 Firefox/3.6.12"
213.239.210.249 - - [13/Aug/2017:17:35:43 +0200] "GET /kontakt HTTP/1.1" 200 6263 "-" "Mozilla/5.0 (Windows; U; Windows NT 6.1; de; rv:1.9.2.12) Gecko/20101026 Firefox/3.6.12"
213.239.210.249 - - [13/Aug/2017:17:35:43 +0200] "GET /impressum HTTP/1.1" 200 5879 "-" "Mozilla/5.0 (Windows; U; Windows NT 6.1; de; rv:1.9.2.12) Gecko/20101026 Firefox/3.6.12"
213.239.210.249 - - [13/Aug/2017:17:35:43 +0200] "GET /impressum HTTP/1.1" 200 5879 "-" "Mozilla/5.0 (Windows; U; Windows NT 6.1; de; rv:1.9.2.12) Gecko/20101026 Firefox/3.6.12"
213.239.210.249 - - [13/Aug/2017:17:35:43 +0200] "GET /kontakt HTTP/1.1" 200 6263 "-" "Mozilla/5.0 (Windows; U; Windows NT 6.1; de; rv:1.9.2.12) Gecko/20101026 Firefox/3.6.12"
213.239.210.249 - - [13/Aug/2017:17:35:44 +0200] "GET /unternehmen HTTP/1.1" 200 3276 "-" "Mozilla/5.0 (Windows; U; Windows NT 6.1; de; rv:1.9.2.12) Gecko/20101026 Firefox/3.6.12"
66.249.64.71 - - [13/Aug/2017:17:42:30 +0200] "GET /robots.txt HTTP/1.1" 200 2050 "-" "Mozilla/5.0 (compatible; Googlebot/2.1; +http://www.google.com/bot.html)"
66.249.64.73 - - [13/Aug/2017:17:42:31 +0200] "GET /pdf/Frachtrecht%20HGB.pdf HTTP/1.1" 200 19672 "-" "Mozilla/5.0 (Linux; Android 6.0.1; Nexus 5X Build/MMB29P) AppleWebKit/537.36 (KHTML, like Gecko) Chrome/41.0.2272.96 Mobile Safari/537.36 (compatible; Googlebot/2.1; +http://www.google.com/bot.html)"
66.249.64.73 - - [13/Aug/2017:18:08:01 +0200] "GET /unternehmen/philosophie HTTP/1.1" 200 4847 "-" "Mozilla/5.0 (Linux; Android 6.0.1; Nexus 5X Build/MMB29P) AppleWebKit/537.36 (KHTML, like Gecko) Chrome/41.0.2272.96 Mobile Safari/537.36 (compatible; Googlebot/2.1; +http://www.google.com/bot.html)"
84.190.219.57 - - [13/Aug/2017:18:37:32 +0200] "GET /pdf/Frachtrecht%20HGB.pdf HTTP/1.1" 200 19672 "https://www.google.de" "Mozilla/5.0 (Windows NT 6.1; WOW64; rv:44.0) Gecko/20100101 Firefox/44.0"
84.190.219.57 - - [13/Aug/2017:18:37:32 +0200] "GET /favicon.ico HTTP/1.1" 200 2050 "-" "Mozilla/5.0 (Windows NT 6.1; WOW64; rv:44.0) Gecko/20100101 Firefox/44.0"
84.190.219.57 - - [13/Aug/2017:18:37:33 +0200] "GET /favicon.ico HTTP/1.1" 200 2050 "-" "Mozilla/5.0 (Windows NT 6.1; WOW64; rv:44.0) Gecko/20100101 Firefox/44.0"
77.187.114.233 - - [13/Aug/2017:18:52:10 +0200] "GET /aktuelles HTTP/1.1" 200 8482 "http://r.search.yahoo.com/_ylt=A7x9UkyRgZBZwhYA3hBfCwx.;_ylu=X3oDMTByMWk2OWNtBGNvbG8DaXIyBHBvcwMyBHZ0aWQDBHNlYwNzcg--/RV=2/RE=1502671378/RO=10/RU=http%3a%2f%2fwww.alle-ziele-spedition.de%2faktuelles/RK=1/RS=JqgOqsAultF3mhbXkPnAgJ4Fwx0-" "Mozilla/5.0 (Windows NT 10.0; WOW64; rv:54.0) Gecko/20100101 Firefox/54.0"
77.187.114.233 - - [13/Aug/2017:18:52:10 +0200] "GET /css/screen.css HTTP/1.1" 200 13627 "http://www.alle-ziele-spedition.de/aktuelles" "Mozilla/5.0 (Windows NT 10.0; WOW64; rv:54.0) Gecko/20100101 Firefox/54.0"
77.187.114.233 - - [13/Aug/2017:18:52:10 +0200] "GET /css/print.css HTTP/1.1" 200 830 "http://www.alle-ziele-spedition.de/aktuelles" "Mozilla/5.0 (Windows NT 10.0; WOW64; rv:54.0) Gecko/20100101 Firefox/54.0"
77.187.114.233 - - [13/Aug/2017:18:52:10 +0200] "GET /js/curvycorners.src.js HTTP/1.1" 200 60221 "http://www.alle-ziele-spedition.de/aktuelles" "Mozilla/5.0 (Windows NT 10.0; WOW64; rv:54.0) Gecko/20100101 Firefox/54.0"
77.187.114.233 - - [13/Aug/2017:18:52:11 +0200] "GET /img/hg_body.gif HTTP/1.1" 200 1754 "http://www.alle-ziele-spedition.de/css/screen.css" "Mozilla/5.0 (Windows NT 10.0; WOW64; rv:54.0) Gecko/20100101 Firefox/54.0"
77.187.114.233 - - [13/Aug/2017:18:52:11 +0200] "GET /img/head_hg.jpg HTTP/1.1" 200 18629 "http://www.alle-ziele-spedition.de/css/screen.css" "Mozilla/5.0 (Windows NT 10.0; WOW64; rv:54.0) Gecko/20100101 Firefox/54.0"
77.187.114.233 - - [13/Aug/2017:18:52:11 +0200] "GET /img/7183587b.jpg HTTP/1.1" 200 12190 "http://www.alle-ziele-spedition.de/css/screen.css" "Mozilla/5.0 (Windows NT 10.0; WOW64; rv:54.0) Gecko/20100101 Firefox/54.0"
77.187.114.233 - - [13/Aug/2017:18:52:11 +0200] "GET /img/857034.jpg HTTP/1.1" 200 14613 "http://www.alle-ziele-spedition.de/css/screen.css" "Mozilla/5.0 (Windows NT 10.0; WOW64; rv:54.0) Gecko/20100101 Firefox/54.0"
77.187.114.233 - - [13/Aug/2017:18:52:11 +0200] "GET /img/52814.jpg HTTP/1.1" 200 14378 "http://www.alle-ziele-spedition.de/css/screen.css" "Mozilla/5.0 (Windows NT 10.0; WOW64; rv:54.0) Gecko/20100101 Firefox/54.0"
77.187.114.233 - - [13/Aug/2017:18:52:11 +0200] "GET /img/9606427.jpg HTTP/1.1" 200 21711 "http://www.alle-ziele-spedition.de/css/screen.css" "Mozilla/5.0 (Windows NT 10.0; WOW64; rv:54.0) Gecko/20100101 Firefox/54.0"
77.187.114.233 - - [13/Aug/2017:18:52:11 +0200] "GET /img/14351312.jpg HTTP/1.1" 200 16335 "http://www.alle-ziele-spedition.de/css/screen.css" "Mozilla/5.0 (Windows NT 10.0; WOW64; rv:54.0) Gecko/20100101 Firefox/54.0"
77.187.114.233 - - [13/Aug/2017:18:52:11 +0200] "GET /img/berlin_footer2.gif HTTP/1.1" 200 2795 "http://www.alle-ziele-spedition.de/css/screen.css" "Mozilla/5.0 (Windows NT 10.0; WOW64; rv:54.0) Gecko/20100101 Firefox/54.0"
77.187.114.233 - - [13/Aug/2017:18:52:11 +0200] "GET /favicon.ico HTTP/1.1" 200 2050 "-" "Mozilla/5.0 (Windows NT 10.0; WOW64; rv:54.0) Gecko/20100101 Firefox/54.0"
77.187.114.233 - - [13/Aug/2017:18:52:11 +0200] "GET /favicon.ico HTTP/1.1" 200 2050 "-" "Mozilla/5.0 (Windows NT 10.0; WOW64; rv:54.0) Gecko/20100101 Firefox/54.0"
88.69.23.155 - - [13/Aug/2017:19:03:05 +0200] "GET /pdf/Frachtrecht%20HGB.pdf HTTP/1.1" 200 19672 "https://www.google.de/" "Mozilla/5.0 (Windows NT 10.0; Win64; x64) AppleWebKit/537.36 (KHTML, like Gecko) Chrome/59.0.3071.115 Safari/537.36"
88.69.23.155 - - [13/Aug/2017:19:03:05 +0200] "GET /favicon.ico HTTP/1.1" 200 2050 "http://www.alle-ziele-spedition.de/pdf/Frachtrecht%20HGB.pdf" "Mozilla/5.0 (Windows NT 10.0; Win64; x64) AppleWebKit/537.36 (KHTML, like Gecko) Chrome/59.0.3071.115 Safari/537.36"
180.76.15.28 - - [13/Aug/2017:19:32:18 +0200] "GET /pdf/Haftung.pdf HTTP/1.1" 200 513898 "-" "Mozilla/5.0 (compatible; Baiduspider/2.0; +http://www.baidu.com/search/spider.html)"
195.128.124.154 - - [13/Aug/2017:19:59:17 +0200] "GET /exportdokumente/drittlandexporte' HTTP/1.1" 200 7307 "-" "Mozilla/5.0 (Windows NT 6.0; rv:22.0) Gecko/20130405 Firefox/22.0"
66.249.75.199 - - [13/Aug/2017:20:10:21 +0200] "GET /robots.txt HTTP/1.1" 200 2050 "-" "Mozilla/5.0 (compatible; Googlebot/2.1; +http://www.google.com/bot.html)"
66.249.75.196 - - [13/Aug/2017:20:10:22 +0200] "GET /unternehmen/sponsoring HTTP/1.1" 200 4035 "-" "Mozilla/5.0 (Linux; Android 6.0.1; Nexus 5X Build/MMB29P) AppleWebKit/537.36 (KHTML, like Gecko) Chrome/41.0.2272.96 Mobile Safari/537.36 (compatible; Googlebot/2.1; +http://www.google.com/bot.html)"
35.157.189.219 - - [13/Aug/2017:20:24:37 +0200] "GET /robots.txt HTTP/1.1" 200 2050 "-" "Mozilla/5.0 (compatible; Cliqzbot/2.0; +http://cliqz.com/company/cliqzbot)"
35.157.189.219 - - [13/Aug/2017:20:24:38 +0200] "GET /informationen HTTP/1.1" 200 4126 "-" "Mozilla/5.0 (compatible; Cliqzbot/2.0; +http://cliqz.com/company/cliqzbot)"
157.55.39.57 - - [13/Aug/2017:20:45:46 +0200] "GET /robots.txt HTTP/1.1" 200 2050 "-" "Mozilla/5.0 (compatible; bingbot/2.0; +http://www.bing.com/bingbot.htm)"
157.55.39.143 - - [13/Aug/2017:20:45:57 +0200] "GET /privatkunden/direktfahrten HTTP/1.1" 200 4109 "-" "Mozilla/5.0 (iPhone; CPU iPhone OS 7_0 like Mac OS X) AppleWebKit/537.51.1 (KHTML, like Gecko) Version/7.0 Mobile/11A465 Safari/9537.53 (compatible; bingbot/2.0; +http://www.bing.com/bingbot.htm)"
66.249.75.201 - - [13/Aug/2017:21:06:21 +0200] "GET /geschaeftskunden/teil_komplettladungen HTTP/1.1" 200 3924 "-" "Mozilla/5.0 (Linux; Android 6.0.1; Nexus 5X Build/MMB29P) AppleWebKit/537.36 (KHTML, like Gecko) Chrome/41.0.2272.96 Mobile Safari/537.36 (compatible; Googlebot/2.1; +http://www.google.com/bot.html)"
79.199.252.12 - - [13/Aug/2017:21:23:22 +0200] "GET /pdf/Frachtrecht%20HGB.pdf HTTP/1.1" 200 19672 "-" "Mozilla/5.0 (Macintosh; Intel Mac OS X 10_12_5) AppleWebKit/603.2.4 (KHTML, like Gecko)"
79.199.252.12 - - [13/Aug/2017:21:23:22 +0200] "GET /apple-touch-icon-precomposed.png HTTP/1.1" 200 2050 "-" "Safari/12603.2.4 CFNetwork/811.5.4 Darwin/16.6.0 (x86_64)"
79.199.252.12 - - [13/Aug/2017:21:23:23 +0200] "GET /apple-touch-icon.png HTTP/1.1" 200 2050 "-" "Safari/12603.2.4 CFNetwork/811.5.4 Darwin/16.6.0 (x86_64)"
79.199.252.12 - - [13/Aug/2017:21:23:23 +0200] "GET /favicon.ico HTTP/1.1" 200 2050 "-" "Safari/12603.2.4 CFNetwork/811.5.4 Darwin/16.6.0 (x86_64)"
79.199.252.12 - - [13/Aug/2017:21:23:23 +0200] "GET /apple-touch-icon-precomposed.png HTTP/1.1" 200 2050 "-" "Safari/12603.2.4 CFNetwork/811.5.4 Darwin/16.6.0 (x86_64)"
79.199.252.12 - - [13/Aug/2017:21:23:23 +0200] "GET /apple-touch-icon.png HTTP/1.1" 200 2050 "-" "Safari/12603.2.4 CFNetwork/811.5.4 Darwin/16.6.0 (x86_64)"
79.199.252.12 - - [13/Aug/2017:21:23:23 +0200] "GET /favicon.ico HTTP/1.1" 200 2050 "-" "Safari/12603.2.4 CFNetwork/811.5.4 Darwin/16.6.0 (x86_64)"
79.199.252.12 - - [13/Aug/2017:21:23:24 +0200] "GET /pdf/Frachtrecht%20HGB.pdf HTTP/1.1" 200 19672 "-" "Mozilla/5.0 (iPhone; CPU iPhone OS 10_0 like Mac OS X) AppleWebKit/602.1.38 (KHTML, like Gecko) Version/10.0 Mobile/14A300 Safari/602.1"
79.199.252.12 - - [13/Aug/2017:21:23:24 +0200] "GET /apple-touch-icon-precomposed.png HTTP/1.1" 200 2050 "-" "Safari/12603.2.4 CFNetwork/811.5.4 Darwin/16.6.0 (x86_64)"
79.199.252.12 - - [13/Aug/2017:21:23:24 +0200] "GET /apple-touch-icon.png HTTP/1.1" 200 2050 "-" "Safari/12603.2.4 CFNetwork/811.5.4 Darwin/16.6.0 (x86_64)"
79.199.252.12 - - [13/Aug/2017:21:23:24 +0200] "GET /favicon.ico HTTP/1.1" 200 2050 "-" "Safari/12603.2.4 CFNetwork/811.5.4 Darwin/16.6.0 (x86_64)"
79.199.252.12 - - [13/Aug/2017:21:23:24 +0200] "GET /apple-touch-icon-precomposed.png HTTP/1.1" 200 2050 "-" "Safari/12603.2.4 CFNetwork/811.5.4 Darwin/16.6.0 (x86_64)"
79.199.252.12 - - [13/Aug/2017:21:23:24 +0200] "GET /apple-touch-icon.png HTTP/1.1" 200 2050 "-" "Safari/12603.2.4 CFNetwork/811.5.4 Darwin/16.6.0 (x86_64)"
79.199.252.12 - - [13/Aug/2017:21:23:25 +0200] "GET /favicon.ico HTTP/1.1" 200 2050 "-" "Safari/12603.2.4 CFNetwork/811.5.4 Darwin/16.6.0 (x86_64)"
88.99.27.172 - - [13/Aug/2017:21:24:25 +0200] "GET /impressum HTTP/1.1" 200 5879 "-" "Mozilla/5.0 (X11; U; Linux i686; en-US; rv:1.9.1.16) Gecko/20120421 Gecko Firefox/11.0"
157.55.39.184 - - [13/Aug/2017:21:51:39 +0200] "GET /robots.txt HTTP/1.1" 200 2050 "-" "Mozilla/5.0 (compatible; bingbot/2.0; +http://www.bing.com/bingbot.htm)"
157.55.39.184 - - [13/Aug/2017:21:51:40 +0200] "GET /img/41682069.jpg HTTP/1.1" 200 14940 "-" "Mozilla/5.0 (iPhone; CPU iPhone OS 7_0 like Mac OS X) AppleWebKit/537.51.1 (KHTML, like Gecko) Version/7.0 Mobile/11A465 Safari/9537.53 (compatible; bingbot/2.0; +http://www.bing.com/bingbot.htm)"
40.77.167.26 - - [13/Aug/2017:21:51:48 +0200] "GET /img/6392933.jpg HTTP/1.1" 200 7580 "-" "Mozilla/5.0 (iPhone; CPU iPhone OS 7_0 like Mac OS X) AppleWebKit/537.51.1 (KHTML, like Gecko) Version/7.0 Mobile/11A465 Safari/9537.53 (compatible; bingbot/2.0; +http://www.bing.com/bingbot.htm)"
66.249.75.201 - - [13/Aug/2017:21:58:31 +0200] "GET /robots.txt HTTP/1.1" 200 2050 "-" "Mozilla/5.0 (compatible; Googlebot/2.1; +http://www.google.com/bot.html)"
66.249.75.196 - - [13/Aug/2017:21:58:32 +0200] "GET /geschaeftskunden/stueckgut_national HTTP/1.1" 200 4641 "-" "Mozilla/5.0 (Linux; Android 6.0.1; Nexus 5X Build/MMB29P) AppleWebKit/537.36 (KHTML, like Gecko) Chrome/41.0.2272.96 Mobile Safari/537.36 (compatible; Googlebot/2.1; +http://www.google.com/bot.html)"
207.46.13.51 - - [13/Aug/2017:22:01:33 +0200] "GET /privatkunden/seefracht HTTP/1.1" 200 6230 "-" "Mozilla/5.0 (iPhone; CPU iPhone OS 7_0 like Mac OS X) AppleWebKit/537.51.1 (KHTML, like Gecko) Version/7.0 Mobile/11A465 Safari/9537.53 (compatible; bingbot/2.0; +http://www.bing.com/bingbot.htm)"
66.249.75.196 - - [13/Aug/2017:22:03:42 +0200] "GET /geschaeftskunden/direkt HTTP/1.1" 200 4250 "-" "Mozilla/5.0 (Linux; Android 6.0.1; Nexus 5X Build/MMB29P) AppleWebKit/537.36 (KHTML, like Gecko) Chrome/41.0.2272.96 Mobile Safari/537.36 (compatible; Googlebot/2.1; +http://www.google.com/bot.html)"
52.29.24.129 - - [13/Aug/2017:22:56:14 +0200] "GET /robots.txt HTTP/1.1" 200 2050 "-" "Mozilla/5.0 (compatible; Cliqzbot/2.0; +http://cliqz.com/company/cliqzbot)"
52.29.24.129 - - [13/Aug/2017:22:56:15 +0200] "GET /geschaeftskunden/sondertransporte HTTP/1.1" 200 5212 "-" "Mozilla/5.0 (compatible; Cliqzbot/2.0; +http://cliqz.com/company/cliqzbot)"
207.46.13.51 - - [13/Aug/2017:22:56:55 +0200] "GET /img/34175911.jpg HTTP/1.1" 200 24478 "-" "Mozilla/5.0 (iPhone; CPU iPhone OS 7_0 like Mac OS X) AppleWebKit/537.51.1 (KHTML, like Gecko) Version/7.0 Mobile/11A465 Safari/9537.53 (compatible; bingbot/2.0; +http://www.bing.com/bingbot.htm)"
157.55.39.184 - - [13/Aug/2017:22:56:59 +0200] "GET /img/20731156.jpg HTTP/1.1" 200 11090 "-" "Mozilla/5.0 (iPhone; CPU iPhone OS 7_0 like Mac OS X) AppleWebKit/537.51.1 (KHTML, like Gecko) Version/7.0 Mobile/11A465 Safari/9537.53 (compatible; bingbot/2.0; +http://www.bing.com/bingbot.htm)"
157.55.39.184 - - [13/Aug/2017:22:57:00 +0200] "GET /img/21377713.jpg HTTP/1.1" 200 19348 "-" "Mozilla/5.0 (iPhone; CPU iPhone OS 7_0 like Mac OS X) AppleWebKit/537.51.1 (KHTML, like Gecko) Version/7.0 Mobile/11A465 Safari/9537.53 (compatible; bingbot/2.0; +http://www.bing.com/bingbot.htm)"
157.55.39.184 - - [13/Aug/2017:22:57:00 +0200] "GET /img/35489283.jpg HTTP/1.1" 200 19734 "-" "Mozilla/5.0 (iPhone; CPU iPhone OS 7_0 like Mac OS X) AppleWebKit/537.51.1 (KHTML, like Gecko) Version/7.0 Mobile/11A465 Safari/9537.53 (compatible; bingbot/2.0; +http://www.bing.com/bingbot.htm)"
157.55.39.143 - - [13/Aug/2017:22:57:04 +0200] "GET /img/41954271.jpg HTTP/1.1" 200 20594 "-" "Mozilla/5.0 (iPhone; CPU iPhone OS 7_0 like Mac OS X) AppleWebKit/537.51.1 (KHTML, like Gecko) Version/7.0 Mobile/11A465 Safari/9537.53 (compatible; bingbot/2.0; +http://www.bing.com/bingbot.htm)"
62.89.55.202 - - [13/Aug/2017:23:03:51 +0200] "GET /privatkunden HTTP/1.1" 200 3936 "https://www.bing.com/" "Mozilla/5.0 (Windows NT 10.0; Win64; x64) AppleWebKit/537.36 (KHTML, like Gecko) Chrome/51.0.2704.79 Safari/537.36 Edge/14.14393"
62.89.55.202 - - [13/Aug/2017:23:03:51 +0200] "GET /css/screen.css HTTP/1.1" 200 13627 "http://www.alle-ziele-spedition.de/privatkunden" "Mozilla/5.0 (Windows NT 10.0; Win64; x64) AppleWebKit/537.36 (KHTML, like Gecko) Chrome/51.0.2704.79 Safari/537.36 Edge/14.14393"
62.89.55.202 - - [13/Aug/2017:23:03:51 +0200] "GET /css/print.css HTTP/1.1" 200 830 "http://www.alle-ziele-spedition.de/privatkunden" "Mozilla/5.0 (Windows NT 10.0; Win64; x64) AppleWebKit/537.36 (KHTML, like Gecko) Chrome/51.0.2704.79 Safari/537.36 Edge/14.14393"
62.89.55.202 - - [13/Aug/2017:23:03:52 +0200] "GET /js/curvycorners.src.js HTTP/1.1" 200 60221 "http://www.alle-ziele-spedition.de/privatkunden" "Mozilla/5.0 (Windows NT 10.0; Win64; x64) AppleWebKit/537.36 (KHTML, like Gecko) Chrome/51.0.2704.79 Safari/537.36 Edge/14.14393"
62.89.55.202 - - [13/Aug/2017:23:03:52 +0200] "GET /img/hg_body.gif HTTP/1.1" 200 1754 "http://www.alle-ziele-spedition.de/privatkunden" "Mozilla/5.0 (Windows NT 10.0; Win64; x64) AppleWebKit/537.36 (KHTML, like Gecko) Chrome/51.0.2704.79 Safari/537.36 Edge/14.14393"
62.89.55.202 - - [13/Aug/2017:23:03:52 +0200] "GET /img/head_hg.jpg HTTP/1.1" 200 18629 "http://www.alle-ziele-spedition.de/privatkunden" "Mozilla/5.0 (Windows NT 10.0; Win64; x64) AppleWebKit/537.36 (KHTML, like Gecko) Chrome/51.0.2704.79 Safari/537.36 Edge/14.14393"
62.89.55.202 - - [13/Aug/2017:23:03:52 +0200] "GET /img/7183587b.jpg HTTP/1.1" 200 12190 "http://www.alle-ziele-spedition.de/privatkunden" "Mozilla/5.0 (Windows NT 10.0; Win64; x64) AppleWebKit/537.36 (KHTML, like Gecko) Chrome/51.0.2704.79 Safari/537.36 Edge/14.14393"
