91.66.184.220 - - [01/Oct/2012:00:56:28 +0200] "GET / HTTP/1.1" 302 - "-" "-"
78.138.101.135 - - [01/Oct/2012:03:04:53 +0200] "GET / HTTP/1.1" 302 - "-" "Mozilla/4.0 (compatible; MSIE 8.0; Windows NT 6.1; Trident/4.0)"
92.85.165.138 - - [01/Oct/2012:03:26:26 +0200] "GET / HTTP/1.1" 302 - "-" "Java/1.6.0_22"
92.85.165.138 - - [01/Oct/2012:03:26:26 +0200] "GET /fls_1_aktuelles.php HTTP/1.1" 404 1256 "-" "Java/1.6.0_22"
92.85.165.138 - - [01/Oct/2012:03:26:30 +0200] "GET /fls_2_fremdsprachensekr.php HTTP/1.1" 404 1256 "-" "Java/1.6.0_22"
92.85.165.138 - - [01/Oct/2012:03:27:33 +0200] "GET /fls_4_kontakt_anmeldung.php HTTP/1.1" 404 1256 "-" "Java/1.6.0_22"
92.85.165.138 - - [01/Oct/2012:03:27:33 +0200] "GET /index.php HTTP/1.1" 302 - "-" "Java/1.6.0_22"
92.85.165.138 - - [01/Oct/2012:03:27:34 +0200] "GET /ddlevelsfiles/ddlevelsmenu.js HTTP/1.1" 404 1256 "-" "Java/1.6.0_22"
92.85.165.138 - - [01/Oct/2012:03:27:43 +0200] "GET /js/lightwindow.js HTTP/1.1" 404 1256 "-" "Java/1.6.0_22"
92.85.165.138 - - [01/Oct/2012:03:29:57 +0200] "GET /js/scriptaculous.js?load=effects HTTP/1.1" 404 1256 "-" "Java/1.6.0_22"
178.77.126.55 - - [01/Oct/2012:07:12:32 +0200] "GET /robots.txt HTTP/1.1" 404 1256 "-" "Mozilla/5.0 (compatible; CareerBot/1.1; +http://www.career-x.de/bot.html)"
178.77.126.55 - - [01/Oct/2012:07:12:32 +0200] "GET / HTTP/1.1" 302 - "-" "Mozilla/5.0 (compatible; CareerBot/1.1; +http://www.career-x.de/bot.html)"
93.220.198.146 - - [01/Oct/2012:11:13:16 +0200] "GET / HTTP/1.1" 302 - "-" "Mozilla/4.0 (compatible; MSIE 8.0; Windows NT 6.0; .NET CLR 1.0.3705; .NET CLR 1.1.4322; Media Center PC 4.0; .NET CLR 2.0.50727)"
85.25.71.116 - - [01/Oct/2012:11:28:34 +0200] "GET /robots.txt HTTP/1.1" 404 1256 "-" "Mozilla/5.0 (X11; U; Linux i686; de; rv:1.9.0.1; compatible; iCjobs Stellenangebote Jobs; http://www.icjobs.de) Gecko/20100401 iCjobs/3.2.3"
85.25.71.116 - - [01/Oct/2012:11:28:34 +0200] "GET / HTTP/1.1" 302 - "-" "Mozilla/5.0 (X11; U; Linux i686; de; rv:1.9.0.1; compatible; iCjobs Stellenangebote Jobs; http://www.icjobs.de) Gecko/20100401 iCjobs/3.2.3"
85.25.71.116 - - [01/Oct/2012:11:28:34 +0200] "GET / HTTP/1.1" 302 - "-" "Mozilla/5.0 (X11; U; Linux i686; de; rv:1.9.0.1; compatible; iCjobs Stellenangebote Jobs; http://www.icjobs.de) Gecko/20100401 iCjobs/3.2.3"
84.189.164.151 - - [01/Oct/2012:13:01:33 +0200] "GET / HTTP/1.1" 302 - "http://alt.energie-fuer-bildung.de/kommunikation/netzwerk.php?0=efb" "Mozilla/5.0 (compatible; MSIE 9.0; Windows NT 6.1; WOW64; Trident/5.0)"
217.69.133.29 - - [01/Oct/2012:13:03:11 +0200] "GET /robots.txt HTTP/1.0" 404 1256 "-" "Mozilla/5.0 (compatible; Mail.RU/2.0)"
91.44.94.22 - - [01/Oct/2012:16:27:07 +0200] "GET /favicon.ico HTTP/1.1" 404 1256 "-" "Mozilla/4.0 (compatible; MSIE 7.0; Windows NT 6.1; Trident/5.0; SLCC2; .NET CLR 2.0.50727; .NET CLR 3.5.30729; .NET CLR 3.0.30729; Media Center PC 6.0; .NET4.0C; .NET4.0E)"
66.249.76.115 - - [01/Oct/2012:23:30:56 +0200] "GET /robots.txt HTTP/1.1" 404 1256 "-" "Mozilla/5.0 (compatible; Googlebot/2.1; +http://www.google.com/bot.html)"
66.249.76.115 - - [01/Oct/2012:23:30:57 +0200] "GET / HTTP/1.1" 302 - "-" "DoCoMo/2.0 N905i(c100;TB;W24H16) (compatible; Googlebot-Mobile/2.1; +http://www.google.com/bot.html)"
207.241.226.67 - - [02/Oct/2012:01:19:23 +0200] "GET /robots.txt HTTP/1.1" 404 1256 "-" "ia_archiver(OS-Wayback)"
207.241.224.41 - - [02/Oct/2012:01:19:23 +0200] "GET /robots.txt HTTP/1.1" 404 1256 "-" "ia_archiver(OS-Wayback)"
203.77.76.152 - - [02/Oct/2012:11:27:10 +0200] "GET /robots.txt HTTP/1.0" 404 1256 "-" "Mozilla/5.0 (compatible; MJ12bot/v1.4.3; http://www.majestic12.co.uk/bot.php?+)"
203.77.76.152 - - [02/Oct/2012:11:27:13 +0200] "GET / HTTP/1.1" 302 - "-" "Mozilla/5.0 (compatible; MJ12bot/v1.4.3; http://www.majestic12.co.uk/bot.php?+)"
213.23.193.77 - - [02/Oct/2012:11:33:30 +0200] "GET / HTTP/1.0" 302 - "http://domino2.berufsschulen.de/db/berufsschulen.nsf/bc99c0a4aa4bbbfcc1256b470057821a/f201afb7f4437fd1c12570bf005daa06?OpenDocument&TableRow=1.1" "Mozilla/4.0 (compatible; MSIE 8.0; Windows NT 5.1; Trident/4.0; .NET CLR 1.1.4322; .NET CLR 2.0.50727; .NET CLR 3.0.04506.30; .NET CLR 3.0.4506.2152; .NET CLR 3.5.30729; .NET4.0C; .NET4.0E)"
93.197.127.43 - - [02/Oct/2012:12:48:53 +0200] "GET / HTTP/1.1" 302 - "http://www.facebook.com/l.php?u=http%3A%2F%2Fwww.friedrich-list-berlin.de&h=TAQHa-f0N&s=1" "Mozilla/5.0 (Windows NT 6.1; rv:15.0) Gecko/20100101 Firefox/15.0.1"
178.154.179.250 - - [02/Oct/2012:16:50:52 +0200] "GET /robots.txt HTTP/1.1" 404 1256 "-" "Mozilla/5.0 (compatible; YandexBot/3.0; +http://yandex.com/bots)"
176.9.139.112 - - [02/Oct/2012:19:11:05 +0200] "GET /robots.txt HTTP/1.1" 404 1256 "-" "Mozilla/5.0 (compatible; SISTRIX Crawler; http://crawler.sistrix.net/)"
176.9.139.112 - - [02/Oct/2012:19:11:05 +0200] "GET / HTTP/1.1" 302 - "-" "Mozilla/5.0 (compatible; SISTRIX Crawler; http://crawler.sistrix.net/)"
178.154.179.250 - - [02/Oct/2012:19:25:32 +0200] "GET / HTTP/1.1" 302 - "-" "Mozilla/5.0 (compatible; YandexBot/3.0; +http://yandex.com/bots)"
93.220.228.248 - - [02/Oct/2012:21:10:09 +0200] "GET / HTTP/1.1" 302 - "-" "Mozilla/4.0+(compatible;+MSIE+7.0;+Windows+NT+5.1)"
95.211.139.1 - - [02/Oct/2012:22:26:21 +0200] "GET /robots.txt HTTP/1.0" 404 1256 "-" "Mozilla/5.0 (compatible; AcoonBot/4.11.1; +http://www.acoon.de/robot.asp)"
95.211.139.1 - - [02/Oct/2012:22:26:21 +0200] "GET / HTTP/1.0" 302 - "-" "Mozilla/5.0 (compatible; AcoonBot/4.11.1; +http://www.acoon.de/robot.asp)"
178.77.126.55 - - [03/Oct/2012:02:00:51 +0200] "GET /robots.txt HTTP/1.1" 404 1256 "-" "Mozilla/5.0 (compatible; CareerBot/1.1; +http://www.career-x.de/bot.html)"
178.77.126.55 - - [03/Oct/2012:02:00:51 +0200] "GET / HTTP/1.1" 302 - "-" "Mozilla/5.0 (compatible; CareerBot/1.1; +http://www.career-x.de/bot.html)"
5.9.61.162 - - [03/Oct/2012:04:17:30 +0200] "GET / HTTP/1.1" 302 - "-" "Mozilla/5.0 (Windows; U; Windows NT 5.1; de-DE; rv:1.8.1.13) Gecko/20080311 Firefox/2.0.0.13"
139.18.2.17 - - [03/Oct/2012:04:43:08 +0200] "GET /robots.txt HTTP/1.1" 404 1256 "-" "findlinks/2.6 (+http://wortschatz.uni-leipzig.de/findlinks/)"
212.253.106.25 - - [03/Oct/2012:09:31:23 +0200] "GET / HTTP/1.1" 302 - "-" "Mozilla/5.0 (Windows NT 6.1; WOW64) AppleWebKit/537.4 (KHTML, like Gecko) Chrome/22.0.1229.79 Safari/537.4"
95.108.150.235 - - [03/Oct/2012:12:19:59 +0200] "GET /robots.txt HTTP/1.1" 404 1256 "-" "Mozilla/5.0 (compatible; YandexBot/3.0; +http://yandex.com/bots)"
95.108.150.235 - - [03/Oct/2012:12:19:59 +0200] "GET / HTTP/1.1" 302 - "-" "Mozilla/5.0 (compatible; YandexBot/3.0; +http://yandex.com/bots)"
128.131.102.100 - - [03/Oct/2012:16:19:11 +0200] "GET / HTTP/1.0" 302 - "-" "KeepRightBot/0.2 (KeepRight OpenStreetMap Checker; http://keepright.ipax.at)"
208.115.111.69 - - [03/Oct/2012:18:36:46 +0200] "GET /robots.txt HTTP/1.1" 404 1256 "-" "Mozilla/5.0 (compatible; Ezooms/1.0; ezooms.bot@gmail.com)"
208.115.111.69 - - [03/Oct/2012:18:49:05 +0200] "GET / HTTP/1.1" 302 - "-" "Mozilla/5.0 (compatible; Ezooms/1.0; ezooms.bot@gmail.com)"
5.9.61.162 - - [03/Oct/2012:19:17:06 +0200] "GET / HTTP/1.1" 302 - "-" "Mozilla/5.0 (Windows; U; Windows NT 5.1; de-DE; rv:1.8.1.13) Gecko/20080311 Firefox/2.0.0.13"
62.212.73.211 - - [04/Oct/2012:01:11:04 +0200] "GET /robots.txt HTTP/1.0" 404 1256 "-" "Mozilla/5.0 (compatible; MJ12bot/v1.4.3; http://www.majestic12.co.uk/bot.php?+)"
62.212.73.211 - - [04/Oct/2012:01:11:05 +0200] "GET / HTTP/1.0" 302 - "-" "Mozilla/5.0 (compatible; MJ12bot/v1.4.3; http://www.majestic12.co.uk/bot.php?+)"
174.129.180.227 - - [04/Oct/2012:03:26:46 +0200] "GET / HTTP/1.1" 302 - "-" "Mozilla/5.0 (Windows NT 6.2; rv:9.0.1) Gecko/20100101 Firefox/9.0.1"
93.220.241.198 - - [04/Oct/2012:07:11:10 +0200] "GET / HTTP/1.1" 302 - "-" "Mozilla/4.0 (compatible; MSIE 7.0; Windows NT 6.0; WOW64; SLCC1; .NET CLR 2.0.50727)"
85.25.71.116 - - [04/Oct/2012:20:50:08 +0200] "GET /robots.txt HTTP/1.1" 404 1256 "-" "Mozilla/5.0 (X11; U; Linux i686; de; rv:1.9.0.1; compatible; iCjobs Stellenangebote Jobs; http://www.icjobs.de) Gecko/20100401 iCjobs/3.2.3"
85.25.71.116 - - [04/Oct/2012:20:50:08 +0200] "GET / HTTP/1.1" 302 - "-" "Mozilla/5.0 (X11; U; Linux i686; de; rv:1.9.0.1; compatible; iCjobs Stellenangebote Jobs; http://www.icjobs.de) Gecko/20100401 iCjobs/3.2.3"
85.25.71.116 - - [04/Oct/2012:20:50:08 +0200] "GET / HTTP/1.1" 302 - "-" "Mozilla/5.0 (X11; U; Linux i686; de; rv:1.9.0.1; compatible; iCjobs Stellenangebote Jobs; http://www.icjobs.de) Gecko/20100401 iCjobs/3.2.3"
178.77.126.55 - - [04/Oct/2012:21:34:17 +0200] "GET /robots.txt HTTP/1.1" 404 1256 "-" "Mozilla/5.0 (compatible; CareerBot/1.1; +http://www.career-x.de/bot.html)"
178.77.126.55 - - [04/Oct/2012:21:34:17 +0200] "GET / HTTP/1.1" 302 - "-" "Mozilla/5.0 (compatible; CareerBot/1.1; +http://www.career-x.de/bot.html)"
2.98.253.5 - - [04/Oct/2012:23:56:14 +0200] "GET / HTTP/1.1" 302 - "http://www.yelp.co.uk/biz_redir?url=http%3A%2F%2Fwww.friedrich-list-berlin.de&src_bizid=fSHiYxGQm1Z5g7TwC8oc_A&cachebuster=1349387640&s=bbb872c79ce08082a6265fdc697c1a38a0c6930a56bfc4e9fce727b23fdf7349" "Mozilla/5.0 (Windows NT 6.1; WOW64) AppleWebKit/537.4 (KHTML, like Gecko) Chrome/22.0.1229.79 Safari/537.4"
62.24.252.133 - - [04/Oct/2012:23:56:46 +0200] "GET / HTTP/1.0" 302 - "http://www.friedrich-list-berlin.de/" "Mozilla/4.0 (compatible; MSIE 8.0; Windows NT 5.1; Trident/4.0; .NET CLR 2.0.50727; .NET CLR 3.0.04506.648; .NET CLR 3.5.21022; .NET CLR 3.0.4506.2152; .NET CLR 3.5.30729; InfoPath.2)"
2.98.253.5 - - [04/Oct/2012:23:58:30 +0200] "GET / HTTP/1.1" 302 - "http://www.yelp.co.uk/biz_redir?url=http%3A%2F%2Fwww.friedrich-list-berlin.de&src_bizid=fSHiYxGQm1Z5g7TwC8oc_A&cachebuster=1349387640&s=bbb872c79ce08082a6265fdc697c1a38a0c6930a56bfc4e9fce727b23fdf7349" "Mozilla/5.0 (Windows NT 6.1; WOW64) AppleWebKit/537.4 (KHTML, like Gecko) Chrome/22.0.1229.79 Safari/537.4"
193.175.194.33 - - [05/Oct/2012:02:22:43 +0200] "GET / HTTP/1.1" 302 - "-" "Bildungsserver-Linkchecker DBS 0.9 (http://www.bildungsserver.de)"
66.249.71.77 - - [05/Oct/2012:02:54:33 +0200] "GET /robots.txt HTTP/1.1" 404 1256 "-" "Mozilla/5.0 (compatible; Googlebot/2.1; +http://www.google.com/bot.html)"
66.249.71.77 - - [05/Oct/2012:02:54:33 +0200] "GET / HTTP/1.1" 302 - "-" "Mozilla/5.0 (compatible; Googlebot/2.1; +http://www.google.com/bot.html)"
178.154.179.250 - - [05/Oct/2012:03:46:50 +0200] "GET /robots.txt HTTP/1.1" 404 1256 "-" "Mozilla/5.0 (compatible; YandexBot/3.0; +http://yandex.com/bots)"
178.154.179.250 - - [05/Oct/2012:03:46:52 +0200] "GET / HTTP/1.1" 302 - "-" "Mozilla/5.0 (compatible; YandexBot/3.0; +http://yandex.com/bots)"
157.55.32.82 - - [05/Oct/2012:06:37:23 +0200] "GET /robots.txt HTTP/1.1" 404 1256 "-" "Mozilla/5.0 (compatible; bingbot/2.0; +http://www.bing.com/bingbot.htm)"
157.55.32.82 - - [05/Oct/2012:06:38:17 +0200] "GET / HTTP/1.1" 302 - "-" "Mozilla/5.0 (compatible; bingbot/2.0; +http://www.bing.com/bingbot.htm)"
130.83.167.153 - - [05/Oct/2012:07:51:36 +0200] "GET / HTTP/1.1" 302 - "-" "findlinks/2.6 (+http://wortschatz.uni-leipzig.de/findlinks/)"
66.249.71.77 - - [05/Oct/2012:09:04:49 +0200] "GET / HTTP/1.1" 302 - "-" "SAMSUNG-SGH-E250/1.0 Profile/MIDP-2.0 Configuration/CLDC-1.1 UP.Browser/6.2.3.3.c.1.101 (GUI) MMP/2.0 (compatible; Googlebot-Mobile/2.1; +http://www.google.com/bot.html)"
69.171.247.6 - - [05/Oct/2012:15:08:45 +0200] "GET / HTTP/1.1" 302 - "-" "facebookexternalhit/1.1 (+http://www.facebook.com/externalhit_uatext.php)"
46.115.70.196 - - [05/Oct/2012:15:08:45 +0200] "GET / HTTP/1.1" 302 - "http://m.facebook.com/l.php?u=http%3A%2F%2Fwww.friedrich-list-berlin.de%2F&h=-AQGpUD5i&s=1" "Mozilla/5.0 (iPhone; U; CPU iPhone OS 4_3 like Mac OS X; de-de) AppleWebKit/533.17.9 (KHTML, like Gecko) Mobile/8F190 [FBAN/FBIOS;FBAV/5.0;FBBV/40121;FBDV/iPhone3,1;FBMD/iPhone;FBSN/iPhone OS;FBSV/4.3;FBSS/2; FBCR/Carrier;FBID/phone;FBLC/de_DE]"
93.220.218.224 - - [05/Oct/2012:17:13:40 +0200] "GET / HTTP/1.1" 302 - "-" "Mozilla/5.0 Gecko/2009042316 Firefox/2.0.0.x"
37.59.4.134 - - [05/Oct/2012:18:16:09 +0200] "HEAD / HTTP/1.1" 302 - "-" "Mozilla/5.0 (Windows NT 6.1; WOW64; rv:6.0) Gecko/20100101 Firefox/6.0"
23.21.4.8 - - [05/Oct/2012:19:25:36 +0200] "HEAD / HTTP/1.1" 302 - "http://www.netcraft.com/survey/" "Mozilla/4.0 (compatible; Netcraft Web Server Survey)"
92.78.129.197 - - [05/Oct/2012:22:26:46 +0200] "GET / HTTP/1.1" 302 - "http://www.facebook.com/l.php?u=http%3A%2F%2Fwww.friedrich-list-berlin.de&h=ZAQFwFKEi&s=1" "Mozilla/5.0 (compatible; MSIE 9.0; Windows NT 6.0; Trident/5.0)"
5.9.61.162 - - [06/Oct/2012:01:28:58 +0200] "GET / HTTP/1.1" 302 - "-" "Mozilla/5.0 (Windows; U; Windows NT 5.1; de-DE; rv:1.8.1.13) Gecko/20080311 Firefox/2.0.0.13"
54.245.25.158 - - [06/Oct/2012:07:15:25 +0200] "GET /robots.txt HTTP/1.1" 404 1256 "-" "WebCompanyCrawler"
54.245.25.158 - - [06/Oct/2012:07:15:25 +0200] "GET / HTTP/1.1" 302 - "-" "WebCompanyCrawler"
54.245.25.158 - - [06/Oct/2012:07:15:26 +0200] "GET /index.php HTTP/1.1" 302 - "-" "WebCompanyCrawler"
54.245.25.158 - - [06/Oct/2012:07:15:26 +0200] "GET /fls_2_fremdsprachensekr.php HTTP/1.1" 404 1256 "-" "WebCompanyCrawler"
54.245.25.158 - - [06/Oct/2012:07:15:26 +0200] "GET /fls_4_kontakt_anmeldung.php HTTP/1.1" 404 1256 "-" "WebCompanyCrawler"
54.245.25.158 - - [06/Oct/2012:07:15:26 +0200] "GET /fls_4_faq.php HTTP/1.1" 404 1256 "-" "WebCompanyCrawler"
54.245.25.158 - - [06/Oct/2012:07:15:26 +0200] "GET /fls_1_aktuelles.php HTTP/1.1" 404 1256 "-" "WebCompanyCrawler"
54.245.25.158 - - [06/Oct/2012:07:15:27 +0200] "GET /fls_3_fls_international.php HTTP/1.1" 404 1256 "-" "WebCompanyCrawler"
54.245.25.158 - - [06/Oct/2012:07:15:27 +0200] "GET /fls_4_impressum.php HTTP/1.1" 404 1256 "-" "WebCompanyCrawler"
83.233.186.82 - - [06/Oct/2012:09:43:22 +0200] "GET / HTTP/1.1" 302 - "-" "Mozilla/4.0 (CMS Crawler: http://www.cmscrawler.com)"
176.9.143.40 - - [06/Oct/2012:17:49:23 +0200] "GET /robots.txt HTTP/1.1" 404 1256 "-" "User-Agent: Mozilla/5.0 (Ubuntu; X11; Linux x86_64; rv:8.0) Gecko/20100101 Firefox/8.0"
176.9.143.40 - - [06/Oct/2012:17:49:24 +0200] "GET / HTTP/1.1" 302 - "-" "User-Agent: Mozilla/5.0 (Ubuntu; X11; Linux x86_64; rv:8.0) Gecko/20100101 Firefox/8.0"
176.9.143.40 - - [06/Oct/2012:17:49:32 +0200] "GET / HTTP/1.1" 302 - "-" "User-Agent: Mozilla/5.0 (Ubuntu; X11; Linux x86_64; rv:8.0) Gecko/20100101 Firefox/8.0"
176.9.143.40 - - [06/Oct/2012:17:49:37 +0200] "GET / HTTP/1.1" 302 - "-" "User-Agent: Mozilla/5.0 (Ubuntu; X11; Linux x86_64; rv:8.0) Gecko/20100101 Firefox/8.0"
176.9.143.40 - - [06/Oct/2012:17:49:40 +0200] "GET / HTTP/1.1" 302 - "-" "User-Agent: Mozilla/5.0 (Ubuntu; X11; Linux x86_64; rv:8.0) Gecko/20100101 Firefox/8.0"
176.9.143.40 - - [06/Oct/2012:17:49:47 +0200] "GET / HTTP/1.1" 302 - "-" "User-Agent: Mozilla/5.0 (Ubuntu; X11; Linux x86_64; rv:8.0) Gecko/20100101 Firefox/8.0"
5.9.20.44 - - [06/Oct/2012:19:14:53 +0200] "GET / HTTP/1.1" 302 - "-" "User-Agent: Mozilla/5.0 (Ubuntu; X11; Linux x86_64; rv:8.0) Gecko/20100101 Firefox/8.0"
5.9.20.44 - - [06/Oct/2012:19:14:53 +0200] "GET / HTTP/1.1" 302 - "-" "User-Agent: Mozilla/5.0 (Ubuntu; X11; Linux x86_64; rv:8.0) Gecko/20100101 Firefox/8.0"
5.9.20.44 - - [06/Oct/2012:19:14:54 +0200] "GET /fls_4_kontakt_anmeldung.php HTTP/1.1" 404 1256 "-" "User-Agent: Mozilla/5.0 (Ubuntu; X11; Linux x86_64; rv:8.0) Gecko/20100101 Firefox/8.0"
5.9.20.44 - - [06/Oct/2012:19:14:54 +0200] "GET /fls_4_impressum.php HTTP/1.1" 404 1256 "-" "User-Agent: Mozilla/5.0 (Ubuntu; X11; Linux x86_64; rv:8.0) Gecko/20100101 Firefox/8.0"
5.9.20.44 - - [06/Oct/2012:19:14:54 +0200] "GET /index.php HTTP/1.1" 302 - "-" "User-Agent: Mozilla/5.0 (Ubuntu; X11; Linux x86_64; rv:8.0) Gecko/20100101 Firefox/8.0"
80.187.111.103 - - [06/Oct/2012:19:37:24 +0200] "GET / HTTP/1.1" 302 - "http://m.facebook.com/l.php?u=http%3A%2F%2Fwww.friedrich-list-berlin.de%2F&h=AAQESoHRW&s=1" "Mozilla/5.0 (iPhone; CPU iPhone OS 6_0 like Mac OS X) AppleWebKit/536.26 (KHTML, like Gecko) Mobile/10A403 [FBAN/FBIOS;FBAV/5.0;FBBV/47423;FBDV/iPhone3,1;FBMD/iPhone;FBSN/iPhone OS;FBSV/6.0;FBSS/2; FBCR/Telekom.de;FBID/phone;FBLC/de_DE]"
5.9.20.44 - - [06/Oct/2012:21:32:33 +0200] "GET / HTTP/1.1" 302 - "-" "User-Agent: Mozilla/5.0 (Ubuntu; X11; Linux x86_64; rv:8.0) Gecko/20100101 Firefox/8.0"
5.9.20.44 - - [06/Oct/2012:21:32:33 +0200] "GET / HTTP/1.1" 302 - "-" "User-Agent: Mozilla/5.0 (Ubuntu; X11; Linux x86_64; rv:8.0) Gecko/20100101 Firefox/8.0"
5.9.20.44 - - [06/Oct/2012:21:32:34 +0200] "GET /fls_4_kontakt_anmeldung.php HTTP/1.1" 404 1256 "-" "User-Agent: Mozilla/5.0 (Ubuntu; X11; Linux x86_64; rv:8.0) Gecko/20100101 Firefox/8.0"
5.9.20.44 - - [06/Oct/2012:21:32:34 +0200] "GET /fls_4_impressum.php HTTP/1.1" 404 1256 "-" "User-Agent: Mozilla/5.0 (Ubuntu; X11; Linux x86_64; rv:8.0) Gecko/20100101 Firefox/8.0"
5.9.20.44 - - [06/Oct/2012:21:32:34 +0200] "GET /index.php HTTP/1.1" 302 - "-" "User-Agent: Mozilla/5.0 (Ubuntu; X11; Linux x86_64; rv:8.0) Gecko/20100101 Firefox/8.0"
182.118.35.22 - - [06/Oct/2012:22:39:01 +0200] "GET /robots.txt HTTP/1.1" 404 1256 "http://www.friedrich-list-berlin.de/robots.txt" "Mozilla/5.0 (Windows; U; Windows NT 5.1; zh-CN; rv:1.8.0.11) Gecko/20070312 Firefox/1.5.0.11; 360Spider"
66.249.71.77 - - [06/Oct/2012:23:02:47 +0200] "GET /robots.txt HTTP/1.1" 404 1256 "-" "Mozilla/5.0 (compatible; Googlebot/2.1; +http://www.google.com/bot.html)"
66.249.71.77 - - [06/Oct/2012:23:02:47 +0200] "GET / HTTP/1.1" 302 - "-" "Mozilla/5.0 (iPhone; U; CPU iPhone OS 4_1 like Mac OS X; en-us) AppleWebKit/532.9 (KHTML, like Gecko) Version/4.0.5 Mobile/8B117 Safari/6531.22.7 (compatible; Googlebot-Mobile/2.1; +http://www.google.com/bot.html)"
5.9.20.44 - - [06/Oct/2012:23:36:14 +0200] "GET / HTTP/1.1" 302 - "-" "User-Agent: Mozilla/5.0 (Ubuntu; X11; Linux x86_64; rv:8.0) Gecko/20100101 Firefox/8.0"
5.9.20.44 - - [06/Oct/2012:23:36:14 +0200] "GET / HTTP/1.1" 302 - "-" "User-Agent: Mozilla/5.0 (Ubuntu; X11; Linux x86_64; rv:8.0) Gecko/20100101 Firefox/8.0"
5.9.20.44 - - [06/Oct/2012:23:36:16 +0200] "GET /fls_4_kontakt_anmeldung.php HTTP/1.1" 404 1256 "-" "User-Agent: Mozilla/5.0 (Ubuntu; X11; Linux x86_64; rv:8.0) Gecko/20100101 Firefox/8.0"
5.9.20.44 - - [06/Oct/2012:23:36:16 +0200] "GET /fls_4_impressum.php HTTP/1.1" 404 1256 "-" "User-Agent: Mozilla/5.0 (Ubuntu; X11; Linux x86_64; rv:8.0) Gecko/20100101 Firefox/8.0"
5.9.20.44 - - [06/Oct/2012:23:36:16 +0200] "GET /index.php HTTP/1.1" 302 - "-" "User-Agent: Mozilla/5.0 (Ubuntu; X11; Linux x86_64; rv:8.0) Gecko/20100101 Firefox/8.0"
178.77.126.55 - - [07/Oct/2012:00:02:57 +0200] "GET /robots.txt HTTP/1.1" 404 1256 "-" "Mozilla/5.0 (compatible; CareerBot/1.1; +http://www.career-x.de/bot.html)"
178.77.126.55 - - [07/Oct/2012:00:03:00 +0200] "GET / HTTP/1.1" 302 - "-" "Mozilla/5.0 (compatible; CareerBot/1.1; +http://www.career-x.de/bot.html)"
93.220.233.56 - - [07/Oct/2012:02:50:03 +0200] "GET / HTTP/1.1" 302 - "-" "Mozilla/4.0 (compatible; MSIE 8.0; Windows NT 6.0; .NET CLR 1.1.4322; .NET CLR 1.0.3705; .NET CLR 2.0.50727; .NET CLR 3.0.04506.30; .NET CLR 3.0.04506.648; .NET CLR 3.5.21022)"
95.108.150.235 - - [07/Oct/2012:09:13:00 +0200] "GET /robots.txt HTTP/1.1" 404 1256 "-" "Mozilla/5.0 (compatible; YandexBot/3.0; +http://yandex.com/bots)"
95.108.150.235 - - [07/Oct/2012:09:13:01 +0200] "GET / HTTP/1.1" 302 - "-" "Mozilla/5.0 (compatible; YandexBot/3.0; +http://yandex.com/bots)"
77.250.43.196 - - [07/Oct/2012:12:14:01 +0200] "GET / HTTP/1.1" 302 - "-" "Java/1.6.0_06"
77.250.43.196 - - [07/Oct/2012:12:14:02 +0200] "GET /fls_1_aktuelles.php HTTP/1.1" 404 1256 "-" "Java/1.6.0_06"
77.250.43.196 - - [07/Oct/2012:12:14:02 +0200] "GET /fls_2_fremdsprachensekr.php HTTP/1.1" 404 1256 "-" "Java/1.6.0_06"
77.250.43.196 - - [07/Oct/2012:12:14:02 +0200] "GET /fls_3_fls_international.php HTTP/1.1" 404 1256 "-" "Java/1.6.0_06"
77.250.43.196 - - [07/Oct/2012:12:14:02 +0200] "GET /fls_4_faq.php HTTP/1.1" 404 1256 "-" "Java/1.6.0_06"
77.250.43.196 - - [07/Oct/2012:12:14:02 +0200] "GET /fls_4_impressum.php HTTP/1.1" 404 1256 "-" "Java/1.6.0_06"
77.250.43.196 - - [07/Oct/2012:12:14:02 +0200] "GET /fls_4_kontakt_anmeldung.php HTTP/1.1" 404 1256 "-" "Java/1.6.0_06"
77.250.43.196 - - [07/Oct/2012:12:14:02 +0200] "GET /index.php HTTP/1.1" 302 - "-" "Java/1.6.0_06"
77.250.43.196 - - [07/Oct/2012:12:14:03 +0200] "GET /ddlevelsfiles/ddlevelsmenu.js HTTP/1.1" 404 1256 "-" "Java/1.6.0_06"
77.250.43.196 - - [07/Oct/2012:12:14:03 +0200] "GET /js/lightwindow.js HTTP/1.1" 404 1256 "-" "Java/1.6.0_06"
77.250.43.196 - - [07/Oct/2012:12:14:03 +0200] "GET /js/prototype.js HTTP/1.1" 404 1256 "-" "Java/1.6.0_06"
77.250.43.196 - - [07/Oct/2012:12:14:03 +0200] "GET /js/scriptaculous.js?load=effects HTTP/1.1" 404 1256 "-" "Java/1.6.0_06"
130.83.167.153 - - [07/Oct/2012:12:51:02 +0200] "GET /robots.txt HTTP/1.1" 404 1256 "-" "findlinks/2.6 (+http://wortschatz.uni-leipzig.de/findlinks/)"
217.69.133.29 - - [07/Oct/2012:17:00:59 +0200] "GET /robots.txt HTTP/1.0" 404 1256 "-" "Mozilla/5.0 (compatible; Mail.RU/2.0)"
92.85.165.138 - - [07/Oct/2012:23:36:25 +0200] "GET / HTTP/1.1" 302 - "-" "Java/1.6.0_22"
92.85.165.138 - - [07/Oct/2012:23:36:26 +0200] "GET /fls_1_aktuelles.php HTTP/1.1" 404 1256 "-" "Java/1.6.0_22"
92.85.165.138 - - [07/Oct/2012:23:36:26 +0200] "GET /fls_2_fremdsprachensekr.php HTTP/1.1" 404 1256 "-" "Java/1.6.0_22"
92.85.165.138 - - [07/Oct/2012:23:36:27 +0200] "GET /fls_3_fls_international.php HTTP/1.1" 404 1256 "-" "Java/1.6.0_22"
92.85.165.138 - - [07/Oct/2012:23:36:27 +0200] "GET /fls_4_faq.php HTTP/1.1" 404 1256 "-" "Java/1.6.0_22"
92.85.165.138 - - [07/Oct/2012:23:36:27 +0200] "GET /fls_4_impressum.php HTTP/1.1" 404 1256 "-" "Java/1.6.0_22"
92.85.165.138 - - [07/Oct/2012:23:36:27 +0200] "GET /fls_4_kontakt_anmeldung.php HTTP/1.1" 404 1256 "-" "Java/1.6.0_22"
92.85.165.138 - - [07/Oct/2012:23:36:27 +0200] "GET /index.php HTTP/1.1" 302 - "-" "Java/1.6.0_22"
92.85.165.138 - - [07/Oct/2012:23:36:31 +0200] "GET /ddlevelsfiles/ddlevelsmenu.js HTTP/1.1" 404 1256 "-" "Java/1.6.0_22"
92.85.165.138 - - [07/Oct/2012:23:36:32 +0200] "GET /js/lightwindow.js HTTP/1.1" 404 1256 "-" "Java/1.6.0_22"
92.85.165.138 - - [07/Oct/2012:23:36:32 +0200] "GET /js/prototype.js HTTP/1.1" 404 1256 "-" "Java/1.6.0_22"
92.85.165.138 - - [07/Oct/2012:23:36:32 +0200] "GET /js/scriptaculous.js?load=effects HTTP/1.1" 404 1256 "-" "Java/1.6.0_22"
128.131.102.100 - - [08/Oct/2012:01:51:24 +0200] "GET / HTTP/1.0" 302 - "-" "KeepRightBot/0.2 (KeepRight OpenStreetMap Checker; http://keepright.ipax.at)"
79.197.207.45 - - [08/Oct/2012:04:20:57 +0200] "GET / HTTP/1.1" 302 - "-" "Mozilla/5.0 (iPhone; CPU iPhone OS 6_0 like Mac OS X) AppleWebKit/536.26 (KHTML, like Gecko) Version/6.0 Mobile/10A403 Safari/8536.25"
77.20.5.126 - - [08/Oct/2012:05:34:26 +0200] "GET / HTTP/1.1" 302 - "-" "findlinks/2.0.2 (+http://wortschatz.uni-leipzig.de/findlinks/)"
206.253.226.23 - - [08/Oct/2012:06:44:57 +0200] "GET / HTTP/1.1" 302 - "-" "Mozilla/5.0 (compatible; oBot/2.3.1; +http://filterdb.iss.net/crawler/)"
85.25.120.73 - - [08/Oct/2012:07:46:37 +0200] "GET /robots.txt HTTP/1.1" 404 1256 "-" "Mozilla/5.0 (X11; U; Linux i686; de; rv:1.9.0.1; compatible; iCjobs Stellenangebote Jobs; http://www.icjobs.de) Gecko/20100401 iCjobs/3.2.3"
85.25.120.73 - - [08/Oct/2012:07:46:37 +0200] "GET / HTTP/1.1" 302 - "-" "Mozilla/5.0 (X11; U; Linux i686; de; rv:1.9.0.1; compatible; iCjobs Stellenangebote Jobs; http://www.icjobs.de) Gecko/20100401 iCjobs/3.2.3"
85.25.120.73 - - [08/Oct/2012:07:46:38 +0200] "GET / HTTP/1.1" 302 - "-" "Mozilla/5.0 (X11; U; Linux i686; de; rv:1.9.0.1; compatible; iCjobs Stellenangebote Jobs; http://www.icjobs.de) Gecko/20100401 iCjobs/3.2.3"
84.191.152.85 - - [08/Oct/2012:19:49:59 +0200] "GET / HTTP/1.1" 302 - "http://www.berlin.de/sen/bildung/schulverzeichnis_und_portraets/anwendung/Schulportrait.aspx?IDSchulzweig=10226" "Mozilla/5.0 (Windows NT 5.1) AppleWebKit/537.4 (KHTML, like Gecko) Chrome/22.0.1229.79 Safari/537.4"
23.20.47.207 - - [08/Oct/2012:20:27:15 +0200] "GET / HTTP/1.0" 302 - "-" "Mozilla/5.0 (compatible; NetcraftSurveyAgent/1.0; +info@netcraft.com)"
66.249.71.77 - - [08/Oct/2012:21:04:59 +0200] "GET /robots.txt HTTP/1.1" 404 1256 "-" "Mozilla/5.0 (compatible; Googlebot/2.1; +http://www.google.com/bot.html)"
66.249.71.77 - - [08/Oct/2012:21:04:59 +0200] "GET / HTTP/1.1" 302 - "-" "DoCoMo/2.0 N905i(c100;TB;W24H16) (compatible; Googlebot-Mobile/2.1; +http://www.google.com/bot.html)"
157.55.33.109 - - [08/Oct/2012:21:28:54 +0200] "GET /robots.txt HTTP/1.1" 404 1256 "-" "Mozilla/5.0 (compatible; bingbot/2.0; +http://www.bing.com/bingbot.htm)"
157.55.33.109 - - [08/Oct/2012:21:34:18 +0200] "GET / HTTP/1.1" 302 - "-" "Mozilla/5.0 (compatible; bingbot/2.0; +http://www.bing.com/bingbot.htm)"
178.77.126.55 - - [09/Oct/2012:02:19:36 +0200] "GET /robots.txt HTTP/1.1" 404 1256 "-" "Mozilla/5.0 (compatible; CareerBot/1.1; +http://www.career-x.de/bot.html)"
178.77.126.55 - - [09/Oct/2012:02:19:36 +0200] "GET / HTTP/1.1" 302 - "-" "Mozilla/5.0 (compatible; CareerBot/1.1; +http://www.career-x.de/bot.html)"
78.52.197.91 - - [09/Oct/2012:08:56:10 +0200] "GET / HTTP/1.1" 302 - "-" "Mozilla/5.0 (Windows NT 6.1; WOW64; rv:15.0) Gecko/20100101 Firefox/15.0.1"
5.9.20.44 - - [09/Oct/2012:15:19:25 +0200] "GET / HTTP/1.1" 302 - "-" "User-Agent: Mozilla/5.0 (Ubuntu; X11; Linux x86_64; rv:8.0) Gecko/20100101 Firefox/8.0"
5.9.20.44 - - [09/Oct/2012:15:19:26 +0200] "GET /fls_4_kontakt_anmeldung.php HTTP/1.1" 404 1256 "-" "User-Agent: Mozilla/5.0 (Ubuntu; X11; Linux x86_64; rv:8.0) Gecko/20100101 Firefox/8.0"
5.9.20.44 - - [09/Oct/2012:15:19:26 +0200] "GET /fls_4_impressum.php HTTP/1.1" 404 1256 "-" "User-Agent: Mozilla/5.0 (Ubuntu; X11; Linux x86_64; rv:8.0) Gecko/20100101 Firefox/8.0"
5.9.20.44 - - [09/Oct/2012:15:19:26 +0200] "GET /fls_4_impressum.php HTTP/1.1" 404 1256 "-" "User-Agent: Mozilla/5.0 (Ubuntu; X11; Linux x86_64; rv:8.0) Gecko/20100101 Firefox/8.0"
69.28.58.42 - - [09/Oct/2012:15:37:45 +0200] "GET /robots.txt HTTP/1.0" 404 1256 "http://www.friedrich-list-berlin.de/robots.txt" "Mozilla/4.0 (compatible; MSIE 8.0; Windows NT 5.1; SV1; .NET CLR 2.0.50727)"
69.28.58.42 - - [09/Oct/2012:15:37:46 +0200] "GET / HTTP/1.0" 302 - "http://www.friedrich-list-berlin.de/" "Mozilla/4.0 (compatible; MSIE 8.0; Windows NT 5.1; SV1; .NET CLR 2.0.50727)"
84.76.152.225 - - [09/Oct/2012:16:41:23 +0200] "GET / HTTP/1.1" 302 - "-" "Java/1.6.0_04"
84.76.152.225 - - [09/Oct/2012:16:41:24 +0200] "GET /fls_1_aktuelles.php HTTP/1.1" 404 1256 "-" "Java/1.6.0_04"
84.76.152.225 - - [09/Oct/2012:16:41:25 +0200] "GET /fls_2_fremdsprachensekr.php HTTP/1.1" 404 1256 "-" "Java/1.6.0_04"
84.76.152.225 - - [09/Oct/2012:16:41:25 +0200] "GET /fls_3_fls_international.php HTTP/1.1" 404 1256 "-" "Java/1.6.0_04"
84.76.152.225 - - [09/Oct/2012:16:41:25 +0200] "GET /fls_4_faq.php HTTP/1.1" 404 1256 "-" "Java/1.6.0_04"
84.76.152.225 - - [09/Oct/2012:16:41:25 +0200] "GET /fls_4_impressum.php HTTP/1.1" 404 1256 "-" "Java/1.6.0_04"
84.76.152.225 - - [09/Oct/2012:16:41:26 +0200] "GET /fls_4_kontakt_anmeldung.php HTTP/1.1" 404 1256 "-" "Java/1.6.0_04"
84.76.152.225 - - [09/Oct/2012:16:41:26 +0200] "GET /index.php HTTP/1.1" 302 - "-" "Java/1.6.0_04"
84.76.152.225 - - [09/Oct/2012:16:41:26 +0200] "GET /ddlevelsfiles/ddlevelsmenu.js HTTP/1.1" 404 1256 "-" "Java/1.6.0_04"
84.76.152.225 - - [09/Oct/2012:16:41:27 +0200] "GET /js/lightwindow.js HTTP/1.1" 404 1256 "-" "Java/1.6.0_04"
84.76.152.225 - - [09/Oct/2012:16:41:27 +0200] "GET /js/prototype.js HTTP/1.1" 404 1256 "-" "Java/1.6.0_04"
84.76.152.225 - - [09/Oct/2012:16:41:27 +0200] "GET /js/scriptaculous.js?load=effects HTTP/1.1" 404 1256 "-" "Java/1.6.0_04"
5.9.20.44 - - [09/Oct/2012:17:14:50 +0200] "GET / HTTP/1.1" 302 - "-" "User-Agent: Mozilla/5.0 (Ubuntu; X11; Linux x86_64; rv:8.0) Gecko/20100101 Firefox/8.0"
5.9.20.44 - - [09/Oct/2012:17:14:52 +0200] "GET /fls_4_kontakt_anmeldung.php HTTP/1.1" 404 1256 "-" "User-Agent: Mozilla/5.0 (Ubuntu; X11; Linux x86_64; rv:8.0) Gecko/20100101 Firefox/8.0"
5.9.20.44 - - [09/Oct/2012:17:14:52 +0200] "GET /fls_4_impressum.php HTTP/1.1" 404 1256 "-" "User-Agent: Mozilla/5.0 (Ubuntu; X11; Linux x86_64; rv:8.0) Gecko/20100101 Firefox/8.0"
5.9.20.44 - - [09/Oct/2012:17:14:52 +0200] "GET /fls_4_impressum.php HTTP/1.1" 404 1256 "-" "User-Agent: Mozilla/5.0 (Ubuntu; X11; Linux x86_64; rv:8.0) Gecko/20100101 Firefox/8.0"
157.55.34.171 - - [09/Oct/2012:17:30:55 +0200] "GET /robots.txt HTTP/1.1" 404 1256 "-" "Mozilla/5.0 (compatible; bingbot/2.0; +http://www.bing.com/bingbot.htm)"
157.55.34.171 - - [09/Oct/2012:17:31:51 +0200] "GET / HTTP/1.1" 302 - "-" "Mozilla/5.0 (compatible; bingbot/2.0; +http://www.bing.com/bingbot.htm)"
5.9.20.44 - - [09/Oct/2012:18:58:28 +0200] "GET / HTTP/1.1" 302 - "-" "User-Agent: Mozilla/5.0 (Ubuntu; X11; Linux x86_64; rv:8.0) Gecko/20100101 Firefox/8.0"
5.9.20.44 - - [09/Oct/2012:18:58:32 +0200] "GET /fls_4_kontakt_anmeldung.php HTTP/1.1" 404 1256 "-" "User-Agent: Mozilla/5.0 (Ubuntu; X11; Linux x86_64; rv:8.0) Gecko/20100101 Firefox/8.0"
5.9.20.44 - - [09/Oct/2012:18:58:32 +0200] "GET /fls_4_impressum.php HTTP/1.1" 404 1256 "-" "User-Agent: Mozilla/5.0 (Ubuntu; X11; Linux x86_64; rv:8.0) Gecko/20100101 Firefox/8.0"
5.9.20.44 - - [09/Oct/2012:18:58:32 +0200] "GET /fls_4_impressum.php HTTP/1.1" 404 1256 "-" "User-Agent: Mozilla/5.0 (Ubuntu; X11; Linux x86_64; rv:8.0) Gecko/20100101 Firefox/8.0"
176.9.155.226 - - [09/Oct/2012:19:17:16 +0200] "GET /robots.txt HTTP/1.1" 404 1256 "-" "Mozilla/5.0 (compatible; SISTRIX Crawler; http://crawler.sistrix.net/)"
176.9.155.226 - - [09/Oct/2012:19:17:16 +0200] "GET / HTTP/1.1" 302 - "-" "Mozilla/5.0 (compatible; SISTRIX Crawler; http://crawler.sistrix.net/)"
5.9.20.44 - - [09/Oct/2012:20:42:50 +0200] "GET / HTTP/1.1" 302 - "-" "User-Agent: Mozilla/5.0 (Ubuntu; X11; Linux x86_64; rv:8.0) Gecko/20100101 Firefox/8.0"
5.9.20.44 - - [09/Oct/2012:20:42:52 +0200] "GET /fls_4_kontakt_anmeldung.php HTTP/1.1" 404 1256 "-" "User-Agent: Mozilla/5.0 (Ubuntu; X11; Linux x86_64; rv:8.0) Gecko/20100101 Firefox/8.0"
5.9.20.44 - - [09/Oct/2012:20:42:52 +0200] "GET /fls_4_impressum.php HTTP/1.1" 404 1256 "-" "User-Agent: Mozilla/5.0 (Ubuntu; X11; Linux x86_64; rv:8.0) Gecko/20100101 Firefox/8.0"
5.9.20.44 - - [09/Oct/2012:20:42:52 +0200] "GET /fls_4_impressum.php HTTP/1.1" 404 1256 "-" "User-Agent: Mozilla/5.0 (Ubuntu; X11; Linux x86_64; rv:8.0) Gecko/20100101 Firefox/8.0"
5.9.20.44 - - [09/Oct/2012:22:28:06 +0200] "GET / HTTP/1.1" 302 - "-" "User-Agent: Mozilla/5.0 (Ubuntu; X11; Linux x86_64; rv:8.0) Gecko/20100101 Firefox/8.0"
5.9.20.44 - - [09/Oct/2012:22:28:08 +0200] "GET /fls_4_kontakt_anmeldung.php HTTP/1.1" 404 1256 "-" "User-Agent: Mozilla/5.0 (Ubuntu; X11; Linux x86_64; rv:8.0) Gecko/20100101 Firefox/8.0"
5.9.20.44 - - [09/Oct/2012:22:28:08 +0200] "GET /fls_4_impressum.php HTTP/1.1" 404 1256 "-" "User-Agent: Mozilla/5.0 (Ubuntu; X11; Linux x86_64; rv:8.0) Gecko/20100101 Firefox/8.0"
5.9.20.44 - - [09/Oct/2012:22:28:08 +0200] "GET /fls_4_impressum.php HTTP/1.1" 404 1256 "-" "User-Agent: Mozilla/5.0 (Ubuntu; X11; Linux x86_64; rv:8.0) Gecko/20100101 Firefox/8.0"
157.55.33.21 - - [09/Oct/2012:23:49:48 +0200] "GET /robots.txt HTTP/1.1" 404 1256 "-" "Mozilla/5.0 (compatible; bingbot/2.0; +http://www.bing.com/bingbot.htm)"
157.55.33.21 - - [09/Oct/2012:23:53:50 +0200] "GET / HTTP/1.1" 302 - "-" "Mozilla/5.0 (compatible; bingbot/2.0; +http://www.bing.com/bingbot.htm)"
37.59.4.134 - - [10/Oct/2012:00:06:22 +0200] "HEAD / HTTP/1.1" 302 - "-" "Mozilla/5.0 (Windows NT 6.1; WOW64; rv:6.0) Gecko/20100101 Firefox/6.0"
5.9.20.44 - - [10/Oct/2012:00:13:26 +0200] "GET / HTTP/1.1" 302 - "-" "User-Agent: Mozilla/5.0 (Ubuntu; X11; Linux x86_64; rv:8.0) Gecko/20100101 Firefox/8.0"
5.9.20.44 - - [10/Oct/2012:00:13:29 +0200] "GET /fls_4_kontakt_anmeldung.php HTTP/1.1" 404 1256 "-" "User-Agent: Mozilla/5.0 (Ubuntu; X11; Linux x86_64; rv:8.0) Gecko/20100101 Firefox/8.0"
5.9.20.44 - - [10/Oct/2012:00:13:29 +0200] "GET /fls_4_impressum.php HTTP/1.1" 404 1256 "-" "User-Agent: Mozilla/5.0 (Ubuntu; X11; Linux x86_64; rv:8.0) Gecko/20100101 Firefox/8.0"
5.9.20.44 - - [10/Oct/2012:00:13:29 +0200] "GET /fls_4_impressum.php HTTP/1.1" 404 1256 "-" "User-Agent: Mozilla/5.0 (Ubuntu; X11; Linux x86_64; rv:8.0) Gecko/20100101 Firefox/8.0"
5.9.20.44 - - [10/Oct/2012:01:58:23 +0200] "GET / HTTP/1.1" 302 - "-" "User-Agent: Mozilla/5.0 (Ubuntu; X11; Linux x86_64; rv:8.0) Gecko/20100101 Firefox/8.0"
5.9.20.44 - - [10/Oct/2012:01:58:27 +0200] "GET /fls_4_kontakt_anmeldung.php HTTP/1.1" 404 1256 "-" "User-Agent: Mozilla/5.0 (Ubuntu; X11; Linux x86_64; rv:8.0) Gecko/20100101 Firefox/8.0"
5.9.20.44 - - [10/Oct/2012:01:58:27 +0200] "GET /fls_4_impressum.php HTTP/1.1" 404 1256 "-" "User-Agent: Mozilla/5.0 (Ubuntu; X11; Linux x86_64; rv:8.0) Gecko/20100101 Firefox/8.0"
5.9.20.44 - - [10/Oct/2012:01:58:27 +0200] "GET /fls_4_impressum.php HTTP/1.1" 404 1256 "-" "User-Agent: Mozilla/5.0 (Ubuntu; X11; Linux x86_64; rv:8.0) Gecko/20100101 Firefox/8.0"
5.9.20.44 - - [10/Oct/2012:03:43:57 +0200] "GET / HTTP/1.1" 302 - "-" "User-Agent: Mozilla/5.0 (Ubuntu; X11; Linux x86_64; rv:8.0) Gecko/20100101 Firefox/8.0"
5.9.20.44 - - [10/Oct/2012:03:43:59 +0200] "GET /fls_4_kontakt_anmeldung.php HTTP/1.1" 404 1256 "-" "User-Agent: Mozilla/5.0 (Ubuntu; X11; Linux x86_64; rv:8.0) Gecko/20100101 Firefox/8.0"
5.9.20.44 - - [10/Oct/2012:03:43:59 +0200] "GET /fls_4_impressum.php HTTP/1.1" 404 1256 "-" "User-Agent: Mozilla/5.0 (Ubuntu; X11; Linux x86_64; rv:8.0) Gecko/20100101 Firefox/8.0"
5.9.20.44 - - [10/Oct/2012:03:43:59 +0200] "GET /fls_4_impressum.php HTTP/1.1" 404 1256 "-" "User-Agent: Mozilla/5.0 (Ubuntu; X11; Linux x86_64; rv:8.0) Gecko/20100101 Firefox/8.0"
5.9.20.44 - - [10/Oct/2012:05:29:16 +0200] "GET / HTTP/1.1" 302 - "-" "User-Agent: Mozilla/5.0 (Ubuntu; X11; Linux x86_64; rv:8.0) Gecko/20100101 Firefox/8.0"
5.9.20.44 - - [10/Oct/2012:05:29:19 +0200] "GET /fls_4_kontakt_anmeldung.php HTTP/1.1" 404 1256 "-" "User-Agent: Mozilla/5.0 (Ubuntu; X11; Linux x86_64; rv:8.0) Gecko/20100101 Firefox/8.0"
5.9.20.44 - - [10/Oct/2012:05:29:19 +0200] "GET /fls_4_impressum.php HTTP/1.1" 404 1256 "-" "User-Agent: Mozilla/5.0 (Ubuntu; X11; Linux x86_64; rv:8.0) Gecko/20100101 Firefox/8.0"
5.9.20.44 - - [10/Oct/2012:05:29:19 +0200] "GET /fls_4_impressum.php HTTP/1.1" 404 1256 "-" "User-Agent: Mozilla/5.0 (Ubuntu; X11; Linux x86_64; rv:8.0) Gecko/20100101 Firefox/8.0"
178.154.179.250 - - [10/Oct/2012:07:05:41 +0200] "GET /robots.txt HTTP/1.1" 404 1256 "-" "Mozilla/5.0 (compatible; YandexBot/3.0; +http://yandex.com/bots)"
5.9.20.44 - - [10/Oct/2012:07:14:36 +0200] "GET / HTTP/1.1" 302 - "-" "User-Agent: Mozilla/5.0 (Ubuntu; X11; Linux x86_64; rv:8.0) Gecko/20100101 Firefox/8.0"
5.9.20.44 - - [10/Oct/2012:07:14:37 +0200] "GET /fls_4_kontakt_anmeldung.php HTTP/1.1" 404 1256 "-" "User-Agent: Mozilla/5.0 (Ubuntu; X11; Linux x86_64; rv:8.0) Gecko/20100101 Firefox/8.0"
5.9.20.44 - - [10/Oct/2012:07:14:38 +0200] "GET /fls_4_impressum.php HTTP/1.1" 404 1256 "-" "User-Agent: Mozilla/5.0 (Ubuntu; X11; Linux x86_64; rv:8.0) Gecko/20100101 Firefox/8.0"
5.9.20.44 - - [10/Oct/2012:07:14:38 +0200] "GET /fls_4_impressum.php HTTP/1.1" 404 1256 "-" "User-Agent: Mozilla/5.0 (Ubuntu; X11; Linux x86_64; rv:8.0) Gecko/20100101 Firefox/8.0"
5.9.20.44 - - [10/Oct/2012:08:59:50 +0200] "GET / HTTP/1.1" 302 - "-" "User-Agent: Mozilla/5.0 (Ubuntu; X11; Linux x86_64; rv:8.0) Gecko/20100101 Firefox/8.0"
5.9.20.44 - - [10/Oct/2012:08:59:52 +0200] "GET /fls_4_kontakt_anmeldung.php HTTP/1.1" 404 1256 "-" "User-Agent: Mozilla/5.0 (Ubuntu; X11; Linux x86_64; rv:8.0) Gecko/20100101 Firefox/8.0"
5.9.20.44 - - [10/Oct/2012:08:59:52 +0200] "GET /fls_4_impressum.php HTTP/1.1" 404 1256 "-" "User-Agent: Mozilla/5.0 (Ubuntu; X11; Linux x86_64; rv:8.0) Gecko/20100101 Firefox/8.0"
5.9.20.44 - - [10/Oct/2012:08:59:52 +0200] "GET /fls_4_impressum.php HTTP/1.1" 404 1256 "-" "User-Agent: Mozilla/5.0 (Ubuntu; X11; Linux x86_64; rv:8.0) Gecko/20100101 Firefox/8.0"
5.9.20.44 - - [10/Oct/2012:10:44:55 +0200] "GET / HTTP/1.1" 302 - "-" "User-Agent: Mozilla/5.0 (Ubuntu; X11; Linux x86_64; rv:8.0) Gecko/20100101 Firefox/8.0"
5.9.20.44 - - [10/Oct/2012:10:44:56 +0200] "GET /fls_4_kontakt_anmeldung.php HTTP/1.1" 404 1256 "-" "User-Agent: Mozilla/5.0 (Ubuntu; X11; Linux x86_64; rv:8.0) Gecko/20100101 Firefox/8.0"
5.9.20.44 - - [10/Oct/2012:10:44:56 +0200] "GET /fls_4_impressum.php HTTP/1.1" 404 1256 "-" "User-Agent: Mozilla/5.0 (Ubuntu; X11; Linux x86_64; rv:8.0) Gecko/20100101 Firefox/8.0"
5.9.20.44 - - [10/Oct/2012:10:44:56 +0200] "GET /fls_4_impressum.php HTTP/1.1" 404 1256 "-" "User-Agent: Mozilla/5.0 (Ubuntu; X11; Linux x86_64; rv:8.0) Gecko/20100101 Firefox/8.0"
93.220.243.85 - - [10/Oct/2012:12:04:24 +0200] "GET / HTTP/1.1" 302 - "-" "Mozilla/5.0 (Windows; U; Windows NT 5.1; de; rv:1.9.0.10) Gecko/2009042316 Firefox/3.0.10 (.NET CLR 3.5.30729)"
5.9.20.44 - - [10/Oct/2012:12:29:55 +0200] "GET / HTTP/1.1" 302 - "-" "User-Agent: Mozilla/5.0 (Ubuntu; X11; Linux x86_64; rv:8.0) Gecko/20100101 Firefox/8.0"
5.9.20.44 - - [10/Oct/2012:12:30:00 +0200] "GET /fls_4_kontakt_anmeldung.php HTTP/1.1" 404 1256 "-" "User-Agent: Mozilla/5.0 (Ubuntu; X11; Linux x86_64; rv:8.0) Gecko/20100101 Firefox/8.0"
5.9.20.44 - - [10/Oct/2012:12:30:00 +0200] "GET /fls_4_impressum.php HTTP/1.1" 404 1256 "-" "User-Agent: Mozilla/5.0 (Ubuntu; X11; Linux x86_64; rv:8.0) Gecko/20100101 Firefox/8.0"
5.9.20.44 - - [10/Oct/2012:12:30:00 +0200] "GET /fls_4_impressum.php HTTP/1.1" 404 1256 "-" "User-Agent: Mozilla/5.0 (Ubuntu; X11; Linux x86_64; rv:8.0) Gecko/20100101 Firefox/8.0"
5.9.20.44 - - [10/Oct/2012:14:15:03 +0200] "GET / HTTP/1.1" 302 - "-" "User-Agent: Mozilla/5.0 (Ubuntu; X11; Linux x86_64; rv:8.0) Gecko/20100101 Firefox/8.0"
5.9.20.44 - - [10/Oct/2012:14:15:04 +0200] "GET /fls_4_kontakt_anmeldung.php HTTP/1.1" 404 1256 "-" "User-Agent: Mozilla/5.0 (Ubuntu; X11; Linux x86_64; rv:8.0) Gecko/20100101 Firefox/8.0"
5.9.20.44 - - [10/Oct/2012:14:15:04 +0200] "GET /fls_4_impressum.php HTTP/1.1" 404 1256 "-" "User-Agent: Mozilla/5.0 (Ubuntu; X11; Linux x86_64; rv:8.0) Gecko/20100101 Firefox/8.0"
5.9.20.44 - - [10/Oct/2012:14:15:04 +0200] "GET /fls_4_impressum.php HTTP/1.1" 404 1256 "-" "User-Agent: Mozilla/5.0 (Ubuntu; X11; Linux x86_64; rv:8.0) Gecko/20100101 Firefox/8.0"
178.154.179.250 - - [10/Oct/2012:15:51:48 +0200] "GET / HTTP/1.1" 302 - "-" "Mozilla/5.0 (compatible; YandexBot/3.0; +http://yandex.com/bots)"
64.246.161.42 - - [10/Oct/2012:21:33:38 +0200] "GET /robots.txt HTTP/1.0" 404 1256 "-" "Mozilla/5.0 (Windows; U; Windows NT 5.1; en; rv:1.9.0.13) Gecko/2009073022 Firefox/3.5.2 (.NET CLR 3.5.30729) SurveyBot/2.3 (DomainTools)"
64.246.161.42 - - [10/Oct/2012:21:33:39 +0200] "GET / HTTP/1.1" 302 - "http://whois.domaintools.com/friedrich-list-berlin.de" "Mozilla/5.0 (Windows; U; Windows NT 5.1; en; rv:1.9.0.13) Gecko/2009073022 Firefox/3.5.2 (.NET CLR 3.5.30729) SurveyBot/2.3 (DomainTools)"
5.9.20.44 - - [11/Oct/2012:00:58:50 +0200] "GET / HTTP/1.1" 302 - "-" "User-Agent: Mozilla/5.0 (Ubuntu; X11; Linux x86_64; rv:8.0) Gecko/20100101 Firefox/8.0"
5.9.20.44 - - [11/Oct/2012:00:58:51 +0200] "GET /fls_4_kontakt_anmeldung.php HTTP/1.1" 404 1256 "-" "User-Agent: Mozilla/5.0 (Ubuntu; X11; Linux x86_64; rv:8.0) Gecko/20100101 Firefox/8.0"
5.9.20.44 - - [11/Oct/2012:00:58:51 +0200] "GET /fls_4_impressum.php HTTP/1.1" 404 1256 "-" "User-Agent: Mozilla/5.0 (Ubuntu; X11; Linux x86_64; rv:8.0) Gecko/20100101 Firefox/8.0"
5.9.20.44 - - [11/Oct/2012:00:58:51 +0200] "GET /fls_4_impressum.php HTTP/1.1" 404 1256 "-" "User-Agent: Mozilla/5.0 (Ubuntu; X11; Linux x86_64; rv:8.0) Gecko/20100101 Firefox/8.0"
109.73.52.73 - - [11/Oct/2012:02:29:04 +0200] "GET / HTTP/1.1" 302 - "http://www.sumaja.de/" "Mozilla/5.0 (Macintosh; U; Intel Mac OS X 10.6; de-DE; rv:1.9.2.8) Gecko/20100722 Firefox/3.6.8"
178.255.215.68 - - [11/Oct/2012:02:34:37 +0200] "GET /robots.txt HTTP/1.1" 404 1256 "-" "Mozilla/5.0 (compatible; Exabot/3.0; +http://www.exabot.com/go/robot)"
178.255.215.68 - - [11/Oct/2012:02:34:37 +0200] "GET / HTTP/1.1" 302 - "-" "Mozilla/5.0 (compatible; Exabot/3.0; +http://www.exabot.com/go/robot)"
5.9.20.44 - - [11/Oct/2012:02:40:58 +0200] "GET / HTTP/1.1" 302 - "-" "User-Agent: Mozilla/5.0 (Ubuntu; X11; Linux x86_64; rv:8.0) Gecko/20100101 Firefox/8.0"
5.9.20.44 - - [11/Oct/2012:02:41:00 +0200] "GET /fls_4_kontakt_anmeldung.php HTTP/1.1" 404 1256 "-" "User-Agent: Mozilla/5.0 (Ubuntu; X11; Linux x86_64; rv:8.0) Gecko/20100101 Firefox/8.0"
5.9.20.44 - - [11/Oct/2012:02:41:01 +0200] "GET /fls_4_impressum.php HTTP/1.1" 404 1256 "-" "User-Agent: Mozilla/5.0 (Ubuntu; X11; Linux x86_64; rv:8.0) Gecko/20100101 Firefox/8.0"
5.9.20.44 - - [11/Oct/2012:02:41:01 +0200] "GET /fls_4_impressum.php HTTP/1.1" 404 1256 "-" "User-Agent: Mozilla/5.0 (Ubuntu; X11; Linux x86_64; rv:8.0) Gecko/20100101 Firefox/8.0"
178.77.126.55 - - [11/Oct/2012:04:05:32 +0200] "GET /robots.txt HTTP/1.1" 404 1256 "-" "Mozilla/5.0 (compatible; CareerBot/1.1; +http://www.career-x.de/bot.html)"
178.77.126.55 - - [11/Oct/2012:04:05:32 +0200] "GET / HTTP/1.1" 302 - "-" "Mozilla/5.0 (compatible; CareerBot/1.1; +http://www.career-x.de/bot.html)"
173.236.21.106 - - [11/Oct/2012:04:14:31 +0200] "GET /robots.txt HTTP/1.0" 404 1256 "-" "Mozilla/5.0 (compatible; MJ12bot/v1.4.3; http://www.majestic12.co.uk/bot.php?+)"
173.236.21.106 - - [11/Oct/2012:04:14:32 +0200] "GET / HTTP/1.0" 302 - "-" "Mozilla/5.0 (compatible; MJ12bot/v1.4.3; http://www.majestic12.co.uk/bot.php?+)"
5.9.20.44 - - [11/Oct/2012:04:23:14 +0200] "GET / HTTP/1.1" 302 - "-" "User-Agent: Mozilla/5.0 (Ubuntu; X11; Linux x86_64; rv:8.0) Gecko/20100101 Firefox/8.0"
5.9.20.44 - - [11/Oct/2012:04:23:16 +0200] "GET /fls_4_kontakt_anmeldung.php HTTP/1.1" 404 1256 "-" "User-Agent: Mozilla/5.0 (Ubuntu; X11; Linux x86_64; rv:8.0) Gecko/20100101 Firefox/8.0"
5.9.20.44 - - [11/Oct/2012:04:23:16 +0200] "GET /fls_4_impressum.php HTTP/1.1" 404 1256 "-" "User-Agent: Mozilla/5.0 (Ubuntu; X11; Linux x86_64; rv:8.0) Gecko/20100101 Firefox/8.0"
5.9.20.44 - - [11/Oct/2012:04:23:16 +0200] "GET /fls_4_impressum.php HTTP/1.1" 404 1256 "-" "User-Agent: Mozilla/5.0 (Ubuntu; X11; Linux x86_64; rv:8.0) Gecko/20100101 Firefox/8.0"
5.9.20.44 - - [11/Oct/2012:06:05:50 +0200] "GET / HTTP/1.1" 302 - "-" "User-Agent: Mozilla/5.0 (Ubuntu; X11; Linux x86_64; rv:8.0) Gecko/20100101 Firefox/8.0"
5.9.20.44 - - [11/Oct/2012:06:05:51 +0200] "GET /fls_4_kontakt_anmeldung.php HTTP/1.1" 404 1256 "-" "User-Agent: Mozilla/5.0 (Ubuntu; X11; Linux x86_64; rv:8.0) Gecko/20100101 Firefox/8.0"
5.9.20.44 - - [11/Oct/2012:06:05:51 +0200] "GET /fls_4_impressum.php HTTP/1.1" 404 1256 "-" "User-Agent: Mozilla/5.0 (Ubuntu; X11; Linux x86_64; rv:8.0) Gecko/20100101 Firefox/8.0"
5.9.20.44 - - [11/Oct/2012:06:05:51 +0200] "GET /fls_4_impressum.php HTTP/1.1" 404 1256 "-" "User-Agent: Mozilla/5.0 (Ubuntu; X11; Linux x86_64; rv:8.0) Gecko/20100101 Firefox/8.0"
128.131.102.100 - - [11/Oct/2012:06:59:57 +0200] "GET / HTTP/1.0" 302 - "-" "KeepRightBot/0.2 (KeepRight OpenStreetMap Checker; http://keepright.ipax.at)"
5.9.20.44 - - [11/Oct/2012:07:48:30 +0200] "GET / HTTP/1.1" 302 - "-" "User-Agent: Mozilla/5.0 (Ubuntu; X11; Linux x86_64; rv:8.0) Gecko/20100101 Firefox/8.0"
5.9.20.44 - - [11/Oct/2012:07:48:31 +0200] "GET /fls_4_kontakt_anmeldung.php HTTP/1.1" 404 1256 "-" "User-Agent: Mozilla/5.0 (Ubuntu; X11; Linux x86_64; rv:8.0) Gecko/20100101 Firefox/8.0"
5.9.20.44 - - [11/Oct/2012:07:48:31 +0200] "GET /fls_4_impressum.php HTTP/1.1" 404 1256 "-" "User-Agent: Mozilla/5.0 (Ubuntu; X11; Linux x86_64; rv:8.0) Gecko/20100101 Firefox/8.0"
5.9.20.44 - - [11/Oct/2012:07:48:31 +0200] "GET /fls_4_impressum.php HTTP/1.1" 404 1256 "-" "User-Agent: Mozilla/5.0 (Ubuntu; X11; Linux x86_64; rv:8.0) Gecko/20100101 Firefox/8.0"
5.9.20.44 - - [11/Oct/2012:09:30:54 +0200] "GET / HTTP/1.1" 302 - "-" "User-Agent: Mozilla/5.0 (Ubuntu; X11; Linux x86_64; rv:8.0) Gecko/20100101 Firefox/8.0"
5.9.20.44 - - [11/Oct/2012:09:30:59 +0200] "GET /fls_4_kontakt_anmeldung.php HTTP/1.1" 404 1256 "-" "User-Agent: Mozilla/5.0 (Ubuntu; X11; Linux x86_64; rv:8.0) Gecko/20100101 Firefox/8.0"
5.9.20.44 - - [11/Oct/2012:09:30:59 +0200] "GET /fls_4_impressum.php HTTP/1.1" 404 1256 "-" "User-Agent: Mozilla/5.0 (Ubuntu; X11; Linux x86_64; rv:8.0) Gecko/20100101 Firefox/8.0"
5.9.20.44 - - [11/Oct/2012:09:30:59 +0200] "GET /fls_4_impressum.php HTTP/1.1" 404 1256 "-" "User-Agent: Mozilla/5.0 (Ubuntu; X11; Linux x86_64; rv:8.0) Gecko/20100101 Firefox/8.0"
95.108.150.235 - - [11/Oct/2012:10:23:39 +0200] "GET /robots.txt HTTP/1.1" 404 1256 "-" "Mozilla/5.0 (compatible; YandexBot/3.0; +http://yandex.com/bots)"
95.108.150.235 - - [11/Oct/2012:10:23:39 +0200] "GET / HTTP/1.1" 302 - "-" "Mozilla/5.0 (compatible; YandexBot/3.0; +http://yandex.com/bots)"
5.9.20.44 - - [11/Oct/2012:11:13:58 +0200] "GET / HTTP/1.1" 302 - "-" "User-Agent: Mozilla/5.0 (Ubuntu; X11; Linux x86_64; rv:8.0) Gecko/20100101 Firefox/8.0"
5.9.20.44 - - [11/Oct/2012:11:14:00 +0200] "GET /fls_4_kontakt_anmeldung.php HTTP/1.1" 404 1256 "-" "User-Agent: Mozilla/5.0 (Ubuntu; X11; Linux x86_64; rv:8.0) Gecko/20100101 Firefox/8.0"
5.9.20.44 - - [11/Oct/2012:11:14:00 +0200] "GET /fls_4_impressum.php HTTP/1.1" 404 1256 "-" "User-Agent: Mozilla/5.0 (Ubuntu; X11; Linux x86_64; rv:8.0) Gecko/20100101 Firefox/8.0"
5.9.20.44 - - [11/Oct/2012:11:14:00 +0200] "GET /fls_4_impressum.php HTTP/1.1" 404 1256 "-" "User-Agent: Mozilla/5.0 (Ubuntu; X11; Linux x86_64; rv:8.0) Gecko/20100101 Firefox/8.0"
5.9.20.44 - - [11/Oct/2012:12:57:03 +0200] "GET / HTTP/1.1" 302 - "-" "User-Agent: Mozilla/5.0 (Ubuntu; X11; Linux x86_64; rv:8.0) Gecko/20100101 Firefox/8.0"
5.9.20.44 - - [11/Oct/2012:12:57:08 +0200] "GET /fls_4_kontakt_anmeldung.php HTTP/1.1" 404 1256 "-" "User-Agent: Mozilla/5.0 (Ubuntu; X11; Linux x86_64; rv:8.0) Gecko/20100101 Firefox/8.0"
5.9.20.44 - - [11/Oct/2012:12:57:08 +0200] "GET /fls_4_impressum.php HTTP/1.1" 404 1256 "-" "User-Agent: Mozilla/5.0 (Ubuntu; X11; Linux x86_64; rv:8.0) Gecko/20100101 Firefox/8.0"
5.9.20.44 - - [11/Oct/2012:12:57:08 +0200] "GET /fls_4_impressum.php HTTP/1.1" 404 1256 "-" "User-Agent: Mozilla/5.0 (Ubuntu; X11; Linux x86_64; rv:8.0) Gecko/20100101 Firefox/8.0"
85.25.71.116 - - [11/Oct/2012:13:13:00 +0200] "GET /robots.txt HTTP/1.1" 404 1256 "-" "Mozilla/5.0 (X11; U; Linux i686; de; rv:1.9.0.1; compatible; iCjobs Stellenangebote Jobs; http://www.icjobs.de) Gecko/20100401 iCjobs/3.2.3"
85.25.71.116 - - [11/Oct/2012:13:13:00 +0200] "GET / HTTP/1.1" 302 - "-" "Mozilla/5.0 (X11; U; Linux i686; de; rv:1.9.0.1; compatible; iCjobs Stellenangebote Jobs; http://www.icjobs.de) Gecko/20100401 iCjobs/3.2.3"
85.25.71.116 - - [11/Oct/2012:13:13:01 +0200] "GET / HTTP/1.1" 302 - "-" "Mozilla/5.0 (X11; U; Linux i686; de; rv:1.9.0.1; compatible; iCjobs Stellenangebote Jobs; http://www.icjobs.de) Gecko/20100401 iCjobs/3.2.3"
92.231.114.176 - - [11/Oct/2012:14:12:56 +0200] "GET / HTTP/1.1" 302 - "-" "Mozilla/5.0 (Macintosh; Intel Mac OS X 10.6; rv:15.0) Gecko/20100101 Firefox/15.0.1"
173.199.118.35 - - [11/Oct/2012:14:40:45 +0200] "GET /robots.txt HTTP/1.1" 404 1256 "-" "Mozilla/5.0 (compatible; AhrefsBot/4.0; +http://ahrefs.com/robot/)"
91.65.234.177 - - [11/Oct/2012:14:50:40 +0200] "GET / HTTP/1.1" 302 - "http://www.facebook.com/pages/Friedrich-List-Schule-Berlin-offizielle-Seite/189241624422260?sk=info" "Mozilla/5.0 (Windows NT 6.1; WOW64; rv:15.0) Gecko/20100101 Firefox/15.0.1"
173.199.118.35 - - [11/Oct/2012:15:46:26 +0200] "GET /robots.txt HTTP/1.1" 404 1256 "-" "Mozilla/5.0 (compatible; AhrefsBot/4.0; +http://ahrefs.com/robot/)"
173.199.118.35 - - [11/Oct/2012:17:16:21 +0200] "GET /robots.txt HTTP/1.1" 404 1256 "-" "Mozilla/5.0 (compatible; AhrefsBot/4.0; +http://ahrefs.com/robot/)"
194.7.35.200 - - [11/Oct/2012:19:45:15 +0200] "GET / HTTP/1.1" 302 - "-" "-"
194.7.35.200 - - [11/Oct/2012:19:45:20 +0200] "GET /fls_1_aktuelles.php HTTP/1.1" 404 1256 "-" "Mozilla/5.0 (Windows NT 6.1; WOW64) AppleWebKit/536.6 (KHTML, like Gecko) Chrome/20.0.1092.0 Safari/536.6"
194.7.35.200 - - [11/Oct/2012:19:45:20 +0200] "GET /fls_2_fremdsprachensekr.php HTTP/1.1" 404 1256 "-" "Mozilla/5.0 (Windows NT 6.1; WOW64) AppleWebKit/536.6 (KHTML, like Gecko) Chrome/20.0.1092.0 Safari/536.6"
194.7.35.200 - - [11/Oct/2012:19:45:20 +0200] "GET /fls_3_fls_international.php HTTP/1.1" 404 1256 "-" "Mozilla/5.0 (Windows NT 6.1; WOW64) AppleWebKit/536.6 (KHTML, like Gecko) Chrome/20.0.1092.0 Safari/536.6"
194.7.35.200 - - [11/Oct/2012:19:45:20 +0200] "GET /fls_4_faq.php HTTP/1.1" 404 1256 "-" "Mozilla/5.0 (Windows NT 6.1; WOW64) AppleWebKit/536.6 (KHTML, like Gecko) Chrome/20.0.1092.0 Safari/536.6"
194.7.35.200 - - [11/Oct/2012:19:45:20 +0200] "GET /fls_4_impressum.php HTTP/1.1" 404 1256 "-" "Mozilla/5.0 (Windows NT 6.1; WOW64) AppleWebKit/536.6 (KHTML, like Gecko) Chrome/20.0.1092.0 Safari/536.6"
194.7.35.200 - - [11/Oct/2012:19:45:20 +0200] "GET /fls_4_kontakt_anmeldung.php HTTP/1.1" 404 1256 "-" "Mozilla/5.0 (Windows NT 6.1; WOW64) AppleWebKit/536.6 (KHTML, like Gecko) Chrome/20.0.1092.0 Safari/536.6"
194.7.35.200 - - [11/Oct/2012:19:45:20 +0200] "GET /index.php HTTP/1.1" 302 - "-" "Mozilla/5.0 (Windows NT 6.1; WOW64) AppleWebKit/536.6 (KHTML, like Gecko) Chrome/20.0.1092.0 Safari/536.6"
194.7.35.200 - - [11/Oct/2012:19:45:20 +0200] "GET / HTTP/1.1" 302 - "-" "Mozilla/5.0 (Windows NT 6.1; WOW64) AppleWebKit/536.6 (KHTML, like Gecko) Chrome/20.0.1092.0 Safari/536.6"
194.7.35.200 - - [11/Oct/2012:19:45:21 +0200] "GET / HTTP/1.1" 302 - "-" "Mozilla/4.0 (compatible: MSIE 7.0; Windows Phone OS 7.0; Trident/3.1; IEMobile/7.0; HTC; 7 Trophy)"
173.199.118.35 - - [11/Oct/2012:22:49:41 +0200] "GET /robots.txt HTTP/1.1" 404 1256 "-" "Mozilla/5.0 (compatible; AhrefsBot/4.0; +http://ahrefs.com/robot/)"
193.175.194.33 - - [12/Oct/2012:02:23:13 +0200] "GET / HTTP/1.1" 302 - "-" "Bildungsserver-Linkchecker DBS 0.9 (http://www.bildungsserver.de)"
