4.227.36.22 - - [02/Jul/2025:22:00:59 +0200] "GET /robots.txt HTTP/1.1" 404 327 "-" "Mozilla/5.0 AppleWebKit/537.36 (KHTML, like Gecko; compatible; GPTBot/1.2; +https://openai.com/gptbot)"
20.171.207.220 - - [02/Jul/2025:22:01:00 +0200] "GET / HTTP/1.1" 200 1229 "-" "Mozilla/5.0 AppleWebKit/537.36 (KHTML, like Gecko; compatible; GPTBot/1.2; +https://openai.com/gptbot)"
20.171.207.102 - - [02/Jul/2025:22:01:01 +0200] "GET / HTTP/1.1" 200 1229 "-" "Mozilla/5.0 AppleWebKit/537.36 (KHTML, like Gecko; compatible; GPTBot/1.2; +https://openai.com/gptbot)"
20.171.207.171 - - [02/Jul/2025:22:01:01 +0200] "GET / HTTP/1.1" 200 1229 "-" "Mozilla/5.0 AppleWebKit/537.36 (KHTML, like Gecko; compatible; GPTBot/1.2; +https://openai.com/gptbot)"
204.76.203.219 - - [02/Jul/2025:22:01:52 +0200] "GET / HTTP/1.1" 200 1229 "-" "Mozilla/5.0 (Windows NT 10.0; Win64; x64) AppleWebKit/537.36 (KHTML, like Gecko) Chrome/90.0.4430.85 Safari/537.36 Edg/90.0.818.46"
212.91.247.32 - - [02/Jul/2025:22:01:53 +0200] "GET / HTTP/1.1" 200 1229 "-" "Mozilla/5.0 (compatible; PRTG Network Monitor (www.paessler.com); Windows)"
79.124.58.198 - - [02/Jul/2025:22:02:22 +0200] "GET /actuator/gateway/routes HTTP/1.1" 404 328 "-" "Mozilla/5.0 (Windows NT 10.0; Win64; x64) AppleWebKit/537.36 (KHTML, like Gecko) Chrome/78.0.3904.108 Safari/537.36"
212.91.247.32 - - [02/Jul/2025:22:02:53 +0200] "GET / HTTP/1.1" 200 1229 "-" "Mozilla/5.0 (compatible; PRTG Network Monitor (www.paessler.com); Windows)"
80.82.77.202 - - [02/Jul/2025:22:03:21 +0200] "GET / HTTP/1.0" 200 1229 "-" "Mozilla/5.0 (iPad; CPU OS 9_3_2 like Mac OS X) AppleWebKit/601.1.46 (KHTML, like Gecko) Version/9.0 Mobile/13F69 Safari/601.1"
212.91.247.32 - - [02/Jul/2025:22:03:53 +0200] "GET / HTTP/1.1" 200 1229 "-" "Mozilla/5.0 (compatible; PRTG Network Monitor (www.paessler.com); Windows)"
80.82.77.202 - - [02/Jul/2025:22:04:10 +0200] "GET / HTTP/1.0" 200 1229 "-" "Mozilla/5.0 (iPad; CPU OS 9_3_2 like Mac OS X) AppleWebKit/601.1.46 (KHTML, like Gecko) Version/9.0 Mobile/13F69 Safari/601.1"
212.91.247.32 - - [02/Jul/2025:22:04:53 +0200] "GET / HTTP/1.1" 200 1229 "-" "Mozilla/5.0 (compatible; PRTG Network Monitor (www.paessler.com); Windows)"
79.124.58.198 - - [02/Jul/2025:22:05:47 +0200] "GET /actuator/gateway/routes HTTP/1.1" 404 328 "-" "Mozilla/5.0 (Windows NT 10.0; Win64; x64) AppleWebKit/537.36 (KHTML, like Gecko) Chrome/78.0.3904.108 Safari/537.36"
212.91.247.32 - - [02/Jul/2025:22:05:53 +0200] "GET / HTTP/1.1" 200 1229 "-" "Mozilla/5.0 (compatible; PRTG Network Monitor (www.paessler.com); Windows)"
79.124.58.198 - - [02/Jul/2025:22:06:37 +0200] "GET /actuator/gateway/routes HTTP/1.1" 404 328 "-" "Mozilla/5.0 (Windows NT 10.0; Win64; x64) AppleWebKit/537.36 (KHTML, like Gecko) Chrome/78.0.3904.108 Safari/537.36"
64.227.124.125 - - [02/Jul/2025:22:06:39 +0200] "\x16\x03\x01" 501 318 "-" "-"
64.227.124.125 - - [02/Jul/2025:22:06:39 +0200] "GET /upl.php HTTP/1.1" 404 312 "-" "Mozilla/5.0"
64.227.124.125 - - [02/Jul/2025:22:06:39 +0200] "GET /t4 HTTP/1.1" 404 307 "-" "Mozilla/5.0"
64.227.124.125 - - [02/Jul/2025:22:06:39 +0200] "GET /geoip/ HTTP/1.1" 404 311 "-" "Mozilla/5.0 (Windows NT 10.0; Win64; x64) AppleWebKit/537.36 (KHTML, like Gecko) Chrome/108.0.0.0 Safari/537.36"
64.227.124.125 - - [02/Jul/2025:22:06:39 +0200] "GET /favicon.ico HTTP/1.1" 404 316 "-" "Mozilla/5.0 (Windows NT 10.0; Win64; x64) AppleWebKit/537.36 (KHTML, like Gecko) Chrome/108.0.0.0 Safari/537.36"
64.227.124.125 - - [02/Jul/2025:22:06:39 +0200] "GET /1.php HTTP/1.1" 404 310 "-" "Mozilla/5.0 (Windows NT 10.0; Win64; x64) AppleWebKit/537.36 (KHTML, like Gecko) Chrome/108.0.0.0 Safari/537.36"
64.227.124.125 - - [02/Jul/2025:22:06:39 +0200] "GET /password.php HTTP/1.1" 404 317 "-" "Mozilla/5.0 (Windows NT 10.0; Win64; x64) AppleWebKit/537.36 (KHTML, like Gecko) Chrome/108.0.0.0 Safari/537.36"
64.227.124.125 - - [02/Jul/2025:22:06:39 +0200] "\x16\x03\x01" 501 318 "-" "-"
64.227.124.125 - - [02/Jul/2025:22:06:39 +0200] "\x16\x03\x01" 501 318 "-" "-"
64.227.124.125 - - [02/Jul/2025:22:06:39 +0200] "GET /form.html HTTP/1.1" 404 314 "-" "curl/8.1.2"
64.227.124.125 - - [02/Jul/2025:22:06:39 +0200] "GET /systembc/password.php HTTP/1.1" 404 326 "-" "Mozilla/5.0 (Windows NT 10.0; Win64; x64) AppleWebKit/537.36 (KHTML, like Gecko) Chrome/108.0.0.0 Safari/537.36"
212.91.247.32 - - [02/Jul/2025:22:06:53 +0200] "GET / HTTP/1.1" 200 1229 "-" "Mozilla/5.0 (compatible; PRTG Network Monitor (www.paessler.com); Windows)"
79.124.58.198 - - [02/Jul/2025:22:07:38 +0200] "GET /actuator/gateway/routes HTTP/1.1" 404 328 "-" "Mozilla/5.0 (Windows NT 10.0; Win64; x64) AppleWebKit/537.36 (KHTML, like Gecko) Chrome/78.0.3904.108 Safari/537.36"
212.91.247.32 - - [02/Jul/2025:22:07:53 +0200] "GET / HTTP/1.1" 200 1229 "-" "Mozilla/5.0 (compatible; PRTG Network Monitor (www.paessler.com); Windows)"
79.124.58.198 - - [02/Jul/2025:22:08:07 +0200] "GET /actuator/gateway/routes HTTP/1.1" 404 328 "-" "Mozilla/5.0 (Windows NT 10.0; Win64; x64) AppleWebKit/537.36 (KHTML, like Gecko) Chrome/78.0.3904.108 Safari/537.36"
212.91.247.32 - - [02/Jul/2025:22:08:53 +0200] "GET / HTTP/1.1" 200 1229 "-" "Mozilla/5.0 (compatible; PRTG Network Monitor (www.paessler.com); Windows)"
212.91.247.32 - - [02/Jul/2025:22:09:53 +0200] "GET / HTTP/1.1" 200 1229 "-" "Mozilla/5.0 (compatible; PRTG Network Monitor (www.paessler.com); Windows)"
87.121.84.212 - - [02/Jul/2025:22:10:34 +0200] "GET / HTTP/1.1" 200 1229 "-" "Mozilla/5.0 (Windows NT 10.0; Win64; x64) AppleWebKit/537.36 (KHTML, like Gecko) Chrome/90.0.4430.85 Safari/537.36 Edg/90.0.818.46"
212.91.247.32 - - [02/Jul/2025:22:10:53 +0200] "GET / HTTP/1.1" 200 1229 "-" "Mozilla/5.0 (compatible; PRTG Network Monitor (www.paessler.com); Windows)"
198.235.24.48 - - [02/Jul/2025:22:11:10 +0200] "GET / HTTP/1.0" 200 1229 "-" "Expanse, a Palo Alto Networks company, searches across the global IPv4 space multiple times per day to identify customers' presences on the Internet. If you would like to be excluded from our scans, please send IP addresses/domains to: scaninfo@paloaltonetworks.com"
212.91.247.32 - - [02/Jul/2025:22:11:53 +0200] "GET / HTTP/1.1" 200 1229 "-" "Mozilla/5.0 (compatible; PRTG Network Monitor (www.paessler.com); Windows)"
212.91.247.32 - - [02/Jul/2025:22:12:53 +0200] "GET / HTTP/1.1" 200 1229 "-" "Mozilla/5.0 (compatible; PRTG Network Monitor (www.paessler.com); Windows)"
212.91.247.32 - - [02/Jul/2025:22:13:53 +0200] "GET / HTTP/1.1" 200 1229 "-" "Mozilla/5.0 (compatible; PRTG Network Monitor (www.paessler.com); Windows)"
212.91.247.32 - - [02/Jul/2025:22:14:53 +0200] "GET / HTTP/1.1" 200 1229 "-" "Mozilla/5.0 (compatible; PRTG Network Monitor (www.paessler.com); Windows)"
91.196.152.212 - - [02/Jul/2025:22:14:53 +0200] "\x16\x03\x03\x01\xa6\x01" 501 321 "-" "-"
91.196.152.177 - - [02/Jul/2025:22:15:00 +0200] "GET / HTTP/1.1" 200 1229 "-" "Mozilla/5.0 (X11; Ubuntu; Linux x86_64; rv:134.0) Gecko/20100101 Firefox/134.0"
5.67.75.173 - - [02/Jul/2025:22:15:25 +0200] "GET / HTTP/1.1" 200 1229 "-" "Mozilla/5.0 (Windows NT 10.0; WOW64) AppleWebKit/537.36 (KHTML, like Gecko) Chrome/51.0.2704.103 Safari/537.36"
212.91.247.32 - - [02/Jul/2025:22:15:53 +0200] "GET / HTTP/1.1" 200 1229 "-" "Mozilla/5.0 (compatible; PRTG Network Monitor (www.paessler.com); Windows)"
176.65.148.166 - - [02/Jul/2025:22:16:14 +0200] "GET / HTTP/1.1" 200 1229 "-" "-"
212.91.247.32 - - [02/Jul/2025:22:16:53 +0200] "GET / HTTP/1.1" 200 1229 "-" "Mozilla/5.0 (compatible; PRTG Network Monitor (www.paessler.com); Windows)"
77.90.153.48 - - [02/Jul/2025:22:17:19 +0200] "GET / HTTP/1.1" 200 1229 "-" "Mozilla/5.0 (ZZ; Linux x86_64) AppleWebKit/537.36 (KHTML, like Gecko) Chrome/123.0.0.0 Safari/537.36"
77.90.153.48 - - [02/Jul/2025:22:17:20 +0200] "POST /main/webservices/additional_webservices.php HTTP/1.1" 404 348 "-" "Mozilla/5.0 (Ubuntu; Linux i686; rv:134.0) Gecko/20100101 Firefox/134.0"
79.124.58.198 - - [02/Jul/2025:22:17:21 +0200] "GET /actuator/gateway/routes HTTP/1.1" 404 328 "-" "Mozilla/5.0 (Windows NT 10.0; Win64; x64) AppleWebKit/537.36 (KHTML, like Gecko) Chrome/78.0.3904.108 Safari/537.36"
77.90.153.48 - - [02/Jul/2025:22:17:32 +0200] "POST /main/webservices/additional_webservices.php HTTP/1.1" 404 348 "-" "Mozilla/5.0 (Ubuntu; Linux i686; rv:134.0) Gecko/20100101 Firefox/134.0"
212.91.247.32 - - [02/Jul/2025:22:17:53 +0200] "GET / HTTP/1.1" 200 1229 "-" "Mozilla/5.0 (compatible; PRTG Network Monitor (www.paessler.com); Windows)"
176.65.148.229 - - [02/Jul/2025:22:18:43 +0200] "GET / HTTP/1.1" 200 1229 "-" "-"
212.91.247.32 - - [02/Jul/2025:22:18:53 +0200] "GET / HTTP/1.1" 200 1229 "-" "Mozilla/5.0 (compatible; PRTG Network Monitor (www.paessler.com); Windows)"
212.91.247.32 - - [02/Jul/2025:22:19:53 +0200] "GET / HTTP/1.1" 200 1229 "-" "Mozilla/5.0 (compatible; PRTG Network Monitor (www.paessler.com); Windows)"
212.91.247.32 - - [02/Jul/2025:22:20:53 +0200] "GET / HTTP/1.1" 200 1229 "-" "Mozilla/5.0 (compatible; PRTG Network Monitor (www.paessler.com); Windows)"
176.65.148.229 - - [02/Jul/2025:22:21:34 +0200] "GET / HTTP/1.1" 200 1229 "-" "-"
212.91.247.32 - - [02/Jul/2025:22:21:53 +0200] "GET / HTTP/1.1" 200 1229 "-" "Mozilla/5.0 (compatible; PRTG Network Monitor (www.paessler.com); Windows)"
43.155.27.244 - - [02/Jul/2025:22:22:48 +0200] "GET / HTTP/1.1" 200 1229 "-" "Mozilla/5.0 (iPhone; CPU iPhone OS 13_2_3 like Mac OS X) AppleWebKit/605.1.15 (KHTML, like Gecko) Version/13.0.3 Mobile/15E148 Safari/604.1"
212.91.247.32 - - [02/Jul/2025:22:22:53 +0200] "GET / HTTP/1.1" 200 1229 "-" "Mozilla/5.0 (compatible; PRTG Network Monitor (www.paessler.com); Windows)"
79.124.58.198 - - [02/Jul/2025:22:23:39 +0200] "GET /actuator/gateway/routes HTTP/1.1" 404 328 "-" "Mozilla/5.0 (Windows NT 10.0; Win64; x64) AppleWebKit/537.36 (KHTML, like Gecko) Chrome/78.0.3904.108 Safari/537.36"
43.157.158.178 - - [02/Jul/2025:22:23:44 +0200] "GET / HTTP/1.1" 200 1229 "-" "Mozilla/5.0 (iPhone; CPU iPhone OS 13_2_3 like Mac OS X) AppleWebKit/605.1.15 (KHTML, like Gecko) Version/13.0.3 Mobile/15E148 Safari/604.1"
212.91.247.32 - - [02/Jul/2025:22:23:53 +0200] "GET / HTTP/1.1" 200 1229 "-" "Mozilla/5.0 (compatible; PRTG Network Monitor (www.paessler.com); Windows)"
212.91.247.32 - - [02/Jul/2025:22:24:53 +0200] "GET / HTTP/1.1" 200 1229 "-" "Mozilla/5.0 (compatible; PRTG Network Monitor (www.paessler.com); Windows)"
87.121.84.212 - - [02/Jul/2025:22:25:23 +0200] "GET / HTTP/1.1" 200 1229 "-" "Mozilla/5.0 (Windows NT 10.0; Win64; x64) AppleWebKit/537.36 (KHTML, like Gecko) Chrome/90.0.4430.85 Safari/537.36 Edg/90.0.818.46"
212.91.247.32 - - [02/Jul/2025:22:25:53 +0200] "GET / HTTP/1.1" 200 1229 "-" "Mozilla/5.0 (compatible; PRTG Network Monitor (www.paessler.com); Windows)"
212.91.247.32 - - [02/Jul/2025:22:26:53 +0200] "GET / HTTP/1.1" 200 1229 "-" "Mozilla/5.0 (compatible; PRTG Network Monitor (www.paessler.com); Windows)"
212.91.247.32 - - [02/Jul/2025:22:27:53 +0200] "GET / HTTP/1.1" 200 1229 "-" "Mozilla/5.0 (compatible; PRTG Network Monitor (www.paessler.com); Windows)"
91.196.152.189 - - [02/Jul/2025:22:28:21 +0200] "GET /favicon.ico HTTP/1.1" 404 316 "-" "Mozilla/5.0 (X11; Ubuntu; Linux x86_64; rv:134.0) Gecko/20100101 Firefox/134.0"
212.91.247.32 - - [02/Jul/2025:22:28:53 +0200] "GET / HTTP/1.1" 200 1229 "-" "Mozilla/5.0 (compatible; PRTG Network Monitor (www.paessler.com); Windows)"
185.208.158.206 - - [02/Jul/2025:22:29:24 +0200] "POST / HTTP/1.1" 200 1229 "-" "Mozilla/5.0 (mitsec)"
212.91.247.32 - - [02/Jul/2025:22:29:53 +0200] "GET / HTTP/1.1" 200 1229 "-" "Mozilla/5.0 (compatible; PRTG Network Monitor (www.paessler.com); Windows)"
212.91.247.32 - - [02/Jul/2025:22:30:53 +0200] "GET / HTTP/1.1" 200 1229 "-" "Mozilla/5.0 (compatible; PRTG Network Monitor (www.paessler.com); Windows)"
87.121.84.212 - - [02/Jul/2025:22:31:13 +0200] "GET / HTTP/1.1" 200 1229 "-" "Mozilla/5.0 (Windows NT 10.0; Win64; x64) AppleWebKit/537.36 (KHTML, like Gecko) Chrome/90.0.4430.85 Safari/537.36 Edg/90.0.818.46"
54.74.68.206 - - [02/Jul/2025:22:31:30 +0200] "GET / HTTP/1.0" 200 1229 "-" "Mozilla/5.0 (compatible; NetcraftSurveyAgent/1.0; +info@netcraft.com)"
212.91.247.32 - - [02/Jul/2025:22:31:53 +0200] "GET / HTTP/1.1" 200 1229 "-" "Mozilla/5.0 (compatible; PRTG Network Monitor (www.paessler.com); Windows)"
79.124.58.198 - - [02/Jul/2025:22:32:29 +0200] "GET /actuator/gateway/routes HTTP/1.1" 404 328 "-" "Mozilla/5.0 (Windows NT 10.0; Win64; x64) AppleWebKit/537.36 (KHTML, like Gecko) Chrome/78.0.3904.108 Safari/537.36"
212.91.247.32 - - [02/Jul/2025:22:32:53 +0200] "GET / HTTP/1.1" 200 1229 "-" "Mozilla/5.0 (compatible; PRTG Network Monitor (www.paessler.com); Windows)"
79.124.58.198 - - [02/Jul/2025:22:33:40 +0200] "GET /actuator/gateway/routes HTTP/1.1" 404 328 "-" "Mozilla/5.0 (Windows NT 10.0; Win64; x64) AppleWebKit/537.36 (KHTML, like Gecko) Chrome/78.0.3904.108 Safari/537.36"
212.91.247.32 - - [02/Jul/2025:22:33:53 +0200] "GET / HTTP/1.1" 200 1229 "-" "Mozilla/5.0 (compatible; PRTG Network Monitor (www.paessler.com); Windows)"
87.121.84.212 - - [02/Jul/2025:22:33:54 +0200] "GET / HTTP/1.1" 200 1229 "-" "Mozilla/5.0 (Windows NT 10.0; Win64; x64) AppleWebKit/537.36 (KHTML, like Gecko) Chrome/90.0.4430.85 Safari/537.36 Edg/90.0.818.46"
141.98.11.239 - - [02/Jul/2025:22:34:13 +0200] "GET /cgi-bin/luci/;stok=/locale HTTP/1.1" 404 331 "-" "-"
176.65.148.229 - - [02/Jul/2025:22:34:30 +0200] "GET / HTTP/1.1" 200 1229 "-" "-"
212.91.247.32 - - [02/Jul/2025:22:34:53 +0200] "GET / HTTP/1.1" 200 1229 "-" "Mozilla/5.0 (compatible; PRTG Network Monitor (www.paessler.com); Windows)"
212.91.247.32 - - [02/Jul/2025:22:35:53 +0200] "GET / HTTP/1.1" 200 1229 "-" "Mozilla/5.0 (compatible; PRTG Network Monitor (www.paessler.com); Windows)"
212.91.247.32 - - [02/Jul/2025:22:36:53 +0200] "GET / HTTP/1.1" 200 1229 "-" "Mozilla/5.0 (compatible; PRTG Network Monitor (www.paessler.com); Windows)"
212.91.247.32 - - [02/Jul/2025:22:37:53 +0200] "GET / HTTP/1.1" 200 1229 "-" "Mozilla/5.0 (compatible; PRTG Network Monitor (www.paessler.com); Windows)"
87.121.84.130 - - [02/Jul/2025:22:38:14 +0200] "GET / HTTP/1.1" 200 1229 "-" "Mozilla/5.0"
87.121.84.212 - - [02/Jul/2025:22:38:22 +0200] "GET / HTTP/1.1" 200 1229 "-" "Mozilla/5.0 (Windows NT 10.0; Win64; x64) AppleWebKit/537.36 (KHTML, like Gecko) Chrome/90.0.4430.85 Safari/537.36 Edg/90.0.818.46"
212.91.247.32 - - [02/Jul/2025:22:38:53 +0200] "GET / HTTP/1.1" 200 1229 "-" "Mozilla/5.0 (compatible; PRTG Network Monitor (www.paessler.com); Windows)"
141.98.11.239 - - [02/Jul/2025:22:39:33 +0200] "GET /cgi-bin/luci/;stok=/locale HTTP/1.1" 404 331 "-" "-"
212.91.247.32 - - [02/Jul/2025:22:39:53 +0200] "GET / HTTP/1.1" 200 1229 "-" "Mozilla/5.0 (compatible; PRTG Network Monitor (www.paessler.com); Windows)"
212.91.247.32 - - [02/Jul/2025:22:40:53 +0200] "GET / HTTP/1.1" 200 1229 "-" "Mozilla/5.0 (compatible; PRTG Network Monitor (www.paessler.com); Windows)"
212.91.247.32 - - [02/Jul/2025:22:41:53 +0200] "GET / HTTP/1.1" 200 1229 "-" "Mozilla/5.0 (compatible; PRTG Network Monitor (www.paessler.com); Windows)"
87.121.84.212 - - [02/Jul/2025:22:42:22 +0200] "GET / HTTP/1.1" 200 1229 "-" "Mozilla/5.0 (Windows NT 10.0; Win64; x64) AppleWebKit/537.36 (KHTML, like Gecko) Chrome/90.0.4430.85 Safari/537.36 Edg/90.0.818.46"
212.91.247.32 - - [02/Jul/2025:22:42:53 +0200] "GET / HTTP/1.1" 200 1229 "-" "Mozilla/5.0 (compatible; PRTG Network Monitor (www.paessler.com); Windows)"
87.121.84.212 - - [02/Jul/2025:22:43:40 +0200] "GET / HTTP/1.1" 200 1229 "-" "Mozilla/5.0 (Windows NT 10.0; Win64; x64) AppleWebKit/537.36 (KHTML, like Gecko) Chrome/90.0.4430.85 Safari/537.36 Edg/90.0.818.46"
212.91.247.32 - - [02/Jul/2025:22:43:53 +0200] "GET / HTTP/1.1" 200 1229 "-" "Mozilla/5.0 (compatible; PRTG Network Monitor (www.paessler.com); Windows)"
212.91.247.32 - - [02/Jul/2025:22:44:53 +0200] "GET / HTTP/1.1" 200 1229 "-" "Mozilla/5.0 (compatible; PRTG Network Monitor (www.paessler.com); Windows)"
87.121.84.212 - - [02/Jul/2025:22:45:22 +0200] "GET / HTTP/1.1" 200 1229 "-" "Mozilla/5.0 (Windows NT 10.0; Win64; x64) AppleWebKit/537.36 (KHTML, like Gecko) Chrome/90.0.4430.85 Safari/537.36 Edg/90.0.818.46"
212.91.247.32 - - [02/Jul/2025:22:45:53 +0200] "GET / HTTP/1.1" 200 1229 "-" "Mozilla/5.0 (compatible; PRTG Network Monitor (www.paessler.com); Windows)"
3.83.32.20 - - [02/Jul/2025:22:46:05 +0200] "CONNECT google.com:443 HTTP/1.1" 405 340 "-" "Go-http-client/1.1"
212.91.247.32 - - [02/Jul/2025:22:46:53 +0200] "GET / HTTP/1.1" 200 1229 "-" "Mozilla/5.0 (compatible; PRTG Network Monitor (www.paessler.com); Windows)"
212.91.247.32 - - [02/Jul/2025:22:47:53 +0200] "GET / HTTP/1.1" 200 1229 "-" "Mozilla/5.0 (compatible; PRTG Network Monitor (www.paessler.com); Windows)"
195.178.110.146 - - [02/Jul/2025:22:48:24 +0200] "GET /.env HTTP/1.1" 404 309 "-" "Mozilla/5.0 (Linux; Android 8.1.0; Mi Note 3 Build/OPM1.171019.019; wv) AppleWebKit/537.36 (KHTML, like Gecko) Version/4.0 Chrome/66.0.3359.126 MQQBrowser/6.2 TBS/044813 Mobile Safari/537.36 MMWEBID/6858 MicroMessenger/7.0.5.1440(0x27000537) Process/tools NetType/4G Language/zh_CN"
212.91.247.32 - - [02/Jul/2025:22:48:53 +0200] "GET / HTTP/1.1" 200 1229 "-" "Mozilla/5.0 (compatible; PRTG Network Monitor (www.paessler.com); Windows)"
195.178.110.146 - - [02/Jul/2025:22:49:01 +0200] "GET /.env HTTP/1.1" 404 309 "-" "Mozilla/5.0 (Linux; Android 9; REVVLRY) AppleWebKit/537.36 (KHTML, like Gecko) Chrome/76.0.3809.111 Mobile Safari/537.36"
195.178.110.146 - - [02/Jul/2025:22:49:25 +0200] "GET /.env HTTP/1.1" 404 309 "-" "Mozilla/5.0 (Windows NT 6.2; WOW64) AppleWebKit/537.36 (KHTML, like Gecko) Chrome/41.0.2272.76 Safari/537.36 OPR/28.0.1750.40"
212.91.247.32 - - [02/Jul/2025:22:49:53 +0200] "GET / HTTP/1.1" 200 1229 "-" "Mozilla/5.0 (compatible; PRTG Network Monitor (www.paessler.com); Windows)"
195.178.110.146 - - [02/Jul/2025:22:50:31 +0200] "GET /.env HTTP/1.1" 404 309 "-" "Mozilla/5.0 (Windows NT 6.1; WOW64) AppleWebKit/537.36 (KHTML, like Gecko) Chrome/63.0.3239.26 Safari/537.36 Core/1.63.5977.400 LBBROWSER/10.1.3752.400"
195.178.110.146 - - [02/Jul/2025:22:50:44 +0200] "GET /.env HTTP/1.1" 404 309 "-" "Mozilla/5.0 (X11; U; Linux; i686; en-US; rv:1.6) Gecko Galeon/1.3.14"
212.91.247.32 - - [02/Jul/2025:22:50:53 +0200] "GET / HTTP/1.1" 200 1229 "-" "Mozilla/5.0 (compatible; PRTG Network Monitor (www.paessler.com); Windows)"
195.178.110.146 - - [02/Jul/2025:22:51:22 +0200] "GET /.env HTTP/1.1" 404 309 "-" "Mozilla/5.0 (Windows; U; Win98; en-US; rv:1.4) Gecko Netscape/7.1 (ax)"
212.91.247.32 - - [02/Jul/2025:22:51:53 +0200] "GET / HTTP/1.1" 200 1229 "-" "Mozilla/5.0 (compatible; PRTG Network Monitor (www.paessler.com); Windows)"
93.174.93.12 - - [02/Jul/2025:22:52:07 +0200] "\x16\x03\x02\x01o\x01" 501 321 "-" "-"
195.178.110.146 - - [02/Jul/2025:22:52:39 +0200] "GET /.env HTTP/1.1" 404 309 "-" "Mozilla/5.0 (Windows NT 6.1) AppleWebKit/537.36 (KHTML, like Gecko) Chrome/76.0.3809.62 YaBrowser/19.9.0.918 (beta) Yowser/2.5 Safari/537.36"
195.178.110.146 - - [02/Jul/2025:22:52:39 +0200] "GET /.env HTTP/1.1" 404 309 "-" "Mozilla/5.0 (Linux; Android 8.1.0; LM-X210CMR) AppleWebKit/537.36 (KHTML, like Gecko) Chrome/76.0.3809.111 Mobile Safari/537.36"
212.91.247.32 - - [02/Jul/2025:22:52:53 +0200] "GET / HTTP/1.1" 200 1229 "-" "Mozilla/5.0 (compatible; PRTG Network Monitor (www.paessler.com); Windows)"
212.91.247.32 - - [02/Jul/2025:22:53:53 +0200] "GET / HTTP/1.1" 200 1229 "-" "Mozilla/5.0 (compatible; PRTG Network Monitor (www.paessler.com); Windows)"
195.178.110.146 - - [02/Jul/2025:22:54:15 +0200] "GET /.env HTTP/1.1" 404 309 "-" "Mozilla/5.0 (Linux; U; Android 4.0.3; de-ch; HTC Sensation Build/IML74K) AppleWebKit/534.30 (KHTML, like Gecko) Version/4.0 Mobile Safari/534.30"
195.178.110.146 - - [02/Jul/2025:22:54:15 +0200] "GET /.env HTTP/1.1" 404 309 "-" "Mozilla/5.0 (Linux; Android 9; CLT-L29 Build/HUAWEICLT-L29) AppleWebKit/537.36 (KHTML, like Gecko) Chrome/69.0.3497.100 Mobile Safari/537.36 OPR/48.1.2331.132804"
45.146.130.98 - - [02/Jul/2025:22:54:38 +0200] "GET / HTTP/1.1" 200 1229 "-" "Mozilla/5.0 (Windows NT 10.0; Win64; x64) AppleWebKit/537.36 (KHTML, like Gecko) Chrome/58.0.3029.110 Safari/537.3"
45.146.130.98 - - [02/Jul/2025:22:54:38 +0200] "GET /phpinfo.php HTTP/1.1" 404 316 "-" "Mozilla/5.0 (Windows NT 10.0; Win64; x64) AppleWebKit/537.36 (KHTML, like Gecko) Chrome/58.0.3029.110 Safari/537.3"
45.146.130.98 - - [02/Jul/2025:22:54:38 +0200] "GET /info.php HTTP/1.1" 404 313 "-" "Mozilla/5.0 (Windows NT 10.0; Win64; x64) AppleWebKit/537.36 (KHTML, like Gecko) Chrome/58.0.3029.110 Safari/537.3"
45.146.130.98 - - [02/Jul/2025:22:54:38 +0200] "GET /phpinfo HTTP/1.1" 404 312 "-" "Mozilla/5.0 (Windows NT 10.0; Win64; x64) AppleWebKit/537.36 (KHTML, like Gecko) Chrome/58.0.3029.110 Safari/537.3"
45.146.130.98 - - [02/Jul/2025:22:54:38 +0200] "GET /php_info.php HTTP/1.1" 404 317 "-" "Mozilla/5.0 (Windows NT 10.0; Win64; x64) AppleWebKit/537.36 (KHTML, like Gecko) Chrome/58.0.3029.110 Safari/537.3"
45.146.130.98 - - [02/Jul/2025:22:54:38 +0200] "GET /test.php HTTP/1.1" 404 313 "-" "Mozilla/5.0 (Windows NT 10.0; Win64; x64) AppleWebKit/537.36 (KHTML, like Gecko) Chrome/58.0.3029.110 Safari/537.3"
45.146.130.98 - - [02/Jul/2025:22:54:38 +0200] "GET /_profiler/phpinfo HTTP/1.1" 404 322 "-" "Mozilla/5.0 (Windows NT 10.0; Win64; x64) AppleWebKit/537.36 (KHTML, like Gecko) Chrome/58.0.3029.110 Safari/537.3"
45.146.130.98 - - [02/Jul/2025:22:54:39 +0200] "GET /.env HTTP/1.1" 404 309 "-" "Mozilla/5.0 (Windows NT 10.0; Win64; x64) AppleWebKit/537.36 (KHTML, like Gecko) Chrome/58.0.3029.110 Safari/537.3"
45.146.130.98 - - [02/Jul/2025:22:54:39 +0200] "GET /config/.env HTTP/1.1" 404 316 "-" "Mozilla/5.0 (Windows NT 10.0; Win64; x64) AppleWebKit/537.36 (KHTML, like Gecko) Chrome/58.0.3029.110 Safari/537.3"
45.146.130.98 - - [02/Jul/2025:22:54:39 +0200] "GET /.env.production HTTP/1.1" 404 320 "-" "Mozilla/5.0 (Windows NT 10.0; Win64; x64) AppleWebKit/537.36 (KHTML, like Gecko) Chrome/58.0.3029.110 Safari/537.3"
45.146.130.98 - - [02/Jul/2025:22:54:39 +0200] "GET /.env.local HTTP/1.1" 404 315 "-" "Mozilla/5.0 (Windows NT 10.0; Win64; x64) AppleWebKit/537.36 (KHTML, like Gecko) Chrome/58.0.3029.110 Safari/537.3"
45.146.130.98 - - [02/Jul/2025:22:54:39 +0200] "GET /api/shared/config/config.env HTTP/1.1" 404 333 "-" "Mozilla/5.0 (Windows NT 10.0; Win64; x64) AppleWebKit/537.36 (KHTML, like Gecko) Chrome/58.0.3029.110 Safari/537.3"
45.146.130.98 - - [02/Jul/2025:22:54:39 +0200] "GET /api/.env HTTP/1.1" 404 313 "-" "Mozilla/5.0 (Windows NT 10.0; Win64; x64) AppleWebKit/537.36 (KHTML, like Gecko) Chrome/58.0.3029.110 Safari/537.3"
45.146.130.98 - - [02/Jul/2025:22:54:39 +0200] "GET / HTTP/1.1" 200 1229 "-" "Mozilla/5.0 (Windows NT 10.0; Win64; x64) AppleWebKit/537.36 (KHTML, like Gecko) Chrome/58.0.3029.110 Safari/537.3"
212.91.247.32 - - [02/Jul/2025:22:54:53 +0200] "GET / HTTP/1.1" 200 1229 "-" "Mozilla/5.0 (compatible; PRTG Network Monitor (www.paessler.com); Windows)"
212.91.247.32 - - [02/Jul/2025:22:55:53 +0200] "GET / HTTP/1.1" 200 1229 "-" "Mozilla/5.0 (compatible; PRTG Network Monitor (www.paessler.com); Windows)"
204.76.203.206 - - [02/Jul/2025:22:56:23 +0200] "GET / HTTP/1.1" 200 1229 "-" "-"
212.91.247.32 - - [02/Jul/2025:22:56:53 +0200] "GET / HTTP/1.1" 200 1229 "-" "Mozilla/5.0 (compatible; PRTG Network Monitor (www.paessler.com); Windows)"
79.124.58.198 - - [02/Jul/2025:22:57:47 +0200] "\x16\x03\x01\x05\xa8\x01" 501 321 "-" "-"
64.227.105.231 - - [02/Jul/2025:22:57:50 +0200] "GET /t4 HTTP/1.1" 404 307 "-" "Mozilla/5.0"
64.227.105.231 - - [02/Jul/2025:22:57:50 +0200] "GET /1.php HTTP/1.1" 404 310 "-" "Mozilla/5.0 (Windows NT 10.0; Win64; x64) AppleWebKit/537.36 (KHTML, like Gecko) Chrome/108.0.0.0 Safari/537.36"
64.227.105.231 - - [02/Jul/2025:22:57:51 +0200] "GET /systembc/password.php HTTP/1.1" 404 326 "-" "Mozilla/5.0 (Windows NT 10.0; Win64; x64) AppleWebKit/537.36 (KHTML, like Gecko) Chrome/108.0.0.0 Safari/537.36"
64.227.105.231 - - [02/Jul/2025:22:57:51 +0200] "\x16\x03\x01" 501 318 "-" "-"
64.227.105.231 - - [02/Jul/2025:22:57:51 +0200] "\x16\x03\x01" 501 318 "-" "-"
64.227.105.231 - - [02/Jul/2025:22:57:52 +0200] "\x16\x03\x01" 501 318 "-" "-"
43.167.157.80 - - [02/Jul/2025:22:57:52 +0200] "GET / HTTP/1.1" 200 1229 "-" "Mozilla/5.0 (iPhone; CPU iPhone OS 13_2_3 like Mac OS X) AppleWebKit/605.1.15 (KHTML, like Gecko) Version/13.0.3 Mobile/15E148 Safari/604.1"
64.227.105.231 - - [02/Jul/2025:22:57:52 +0200] "GET /form.html HTTP/1.1" 404 314 "-" "curl/8.1.2"
64.227.105.231 - - [02/Jul/2025:22:57:52 +0200] "GET /upl.php HTTP/1.1" 404 312 "-" "Mozilla/5.0"
64.227.105.231 - - [02/Jul/2025:22:57:53 +0200] "GET /geoip/ HTTP/1.1" 404 311 "-" "Mozilla/5.0 (Windows NT 10.0; Win64; x64) AppleWebKit/537.36 (KHTML, like Gecko) Chrome/108.0.0.0 Safari/537.36"
64.227.105.231 - - [02/Jul/2025:22:57:53 +0200] "GET /favicon.ico HTTP/1.1" 404 316 "-" "Mozilla/5.0 (Windows NT 10.0; Win64; x64) AppleWebKit/537.36 (KHTML, like Gecko) Chrome/108.0.0.0 Safari/537.36"
64.227.105.231 - - [02/Jul/2025:22:57:53 +0200] "GET /password.php HTTP/1.1" 404 317 "-" "Mozilla/5.0 (Windows NT 10.0; Win64; x64) AppleWebKit/537.36 (KHTML, like Gecko) Chrome/108.0.0.0 Safari/537.36"
212.91.247.32 - - [02/Jul/2025:22:57:53 +0200] "GET / HTTP/1.1" 200 1229 "-" "Mozilla/5.0 (compatible; PRTG Network Monitor (www.paessler.com); Windows)"
204.76.203.206 - - [02/Jul/2025:22:58:33 +0200] "GET / HTTP/1.1" 200 1229 "-" "-"
160.30.44.120 - - [02/Jul/2025:22:58:51 +0200] "GET / HTTP/1.1" 200 1229 "-" "-"
212.91.247.32 - - [02/Jul/2025:22:58:53 +0200] "GET / HTTP/1.1" 200 1229 "-" "Mozilla/5.0 (compatible; PRTG Network Monitor (www.paessler.com); Windows)"
87.121.84.212 - - [02/Jul/2025:22:59:00 +0200] "GET / HTTP/1.1" 200 1229 "-" "Mozilla/5.0 (Windows NT 10.0; Win64; x64) AppleWebKit/537.36 (KHTML, like Gecko) Chrome/90.0.4430.85 Safari/537.36 Edg/90.0.818.46"
161.35.21.81 - - [02/Jul/2025:22:59:02 +0200] "GET /.env HTTP/1.1" 404 309 "-" "Mozilla/5.0; Keydrop.io/1.0(onlyscans.com/about);"
161.35.21.81 - - [02/Jul/2025:22:59:02 +0200] "GET /.git/config HTTP/1.1" 404 316 "-" "Mozilla/5.0; Keydrop.io/1.0(onlyscans.com/about);"
212.91.247.32 - - [02/Jul/2025:22:59:53 +0200] "GET / HTTP/1.1" 200 1229 "-" "Mozilla/5.0 (compatible; PRTG Network Monitor (www.paessler.com); Windows)"
79.124.58.198 - - [02/Jul/2025:23:00:49 +0200] "\x16\x03\x01\x05\xa8\x01" 501 321 "-" "-"
212.91.247.32 - - [02/Jul/2025:23:00:53 +0200] "GET / HTTP/1.1" 200 1229 "-" "Mozilla/5.0 (compatible; PRTG Network Monitor (www.paessler.com); Windows)"
212.91.247.32 - - [02/Jul/2025:23:01:53 +0200] "GET / HTTP/1.1" 200 1229 "-" "Mozilla/5.0 (compatible; PRTG Network Monitor (www.paessler.com); Windows)"
212.91.247.32 - - [02/Jul/2025:23:02:53 +0200] "GET / HTTP/1.1" 200 1229 "-" "Mozilla/5.0 (compatible; PRTG Network Monitor (www.paessler.com); Windows)"
45.131.155.253 - - [02/Jul/2025:23:03:17 +0200] "\x16\x03\x01" 501 318 "-" "-"
45.131.155.253 - - [02/Jul/2025:23:03:28 +0200] "\x16\x03\x01" 501 318 "-" "-"
87.121.84.212 - - [02/Jul/2025:23:03:37 +0200] "GET / HTTP/1.1" 200 1229 "-" "Mozilla/5.0 (Windows NT 10.0; Win64; x64) AppleWebKit/537.36 (KHTML, like Gecko) Chrome/90.0.4430.85 Safari/537.36 Edg/90.0.818.46"
212.91.247.32 - - [02/Jul/2025:23:03:53 +0200] "GET / HTTP/1.1" 200 1229 "-" "Mozilla/5.0 (compatible; PRTG Network Monitor (www.paessler.com); Windows)"
45.131.155.253 - - [02/Jul/2025:23:04:06 +0200] "\x16\x03\x01" 501 318 "-" "-"
45.131.155.253 - - [02/Jul/2025:23:04:06 +0200] "GET / HTTP/1.1" 200 1229 "-" "Mozilla/5.0 (Windows NT 10.0; Win64; x64) AppleWebKit/537.36 (KHTML, like Gecko) Chrome/114.0.0.0 Safari/537.36 Edg/114.0.1823.51"
204.76.203.206 - - [02/Jul/2025:23:04:37 +0200] "GET / HTTP/1.1" 200 1229 "-" "-"
212.91.247.32 - - [02/Jul/2025:23:04:53 +0200] "GET / HTTP/1.1" 200 1229 "-" "Mozilla/5.0 (compatible; PRTG Network Monitor (www.paessler.com); Windows)"
212.91.247.32 - - [02/Jul/2025:23:05:53 +0200] "GET / HTTP/1.1" 200 1229 "-" "Mozilla/5.0 (compatible; PRTG Network Monitor (www.paessler.com); Windows)"
176.65.148.229 - - [02/Jul/2025:23:06:53 +0200] "GET / HTTP/1.1" 200 1229 "-" "-"
212.91.247.32 - - [02/Jul/2025:23:06:53 +0200] "GET / HTTP/1.1" 200 1229 "-" "Mozilla/5.0 (compatible; PRTG Network Monitor (www.paessler.com); Windows)"
43.166.244.192 - - [02/Jul/2025:23:07:49 +0200] "GET / HTTP/1.1" 200 1229 "-" "Mozilla/5.0 (iPhone; CPU iPhone OS 13_2_3 like Mac OS X) AppleWebKit/605.1.15 (KHTML, like Gecko) Version/13.0.3 Mobile/15E148 Safari/604.1"
217.160.141.246 - - [02/Jul/2025:23:07:50 +0200] "HEAD / HTTP/1.1" 200 - "-" "python-requests/2.32.4"
212.91.247.32 - - [02/Jul/2025:23:07:53 +0200] "GET / HTTP/1.1" 200 1229 "-" "Mozilla/5.0 (compatible; PRTG Network Monitor (www.paessler.com); Windows)"
212.91.247.32 - - [02/Jul/2025:23:08:53 +0200] "GET / HTTP/1.1" 200 1229 "-" "Mozilla/5.0 (compatible; PRTG Network Monitor (www.paessler.com); Windows)"
176.65.148.166 - - [02/Jul/2025:23:09:19 +0200] "GET / HTTP/1.1" 200 1229 "-" "-"
204.76.203.206 - - [02/Jul/2025:23:09:40 +0200] "GET / HTTP/1.1" 200 1229 "-" "-"
212.91.247.32 - - [02/Jul/2025:23:09:53 +0200] "GET / HTTP/1.1" 200 1229 "-" "Mozilla/5.0 (compatible; PRTG Network Monitor (www.paessler.com); Windows)"
45.131.155.253 - - [02/Jul/2025:23:10:45 +0200] "\x16\x03\x01" 501 318 "-" "-"
212.91.247.32 - - [02/Jul/2025:23:10:53 +0200] "GET / HTTP/1.1" 200 1229 "-" "Mozilla/5.0 (compatible; PRTG Network Monitor (www.paessler.com); Windows)"
45.131.155.253 - - [02/Jul/2025:23:10:56 +0200] "\x16\x03\x01" 501 318 "-" "-"
45.131.155.253 - - [02/Jul/2025:23:11:22 +0200] "\x16\x03\x01" 501 318 "-" "-"
45.131.155.253 - - [02/Jul/2025:23:11:22 +0200] "GET / HTTP/1.1" 200 1229 "-" "Mozilla/5.0 (X11; Linux x86_64; rv:109.0) Gecko/20100101 Firefox/114.0"
212.91.247.32 - - [02/Jul/2025:23:11:53 +0200] "GET / HTTP/1.1" 200 1229 "-" "Mozilla/5.0 (compatible; PRTG Network Monitor (www.paessler.com); Windows)"
43.159.148.221 - - [02/Jul/2025:23:12:30 +0200] "GET / HTTP/1.1" 200 1229 "-" "Mozilla/5.0 (iPhone; CPU iPhone OS 13_2_3 like Mac OS X) AppleWebKit/605.1.15 (KHTML, like Gecko) Version/13.0.3 Mobile/15E148 Safari/604.1"
185.218.84.47 - - [02/Jul/2025:23:12:48 +0200] "GET / HTTP/1.1" 200 1229 "-" "-"
212.91.247.32 - - [02/Jul/2025:23:12:53 +0200] "GET / HTTP/1.1" 200 1229 "-" "Mozilla/5.0 (compatible; PRTG Network Monitor (www.paessler.com); Windows)"
212.91.247.32 - - [02/Jul/2025:23:13:53 +0200] "GET / HTTP/1.1" 200 1229 "-" "Mozilla/5.0 (compatible; PRTG Network Monitor (www.paessler.com); Windows)"
212.91.247.32 - - [02/Jul/2025:23:14:53 +0200] "GET / HTTP/1.1" 200 1229 "-" "Mozilla/5.0 (compatible; PRTG Network Monitor (www.paessler.com); Windows)"
212.91.247.32 - - [02/Jul/2025:23:15:53 +0200] "GET / HTTP/1.1" 200 1229 "-" "Mozilla/5.0 (compatible; PRTG Network Monitor (www.paessler.com); Windows)"
43.130.111.40 - - [02/Jul/2025:23:16:45 +0200] "GET / HTTP/1.1" 200 1229 "-" "Mozilla/5.0 (iPhone; CPU iPhone OS 13_2_3 like Mac OS X) AppleWebKit/605.1.15 (KHTML, like Gecko) Version/13.0.3 Mobile/15E148 Safari/604.1"
212.91.247.32 - - [02/Jul/2025:23:16:53 +0200] "GET / HTTP/1.1" 200 1229 "-" "Mozilla/5.0 (compatible; PRTG Network Monitor (www.paessler.com); Windows)"
212.91.247.32 - - [02/Jul/2025:23:17:53 +0200] "GET / HTTP/1.1" 200 1229 "-" "Mozilla/5.0 (compatible; PRTG Network Monitor (www.paessler.com); Windows)"
212.91.247.32 - - [02/Jul/2025:23:18:53 +0200] "GET / HTTP/1.1" 200 1229 "-" "Mozilla/5.0 (compatible; PRTG Network Monitor (www.paessler.com); Windows)"
212.91.247.32 - - [02/Jul/2025:23:19:53 +0200] "GET / HTTP/1.1" 200 1229 "-" "Mozilla/5.0 (compatible; PRTG Network Monitor (www.paessler.com); Windows)"
212.91.247.32 - - [02/Jul/2025:23:20:53 +0200] "GET / HTTP/1.1" 200 1229 "-" "Mozilla/5.0 (compatible; PRTG Network Monitor (www.paessler.com); Windows)"
212.91.247.32 - - [02/Jul/2025:23:21:53 +0200] "GET / HTTP/1.1" 200 1229 "-" "Mozilla/5.0 (compatible; PRTG Network Monitor (www.paessler.com); Windows)"
212.91.247.32 - - [02/Jul/2025:23:22:53 +0200] "GET / HTTP/1.1" 200 1229 "-" "Mozilla/5.0 (compatible; PRTG Network Monitor (www.paessler.com); Windows)"
212.91.247.32 - - [02/Jul/2025:23:23:53 +0200] "GET / HTTP/1.1" 200 1229 "-" "Mozilla/5.0 (compatible; PRTG Network Monitor (www.paessler.com); Windows)"
212.91.247.32 - - [02/Jul/2025:23:24:53 +0200] "GET / HTTP/1.1" 200 1229 "-" "Mozilla/5.0 (compatible; PRTG Network Monitor (www.paessler.com); Windows)"
141.98.11.239 - - [02/Jul/2025:23:25:35 +0200] "GET /cgi-bin/luci/;stok=/locale HTTP/1.1" 404 331 "-" "-"
212.91.247.32 - - [02/Jul/2025:23:25:53 +0200] "GET / HTTP/1.1" 200 1229 "-" "Mozilla/5.0 (compatible; PRTG Network Monitor (www.paessler.com); Windows)"
212.91.247.32 - - [02/Jul/2025:23:26:53 +0200] "GET / HTTP/1.1" 200 1229 "-" "Mozilla/5.0 (compatible; PRTG Network Monitor (www.paessler.com); Windows)"
212.91.247.32 - - [02/Jul/2025:23:27:53 +0200] "GET / HTTP/1.1" 200 1229 "-" "Mozilla/5.0 (compatible; PRTG Network Monitor (www.paessler.com); Windows)"
185.218.84.47 - - [02/Jul/2025:23:28:06 +0200] "GET / HTTP/1.1" 200 1229 "-" "-"
212.91.247.32 - - [02/Jul/2025:23:28:53 +0200] "GET / HTTP/1.1" 200 1229 "-" "Mozilla/5.0 (compatible; PRTG Network Monitor (www.paessler.com); Windows)"
212.91.247.32 - - [02/Jul/2025:23:29:53 +0200] "GET / HTTP/1.1" 200 1229 "-" "Mozilla/5.0 (compatible; PRTG Network Monitor (www.paessler.com); Windows)"
212.91.247.32 - - [02/Jul/2025:23:30:53 +0200] "GET / HTTP/1.1" 200 1229 "-" "Mozilla/5.0 (compatible; PRTG Network Monitor (www.paessler.com); Windows)"
212.91.247.32 - - [02/Jul/2025:23:31:53 +0200] "GET / HTTP/1.1" 200 1229 "-" "Mozilla/5.0 (compatible; PRTG Network Monitor (www.paessler.com); Windows)"
49.51.203.164 - - [02/Jul/2025:23:32:33 +0200] "GET / HTTP/1.1" 200 1229 "-" "Mozilla/5.0 (iPhone; CPU iPhone OS 13_2_3 like Mac OS X) AppleWebKit/605.1.15 (KHTML, like Gecko) Version/13.0.3 Mobile/15E148 Safari/604.1"
4.227.36.59 - - [02/Jul/2025:23:32:47 +0200] "GET /robots.txt HTTP/1.1" 404 318 "-" "Mozilla/5.0 AppleWebKit/537.36 (KHTML, like Gecko; compatible; GPTBot/1.2; +https://openai.com/gptbot)"
20.171.207.10 - - [02/Jul/2025:23:32:47 +0200] "GET / HTTP/1.1" 200 1229 "-" "Mozilla/5.0 AppleWebKit/537.36 (KHTML, like Gecko; compatible; GPTBot/1.2; +https://openai.com/gptbot)"
212.91.247.32 - - [02/Jul/2025:23:32:53 +0200] "GET / HTTP/1.1" 200 1229 "-" "Mozilla/5.0 (compatible; PRTG Network Monitor (www.paessler.com); Windows)"
77.90.153.48 - - [02/Jul/2025:23:33:50 +0200] "GET /wp-login.php HTTP/1.1" 404 317 "-" "Mozilla/5.0 (ZZ; Linux x86_64; rv:127.0) Gecko/20100101 Firefox/127.0"
212.91.247.32 - - [02/Jul/2025:23:33:53 +0200] "GET / HTTP/1.1" 200 1229 "-" "Mozilla/5.0 (compatible; PRTG Network Monitor (www.paessler.com); Windows)"
77.90.153.48 - - [02/Jul/2025:23:33:54 +0200] "GET /wp-json/wp/v2/users/ HTTP/1.1" 404 325 "-" "Mozilla/5.0 (Knoppix; Linux i686) AppleWebKit/537.36 (KHTML, like Gecko) Chrome/132.0.0.0 Safari/537.36"
77.90.153.48 - - [02/Jul/2025:23:33:58 +0200] "GET /?rest_route=/wp/v2/users HTTP/1.1" 200 1229 "-" "Mozilla/5.0 (ZZ; Linux i686) AppleWebKit/537.36 (KHTML, like Gecko) Chrome/135.0.0.0 Safari/537.36"
77.90.153.48 - - [02/Jul/2025:23:34:03 +0200] "GET /feed/ HTTP/1.1" 404 310 "-" "Mozilla/5.0 (Windows NT 11.0) AppleWebKit/537.36 (KHTML, like Gecko) Safari/121.0 Safari/537.36"
77.90.153.48 - - [02/Jul/2025:23:34:07 +0200] "GET /author-sitemap.xml HTTP/1.1" 404 323 "-" "Mozilla/5.0 (Macintosh; Intel Mac OS X 11_3) AppleWebKit/605.1.15 (KHTML, like Gecko) Version/14.1 Safari/605.1.15"
212.91.247.32 - - [02/Jul/2025:23:34:53 +0200] "GET / HTTP/1.1" 200 1229 "-" "Mozilla/5.0 (compatible; PRTG Network Monitor (www.paessler.com); Windows)"
45.131.155.253 - - [02/Jul/2025:23:35:46 +0200] "\x16\x03\x01" 501 318 "-" "-"
212.91.247.32 - - [02/Jul/2025:23:35:53 +0200] "GET / HTTP/1.1" 200 1229 "-" "Mozilla/5.0 (compatible; PRTG Network Monitor (www.paessler.com); Windows)"
45.131.155.253 - - [02/Jul/2025:23:35:57 +0200] "\x16\x03\x01" 501 318 "-" "-"
45.131.155.253 - - [02/Jul/2025:23:36:27 +0200] "\x16\x03\x01" 501 318 "-" "-"
45.131.155.253 - - [02/Jul/2025:23:36:28 +0200] "GET / HTTP/1.1" 200 1229 "-" "Mozilla/5.0 (Windows NT 10.0; Win64; x64) AppleWebKit/537.36 (KHTML, like Gecko) Chrome/99.0.4844.51 Safari/537.36"
212.91.247.32 - - [02/Jul/2025:23:36:53 +0200] "GET / HTTP/1.1" 200 1229 "-" "Mozilla/5.0 (compatible; PRTG Network Monitor (www.paessler.com); Windows)"
212.91.247.32 - - [02/Jul/2025:23:37:53 +0200] "GET / HTTP/1.1" 200 1229 "-" "Mozilla/5.0 (compatible; PRTG Network Monitor (www.paessler.com); Windows)"
212.91.247.32 - - [02/Jul/2025:23:38:53 +0200] "GET / HTTP/1.1" 200 1229 "-" "Mozilla/5.0 (compatible; PRTG Network Monitor (www.paessler.com); Windows)"
212.91.247.32 - - [02/Jul/2025:23:39:53 +0200] "GET / HTTP/1.1" 200 1229 "-" "Mozilla/5.0 (compatible; PRTG Network Monitor (www.paessler.com); Windows)"
212.91.247.32 - - [02/Jul/2025:23:40:53 +0200] "GET / HTTP/1.1" 200 1229 "-" "Mozilla/5.0 (compatible; PRTG Network Monitor (www.paessler.com); Windows)"
212.91.247.32 - - [02/Jul/2025:23:41:53 +0200] "GET / HTTP/1.1" 200 1229 "-" "Mozilla/5.0 (compatible; PRTG Network Monitor (www.paessler.com); Windows)"
212.91.247.32 - - [02/Jul/2025:23:42:53 +0200] "GET / HTTP/1.1" 200 1229 "-" "Mozilla/5.0 (compatible; PRTG Network Monitor (www.paessler.com); Windows)"
212.91.247.32 - - [02/Jul/2025:23:43:53 +0200] "GET / HTTP/1.1" 200 1229 "-" "Mozilla/5.0 (compatible; PRTG Network Monitor (www.paessler.com); Windows)"
212.91.247.32 - - [02/Jul/2025:23:44:53 +0200] "GET / HTTP/1.1" 200 1229 "-" "Mozilla/5.0 (compatible; PRTG Network Monitor (www.paessler.com); Windows)"
212.91.247.32 - - [02/Jul/2025:23:45:53 +0200] "GET / HTTP/1.1" 200 1229 "-" "Mozilla/5.0 (compatible; PRTG Network Monitor (www.paessler.com); Windows)"
212.91.247.32 - - [02/Jul/2025:23:46:53 +0200] "GET / HTTP/1.1" 200 1229 "-" "Mozilla/5.0 (compatible; PRTG Network Monitor (www.paessler.com); Windows)"
212.91.247.32 - - [02/Jul/2025:23:47:53 +0200] "GET / HTTP/1.1" 200 1229 "-" "Mozilla/5.0 (compatible; PRTG Network Monitor (www.paessler.com); Windows)"
212.91.247.32 - - [02/Jul/2025:23:48:53 +0200] "GET / HTTP/1.1" 200 1229 "-" "Mozilla/5.0 (compatible; PRTG Network Monitor (www.paessler.com); Windows)"
212.91.247.32 - - [02/Jul/2025:23:49:53 +0200] "GET / HTTP/1.1" 200 1229 "-" "Mozilla/5.0 (compatible; PRTG Network Monitor (www.paessler.com); Windows)"
212.91.247.32 - - [02/Jul/2025:23:50:53 +0200] "GET / HTTP/1.1" 200 1229 "-" "Mozilla/5.0 (compatible; PRTG Network Monitor (www.paessler.com); Windows)"
212.91.247.32 - - [02/Jul/2025:23:51:53 +0200] "GET / HTTP/1.1" 200 1229 "-" "Mozilla/5.0 (compatible; PRTG Network Monitor (www.paessler.com); Windows)"
141.98.10.162 - - [02/Jul/2025:23:52:13 +0200] "GET / HTTP/1.1" 200 1229 "-" "-"
212.91.247.32 - - [02/Jul/2025:23:52:53 +0200] "GET / HTTP/1.1" 200 1229 "-" "Mozilla/5.0 (compatible; PRTG Network Monitor (www.paessler.com); Windows)"
212.91.247.32 - - [02/Jul/2025:23:53:53 +0200] "GET / HTTP/1.1" 200 1229 "-" "Mozilla/5.0 (compatible; PRTG Network Monitor (www.paessler.com); Windows)"
212.91.247.32 - - [02/Jul/2025:23:54:53 +0200] "GET / HTTP/1.1" 200 1229 "-" "Mozilla/5.0 (compatible; PRTG Network Monitor (www.paessler.com); Windows)"
170.39.218.2 - - [02/Jul/2025:23:54:54 +0200] "\x16\x03\x01" 501 318 "-" "-"
170.39.218.2 - - [02/Jul/2025:23:54:54 +0200] "GET / HTTP/1.1" 200 1229 "-" "-"
170.39.218.2 - - [02/Jul/2025:23:54:54 +0200] "HELP" 501 319 "-" "-"
170.39.218.2 - - [02/Jul/2025:23:54:54 +0200] "GET / HTTP/1.1" 200 1229 "-" "l9tcpid/v1.1.0"
170.39.218.2 - - [02/Jul/2025:23:54:54 +0200] "GET /.git/config HTTP/1.1" 404 316 "-" "l9explore/1.2.2"
176.65.148.229 - - [02/Jul/2025:23:55:18 +0200] "GET / HTTP/1.1" 200 1229 "-" "-"
87.121.84.130 - - [02/Jul/2025:23:55:19 +0200] "GET / HTTP/1.1" 200 1229 "-" "Mozilla/5.0"
185.218.84.47 - - [02/Jul/2025:23:55:27 +0200] "GET / HTTP/1.1" 200 1229 "-" "-"
212.91.247.32 - - [02/Jul/2025:23:55:53 +0200] "GET / HTTP/1.1" 200 1229 "-" "Mozilla/5.0 (compatible; PRTG Network Monitor (www.paessler.com); Windows)"
167.94.138.160 - - [02/Jul/2025:23:55:53 +0200] "GET / HTTP/1.1" 200 1229 "-" "Mozilla/5.0 (compatible; CensysInspect/1.1; +https://about.censys.io/)"
167.94.138.160 - - [02/Jul/2025:23:55:56 +0200] "GET /favicon.ico HTTP/1.1" 404 316 "-" "Mozilla/5.0 (compatible; CensysInspect/1.1; +https://about.censys.io/)"
167.94.138.160 - - [02/Jul/2025:23:55:58 +0200] "PRI * HTTP/2.0" 400 329 "-" "-"
167.94.138.160 - - [02/Jul/2025:23:56:03 +0200] "GET /favicon.ico HTTP/1.1" 404 316 "-" "Mozilla/5.0 (compatible; CensysInspect/1.1; +https://about.censys.io/)"
167.94.138.160 - - [02/Jul/2025:23:56:07 +0200] "PRI * HTTP/2.0" 400 329 "-" "-"
167.94.138.160 - - [02/Jul/2025:23:56:16 +0200] "\x16\x03\x01" 501 318 "-" "-"
20.55.35.217 - - [02/Jul/2025:23:56:18 +0200] "GET /portal/redlion HTTP/1.1" 404 319 "-" "Mozilla/5.0 zgrab/0.x"
167.94.138.160 - - [02/Jul/2025:23:56:18 +0200] "GET /security.txt HTTP/1.1" 404 317 "-" "Mozilla/5.0 (compatible; CensysInspect/1.1; +https://about.censys.io/)"
20.55.35.217 - - [02/Jul/2025:23:56:19 +0200] "GET /portal/redlion HTTP/1.1" 404 319 "-" "Mozilla/5.0 zgrab/0.x"
20.55.35.217 - - [02/Jul/2025:23:56:22 +0200] "GET /portal/redlion HTTP/1.1" 404 319 "-" "Mozilla/5.0 zgrab/0.x"
212.91.247.32 - - [02/Jul/2025:23:56:53 +0200] "GET / HTTP/1.1" 200 1229 "-" "Mozilla/5.0 (compatible; PRTG Network Monitor (www.paessler.com); Windows)"
49.51.36.179 - - [02/Jul/2025:23:57:04 +0200] "GET / HTTP/1.1" 200 1229 "-" "Mozilla/5.0 (iPhone; CPU iPhone OS 13_2_3 like Mac OS X) AppleWebKit/605.1.15 (KHTML, like Gecko) Version/13.0.3 Mobile/15E148 Safari/604.1"
20.55.35.217 - - [02/Jul/2025:23:57:19 +0200] "GET /portal/redlion HTTP/1.1" 404 319 "-" "Mozilla/5.0 zgrab/0.x"
77.90.153.48 - - [02/Jul/2025:23:57:39 +0200] "POST /jeecg-boot/jmreport/show HTTP/1.1" 404 329 "-" "Mozilla/5.0 (X11; Linux i686; rv:121.0) Gecko/20100101 Firefox/121.0"
176.65.148.229 - - [02/Jul/2025:23:57:45 +0200] "GET / HTTP/1.1" 200 1229 "-" "-"
212.91.247.32 - - [02/Jul/2025:23:57:53 +0200] "GET / HTTP/1.1" 200 1229 "-" "Mozilla/5.0 (compatible; PRTG Network Monitor (www.paessler.com); Windows)"
20.55.35.217 - - [02/Jul/2025:23:58:05 +0200] "GET /portal/redlion HTTP/1.1" 404 319 "-" "Mozilla/5.0 zgrab/0.x"
165.154.173.226 - - [02/Jul/2025:23:58:06 +0200] "GET / HTTP/1.1" 200 1229 "-" "curl/7.29.0"
165.154.173.226 - - [02/Jul/2025:23:58:07 +0200] "\x16\x03\x01" 501 318 "-" "-"
165.154.173.226 - - [02/Jul/2025:23:58:07 +0200] "t3 12.1.2" 400 329 "-" "-"
20.55.35.217 - - [02/Jul/2025:23:58:14 +0200] "GET /portal/redlion HTTP/1.1" 404 319 "-" "Mozilla/5.0 zgrab/0.x"
165.154.163.113 - - [02/Jul/2025:23:58:46 +0200] "GET / HTTP/1.1" 200 1229 "-" "Mozilla/5.0 (Macintosh; Intel Mac OS X 8_1) AppleWebKit/568.46 (KHTML, like Gecko) Chrome/85.0.2761 Safari/537.36"
165.154.163.113 - - [02/Jul/2025:23:58:46 +0200] "GET /favicon.ico HTTP/1.1" 404 316 "-" "Go-http-client/1.1"
165.154.163.113 - - [02/Jul/2025:23:58:46 +0200] "GET /robots.txt HTTP/1.1" 404 315 "-" "Go-http-client/1.1"
165.154.163.113 - - [02/Jul/2025:23:58:47 +0200] "GET /sitemap.xml HTTP/1.1" 404 316 "-" "Go-http-client/1.1"
212.91.247.32 - - [02/Jul/2025:23:58:53 +0200] "GET / HTTP/1.1" 200 1229 "-" "Mozilla/5.0 (compatible; PRTG Network Monitor (www.paessler.com); Windows)"
20.55.35.217 - - [02/Jul/2025:23:59:11 +0200] "GET /portal/redlion HTTP/1.1" 404 319 "-" "Mozilla/5.0 zgrab/0.x"
20.55.35.217 - - [02/Jul/2025:23:59:20 +0200] "GET /portal/redlion HTTP/1.1" 404 319 "-" "Mozilla/5.0 zgrab/0.x"
77.90.153.48 - - [02/Jul/2025:23:59:29 +0200] "GET /wp-content/plugins/ultimate-member/readme.txt HTTP/1.1" 404 350 "-" "Mozilla/5.0 (X11; Linux x86_64; rv:109.0) Gecko/20100101 Firefox/117.0"
20.55.35.217 - - [02/Jul/2025:23:59:35 +0200] "GET /portal/redlion HTTP/1.1" 404 319 "-" "Mozilla/5.0 zgrab/0.x"
212.91.247.32 - - [02/Jul/2025:23:59:53 +0200] "GET / HTTP/1.1" 200 1229 "-" "Mozilla/5.0 (compatible; PRTG Network Monitor (www.paessler.com); Windows)"
77.90.153.48 - - [03/Jul/2025:00:00:33 +0200] "POST /api/runscript HTTP/1.1" 404 318 "-" "Mozilla/5.0 (Mac OS X 13_2) AppleWebKit/537.36 (KHTML, like Gecko) Edge/116.0 Safari/537.36"
77.90.153.48 - - [03/Jul/2025:00:00:38 +0200] "GET /_images/dFWp7P HTTP/1.1" 404 319 "-" "Mozilla/5.0 (ZZ; Linux i686; rv:132.0) Gecko/20100101 Firefox/132.0"
212.91.247.32 - - [03/Jul/2025:00:00:53 +0200] "GET / HTTP/1.1" 200 1229 "-" "Mozilla/5.0 (compatible; PRTG Network Monitor (www.paessler.com); Windows)"
43.156.156.96 - - [03/Jul/2025:00:01:37 +0200] "GET / HTTP/1.1" 200 1229 "-" "Mozilla/5.0 (iPhone; CPU iPhone OS 13_2_3 like Mac OS X) AppleWebKit/605.1.15 (KHTML, like Gecko) Version/13.0.3 Mobile/15E148 Safari/604.1"
212.91.247.32 - - [03/Jul/2025:00:01:53 +0200] "GET / HTTP/1.1" 200 1229 "-" "Mozilla/5.0 (compatible; PRTG Network Monitor (www.paessler.com); Windows)"
212.91.247.32 - - [03/Jul/2025:00:02:53 +0200] "GET / HTTP/1.1" 200 1229 "-" "Mozilla/5.0 (compatible; PRTG Network Monitor (www.paessler.com); Windows)"
212.91.247.32 - - [03/Jul/2025:00:03:53 +0200] "GET / HTTP/1.1" 200 1229 "-" "Mozilla/5.0 (compatible; PRTG Network Monitor (www.paessler.com); Windows)"
212.91.247.32 - - [03/Jul/2025:00:04:53 +0200] "GET / HTTP/1.1" 200 1229 "-" "Mozilla/5.0 (compatible; PRTG Network Monitor (www.paessler.com); Windows)"
45.131.155.253 - - [03/Jul/2025:00:05:51 +0200] "\x16\x03\x01" 501 318 "-" "-"
212.91.247.32 - - [03/Jul/2025:00:05:53 +0200] "GET / HTTP/1.1" 200 1229 "-" "Mozilla/5.0 (compatible; PRTG Network Monitor (www.paessler.com); Windows)"
45.131.155.253 - - [03/Jul/2025:00:06:02 +0200] "\x16\x03\x01" 501 318 "-" "-"
45.131.155.253 - - [03/Jul/2025:00:06:26 +0200] "\x16\x03\x01" 501 318 "-" "-"
45.131.155.253 - - [03/Jul/2025:00:06:26 +0200] "GET / HTTP/1.1" 200 1229 "-" "Mozilla/5.0 (Windows NT 10.0; rv:114.0) Gecko/20100101 Firefox/114.0"
212.91.247.32 - - [03/Jul/2025:00:06:53 +0200] "GET / HTTP/1.1" 200 1229 "-" "Mozilla/5.0 (compatible; PRTG Network Monitor (www.paessler.com); Windows)"
45.131.155.253 - - [03/Jul/2025:00:08:30 +0200] "\x16\x03\x01" 501 318 "-" "-"
45.131.155.253 - - [03/Jul/2025:00:08:41 +0200] "\x16\x03\x01" 501 318 "-" "-"
45.131.155.253 - - [03/Jul/2025:00:09:07 +0200] "\x16\x03\x01" 501 318 "-" "-"
45.131.155.253 - - [03/Jul/2025:00:09:07 +0200] "GET / HTTP/1.1" 200 1229 "-" "Mozilla/5.0 (Macintosh; Intel Mac OS X 10.15; rv:109.0) Gecko/20100101 Firefox/114.0"
185.218.84.45 - - [03/Jul/2025:00:09:12 +0200] "GET / HTTP/1.1" 200 1229 "-" "-"
93.174.93.12 - - [03/Jul/2025:00:12:17 +0200] "\x16\x03\x02\x01o\x01" 501 321 "-" "-"
47.91.91.123 - - [03/Jul/2025:00:12:23 +0200] "\x16\x03\x01" 501 318 "-" "-"
93.174.93.12 - - [03/Jul/2025:00:13:10 +0200] "\x16\x03\x02\x01o\x01" 501 321 "-" "-"
93.174.93.12 - - [03/Jul/2025:00:14:02 +0200] "\x16\x03\x02\x01o\x01" 501 321 "-" "-"
87.121.84.149 - - [03/Jul/2025:00:14:14 +0200] "GET http://ifconfig.me/ HTTP/1.1" 200 1229 "-" "curl/7.81.0"
93.174.93.12 - - [03/Jul/2025:00:14:59 +0200] "\x16\x03\x02\x01o\x01" 501 321 "-" "-"
93.174.93.12 - - [03/Jul/2025:00:15:06 +0200] "\x16\x03\x02\x01o\x01" 501 321 "-" "-"
93.174.93.12 - - [03/Jul/2025:00:16:02 +0200] "\x16\x03\x02\x01o\x01" 501 321 "-" "-"
185.218.84.46 - - [03/Jul/2025:00:17:23 +0200] "GET / HTTP/1.1" 200 1229 "-" "-"
43.135.144.126 - - [03/Jul/2025:00:17:25 +0200] "GET / HTTP/1.1" 200 1229 "-" "Mozilla/5.0 (iPhone; CPU iPhone OS 13_2_3 like Mac OS X) AppleWebKit/605.1.15 (KHTML, like Gecko) Version/13.0.3 Mobile/15E148 Safari/604.1"
185.218.84.45 - - [03/Jul/2025:00:21:36 +0200] "GET / HTTP/1.1" 200 1229 "-" "-"
43.128.149.102 - - [03/Jul/2025:00:24:17 +0200] "GET / HTTP/1.1" 200 1229 "-" "Mozilla/5.0 (iPhone; CPU iPhone OS 13_2_3 like Mac OS X) AppleWebKit/605.1.15 (KHTML, like Gecko) Version/13.0.3 Mobile/15E148 Safari/604.1"
45.131.155.253 - - [03/Jul/2025:00:24:19 +0200] "\x16\x03\x01" 501 318 "-" "-"
45.131.155.253 - - [03/Jul/2025:00:24:30 +0200] "\x16\x03\x01" 501 318 "-" "-"
45.131.155.253 - - [03/Jul/2025:00:25:08 +0200] "\x16\x03\x01" 501 318 "-" "-"
45.131.155.253 - - [03/Jul/2025:00:25:08 +0200] "GET / HTTP/1.1" 200 1229 "-" "Mozilla/5.0 (Macintosh; Intel Mac OS X 10_15_7) AppleWebKit/605.1.15 (KHTML, like Gecko) Version/16.5.1 Safari/605.1.15"
147.185.132.171 - - [03/Jul/2025:00:27:39 +0200] "\x16\x03\x01" 501 318 "-" "-"
147.185.132.171 - - [03/Jul/2025:00:27:40 +0200] "\x16\x03\x01" 501 318 "-" "-"
40.77.167.255 - - [03/Jul/2025:00:27:52 +0200] "GET /web25/ HTTP/1.1" 404 322 "-" "Mozilla/5.0 AppleWebKit/537.36 (KHTML, like Gecko; compatible; bingbot/2.0; +http://www.bing.com/bingbot.htm) Chrome/116.0.1938.76 Safari/537.36"
119.14.162.251 - - [03/Jul/2025:00:33:48 +0200] "GET / HTTP/1.0" 200 1229 "-" "-"
119.14.162.251 - - [03/Jul/2025:00:35:12 +0200] "GET / HTTP/1.0" 200 1229 "-" "-"
119.14.162.251 - - [03/Jul/2025:00:35:37 +0200] "GET / HTTP/1.0" 200 1229 "-" "-"
170.106.163.84 - - [03/Jul/2025:00:36:26 +0200] "GET / HTTP/1.1" 200 1229 "-" "Mozilla/5.0 (iPhone; CPU iPhone OS 13_2_3 like Mac OS X) AppleWebKit/605.1.15 (KHTML, like Gecko) Version/13.0.3 Mobile/15E148 Safari/604.1"
160.30.44.120 - - [03/Jul/2025:00:37:07 +0200] "GET / HTTP/1.1" 200 1229 "-" "-"
119.14.162.251 - - [03/Jul/2025:00:39:25 +0200] "GET / HTTP/1.0" 200 1229 "-" "-"
119.14.162.251 - - [03/Jul/2025:00:40:09 +0200] "GET / HTTP/1.0" 200 1229 "-" "-"
129.226.93.214 - - [03/Jul/2025:00:40:25 +0200] "GET / HTTP/1.1" 200 1229 "-" "Mozilla/5.0 (iPhone; CPU iPhone OS 13_2_3 like Mac OS X) AppleWebKit/605.1.15 (KHTML, like Gecko) Version/13.0.3 Mobile/15E148 Safari/604.1"
205.210.31.239 - - [03/Jul/2025:00:40:48 +0200] "\x16\x03\x01" 501 318 "-" "-"
205.210.31.239 - - [03/Jul/2025:00:40:48 +0200] "\x16\x03\x01" 501 318 "-" "-"
119.14.162.251 - - [03/Jul/2025:00:41:58 +0200] "GET / HTTP/1.0" 200 1229 "-" "-"
