80.82.70.133 - - [03/Jul/2025:17:18:27 +0200] "GET / HTTP/1.0" 200 1229 "-" "Mozilla/5.0 (Windows NT 6.1; Win64; x64) AppleWebKit/537.36 (KHTML, like Gecko) Chrome/69.0.3497.92 Safari/537.36"
212.91.247.32 - - [03/Jul/2025:17:18:50 +0200] "GET / HTTP/1.1" 200 1229 "-" "Mozilla/5.0 (compatible; PRTG Network Monitor (www.paessler.com); Windows)"
212.91.247.32 - - [03/Jul/2025:17:19:50 +0200] "GET / HTTP/1.1" 200 1229 "-" "Mozilla/5.0 (compatible; PRTG Network Monitor (www.paessler.com); Windows)"
185.218.84.45 - - [03/Jul/2025:17:20:39 +0200] "GET / HTTP/1.1" 200 1229 "-" "-"
212.91.247.32 - - [03/Jul/2025:17:20:50 +0200] "GET / HTTP/1.1" 200 1229 "-" "Mozilla/5.0 (compatible; PRTG Network Monitor (www.paessler.com); Windows)"
93.123.72.134 - - [03/Jul/2025:17:21:32 +0200] "GET / HTTP/1.1" 200 1229 "-" "Mozilla/5.0 (Windows NT 10.0; Win64; x64) AppleWebKit/537.36 (KHTML, like Gecko) Chrome/90.0.4430.85 Safari/537.36 Edg/90.0.818.46"
212.91.247.32 - - [03/Jul/2025:17:21:50 +0200] "GET / HTTP/1.1" 200 1229 "-" "Mozilla/5.0 (compatible; PRTG Network Monitor (www.paessler.com); Windows)"
160.30.44.120 - - [03/Jul/2025:17:21:54 +0200] "GET / HTTP/1.1" 200 1229 "-" "-"
93.123.72.134 - - [03/Jul/2025:17:22:39 +0200] "GET / HTTP/1.1" 200 1229 "-" "Mozilla/5.0 (Windows NT 10.0; Win64; x64) AppleWebKit/537.36 (KHTML, like Gecko) Chrome/90.0.4430.85 Safari/537.36 Edg/90.0.818.46"
212.91.247.32 - - [03/Jul/2025:17:22:50 +0200] "GET / HTTP/1.1" 200 1229 "-" "Mozilla/5.0 (compatible; PRTG Network Monitor (www.paessler.com); Windows)"
195.201.219.235 - - [03/Jul/2025:17:23:14 +0200] "GET /web61/log/2014/11/web.log HTTP/1.0" 404 330 "http://212.91.246.88/web61/log/2014/11/web.log" "Mozilla/5.0 (Windows NT 10.0; Win64; x64) AppleWebKit/537.36 (KHTML, like Gecko) Chrome/131.0.0.0 Safari/537.36 Avast/131.0.0.0"
195.201.219.235 - - [03/Jul/2025:17:23:14 +0200] "GET / HTTP/1.0" 200 1229 "http://212.91.246.88/" "Mozilla/5.0 (Windows NT 10.0; Win64; x64) AppleWebKit/537.36 (KHTML, like Gecko) Chrome/131.0.0.0 Safari/537.36 Avast/131.0.0.0"
212.91.247.32 - - [03/Jul/2025:17:23:50 +0200] "GET / HTTP/1.1" 200 1229 "-" "Mozilla/5.0 (compatible; PRTG Network Monitor (www.paessler.com); Windows)"
212.91.247.32 - - [03/Jul/2025:17:24:50 +0200] "GET / HTTP/1.1" 200 1229 "-" "Mozilla/5.0 (compatible; PRTG Network Monitor (www.paessler.com); Windows)"
212.91.247.32 - - [03/Jul/2025:17:25:50 +0200] "GET / HTTP/1.1" 200 1229 "-" "Mozilla/5.0 (compatible; PRTG Network Monitor (www.paessler.com); Windows)"
212.91.247.32 - - [03/Jul/2025:17:26:50 +0200] "GET / HTTP/1.1" 200 1229 "-" "Mozilla/5.0 (compatible; PRTG Network Monitor (www.paessler.com); Windows)"
212.91.247.32 - - [03/Jul/2025:17:27:50 +0200] "GET / HTTP/1.1" 200 1229 "-" "Mozilla/5.0 (compatible; PRTG Network Monitor (www.paessler.com); Windows)"
212.91.247.32 - - [03/Jul/2025:17:28:50 +0200] "GET / HTTP/1.1" 200 1229 "-" "Mozilla/5.0 (compatible; PRTG Network Monitor (www.paessler.com); Windows)"
77.90.153.48 - - [03/Jul/2025:17:28:58 +0200] "GET / HTTP/1.1" 200 1229 "-" "Mozilla/5.0 (Windows NT 10.0) AppleWebKit/537.36 (KHTML, like Gecko) Safari/120.0 Safari/537.36"
204.76.203.206 - - [03/Jul/2025:17:29:45 +0200] "GET / HTTP/1.1" 200 1229 "-" "-"
212.91.247.32 - - [03/Jul/2025:17:29:50 +0200] "GET / HTTP/1.1" 200 1229 "-" "Mozilla/5.0 (compatible; PRTG Network Monitor (www.paessler.com); Windows)"
212.91.247.32 - - [03/Jul/2025:17:30:50 +0200] "GET / HTTP/1.1" 200 1229 "-" "Mozilla/5.0 (compatible; PRTG Network Monitor (www.paessler.com); Windows)"
212.91.247.32 - - [03/Jul/2025:17:31:50 +0200] "GET / HTTP/1.1" 200 1229 "-" "Mozilla/5.0 (compatible; PRTG Network Monitor (www.paessler.com); Windows)"
212.91.247.32 - - [03/Jul/2025:17:32:50 +0200] "GET / HTTP/1.1" 200 1229 "-" "Mozilla/5.0 (compatible; PRTG Network Monitor (www.paessler.com); Windows)"
212.91.247.32 - - [03/Jul/2025:17:33:50 +0200] "GET / HTTP/1.1" 200 1229 "-" "Mozilla/5.0 (compatible; PRTG Network Monitor (www.paessler.com); Windows)"
212.91.247.32 - - [03/Jul/2025:17:34:50 +0200] "GET / HTTP/1.1" 200 1229 "-" "Mozilla/5.0 (compatible; PRTG Network Monitor (www.paessler.com); Windows)"
212.91.247.32 - - [03/Jul/2025:17:35:50 +0200] "GET / HTTP/1.1" 200 1229 "-" "Mozilla/5.0 (compatible; PRTG Network Monitor (www.paessler.com); Windows)"
212.91.247.32 - - [03/Jul/2025:17:36:50 +0200] "GET / HTTP/1.1" 200 1229 "-" "Mozilla/5.0 (compatible; PRTG Network Monitor (www.paessler.com); Windows)"
87.121.84.130 - - [03/Jul/2025:17:36:50 +0200] "GET / HTTP/1.1" 200 1229 "-" "Mozilla/5.0"
212.91.247.32 - - [03/Jul/2025:17:37:50 +0200] "GET / HTTP/1.1" 200 1229 "-" "Mozilla/5.0 (compatible; PRTG Network Monitor (www.paessler.com); Windows)"
43.153.102.138 - - [03/Jul/2025:17:37:52 +0200] "GET / HTTP/1.1" 200 1229 "-" "Mozilla/5.0 (iPhone; CPU iPhone OS 13_2_3 like Mac OS X) AppleWebKit/605.1.15 (KHTML, like Gecko) Version/13.0.3 Mobile/15E148 Safari/604.1"
196.251.86.204 - - [03/Jul/2025:17:37:58 +0200] "GET / HTTP/1.1" 200 1229 "-" "-"
141.98.10.162 - - [03/Jul/2025:17:38:26 +0200] "GET / HTTP/1.1" 200 1229 "-" "-"
212.91.247.32 - - [03/Jul/2025:17:38:50 +0200] "GET / HTTP/1.1" 200 1229 "-" "Mozilla/5.0 (compatible; PRTG Network Monitor (www.paessler.com); Windows)"
196.251.86.204 - - [03/Jul/2025:17:39:22 +0200] "GET / HTTP/1.1" 200 1229 "-" "-"
204.76.203.206 - - [03/Jul/2025:17:39:29 +0200] "GET / HTTP/1.1" 200 1229 "-" "-"
87.121.84.212 - - [03/Jul/2025:17:39:42 +0200] "GET / HTTP/1.1" 200 1229 "-" "Mozilla/5.0 (Windows NT 10.0; Win64; x64) AppleWebKit/537.36 (KHTML, like Gecko) Chrome/90.0.4430.85 Safari/537.36 Edg/90.0.818.46"
212.91.247.32 - - [03/Jul/2025:17:39:50 +0200] "GET / HTTP/1.1" 200 1229 "-" "Mozilla/5.0 (compatible; PRTG Network Monitor (www.paessler.com); Windows)"
212.91.247.32 - - [03/Jul/2025:17:40:50 +0200] "GET / HTTP/1.1" 200 1229 "-" "Mozilla/5.0 (compatible; PRTG Network Monitor (www.paessler.com); Windows)"
78.153.140.224 - - [03/Jul/2025:17:40:56 +0200] "GET /.env HTTP/1.1" 404 309 "-" "Mozilla/5.0 (Android; Tablet; rv:40.0) Gecko/40.0 Firefox/40.0"
78.153.140.224 - - [03/Jul/2025:17:40:56 +0200] "\x16\x03\x01" 501 318 "-" "-"
78.153.140.224 - - [03/Jul/2025:17:40:56 +0200] "GET /env.template HTTP/1.1" 404 317 "-" "Mozilla/4.0 (compatible; MSIE 8.0; Windows NT 5.1; Trident/4.0; .NET CLR 2.0.50727; .NET CLR 3.0.4506.2152; .NET CLR 3.5.30729; .NET CLR 1.1.4322)"
78.153.140.224 - - [03/Jul/2025:17:40:56 +0200] "GET /env/test.ini HTTP/1.1" 404 317 "-" "Mozilla/5.0 (Linux; U; Android 2.3.4; en-us; Vox Build/GRJ22) AppleWebKit/533.1 (KHTML, like Gecko) Version/4.0 Mobile Safari/533.1"
78.153.140.224 - - [03/Jul/2025:17:40:56 +0200] "GET /dev-env/.env HTTP/1.1" 404 317 "-" "Mozilla/5.0 (Linux; U; Android 4.1.1; fr-fr; GT-N8010 Build/JRO03C) AppleWebKit/534.30 (KHTML, like Gecko) Version/4.0 Safari/534.30"
78.153.140.224 - - [03/Jul/2025:17:40:57 +0200] "GET /helpers/.env HTTP/1.1" 404 317 "-" "Mozilla/5.0 (X11; U; Linux i686; en-US; rv:1.8.0.4) Gecko/20060613 Firefox/1.5.0.4"
78.153.140.224 - - [03/Jul/2025:17:40:59 +0200] "GET /data/env.txt HTTP/1.1" 404 317 "-" "Mozilla/5.0 (Linux; Android 4.4; Nexus 5 Build/BuildID) AppleWebKit/537.36 (KHTML, like Gecko) Version/4.0 Chrome/30.0.0.0 Mobile Safari/537.36"
78.153.140.224 - - [03/Jul/2025:17:41:00 +0200] "GET /current/.env HTTP/1.1" 404 317 "-" "Mozilla/5.0 (Windows NT 6.0; WOW64; rv:40.0) Gecko/20100101 Firefox/40.0"
78.153.140.224 - - [03/Jul/2025:17:41:01 +0200] "GET /cypress/.env HTTP/1.1" 404 317 "-" "Mozilla/5.0 (Windows; U; Windows NT 5.1; en-US) AppleWebKit/532.0 (KHTML, like Gecko) Chrome/4.0.203.2 Safari/532.0"
78.153.140.224 - - [03/Jul/2025:17:41:01 +0200] "GET /dev/.env.BAK HTTP/1.1" 404 317 "-" "Mozilla/5.0 (Windows NT 5.1; WOW64; rv:40.0) Gecko/20100101 Firefox/40.0"
78.153.140.224 - - [03/Jul/2025:17:41:01 +0200] "GET /jenkins/.env HTTP/1.1" 404 317 "-" "Mozilla/5.0 (Linux; Android 6.0.1; SAMSUNG SM-N910T Build/MMB29M) AppleWebKit/537.36 (KHTML, like Gecko) SamsungBrowser/4.0 Chrome/44.0.2403.133 Mobile Safari/537.36"
78.153.140.224 - - [03/Jul/2025:17:41:02 +0200] "GET /dev/.env.aws HTTP/1.1" 404 317 "-" "Mozilla/5.0 (iPhone; CPU iPhone OS 10_0 like Mac OS X) adbeat.com/policy AppleWebKit/602.1.38 (KHTML, like Gecko) Version/10.0 Mobile/14A5297c Safari/602.1"
78.153.140.224 - - [03/Jul/2025:17:41:03 +0200] "GET /core/.env.db HTTP/1.1" 404 317 "-" "Mozilla/5.0 (Linux; U; Android 4.1.2; en-us; SAMSUNG-SGH-I497 Build/JZO54K) AppleWebKit/534.30 (KHTML, like Gecko) Version/4.0 Safari/534.30"
78.153.140.224 - - [03/Jul/2025:17:41:04 +0200] "GET /members/.env HTTP/1.1" 404 317 "-" "Mozilla/5.0 (Android 4.4; Mobile; rv:18.0) Gecko/18.0 Firefox/18.0"
87.121.84.212 - - [03/Jul/2025:17:41:25 +0200] "GET / HTTP/1.1" 200 1229 "-" "Mozilla/5.0 (Windows NT 10.0; Win64; x64) AppleWebKit/537.36 (KHTML, like Gecko) Chrome/90.0.4430.85 Safari/537.36 Edg/90.0.818.46"
196.251.86.204 - - [03/Jul/2025:17:41:29 +0200] "GET / HTTP/1.1" 200 1229 "-" "-"
162.243.37.249 - - [03/Jul/2025:17:41:29 +0200] "GET /.env HTTP/1.1" 404 309 "-" "Mozilla/5.0; Keydrop.io/1.0(onlyscans.com/about);"
162.243.37.249 - - [03/Jul/2025:17:41:30 +0200] "GET /.git/config HTTP/1.1" 404 316 "-" "Mozilla/5.0; Keydrop.io/1.0(onlyscans.com/about);"
196.251.86.204 - - [03/Jul/2025:17:41:49 +0200] "GET / HTTP/1.1" 200 1229 "-" "-"
212.91.247.32 - - [03/Jul/2025:17:41:50 +0200] "GET / HTTP/1.1" 200 1229 "-" "Mozilla/5.0 (compatible; PRTG Network Monitor (www.paessler.com); Windows)"
212.91.247.32 - - [03/Jul/2025:17:42:50 +0200] "GET / HTTP/1.1" 200 1229 "-" "Mozilla/5.0 (compatible; PRTG Network Monitor (www.paessler.com); Windows)"
196.251.86.204 - - [03/Jul/2025:17:43:14 +0200] "GET / HTTP/1.1" 200 1229 "-" "-"
196.251.86.204 - - [03/Jul/2025:17:43:37 +0200] "GET / HTTP/1.1" 200 1229 "-" "-"
196.251.86.204 - - [03/Jul/2025:17:43:41 +0200] "GET / HTTP/1.1" 200 1229 "-" "-"
212.91.247.32 - - [03/Jul/2025:17:43:50 +0200] "GET / HTTP/1.1" 200 1229 "-" "Mozilla/5.0 (compatible; PRTG Network Monitor (www.paessler.com); Windows)"
212.91.247.32 - - [03/Jul/2025:17:44:50 +0200] "GET / HTTP/1.1" 200 1229 "-" "Mozilla/5.0 (compatible; PRTG Network Monitor (www.paessler.com); Windows)"
196.251.86.204 - - [03/Jul/2025:17:45:11 +0200] "GET / HTTP/1.1" 200 1229 "-" "-"
212.91.247.32 - - [03/Jul/2025:17:45:50 +0200] "GET / HTTP/1.1" 200 1229 "-" "Mozilla/5.0 (compatible; PRTG Network Monitor (www.paessler.com); Windows)"
212.91.247.32 - - [03/Jul/2025:17:46:50 +0200] "GET / HTTP/1.1" 200 1229 "-" "Mozilla/5.0 (compatible; PRTG Network Monitor (www.paessler.com); Windows)"
141.98.10.162 - - [03/Jul/2025:17:47:01 +0200] "GET / HTTP/1.1" 200 1229 "-" "-"
212.91.247.32 - - [03/Jul/2025:17:47:50 +0200] "GET / HTTP/1.1" 200 1229 "-" "Mozilla/5.0 (compatible; PRTG Network Monitor (www.paessler.com); Windows)"
212.91.247.32 - - [03/Jul/2025:17:48:50 +0200] "GET / HTTP/1.1" 200 1229 "-" "Mozilla/5.0 (compatible; PRTG Network Monitor (www.paessler.com); Windows)"
212.91.247.32 - - [03/Jul/2025:17:49:50 +0200] "GET / HTTP/1.1" 200 1229 "-" "Mozilla/5.0 (compatible; PRTG Network Monitor (www.paessler.com); Windows)"
212.91.247.32 - - [03/Jul/2025:17:50:50 +0200] "GET / HTTP/1.1" 200 1229 "-" "Mozilla/5.0 (compatible; PRTG Network Monitor (www.paessler.com); Windows)"
212.91.247.32 - - [03/Jul/2025:17:51:50 +0200] "GET / HTTP/1.1" 200 1229 "-" "Mozilla/5.0 (compatible; PRTG Network Monitor (www.paessler.com); Windows)"
43.157.170.13 - - [03/Jul/2025:17:52:43 +0200] "GET / HTTP/1.1" 200 1229 "-" "Mozilla/5.0 (iPhone; CPU iPhone OS 13_2_3 like Mac OS X) AppleWebKit/605.1.15 (KHTML, like Gecko) Version/13.0.3 Mobile/15E148 Safari/604.1"
212.91.247.32 - - [03/Jul/2025:17:52:50 +0200] "GET / HTTP/1.1" 200 1229 "-" "Mozilla/5.0 (compatible; PRTG Network Monitor (www.paessler.com); Windows)"
104.152.52.226 - - [03/Jul/2025:17:53:15 +0200] "GET / HTTP/1.1" 200 1229 "-" "curl/7.61.1"
104.152.52.226 - - [03/Jul/2025:17:53:15 +0200] "GET /favicon.ico HTTP/1.1" 404 316 "-" "curl/7.61.1"
104.152.52.209 - - [03/Jul/2025:17:53:20 +0200] "GET / HTTP/1.1" 200 1229 "-" "curl/7.61.1"
104.152.52.209 - - [03/Jul/2025:17:53:20 +0200] "GET /favicon.ico HTTP/1.1" 404 316 "-" "curl/7.61.1"
212.91.247.32 - - [03/Jul/2025:17:53:50 +0200] "GET / HTTP/1.1" 200 1229 "-" "Mozilla/5.0 (compatible; PRTG Network Monitor (www.paessler.com); Windows)"
212.91.247.32 - - [03/Jul/2025:17:54:50 +0200] "GET / HTTP/1.1" 200 1229 "-" "Mozilla/5.0 (compatible; PRTG Network Monitor (www.paessler.com); Windows)"
18.220.154.78 - - [03/Jul/2025:17:54:52 +0200] "\x16\x03\x01" 501 318 "-" "-"
77.90.153.48 - - [03/Jul/2025:17:54:55 +0200] "GET /wp-content/plugins/backup-backup/readme.txt HTTP/1.1" 404 348 "-" "Mozilla/5.0 (Kubuntu; Linux x86_64; rv:126.0) Gecko/20100101 Firefox/126.0"
77.90.153.48 - - [03/Jul/2025:17:54:55 +0200] "GET /wp-content/plugins/my-calendar/readme.txt HTTP/1.1" 404 346 "-" "Mozilla/5.0 (Fedora; Linux i686; rv:132.0) Gecko/20100101 Firefox/132.0"
77.90.153.48 - - [03/Jul/2025:17:55:07 +0200] "GET /wp-json/lp/v1/load_content_via_ajax/?callback={\"class\"%3a\"LP_Debug\",\"method\"%3a\"var_dump\"}&args=\"2z5DLCqcGBbCTP5o2IWexRojqkU\" HTTP/1.1" 404 341 "-" "Mozilla/5.0 (SS; Linux i686; rv:124.0) Gecko/20100101 Firefox/124.0"
134.209.186.247 - - [03/Jul/2025:17:55:13 +0200] "GET /.env HTTP/1.1" 404 309 "-" "Mozilla/5.0; Keydrop.io/1.0(onlyscans.com/about);"
134.209.186.247 - - [03/Jul/2025:17:55:13 +0200] "GET /.git/config HTTP/1.1" 404 316 "-" "Mozilla/5.0; Keydrop.io/1.0(onlyscans.com/about);"
77.90.153.48 - - [03/Jul/2025:17:55:49 +0200] "GET /index.php?rest_route=%2Fessential-blocks%2Fv1%2Fproducts&is_frontend=true&attributes={\"__file\":\"/etc%2fpasswd\"} HTTP/1.1" 404 314 "-" "Mozilla/5.0 (Macintosh; Intel Mac OS X 10.15; rv:109.0) Gecko/20100101 Firefox/116.0"
212.91.247.32 - - [03/Jul/2025:17:55:50 +0200] "GET / HTTP/1.1" 200 1229 "-" "Mozilla/5.0 (compatible; PRTG Network Monitor (www.paessler.com); Windows)"
77.90.153.48 - - [03/Jul/2025:17:55:52 +0200] "GET /wp-content/plugins/essential-blocks/readme.txt HTTP/1.1" 404 351 "-" "Mozilla/5.0 (Knoppix; Linux x86_64) AppleWebKit/537.36 (KHTML, like Gecko) Chrome/132.0.0.0 Safari/537.36"
212.91.247.32 - - [03/Jul/2025:17:56:50 +0200] "GET / HTTP/1.1" 200 1229 "-" "Mozilla/5.0 (compatible; PRTG Network Monitor (www.paessler.com); Windows)"
104.152.52.159 - - [03/Jul/2025:17:57:25 +0200] "GET / HTTP/1.1" 200 1229 "-" "curl/7.61.1"
104.152.52.159 - - [03/Jul/2025:17:57:25 +0200] "GET /favicon.ico HTTP/1.1" 404 316 "-" "curl/7.61.1"
212.91.247.32 - - [03/Jul/2025:17:57:50 +0200] "GET / HTTP/1.1" 200 1229 "-" "Mozilla/5.0 (compatible; PRTG Network Monitor (www.paessler.com); Windows)"
212.91.247.32 - - [03/Jul/2025:17:58:50 +0200] "GET / HTTP/1.1" 200 1229 "-" "Mozilla/5.0 (compatible; PRTG Network Monitor (www.paessler.com); Windows)"
212.91.247.32 - - [03/Jul/2025:17:59:50 +0200] "GET / HTTP/1.1" 200 1229 "-" "Mozilla/5.0 (compatible; PRTG Network Monitor (www.paessler.com); Windows)"
43.157.150.69 - - [03/Jul/2025:18:00:32 +0200] "GET / HTTP/1.1" 200 1229 "-" "Mozilla/5.0 (iPhone; CPU iPhone OS 13_2_3 like Mac OS X) AppleWebKit/605.1.15 (KHTML, like Gecko) Version/13.0.3 Mobile/15E148 Safari/604.1"
212.91.247.32 - - [03/Jul/2025:18:00:50 +0200] "GET / HTTP/1.1" 200 1229 "-" "Mozilla/5.0 (compatible; PRTG Network Monitor (www.paessler.com); Windows)"
87.121.84.212 - - [03/Jul/2025:18:01:02 +0200] "GET / HTTP/1.1" 200 1229 "-" "Mozilla/5.0 (Windows NT 10.0; Win64; x64) AppleWebKit/537.36 (KHTML, like Gecko) Chrome/90.0.4430.85 Safari/537.36 Edg/90.0.818.46"
212.91.247.32 - - [03/Jul/2025:18:01:50 +0200] "GET / HTTP/1.1" 200 1229 "-" "Mozilla/5.0 (compatible; PRTG Network Monitor (www.paessler.com); Windows)"
216.244.66.234 - - [03/Jul/2025:18:02:08 +0200] "GET /robots.txt HTTP/1.1" 404 315 "-" "Mozilla/5.0 (compatible; DotBot/1.2; +https://opensiteexplorer.org/dotbot; help@moz.com)"
212.91.247.32 - - [03/Jul/2025:18:02:50 +0200] "GET / HTTP/1.1" 200 1229 "-" "Mozilla/5.0 (compatible; PRTG Network Monitor (www.paessler.com); Windows)"
49.51.141.76 - - [03/Jul/2025:18:03:27 +0200] "GET / HTTP/1.1" 200 1229 "-" "Mozilla/5.0 (iPhone; CPU iPhone OS 13_2_3 like Mac OS X) AppleWebKit/605.1.15 (KHTML, like Gecko) Version/13.0.3 Mobile/15E148 Safari/604.1"
212.91.247.32 - - [03/Jul/2025:18:03:50 +0200] "GET / HTTP/1.1" 200 1229 "-" "Mozilla/5.0 (compatible; PRTG Network Monitor (www.paessler.com); Windows)"
143.110.193.108 - - [03/Jul/2025:18:03:55 +0200] "GET /.env HTTP/1.1" 404 309 "-" "Mozilla/5.0; Keydrop.io/1.0(onlyscans.com/about);"
143.110.193.108 - - [03/Jul/2025:18:03:56 +0200] "GET /.git/config HTTP/1.1" 404 316 "-" "Mozilla/5.0; Keydrop.io/1.0(onlyscans.com/about);"
93.174.93.12 - - [03/Jul/2025:18:04:03 +0200] "\x16\x03\x02\x01o\x01" 501 321 "-" "-"
212.91.247.32 - - [03/Jul/2025:18:04:50 +0200] "GET / HTTP/1.1" 200 1229 "-" "Mozilla/5.0 (compatible; PRTG Network Monitor (www.paessler.com); Windows)"
165.22.132.244 - - [03/Jul/2025:18:05:29 +0200] "\x16\x03\x01" 501 318 "-" "-"
165.22.132.244 - - [03/Jul/2025:18:05:29 +0200] "\x16\x03\x01" 501 318 "-" "-"
165.22.132.244 - - [03/Jul/2025:18:05:30 +0200] "GET /form.html HTTP/1.1" 404 314 "-" "curl/8.1.2"
165.22.132.244 - - [03/Jul/2025:18:05:30 +0200] "GET /t4 HTTP/1.1" 404 307 "-" "Mozilla/5.0"
165.22.132.244 - - [03/Jul/2025:18:05:30 +0200] "GET /geoip/ HTTP/1.1" 404 311 "-" "Mozilla/5.0 (Windows NT 10.0; Win64; x64) AppleWebKit/537.36 (KHTML, like Gecko) Chrome/108.0.0.0 Safari/537.36"
165.22.132.244 - - [03/Jul/2025:18:05:31 +0200] "GET /1.php HTTP/1.1" 404 310 "-" "Mozilla/5.0 (Windows NT 10.0; Win64; x64) AppleWebKit/537.36 (KHTML, like Gecko) Chrome/108.0.0.0 Safari/537.36"
165.22.132.244 - - [03/Jul/2025:18:05:31 +0200] "GET /systembc/password.php HTTP/1.1" 404 326 "-" "Mozilla/5.0 (Windows NT 10.0; Win64; x64) AppleWebKit/537.36 (KHTML, like Gecko) Chrome/108.0.0.0 Safari/537.36"
165.22.132.244 - - [03/Jul/2025:18:05:31 +0200] "GET /password.php HTTP/1.1" 404 317 "-" "Mozilla/5.0 (Windows NT 10.0; Win64; x64) AppleWebKit/537.36 (KHTML, like Gecko) Chrome/108.0.0.0 Safari/537.36"
165.22.132.244 - - [03/Jul/2025:18:05:32 +0200] "\x16\x03\x01" 501 318 "-" "-"
165.22.132.244 - - [03/Jul/2025:18:05:32 +0200] "GET /upl.php HTTP/1.1" 404 312 "-" "Mozilla/5.0"
165.22.132.244 - - [03/Jul/2025:18:05:32 +0200] "GET /favicon.ico HTTP/1.1" 404 316 "-" "Mozilla/5.0 (Windows NT 10.0; Win64; x64) AppleWebKit/537.36 (KHTML, like Gecko) Chrome/108.0.0.0 Safari/537.36"
212.91.247.32 - - [03/Jul/2025:18:05:50 +0200] "GET / HTTP/1.1" 200 1229 "-" "Mozilla/5.0 (compatible; PRTG Network Monitor (www.paessler.com); Windows)"
212.91.247.32 - - [03/Jul/2025:18:06:50 +0200] "GET / HTTP/1.1" 200 1229 "-" "Mozilla/5.0 (compatible; PRTG Network Monitor (www.paessler.com); Windows)"
212.91.247.32 - - [03/Jul/2025:18:07:50 +0200] "GET / HTTP/1.1" 200 1229 "-" "Mozilla/5.0 (compatible; PRTG Network Monitor (www.paessler.com); Windows)"
148.153.45.235 - - [03/Jul/2025:18:08:42 +0200] "GET /FWxG HTTP/1.1" 404 309 "-" "Mozilla/5.0 (Macintosh; Intel Mac OS X 10.9; rv:32.0) Gecko/20100101 Firefox/32.0"
148.153.45.235 - - [03/Jul/2025:18:08:44 +0200] "GET /Dz6i HTTP/1.1" 404 309 "-" "Mozilla/5.0 (Macintosh; Intel Mac OS X 10.9; rv:32.0) Gecko/20100101 Firefox/32.0"
148.153.45.235 - - [03/Jul/2025:18:08:44 +0200] "GET /aab8 HTTP/1.1" 404 309 "-" "Mozilla/5.0 (Macintosh; Intel Mac OS X 10.9; rv:32.0) Gecko/20100101 Firefox/32.0"
148.153.45.235 - - [03/Jul/2025:18:08:48 +0200] "GET /jquery-3.3.1.slim.min.js HTTP/1.1" 404 329 "-" "Mozilla/5.0 (Macintosh; Intel Mac OS X 10.9; rv:32.0) Gecko/20100101 Firefox/32.0"
148.153.45.235 - - [03/Jul/2025:18:08:49 +0200] "GET /aab9 HTTP/1.1" 404 309 "-" "Mozilla/5.0 (Macintosh; Intel Mac OS X 10.9; rv:32.0) Gecko/20100101 Firefox/32.0"
148.153.45.235 - - [03/Jul/2025:18:08:49 +0200] "GET /jquery-3.3.2.slim.min.js HTTP/1.1" 404 329 "-" "Mozilla/5.0 (Macintosh; Intel Mac OS X 10.9; rv:32.0) Gecko/20100101 Firefox/32.0"
212.91.247.32 - - [03/Jul/2025:18:08:50 +0200] "GET / HTTP/1.1" 200 1229 "-" "Mozilla/5.0 (compatible; PRTG Network Monitor (www.paessler.com); Windows)"
93.123.72.134 - - [03/Jul/2025:18:09:19 +0200] "GET / HTTP/1.1" 200 1229 "-" "Mozilla/5.0 (Windows NT 10.0; Win64; x64) AppleWebKit/537.36 (KHTML, like Gecko) Chrome/90.0.4430.85 Safari/537.36 Edg/90.0.818.46"
87.121.84.212 - - [03/Jul/2025:18:09:23 +0200] "GET / HTTP/1.1" 200 1229 "-" "Mozilla/5.0 (Windows NT 10.0; Win64; x64) AppleWebKit/537.36 (KHTML, like Gecko) Chrome/90.0.4430.85 Safari/537.36 Edg/90.0.818.46"
87.121.84.212 - - [03/Jul/2025:18:09:30 +0200] "GET / HTTP/1.1" 200 1229 "-" "Mozilla/5.0 (Windows NT 10.0; Win64; x64) AppleWebKit/537.36 (KHTML, like Gecko) Chrome/90.0.4430.85 Safari/537.36 Edg/90.0.818.46"
212.91.247.32 - - [03/Jul/2025:18:09:50 +0200] "GET / HTTP/1.1" 200 1229 "-" "Mozilla/5.0 (compatible; PRTG Network Monitor (www.paessler.com); Windows)"
176.65.148.166 - - [03/Jul/2025:18:10:01 +0200] "GET / HTTP/1.1" 200 1229 "-" "Linux Gnu (cow)"
93.123.72.134 - - [03/Jul/2025:18:10:09 +0200] "GET / HTTP/1.1" 200 1229 "-" "Mozilla/5.0 (Windows NT 10.0; Win64; x64) AppleWebKit/537.36 (KHTML, like Gecko) Chrome/90.0.4430.85 Safari/537.36 Edg/90.0.818.46"
212.91.247.32 - - [03/Jul/2025:18:10:50 +0200] "GET / HTTP/1.1" 200 1229 "-" "Mozilla/5.0 (compatible; PRTG Network Monitor (www.paessler.com); Windows)"
212.91.247.32 - - [03/Jul/2025:18:11:50 +0200] "GET / HTTP/1.1" 200 1229 "-" "Mozilla/5.0 (compatible; PRTG Network Monitor (www.paessler.com); Windows)"
87.121.84.212 - - [03/Jul/2025:18:11:57 +0200] "GET / HTTP/1.1" 200 1229 "-" "Mozilla/5.0 (Windows NT 10.0; Win64; x64) AppleWebKit/537.36 (KHTML, like Gecko) Chrome/90.0.4430.85 Safari/537.36 Edg/90.0.818.46"
87.121.84.212 - - [03/Jul/2025:18:12:38 +0200] "GET / HTTP/1.1" 200 1229 "-" "Mozilla/5.0 (Windows NT 10.0; Win64; x64) AppleWebKit/537.36 (KHTML, like Gecko) Chrome/90.0.4430.85 Safari/537.36 Edg/90.0.818.46"
212.91.247.32 - - [03/Jul/2025:18:12:50 +0200] "GET / HTTP/1.1" 200 1229 "-" "Mozilla/5.0 (compatible; PRTG Network Monitor (www.paessler.com); Windows)"
93.123.72.134 - - [03/Jul/2025:18:13:05 +0200] "GET / HTTP/1.1" 200 1229 "-" "Mozilla/5.0 (Windows NT 10.0; Win64; x64) AppleWebKit/537.36 (KHTML, like Gecko) Chrome/90.0.4430.85 Safari/537.36 Edg/90.0.818.46"
212.91.247.32 - - [03/Jul/2025:18:13:50 +0200] "GET / HTTP/1.1" 200 1229 "-" "Mozilla/5.0 (compatible; PRTG Network Monitor (www.paessler.com); Windows)"
212.91.247.32 - - [03/Jul/2025:18:14:50 +0200] "GET / HTTP/1.1" 200 1229 "-" "Mozilla/5.0 (compatible; PRTG Network Monitor (www.paessler.com); Windows)"
212.91.247.32 - - [03/Jul/2025:18:15:50 +0200] "GET / HTTP/1.1" 200 1229 "-" "Mozilla/5.0 (compatible; PRTG Network Monitor (www.paessler.com); Windows)"
93.123.72.134 - - [03/Jul/2025:18:16:36 +0200] "GET / HTTP/1.1" 200 1229 "-" "Mozilla/5.0 (Windows NT 10.0; Win64; x64) AppleWebKit/537.36 (KHTML, like Gecko) Chrome/90.0.4430.85 Safari/537.36 Edg/90.0.818.46"
212.91.247.32 - - [03/Jul/2025:18:16:50 +0200] "GET / HTTP/1.1" 200 1229 "-" "Mozilla/5.0 (compatible; PRTG Network Monitor (www.paessler.com); Windows)"
45.82.78.254 - - [03/Jul/2025:18:17:32 +0200] "GET /favicon.ico HTTP/1.1" 404 316 "-" "Mozilla/5.0 (X11; Linux x86_64) AppleWebKit/537.36 (KHTML, like Gecko) Chrome/111.0.0.0 Safari/537.36"
212.91.247.32 - - [03/Jul/2025:18:17:50 +0200] "GET / HTTP/1.1" 200 1229 "-" "Mozilla/5.0 (compatible; PRTG Network Monitor (www.paessler.com); Windows)"
43.157.38.228 - - [03/Jul/2025:18:18:26 +0200] "GET / HTTP/1.1" 200 1229 "-" "Mozilla/5.0 (iPhone; CPU iPhone OS 13_2_3 like Mac OS X) AppleWebKit/605.1.15 (KHTML, like Gecko) Version/13.0.3 Mobile/15E148 Safari/604.1"
212.91.247.32 - - [03/Jul/2025:18:18:50 +0200] "GET / HTTP/1.1" 200 1229 "-" "Mozilla/5.0 (compatible; PRTG Network Monitor (www.paessler.com); Windows)"
93.123.72.134 - - [03/Jul/2025:18:18:54 +0200] "GET / HTTP/1.1" 200 1229 "-" "Mozilla/5.0 (Windows NT 10.0; Win64; x64) AppleWebKit/537.36 (KHTML, like Gecko) Chrome/90.0.4430.85 Safari/537.36 Edg/90.0.818.46"
212.91.247.32 - - [03/Jul/2025:18:19:50 +0200] "GET / HTTP/1.1" 200 1229 "-" "Mozilla/5.0 (compatible; PRTG Network Monitor (www.paessler.com); Windows)"
212.91.247.32 - - [03/Jul/2025:18:20:50 +0200] "GET / HTTP/1.1" 200 1229 "-" "Mozilla/5.0 (compatible; PRTG Network Monitor (www.paessler.com); Windows)"
212.91.247.32 - - [03/Jul/2025:18:21:50 +0200] "GET / HTTP/1.1" 200 1229 "-" "Mozilla/5.0 (compatible; PRTG Network Monitor (www.paessler.com); Windows)"
93.123.72.134 - - [03/Jul/2025:18:22:36 +0200] "GET / HTTP/1.1" 200 1229 "-" "Mozilla/5.0 (Windows NT 10.0; Win64; x64) AppleWebKit/537.36 (KHTML, like Gecko) Chrome/90.0.4430.85 Safari/537.36 Edg/90.0.818.46"
212.91.247.32 - - [03/Jul/2025:18:22:50 +0200] "GET / HTTP/1.1" 200 1229 "-" "Mozilla/5.0 (compatible; PRTG Network Monitor (www.paessler.com); Windows)"
212.91.247.32 - - [03/Jul/2025:18:23:50 +0200] "GET / HTTP/1.1" 200 1229 "-" "Mozilla/5.0 (compatible; PRTG Network Monitor (www.paessler.com); Windows)"
212.91.247.32 - - [03/Jul/2025:18:24:50 +0200] "GET / HTTP/1.1" 200 1229 "-" "Mozilla/5.0 (compatible; PRTG Network Monitor (www.paessler.com); Windows)"
212.91.247.32 - - [03/Jul/2025:18:25:50 +0200] "GET / HTTP/1.1" 200 1229 "-" "Mozilla/5.0 (compatible; PRTG Network Monitor (www.paessler.com); Windows)"
87.121.84.212 - - [03/Jul/2025:18:26:05 +0200] "GET / HTTP/1.1" 200 1229 "-" "Mozilla/5.0 (Windows NT 10.0; Win64; x64) AppleWebKit/537.36 (KHTML, like Gecko) Chrome/90.0.4430.85 Safari/537.36 Edg/90.0.818.46"
45.82.78.254 - - [03/Jul/2025:18:26:37 +0200] "GET /favicon.ico HTTP/1.1" 404 316 "-" "Mozilla/5.0 (X11; Linux x86_64) AppleWebKit/537.36 (KHTML, like Gecko) Chrome/113.0.0.0 Safari/537.36"
212.91.247.32 - - [03/Jul/2025:18:26:50 +0200] "GET / HTTP/1.1" 200 1229 "-" "Mozilla/5.0 (compatible; PRTG Network Monitor (www.paessler.com); Windows)"
87.121.84.212 - - [03/Jul/2025:18:27:35 +0200] "GET / HTTP/1.1" 200 1229 "-" "Mozilla/5.0 (Windows NT 10.0; Win64; x64) AppleWebKit/537.36 (KHTML, like Gecko) Chrome/90.0.4430.85 Safari/537.36 Edg/90.0.818.46"
212.91.247.32 - - [03/Jul/2025:18:27:50 +0200] "GET / HTTP/1.1" 200 1229 "-" "Mozilla/5.0 (compatible; PRTG Network Monitor (www.paessler.com); Windows)"
212.91.247.32 - - [03/Jul/2025:18:28:50 +0200] "GET / HTTP/1.1" 200 1229 "-" "Mozilla/5.0 (compatible; PRTG Network Monitor (www.paessler.com); Windows)"
212.91.247.32 - - [03/Jul/2025:18:29:50 +0200] "GET / HTTP/1.1" 200 1229 "-" "Mozilla/5.0 (compatible; PRTG Network Monitor (www.paessler.com); Windows)"
212.91.247.32 - - [03/Jul/2025:18:30:50 +0200] "GET / HTTP/1.1" 200 1229 "-" "Mozilla/5.0 (compatible; PRTG Network Monitor (www.paessler.com); Windows)"
87.121.84.212 - - [03/Jul/2025:18:30:51 +0200] "GET / HTTP/1.1" 200 1229 "-" "Mozilla/5.0 (Windows NT 10.0; Win64; x64) AppleWebKit/537.36 (KHTML, like Gecko) Chrome/90.0.4430.85 Safari/537.36 Edg/90.0.818.46"
151.235.164.49 - - [03/Jul/2025:18:30:54 +0200] "GET / HTTP/1.1" 200 1229 "-" "Mozilla/5.0 (Windows NT 10.0; WOW64) AppleWebKit/537.36 (KHTML, like Gecko) Chrome/52.0.2743.116 Safari/537.36"
93.123.72.134 - - [03/Jul/2025:18:31:08 +0200] "GET / HTTP/1.1" 200 1229 "-" "Mozilla/5.0 (Windows NT 10.0; Win64; x64) AppleWebKit/537.36 (KHTML, like Gecko) Chrome/90.0.4430.85 Safari/537.36 Edg/90.0.818.46"
212.91.247.32 - - [03/Jul/2025:18:31:50 +0200] "GET / HTTP/1.1" 200 1229 "-" "Mozilla/5.0 (compatible; PRTG Network Monitor (www.paessler.com); Windows)"
212.91.247.32 - - [03/Jul/2025:18:32:50 +0200] "GET / HTTP/1.1" 200 1229 "-" "Mozilla/5.0 (compatible; PRTG Network Monitor (www.paessler.com); Windows)"
212.91.247.32 - - [03/Jul/2025:18:33:50 +0200] "GET / HTTP/1.1" 200 1229 "-" "Mozilla/5.0 (compatible; PRTG Network Monitor (www.paessler.com); Windows)"
93.123.72.134 - - [03/Jul/2025:18:34:20 +0200] "GET / HTTP/1.1" 200 1229 "-" "Mozilla/5.0 (Windows NT 10.0; Win64; x64) AppleWebKit/537.36 (KHTML, like Gecko) Chrome/90.0.4430.85 Safari/537.36 Edg/90.0.818.46"
212.91.247.32 - - [03/Jul/2025:18:34:50 +0200] "GET / HTTP/1.1" 200 1229 "-" "Mozilla/5.0 (compatible; PRTG Network Monitor (www.paessler.com); Windows)"
185.218.84.46 - - [03/Jul/2025:18:35:18 +0200] "GET / HTTP/1.1" 200 1229 "-" "-"
212.91.247.32 - - [03/Jul/2025:18:35:50 +0200] "GET / HTTP/1.1" 200 1229 "-" "Mozilla/5.0 (compatible; PRTG Network Monitor (www.paessler.com); Windows)"
185.208.158.206 - - [03/Jul/2025:18:36:11 +0200] "POST / HTTP/1.1" 200 1229 "-" "Mozilla/5.0 (mitsec)"
212.91.247.32 - - [03/Jul/2025:18:36:50 +0200] "GET / HTTP/1.1" 200 1229 "-" "Mozilla/5.0 (compatible; PRTG Network Monitor (www.paessler.com); Windows)"
212.91.247.32 - - [03/Jul/2025:18:37:50 +0200] "GET / HTTP/1.1" 200 1229 "-" "Mozilla/5.0 (compatible; PRTG Network Monitor (www.paessler.com); Windows)"
212.91.247.32 - - [03/Jul/2025:18:38:50 +0200] "GET / HTTP/1.1" 200 1229 "-" "Mozilla/5.0 (compatible; PRTG Network Monitor (www.paessler.com); Windows)"
93.123.72.134 - - [03/Jul/2025:18:39:19 +0200] "GET / HTTP/1.1" 200 1229 "-" "Mozilla/5.0 (Windows NT 10.0; Win64; x64) AppleWebKit/537.36 (KHTML, like Gecko) Chrome/90.0.4430.85 Safari/537.36 Edg/90.0.818.46"
212.91.247.32 - - [03/Jul/2025:18:39:50 +0200] "GET / HTTP/1.1" 200 1229 "-" "Mozilla/5.0 (compatible; PRTG Network Monitor (www.paessler.com); Windows)"
212.91.247.32 - - [03/Jul/2025:18:40:50 +0200] "GET / HTTP/1.1" 200 1229 "-" "Mozilla/5.0 (compatible; PRTG Network Monitor (www.paessler.com); Windows)"
212.91.247.32 - - [03/Jul/2025:18:41:50 +0200] "GET / HTTP/1.1" 200 1229 "-" "Mozilla/5.0 (compatible; PRTG Network Monitor (www.paessler.com); Windows)"
212.91.247.32 - - [03/Jul/2025:18:42:50 +0200] "GET / HTTP/1.1" 200 1229 "-" "Mozilla/5.0 (compatible; PRTG Network Monitor (www.paessler.com); Windows)"
196.251.87.54 - - [03/Jul/2025:18:43:46 +0200] "CONNECT 196.251.87.54:80 HTTP/1.0" 405 342 "-" "-"
196.251.87.54 - - [03/Jul/2025:18:43:49 +0200] "SSH-2.0-libssh_0.11.1" 501 336 "-" "-"
212.91.247.32 - - [03/Jul/2025:18:43:50 +0200] "GET / HTTP/1.1" 200 1229 "-" "Mozilla/5.0 (compatible; PRTG Network Monitor (www.paessler.com); Windows)"
196.251.87.54 - - [03/Jul/2025:18:43:53 +0200] "SSH-2.0-libssh_0.11.1" 501 336 "-" "-"
196.251.87.54 - - [03/Jul/2025:18:44:00 +0200] "SSH-2.0-libssh_0.11.1" 501 336 "-" "-"
196.251.87.54 - - [03/Jul/2025:18:44:06 +0200] "SSH-2.0-libssh_0.11.1" 501 336 "-" "-"
196.251.87.54 - - [03/Jul/2025:18:44:10 +0200] "SSH-2.0-libssh_0.11.1" 501 336 "-" "-"
196.251.87.54 - - [03/Jul/2025:18:44:19 +0200] "SSH-2.0-libssh_0.11.1" 501 336 "-" "-"
196.251.87.54 - - [03/Jul/2025:18:44:23 +0200] "SSH-2.0-libssh_0.11.1" 501 336 "-" "-"
196.251.87.54 - - [03/Jul/2025:18:44:26 +0200] "SSH-2.0-libssh_0.11.1" 501 336 "-" "-"
196.251.87.54 - - [03/Jul/2025:18:44:33 +0200] "SSH-2.0-libssh_0.11.1" 501 336 "-" "-"
196.251.87.54 - - [03/Jul/2025:18:44:38 +0200] "SSH-2.0-libssh_0.11.1" 501 336 "-" "-"
196.251.87.54 - - [03/Jul/2025:18:44:40 +0200] "SSH-2.0-libssh_0.11.1" 501 336 "-" "-"
212.91.247.32 - - [03/Jul/2025:18:44:50 +0200] "GET / HTTP/1.1" 200 1229 "-" "Mozilla/5.0 (compatible; PRTG Network Monitor (www.paessler.com); Windows)"
212.91.247.32 - - [03/Jul/2025:18:45:50 +0200] "GET / HTTP/1.1" 200 1229 "-" "Mozilla/5.0 (compatible; PRTG Network Monitor (www.paessler.com); Windows)"
45.131.155.253 - - [03/Jul/2025:18:45:54 +0200] "\x16\x03\x01" 501 318 "-" "-"
45.131.155.253 - - [03/Jul/2025:18:46:05 +0200] "\x16\x03\x01" 501 318 "-" "-"
212.91.247.32 - - [03/Jul/2025:18:46:50 +0200] "GET / HTTP/1.1" 200 1229 "-" "Mozilla/5.0 (compatible; PRTG Network Monitor (www.paessler.com); Windows)"
45.131.155.253 - - [03/Jul/2025:18:46:57 +0200] "\x16\x03\x01" 501 318 "-" "-"
45.131.155.253 - - [03/Jul/2025:18:46:58 +0200] "GET / HTTP/1.1" 200 1229 "-" "Mozilla/5.0 (Windows NT 10.0; rv:114.0) Gecko/20100101 Firefox/114.0"
212.91.247.32 - - [03/Jul/2025:18:47:50 +0200] "GET / HTTP/1.1" 200 1229 "-" "Mozilla/5.0 (compatible; PRTG Network Monitor (www.paessler.com); Windows)"
212.91.247.32 - - [03/Jul/2025:18:48:50 +0200] "GET / HTTP/1.1" 200 1229 "-" "Mozilla/5.0 (compatible; PRTG Network Monitor (www.paessler.com); Windows)"
212.91.247.32 - - [03/Jul/2025:18:49:50 +0200] "GET / HTTP/1.1" 200 1229 "-" "Mozilla/5.0 (compatible; PRTG Network Monitor (www.paessler.com); Windows)"
77.90.153.48 - - [03/Jul/2025:18:50:15 +0200] "GET /api/login/unlockGetData HTTP/1.1" 404 328 "-" "Mozilla/5.0 (Windows NT 10.0; Win64; x64) AppleWebKit/537.36 (KHTML, like Gecko) Chrome/64.0.3282.140 Safari/537.36 Edge/17.17134"
77.90.153.48 - - [03/Jul/2025:18:50:17 +0200] "POST /ajax-api/2.0/mlflow/registered-models/create HTTP/1.1" 404 349 "-" "Mozilla/5.0 (ZZ; Linux x86_64) AppleWebKit/537.36 (KHTML, like Gecko) Chrome/125.0.0.0 Safari/537.36"
77.90.153.48 - - [03/Jul/2025:18:50:18 +0200] "POST /api/login/ HTTP/1.1" 404 315 "-" "Mozilla/5.0 (Windows NT 11.0) AppleWebKit/537.36 (KHTML, like Gecko) Safari/127.0 Safari/537.36"
77.90.153.48 - - [03/Jul/2025:18:50:20 +0200] "POST /ajax-api/2.0/mlflow/model-versions/create HTTP/1.1" 404 346 "-" "Mozilla/5.0 (Macintosh; Intel Mac OS X 10_13_6) AppleWebKit/605.1.15 (KHTML, like Gecko) Version/12.1.2 Safari/605.1.15"
77.90.153.48 - - [03/Jul/2025:18:50:23 +0200] "POST /ajax-api/2.0/mlflow/model-versions/create HTTP/1.1" 404 346 "-" "Mozilla/5.0 (Mac OS X 13_2) AppleWebKit/537.36 (KHTML, like Gecko) Safari/125.0 Safari/537.36"
77.90.153.48 - - [03/Jul/2025:18:50:26 +0200] "GET /model-versions/get-artifact?path=random&name=hbeYsy&version=2 HTTP/1.1" 404 332 "-" "Mozilla/5.0 (Ubuntu; Linux i686) AppleWebKit/537.36 (KHTML, like Gecko) Chrome/127.0.0.0 Safari/537.36"
212.91.247.32 - - [03/Jul/2025:18:50:50 +0200] "GET / HTTP/1.1" 200 1229 "-" "Mozilla/5.0 (compatible; PRTG Network Monitor (www.paessler.com); Windows)"
3.130.96.91 - - [03/Jul/2025:18:51:24 +0200] "GET / HTTP/1.1" 200 1229 "-" "Mozilla/5.0 (Macintosh; Intel Mac OS X 10_15_7) Chrome/126.0.0.0 Safari/537.36"
3.130.96.91 - - [03/Jul/2025:18:51:25 +0200] "GET / HTTP/1.1" 200 1229 "-" "Mozilla/5.0 (Macintosh; Intel Mac OS X 10_15_7) Chrome/126.0.0.0 Safari/537.36"
3.130.96.91 - - [03/Jul/2025:18:51:28 +0200] "GET / HTTP/1.1" 200 1229 "-" "Mozilla/5.0 (Macintosh; Intel Mac OS X 10_15_7) Chrome/126.0.0.0 Safari/537.36"
3.130.96.91 - - [03/Jul/2025:18:51:29 +0200] "GET / HTTP/1.1" 200 1229 "-" "Mozilla/5.0 (Macintosh; Intel Mac OS X 10_15_7) Chrome/126.0.0.0 Safari/537.36"
3.130.96.91 - - [03/Jul/2025:18:51:40 +0200] "GET / HTTP/1.1" 200 1229 "-" "Mozilla/5.0 (Macintosh; Intel Mac OS X 10_15_7) Chrome/126.0.0.0 Safari/537.36"
212.91.247.32 - - [03/Jul/2025:18:51:50 +0200] "GET / HTTP/1.1" 200 1229 "-" "Mozilla/5.0 (compatible; PRTG Network Monitor (www.paessler.com); Windows)"
3.130.96.91 - - [03/Jul/2025:18:52:42 +0200] "GET / HTTP/1.1" 200 1229 "-" "Mozilla/5.0 (Macintosh; Intel Mac OS X 10_15_7) Chrome/126.0.0.0 Safari/537.36"
212.91.247.32 - - [03/Jul/2025:18:52:50 +0200] "GET / HTTP/1.1" 200 1229 "-" "Mozilla/5.0 (compatible; PRTG Network Monitor (www.paessler.com); Windows)"
3.130.96.91 - - [03/Jul/2025:18:53:06 +0200] "GET / HTTP/1.1" 200 1229 "-" "Mozilla/5.0 (Macintosh; Intel Mac OS X 10_15_7) Chrome/126.0.0.0 Safari/537.36"
3.130.96.91 - - [03/Jul/2025:18:53:49 +0200] "GET / HTTP/1.1" 200 1229 "-" "Mozilla/5.0 (Macintosh; Intel Mac OS X 10_15_7) Chrome/126.0.0.0 Safari/537.36"
3.130.96.91 - - [03/Jul/2025:18:53:50 +0200] "\x16\x03\x01" 501 318 "-" "-"
212.91.247.32 - - [03/Jul/2025:18:53:50 +0200] "GET / HTTP/1.1" 200 1229 "-" "Mozilla/5.0 (compatible; PRTG Network Monitor (www.paessler.com); Windows)"
3.130.96.91 - - [03/Jul/2025:18:54:22 +0200] "GET / HTTP/1.1" 200 1229 "-" "Mozilla/5.0 (Macintosh; Intel Mac OS X 10_15_7) Chrome/126.0.0.0 Safari/537.36"
3.130.96.91 - - [03/Jul/2025:18:54:34 +0200] "\x16\x03\x01" 501 318 "-" "-"
212.91.247.32 - - [03/Jul/2025:18:54:50 +0200] "GET / HTTP/1.1" 200 1229 "-" "Mozilla/5.0 (compatible; PRTG Network Monitor (www.paessler.com); Windows)"
3.130.96.91 - - [03/Jul/2025:18:54:51 +0200] "GET / HTTP/1.1" 200 1229 "-" "Mozilla/5.0 (Macintosh; Intel Mac OS X 10_15_7) Chrome/126.0.0.0 Safari/537.36"
3.130.96.91 - - [03/Jul/2025:18:55:28 +0200] "GET / HTTP/1.1" 200 1229 "-" "Mozilla/5.0 (Macintosh; Intel Mac OS X 10_15_7) Chrome/126.0.0.0 Safari/537.36"
3.130.96.91 - - [03/Jul/2025:18:55:34 +0200] "GET / HTTP/1.1" 200 1229 "-" "Mozilla/5.0 (Macintosh; Intel Mac OS X 10_15_7) Chrome/126.0.0.0 Safari/537.36"
3.130.96.91 - - [03/Jul/2025:18:55:42 +0200] "\x16\x03\x01" 501 318 "-" "-"
212.91.247.32 - - [03/Jul/2025:18:55:50 +0200] "GET / HTTP/1.1" 200 1229 "-" "Mozilla/5.0 (compatible; PRTG Network Monitor (www.paessler.com); Windows)"
170.39.218.2 - - [03/Jul/2025:18:56:36 +0200] "\x16\x03\x01" 501 318 "-" "-"
170.39.218.2 - - [03/Jul/2025:18:56:36 +0200] "GET / HTTP/1.1" 200 1229 "-" "-"
170.39.218.2 - - [03/Jul/2025:18:56:36 +0200] "HELP" 501 319 "-" "-"
170.39.218.2 - - [03/Jul/2025:18:56:36 +0200] "GET / HTTP/1.1" 200 1229 "-" "l9tcpid/v1.1.0"
170.39.218.2 - - [03/Jul/2025:18:56:36 +0200] "GET /.git/config HTTP/1.1" 404 316 "-" "l9explore/1.2.2"
3.130.96.91 - - [03/Jul/2025:18:56:49 +0200] "SSH-2.0-Go" 501 325 "-" "-"
212.91.247.32 - - [03/Jul/2025:18:56:50 +0200] "GET / HTTP/1.1" 200 1229 "-" "Mozilla/5.0 (compatible; PRTG Network Monitor (www.paessler.com); Windows)"
3.130.96.91 - - [03/Jul/2025:18:56:56 +0200] "\x16\x03\x01" 501 318 "-" "-"
3.130.96.91 - - [03/Jul/2025:18:57:08 +0200] "\x16\x03\x01" 501 318 "-" "-"
3.130.96.91 - - [03/Jul/2025:18:57:09 +0200] "\x16\x03\x01" 501 318 "-" "-"
3.130.96.91 - - [03/Jul/2025:18:57:48 +0200] "\x16\x03\x01" 501 318 "-" "-"
212.91.247.32 - - [03/Jul/2025:18:57:50 +0200] "GET / HTTP/1.1" 200 1229 "-" "Mozilla/5.0 (compatible; PRTG Network Monitor (www.paessler.com); Windows)"
3.130.96.91 - - [03/Jul/2025:18:57:57 +0200] "\x16\x03\x01" 501 318 "-" "-"
3.130.96.91 - - [03/Jul/2025:18:58:01 +0200] "SSH-2.0-Go" 501 325 "-" "-"
3.130.96.91 - - [03/Jul/2025:18:58:03 +0200] "\x16\x03\x01" 501 318 "-" "-"
3.130.96.91 - - [03/Jul/2025:18:58:48 +0200] "\x16\x03\x01" 501 318 "-" "-"
212.91.247.32 - - [03/Jul/2025:18:58:50 +0200] "GET / HTTP/1.1" 200 1229 "-" "Mozilla/5.0 (compatible; PRTG Network Monitor (www.paessler.com); Windows)"
3.130.96.91 - - [03/Jul/2025:18:59:05 +0200] "SSH-2.0-Go" 501 325 "-" "-"
3.130.96.91 - - [03/Jul/2025:18:59:10 +0200] "SSH-2.0-Go" 501 325 "-" "-"
3.130.96.91 - - [03/Jul/2025:18:59:47 +0200] "\x16\x03\x01" 501 318 "-" "-"
212.91.247.32 - - [03/Jul/2025:18:59:50 +0200] "GET / HTTP/1.1" 200 1229 "-" "Mozilla/5.0 (compatible; PRTG Network Monitor (www.paessler.com); Windows)"
45.82.78.254 - - [03/Jul/2025:19:00:04 +0200] "GET /favicon.ico HTTP/1.1" 404 316 "-" "Mozilla/5.0 (Windows NT 10.0; rv:113.0) Gecko/20100101 Firefox/113.0"
93.123.72.134 - - [03/Jul/2025:19:00:26 +0200] "GET / HTTP/1.1" 200 1229 "-" "Mozilla/5.0 (Windows NT 10.0; Win64; x64) AppleWebKit/537.36 (KHTML, like Gecko) Chrome/90.0.4430.85 Safari/537.36 Edg/90.0.818.46"
43.166.132.142 - - [03/Jul/2025:19:00:28 +0200] "GET / HTTP/1.1" 200 1229 "-" "Mozilla/5.0 (iPhone; CPU iPhone OS 13_2_3 like Mac OS X) AppleWebKit/605.1.15 (KHTML, like Gecko) Version/13.0.3 Mobile/15E148 Safari/604.1"
3.130.96.91 - - [03/Jul/2025:19:00:30 +0200] "\x16\x03\x01" 501 318 "-" "-"
3.130.96.91 - - [03/Jul/2025:19:00:34 +0200] "\x16\x03\x01" 501 318 "-" "-"
212.91.247.32 - - [03/Jul/2025:19:00:50 +0200] "GET / HTTP/1.1" 200 1229 "-" "Mozilla/5.0 (compatible; PRTG Network Monitor (www.paessler.com); Windows)"
45.131.155.253 - - [03/Jul/2025:19:01:08 +0200] "\x16\x03\x01" 501 318 "-" "-"
45.131.155.253 - - [03/Jul/2025:19:01:19 +0200] "\x16\x03\x01" 501 318 "-" "-"
212.91.247.32 - - [03/Jul/2025:19:01:50 +0200] "GET / HTTP/1.1" 200 1229 "-" "Mozilla/5.0 (compatible; PRTG Network Monitor (www.paessler.com); Windows)"
45.131.155.253 - - [03/Jul/2025:19:02:07 +0200] "\x16\x03\x01" 501 318 "-" "-"
45.131.155.253 - - [03/Jul/2025:19:02:08 +0200] "GET / HTTP/1.1" 200 1229 "-" "Mozilla/5.0 (Windows NT 10.0; Win64; x64) AppleWebKit/537.36 (KHTML, like Gecko) Chrome/113.0.0.0 Safari/537.36 Edg/113.0.1774.57"
212.91.247.32 - - [03/Jul/2025:19:02:50 +0200] "GET / HTTP/1.1" 200 1229 "-" "Mozilla/5.0 (compatible; PRTG Network Monitor (www.paessler.com); Windows)"
212.91.247.32 - - [03/Jul/2025:19:03:50 +0200] "GET / HTTP/1.1" 200 1229 "-" "Mozilla/5.0 (compatible; PRTG Network Monitor (www.paessler.com); Windows)"
170.106.82.209 - - [03/Jul/2025:19:04:12 +0200] "GET / HTTP/1.1" 200 1229 "-" "Mozilla/5.0 (iPhone; CPU iPhone OS 13_2_3 like Mac OS X) AppleWebKit/605.1.15 (KHTML, like Gecko) Version/13.0.3 Mobile/15E148 Safari/604.1"
212.91.247.32 - - [03/Jul/2025:19:04:50 +0200] "GET / HTTP/1.1" 200 1229 "-" "Mozilla/5.0 (compatible; PRTG Network Monitor (www.paessler.com); Windows)"
212.91.247.32 - - [03/Jul/2025:19:05:50 +0200] "GET / HTTP/1.1" 200 1229 "-" "Mozilla/5.0 (compatible; PRTG Network Monitor (www.paessler.com); Windows)"
43.130.57.46 - - [03/Jul/2025:19:06:49 +0200] "GET / HTTP/1.1" 200 1229 "-" "Mozilla/5.0 (iPhone; CPU iPhone OS 13_2_3 like Mac OS X) AppleWebKit/605.1.15 (KHTML, like Gecko) Version/13.0.3 Mobile/15E148 Safari/604.1"
212.91.247.32 - - [03/Jul/2025:19:06:50 +0200] "GET / HTTP/1.1" 200 1229 "-" "Mozilla/5.0 (compatible; PRTG Network Monitor (www.paessler.com); Windows)"
212.91.247.32 - - [03/Jul/2025:19:07:50 +0200] "GET / HTTP/1.1" 200 1229 "-" "Mozilla/5.0 (compatible; PRTG Network Monitor (www.paessler.com); Windows)"
212.91.247.32 - - [03/Jul/2025:19:08:50 +0200] "GET / HTTP/1.1" 200 1229 "-" "Mozilla/5.0 (compatible; PRTG Network Monitor (www.paessler.com); Windows)"
212.91.247.32 - - [03/Jul/2025:19:09:50 +0200] "GET / HTTP/1.1" 200 1229 "-" "Mozilla/5.0 (compatible; PRTG Network Monitor (www.paessler.com); Windows)"
212.91.247.32 - - [03/Jul/2025:19:10:50 +0200] "GET / HTTP/1.1" 200 1229 "-" "Mozilla/5.0 (compatible; PRTG Network Monitor (www.paessler.com); Windows)"
212.91.247.32 - - [03/Jul/2025:19:11:50 +0200] "GET / HTTP/1.1" 200 1229 "-" "Mozilla/5.0 (compatible; PRTG Network Monitor (www.paessler.com); Windows)"
212.91.247.32 - - [03/Jul/2025:19:12:50 +0200] "GET / HTTP/1.1" 200 1229 "-" "Mozilla/5.0 (compatible; PRTG Network Monitor (www.paessler.com); Windows)"
212.91.247.32 - - [03/Jul/2025:19:13:50 +0200] "GET / HTTP/1.1" 200 1229 "-" "Mozilla/5.0 (compatible; PRTG Network Monitor (www.paessler.com); Windows)"
45.131.155.253 - - [03/Jul/2025:19:14:34 +0200] "\x16\x03\x01" 501 318 "-" "-"
185.218.84.47 - - [03/Jul/2025:19:14:37 +0200] "GET / HTTP/1.1" 200 1229 "-" "-"
45.131.155.253 - - [03/Jul/2025:19:14:45 +0200] "\x16\x03\x01" 501 318 "-" "-"
212.91.247.32 - - [03/Jul/2025:19:14:50 +0200] "GET / HTTP/1.1" 200 1229 "-" "Mozilla/5.0 (compatible; PRTG Network Monitor (www.paessler.com); Windows)"
45.131.155.253 - - [03/Jul/2025:19:15:24 +0200] "\x16\x03\x01" 501 318 "-" "-"
45.131.155.253 - - [03/Jul/2025:19:15:28 +0200] "GET / HTTP/1.1" 200 1229 "-" "Mozilla/5.0 (X11; Linux x86_64; rv:102.0) Gecko/20100101 Firefox/102.0"
204.76.203.206 - - [03/Jul/2025:19:15:49 +0200] "GET / HTTP/1.1" 200 1229 "-" "-"
212.91.247.32 - - [03/Jul/2025:19:15:50 +0200] "GET / HTTP/1.1" 200 1229 "-" "Mozilla/5.0 (compatible; PRTG Network Monitor (www.paessler.com); Windows)"
170.106.72.178 - - [03/Jul/2025:19:16:17 +0200] "GET / HTTP/1.1" 200 1229 "-" "Mozilla/5.0 (iPhone; CPU iPhone OS 13_2_3 like Mac OS X) AppleWebKit/605.1.15 (KHTML, like Gecko) Version/13.0.3 Mobile/15E148 Safari/604.1"
212.91.247.32 - - [03/Jul/2025:19:16:50 +0200] "GET / HTTP/1.1" 200 1229 "-" "Mozilla/5.0 (compatible; PRTG Network Monitor (www.paessler.com); Windows)"
212.91.247.32 - - [03/Jul/2025:19:17:50 +0200] "GET / HTTP/1.1" 200 1229 "-" "Mozilla/5.0 (compatible; PRTG Network Monitor (www.paessler.com); Windows)"
204.76.203.206 - - [03/Jul/2025:19:17:53 +0200] "GET / HTTP/1.1" 200 1229 "-" "-"
212.91.247.32 - - [03/Jul/2025:19:18:50 +0200] "GET / HTTP/1.1" 200 1229 "-" "Mozilla/5.0 (compatible; PRTG Network Monitor (www.paessler.com); Windows)"
212.91.247.32 - - [03/Jul/2025:19:19:50 +0200] "GET / HTTP/1.1" 200 1229 "-" "Mozilla/5.0 (compatible; PRTG Network Monitor (www.paessler.com); Windows)"
212.91.247.32 - - [03/Jul/2025:19:20:50 +0200] "GET / HTTP/1.1" 200 1229 "-" "Mozilla/5.0 (compatible; PRTG Network Monitor (www.paessler.com); Windows)"
212.91.247.32 - - [03/Jul/2025:19:21:50 +0200] "GET / HTTP/1.1" 200 1229 "-" "Mozilla/5.0 (compatible; PRTG Network Monitor (www.paessler.com); Windows)"
212.91.247.32 - - [03/Jul/2025:19:22:50 +0200] "GET / HTTP/1.1" 200 1229 "-" "Mozilla/5.0 (compatible; PRTG Network Monitor (www.paessler.com); Windows)"
212.91.247.32 - - [03/Jul/2025:19:23:50 +0200] "GET / HTTP/1.1" 200 1229 "-" "Mozilla/5.0 (compatible; PRTG Network Monitor (www.paessler.com); Windows)"
212.91.247.32 - - [03/Jul/2025:19:24:50 +0200] "GET / HTTP/1.1" 200 1229 "-" "Mozilla/5.0 (compatible; PRTG Network Monitor (www.paessler.com); Windows)"
43.156.204.134 - - [03/Jul/2025:19:25:33 +0200] "GET / HTTP/1.1" 200 1229 "-" "Mozilla/5.0 (iPhone; CPU iPhone OS 13_2_3 like Mac OS X) AppleWebKit/605.1.15 (KHTML, like Gecko) Version/13.0.3 Mobile/15E148 Safari/604.1"
212.91.247.32 - - [03/Jul/2025:19:25:50 +0200] "GET / HTTP/1.1" 200 1229 "-" "Mozilla/5.0 (compatible; PRTG Network Monitor (www.paessler.com); Windows)"
134.209.186.247 - - [03/Jul/2025:19:26:13 +0200] "GET /.env HTTP/1.1" 404 309 "-" "Mozilla/5.0; Keydrop.io/1.0(onlyscans.com/about);"
134.209.186.247 - - [03/Jul/2025:19:26:13 +0200] "GET /.git/config HTTP/1.1" 404 316 "-" "Mozilla/5.0; Keydrop.io/1.0(onlyscans.com/about);"
165.154.217.112 - - [03/Jul/2025:19:26:27 +0200] "GET /.env HTTP/1.1" 404 309 "-" "Mozilla/5.0 (X11; Linux x86_64) AppleWebKit/537.36 (KHTML, like Gecko) Chrome/81.0.4044.129 Safari/537.36"
165.154.217.112 - - [03/Jul/2025:19:26:28 +0200] "POST / HTTP/1.1" 200 1229 "-" "Mozilla/5.0 (X11; Linux x86_64) AppleWebKit/537.36 (KHTML, like Gecko) Chrome/81.0.4044.129 Safari/537.36"
212.91.247.32 - - [03/Jul/2025:19:26:50 +0200] "GET / HTTP/1.1" 200 1229 "-" "Mozilla/5.0 (compatible; PRTG Network Monitor (www.paessler.com); Windows)"
141.98.10.162 - - [03/Jul/2025:19:27:29 +0200] "GET / HTTP/1.1" 200 1229 "-" "-"
212.91.247.32 - - [03/Jul/2025:19:27:50 +0200] "GET / HTTP/1.1" 200 1229 "-" "Mozilla/5.0 (compatible; PRTG Network Monitor (www.paessler.com); Windows)"
212.91.247.32 - - [03/Jul/2025:19:28:50 +0200] "GET / HTTP/1.1" 200 1229 "-" "Mozilla/5.0 (compatible; PRTG Network Monitor (www.paessler.com); Windows)"
212.91.247.32 - - [03/Jul/2025:19:29:50 +0200] "GET / HTTP/1.1" 200 1229 "-" "Mozilla/5.0 (compatible; PRTG Network Monitor (www.paessler.com); Windows)"
204.76.203.206 - - [03/Jul/2025:19:30:39 +0200] "GET / HTTP/1.1" 200 1229 "-" "-"
212.91.247.32 - - [03/Jul/2025:19:30:50 +0200] "GET / HTTP/1.1" 200 1229 "-" "Mozilla/5.0 (compatible; PRTG Network Monitor (www.paessler.com); Windows)"
212.91.247.32 - - [03/Jul/2025:19:31:50 +0200] "GET / HTTP/1.1" 200 1229 "-" "Mozilla/5.0 (compatible; PRTG Network Monitor (www.paessler.com); Windows)"
212.91.247.32 - - [03/Jul/2025:19:32:50 +0200] "GET / HTTP/1.1" 200 1229 "-" "Mozilla/5.0 (compatible; PRTG Network Monitor (www.paessler.com); Windows)"
212.91.247.32 - - [03/Jul/2025:19:33:50 +0200] "GET / HTTP/1.1" 200 1229 "-" "Mozilla/5.0 (compatible; PRTG Network Monitor (www.paessler.com); Windows)"
43.157.53.115 - - [03/Jul/2025:19:34:09 +0200] "GET / HTTP/1.1" 200 1229 "-" "Mozilla/5.0 (iPhone; CPU iPhone OS 13_2_3 like Mac OS X) AppleWebKit/605.1.15 (KHTML, like Gecko) Version/13.0.3 Mobile/15E148 Safari/604.1"
212.91.247.32 - - [03/Jul/2025:19:34:50 +0200] "GET / HTTP/1.1" 200 1229 "-" "Mozilla/5.0 (compatible; PRTG Network Monitor (www.paessler.com); Windows)"
212.91.247.32 - - [03/Jul/2025:19:35:50 +0200] "GET / HTTP/1.1" 200 1229 "-" "Mozilla/5.0 (compatible; PRTG Network Monitor (www.paessler.com); Windows)"
212.91.247.32 - - [03/Jul/2025:19:36:50 +0200] "GET / HTTP/1.1" 200 1229 "-" "Mozilla/5.0 (compatible; PRTG Network Monitor (www.paessler.com); Windows)"
185.218.84.46 - - [03/Jul/2025:19:37:08 +0200] "GET / HTTP/1.1" 200 1229 "-" "-"
212.91.247.32 - - [03/Jul/2025:19:37:50 +0200] "GET / HTTP/1.1" 200 1229 "-" "Mozilla/5.0 (compatible; PRTG Network Monitor (www.paessler.com); Windows)"
212.91.247.32 - - [03/Jul/2025:19:38:50 +0200] "GET / HTTP/1.1" 200 1229 "-" "Mozilla/5.0 (compatible; PRTG Network Monitor (www.paessler.com); Windows)"
47.82.60.10 - - [03/Jul/2025:19:39:46 +0200] "GET / HTTP/1.1" 200 1229 "http://www.prokommunal-berlin.de" "Mozilla/5.0 (Windows NT 10.0; Win64; x64) AppleWebKit/537.36 (KHTML, like Gecko) Chrome/114.0.0.0 Safari/537.36 Edg/114.0.1823.43"
212.91.247.32 - - [03/Jul/2025:19:39:50 +0200] "GET / HTTP/1.1" 200 1229 "-" "Mozilla/5.0 (compatible; PRTG Network Monitor (www.paessler.com); Windows)"
212.91.247.32 - - [03/Jul/2025:19:40:50 +0200] "GET / HTTP/1.1" 200 1229 "-" "Mozilla/5.0 (compatible; PRTG Network Monitor (www.paessler.com); Windows)"
212.91.247.32 - - [03/Jul/2025:19:41:50 +0200] "GET / HTTP/1.1" 200 1229 "-" "Mozilla/5.0 (compatible; PRTG Network Monitor (www.paessler.com); Windows)"
79.124.58.198 - - [03/Jul/2025:19:42:39 +0200] "POST /vendor/phpunit/phpunit/src/Util/PHP/eval-stdin.php HTTP/1.1" 404 355 "-" "Mozilla/5.0 (Windows NT 10.0; Win64; x64) AppleWebKit/537.36 (KHTML, like Gecko) Chrome/78.0.3904.108 Safari/537.36"
212.91.247.32 - - [03/Jul/2025:19:42:50 +0200] "GET / HTTP/1.1" 200 1229 "-" "Mozilla/5.0 (compatible; PRTG Network Monitor (www.paessler.com); Windows)"
165.154.206.223 - - [03/Jul/2025:19:42:54 +0200] "GET / HTTP/1.1" 200 1229 "-" "curl/7.29.0"
165.154.206.223 - - [03/Jul/2025:19:42:55 +0200] "\x16\x03\x01" 501 318 "-" "-"
165.154.206.223 - - [03/Jul/2025:19:42:55 +0200] "t3 12.1.2" 400 329 "-" "-"
152.32.129.154 - - [03/Jul/2025:19:43:49 +0200] "GET / HTTP/1.1" 200 1229 "-" "Mozilla/5.0 (Windows NT 9_0_2; Win64; x64) AppleWebKit/596.42 (KHTML, like Gecko) Chrome/64.0.741 Safari/537.36"
