18.170.99.225 - - [03/Dec/2024:11:43:46 +0100] "\x16\x03\x01" 501 318 "-" "-"
212.91.246.72 - - [03/Dec/2024:11:44:22 +0100] "GET / HTTP/1.1" 200 1229 "-" "Mozilla/5.0 (compatible; PRTG Network Monitor (www.paessler.com); Windows)"
212.91.246.72 - - [03/Dec/2024:11:45:22 +0100] "GET / HTTP/1.1" 200 1229 "-" "Mozilla/5.0 (compatible; PRTG Network Monitor (www.paessler.com); Windows)"
77.105.166.134 - - [03/Dec/2024:11:45:36 +0100] "GET /webalizer/ HTTP/1.0" 404 315 "https://trendhub.tv/" "Mozilla/5.0 (Windows NT 10.0; Win64; x64) AppleWebKit/537.36 (KHTML, like Gecko) Chrome/103.0.5060.66 Safari/537.36"
77.105.166.134 - - [03/Dec/2024:11:45:36 +0100] "GET / HTTP/1.0" 200 1229 "https://trendhub.tv/" "Mozilla/5.0 (Windows NT 10.0; Win64; x64) AppleWebKit/537.36 (KHTML, like Gecko) Chrome/103.0.5060.66 Safari/537.36"
77.105.166.134 - - [03/Dec/2024:11:45:38 +0100] "GET /webalizer/ HTTP/1.0" 404 315 "https://trendhub.tv/" "Mozilla/5.0 (Windows NT 6.3; Win64; x64) AppleWebKit/537.36 (KHTML, like Gecko) Chrome/103.0.5060.114 Safari/537.36"
77.105.166.134 - - [03/Dec/2024:11:45:38 +0100] "GET / HTTP/1.0" 200 1229 "https://trendhub.tv/" "Mozilla/5.0 (Windows NT 6.3; Win64; x64) AppleWebKit/537.36 (KHTML, like Gecko) Chrome/103.0.5060.114 Safari/537.36"
77.105.166.134 - - [03/Dec/2024:11:45:40 +0100] "GET /webalizer/ HTTP/1.0" 404 315 "https://trendhub.tv/" "Mozilla/5.0 (Windows NT 10.0; Win64; x64) AppleWebKit/537.36 (KHTML, like Gecko) Chrome/103.0.5060.134 Safari/537.36"
77.105.166.134 - - [03/Dec/2024:11:45:40 +0100] "GET / HTTP/1.0" 200 1229 "https://trendhub.tv/" "Mozilla/5.0 (Windows NT 10.0; Win64; x64) AppleWebKit/537.36 (KHTML, like Gecko) Chrome/103.0.5060.134 Safari/537.36"
194.50.16.198 - - [03/Dec/2024:11:45:55 +0100] "POST /apply.cgi HTTP/1.1" 404 314 "http://212.91.246.85:80/apply.cgi" "Mozilla/5.0 (Windows NT 10.0; Win64; x64) AppleWebKit/537.36 (KHTML, like Gecko) Chrome/129.0.6668.71 Safari/537.36"
77.105.166.134 - - [03/Dec/2024:11:46:03 +0100] "GET /webalizer/ HTTP/1.0" 404 315 "https://trendhub.tv/" "Mozilla/5.0 (Windows NT 10.0; Win64; x64) AppleWebKit/537.36 (KHTML, like Gecko) Chrome/103.0.5042.0 Safari/537.36"
77.105.166.134 - - [03/Dec/2024:11:46:03 +0100] "GET / HTTP/1.0" 200 1229 "https://trendhub.tv/" "Mozilla/5.0 (Windows NT 10.0; Win64; x64) AppleWebKit/537.36 (KHTML, like Gecko) Chrome/103.0.5042.0 Safari/537.36"
77.105.166.134 - - [03/Dec/2024:11:46:05 +0100] "GET /webalizer/ HTTP/1.0" 404 315 "https://trendhub.tv/" "Mozilla/5.0 (Windows NT 6.1; Win64; x64) AppleWebKit/537.36 (KHTML, like Gecko) Chrome/103.0.0.0 Safari/537.36"
77.105.166.134 - - [03/Dec/2024:11:46:05 +0100] "GET / HTTP/1.0" 200 1229 "https://trendhub.tv/" "Mozilla/5.0 (Windows NT 6.1; Win64; x64) AppleWebKit/537.36 (KHTML, like Gecko) Chrome/103.0.0.0 Safari/537.36"
77.105.166.134 - - [03/Dec/2024:11:46:07 +0100] "GET /webalizer/ HTTP/1.0" 404 315 "https://trendhub.tv/" "Mozilla/5.0 (Windows NT 6.3; WOW64) AppleWebKit/537.36 (KHTML, like Gecko) Chrome/103.0.5060.114 Safari/537.36"
77.105.166.134 - - [03/Dec/2024:11:46:08 +0100] "GET / HTTP/1.0" 200 1229 "https://trendhub.tv/" "Mozilla/5.0 (Windows NT 6.3; WOW64) AppleWebKit/537.36 (KHTML, like Gecko) Chrome/103.0.5060.114 Safari/537.36"
212.91.246.72 - - [03/Dec/2024:11:46:22 +0100] "GET / HTTP/1.1" 200 1229 "-" "Mozilla/5.0 (compatible; PRTG Network Monitor (www.paessler.com); Windows)"
212.91.246.72 - - [03/Dec/2024:11:47:23 +0100] "GET / HTTP/1.1" 200 1229 "-" "Mozilla/5.0 (compatible; PRTG Network Monitor (www.paessler.com); Windows)"
18.170.99.225 - - [03/Dec/2024:11:47:53 +0100] "GET /admin/index.html HTTP/1.1" 404 321 "-" "'Mozilla/5.0 (compatible; GenomeCrawlerd/1.0; +https://www.nokia.com/networks/ip-networks/deepfield/genome/)'"
212.91.246.72 - - [03/Dec/2024:11:48:23 +0100] "GET / HTTP/1.1" 200 1229 "-" "Mozilla/5.0 (compatible; PRTG Network Monitor (www.paessler.com); Windows)"
212.91.246.72 - - [03/Dec/2024:11:49:23 +0100] "GET / HTTP/1.1" 200 1229 "-" "Mozilla/5.0 (compatible; PRTG Network Monitor (www.paessler.com); Windows)"
212.91.246.72 - - [03/Dec/2024:11:50:23 +0100] "GET / HTTP/1.1" 200 1229 "-" "Mozilla/5.0 (compatible; PRTG Network Monitor (www.paessler.com); Windows)"
212.91.246.72 - - [03/Dec/2024:11:51:23 +0100] "GET / HTTP/1.1" 200 1229 "-" "Mozilla/5.0 (compatible; PRTG Network Monitor (www.paessler.com); Windows)"
77.105.166.134 - - [03/Dec/2024:11:51:46 +0100] "GET /webalizer/ HTTP/1.0" 404 315 "https://trendhub.tv/" "Mozilla/5.0 (Windows NT 10.0; Win64; x64) AppleWebKit/537.36 (KHTML, like Gecko) Chrome/103.0.5042.0 Safari/537.36"
77.105.166.134 - - [03/Dec/2024:11:51:46 +0100] "GET / HTTP/1.0" 200 1229 "https://trendhub.tv/" "Mozilla/5.0 (Windows NT 10.0; Win64; x64) AppleWebKit/537.36 (KHTML, like Gecko) Chrome/103.0.5042.0 Safari/537.36"
77.105.166.134 - - [03/Dec/2024:11:51:48 +0100] "GET /webalizer/ HTTP/1.0" 404 315 "https://trendhub.tv/" "Mozilla/5.0 (Windows NT 10.0; WOW64) AppleWebKit/537.36 (KHTML, like Gecko) Chrome/103.0.0.0 Safari/537.36"
77.105.166.134 - - [03/Dec/2024:11:51:48 +0100] "GET / HTTP/1.0" 200 1229 "https://trendhub.tv/" "Mozilla/5.0 (Windows NT 10.0; WOW64) AppleWebKit/537.36 (KHTML, like Gecko) Chrome/103.0.0.0 Safari/537.36"
77.105.166.134 - - [03/Dec/2024:11:51:50 +0100] "GET /webalizer/ HTTP/1.0" 404 315 "https://trendhub.tv/" "Mozilla/5.0 (Windows NT 6.1; Win64; x64) AppleWebKit/537.36 (KHTML, like Gecko) Chrome/103.0.0.0 Safari/537.36"
77.105.166.134 - - [03/Dec/2024:11:51:50 +0100] "GET / HTTP/1.0" 200 1229 "https://trendhub.tv/" "Mozilla/5.0 (Windows NT 6.1; Win64; x64) AppleWebKit/537.36 (KHTML, like Gecko) Chrome/103.0.0.0 Safari/537.36"
77.105.166.134 - - [03/Dec/2024:11:52:12 +0100] "GET /webalizer/ HTTP/1.0" 404 315 "https://trendhub.tv/" "Mozilla/5.0 (Windows NT 6.3; Win64; x64) AppleWebKit/537.36 (KHTML, like Gecko) Chrome/103.0.5060.66 Safari/537.36"
77.105.166.134 - - [03/Dec/2024:11:52:12 +0100] "GET / HTTP/1.0" 200 1229 "https://trendhub.tv/" "Mozilla/5.0 (Windows NT 6.3; Win64; x64) AppleWebKit/537.36 (KHTML, like Gecko) Chrome/103.0.5060.66 Safari/537.36"
77.105.166.134 - - [03/Dec/2024:11:52:14 +0100] "GET /webalizer/ HTTP/1.0" 404 315 "https://trendhub.tv/" "Mozilla/5.0 (Windows NT 6.1) AppleWebKit/537.36 (KHTML, like Gecko) Chrome/103.0.5060.114 Safari/537.36"
77.105.166.134 - - [03/Dec/2024:11:52:14 +0100] "GET / HTTP/1.0" 200 1229 "https://trendhub.tv/" "Mozilla/5.0 (Windows NT 6.1) AppleWebKit/537.36 (KHTML, like Gecko) Chrome/103.0.5060.114 Safari/537.36"
77.105.166.134 - - [03/Dec/2024:11:52:16 +0100] "GET /webalizer/ HTTP/1.0" 404 315 "https://trendhub.tv/" "Mozilla/5.0 (Windows NT 6.1) AppleWebKit/537.36 (KHTML, like Gecko) Chrome/103.0.5060.114 Safari/537.36"
77.105.166.134 - - [03/Dec/2024:11:52:17 +0100] "GET / HTTP/1.0" 200 1229 "https://trendhub.tv/" "Mozilla/5.0 (Windows NT 6.1) AppleWebKit/537.36 (KHTML, like Gecko) Chrome/103.0.5060.114 Safari/537.36"
212.91.246.72 - - [03/Dec/2024:11:52:23 +0100] "GET / HTTP/1.1" 200 1229 "-" "Mozilla/5.0 (compatible; PRTG Network Monitor (www.paessler.com); Windows)"
18.170.99.225 - - [03/Dec/2024:11:52:50 +0100] "\x16\x03\x01" 501 318 "-" "-"
212.91.246.72 - - [03/Dec/2024:11:53:24 +0100] "GET / HTTP/1.1" 200 1229 "-" "Mozilla/5.0 (compatible; PRTG Network Monitor (www.paessler.com); Windows)"
103.156.90.212 - - [03/Dec/2024:11:53:27 +0100] "GET /.env HTTP/1.1" 404 309 "-" "Mozilla/5.0 (Linux; U; Android 4.4.2; en-US; HM NOTE 1W Build/KOT49H) AppleWebKit/534.30 (KHTML, like Gecko) Version/4.0 UCBrowser/11.0.5.850 U3/0.8.0 Mobile Safari/534.30"
103.156.90.212 - - [03/Dec/2024:11:53:28 +0100] "POST / HTTP/1.1" 200 1229 "-" "Mozilla/5.0 (Linux; U; Android 4.4.2; en-US; HM NOTE 1W Build/KOT49H) AppleWebKit/534.30 (KHTML, like Gecko) Version/4.0 UCBrowser/11.0.5.850 U3/0.8.0 Mobile Safari/534.30"
212.91.246.72 - - [03/Dec/2024:11:54:24 +0100] "GET / HTTP/1.1" 200 1229 "-" "Mozilla/5.0 (compatible; PRTG Network Monitor (www.paessler.com); Windows)"
212.91.246.72 - - [03/Dec/2024:11:55:24 +0100] "GET / HTTP/1.1" 200 1229 "-" "Mozilla/5.0 (compatible; PRTG Network Monitor (www.paessler.com); Windows)"
212.91.246.72 - - [03/Dec/2024:11:56:24 +0100] "GET / HTTP/1.1" 200 1229 "-" "Mozilla/5.0 (compatible; PRTG Network Monitor (www.paessler.com); Windows)"
212.91.246.72 - - [03/Dec/2024:11:57:24 +0100] "GET / HTTP/1.1" 200 1229 "-" "Mozilla/5.0 (compatible; PRTG Network Monitor (www.paessler.com); Windows)"
77.105.166.134 - - [03/Dec/2024:11:58:01 +0100] "GET /webalizer/ HTTP/1.0" 404 315 "https://trendhub.tv/" "Mozilla/5.0 (Windows NT 6.3; Win64; x64) AppleWebKit/537.36 (KHTML, like Gecko) Chrome/103.0.5060.114 Safari/537.36"
77.105.166.134 - - [03/Dec/2024:11:58:01 +0100] "GET / HTTP/1.0" 200 1229 "https://trendhub.tv/" "Mozilla/5.0 (Windows NT 6.3; Win64; x64) AppleWebKit/537.36 (KHTML, like Gecko) Chrome/103.0.5060.114 Safari/537.36"
77.105.166.134 - - [03/Dec/2024:11:58:03 +0100] "GET /webalizer/ HTTP/1.0" 404 315 "https://trendhub.tv/" "Mozilla/5.0 (Windows NT 6.3) AppleWebKit/537.36 (KHTML, like Gecko) Chrome/103.0.0.0 Safari/537.36"
77.105.166.134 - - [03/Dec/2024:11:58:04 +0100] "GET / HTTP/1.0" 200 1229 "https://trendhub.tv/" "Mozilla/5.0 (Windows NT 6.3) AppleWebKit/537.36 (KHTML, like Gecko) Chrome/103.0.0.0 Safari/537.36"
77.105.166.134 - - [03/Dec/2024:11:58:06 +0100] "GET /webalizer/ HTTP/1.0" 404 315 "https://trendhub.tv/" "Mozilla/5.0 (Windows NT 6.3; Win64; x64) AppleWebKit/537.36 (KHTML, like Gecko) Chrome/103.0.5060.53 Safari/537.36"
77.105.166.134 - - [03/Dec/2024:11:58:06 +0100] "GET / HTTP/1.0" 200 1229 "https://trendhub.tv/" "Mozilla/5.0 (Windows NT 6.3; Win64; x64) AppleWebKit/537.36 (KHTML, like Gecko) Chrome/103.0.5060.53 Safari/537.36"
212.91.246.72 - - [03/Dec/2024:11:58:24 +0100] "GET / HTTP/1.1" 200 1229 "-" "Mozilla/5.0 (compatible; PRTG Network Monitor (www.paessler.com); Windows)"
77.105.166.134 - - [03/Dec/2024:11:58:27 +0100] "GET /webalizer/ HTTP/1.0" 404 315 "https://trendhub.tv/" "Mozilla/5.0 (Windows NT 6.3; Win64; x64) AppleWebKit/537.36 (KHTML, like Gecko) Chrome/103.0.5060.53 Safari/537.36"
77.105.166.134 - - [03/Dec/2024:11:58:27 +0100] "GET / HTTP/1.0" 200 1229 "https://trendhub.tv/" "Mozilla/5.0 (Windows NT 6.3; Win64; x64) AppleWebKit/537.36 (KHTML, like Gecko) Chrome/103.0.5060.53 Safari/537.36"
77.105.166.134 - - [03/Dec/2024:11:58:29 +0100] "GET /webalizer/ HTTP/1.0" 404 315 "https://trendhub.tv/" "Mozilla/5.0 (Windows NT 6.1; Win64; x64) AppleWebKit/537.36 (KHTML, like Gecko) Chrome/103.0.0.0 Safari/537.36"
77.105.166.134 - - [03/Dec/2024:11:58:29 +0100] "GET / HTTP/1.0" 200 1229 "https://trendhub.tv/" "Mozilla/5.0 (Windows NT 6.1; Win64; x64) AppleWebKit/537.36 (KHTML, like Gecko) Chrome/103.0.0.0 Safari/537.36"
77.105.166.134 - - [03/Dec/2024:11:58:31 +0100] "GET /webalizer/ HTTP/1.0" 404 315 "https://trendhub.tv/" "Mozilla/5.0 (Windows NT 6.1; WOW64) AppleWebKit/537.36 (KHTML, like Gecko) Chrome/103.0.0.0 Safari/537.36"
77.105.166.134 - - [03/Dec/2024:11:58:32 +0100] "GET / HTTP/1.0" 200 1229 "https://trendhub.tv/" "Mozilla/5.0 (Windows NT 6.1; WOW64) AppleWebKit/537.36 (KHTML, like Gecko) Chrome/103.0.0.0 Safari/537.36"
212.91.246.72 - - [03/Dec/2024:11:59:24 +0100] "GET / HTTP/1.1" 200 1229 "-" "Mozilla/5.0 (compatible; PRTG Network Monitor (www.paessler.com); Windows)"
8.222.166.37 - - [03/Dec/2024:12:00:14 +0100] "POST /cgi-bin/.%2e/.%2e/.%2e/.%2e/.%2e/.%2e/.%2e/.%2e/.%2e/.%2e/bin/sh HTTP/1.1" 400 333 "-" "Custom-AsyncHttpClient"
179.43.163.250 - - [03/Dec/2024:12:00:23 +0100] "\x16\x03\x01" 501 318 "-" "-"
179.43.163.250 - - [03/Dec/2024:12:00:23 +0100] "GET / HTTP/1.1" 200 1229 "-" "-"
179.43.163.250 - - [03/Dec/2024:12:00:23 +0100] "HELP" 501 319 "-" "-"
179.43.163.250 - - [03/Dec/2024:12:00:23 +0100] "GET / HTTP/1.1" 200 1229 "-" "l9tcpid/v1.1.0"
179.43.163.250 - - [03/Dec/2024:12:00:24 +0100] "GET /dev/.git/config HTTP/1.1" 404 320 "-" "l9explore/1.2.2"
179.43.163.250 - - [03/Dec/2024:12:00:24 +0100] "GET /.env.aws HTTP/1.1" 404 313 "-" "l9explore/1.2.2"
179.43.163.250 - - [03/Dec/2024:12:00:24 +0100] "GET /.env.tmp HTTP/1.1" 404 313 "-" "l9explore/1.2.2"
212.91.246.72 - - [03/Dec/2024:12:00:24 +0100] "GET / HTTP/1.1" 200 1229 "-" "Mozilla/5.0 (compatible; PRTG Network Monitor (www.paessler.com); Windows)"
179.43.163.250 - - [03/Dec/2024:12:00:24 +0100] "GET /.env.prod HTTP/1.1" 404 314 "-" "l9explore/1.2.2"
179.43.163.250 - - [03/Dec/2024:12:00:25 +0100] "GET /config/.git/config HTTP/1.1" 404 323 "-" "l9explore/1.2.2"
212.91.246.72 - - [03/Dec/2024:12:01:24 +0100] "GET / HTTP/1.1" 200 1229 "-" "Mozilla/5.0 (compatible; PRTG Network Monitor (www.paessler.com); Windows)"
212.91.246.72 - - [03/Dec/2024:12:02:25 +0100] "GET / HTTP/1.1" 200 1229 "-" "Mozilla/5.0 (compatible; PRTG Network Monitor (www.paessler.com); Windows)"
179.43.163.250 - - [03/Dec/2024:12:03:19 +0100] "\x16\x03\x01" 501 318 "-" "-"
179.43.163.250 - - [03/Dec/2024:12:03:19 +0100] "GET / HTTP/1.1" 200 1229 "-" "-"
179.43.163.250 - - [03/Dec/2024:12:03:19 +0100] "HELP" 501 319 "-" "-"
179.43.163.250 - - [03/Dec/2024:12:03:19 +0100] "GET / HTTP/1.1" 200 1229 "-" "l9tcpid/v1.1.0"
179.43.163.250 - - [03/Dec/2024:12:03:20 +0100] "GET /cms/.git/config HTTP/1.1" 404 320 "-" "l9explore/1.2.2"
179.43.163.250 - - [03/Dec/2024:12:03:20 +0100] "GET /core/.git/config HTTP/1.1" 404 321 "-" "l9explore/1.2.2"
179.43.163.250 - - [03/Dec/2024:12:03:20 +0100] "GET /.env.development.local HTTP/1.1" 404 327 "-" "l9explore/1.2.2"
179.43.163.250 - - [03/Dec/2024:12:03:21 +0100] "GET /public/.git/config HTTP/1.1" 404 323 "-" "l9explore/1.2.2"
198.235.24.121 - - [03/Dec/2024:12:03:22 +0100] "GET / HTTP/1.0" 200 1229 "-" "Expanse, a Palo Alto Networks company, searches across the global IPv4 space multiple times per day to identify customers' presences on the Internet. If you would like to be excluded from our scans, please send IP addresses/domains to: scaninfo@paloaltonetworks.com"
212.91.246.72 - - [03/Dec/2024:12:03:25 +0100] "GET / HTTP/1.1" 200 1229 "-" "Mozilla/5.0 (compatible; PRTG Network Monitor (www.paessler.com); Windows)"
77.105.166.134 - - [03/Dec/2024:12:04:11 +0100] "GET /webalizer/ HTTP/1.0" 404 315 "https://trendhub.tv/" "Mozilla/5.0 (Windows NT 10.0; WOW64) AppleWebKit/537.36 (KHTML, like Gecko) Chrome/103.0.5060.114 Safari/537.36"
77.105.166.134 - - [03/Dec/2024:12:04:11 +0100] "GET / HTTP/1.0" 200 1229 "https://trendhub.tv/" "Mozilla/5.0 (Windows NT 10.0; WOW64) AppleWebKit/537.36 (KHTML, like Gecko) Chrome/103.0.5060.114 Safari/537.36"
77.105.166.134 - - [03/Dec/2024:12:04:13 +0100] "GET /webalizer/ HTTP/1.0" 404 315 "https://trendhub.tv/" "Mozilla/5.0 (Windows NT 10.0; Win64; x64) AppleWebKit/537.36 (KHTML, like Gecko) Chrome/103.0.0.0 Safari/537.36"
77.105.166.134 - - [03/Dec/2024:12:04:13 +0100] "GET / HTTP/1.0" 200 1229 "https://trendhub.tv/" "Mozilla/5.0 (Windows NT 10.0; Win64; x64) AppleWebKit/537.36 (KHTML, like Gecko) Chrome/103.0.0.0 Safari/537.36"
198.244.236.18 - - [03/Dec/2024:12:04:15 +0100] "GET / HTTP/1.1" 200 1229 "-" "python-requests/2.28.1"
77.105.166.134 - - [03/Dec/2024:12:04:15 +0100] "GET /webalizer/ HTTP/1.0" 404 315 "https://trendhub.tv/" "Mozilla/5.0 (Windows NT 6.3; Win64; x64) AppleWebKit/537.36 (KHTML, like Gecko) Chrome/103.0.5060.114 Safari/537.36"
77.105.166.134 - - [03/Dec/2024:12:04:15 +0100] "GET / HTTP/1.0" 200 1229 "https://trendhub.tv/" "Mozilla/5.0 (Windows NT 6.3; Win64; x64) AppleWebKit/537.36 (KHTML, like Gecko) Chrome/103.0.5060.114 Safari/537.36"
212.91.246.72 - - [03/Dec/2024:12:04:25 +0100] "GET / HTTP/1.1" 200 1229 "-" "Mozilla/5.0 (compatible; PRTG Network Monitor (www.paessler.com); Windows)"
77.105.166.134 - - [03/Dec/2024:12:04:36 +0100] "GET /webalizer/ HTTP/1.0" 404 315 "https://trendhub.tv/" "Mozilla/5.0 (Windows NT 10.0; Win64; x64) AppleWebKit/537.36 (KHTML, like Gecko) Chrome/103.0.0.0 Safari/537.36 Herring/95.1.8810.11"
77.105.166.134 - - [03/Dec/2024:12:04:36 +0100] "GET / HTTP/1.0" 200 1229 "https://trendhub.tv/" "Mozilla/5.0 (Windows NT 10.0; Win64; x64) AppleWebKit/537.36 (KHTML, like Gecko) Chrome/103.0.0.0 Safari/537.36 Herring/95.1.8810.11"
77.105.166.134 - - [03/Dec/2024:12:04:38 +0100] "GET /webalizer/ HTTP/1.0" 404 315 "https://trendhub.tv/" "Mozilla/5.0 (Windows NT 10.0; WOW64) AppleWebKit/537.36 (KHTML, like Gecko) Chrome/103.0.0.0 Safari/537.36"
77.105.166.134 - - [03/Dec/2024:12:04:38 +0100] "GET / HTTP/1.0" 200 1229 "https://trendhub.tv/" "Mozilla/5.0 (Windows NT 10.0; WOW64) AppleWebKit/537.36 (KHTML, like Gecko) Chrome/103.0.0.0 Safari/537.36"
77.105.166.134 - - [03/Dec/2024:12:04:40 +0100] "GET /webalizer/ HTTP/1.0" 404 315 "https://trendhub.tv/" "Mozilla/5.0 (Windows NT 6.3; Win64; x64) AppleWebKit/537.36 (KHTML, like Gecko) Chrome/103.0.5060.114 Safari/537.36"
77.105.166.134 - - [03/Dec/2024:12:04:41 +0100] "GET / HTTP/1.0" 200 1229 "https://trendhub.tv/" "Mozilla/5.0 (Windows NT 6.3; Win64; x64) AppleWebKit/537.36 (KHTML, like Gecko) Chrome/103.0.5060.114 Safari/537.36"
212.91.246.72 - - [03/Dec/2024:12:05:25 +0100] "GET / HTTP/1.1" 200 1229 "-" "Mozilla/5.0 (compatible; PRTG Network Monitor (www.paessler.com); Windows)"
212.91.246.72 - - [03/Dec/2024:12:06:25 +0100] "GET / HTTP/1.1" 200 1229 "-" "Mozilla/5.0 (compatible; PRTG Network Monitor (www.paessler.com); Windows)"
212.91.246.72 - - [03/Dec/2024:12:07:25 +0100] "GET / HTTP/1.1" 200 1229 "-" "Mozilla/5.0 (compatible; PRTG Network Monitor (www.paessler.com); Windows)"
212.91.246.72 - - [03/Dec/2024:12:08:25 +0100] "GET / HTTP/1.1" 200 1229 "-" "Mozilla/5.0 (compatible; PRTG Network Monitor (www.paessler.com); Windows)"
212.91.246.72 - - [03/Dec/2024:12:09:25 +0100] "GET / HTTP/1.1" 200 1229 "-" "Mozilla/5.0 (compatible; PRTG Network Monitor (www.paessler.com); Windows)"
212.91.246.72 - - [03/Dec/2024:12:10:26 +0100] "GET / HTTP/1.1" 200 1229 "-" "Mozilla/5.0 (compatible; PRTG Network Monitor (www.paessler.com); Windows)"
77.105.166.134 - - [03/Dec/2024:12:10:28 +0100] "GET /webalizer/ HTTP/1.0" 404 315 "https://trendhub.tv/" "Mozilla/5.0 (Windows NT 10.0) AppleWebKit/537.36 (KHTML, like Gecko) Chrome/103.0.0.0 Safari/537.36"
77.105.166.134 - - [03/Dec/2024:12:10:28 +0100] "GET / HTTP/1.0" 200 1229 "https://trendhub.tv/" "Mozilla/5.0 (Windows NT 10.0) AppleWebKit/537.36 (KHTML, like Gecko) Chrome/103.0.0.0 Safari/537.36"
77.105.166.134 - - [03/Dec/2024:12:10:30 +0100] "GET /webalizer/ HTTP/1.0" 404 315 "https://trendhub.tv/" "Mozilla/5.0 (Windows NT 10.0; WOW64) AppleWebKit/537.36 (KHTML, like Gecko) Chrome/103.0.5060.114 Safari/537.36"
77.105.166.134 - - [03/Dec/2024:12:10:30 +0100] "GET / HTTP/1.0" 200 1229 "https://trendhub.tv/" "Mozilla/5.0 (Windows NT 10.0; WOW64) AppleWebKit/537.36 (KHTML, like Gecko) Chrome/103.0.5060.114 Safari/537.36"
77.105.166.134 - - [03/Dec/2024:12:10:32 +0100] "GET /webalizer/ HTTP/1.0" 404 315 "https://trendhub.tv/" "Mozilla/5.0 (Windows NT 6.1; Win64; x64) AppleWebKit/537.36 (KHTML, like Gecko) Chrome/103.0.0.0 Safari/537.36"
77.105.166.134 - - [03/Dec/2024:12:10:32 +0100] "GET / HTTP/1.0" 200 1229 "https://trendhub.tv/" "Mozilla/5.0 (Windows NT 6.1; Win64; x64) AppleWebKit/537.36 (KHTML, like Gecko) Chrome/103.0.0.0 Safari/537.36"
18.170.99.225 - - [03/Dec/2024:12:10:40 +0100] "\x16\x03\x01" 501 318 "-" "-"
77.105.166.134 - - [03/Dec/2024:12:10:53 +0100] "GET /webalizer/ HTTP/1.0" 404 315 "https://trendhub.tv/" "Mozilla/5.0 (Windows NT 6.1) AppleWebKit/537.36 (KHTML, like Gecko) Chrome/103.0.0.0 Safari/537.36"
77.105.166.134 - - [03/Dec/2024:12:10:53 +0100] "GET / HTTP/1.0" 200 1229 "https://trendhub.tv/" "Mozilla/5.0 (Windows NT 6.1) AppleWebKit/537.36 (KHTML, like Gecko) Chrome/103.0.0.0 Safari/537.36"
77.105.166.134 - - [03/Dec/2024:12:10:55 +0100] "GET /webalizer/ HTTP/1.0" 404 315 "https://trendhub.tv/" "Mozilla/5.0 (Windows NT 6.1; Win64; x64) AppleWebKit/537.36 (KHTML, like Gecko) Chrome/103.0.5060.114 Safari/537.36"
77.105.166.134 - - [03/Dec/2024:12:10:56 +0100] "GET / HTTP/1.0" 200 1229 "https://trendhub.tv/" "Mozilla/5.0 (Windows NT 6.1; Win64; x64) AppleWebKit/537.36 (KHTML, like Gecko) Chrome/103.0.5060.114 Safari/537.36"
77.105.166.134 - - [03/Dec/2024:12:10:58 +0100] "GET /webalizer/ HTTP/1.0" 404 315 "https://trendhub.tv/" "Mozilla/5.0 (Windows NT 6.1) AppleWebKit/537.36 (KHTML, like Gecko) Chrome/103.0.5060.114 Safari/537.36"
77.105.166.134 - - [03/Dec/2024:12:10:58 +0100] "GET / HTTP/1.0" 200 1229 "https://trendhub.tv/" "Mozilla/5.0 (Windows NT 6.1) AppleWebKit/537.36 (KHTML, like Gecko) Chrome/103.0.5060.114 Safari/537.36"
212.91.246.72 - - [03/Dec/2024:12:11:26 +0100] "GET / HTTP/1.1" 200 1229 "-" "Mozilla/5.0 (compatible; PRTG Network Monitor (www.paessler.com); Windows)"
212.91.246.72 - - [03/Dec/2024:12:12:26 +0100] "GET / HTTP/1.1" 200 1229 "-" "Mozilla/5.0 (compatible; PRTG Network Monitor (www.paessler.com); Windows)"
212.91.246.72 - - [03/Dec/2024:12:13:26 +0100] "GET / HTTP/1.1" 200 1229 "-" "Mozilla/5.0 (compatible; PRTG Network Monitor (www.paessler.com); Windows)"
212.91.246.72 - - [03/Dec/2024:12:14:26 +0100] "GET / HTTP/1.1" 200 1229 "-" "Mozilla/5.0 (compatible; PRTG Network Monitor (www.paessler.com); Windows)"
18.170.99.225 - - [03/Dec/2024:12:14:43 +0100] "GET /cgi-bin/login.cgi HTTP/1.1" 404 322 "-" "'Mozilla/5.0 (compatible; GenomeCrawlerd/1.0; +https://www.nokia.com/networks/ip-networks/deepfield/genome/)'"
125.229.30.76 - - [03/Dec/2024:12:14:51 +0100] "GET / HTTP/1.0" 200 1229 "-" "Mozilla/5.0 (Linux; U; Android 4.0.3; ko-kr; LG-L160L Build/IML74K) AppleWebkit/534.30 (KHTML, like Gecko) Version/4.0 Mobile Safari/534.30"
212.91.246.72 - - [03/Dec/2024:12:15:26 +0100] "GET / HTTP/1.1" 200 1229 "-" "Mozilla/5.0 (compatible; PRTG Network Monitor (www.paessler.com); Windows)"
212.91.246.72 - - [03/Dec/2024:12:16:26 +0100] "GET / HTTP/1.1" 200 1229 "-" "Mozilla/5.0 (compatible; PRTG Network Monitor (www.paessler.com); Windows)"
77.105.166.134 - - [03/Dec/2024:12:16:41 +0100] "GET /webalizer/ HTTP/1.0" 404 315 "https://trendhub.tv/" "Mozilla/5.0 (Windows NT 6.3; WOW64) AppleWebKit/537.36 (KHTML, like Gecko) Chrome/103.0.5060.114 Safari/537.36"
77.105.166.134 - - [03/Dec/2024:12:16:42 +0100] "GET / HTTP/1.0" 200 1229 "https://trendhub.tv/" "Mozilla/5.0 (Windows NT 6.3; WOW64) AppleWebKit/537.36 (KHTML, like Gecko) Chrome/103.0.5060.114 Safari/537.36"
77.105.166.134 - - [03/Dec/2024:12:16:44 +0100] "GET /webalizer/ HTTP/1.0" 404 315 "https://trendhub.tv/" "Mozilla/5.0 (Windows NT 6.1; Win64; x64) AppleWebKit/537.36 (KHTML, like Gecko) Chrome/103.0.0.0 Safari/537.36"
77.105.166.134 - - [03/Dec/2024:12:16:44 +0100] "GET / HTTP/1.0" 200 1229 "https://trendhub.tv/" "Mozilla/5.0 (Windows NT 6.1; Win64; x64) AppleWebKit/537.36 (KHTML, like Gecko) Chrome/103.0.0.0 Safari/537.36"
77.105.166.134 - - [03/Dec/2024:12:16:46 +0100] "GET /webalizer/ HTTP/1.0" 404 315 "https://trendhub.tv/" "Mozilla/5.0 (Windows NT 6.3; WOW64) AppleWebKit/537.36 (KHTML, like Gecko) Chrome/103.0.0.0 Safari/537.36"
77.105.166.134 - - [03/Dec/2024:12:16:46 +0100] "GET / HTTP/1.0" 200 1229 "https://trendhub.tv/" "Mozilla/5.0 (Windows NT 6.3; WOW64) AppleWebKit/537.36 (KHTML, like Gecko) Chrome/103.0.0.0 Safari/537.36"
64.62.197.54 - - [03/Dec/2024:12:16:56 +0100] "GET / HTTP/1.1" 200 1229 "-" "Mozilla/5.0 (Windows NT 10.0; Win64; x64) AppleWebKit/537.36 (KHTML, like Gecko) Chrome/110.0.0.0 Safari/537.36 Edg/110.0.1587.56"
77.105.166.134 - - [03/Dec/2024:12:17:07 +0100] "GET /webalizer/ HTTP/1.0" 404 315 "https://trendhub.tv/" "Mozilla/5.0 (Windows NT 10.0; WOW64) AppleWebKit/537.36 (KHTML, like Gecko) Chrome/103.0.5060.114 Safari/537.36"
77.105.166.134 - - [03/Dec/2024:12:17:07 +0100] "GET / HTTP/1.0" 200 1229 "https://trendhub.tv/" "Mozilla/5.0 (Windows NT 10.0; WOW64) AppleWebKit/537.36 (KHTML, like Gecko) Chrome/103.0.5060.114 Safari/537.36"
77.105.166.134 - - [03/Dec/2024:12:17:09 +0100] "GET /webalizer/ HTTP/1.0" 404 315 "https://trendhub.tv/" "Mozilla/5.0 (Windows NT 10.0; Win64; x64) AppleWebKit/537.36 (KHTML, like Gecko) Chrome/103.0.5060.66 Safari/537.36"
77.105.166.134 - - [03/Dec/2024:12:17:09 +0100] "GET / HTTP/1.0" 200 1229 "https://trendhub.tv/" "Mozilla/5.0 (Windows NT 10.0; Win64; x64) AppleWebKit/537.36 (KHTML, like Gecko) Chrome/103.0.5060.66 Safari/537.36"
77.105.166.134 - - [03/Dec/2024:12:17:11 +0100] "GET /webalizer/ HTTP/1.0" 404 315 "https://trendhub.tv/" "Mozilla/5.0 (Windows NT 10.0; Win64; x64) AppleWebKit/537.36 (KHTML, like Gecko) Chrome/103.0.5060.134 Safari/537.36"
77.105.166.134 - - [03/Dec/2024:12:17:11 +0100] "GET / HTTP/1.0" 200 1229 "https://trendhub.tv/" "Mozilla/5.0 (Windows NT 10.0; Win64; x64) AppleWebKit/537.36 (KHTML, like Gecko) Chrome/103.0.5060.134 Safari/537.36"
216.218.206.66 - - [03/Dec/2024:12:17:11 +0100] "GET / HTTP/1.1" 200 1229 "-" "Mozilla/5.0 (Macintosh; Intel Mac OS X 10_15_7) AppleWebKit/605.1.15 (KHTML, like Gecko) Version/17.1 Safari/605.1.15"
212.91.246.72 - - [03/Dec/2024:12:17:26 +0100] "GET / HTTP/1.1" 200 1229 "-" "Mozilla/5.0 (compatible; PRTG Network Monitor (www.paessler.com); Windows)"
212.91.246.72 - - [03/Dec/2024:12:18:26 +0100] "GET / HTTP/1.1" 200 1229 "-" "Mozilla/5.0 (compatible; PRTG Network Monitor (www.paessler.com); Windows)"
18.170.99.225 - - [03/Dec/2024:12:19:22 +0100] "\x16\x03\x01" 501 318 "-" "-"
64.62.197.49 - - [03/Dec/2024:12:19:24 +0100] "GET /favicon.ico HTTP/1.1" 404 316 "-" "Mozilla/5.0 (Windows NT 10.0; Win64; x64) AppleWebKit/537.36 (KHTML, like Gecko) Chrome/103.0.0.0 Safari/537.36"
212.91.246.72 - - [03/Dec/2024:12:19:26 +0100] "GET / HTTP/1.1" 200 1229 "-" "Mozilla/5.0 (compatible; PRTG Network Monitor (www.paessler.com); Windows)"
64.62.197.57 - - [03/Dec/2024:12:19:50 +0100] "GET /geoserver/web/ HTTP/1.1" 404 319 "-" "Mozilla/5.0 (Windows NT 10.0; Win64; x64) AppleWebKit/537.36 (KHTML, like Gecko) Chrome/110.0.0.0 Safari/537.36 Edg/110.0.1587.56"
212.91.246.72 - - [03/Dec/2024:12:20:26 +0100] "GET / HTTP/1.1" 200 1229 "-" "Mozilla/5.0 (compatible; PRTG Network Monitor (www.paessler.com); Windows)"
216.218.206.66 - - [03/Dec/2024:12:20:49 +0100] "GET /favicon.ico HTTP/1.1" 404 316 "-" "Mozilla/5.0 (Windows NT 10.0; Win64; x64) AppleWebKit/537.36 (KHTML, like Gecko) Chrome/108.0.0.0 Safari/537.36 OPR/94.0.0.0"
47.236.161.151 - - [03/Dec/2024:12:21:07 +0100] "POST /cgi-bin/.%2e/.%2e/.%2e/.%2e/.%2e/.%2e/.%2e/.%2e/.%2e/.%2e/bin/sh HTTP/1.1" 400 333 "-" "Custom-AsyncHttpClient"
212.91.246.72 - - [03/Dec/2024:12:21:26 +0100] "GET / HTTP/1.1" 200 1229 "-" "Mozilla/5.0 (compatible; PRTG Network Monitor (www.paessler.com); Windows)"
216.218.206.66 - - [03/Dec/2024:12:21:37 +0100] "GET /geoserver/web/ HTTP/1.1" 404 319 "-" "Mozilla/5.0 (Macintosh; Intel Mac OS X 10_15_7) AppleWebKit/605.1.15 (KHTML, like Gecko) Version/17.1 Safari/605.1.15"
212.91.246.72 - - [03/Dec/2024:12:22:26 +0100] "GET / HTTP/1.1" 200 1229 "-" "Mozilla/5.0 (compatible; PRTG Network Monitor (www.paessler.com); Windows)"
77.105.166.134 - - [03/Dec/2024:12:22:55 +0100] "GET /webalizer/ HTTP/1.0" 404 315 "https://trendhub.tv/" "Mozilla/5.0 (Windows NT 10.0; Win64; x64) AppleWebKit/537.36 (KHTML, like Gecko) Chrome/103.0.5060.66 Safari/537.36"
77.105.166.134 - - [03/Dec/2024:12:22:55 +0100] "GET / HTTP/1.0" 200 1229 "https://trendhub.tv/" "Mozilla/5.0 (Windows NT 10.0; Win64; x64) AppleWebKit/537.36 (KHTML, like Gecko) Chrome/103.0.5060.66 Safari/537.36"
77.105.166.134 - - [03/Dec/2024:12:22:58 +0100] "GET /webalizer/ HTTP/1.0" 404 315 "https://trendhub.tv/" "Mozilla/5.0 (Windows NT 6.1) AppleWebKit/537.36 (KHTML, like Gecko) Chrome/103.0.0.0 Safari/537.36"
77.105.166.134 - - [03/Dec/2024:12:22:58 +0100] "GET / HTTP/1.0" 200 1229 "https://trendhub.tv/" "Mozilla/5.0 (Windows NT 6.1) AppleWebKit/537.36 (KHTML, like Gecko) Chrome/103.0.0.0 Safari/537.36"
77.105.166.134 - - [03/Dec/2024:12:23:00 +0100] "GET /webalizer/ HTTP/1.0" 404 315 "https://trendhub.tv/" "Mozilla/5.0 (Windows NT 10.0; WOW64) AppleWebKit/537.36 (KHTML, like Gecko) Chrome/103.0.0.0 Safari/537.36"
77.105.166.134 - - [03/Dec/2024:12:23:00 +0100] "GET / HTTP/1.0" 200 1229 "https://trendhub.tv/" "Mozilla/5.0 (Windows NT 10.0; WOW64) AppleWebKit/537.36 (KHTML, like Gecko) Chrome/103.0.0.0 Safari/537.36"
77.105.166.134 - - [03/Dec/2024:12:23:22 +0100] "GET /webalizer/ HTTP/1.0" 404 315 "https://trendhub.tv/" "Mozilla/5.0 (Windows NT 6.3; Win64; x64) AppleWebKit/537.36 (KHTML, like Gecko) Chrome/103.0.5060.53 Safari/537.36"
77.105.166.134 - - [03/Dec/2024:12:23:22 +0100] "GET / HTTP/1.0" 200 1229 "https://trendhub.tv/" "Mozilla/5.0 (Windows NT 6.3; Win64; x64) AppleWebKit/537.36 (KHTML, like Gecko) Chrome/103.0.5060.53 Safari/537.36"
77.105.166.134 - - [03/Dec/2024:12:23:24 +0100] "GET /webalizer/ HTTP/1.0" 404 315 "https://trendhub.tv/" "Mozilla/5.0 (Windows NT 6.3; Win64; x64) AppleWebKit/537.36 (KHTML, like Gecko) Chrome/103.0.5060.53 Safari/537.36"
77.105.166.134 - - [03/Dec/2024:12:23:24 +0100] "GET / HTTP/1.0" 200 1229 "https://trendhub.tv/" "Mozilla/5.0 (Windows NT 6.3; Win64; x64) AppleWebKit/537.36 (KHTML, like Gecko) Chrome/103.0.5060.53 Safari/537.36"
77.105.166.134 - - [03/Dec/2024:12:23:26 +0100] "GET /webalizer/ HTTP/1.0" 404 315 "https://trendhub.tv/" "Mozilla/5.0 (Windows NT 6.3; Win64; x64) AppleWebKit/537.36 (KHTML, like Gecko) Chrome/103.0.0.0 Safari/537.36"
212.91.246.72 - - [03/Dec/2024:12:23:26 +0100] "GET / HTTP/1.1" 200 1229 "-" "Mozilla/5.0 (compatible; PRTG Network Monitor (www.paessler.com); Windows)"
77.105.166.134 - - [03/Dec/2024:12:23:27 +0100] "GET / HTTP/1.0" 200 1229 "https://trendhub.tv/" "Mozilla/5.0 (Windows NT 6.3; Win64; x64) AppleWebKit/537.36 (KHTML, like Gecko) Chrome/103.0.0.0 Safari/537.36"
212.91.246.72 - - [03/Dec/2024:12:24:27 +0100] "GET / HTTP/1.1" 200 1229 "-" "Mozilla/5.0 (compatible; PRTG Network Monitor (www.paessler.com); Windows)"
51.158.205.47 - - [03/Dec/2024:12:25:00 +0100] "GET / HTTP/1.0" 200 1229 "-" "masscan/1.3 (https://github.com/robertdavidgraham/masscan)"
212.91.246.72 - - [03/Dec/2024:12:25:27 +0100] "GET / HTTP/1.1" 200 1229 "-" "Mozilla/5.0 (compatible; PRTG Network Monitor (www.paessler.com); Windows)"
198.235.24.167 - - [03/Dec/2024:12:26:17 +0100] "GET / HTTP/1.1" 200 1229 "-" "Expanse, a Palo Alto Networks company, searches across the global IPv4 space multiple times per day to identify customers' presences on the Internet. If you would like to be excluded from our scans, please send IP addresses/domains to: scaninfo@paloaltonetworks.com"
212.91.246.72 - - [03/Dec/2024:12:26:27 +0100] "GET / HTTP/1.1" 200 1229 "-" "Mozilla/5.0 (compatible; PRTG Network Monitor (www.paessler.com); Windows)"
18.170.99.225 - - [03/Dec/2024:12:26:46 +0100] "\x16\x03\x01" 501 318 "-" "-"
212.91.246.72 - - [03/Dec/2024:12:27:27 +0100] "GET / HTTP/1.1" 200 1229 "-" "Mozilla/5.0 (compatible; PRTG Network Monitor (www.paessler.com); Windows)"
212.91.246.72 - - [03/Dec/2024:12:28:27 +0100] "GET / HTTP/1.1" 200 1229 "-" "Mozilla/5.0 (compatible; PRTG Network Monitor (www.paessler.com); Windows)"
77.105.166.134 - - [03/Dec/2024:12:29:18 +0100] "GET /webalizer/ HTTP/1.0" 404 315 "https://trendhub.tv/" "Mozilla/5.0 (Windows NT 10.0; Win64; x64) AppleWebKit/537.36 (KHTML, like Gecko) Chrome/103.0.5042.0 Safari/537.36"
77.105.166.134 - - [03/Dec/2024:12:29:18 +0100] "GET / HTTP/1.0" 200 1229 "https://trendhub.tv/" "Mozilla/5.0 (Windows NT 10.0; Win64; x64) AppleWebKit/537.36 (KHTML, like Gecko) Chrome/103.0.5042.0 Safari/537.36"
77.105.166.134 - - [03/Dec/2024:12:29:20 +0100] "GET /webalizer/ HTTP/1.0" 404 315 "https://trendhub.tv/" "Mozilla/5.0 (Windows NT 6.3; WOW64) AppleWebKit/537.36 (KHTML, like Gecko) Chrome/103.0.0.0 Safari/537.36"
77.105.166.134 - - [03/Dec/2024:12:29:20 +0100] "GET / HTTP/1.0" 200 1229 "https://trendhub.tv/" "Mozilla/5.0 (Windows NT 6.3; WOW64) AppleWebKit/537.36 (KHTML, like Gecko) Chrome/103.0.0.0 Safari/537.36"
77.105.166.134 - - [03/Dec/2024:12:29:22 +0100] "GET /webalizer/ HTTP/1.0" 404 315 "https://trendhub.tv/" "Mozilla/5.0 (Windows NT 10.0; WOW64) AppleWebKit/537.36 (KHTML, like Gecko) Chrome/103.0.0.0 Safari/537.36"
77.105.166.134 - - [03/Dec/2024:12:29:22 +0100] "GET / HTTP/1.0" 200 1229 "https://trendhub.tv/" "Mozilla/5.0 (Windows NT 10.0; WOW64) AppleWebKit/537.36 (KHTML, like Gecko) Chrome/103.0.0.0 Safari/537.36"
212.91.246.72 - - [03/Dec/2024:12:29:27 +0100] "GET / HTTP/1.1" 200 1229 "-" "Mozilla/5.0 (compatible; PRTG Network Monitor (www.paessler.com); Windows)"
77.105.166.134 - - [03/Dec/2024:12:29:44 +0100] "GET /webalizer/ HTTP/1.0" 404 315 "https://trendhub.tv/" "Mozilla/5.0 (Windows NT 6.3) AppleWebKit/537.36 (KHTML, like Gecko) Chrome/103.0.0.0 Safari/537.36"
77.105.166.134 - - [03/Dec/2024:12:29:44 +0100] "GET / HTTP/1.0" 200 1229 "https://trendhub.tv/" "Mozilla/5.0 (Windows NT 6.3) AppleWebKit/537.36 (KHTML, like Gecko) Chrome/103.0.0.0 Safari/537.36"
77.105.166.134 - - [03/Dec/2024:12:29:46 +0100] "GET /webalizer/ HTTP/1.0" 404 315 "https://trendhub.tv/" "Mozilla/5.0 (Windows NT 6.3) AppleWebKit/537.36 (KHTML, like Gecko) Chrome/103.0.0.0 Safari/537.36"
77.105.166.134 - - [03/Dec/2024:12:29:46 +0100] "GET / HTTP/1.0" 200 1229 "https://trendhub.tv/" "Mozilla/5.0 (Windows NT 6.3) AppleWebKit/537.36 (KHTML, like Gecko) Chrome/103.0.0.0 Safari/537.36"
77.105.166.134 - - [03/Dec/2024:12:29:48 +0100] "GET /webalizer/ HTTP/1.0" 404 315 "https://trendhub.tv/" "Mozilla/5.0 (Windows NT 10.0; WOW64) AppleWebKit/537.36 (KHTML, like Gecko) Chrome/103.0.5060.114 Safari/537.36"
77.105.166.134 - - [03/Dec/2024:12:29:48 +0100] "GET / HTTP/1.0" 200 1229 "https://trendhub.tv/" "Mozilla/5.0 (Windows NT 10.0; WOW64) AppleWebKit/537.36 (KHTML, like Gecko) Chrome/103.0.5060.114 Safari/537.36"
212.91.246.72 - - [03/Dec/2024:12:30:27 +0100] "GET / HTTP/1.1" 200 1229 "-" "Mozilla/5.0 (compatible; PRTG Network Monitor (www.paessler.com); Windows)"
212.91.246.72 - - [03/Dec/2024:12:31:28 +0100] "GET / HTTP/1.1" 200 1229 "-" "Mozilla/5.0 (compatible; PRTG Network Monitor (www.paessler.com); Windows)"
212.91.246.72 - - [03/Dec/2024:12:32:28 +0100] "GET / HTTP/1.1" 200 1229 "-" "Mozilla/5.0 (compatible; PRTG Network Monitor (www.paessler.com); Windows)"
212.91.246.72 - - [03/Dec/2024:12:33:28 +0100] "GET / HTTP/1.1" 200 1229 "-" "Mozilla/5.0 (compatible; PRTG Network Monitor (www.paessler.com); Windows)"
18.170.99.225 - - [03/Dec/2024:12:34:01 +0100] "\x16\x03\x01" 501 318 "-" "-"
212.91.246.72 - - [03/Dec/2024:12:34:28 +0100] "GET / HTTP/1.1" 200 1229 "-" "Mozilla/5.0 (compatible; PRTG Network Monitor (www.paessler.com); Windows)"
212.91.246.72 - - [03/Dec/2024:12:35:28 +0100] "GET / HTTP/1.1" 200 1229 "-" "Mozilla/5.0 (compatible; PRTG Network Monitor (www.paessler.com); Windows)"
114.35.114.164 - - [03/Dec/2024:12:35:32 +0100] "GET / HTTP/1.0" 200 1229 "-" "Mozilla/5.0 (Linux; U; Android 4.0.3; ko-kr; LG-L160L Build/IML74K) AppleWebkit/534.30 (KHTML, like Gecko) Version/4.0 Mobile Safari/534.30"
77.105.166.134 - - [03/Dec/2024:12:35:41 +0100] "GET /webalizer/ HTTP/1.0" 404 315 "https://trendhub.tv/" "Mozilla/5.0 (Windows NT 10.0; Win64; x64) AppleWebKit/537.36 (KHTML, like Gecko) Chrome/103.0.5060.66 Safari/537.36"
77.105.166.134 - - [03/Dec/2024:12:35:41 +0100] "GET / HTTP/1.0" 200 1229 "https://trendhub.tv/" "Mozilla/5.0 (Windows NT 10.0; Win64; x64) AppleWebKit/537.36 (KHTML, like Gecko) Chrome/103.0.5060.66 Safari/537.36"
77.105.166.134 - - [03/Dec/2024:12:35:43 +0100] "GET /webalizer/ HTTP/1.0" 404 315 "https://trendhub.tv/" "Mozilla/5.0 (Windows NT 6.3; WOW64) AppleWebKit/537.36 (KHTML, like Gecko) Chrome/103.0.5060.114 Safari/537.36"
77.105.166.134 - - [03/Dec/2024:12:35:43 +0100] "GET / HTTP/1.0" 200 1229 "https://trendhub.tv/" "Mozilla/5.0 (Windows NT 6.3; WOW64) AppleWebKit/537.36 (KHTML, like Gecko) Chrome/103.0.5060.114 Safari/537.36"
77.105.166.134 - - [03/Dec/2024:12:35:45 +0100] "GET /webalizer/ HTTP/1.0" 404 315 "https://trendhub.tv/" "Mozilla/5.0 (Windows NT 10.0) AppleWebKit/537.36 (KHTML, like Gecko) Chrome/103.0.0.0 Safari/537.36"
77.105.166.134 - - [03/Dec/2024:12:35:45 +0100] "GET / HTTP/1.0" 200 1229 "https://trendhub.tv/" "Mozilla/5.0 (Windows NT 10.0) AppleWebKit/537.36 (KHTML, like Gecko) Chrome/103.0.0.0 Safari/537.36"
77.105.166.134 - - [03/Dec/2024:12:36:07 +0100] "GET /webalizer/ HTTP/1.0" 404 315 "https://trendhub.tv/" "Mozilla/5.0 (Windows NT 10.0; Win64; x64) AppleWebKit/537.36 (KHTML, like Gecko) Chrome/103.0.5060.134 Safari/537.36"
77.105.166.134 - - [03/Dec/2024:12:36:07 +0100] "GET / HTTP/1.0" 200 1229 "https://trendhub.tv/" "Mozilla/5.0 (Windows NT 10.0; Win64; x64) AppleWebKit/537.36 (KHTML, like Gecko) Chrome/103.0.5060.134 Safari/537.36"
77.105.166.134 - - [03/Dec/2024:12:36:09 +0100] "GET /webalizer/ HTTP/1.0" 404 315 "https://trendhub.tv/" "Mozilla/5.0 (Windows NT 6.1; WOW64) AppleWebKit/537.36 (KHTML, like Gecko) Chrome/103.0.0.0 Safari/537.36"
77.105.166.134 - - [03/Dec/2024:12:36:09 +0100] "GET / HTTP/1.0" 200 1229 "https://trendhub.tv/" "Mozilla/5.0 (Windows NT 6.1; WOW64) AppleWebKit/537.36 (KHTML, like Gecko) Chrome/103.0.0.0 Safari/537.36"
77.105.166.134 - - [03/Dec/2024:12:36:11 +0100] "GET /webalizer/ HTTP/1.0" 404 315 "https://trendhub.tv/" "Mozilla/5.0 (Windows NT 6.3; Win64; x64) AppleWebKit/537.36 (KHTML, like Gecko) Chrome/103.0.0.0 Safari/537.36"
77.105.166.134 - - [03/Dec/2024:12:36:12 +0100] "GET / HTTP/1.0" 200 1229 "https://trendhub.tv/" "Mozilla/5.0 (Windows NT 6.3; Win64; x64) AppleWebKit/537.36 (KHTML, like Gecko) Chrome/103.0.0.0 Safari/537.36"
35.216.134.198 - - [03/Dec/2024:12:36:19 +0100] "GET / HTTP/1.1" 200 1229 "-" "Mozilla/5.0"
212.91.246.72 - - [03/Dec/2024:12:36:28 +0100] "GET / HTTP/1.1" 200 1229 "-" "Mozilla/5.0 (compatible; PRTG Network Monitor (www.paessler.com); Windows)"
205.210.31.168 - - [03/Dec/2024:12:36:49 +0100] "GET / HTTP/1.1" 200 1229 "-" "Expanse, a Palo Alto Networks company, searches across the global IPv4 space multiple times per day to identify customers' presences on the Internet. If you would like to be excluded from our scans, please send IP addresses/domains to: scaninfo@paloaltonetworks.com"
212.91.246.72 - - [03/Dec/2024:12:37:28 +0100] "GET / HTTP/1.1" 200 1229 "-" "Mozilla/5.0 (compatible; PRTG Network Monitor (www.paessler.com); Windows)"
212.91.246.72 - - [03/Dec/2024:12:38:28 +0100] "GET / HTTP/1.1" 200 1229 "-" "Mozilla/5.0 (compatible; PRTG Network Monitor (www.paessler.com); Windows)"
212.91.246.72 - - [03/Dec/2024:12:39:28 +0100] "GET / HTTP/1.1" 200 1229 "-" "Mozilla/5.0 (compatible; PRTG Network Monitor (www.paessler.com); Windows)"
212.91.246.72 - - [03/Dec/2024:12:40:29 +0100] "GET / HTTP/1.1" 200 1229 "-" "Mozilla/5.0 (compatible; PRTG Network Monitor (www.paessler.com); Windows)"
212.91.246.72 - - [03/Dec/2024:12:41:29 +0100] "GET / HTTP/1.1" 200 1229 "-" "Mozilla/5.0 (compatible; PRTG Network Monitor (www.paessler.com); Windows)"
77.105.166.134 - - [03/Dec/2024:12:41:53 +0100] "GET /webalizer/ HTTP/1.0" 404 315 "https://trendhub.tv/" "Mozilla/5.0 (Windows NT 6.3; Win64; x64) AppleWebKit/537.36 (KHTML, like Gecko) Chrome/103.0.5060.53 Safari/537.36"
77.105.166.134 - - [03/Dec/2024:12:41:53 +0100] "GET / HTTP/1.0" 200 1229 "https://trendhub.tv/" "Mozilla/5.0 (Windows NT 6.3; Win64; x64) AppleWebKit/537.36 (KHTML, like Gecko) Chrome/103.0.5060.53 Safari/537.36"
77.105.166.134 - - [03/Dec/2024:12:41:55 +0100] "GET /webalizer/ HTTP/1.0" 404 315 "https://trendhub.tv/" "Mozilla/5.0 (Windows NT 6.1; Win64; x64) AppleWebKit/537.36 (KHTML, like Gecko) Chrome/103.0.5060.66 Safari/537.36"
77.105.166.134 - - [03/Dec/2024:12:41:56 +0100] "GET / HTTP/1.0" 200 1229 "https://trendhub.tv/" "Mozilla/5.0 (Windows NT 6.1; Win64; x64) AppleWebKit/537.36 (KHTML, like Gecko) Chrome/103.0.5060.66 Safari/537.36"
77.105.166.134 - - [03/Dec/2024:12:41:58 +0100] "GET /webalizer/ HTTP/1.0" 404 315 "https://trendhub.tv/" "Mozilla/5.0 (Windows NT 10.0; Win64; x64) AppleWebKit/537.36 (KHTML, like Gecko) Chrome/103.0.5060.53 Safari/537.36"
77.105.166.134 - - [03/Dec/2024:12:41:58 +0100] "GET / HTTP/1.0" 200 1229 "https://trendhub.tv/" "Mozilla/5.0 (Windows NT 10.0; Win64; x64) AppleWebKit/537.36 (KHTML, like Gecko) Chrome/103.0.5060.53 Safari/537.36"
77.105.166.134 - - [03/Dec/2024:12:42:21 +0100] "GET /webalizer/ HTTP/1.0" 404 315 "https://trendhub.tv/" "Mozilla/5.0 (Windows NT 10.0; Win64; x64) AppleWebKit/537.36 (KHTML, like Gecko) Chrome/103.0.5060.114 Safari/537.36"
77.105.166.134 - - [03/Dec/2024:12:42:21 +0100] "GET / HTTP/1.0" 200 1229 "https://trendhub.tv/" "Mozilla/5.0 (Windows NT 10.0; Win64; x64) AppleWebKit/537.36 (KHTML, like Gecko) Chrome/103.0.5060.114 Safari/537.36"
77.105.166.134 - - [03/Dec/2024:12:42:23 +0100] "GET /webalizer/ HTTP/1.0" 404 315 "https://trendhub.tv/" "Mozilla/5.0 (Windows NT 10.0; Win64; x64) AppleWebKit/537.36 (KHTML, like Gecko) Chrome/103.0.0.0 Safari/537.36"
77.105.166.134 - - [03/Dec/2024:12:42:23 +0100] "GET / HTTP/1.0" 200 1229 "https://trendhub.tv/" "Mozilla/5.0 (Windows NT 10.0; Win64; x64) AppleWebKit/537.36 (KHTML, like Gecko) Chrome/103.0.0.0 Safari/537.36"
77.105.166.134 - - [03/Dec/2024:12:42:25 +0100] "GET /webalizer/ HTTP/1.0" 404 315 "https://trendhub.tv/" "Mozilla/5.0 (Windows NT 10.0; WOW64) AppleWebKit/537.36 (KHTML, like Gecko) Chrome/103.0.5060.114 Safari/537.36"
77.105.166.134 - - [03/Dec/2024:12:42:25 +0100] "GET / HTTP/1.0" 200 1229 "https://trendhub.tv/" "Mozilla/5.0 (Windows NT 10.0; WOW64) AppleWebKit/537.36 (KHTML, like Gecko) Chrome/103.0.5060.114 Safari/537.36"
212.91.246.72 - - [03/Dec/2024:12:42:29 +0100] "GET / HTTP/1.1" 200 1229 "-" "Mozilla/5.0 (compatible; PRTG Network Monitor (www.paessler.com); Windows)"
212.91.246.72 - - [03/Dec/2024:12:43:29 +0100] "GET / HTTP/1.1" 200 1229 "-" "Mozilla/5.0 (compatible; PRTG Network Monitor (www.paessler.com); Windows)"
212.91.246.72 - - [03/Dec/2024:12:44:29 +0100] "GET / HTTP/1.1" 200 1229 "-" "Mozilla/5.0 (compatible; PRTG Network Monitor (www.paessler.com); Windows)"
212.91.246.72 - - [03/Dec/2024:12:45:29 +0100] "GET / HTTP/1.1" 200 1229 "-" "Mozilla/5.0 (compatible; PRTG Network Monitor (www.paessler.com); Windows)"
212.91.246.72 - - [03/Dec/2024:12:46:29 +0100] "GET / HTTP/1.1" 200 1229 "-" "Mozilla/5.0 (compatible; PRTG Network Monitor (www.paessler.com); Windows)"
212.91.246.72 - - [03/Dec/2024:12:47:29 +0100] "GET / HTTP/1.1" 200 1229 "-" "Mozilla/5.0 (compatible; PRTG Network Monitor (www.paessler.com); Windows)"
77.105.166.134 - - [03/Dec/2024:12:48:15 +0100] "GET /webalizer/ HTTP/1.0" 404 315 "https://trendhub.tv/" "Mozilla/5.0 (Windows NT 6.3; Win64; x64) AppleWebKit/537.36 (KHTML, like Gecko) Chrome/103.0.5060.53 Safari/537.36"
77.105.166.134 - - [03/Dec/2024:12:48:15 +0100] "GET / HTTP/1.0" 200 1229 "https://trendhub.tv/" "Mozilla/5.0 (Windows NT 6.3; Win64; x64) AppleWebKit/537.36 (KHTML, like Gecko) Chrome/103.0.5060.53 Safari/537.36"
77.105.166.134 - - [03/Dec/2024:12:48:17 +0100] "GET /webalizer/ HTTP/1.0" 404 315 "https://trendhub.tv/" "Mozilla/5.0 (Windows NT 6.1; Win64; x64) AppleWebKit/537.36 (KHTML, like Gecko) Chrome/103.0.0.0 Safari/537.36"
77.105.166.134 - - [03/Dec/2024:12:48:18 +0100] "GET / HTTP/1.0" 200 1229 "https://trendhub.tv/" "Mozilla/5.0 (Windows NT 6.1; Win64; x64) AppleWebKit/537.36 (KHTML, like Gecko) Chrome/103.0.0.0 Safari/537.36"
77.105.166.134 - - [03/Dec/2024:12:48:20 +0100] "GET /webalizer/ HTTP/1.0" 404 315 "https://trendhub.tv/" "Mozilla/5.0 (Windows NT 6.3; Win64; x64) AppleWebKit/537.36 (KHTML, like Gecko) Chrome/103.0.5060.114 Safari/537.36"
77.105.166.134 - - [03/Dec/2024:12:48:20 +0100] "GET / HTTP/1.0" 200 1229 "https://trendhub.tv/" "Mozilla/5.0 (Windows NT 6.3; Win64; x64) AppleWebKit/537.36 (KHTML, like Gecko) Chrome/103.0.5060.114 Safari/537.36"
212.91.246.72 - - [03/Dec/2024:12:48:29 +0100] "GET / HTTP/1.1" 200 1229 "-" "Mozilla/5.0 (compatible; PRTG Network Monitor (www.paessler.com); Windows)"
77.105.166.134 - - [03/Dec/2024:12:48:46 +0100] "GET /webalizer/ HTTP/1.0" 404 315 "https://trendhub.tv/" "Mozilla/5.0 (Windows NT 10.0; Win64; x64) AppleWebKit/537.36 (KHTML, like Gecko) Chrome/103.0.5060.53 Safari/537.36"
77.105.166.134 - - [03/Dec/2024:12:48:46 +0100] "GET / HTTP/1.0" 200 1229 "https://trendhub.tv/" "Mozilla/5.0 (Windows NT 10.0; Win64; x64) AppleWebKit/537.36 (KHTML, like Gecko) Chrome/103.0.5060.53 Safari/537.36"
77.105.166.134 - - [03/Dec/2024:12:48:48 +0100] "GET /webalizer/ HTTP/1.0" 404 315 "https://trendhub.tv/" "Mozilla/5.0 (Windows NT 6.1; WOW64) AppleWebKit/537.36 (KHTML, like Gecko) Chrome/103.0.0.0 Safari/537.36"
77.105.166.134 - - [03/Dec/2024:12:48:49 +0100] "GET / HTTP/1.0" 200 1229 "https://trendhub.tv/" "Mozilla/5.0 (Windows NT 6.1; WOW64) AppleWebKit/537.36 (KHTML, like Gecko) Chrome/103.0.0.0 Safari/537.36"
77.105.166.134 - - [03/Dec/2024:12:48:51 +0100] "GET /webalizer/ HTTP/1.0" 404 315 "https://trendhub.tv/" "Mozilla/5.0 (Windows NT 6.1; Win64; x64) AppleWebKit/537.36 (KHTML, like Gecko) Chrome/103.0.5060.114 Safari/537.36"
77.105.166.134 - - [03/Dec/2024:12:48:51 +0100] "GET / HTTP/1.0" 200 1229 "https://trendhub.tv/" "Mozilla/5.0 (Windows NT 6.1; Win64; x64) AppleWebKit/537.36 (KHTML, like Gecko) Chrome/103.0.5060.114 Safari/537.36"
194.50.16.198 - - [03/Dec/2024:12:49:05 +0100] "GET / HTTP/1.0" 200 1229 "-" "Mozilla/5.0 (X11; Ubuntu; Linux x86_64; rv:71.0) Gecko/20100101 Firefox/71.0"
194.50.16.198 - - [03/Dec/2024:12:49:05 +0100] "POST /apply.cgi HTTP/1.1" 404 314 "http://212.91.246.86:80/apply.cgi" "Mozilla/5.0 (Windows NT 10.0; Win64; x64) AppleWebKit/537.36 (KHTML, like Gecko) Chrome/96.0.4664.110 Safari/537.36"
212.91.246.72 - - [03/Dec/2024:12:49:30 +0100] "GET / HTTP/1.1" 200 1229 "-" "Mozilla/5.0 (compatible; PRTG Network Monitor (www.paessler.com); Windows)"
212.91.246.72 - - [03/Dec/2024:12:50:30 +0100] "GET / HTTP/1.1" 200 1229 "-" "Mozilla/5.0 (compatible; PRTG Network Monitor (www.paessler.com); Windows)"
212.91.246.72 - - [03/Dec/2024:12:51:30 +0100] "GET / HTTP/1.1" 200 1229 "-" "Mozilla/5.0 (compatible; PRTG Network Monitor (www.paessler.com); Windows)"
89.217.53.239 - - [03/Dec/2024:12:51:37 +0100] "GET / HTTP/1.0" 200 1229 "-" "Mozilla/5.0 (Linux; U; Android 4.0.3; ko-kr; LG-L160L Build/IML74K) AppleWebkit/534.30 (KHTML, like Gecko) Version/4.0 Mobile Safari/534.30"
212.91.246.72 - - [03/Dec/2024:12:52:30 +0100] "GET / HTTP/1.1" 200 1229 "-" "Mozilla/5.0 (compatible; PRTG Network Monitor (www.paessler.com); Windows)"
212.91.246.72 - - [03/Dec/2024:12:53:30 +0100] "GET / HTTP/1.1" 200 1229 "-" "Mozilla/5.0 (compatible; PRTG Network Monitor (www.paessler.com); Windows)"
212.91.246.72 - - [03/Dec/2024:12:54:30 +0100] "GET / HTTP/1.1" 200 1229 "-" "Mozilla/5.0 (compatible; PRTG Network Monitor (www.paessler.com); Windows)"
77.105.166.134 - - [03/Dec/2024:12:54:38 +0100] "GET /webalizer/ HTTP/1.0" 404 315 "https://trendhub.tv/" "Mozilla/5.0 (Windows NT 10.0; Win64; x64) AppleWebKit/537.36 (KHTML, like Gecko) Chrome/103.0.0.0 Safari/537.36"
77.105.166.134 - - [03/Dec/2024:12:54:38 +0100] "GET / HTTP/1.0" 200 1229 "https://trendhub.tv/" "Mozilla/5.0 (Windows NT 10.0; Win64; x64) AppleWebKit/537.36 (KHTML, like Gecko) Chrome/103.0.0.0 Safari/537.36"
77.105.166.134 - - [03/Dec/2024:12:54:40 +0100] "GET /webalizer/ HTTP/1.0" 404 315 "https://trendhub.tv/" "Mozilla/5.0 (Windows NT 6.1; Win64; x64) AppleWebKit/537.36 (KHTML, like Gecko) Chrome/103.0.5060.114 Safari/537.36"
77.105.166.134 - - [03/Dec/2024:12:54:40 +0100] "GET / HTTP/1.0" 200 1229 "https://trendhub.tv/" "Mozilla/5.0 (Windows NT 6.1; Win64; x64) AppleWebKit/537.36 (KHTML, like Gecko) Chrome/103.0.5060.114 Safari/537.36"
77.105.166.134 - - [03/Dec/2024:12:54:42 +0100] "GET /webalizer/ HTTP/1.0" 404 315 "https://trendhub.tv/" "Mozilla/5.0 (Windows NT 6.3; WOW64) AppleWebKit/537.36 (KHTML, like Gecko) Chrome/103.0.0.0 Safari/537.36"
77.105.166.134 - - [03/Dec/2024:12:54:42 +0100] "GET / HTTP/1.0" 200 1229 "https://trendhub.tv/" "Mozilla/5.0 (Windows NT 6.3; WOW64) AppleWebKit/537.36 (KHTML, like Gecko) Chrome/103.0.0.0 Safari/537.36"
77.105.166.134 - - [03/Dec/2024:12:55:02 +0100] "GET /webalizer/ HTTP/1.0" 404 315 "https://trendhub.tv/" "Mozilla/5.0 (Windows NT 6.3; Win64; x64) AppleWebKit/537.36 (KHTML, like Gecko) Chrome/103.0.5060.53 Safari/537.36"
77.105.166.134 - - [03/Dec/2024:12:55:02 +0100] "GET / HTTP/1.0" 200 1229 "https://trendhub.tv/" "Mozilla/5.0 (Windows NT 6.3; Win64; x64) AppleWebKit/537.36 (KHTML, like Gecko) Chrome/103.0.5060.53 Safari/537.36"
77.105.166.134 - - [03/Dec/2024:12:55:04 +0100] "GET /webalizer/ HTTP/1.0" 404 315 "https://trendhub.tv/" "Mozilla/5.0 (Windows NT 6.3; Win64; x64) AppleWebKit/537.36 (KHTML, like Gecko) Chrome/103.0.5060.53 Safari/537.36"
77.105.166.134 - - [03/Dec/2024:12:55:05 +0100] "GET / HTTP/1.0" 200 1229 "https://trendhub.tv/" "Mozilla/5.0 (Windows NT 6.3; Win64; x64) AppleWebKit/537.36 (KHTML, like Gecko) Chrome/103.0.5060.53 Safari/537.36"
77.105.166.134 - - [03/Dec/2024:12:55:07 +0100] "GET /webalizer/ HTTP/1.0" 404 315 "https://trendhub.tv/" "Mozilla/5.0 (Windows NT 6.3; WOW64) AppleWebKit/537.36 (KHTML, like Gecko) Chrome/103.0.5060.114 Safari/537.36"
77.105.166.134 - - [03/Dec/2024:12:55:07 +0100] "GET / HTTP/1.0" 200 1229 "https://trendhub.tv/" "Mozilla/5.0 (Windows NT 6.3; WOW64) AppleWebKit/537.36 (KHTML, like Gecko) Chrome/103.0.5060.114 Safari/537.36"
212.91.246.72 - - [03/Dec/2024:12:55:30 +0100] "GET / HTTP/1.1" 200 1229 "-" "Mozilla/5.0 (compatible; PRTG Network Monitor (www.paessler.com); Windows)"
35.177.96.71 - - [03/Dec/2024:12:55:36 +0100] "v*\xdb\x1b\x89\xc8!\x19`\x18\x04\xb0\xf0K" 501 329 "-" "-"
80.82.77.202 - - [03/Dec/2024:12:56:11 +0100] "\x16\x03\x02\x01o\x01" 501 321 "-" "-"
212.91.246.72 - - [03/Dec/2024:12:56:30 +0100] "GET / HTTP/1.1" 200 1229 "-" "Mozilla/5.0 (compatible; PRTG Network Monitor (www.paessler.com); Windows)"
80.82.77.202 - - [03/Dec/2024:12:56:35 +0100] "\x16\x03\x02\x01o\x01" 501 321 "-" "-"
212.91.246.72 - - [03/Dec/2024:12:57:30 +0100] "GET / HTTP/1.1" 200 1229 "-" "Mozilla/5.0 (compatible; PRTG Network Monitor (www.paessler.com); Windows)"
80.82.77.202 - - [03/Dec/2024:12:58:14 +0100] "\x16\x03\x02\x01o\x01" 501 321 "-" "-"
