87.120.112.187 - - [01/Dec/2024:17:00:55 +0100] "GET /.env HTTP/1.1" 404 309 "-" "Mozilla/5.0 (X11; U; Linux x86_64; en-US; rv:1.9.1.3) Gecko/20091020 Linux Mint/8 (Helena) Firefox/3.5.3"
212.91.246.72 - - [01/Dec/2024:17:01:28 +0100] "GET / HTTP/1.1" 200 1229 "-" "Mozilla/5.0 (compatible; PRTG Network Monitor (www.paessler.com); Windows)"
212.91.246.72 - - [01/Dec/2024:17:02:29 +0100] "GET / HTTP/1.1" 200 1229 "-" "Mozilla/5.0 (compatible; PRTG Network Monitor (www.paessler.com); Windows)"
87.120.112.187 - - [01/Dec/2024:17:02:42 +0100] "GET /.env HTTP/1.1" 404 309 "-" "Mozilla/5.0 (X11; Linux i686; rv:49.0) Gecko/20100101 Firefox/49.0 SeaMonkey/2.46"
87.120.112.187 - - [01/Dec/2024:17:02:57 +0100] "GET /.env HTTP/1.1" 404 309 "-" "Mozilla/5.0 (Windows NT 6.2) AppleWebKit/536.6 (KHTML, like Gecko) Chrome/20.0.1090.0 Safari/536.6"
212.91.246.72 - - [01/Dec/2024:17:03:29 +0100] "GET / HTTP/1.1" 200 1229 "-" "Mozilla/5.0 (compatible; PRTG Network Monitor (www.paessler.com); Windows)"
66.249.66.87 - - [01/Dec/2024:17:03:38 +0100] "GET /chat.f-m-shop.de/log/2009/05/ HTTP/1.1" 404 345 "-" "Mozilla/5.0 (Linux; Android 6.0.1; Nexus 5X Build/MMB29P) AppleWebKit/537.36 (KHTML, like Gecko) Chrome/131.0.6778.85 Mobile Safari/537.36 (compatible; Googlebot/2.1; +http://www.google.com/bot.html)"
212.91.246.72 - - [01/Dec/2024:17:04:29 +0100] "GET / HTTP/1.1" 200 1229 "-" "Mozilla/5.0 (compatible; PRTG Network Monitor (www.paessler.com); Windows)"
194.50.16.198 - - [01/Dec/2024:17:05:14 +0100] "GET /cgi-bin/index.html HTTP/1.1" 404 323 "-" "-"
212.91.246.72 - - [01/Dec/2024:17:05:29 +0100] "GET / HTTP/1.1" 200 1229 "-" "Mozilla/5.0 (compatible; PRTG Network Monitor (www.paessler.com); Windows)"
66.249.66.89 - - [01/Dec/2024:17:05:47 +0100] "GET /www.alle-ziele-spedition.de/library/Zend/Measure/Time.php HTTP/1.1" 404 373 "-" "Mozilla/5.0 (Linux; Android 6.0.1; Nexus 5X Build/MMB29P) AppleWebKit/537.36 (KHTML, like Gecko) Chrome/131.0.6778.85 Mobile Safari/537.36 (compatible; Googlebot/2.1; +http://www.google.com/bot.html)"
87.120.115.118 - - [01/Dec/2024:17:06:13 +0100] "HEAD / HTTP/1.0" 200 - "-" "-"
87.120.115.118 - - [01/Dec/2024:17:06:20 +0100] "HEAD / HTTP/1.0" 200 - "-" "-"
87.120.115.118 - - [01/Dec/2024:17:06:21 +0100] "GET /.env HTTP/1.1" 404 309 "-" "Go-http-client/1.1"
87.120.115.118 - - [01/Dec/2024:17:06:22 +0100] "HEAD / HTTP/1.0" 200 - "-" "-"
87.120.115.118 - - [01/Dec/2024:17:06:23 +0100] "GET /.env.dev HTTP/1.1" 404 313 "-" "Go-http-client/1.1"
87.120.115.118 - - [01/Dec/2024:17:06:24 +0100] "HEAD / HTTP/1.0" 200 - "-" "-"
87.120.115.118 - - [01/Dec/2024:17:06:25 +0100] "GET /.env.prod HTTP/1.1" 404 314 "-" "Go-http-client/1.1"
87.120.115.118 - - [01/Dec/2024:17:06:26 +0100] "HEAD / HTTP/1.0" 200 - "-" "-"
87.120.115.118 - - [01/Dec/2024:17:06:27 +0100] "GET /.aws/config HTTP/1.1" 404 316 "-" "Go-http-client/1.1"
212.91.246.72 - - [01/Dec/2024:17:06:30 +0100] "GET / HTTP/1.1" 200 1229 "-" "Mozilla/5.0 (compatible; PRTG Network Monitor (www.paessler.com); Windows)"
87.120.115.118 - - [01/Dec/2024:17:06:30 +0100] "HEAD / HTTP/1.0" 200 - "-" "-"
87.120.115.118 - - [01/Dec/2024:17:06:31 +0100] "GET /.aws/credentials HTTP/1.1" 404 321 "-" "Go-http-client/1.1"
87.120.115.118 - - [01/Dec/2024:17:06:35 +0100] "HEAD / HTTP/1.0" 200 - "-" "-"
87.120.115.118 - - [01/Dec/2024:17:06:35 +0100] "GET /sendgrid.env HTTP/1.1" 404 317 "-" "Go-http-client/1.1"
141.98.11.35 - - [01/Dec/2024:17:06:38 +0100] "GET / HTTP/1.1" 200 1229 "-" "-"
87.120.115.118 - - [01/Dec/2024:17:06:39 +0100] "HEAD / HTTP/1.0" 200 - "-" "-"
87.120.115.118 - - [01/Dec/2024:17:06:39 +0100] "GET /?pp=env HTTP/1.1" 200 1229 "-" "Go-http-client/1.1"
87.120.115.118 - - [01/Dec/2024:17:06:40 +0100] "HEAD / HTTP/1.0" 200 - "-" "-"
87.120.115.118 - - [01/Dec/2024:17:06:40 +0100] "GET /config.json HTTP/1.1" 404 316 "-" "Go-http-client/1.1"
87.120.115.118 - - [01/Dec/2024:17:06:41 +0100] "HEAD / HTTP/1.0" 200 - "-" "-"
87.120.115.118 - - [01/Dec/2024:17:06:43 +0100] "GET /docker-compose.yml HTTP/1.1" 404 323 "-" "Go-http-client/1.1"
87.120.115.118 - - [01/Dec/2024:17:06:51 +0100] "HEAD / HTTP/1.0" 200 - "-" "-"
87.120.115.118 - - [01/Dec/2024:17:06:53 +0100] "GET /_debugbar/open?max=20&offset=0 HTTP/1.1" 404 319 "-" "Go-http-client/1.1"
87.120.115.118 - - [01/Dec/2024:17:07:02 +0100] "HEAD / HTTP/1.0" 200 - "-" "-"
87.120.115.118 - - [01/Dec/2024:17:07:02 +0100] "GET /debug/vars HTTP/1.1" 404 315 "-" "Go-http-client/1.1"
87.120.115.118 - - [01/Dec/2024:17:07:02 +0100] "HEAD / HTTP/1.0" 200 - "-" "-"
87.120.115.118 - - [01/Dec/2024:17:07:03 +0100] "GET /app_dev.php/?open=file=app/config/parameters.yml HTTP/1.1" 404 317 "-" "Go-http-client/1.1"
87.120.115.118 - - [01/Dec/2024:17:07:08 +0100] "HEAD / HTTP/1.0" 200 - "-" "-"
87.120.115.118 - - [01/Dec/2024:17:07:09 +0100] "GET /application/configs/application.ini HTTP/1.1" 404 340 "-" "Go-http-client/1.1"
87.120.115.118 - - [01/Dec/2024:17:07:11 +0100] "HEAD / HTTP/1.0" 200 - "-" "-"
87.120.115.118 - - [01/Dec/2024:17:07:11 +0100] "GET /app/config/parameters.yml HTTP/1.1" 404 330 "-" "Go-http-client/1.1"
87.120.115.118 - - [01/Dec/2024:17:07:13 +0100] "HEAD / HTTP/1.0" 200 - "-" "-"
87.120.115.118 - - [01/Dec/2024:17:07:14 +0100] "GET /appsettings.json HTTP/1.1" 404 321 "-" "Go-http-client/1.1"
87.120.115.118 - - [01/Dec/2024:17:07:18 +0100] "HEAD / HTTP/1.0" 200 - "-" "-"
87.120.115.118 - - [01/Dec/2024:17:07:19 +0100] "GET /wp-config.php.backup HTTP/1.1" 404 325 "-" "Go-http-client/1.1"
212.91.246.72 - - [01/Dec/2024:17:07:30 +0100] "GET / HTTP/1.1" 200 1229 "-" "Mozilla/5.0 (compatible; PRTG Network Monitor (www.paessler.com); Windows)"
212.91.246.72 - - [01/Dec/2024:17:08:30 +0100] "GET / HTTP/1.1" 200 1229 "-" "Mozilla/5.0 (compatible; PRTG Network Monitor (www.paessler.com); Windows)"
212.91.246.72 - - [01/Dec/2024:17:09:30 +0100] "GET / HTTP/1.1" 200 1229 "-" "Mozilla/5.0 (compatible; PRTG Network Monitor (www.paessler.com); Windows)"
212.91.246.72 - - [01/Dec/2024:17:10:30 +0100] "GET / HTTP/1.1" 200 1229 "-" "Mozilla/5.0 (compatible; PRTG Network Monitor (www.paessler.com); Windows)"
212.91.246.72 - - [01/Dec/2024:17:11:31 +0100] "GET / HTTP/1.1" 200 1229 "-" "Mozilla/5.0 (compatible; PRTG Network Monitor (www.paessler.com); Windows)"
194.50.16.198 - - [01/Dec/2024:17:11:34 +0100] "GET /cgi-bin/index.html HTTP/1.1" 404 323 "-" "-"
212.91.246.72 - - [01/Dec/2024:17:12:31 +0100] "GET / HTTP/1.1" 200 1229 "-" "Mozilla/5.0 (compatible; PRTG Network Monitor (www.paessler.com); Windows)"
212.91.246.72 - - [01/Dec/2024:17:13:31 +0100] "GET / HTTP/1.1" 200 1229 "-" "Mozilla/5.0 (compatible; PRTG Network Monitor (www.paessler.com); Windows)"
212.91.246.72 - - [01/Dec/2024:17:14:31 +0100] "GET / HTTP/1.1" 200 1229 "-" "Mozilla/5.0 (compatible; PRTG Network Monitor (www.paessler.com); Windows)"
212.91.246.72 - - [01/Dec/2024:17:15:31 +0100] "GET / HTTP/1.1" 200 1229 "-" "Mozilla/5.0 (compatible; PRTG Network Monitor (www.paessler.com); Windows)"
212.91.246.72 - - [01/Dec/2024:17:16:32 +0100] "GET / HTTP/1.1" 200 1229 "-" "Mozilla/5.0 (compatible; PRTG Network Monitor (www.paessler.com); Windows)"
212.91.246.72 - - [01/Dec/2024:17:17:32 +0100] "GET / HTTP/1.1" 200 1229 "-" "Mozilla/5.0 (compatible; PRTG Network Monitor (www.paessler.com); Windows)"
66.249.66.87 - - [01/Dec/2024:17:17:45 +0100] "GET /chat.f-m-shop.de/log/2009/01/ HTTP/1.1" 404 345 "-" "Mozilla/5.0 (Linux; Android 6.0.1; Nexus 5X Build/MMB29P) AppleWebKit/537.36 (KHTML, like Gecko) Chrome/131.0.6778.85 Mobile Safari/537.36 (compatible; Googlebot/2.1; +http://www.google.com/bot.html)"
141.98.11.35 - - [01/Dec/2024:17:17:46 +0100] "GET / HTTP/1.1" 200 1229 "-" "-"
212.91.246.72 - - [01/Dec/2024:17:18:32 +0100] "GET / HTTP/1.1" 200 1229 "-" "Mozilla/5.0 (compatible; PRTG Network Monitor (www.paessler.com); Windows)"
194.50.16.198 - - [01/Dec/2024:17:18:35 +0100] "GET /cgi-bin/index.html HTTP/1.1" 404 323 "-" "-"
212.91.246.72 - - [01/Dec/2024:17:19:32 +0100] "GET / HTTP/1.1" 200 1229 "-" "Mozilla/5.0 (compatible; PRTG Network Monitor (www.paessler.com); Windows)"
66.249.66.88 - - [01/Dec/2024:17:20:11 +0100] "GET /chat.f-m-shop.de/log/2009/10/ HTTP/1.1" 404 345 "-" "Mozilla/5.0 (Linux; Android 6.0.1; Nexus 5X Build/MMB29P) AppleWebKit/537.36 (KHTML, like Gecko) Chrome/131.0.6778.85 Mobile Safari/537.36 (compatible; Googlebot/2.1; +http://www.google.com/bot.html)"
212.91.246.72 - - [01/Dec/2024:17:20:32 +0100] "GET / HTTP/1.1" 200 1229 "-" "Mozilla/5.0 (compatible; PRTG Network Monitor (www.paessler.com); Windows)"
212.91.246.72 - - [01/Dec/2024:17:21:33 +0100] "GET / HTTP/1.1" 200 1229 "-" "Mozilla/5.0 (compatible; PRTG Network Monitor (www.paessler.com); Windows)"
212.91.246.72 - - [01/Dec/2024:17:22:33 +0100] "GET / HTTP/1.1" 200 1229 "-" "Mozilla/5.0 (compatible; PRTG Network Monitor (www.paessler.com); Windows)"
194.50.16.198 - - [01/Dec/2024:17:23:07 +0100] "GET /cgi-bin/index.html HTTP/1.1" 404 323 "-" "-"
162.216.150.16 - - [01/Dec/2024:17:23:13 +0100] "GET / HTTP/1.1" 200 1229 "-" "Expanse, a Palo Alto Networks company, searches across the global IPv4 space multiple times per day to identify customers' presences on the Internet. If you would like to be excluded from our scans, please send IP addresses/domains to: scaninfo@paloaltonetworks.com"
212.91.246.72 - - [01/Dec/2024:17:23:33 +0100] "GET / HTTP/1.1" 200 1229 "-" "Mozilla/5.0 (compatible; PRTG Network Monitor (www.paessler.com); Windows)"
98.80.4.54 - - [01/Dec/2024:17:23:48 +0100] "GET / HTTP/1.1" 200 1229 "-" "Mozilla/5.0 (Windows NT 6.2;en-US) AppleWebKit/537.32.36 (KHTML, live Gecko) Chrome/58.0.3019.108 Safari/537.32"
212.91.246.72 - - [01/Dec/2024:17:24:33 +0100] "GET / HTTP/1.1" 200 1229 "-" "Mozilla/5.0 (compatible; PRTG Network Monitor (www.paessler.com); Windows)"
212.91.246.72 - - [01/Dec/2024:17:25:33 +0100] "GET / HTTP/1.1" 200 1229 "-" "Mozilla/5.0 (compatible; PRTG Network Monitor (www.paessler.com); Windows)"
141.98.11.35 - - [01/Dec/2024:17:25:37 +0100] "GET / HTTP/1.1" 200 1229 "-" "-"
212.91.246.72 - - [01/Dec/2024:17:26:34 +0100] "GET / HTTP/1.1" 200 1229 "-" "Mozilla/5.0 (compatible; PRTG Network Monitor (www.paessler.com); Windows)"
212.91.246.72 - - [01/Dec/2024:17:27:34 +0100] "GET / HTTP/1.1" 200 1229 "-" "Mozilla/5.0 (compatible; PRTG Network Monitor (www.paessler.com); Windows)"
212.91.246.72 - - [01/Dec/2024:17:28:34 +0100] "GET / HTTP/1.1" 200 1229 "-" "Mozilla/5.0 (compatible; PRTG Network Monitor (www.paessler.com); Windows)"
212.91.246.72 - - [01/Dec/2024:17:29:34 +0100] "GET / HTTP/1.1" 200 1229 "-" "Mozilla/5.0 (compatible; PRTG Network Monitor (www.paessler.com); Windows)"
47.237.94.12 - - [01/Dec/2024:17:30:01 +0100] "POST /cgi-bin/.%2e/.%2e/.%2e/.%2e/.%2e/.%2e/.%2e/.%2e/.%2e/.%2e/bin/sh HTTP/1.1" 400 333 "-" "Custom-AsyncHttpClient"
66.249.66.88 - - [01/Dec/2024:17:30:22 +0100] "GET /chat.f-m-shop.de/log/2010/01/ HTTP/1.1" 404 345 "-" "Mozilla/5.0 (Linux; Android 6.0.1; Nexus 5X Build/MMB29P) AppleWebKit/537.36 (KHTML, like Gecko) Chrome/131.0.6778.85 Mobile Safari/537.36 (compatible; Googlebot/2.1; +http://www.google.com/bot.html)"
212.91.246.72 - - [01/Dec/2024:17:30:35 +0100] "GET / HTTP/1.1" 200 1229 "-" "Mozilla/5.0 (compatible; PRTG Network Monitor (www.paessler.com); Windows)"
66.249.66.88 - - [01/Dec/2024:17:30:38 +0100] "GET /chat.f-m-shop.de/log/2009/ HTTP/1.1" 404 342 "-" "Mozilla/5.0 (Linux; Android 6.0.1; Nexus 5X Build/MMB29P) AppleWebKit/537.36 (KHTML, like Gecko) Chrome/131.0.6778.85 Mobile Safari/537.36 (compatible; Googlebot/2.1; +http://www.google.com/bot.html)"
212.91.246.72 - - [01/Dec/2024:17:31:35 +0100] "GET / HTTP/1.1" 200 1229 "-" "Mozilla/5.0 (compatible; PRTG Network Monitor (www.paessler.com); Windows)"
212.91.246.72 - - [01/Dec/2024:17:32:35 +0100] "GET / HTTP/1.1" 200 1229 "-" "Mozilla/5.0 (compatible; PRTG Network Monitor (www.paessler.com); Windows)"
185.191.126.248 - - [01/Dec/2024:17:33:11 +0100] "GET / HTTP/1.1" 200 1229 "-" "-"
212.91.246.72 - - [01/Dec/2024:17:33:35 +0100] "GET / HTTP/1.1" 200 1229 "-" "Mozilla/5.0 (compatible; PRTG Network Monitor (www.paessler.com); Windows)"
212.91.246.72 - - [01/Dec/2024:17:34:35 +0100] "GET / HTTP/1.1" 200 1229 "-" "Mozilla/5.0 (compatible; PRTG Network Monitor (www.paessler.com); Windows)"
66.249.66.88 - - [01/Dec/2024:17:35:35 +0100] "GET /ftp.druckerei-braul.de/phptmp/ HTTP/1.1" 404 346 "-" "Mozilla/5.0 (Linux; Android 6.0.1; Nexus 5X Build/MMB29P) AppleWebKit/537.36 (KHTML, like Gecko) Chrome/131.0.6778.85 Mobile Safari/537.36 (compatible; Googlebot/2.1; +http://www.google.com/bot.html)"
212.91.246.72 - - [01/Dec/2024:17:35:36 +0100] "GET / HTTP/1.1" 200 1229 "-" "Mozilla/5.0 (compatible; PRTG Network Monitor (www.paessler.com); Windows)"
8.222.226.153 - - [01/Dec/2024:17:35:49 +0100] "POST /cgi-bin/.%2e/.%2e/.%2e/.%2e/.%2e/.%2e/.%2e/.%2e/.%2e/.%2e/bin/sh HTTP/1.1" 400 333 "-" "Custom-AsyncHttpClient"
80.82.77.202 - - [01/Dec/2024:17:36:05 +0100] "\x16\x03\x02\x01o\x01" 501 321 "-" "-"
212.91.246.72 - - [01/Dec/2024:17:36:36 +0100] "GET / HTTP/1.1" 200 1229 "-" "Mozilla/5.0 (compatible; PRTG Network Monitor (www.paessler.com); Windows)"
80.82.77.202 - - [01/Dec/2024:17:36:57 +0100] "\x16\x03\x02\x01o\x01" 501 321 "-" "-"
212.91.246.72 - - [01/Dec/2024:17:37:36 +0100] "GET / HTTP/1.1" 200 1229 "-" "Mozilla/5.0 (compatible; PRTG Network Monitor (www.paessler.com); Windows)"
212.91.246.72 - - [01/Dec/2024:17:38:36 +0100] "GET / HTTP/1.1" 200 1229 "-" "Mozilla/5.0 (compatible; PRTG Network Monitor (www.paessler.com); Windows)"
212.91.246.72 - - [01/Dec/2024:17:39:36 +0100] "GET / HTTP/1.1" 200 1229 "-" "Mozilla/5.0 (compatible; PRTG Network Monitor (www.paessler.com); Windows)"
104.37.27.167 - - [01/Dec/2024:17:39:42 +0100] "HEAD / HTTP/1.1" 200 - "-" "Mozilla/5.0 (compatible; MSIE 10.0; Windows NT 6.1; WOW64; Trident/6.0)"
80.82.77.202 - - [01/Dec/2024:17:39:51 +0100] "\x16\x03\x02\x01o\x01" 501 321 "-" "-"
44.243.201.83 - - [01/Dec/2024:17:39:57 +0100] "GET / HTTP/1.1" 200 1229 "-" "Mozilla/5.0 (X11; Linux x86_64) AppleWebKit/537.36 (KHTML, like Gecko) Chrome/120.0.0.0 Safari/537.36"
44.243.201.83 - - [01/Dec/2024:17:39:57 +0100] "GET /favicon.ico HTTP/1.1" 404 327 "http://linux-02.f-m-computer.de/" "Mozilla/5.0 (X11; Linux x86_64) AppleWebKit/537.36 (KHTML, like Gecko) Chrome/120.0.0.0 Safari/537.36"
212.91.246.72 - - [01/Dec/2024:17:40:36 +0100] "GET / HTTP/1.1" 200 1229 "-" "Mozilla/5.0 (compatible; PRTG Network Monitor (www.paessler.com); Windows)"
185.191.126.248 - - [01/Dec/2024:17:40:50 +0100] "GET / HTTP/1.1" 200 1229 "-" "-"
212.91.246.72 - - [01/Dec/2024:17:41:37 +0100] "GET / HTTP/1.1" 200 1229 "-" "Mozilla/5.0 (compatible; PRTG Network Monitor (www.paessler.com); Windows)"
47.89.154.16 - - [01/Dec/2024:17:42:26 +0100] "\x16\x03\x01" 501 318 "-" "-"
212.91.246.72 - - [01/Dec/2024:17:42:37 +0100] "GET / HTTP/1.1" 200 1229 "-" "Mozilla/5.0 (compatible; PRTG Network Monitor (www.paessler.com); Windows)"
212.91.246.72 - - [01/Dec/2024:17:43:37 +0100] "GET / HTTP/1.1" 200 1229 "-" "Mozilla/5.0 (compatible; PRTG Network Monitor (www.paessler.com); Windows)"
66.249.66.87 - - [01/Dec/2024:17:44:12 +0100] "GET /sharedip/ HTTP/1.1" 404 325 "-" "Mozilla/5.0 (Linux; Android 6.0.1; Nexus 5X Build/MMB29P) AppleWebKit/537.36 (KHTML, like Gecko) Chrome/131.0.6778.85 Mobile Safari/537.36 (compatible; Googlebot/2.1; +http://www.google.com/bot.html)"
212.91.246.72 - - [01/Dec/2024:17:44:37 +0100] "GET / HTTP/1.1" 200 1229 "-" "Mozilla/5.0 (compatible; PRTG Network Monitor (www.paessler.com); Windows)"
185.191.126.248 - - [01/Dec/2024:17:45:25 +0100] "GET / HTTP/1.1" 200 1229 "-" "-"
212.91.246.72 - - [01/Dec/2024:17:45:37 +0100] "GET / HTTP/1.1" 200 1229 "-" "Mozilla/5.0 (compatible; PRTG Network Monitor (www.paessler.com); Windows)"
141.98.11.35 - - [01/Dec/2024:17:46:27 +0100] "GET / HTTP/1.1" 200 1229 "-" "-"
212.91.246.72 - - [01/Dec/2024:17:46:38 +0100] "GET / HTTP/1.1" 200 1229 "-" "Mozilla/5.0 (compatible; PRTG Network Monitor (www.paessler.com); Windows)"
185.191.126.248 - - [01/Dec/2024:17:46:41 +0100] "GET / HTTP/1.1" 200 1229 "-" "-"
212.91.246.72 - - [01/Dec/2024:17:47:38 +0100] "GET / HTTP/1.1" 200 1229 "-" "Mozilla/5.0 (compatible; PRTG Network Monitor (www.paessler.com); Windows)"
66.249.66.87 - - [01/Dec/2024:17:48:34 +0100] "GET /web61/log/2016/04/ HTTP/1.1" 404 334 "-" "Mozilla/5.0 (Linux; Android 6.0.1; Nexus 5X Build/MMB29P) AppleWebKit/537.36 (KHTML, like Gecko) Chrome/131.0.6778.85 Mobile Safari/537.36 (compatible; Googlebot/2.1; +http://www.google.com/bot.html)"
212.91.246.72 - - [01/Dec/2024:17:48:38 +0100] "GET / HTTP/1.1" 200 1229 "-" "Mozilla/5.0 (compatible; PRTG Network Monitor (www.paessler.com); Windows)"
141.98.11.35 - - [01/Dec/2024:17:48:52 +0100] "GET / HTTP/1.1" 200 1229 "-" "-"
122.117.36.249 - - [01/Dec/2024:17:48:53 +0100] "GET / HTTP/1.0" 200 1229 "-" "Mozilla/5.0 (Linux; U; Android 4.0.3; ko-kr; LG-L160L Build/IML74K) AppleWebkit/534.30 (KHTML, like Gecko) Version/4.0 Mobile Safari/534.30"
212.91.246.72 - - [01/Dec/2024:17:49:38 +0100] "GET / HTTP/1.1" 200 1229 "-" "Mozilla/5.0 (compatible; PRTG Network Monitor (www.paessler.com); Windows)"
185.191.126.248 - - [01/Dec/2024:17:49:41 +0100] "GET / HTTP/1.1" 200 1229 "-" "-"
212.91.246.72 - - [01/Dec/2024:17:50:38 +0100] "GET / HTTP/1.1" 200 1229 "-" "Mozilla/5.0 (compatible; PRTG Network Monitor (www.paessler.com); Windows)"
185.191.126.248 - - [01/Dec/2024:17:51:11 +0100] "GET / HTTP/1.1" 200 1229 "-" "-"
212.91.246.72 - - [01/Dec/2024:17:51:38 +0100] "GET / HTTP/1.1" 200 1229 "-" "Mozilla/5.0 (compatible; PRTG Network Monitor (www.paessler.com); Windows)"
212.91.246.72 - - [01/Dec/2024:17:52:39 +0100] "GET / HTTP/1.1" 200 1229 "-" "Mozilla/5.0 (compatible; PRTG Network Monitor (www.paessler.com); Windows)"
212.91.246.72 - - [01/Dec/2024:17:53:39 +0100] "GET / HTTP/1.1" 200 1229 "-" "Mozilla/5.0 (compatible; PRTG Network Monitor (www.paessler.com); Windows)"
212.91.246.72 - - [01/Dec/2024:17:54:39 +0100] "GET / HTTP/1.1" 200 1229 "-" "Mozilla/5.0 (compatible; PRTG Network Monitor (www.paessler.com); Windows)"
93.174.93.12 - - [01/Dec/2024:17:54:46 +0100] "GET / HTTP/1.0" 200 1229 "-" "Mozilla/5.0 (compatible; MSIE 9.0; Windows NT 6.1; WOW64; Trident/5.0; SLCC2; Media Center PC 6.0; InfoPath.3; MS-RTC LM 8; Zune 4.7)"
185.191.126.248 - - [01/Dec/2024:17:55:01 +0100] "GET / HTTP/1.1" 200 1229 "-" "-"
43.128.100.220 - - [01/Dec/2024:17:55:14 +0100] "GET / HTTP/1.1" 200 1229 "-" "Mozilla/5.0 (iPhone; CPU iPhone OS 13_2_3 like Mac OS X) AppleWebKit/605.1.15 (KHTML, like Gecko) Version/13.0.3 Mobile/15E148 Safari/604.1"
212.91.246.72 - - [01/Dec/2024:17:55:39 +0100] "GET / HTTP/1.1" 200 1229 "-" "Mozilla/5.0 (compatible; PRTG Network Monitor (www.paessler.com); Windows)"
212.91.246.72 - - [01/Dec/2024:17:56:39 +0100] "GET / HTTP/1.1" 200 1229 "-" "Mozilla/5.0 (compatible; PRTG Network Monitor (www.paessler.com); Windows)"
80.82.77.202 - - [01/Dec/2024:17:56:40 +0100] "GET / HTTP/1.0" 200 1229 "-" "Mozilla/5.0 (iPad; CPU OS 12_2 like Mac OS X) AppleWebKit/605.1.15 (KHTML, like Gecko) Version/12.1 Mobile/15E148 Safari/604.1"
93.174.93.12 - - [01/Dec/2024:17:57:19 +0100] "GET / HTTP/1.0" 200 1229 "-" "Mozilla/5.0 (compatible; MSIE 9.0; Windows NT 6.1; WOW64; Trident/5.0; SLCC2; Media Center PC 6.0; InfoPath.3; MS-RTC LM 8; Zune 4.7)"
66.249.66.88 - - [01/Dec/2024:17:57:25 +0100] "GET /www.alle-ziele-spedition.de/library/Zend/Http/UserAgent/ HTTP/1.1" 404 372 "-" "Mozilla/5.0 (Linux; Android 6.0.1; Nexus 5X Build/MMB29P) AppleWebKit/537.36 (KHTML, like Gecko) Chrome/131.0.6778.85 Mobile Safari/537.36 (compatible; Googlebot/2.1; +http://www.google.com/bot.html)"
212.91.246.72 - - [01/Dec/2024:17:57:40 +0100] "GET / HTTP/1.1" 200 1229 "-" "Mozilla/5.0 (compatible; PRTG Network Monitor (www.paessler.com); Windows)"
93.174.93.12 - - [01/Dec/2024:17:57:41 +0100] "GET / HTTP/1.0" 200 1229 "-" "Mozilla/5.0 (compatible; MSIE 9.0; Windows NT 6.1; WOW64; Trident/5.0; SLCC2; Media Center PC 6.0; InfoPath.3; MS-RTC LM 8; Zune 4.7)"
66.249.66.87 - - [01/Dec/2024:17:57:48 +0100] "GET /cgi-bin/php HTTP/1.1" 404 327 "-" "Mozilla/5.0 (Linux; Android 6.0.1; Nexus 5X Build/MMB29P) AppleWebKit/537.36 (KHTML, like Gecko) Chrome/131.0.6778.85 Mobile Safari/537.36 (compatible; Googlebot/2.1; +http://www.google.com/bot.html)"
141.98.11.35 - - [01/Dec/2024:17:57:54 +0100] "GET / HTTP/1.1" 200 1229 "-" "-"
164.90.146.80 - - [01/Dec/2024:17:58:03 +0100] "\x16\x03\x01" 501 318 "-" "-"
164.90.146.80 - - [01/Dec/2024:17:58:04 +0100] "\x16\x03\x01" 501 318 "-" "-"
164.90.146.80 - - [01/Dec/2024:17:58:04 +0100] "GET / HTTP/1.1" 200 1229 "-" "Mozilla/5.0 (Windows NT 10.0; Win64; x64) AppleWebKit/537.36 (KHTML, like Gecko) Chrome/108.0.0.0 Safari/537.36"
164.90.146.80 - - [01/Dec/2024:17:58:04 +0100] "GET /form.html HTTP/1.1" 404 314 "-" "curl/8.1.2"
164.90.146.80 - - [01/Dec/2024:17:58:05 +0100] "GET /upl.php HTTP/1.1" 404 312 "-" "Mozilla/5.0"
164.90.146.80 - - [01/Dec/2024:17:58:05 +0100] "GET /t4 HTTP/1.1" 404 307 "-" "Mozilla/5.0"
164.90.146.80 - - [01/Dec/2024:17:58:05 +0100] "GET /geoip/ HTTP/1.1" 404 311 "-" "Mozilla/5.0 (Windows NT 10.0; Win64; x64) AppleWebKit/537.36 (KHTML, like Gecko) Chrome/108.0.0.0 Safari/537.36"
164.90.146.80 - - [01/Dec/2024:17:58:06 +0100] "GET /favicon.ico HTTP/1.1" 404 316 "-" "Mozilla/5.0 (Windows NT 10.0; Win64; x64) AppleWebKit/537.36 (KHTML, like Gecko) Chrome/108.0.0.0 Safari/537.36"
164.90.146.80 - - [01/Dec/2024:17:58:06 +0100] "GET /1.php HTTP/1.1" 404 310 "-" "Mozilla/5.0 (Windows NT 10.0; Win64; x64) AppleWebKit/537.36 (KHTML, like Gecko) Chrome/108.0.0.0 Safari/537.36"
164.90.146.80 - - [01/Dec/2024:17:58:06 +0100] "GET /systembc/password.php HTTP/1.1" 404 326 "-" "Mozilla/5.0 (Windows NT 10.0; Win64; x64) AppleWebKit/537.36 (KHTML, like Gecko) Chrome/108.0.0.0 Safari/537.36"
164.90.146.80 - - [01/Dec/2024:17:58:06 +0100] "GET /password.php HTTP/1.1" 404 317 "-" "Mozilla/5.0 (Windows NT 10.0; Win64; x64) AppleWebKit/537.36 (KHTML, like Gecko) Chrome/108.0.0.0 Safari/537.36"
212.91.246.72 - - [01/Dec/2024:17:58:40 +0100] "GET / HTTP/1.1" 200 1229 "-" "Mozilla/5.0 (compatible; PRTG Network Monitor (www.paessler.com); Windows)"
162.216.149.81 - - [01/Dec/2024:17:59:24 +0100] "GET / HTTP/1.1" 200 1229 "-" "Expanse, a Palo Alto Networks company, searches across the global IPv4 space multiple times per day to identify customers' presences on the Internet. If you would like to be excluded from our scans, please send IP addresses/domains to: scaninfo@paloaltonetworks.com"
93.174.93.12 - - [01/Dec/2024:17:59:27 +0100] "GET / HTTP/1.0" 200 1229 "-" "Mozilla/5.0 (compatible; MSIE 9.0; Windows NT 6.1; WOW64; Trident/5.0; SLCC2; Media Center PC 6.0; InfoPath.3; MS-RTC LM 8; Zune 4.7)"
212.91.246.72 - - [01/Dec/2024:17:59:40 +0100] "GET / HTTP/1.1" 200 1229 "-" "Mozilla/5.0 (compatible; PRTG Network Monitor (www.paessler.com); Windows)"
93.174.93.12 - - [01/Dec/2024:17:59:42 +0100] "GET / HTTP/1.0" 200 1229 "-" "Mozilla/5.0 (compatible; MSIE 9.0; Windows NT 6.1; WOW64; Trident/5.0; SLCC2; Media Center PC 6.0; InfoPath.3; MS-RTC LM 8; Zune 4.7)"
93.174.93.12 - - [01/Dec/2024:18:00:33 +0100] "GET / HTTP/1.0" 200 1229 "-" "Mozilla/5.0 (compatible; MSIE 9.0; Windows NT 6.1; WOW64; Trident/5.0; SLCC2; Media Center PC 6.0; InfoPath.3; MS-RTC LM 8; Zune 4.7)"
212.91.246.72 - - [01/Dec/2024:18:00:40 +0100] "GET / HTTP/1.1" 200 1229 "-" "Mozilla/5.0 (compatible; PRTG Network Monitor (www.paessler.com); Windows)"
80.82.77.202 - - [01/Dec/2024:18:00:49 +0100] "GET / HTTP/1.0" 200 1229 "-" "Mozilla/5.0 (iPad; CPU OS 12_2 like Mac OS X) AppleWebKit/605.1.15 (KHTML, like Gecko) Version/12.1 Mobile/15E148 Safari/604.1"
66.249.66.88 - - [01/Dec/2024:18:01:29 +0100] "GET /web12/application/views/scripts/informationen/ HTTP/1.1" 404 362 "-" "Mozilla/5.0 (Linux; Android 6.0.1; Nexus 5X Build/MMB29P) AppleWebKit/537.36 (KHTML, like Gecko) Chrome/131.0.6778.85 Mobile Safari/537.36 (compatible; Googlebot/2.1; +http://www.google.com/bot.html)"
212.91.246.72 - - [01/Dec/2024:18:01:41 +0100] "GET / HTTP/1.1" 200 1229 "-" "Mozilla/5.0 (compatible; PRTG Network Monitor (www.paessler.com); Windows)"
66.249.66.87 - - [01/Dec/2024:18:01:42 +0100] "GET /www.morusverlag.de/Zend/Validate/File/ImageSize.php HTTP/1.1" 404 367 "-" "Mozilla/5.0 (Linux; Android 6.0.1; Nexus 5X Build/MMB29P) AppleWebKit/537.36 (KHTML, like Gecko) Chrome/131.0.6778.85 Mobile Safari/537.36 (compatible; Googlebot/2.1; +http://www.google.com/bot.html)"
212.91.246.72 - - [01/Dec/2024:18:02:41 +0100] "GET / HTTP/1.1" 200 1229 "-" "Mozilla/5.0 (compatible; PRTG Network Monitor (www.paessler.com); Windows)"
66.249.66.88 - - [01/Dec/2024:18:02:48 +0100] "GET /www.kennzeichenversand.de/ HTTP/1.1" 404 342 "-" "Mozilla/5.0 (Linux; Android 6.0.1; Nexus 5X Build/MMB29P) AppleWebKit/537.36 (KHTML, like Gecko) Chrome/131.0.6778.85 Mobile Safari/537.36 (compatible; Googlebot/2.1; +http://www.google.com/bot.html)"
212.91.246.72 - - [01/Dec/2024:18:03:41 +0100] "GET / HTTP/1.1" 200 1229 "-" "Mozilla/5.0 (compatible; PRTG Network Monitor (www.paessler.com); Windows)"
122.117.95.52 - - [01/Dec/2024:18:03:47 +0100] "GET / HTTP/1.0" 200 1229 "-" "Mozilla/5.0 (Linux; U; Android 4.0.3; ko-kr; LG-L160L Build/IML74K) AppleWebkit/534.30 (KHTML, like Gecko) Version/4.0 Mobile Safari/534.30"
212.91.246.72 - - [01/Dec/2024:18:04:41 +0100] "GET / HTTP/1.1" 200 1229 "-" "Mozilla/5.0 (compatible; PRTG Network Monitor (www.paessler.com); Windows)"
18.170.37.253 - - [01/Dec/2024:18:04:58 +0100] "\x16\x03\x01" 501 318 "-" "-"
212.91.246.72 - - [01/Dec/2024:18:05:41 +0100] "GET / HTTP/1.1" 200 1229 "-" "Mozilla/5.0 (compatible; PRTG Network Monitor (www.paessler.com); Windows)"
212.91.246.72 - - [01/Dec/2024:18:06:41 +0100] "GET / HTTP/1.1" 200 1229 "-" "Mozilla/5.0 (compatible; PRTG Network Monitor (www.paessler.com); Windows)"
141.98.11.35 - - [01/Dec/2024:18:06:46 +0100] "GET / HTTP/1.1" 200 1229 "-" "-"
185.191.126.248 - - [01/Dec/2024:18:06:54 +0100] "GET / HTTP/1.1" 200 1229 "-" "-"
66.249.66.89 - - [01/Dec/2024:18:07:39 +0100] "GET /web12/application/views/scripts/geschaeftskunden/ HTTP/1.1" 404 365 "-" "Mozilla/5.0 (Linux; Android 6.0.1; Nexus 5X Build/MMB29P) AppleWebKit/537.36 (KHTML, like Gecko) Chrome/131.0.6778.85 Mobile Safari/537.36 (compatible; Googlebot/2.1; +http://www.google.com/bot.html)"
212.91.246.72 - - [01/Dec/2024:18:07:41 +0100] "GET / HTTP/1.1" 200 1229 "-" "Mozilla/5.0 (compatible; PRTG Network Monitor (www.paessler.com); Windows)"
66.249.66.88 - - [01/Dec/2024:18:08:25 +0100] "GET /web48/log/error.log HTTP/1.1" 404 335 "-" "Mozilla/5.0 (Linux; Android 6.0.1; Nexus 5X Build/MMB29P) AppleWebKit/537.36 (KHTML, like Gecko) Chrome/131.0.6778.85 Mobile Safari/537.36 (compatible; Googlebot/2.1; +http://www.google.com/bot.html)"
212.91.246.72 - - [01/Dec/2024:18:08:42 +0100] "GET / HTTP/1.1" 200 1229 "-" "Mozilla/5.0 (compatible; PRTG Network Monitor (www.paessler.com); Windows)"
66.249.66.88 - - [01/Dec/2024:18:09:25 +0100] "GET /web12/ HTTP/1.1" 404 322 "-" "Mozilla/5.0 (Linux; Android 6.0.1; Nexus 5X Build/MMB29P) AppleWebKit/537.36 (KHTML, like Gecko) Chrome/131.0.6778.85 Mobile Safari/537.36 (compatible; Googlebot/2.1; +http://www.google.com/bot.html)"
212.91.246.72 - - [01/Dec/2024:18:09:42 +0100] "GET / HTTP/1.1" 200 1229 "-" "Mozilla/5.0 (compatible; PRTG Network Monitor (www.paessler.com); Windows)"
212.91.246.72 - - [01/Dec/2024:18:10:42 +0100] "GET / HTTP/1.1" 200 1229 "-" "Mozilla/5.0 (compatible; PRTG Network Monitor (www.paessler.com); Windows)"
18.170.37.253 - - [01/Dec/2024:18:10:45 +0100] "\x16\x03\x01" 501 318 "-" "-"
212.91.246.72 - - [01/Dec/2024:18:11:42 +0100] "GET / HTTP/1.1" 200 1229 "-" "Mozilla/5.0 (compatible; PRTG Network Monitor (www.paessler.com); Windows)"
179.43.163.250 - - [01/Dec/2024:18:11:44 +0100] "\x16\x03\x01" 501 318 "-" "-"
179.43.163.250 - - [01/Dec/2024:18:11:45 +0100] "GET / HTTP/1.1" 200 1229 "-" "-"
179.43.163.250 - - [01/Dec/2024:18:11:45 +0100] "HELP" 501 319 "-" "-"
179.43.163.250 - - [01/Dec/2024:18:11:45 +0100] "GET / HTTP/1.1" 200 1229 "-" "l9tcpid/v1.1.0"
179.43.163.250 - - [01/Dec/2024:18:11:45 +0100] "GET /configuration/.env HTTP/1.1" 404 323 "-" "l9explore/1.2.2"
179.43.163.250 - - [01/Dec/2024:18:11:45 +0100] "GET /app/.git/config HTTP/1.1" 404 320 "-" "l9explore/1.2.2"
179.43.163.250 - - [01/Dec/2024:18:11:46 +0100] "GET /www/.git/config HTTP/1.1" 404 320 "-" "l9explore/1.2.2"
179.43.163.250 - - [01/Dec/2024:18:11:46 +0100] "GET /.env.aws HTTP/1.1" 404 313 "-" "l9explore/1.2.2"
179.43.163.250 - - [01/Dec/2024:18:11:47 +0100] "GET /.env.docker HTTP/1.1" 404 316 "-" "l9explore/1.2.2"
179.43.163.250 - - [01/Dec/2024:18:11:47 +0100] "GET /public/.git/config HTTP/1.1" 404 323 "-" "l9explore/1.2.2"
59.126.80.9 - - [01/Dec/2024:18:12:17 +0100] "GET / HTTP/1.0" 200 1229 "-" "Mozilla/5.0 (Linux; U; Android 4.0.3; ko-kr; LG-L160L Build/IML74K) AppleWebkit/534.30 (KHTML, like Gecko) Version/4.0 Mobile Safari/534.30"
212.91.246.72 - - [01/Dec/2024:18:12:42 +0100] "GET / HTTP/1.1" 200 1229 "-" "Mozilla/5.0 (compatible; PRTG Network Monitor (www.paessler.com); Windows)"
185.191.126.248 - - [01/Dec/2024:18:13:20 +0100] "GET / HTTP/1.1" 200 1229 "-" "-"
185.191.126.248 - - [01/Dec/2024:18:13:21 +0100] "GET / HTTP/1.1" 200 1229 "-" "-"
37.26.86.19 - - [01/Dec/2024:18:13:35 +0100] "GET / HTTP/1.1" 200 1229 "-" "Mozilla/5.0 (Windows NT 6.1; WOW64) AppleWebKit/537.36 (KHTML, like Gecko) Chrome/52.0.2743.116 Safari/537.36"
212.91.246.72 - - [01/Dec/2024:18:13:42 +0100] "GET / HTTP/1.1" 200 1229 "-" "Mozilla/5.0 (compatible; PRTG Network Monitor (www.paessler.com); Windows)"
18.170.37.253 - - [01/Dec/2024:18:14:19 +0100] "GET /favicon.ico HTTP/1.1" 404 316 "-" "'Mozilla/5.0 (compatible; GenomeCrawlerd/1.0; +https://www.nokia.com/networks/ip-networks/deepfield/genome/)'"
212.91.246.72 - - [01/Dec/2024:18:14:43 +0100] "GET / HTTP/1.1" 200 1229 "-" "Mozilla/5.0 (compatible; PRTG Network Monitor (www.paessler.com); Windows)"
66.249.66.87 - - [01/Dec/2024:18:15:12 +0100] "GET /chat.f-m-shop.de/log/2010/07/ HTTP/1.1" 404 345 "-" "Mozilla/5.0 (Linux; Android 6.0.1; Nexus 5X Build/MMB29P) AppleWebKit/537.36 (KHTML, like Gecko) Chrome/131.0.6778.85 Mobile Safari/537.36 (compatible; Googlebot/2.1; +http://www.google.com/bot.html)"
66.249.66.89 - - [01/Dec/2024:18:15:33 +0100] "GET /chat.f-m-shop.de/user/ HTTP/1.1" 404 338 "-" "Mozilla/5.0 (Linux; Android 6.0.1; Nexus 5X Build/MMB29P) AppleWebKit/537.36 (KHTML, like Gecko) Chrome/131.0.6778.85 Mobile Safari/537.36 (compatible; Googlebot/2.1; +http://www.google.com/bot.html)"
212.91.246.72 - - [01/Dec/2024:18:15:43 +0100] "GET / HTTP/1.1" 200 1229 "-" "Mozilla/5.0 (compatible; PRTG Network Monitor (www.paessler.com); Windows)"
45.156.131.14 - - [01/Dec/2024:18:16:19 +0100] "GET / HTTP/1.1" 200 1229 "-" "Mozilla/5.0 (Windows NT 10.0; WOW64) AppleWebKit/537.36 (KHTML, like Gecko) Chrome/66.0.3359.117 Safari/537.36"
212.91.246.72 - - [01/Dec/2024:18:16:43 +0100] "GET / HTTP/1.1" 200 1229 "-" "Mozilla/5.0 (compatible; PRTG Network Monitor (www.paessler.com); Windows)"
212.91.246.72 - - [01/Dec/2024:18:17:43 +0100] "GET / HTTP/1.1" 200 1229 "-" "Mozilla/5.0 (compatible; PRTG Network Monitor (www.paessler.com); Windows)"
212.91.246.72 - - [01/Dec/2024:18:18:44 +0100] "GET / HTTP/1.1" 200 1229 "-" "Mozilla/5.0 (compatible; PRTG Network Monitor (www.paessler.com); Windows)"
168.232.15.175 - - [01/Dec/2024:18:19:38 +0100] "GET / HTTP/1.1" 200 1229 "-" "Mozilla/5.0 (Macintosh; Intel Mac OS X 10_11_6) AppleWebKit/601.7.7 (KHTML, like Gecko) Version/9.1.2 Safari/601.7.7"
212.91.246.72 - - [01/Dec/2024:18:19:44 +0100] "GET / HTTP/1.1" 200 1229 "-" "Mozilla/5.0 (compatible; PRTG Network Monitor (www.paessler.com); Windows)"
141.98.11.35 - - [01/Dec/2024:18:19:55 +0100] "GET / HTTP/1.1" 200 1229 "-" "-"
141.98.11.35 - - [01/Dec/2024:18:20:03 +0100] "GET / HTTP/1.1" 200 1229 "-" "-"
18.170.37.253 - - [01/Dec/2024:18:20:41 +0100] "GET /manage/account/login HTTP/1.1" 404 325 "-" "'Mozilla/5.0 (compatible; GenomeCrawlerd/1.0; +https://www.nokia.com/networks/ip-networks/deepfield/genome/)'"
212.91.246.72 - - [01/Dec/2024:18:20:44 +0100] "GET / HTTP/1.1" 200 1229 "-" "Mozilla/5.0 (compatible; PRTG Network Monitor (www.paessler.com); Windows)"
45.148.121.115 - - [01/Dec/2024:18:21:32 +0100] "CONNECT google.com:443 HTTP/1.1" 405 340 "-" "Go-http-client/1.1"
87.106.162.55 - - [01/Dec/2024:18:21:39 +0100] "GET / HTTP/1.1" 200 1229 "-" "Mozilla/5.0 (Windows NT 10.0; Win64; x64; rv:132.0) Gecko/20100101 Firefox/132.0"
212.91.246.72 - - [01/Dec/2024:18:21:44 +0100] "GET / HTTP/1.1" 200 1229 "-" "Mozilla/5.0 (compatible; PRTG Network Monitor (www.paessler.com); Windows)"
179.43.163.250 - - [01/Dec/2024:18:21:50 +0100] "\x16\x03\x01" 501 318 "-" "-"
179.43.163.250 - - [01/Dec/2024:18:21:50 +0100] "GET / HTTP/1.1" 200 1229 "-" "-"
179.43.163.250 - - [01/Dec/2024:18:21:50 +0100] "HELP" 501 319 "-" "-"
179.43.163.250 - - [01/Dec/2024:18:21:50 +0100] "GET / HTTP/1.1" 200 1229 "-" "l9tcpid/v1.1.0"
179.43.163.250 - - [01/Dec/2024:18:21:51 +0100] "GET /.env.dev HTTP/1.1" 404 313 "-" "l9explore/1.2.2"
179.43.163.250 - - [01/Dec/2024:18:21:51 +0100] "GET /.env.dist HTTP/1.1" 404 314 "-" "l9explore/1.2.2"
179.43.163.250 - - [01/Dec/2024:18:21:52 +0100] "GET /.env.preprod HTTP/1.1" 404 317 "-" "l9explore/1.2.2"
179.43.163.250 - - [01/Dec/2024:18:21:52 +0100] "GET /.env.prod.local HTTP/1.1" 404 320 "-" "l9explore/1.2.2"
212.91.246.72 - - [01/Dec/2024:18:22:44 +0100] "GET / HTTP/1.1" 200 1229 "-" "Mozilla/5.0 (compatible; PRTG Network Monitor (www.paessler.com); Windows)"
212.91.246.72 - - [01/Dec/2024:18:23:44 +0100] "GET / HTTP/1.1" 200 1229 "-" "Mozilla/5.0 (compatible; PRTG Network Monitor (www.paessler.com); Windows)"
18.170.37.253 - - [01/Dec/2024:18:24:05 +0100] "\x16\x03\x01" 501 318 "-" "-"
212.91.246.72 - - [01/Dec/2024:18:24:45 +0100] "GET / HTTP/1.1" 200 1229 "-" "Mozilla/5.0 (compatible; PRTG Network Monitor (www.paessler.com); Windows)"
212.91.246.72 - - [01/Dec/2024:18:25:45 +0100] "GET / HTTP/1.1" 200 1229 "-" "Mozilla/5.0 (compatible; PRTG Network Monitor (www.paessler.com); Windows)"
154.213.187.20 - - [01/Dec/2024:18:26:33 +0100] "GET / HTTP/1.1" 200 1229 "-" "Linux Gnu (cow)"
212.91.246.72 - - [01/Dec/2024:18:26:45 +0100] "GET / HTTP/1.1" 200 1229 "-" "Mozilla/5.0 (compatible; PRTG Network Monitor (www.paessler.com); Windows)"
18.170.37.253 - - [01/Dec/2024:18:27:22 +0100] "GET /admin/index.html HTTP/1.1" 404 321 "-" "'Mozilla/5.0 (compatible; GenomeCrawlerd/1.0; +https://www.nokia.com/networks/ip-networks/deepfield/genome/)'"
212.91.246.72 - - [01/Dec/2024:18:27:45 +0100] "GET / HTTP/1.1" 200 1229 "-" "Mozilla/5.0 (compatible; PRTG Network Monitor (www.paessler.com); Windows)"
212.91.246.72 - - [01/Dec/2024:18:28:46 +0100] "GET / HTTP/1.1" 200 1229 "-" "Mozilla/5.0 (compatible; PRTG Network Monitor (www.paessler.com); Windows)"
212.91.246.72 - - [01/Dec/2024:18:29:46 +0100] "GET / HTTP/1.1" 200 1229 "-" "Mozilla/5.0 (compatible; PRTG Network Monitor (www.paessler.com); Windows)"
212.91.246.72 - - [01/Dec/2024:18:30:46 +0100] "GET / HTTP/1.1" 200 1229 "-" "Mozilla/5.0 (compatible; PRTG Network Monitor (www.paessler.com); Windows)"
154.213.187.20 - - [01/Dec/2024:18:31:21 +0100] "GET / HTTP/1.1" 200 1229 "-" "Linux Gnu (cow)"
18.170.37.253 - - [01/Dec/2024:18:31:32 +0100] "\x16\x03\x01" 501 318 "-" "-"
66.249.66.87 - - [01/Dec/2024:18:31:34 +0100] "GET /web23/ HTTP/1.1" 404 322 "-" "Mozilla/5.0 (Linux; Android 6.0.1; Nexus 5X Build/MMB29P) AppleWebKit/537.36 (KHTML, like Gecko) Chrome/131.0.6778.85 Mobile Safari/537.36 (compatible; Googlebot/2.1; +http://www.google.com/bot.html)"
212.91.246.72 - - [01/Dec/2024:18:31:46 +0100] "GET / HTTP/1.1" 200 1229 "-" "Mozilla/5.0 (compatible; PRTG Network Monitor (www.paessler.com); Windows)"
212.91.246.72 - - [01/Dec/2024:18:32:46 +0100] "GET / HTTP/1.1" 200 1229 "-" "Mozilla/5.0 (compatible; PRTG Network Monitor (www.paessler.com); Windows)"
66.249.66.89 - - [01/Dec/2024:18:33:23 +0100] "GET /web27/ HTTP/1.1" 404 322 "-" "Mozilla/5.0 (Linux; Android 6.0.1; Nexus 5X Build/MMB29P) AppleWebKit/537.36 (KHTML, like Gecko) Chrome/131.0.6778.85 Mobile Safari/537.36 (compatible; Googlebot/2.1; +http://www.google.com/bot.html)"
212.91.246.72 - - [01/Dec/2024:18:33:47 +0100] "GET / HTTP/1.1" 200 1229 "-" "Mozilla/5.0 (compatible; PRTG Network Monitor (www.paessler.com); Windows)"
212.91.246.72 - - [01/Dec/2024:18:34:47 +0100] "GET / HTTP/1.1" 200 1229 "-" "Mozilla/5.0 (compatible; PRTG Network Monitor (www.paessler.com); Windows)"
18.170.37.253 - - [01/Dec/2024:18:35:12 +0100] "GET /index.html HTTP/1.1" 200 1229 "-" "'Mozilla/5.0 (compatible; GenomeCrawlerd/1.0; +https://www.nokia.com/networks/ip-networks/deepfield/genome/)'"
212.91.246.72 - - [01/Dec/2024:18:35:47 +0100] "GET / HTTP/1.1" 200 1229 "-" "Mozilla/5.0 (compatible; PRTG Network Monitor (www.paessler.com); Windows)"
45.148.121.115 - - [01/Dec/2024:18:35:57 +0100] "CONNECT google.com:443 HTTP/1.1" 405 340 "-" "Go-http-client/1.1"
212.91.246.72 - - [01/Dec/2024:18:36:47 +0100] "GET / HTTP/1.1" 200 1229 "-" "Mozilla/5.0 (compatible; PRTG Network Monitor (www.paessler.com); Windows)"
212.91.246.72 - - [01/Dec/2024:18:37:48 +0100] "GET / HTTP/1.1" 200 1229 "-" "Mozilla/5.0 (compatible; PRTG Network Monitor (www.paessler.com); Windows)"
212.91.246.72 - - [01/Dec/2024:18:38:48 +0100] "GET / HTTP/1.1" 200 1229 "-" "Mozilla/5.0 (compatible; PRTG Network Monitor (www.paessler.com); Windows)"
18.170.37.253 - - [01/Dec/2024:18:38:54 +0100] "\x16\x03\x01" 501 318 "-" "-"
170.64.207.27 - - [01/Dec/2024:18:39:21 +0100] "GET /.git/config HTTP/1.1" 404 316 "-" "Mozilla/5.0 (X11; Linux x86_64) AppleWebKit/537.36 (KHTML, like Gecko) Chrome/81.0.4044.129 Safari/537.36"
66.249.66.88 - - [01/Dec/2024:18:39:42 +0100] "GET /chat.f-m-shop.de/phptmp/ HTTP/1.1" 404 340 "-" "Mozilla/5.0 (Linux; Android 6.0.1; Nexus 5X Build/MMB29P) AppleWebKit/537.36 (KHTML, like Gecko) Chrome/131.0.6778.85 Mobile Safari/537.36 (compatible; Googlebot/2.1; +http://www.google.com/bot.html)"
212.91.246.72 - - [01/Dec/2024:18:39:48 +0100] "GET / HTTP/1.1" 200 1229 "-" "Mozilla/5.0 (compatible; PRTG Network Monitor (www.paessler.com); Windows)"
212.91.246.72 - - [01/Dec/2024:18:40:48 +0100] "GET / HTTP/1.1" 200 1229 "-" "Mozilla/5.0 (compatible; PRTG Network Monitor (www.paessler.com); Windows)"
212.91.246.72 - - [01/Dec/2024:18:41:48 +0100] "GET / HTTP/1.1" 200 1229 "-" "Mozilla/5.0 (compatible; PRTG Network Monitor (www.paessler.com); Windows)"
212.91.246.72 - - [01/Dec/2024:18:42:48 +0100] "GET / HTTP/1.1" 200 1229 "-" "Mozilla/5.0 (compatible; PRTG Network Monitor (www.paessler.com); Windows)"
66.249.66.89 - - [01/Dec/2024:18:43:26 +0100] "GET /web51/ HTTP/1.1" 404 322 "-" "Mozilla/5.0 (Linux; Android 6.0.1; Nexus 5X Build/MMB29P) AppleWebKit/537.36 (KHTML, like Gecko) Chrome/131.0.6778.85 Mobile Safari/537.36 (compatible; Googlebot/2.1; +http://www.google.com/bot.html)"
212.91.246.72 - - [01/Dec/2024:18:43:49 +0100] "GET / HTTP/1.1" 200 1229 "-" "Mozilla/5.0 (compatible; PRTG Network Monitor (www.paessler.com); Windows)"
45.148.121.115 - - [01/Dec/2024:18:44:38 +0100] "CONNECT google.com:443 HTTP/1.1" 405 340 "-" "Go-http-client/1.1"
212.91.246.72 - - [01/Dec/2024:18:44:49 +0100] "GET / HTTP/1.1" 200 1229 "-" "Mozilla/5.0 (compatible; PRTG Network Monitor (www.paessler.com); Windows)"
212.91.246.72 - - [01/Dec/2024:18:45:49 +0100] "GET / HTTP/1.1" 200 1229 "-" "Mozilla/5.0 (compatible; PRTG Network Monitor (www.paessler.com); Windows)"
18.170.37.253 - - [01/Dec/2024:18:46:19 +0100] "\x16\x03\x01" 501 318 "-" "-"
212.91.246.72 - - [01/Dec/2024:18:46:49 +0100] "GET / HTTP/1.1" 200 1229 "-" "Mozilla/5.0 (compatible; PRTG Network Monitor (www.paessler.com); Windows)"
212.91.246.72 - - [01/Dec/2024:18:47:49 +0100] "GET / HTTP/1.1" 200 1229 "-" "Mozilla/5.0 (compatible; PRTG Network Monitor (www.paessler.com); Windows)"
179.43.163.250 - - [01/Dec/2024:18:48:02 +0100] "\x16\x03\x01" 501 318 "-" "-"
179.43.163.250 - - [01/Dec/2024:18:48:03 +0100] "GET / HTTP/1.1" 200 1229 "-" "-"
179.43.163.250 - - [01/Dec/2024:18:48:03 +0100] "HELP" 501 319 "-" "-"
179.43.163.250 - - [01/Dec/2024:18:48:03 +0100] "GET / HTTP/1.1" 200 1229 "-" "l9tcpid/v1.1.0"
179.43.163.250 - - [01/Dec/2024:18:48:06 +0100] "GET /.env.dist HTTP/1.1" 404 314 "-" "l9explore/1.2.2"
179.43.163.250 - - [01/Dec/2024:18:48:06 +0100] "GET /.env.docker HTTP/1.1" 404 316 "-" "l9explore/1.2.2"
179.43.163.250 - - [01/Dec/2024:18:48:06 +0100] "GET /.env.prod HTTP/1.1" 404 314 "-" "l9explore/1.2.2"
179.43.163.250 - - [01/Dec/2024:18:48:07 +0100] "GET /cms/.git/config HTTP/1.1" 404 320 "-" "l9explore/1.2.2"
179.43.163.250 - - [01/Dec/2024:18:48:07 +0100] "GET /server/.git/config HTTP/1.1" 404 323 "-" "l9explore/1.2.2"
179.43.163.250 - - [01/Dec/2024:18:48:07 +0100] "GET /static../.git/config HTTP/1.1" 404 325 "-" "l9explore/1.2.2"
179.43.163.250 - - [01/Dec/2024:18:48:07 +0100] "GET /.env.default HTTP/1.1" 404 317 "-" "l9explore/1.2.2"
179.43.163.250 - - [01/Dec/2024:18:48:09 +0100] "GET /.env.prod.local HTTP/1.1" 404 320 "-" "l9explore/1.2.2"
179.43.163.250 - - [01/Dec/2024:18:48:10 +0100] "GET /assets../.git/config HTTP/1.1" 404 325 "-" "l9explore/1.2.2"
179.43.163.250 - - [01/Dec/2024:18:48:10 +0100] "GET /public/.git/config HTTP/1.1" 404 323 "-" "l9explore/1.2.2"
179.43.163.250 - - [01/Dec/2024:18:48:10 +0100] "GET /.env.backup HTTP/1.1" 404 316 "-" "l9explore/1.2.2"
179.43.163.250 - - [01/Dec/2024:18:48:10 +0100] "GET /.env.testing HTTP/1.1" 404 317 "-" "l9explore/1.2.2"
141.98.11.35 - - [01/Dec/2024:18:48:45 +0100] "GET / HTTP/1.1" 200 1229 "-" "-"
212.91.246.72 - - [01/Dec/2024:18:48:50 +0100] "GET / HTTP/1.1" 200 1229 "-" "Mozilla/5.0 (compatible; PRTG Network Monitor (www.paessler.com); Windows)"
212.91.246.72 - - [01/Dec/2024:18:49:50 +0100] "GET / HTTP/1.1" 200 1229 "-" "Mozilla/5.0 (compatible; PRTG Network Monitor (www.paessler.com); Windows)"
212.91.246.72 - - [01/Dec/2024:18:50:50 +0100] "GET / HTTP/1.1" 200 1229 "-" "Mozilla/5.0 (compatible; PRTG Network Monitor (www.paessler.com); Windows)"
212.91.246.72 - - [01/Dec/2024:18:51:50 +0100] "GET / HTTP/1.1" 200 1229 "-" "Mozilla/5.0 (compatible; PRTG Network Monitor (www.paessler.com); Windows)"
212.91.246.72 - - [01/Dec/2024:18:52:50 +0100] "GET / HTTP/1.1" 200 1229 "-" "Mozilla/5.0 (compatible; PRTG Network Monitor (www.paessler.com); Windows)"
18.170.37.253 - - [01/Dec/2024:18:53:16 +0100] "\x16\x03\x01" 501 318 "-" "-"
212.91.246.72 - - [01/Dec/2024:18:53:51 +0100] "GET / HTTP/1.1" 200 1229 "-" "Mozilla/5.0 (compatible; PRTG Network Monitor (www.paessler.com); Windows)"
212.91.246.72 - - [01/Dec/2024:18:54:51 +0100] "GET / HTTP/1.1" 200 1229 "-" "Mozilla/5.0 (compatible; PRTG Network Monitor (www.paessler.com); Windows)"
212.91.246.72 - - [01/Dec/2024:18:55:51 +0100] "GET / HTTP/1.1" 200 1229 "-" "Mozilla/5.0 (compatible; PRTG Network Monitor (www.paessler.com); Windows)"
212.91.246.72 - - [01/Dec/2024:18:56:51 +0100] "GET / HTTP/1.1" 200 1229 "-" "Mozilla/5.0 (compatible; PRTG Network Monitor (www.paessler.com); Windows)"
66.249.66.87 - - [01/Dec/2024:18:57:25 +0100] "GET /web13/ HTTP/1.1" 404 322 "-" "Mozilla/5.0 (Linux; Android 6.0.1; Nexus 5X Build/MMB29P) AppleWebKit/537.36 (KHTML, like Gecko) Chrome/131.0.6778.85 Mobile Safari/537.36 (compatible; Googlebot/2.1; +http://www.google.com/bot.html)"
212.91.246.72 - - [01/Dec/2024:18:57:51 +0100] "GET / HTTP/1.1" 200 1229 "-" "Mozilla/5.0 (compatible; PRTG Network Monitor (www.paessler.com); Windows)"
212.91.246.72 - - [01/Dec/2024:18:58:52 +0100] "GET / HTTP/1.1" 200 1229 "-" "Mozilla/5.0 (compatible; PRTG Network Monitor (www.paessler.com); Windows)"
212.91.246.72 - - [01/Dec/2024:18:59:52 +0100] "GET / HTTP/1.1" 200 1229 "-" "Mozilla/5.0 (compatible; PRTG Network Monitor (www.paessler.com); Windows)"
212.91.246.72 - - [01/Dec/2024:19:00:52 +0100] "GET / HTTP/1.1" 200 1229 "-" "Mozilla/5.0 (compatible; PRTG Network Monitor (www.paessler.com); Windows)"
18.170.37.253 - - [01/Dec/2024:19:00:53 +0100] "\x16\x03\x01" 501 318 "-" "-"
212.91.246.72 - - [01/Dec/2024:19:01:52 +0100] "GET / HTTP/1.1" 200 1229 "-" "Mozilla/5.0 (compatible; PRTG Network Monitor (www.paessler.com); Windows)"
212.91.246.72 - - [01/Dec/2024:19:02:52 +0100] "GET / HTTP/1.1" 200 1229 "-" "Mozilla/5.0 (compatible; PRTG Network Monitor (www.paessler.com); Windows)"
81.161.238.40 - - [01/Dec/2024:19:03:13 +0100] "GET /.env HTTP/1.1" 404 309 "-" "Mozilla/5.0 (Linux; Android 4.1.2; SHV-E250S Build/JZO54K) AppleWebKit/537.36 (KHTML, like Gecko) Chrome/30.0.1599.82 Mobile Safari/537.36"
102.66.43.221 - - [01/Dec/2024:19:03:35 +0100] "GET / HTTP/1.1" 200 1229 "-" "Mozilla/5.0 (Windows NT 10.0; WOW64) AppleWebKit/537.36 (KHTML, like Gecko) Chrome/51.0.2704.103 Safari/537.36"
81.161.238.40 - - [01/Dec/2024:19:03:37 +0100] "GET /.env HTTP/1.1" 404 309 "-" "Mozilla/5.0 (Linux; Android 9; SM-N960F) AppleWebKit/537.36 (KHTML, like Gecko) Chrome/76.0.3809.89 Mobile Safari/537.36"
212.91.246.72 - - [01/Dec/2024:19:03:52 +0100] "GET / HTTP/1.1" 200 1229 "-" "Mozilla/5.0 (compatible; PRTG Network Monitor (www.paessler.com); Windows)"
212.91.246.72 - - [01/Dec/2024:19:04:53 +0100] "GET / HTTP/1.1" 200 1229 "-" "Mozilla/5.0 (compatible; PRTG Network Monitor (www.paessler.com); Windows)"
81.161.238.40 - - [01/Dec/2024:19:05:03 +0100] "GET /.env HTTP/1.1" 404 309 "-" "Mozilla/5.0 (Windows NT 10.0; Win64; x64) AppleWebKit/537.36 (KHTML, like Gecko) Chrome/72.0.3626.109 Safari/537.36"
81.161.238.40 - - [01/Dec/2024:19:05:16 +0100] "GET /.env HTTP/1.1" 404 309 "-" "Mozilla/5.0 (Macintosh; Intel Mac OS X 10_15_0) AppleWebKit/537.36 (KHTML, like Gecko) Chrome/76.0.3809.100 Safari/537.36"
81.161.238.40 - - [01/Dec/2024:19:05:17 +0100] "GET /.env HTTP/1.1" 404 309 "-" "Mozilla/5.0 (Macintosh; Intel Mac OS X 10_14_3) AppleWebKit/537.36 (KHTML, like Gecko) Chrome/74.0.3729.157 Safari/537.36"
212.91.246.72 - - [01/Dec/2024:19:05:53 +0100] "GET / HTTP/1.1" 200 1229 "-" "Mozilla/5.0 (compatible; PRTG Network Monitor (www.paessler.com); Windows)"
81.161.238.40 - - [01/Dec/2024:19:06:24 +0100] "GET /.env HTTP/1.1" 404 309 "-" "Mozilla/5.0 (Macintosh; Intel Mac OS X 10_13_6; rv:57.0) Gecko/20100101 Firefox/57.0"
81.161.238.40 - - [01/Dec/2024:19:06:48 +0100] "GET /.env HTTP/1.1" 404 309 "-" "Mozilla/5.0 (iPad; CPU OS 12_3_1 like Mac OS X) AppleWebKit/605.1.15 (KHTML, like Gecko) Version/12.1.1 Mobile/15E148 Safari/604.1"
212.91.246.72 - - [01/Dec/2024:19:06:53 +0100] "GET / HTTP/1.1" 200 1229 "-" "Mozilla/5.0 (compatible; PRTG Network Monitor (www.paessler.com); Windows)"
18.170.37.253 - - [01/Dec/2024:19:07:41 +0100] "\x16\x03\x01" 501 318 "-" "-"
212.91.246.72 - - [01/Dec/2024:19:07:53 +0100] "GET / HTTP/1.1" 200 1229 "-" "Mozilla/5.0 (compatible; PRTG Network Monitor (www.paessler.com); Windows)"
81.161.238.40 - - [01/Dec/2024:19:08:01 +0100] "GET /.env HTTP/1.1" 404 309 "-" "Mozilla/5.0 (Linux; Android 9; INE-LX1) AppleWebKit/537.36 (KHTML, like Gecko) Chrome/76.0.3809.111 Mobile Safari/537.36"
141.98.11.35 - - [01/Dec/2024:19:08:28 +0100] "GET / HTTP/1.1" 200 1229 "-" "-"
212.91.246.72 - - [01/Dec/2024:19:08:53 +0100] "GET / HTTP/1.1" 200 1229 "-" "Mozilla/5.0 (compatible; PRTG Network Monitor (www.paessler.com); Windows)"
81.161.238.40 - - [01/Dec/2024:19:09:03 +0100] "GET /.env HTTP/1.1" 404 309 "-" "Mozilla/5.0 (Windows; U; Windows NT 6.1; en-GB; rv:1.9.1.17) Gecko/20110123 (like Firefox/3.x) SeaMonkey/2.0.12"
212.91.246.72 - - [01/Dec/2024:19:09:54 +0100] "GET / HTTP/1.1" 200 1229 "-" "Mozilla/5.0 (compatible; PRTG Network Monitor (www.paessler.com); Windows)"
81.161.238.40 - - [01/Dec/2024:19:10:09 +0100] "GET /.env HTTP/1.1" 404 309 "-" "Mozilla/5.0 (Linux; Android 8.0.0; LG-H873) AppleWebKit/537.36 (KHTML, like Gecko) Chrome/76.0.3809.111 Mobile Safari/537.36"
45.148.121.115 - - [01/Dec/2024:19:10:15 +0100] "CONNECT google.com:443 HTTP/1.1" 405 340 "-" "Go-http-client/1.1"
66.249.66.89 - - [01/Dec/2024:19:10:22 +0100] "GET /localhost/log/2015/09/web.log HTTP/1.1" 404 345 "-" "Mozilla/5.0 (Linux; Android 6.0.1; Nexus 5X Build/MMB29P) AppleWebKit/537.36 (KHTML, like Gecko) Chrome/131.0.6778.85 Mobile Safari/537.36 (compatible; Googlebot/2.1; +http://www.google.com/bot.html)"
81.161.238.40 - - [01/Dec/2024:19:10:45 +0100] "GET /.env HTTP/1.1" 404 309 "-" "Mozilla/5.0 (Linux; Android 7.0; SM-J327T1) AppleWebKit/537.36 (KHTML, like Gecko) Chrome/71.0.3578.99 Mobile Safari/537.36"
212.91.246.72 - - [01/Dec/2024:19:10:54 +0100] "GET / HTTP/1.1" 200 1229 "-" "Mozilla/5.0 (compatible; PRTG Network Monitor (www.paessler.com); Windows)"
18.170.37.253 - - [01/Dec/2024:19:11:16 +0100] "GET /doc/index.html HTTP/1.1" 404 319 "-" "'Mozilla/5.0 (compatible; GenomeCrawlerd/1.0; +https://www.nokia.com/networks/ip-networks/deepfield/genome/)'"
212.91.246.72 - - [01/Dec/2024:19:11:54 +0100] "GET / HTTP/1.1" 200 1229 "-" "Mozilla/5.0 (compatible; PRTG Network Monitor (www.paessler.com); Windows)"
38.46.220.87 - - [01/Dec/2024:19:12:18 +0100] "CONNECT www.baidu.com:443 HTTP/1.1" 405 343 "-" "Go-http-client/1.1"
212.91.246.72 - - [01/Dec/2024:19:12:54 +0100] "GET / HTTP/1.1" 200 1229 "-" "Mozilla/5.0 (compatible; PRTG Network Monitor (www.paessler.com); Windows)"
141.76.94.12 - - [01/Dec/2024:19:13:04 +0100] "GET / HTTP/1.1" 200 1229 "-" "Mozilla/5.0 zgrab/0.x"
81.161.238.40 - - [01/Dec/2024:19:13:10 +0100] "GET /.env HTTP/1.1" 404 309 "-" "Mozilla/5.0 (Macintosh; Intel Mac OS X 10_11_5) AppleWebKit/537.36 (KHTML, like Gecko) Chrome/76.0.3809.100 Safari/537.36"
81.161.238.40 - - [01/Dec/2024:19:13:11 +0100] "GET /.env HTTP/1.1" 404 309 "-" "Mozilla/5.0 (Windows NT 6.1; WOW64) AppleWebKit/537.36 (KHTML, like Gecko) Chrome/56.0.2924.87 Safari/537.36"
81.161.238.40 - - [01/Dec/2024:19:13:30 +0100] "GET /.env HTTP/1.1" 404 309 "-" "Mozilla/5.0 (Windows NT 10.0; WOW64) AppleWebKit/537.36 (KHTML, like Gecko) Chrome/62.0.3202.62 Safari/537.36"
